05-29 10:20:16.140 2344 2344 I awei.connection: type=1400 audit(0.0:995): avc: denied { read } for name="address" dev="sysfs" ino=16906 scontext=u:r:platform_app:s0:c512,c768 tcontext=u:object_r:sysfs_net:s0 tclass=file permissive=1 app=com.dangbei.screencast
05-29 10:20:16.174 2344 2375 I crashsdk: version unique build id: 6230cced
05-29 10:20:16.181 2344 2365 I crashsdk: begin hack android.os.Process
05-29 10:20:16.182 2344 2365 I crashsdk: end hack android.os.Process
05-29 10:20:16.184 2344 2377 D crashsdk: Native log stat thread 2377 setup, waiting
05-29 10:20:16.193 2344 2344 I TDLog : setReportUncaughtExceptions: true
05-29 10:20:16.194 2344 2344 E Application: onCreate:Version:v2.8.3/20830/883432e
05-29 10:20:16.214 2344 2383 W efs.send_log: tryFileLock start!
05-29 10:20:16.217 2344 2344 D NearFieldManagerService: NearFieldManagerService.
05-29 10:20:16.217 2344 2344 D NearFieldManagerService: onCreate, enter.
05-29 10:20:16.217 2344 2344 I NearFieldManagerService: onBind, enter.
05-29 10:20:16.217 2344 2344 D NearFieldManagerService: initService
05-29 10:20:16.218 2344 2344 D NearFieldManagerService: NearField starting...
05-29 10:20:16.218 2344 2344 D NearFieldUtils: checkSystemProperty in
05-29 10:20:16.218 2344 2344 D NearFieldUtils: checkSystemProperty: systemProperties:
05-29 10:20:16.218 2344 2344 E NearFieldUtils: validProperty: priority is null
05-29 10:20:16.221 2344 2365 I Matrix.AnrTracer: anrTrace, final mAnrBeatTime:400, mAnrBeatRate:400
05-29 10:20:16.222 1272 1272 D NearFieldManager: service connected.
05-29 10:20:16.223 1272 1272 D HiSight-Discovery: eventId: 4001
05-29 10:20:16.224 1272 2343 D HiSight-Discovery: msg 4001
05-29 10:20:16.224 1272 2343 D HiSight-Discovery: bind success, status Ready
05-29 10:20:16.224 1272 2343 D HiSight-Discovery: startAdvertise 2
05-29 10:20:16.224 1272 2343 D HiSight-Discovery: stopAdvertise.
05-29 10:20:16.224 1272 2343 D HiSight-Discovery: nearFieldStartListen deviceType 46
05-29 10:20:16.225 2344 2357 I NearFieldManagerImpl: setDeviceInfo, sDeviceId changes
05-29 10:20:16.226 2344 2365 E LaunchManager: Non main process !
05-29 10:20:16.226 2344 2365 W System.err: java.lang.NullPointerException: Attempt to invoke virtual method 'boolean com.efs.sdk.launch.LaunchConfigManager.enableTracer()' on a null object reference
05-29 10:20:16.226 2344 2344 I crashsdk: Catcher mask: 5000, 20480
05-29 10:20:16.226 2344 2365 W System.err: at com.umeng.umcrash.UMCrash.init(Unknown Source:403)
05-29 10:20:16.226 2344 2365 W System.err: at java.lang.reflect.Method.invoke(Native Method)
05-29 10:20:16.227 2344 2365 W System.err: at com.umeng.commonsdk.UMConfigure.init(Unknown Source:811)
05-29 10:20:16.227 2344 2365 W System.err: at b.f.f.b.a(:4)
05-29 10:20:16.227 2344 2365 W System.err: at h.o.a.run(Unknown Source:2)
05-29 10:20:16.227 2344 2344 I crashsdk: Catcher thread 2349
05-29 10:20:16.227 2344 2344 D crashsdk: Register ANR handler ...
05-29 10:20:16.227 2344 2344 D NearFieldManagerImpl: onReceive action get:android.net.conn.CONNECTIVITY_CHANGE
05-29 10:20:16.229 2344 2357 I NearFieldManagerImpl: setDeviceInfo, sDeviceName changes
05-29 10:20:16.229 2344 2344 D NearFieldUtils: getPreferredIpAddress exec
05-29 10:20:16.229 2344 2344 D NearFieldUtils: getPreferredIpAddress by custom priority
05-29 10:20:16.229 2344 2344 D NearFieldUtils: getIpByInterfaceSetting customIdnNetworkPriority:[]
05-29 10:20:16.229 2344 2344 D NearFieldUtils: getPreferredIpAddress by default priority
05-29 10:20:16.229 2344 2357 D NearFieldManagerImpl: setServiceData, sServiceData=[], serviceData=[32]
05-29 10:20:16.229 1272 2343 E NearFieldManager: setIdnNetworkPriority: networkPortPriority is empty
05-29 10:20:16.229 1272 2343 D NearFieldManager: StartListen moduleId: CastPlusDiscoveryModule
05-29 10:20:16.230 2344 2357 D NearFieldManagerImpl: startListen: moduleId: CastPlusDiscoveryModule
05-29 10:20:16.230 2344 2357 D NearFieldUtils: getPreferredIpAddress exec
05-29 10:20:16.230 2344 2357 D NearFieldUtils: getPreferredIpAddress by custom priority
05-29 10:20:16.230 2344 2357 D NearFieldUtils: getIpByInterfaceSetting customIdnNetworkPriority:[]
05-29 10:20:16.230 2344 2357 D NearFieldUtils: getPreferredIpAddress by default priority
05-29 10:20:16.271 476 811 W ServiceManager: Permission failure: android.permission.HIGH_SAMPLING_RATE_SENSORS from uid=10022 pid=2344
05-29 10:20:16.278 2344 2399 I efs.base: lt=event`ev_ct=efs_core`ev_ac=pvuv`tm=2025-05-29 10:20:23`dn=814a6c1f-a914-45e0-9441-173ac17d88d0`ps=com.huawei.connection`um_os=android`stime=1748485216000`pid=2344`fr=android`pkg=com.dangbei.screencast`vcode=20830`dsp_w=1920`uid=814a6c1f-a914-45e0-9441-173ac17d88d0`rom=12`wid=814a6c1f-a914-45e0-9441-173ac17d88d0`um_app_carrier=`um_access=wifi`um_app_channel=os`um_crash_sdk_version=1.4.0`ctime=1748485216`model=dbbox-a2`lang=zh`net=wifi`brand=dangbei`dsp_h=1080`um_network_type=0`ver=v2.8.3`build_model=DBBOX-A2`w_tm=1748485216`appid=5fc60c21094d637f3130af19`um_umid_header=ai536d652a62b80cf12a583dbdbfe77cd5`sdk=31`tzone=Asia/Shanghai`sdk_ver=1.3.6.umeng
05-29 10:20:16.284 2344 2366 I TDLog : TalkingData SDK init...
05-29 10:20:16.284 2344 2366 I TDLog : SDK_VERSION is: Android+TD+V5.0.7 gp Type:Native Build_Num:2141
05-29 10:20:16.284 2344 2366 I TDLog : App ID is: B9D7815EC975466AB1332111FCE62DF5
05-29 10:20:16.284 2344 2366 I TDLog : App Channel is: os
05-29 10:20:16.284 2344 2366 I TDLog : App Custom is:
05-29 10:20:16.284 2344 2366 I TDLog : SDK_OVC is: TDOVC+a3bb7754719798526508b6caad480dd7+SaaS
05-29 10:20:16.285 2344 2383 I efs.config: --->>> 删除旧的配置文件 false
05-29 10:20:16.285 2344 2344 D NearFieldUtils: to get wlan0 ip address
05-29 10:20:16.285 2344 2344 D NearFieldUtils: get wlan0 IP succeed.
05-29 10:20:16.285 2344 2344 E NearFieldManagerImpl: notifyByPriority: interfaceNameInUse is null
05-29 10:20:16.285 2344 2344 D NearFieldManagerImpl: handleConnectivityAction: notified by default
05-29 10:20:16.291 2344 2357 D NearFieldUtils: to get wlan0 ip address
05-29 10:20:16.291 2344 2357 D NearFieldUtils: get wlan0 IP succeed.
05-29 10:20:16.291 2344 2357 D NearFieldManagerImpl: sDeviceType: 46
05-29 10:20:16.291 2344 2357 D NearFieldManagerImpl: registerDevice() is called.
05-29 10:20:16.291 2344 2357 E NearFieldManagerUtilsNative: Begin System.loadLibrary()
01-01 08:00:38.571 759 759 E sprdwl : sprdwl_rx_rsp_process ctx_id 0 recv rsp[WIFI_CMD_TX_DATA] status[SPRDWL_CMD_STATUS_ERROR]
01-01 08:00:38.583 759 759 E sprdwl : sprdwl_rx_rsp_process ctx_id 0 recv rsp[WIFI_CMD_TX_DATA] status[SPRDWL_CMD_STATUS_ERROR]
01-01 08:00:38.595 759 759 E sprdwl : sprdwl_rx_rsp_process ctx_id 0 recv rsp[WIFI_CMD_TX_DATA] status[SPRDWL_CMD_STATUS_ERROR]
05-29 10:20:16.357 2344 2357 I HicomNfTimerManager: epoll fd:128 create success
05-29 10:20:16.357 2344 2357 I HicomNfTimerManager: epoll add fd:130--->128 success
05-29 10:20:16.357 2344 2357 I HicomNfTimerManager: time fd:130 add to epoll success
01-01 08:00:38.619 759 759 E sprdwl : sprdwl_rx_rsp_process ctx_id 0 recv rsp[WIFI_CMD_TX_DATA] status[SPRDWL_CMD_STATUS_ERROR]
05-29 10:20:16.357 2344 2344 D NearFieldUtils: to get wlan0 ip address
05-29 10:20:16.358 2344 2344 D NearFieldUtils: get wlan0 IP succeed.
05-29 10:20:16.358 2344 2344 I NearFieldManagerImpl: wlan Connected
05-29 10:20:16.358 2344 2383 I efs.config: current config version (-1) is older than another (1735614866)
05-29 10:20:16.359 2344 2383 I efs.config: load config from storage and notify observer
05-29 10:20:16.367 2344 2344 I HicomNf_java_to_c: notifyNetworkStateChanged with maskStr, networkType: 0, networkState: 0, mask:
05-29 10:20:16.367 2344 2344 I HicomNfMainCtrlManager: NotifyNetworkStateChanged is called with networkState: 0
05-29 10:20:16.367 2344 2344 I HicomNfMainCtrlManager: P2P and USB are both disconnected
05-29 10:20:16.367 2344 2344 I HicomNfSecureManager: stop listening
05-29 10:20:16.367 2344 2344 I HicomNfSecureManager: StopListening, m_sessionInfoLock out, before calling NSTACKX_DMsgClose 2
05-29 10:20:16.367 2344 2344 I HicomNfSecureManager: StopListening, after calling NSTACKX_DMsgClose 2
05-29 10:20:16.367 2344 2357 D nStackXDFinder: NSTACKX_Init:[146] :nstack ctrl creat epollfd 127
05-29 10:20:16.368 2344 2357 I nStackXDFinder: InitDefaultInterfaceName:[779] :InitDefaultInterfaceName exec
05-29 10:20:16.368 2344 2357 D nStackXCoAP: CoapServerInit:[174] :CoapServerInit is called
05-29 10:20:16.368 2344 2357 E nStackXDFinder: GetLocalIp:[401] :GetLocalIp exec
05-29 10:20:16.368 2344 2357 E nStackXDFinder: GetLocalIp:[407] :GetLocalIp, ifInfo is null
05-29 10:20:16.368 2344 2357 I HicomNfMainCtrlManager: NSTACKX_RegisterDevice is called
05-29 10:20:16.368 2344 2357 D NearFieldManagerImpl: Register device success.
05-29 10:20:16.368 2344 2357 I NearFieldManagerImpl: serviceName is castPlus
05-29 10:20:16.368 2344 2357 D NearFieldManagerImpl: registerCapability() called with: capabilityBitmapNum = 1, capabilityBitmap = [8]
05-29 10:20:16.368 2344 2357 I HicomNf_java_to_c: registerCapability, capabilityBitmapNum: 1
05-29 10:20:16.368 2344 2357 I HicomNfMainCtrlManager: RegisterCapability: 1, 8
05-29 10:20:16.368 2344 2357 D NearFieldManagerImpl: Register capability succeed with capabilityBitmapNum = 1, capabilityBitmap = [8]
05-29 10:20:16.368 2344 2357 D NearFieldManagerImpl: registerServiceData() called with: serviceData = 32
05-29 10:20:16.369 2344 2357 D NearFieldManagerImpl: registerModule() called with: packageModuleName = com.huawei.connection+CastPlusDiscoveryModule
05-29 10:20:16.369 2344 2357 I HicomNf_java_to_c: registerModule, moduleName: com.huawei.connection+CastPlusDiscoveryModule
05-29 10:20:16.369 2344 2357 I HicomNfMainCtrlManager: Enter RegisterModule
05-29 10:20:16.369 2344 2357 I HicomNfRegManager: RegisterModule OK, add module name com.huawei.connection+CastPlusDiscoveryModule
05-29 10:20:16.370 1272 2343 I Hisight-DeviceListManager: init DeviceListManager.
05-29 10:20:16.373 2344 2408 I nStackXDFinder: UpdateLocalNetworkInterface:[472] :UpdateLocalNetworkInterface exec,initerfaceName:wlan0
05-29 10:20:16.373 2344 2408 E nStackXDFinder: GetLocalIp:[401] :GetLocalIp exec
05-29 10:20:16.373 2344 2408 E nStackXDFinder: GetLocalIp:[407] :GetLocalIp, ifInfo is null
05-29 10:20:16.373 2344 2408 I nStackXDFinder: UpdateLocalNetworkInterface:[498] :UpdateLocalNetworkInterface copy ip value in default process
05-29 10:20:16.373 2344 2408 E nStackXDFinder: GetLocalIp:[401] :GetLocalIp exec
05-29 10:20:16.385 2344 2344 I HicomNf_java_to_c: notifyNetworkStateChanged with maskStr, networkType: 0, networkState: 1, mask: 255.255.254.0
05-29 10:20:16.385 2344 2344 I HicomNfMainCtrlManager: NotifyNetworkStateChanged is called with networkState: 1
05-29 10:20:16.386 2344 2344 I HicomNfSecureManager: StartListening, before calling NSTACKX_DMsgServer
05-29 10:20:16.386 476 521 W IorapForwardingService: No service published for: iorapd
05-29 10:20:16.386 2344 2344 I nStackXDMsg: NSTACKX_DMsgServer:[1335] :msgReceiver is not NULL
05-29 10:20:16.386 2344 2344 D nStackXDMsg: StartDMsgMainThread:[1274] :pthread_create
05-29 10:20:16.386 2344 2344 I HicomNfSecureManager: StartListening, after calling NSTACKX_DMsgServer
05-29 10:20:16.386 2344 2344 I HicomNfSecureManager: OnehopSecureCtrlManager: succeeded to StartListening with type 0
05-29 10:20:16.387 2344 2399 W efs.info.manager: network change: wifi
05-29 10:20:16.389 1272 2343 D Hisight-DeviceListManager: get old secret key
01-01 08:00:38.635 759 759 E sprdwl : sprdwl_rx_rsp_process ctx_id 0 recv rsp[WIFI_CMD_TX_DATA] status[SPRDWL_CMD_STATUS_ERROR]
01-01 08:00:38.648 759 759 E sprdwl : sprdwl_rx_rsp_process ctx_id 0 recv rsp[WIFI_CMD_TX_DATA] status[SPRDWL_CMD_STATUS_ERROR]
01-01 08:00:38.660 759 759 E sprdwl : sprdwl_rx_rsp_process ctx_id 0 recv rsp[WIFI_CMD_TX_DATA] status[SPRDWL_CMD_STATUS_ERROR]
05-29 10:20:16.397 2344 2408 D nStackXCoAP: CoapServerInit:[174] :CoapServerInit is called
05-29 10:20:16.397 2344 2408 E nStackXDFinder: GetLocalIp:[401] :GetLocalIp exec
05-29 10:20:16.410 2344 2408 I nStackXUtil: BindToDevice:[352] :BindToDevice exec
05-29 10:20:16.411 1272 2343 E Hisight-ConnectAuthCallBack: readSecureFile failed, no such file
05-29 10:20:16.411 1272 2343 W Hisight-DeviceListManager: deviceRecords is empty
05-29 10:20:16.411 1272 2343 W Hisight-DeviceListManager: occur error, clear all the list
05-29 10:20:16.411 1272 2343 D Hisight-HiChainAuthControl: start HiChainAuthControl
05-29 10:20:16.422 2344 2408 I nStackXUtil: GetInterfaceByPriority:[279] :GetInterfaceByPriority exec
05-29 10:20:16.422 2344 2408 I nStackXUtil: GetInterfaceByDefault:[309] :GetInterfaceByDefault exec
05-29 10:20:16.422 2344 2408 I nStackXUtil: GetInterfaceByDefault:[316] :GetInterfaceByDefault, ndevice name: lo
05-29 10:20:16.422 2344 2408 I nStackXUtil: GetInterfaceByDefault:[316] :GetInterfaceByDefault, ndevice name: wlan0
05-29 10:20:16.430 1272 2343 I ConnectAuthJNI: JNI_OnLoad begin load
01-01 08:00:38.672 759 759 E sprdwl : sprdwl_rx_rsp_process ctx_id 0 recv rsp[WIFI_CMD_TX_DATA] status[SPRDWL_CMD_STATUS_ERROR]
01-01 08:00:38.685 759 759 E sprdwl : sprdwl_rx_rsp_process ctx_id 0 recv rsp[WIFI_CMD_TX_DATA] status[SPRDWL_CMD_STATUS_ERROR]
01-01 08:00:38.697 759 759 E sprdwl : sprdwl_rx_rsp_process ctx_id 0 recv rsp[WIFI_CMD_TX_DATA] status[SPRDWL_CMD_STATUS_ERROR]
01-01 08:00:38.710 759 759 E sprdwl : sprdwl_rx_rsp_process ctx_id 0 recv rsp[WIFI_CMD_TX_DATA] status[SPRDWL_CMD_STATUS_ERROR]
05-29 10:20:16.434 2344 2408 I nStackXUtil: BindToDevice:[374] :BindToDevice, Bind localAddr name: wlan0
05-29 10:20:16.434 1272 2343 I ConnectAuthJNI: RegisterNativeMethod begin
05-29 10:20:16.434 2344 2408 E nStackXUtil: BindToDeviceInner:[188] :setsockopt fail, errno = 1
05-29 10:20:16.435 2344 2408 E nStackXCoAP: CoapGetContext:[250] :bind to device fail
05-29 10:20:16.435 2344 2408 D nStackXCoAP: CoapInitResources:[744] :CoapInitResources g_wlanOrEthContext update
05-29 10:20:16.435 2344 2408 I nStackXDFinder: RegisterServiceData:[728] :RegisterServiceData, serviceData=[32]
05-29 10:20:16.448 1272 2343 I ConnectAuthJNI: RegisterNativeMethod end
05-29 10:20:16.448 1272 2343 I ConnectAuthJNI: RegisterNativeMethod 1004 methodLen=10
05-29 10:20:16.448 1272 2343 I ConnectAuthJNI: RegisterNativeMethod 1007 RegisterNatives=0
05-29 10:20:16.448 1272 2343 I ConnectAuthJNI: InitArraylist 1013
05-29 10:20:16.448 1272 2343 I ConnectAuthJNI: InitConnectAuthStaticJNIMethod 1114 methodRet=0
05-29 10:20:16.448 1272 2343 E ConnectAuthJNI: JNI_OnLoad finish....1138
05-29 10:20:16.449 1272 2343 D Hisight-HiChainAuthControl: setupAuthIfNeeded, HiChainInstance hasn't been initialized
05-29 10:20:16.449 1272 2343 I ConnectAuthJNI: Java_com_huawei_hisight_security_ConnectAuthNative_nativeSetup 795 call HiChainNativeSetup
05-29 10:20:16.450 1272 2343 I ConnectAuthJNI: HiChainNativeSetup 565 registe_log
05-29 10:20:16.450 1272 2343 I ConnectAuthJNI: HksStorageRegisterFileCallbacks 245 register hks file callback status =0
05-29 10:20:16.450 1272 2343 I ConnectAuthJNI: HksRegisterGetDeviceIdCallback 268 register hks get hardware udid callback status =0
05-29 10:20:16.451 1272 2343 D ConnectAuthJNI: [HiChain] get_instance Begin get instance
05-29 10:20:16.451 1272 2343 I ConnectAuthJNI: [HKS] hks_service_key_info_init hks init : begin
05-29 10:20:16.451 1272 2343 I ConnectAuthJNI: FileRead 113 FileRead
05-29 10:20:16.451 1272 2343 I ConnectAuthJNI: FileRead 122 FileRead call readSecureFile begin
05-29 10:20:16.452 1272 2343 E Hisight-ConnectAuthCallBack: readSecureFile failed, no such file
05-29 10:20:16.452 1272 2343 W ConnectAuthJNI: FileRead 132 FileRead call readSecureFile byteArray is null
05-29 10:20:16.453 1272 2343 I ConnectAuthJNI: [HKS] hks_rkc_init RKC init:begin, is_key_info_exist=0
05-29 10:20:16.453 1272 2343 I ConnectAuthJNI: [HKS] hks_rkc_init_entropy the entropy is empty
05-29 10:20:16.453 1272 2343 I ConnectAuthJNI: FileSize 214 FileSize
05-29 10:20:16.457 1272 2343 I ConnectAuthJNI: FileSize 230 fileSize=258
05-29 10:20:16.457 1272 2343 I ConnectAuthJNI: FileRead 113 FileRead
05-29 10:20:16.457 1272 2343 I ConnectAuthJNI: FileRead 122 FileRead call readSecureFile begin
05-29 10:20:16.457 1272 2343 I ConnectAuthJNI: FileRead 135 FileRead call readSecureFile end
05-29 10:20:16.457 1272 2343 I ConnectAuthJNI: FileRead 150 fileBuff size 258, buf len 258
05-29 10:20:16.457 1272 2343 I ConnectAuthJNI: FileSize 214 FileSize
05-29 10:20:16.458 1272 2343 I ConnectAuthJNI: FileSize 230 fileSize=258
05-29 10:20:16.458 1272 2343 I ConnectAuthJNI: FileRead 113 FileRead
05-29 10:20:16.458 1272 2343 I ConnectAuthJNI: FileRead 122 FileRead call readSecureFile begin
05-29 10:20:16.458 1272 2343 I ConnectAuthJNI: FileRead 135 FileRead call readSecureFile end
05-29 10:20:16.458 1272 2343 I ConnectAuthJNI: FileRead 150 fileBuff size 258, buf len 258
05-29 10:20:16.458 1272 2343 I ConnectAuthJNI: [HKS] hks_rkc_load_ksf load ksf success
05-29 10:20:16.458 1272 2343 I ConnectAuthJNI: [HKS] hks_rkc_init root key component init success
05-29 10:20:16.458 1272 2343 I ConnectAuthJNI: [HKS] hks_rkc_init RKC init:end,rc=0
05-29 10:20:16.458 1272 2343 I ConnectAuthJNI: [HKS] hks_service_key_info_init hks init : end
05-29 10:20:16.458 1272 2343 I ConnectAuthJNI: GetHiChainProtocolParamsCallback 371 GetHiChainProtocolParamsCallback operation_code= 99
05-29 10:20:16.458 1272 2343 I ConnectAuthJNI: paramLen is ,=0
05-29 10:20:16.458 1272 2343 I ConnectAuthJNI: paramLen is ,=0
05-29 10:20:16.458 1272 2343 I ConnectAuthJNI: GetHiChainProtocolParamsCallback 402 GetHiChainProtocolParamsCallback end
05-29 10:20:16.458 1272 2343 I ConnectAuthJNI: [HiChain] get_instance Get instance success
05-29 10:20:16.458 1272 2343 I ConnectAuthJNI: Java_com_huawei_hisight_security_ConnectAuthNative_nativeGetHiChainInstance 598 get instance success
05-29 10:20:16.458 1272 2343 D Hisight-HiChainAuthControl: destroyAuth
05-29 10:20:16.458 1272 2343 I ConnectAuthJNI: Java_com_huawei_hisight_security_ConnectAuthNative_nativeDestroy 603 destroy
05-29 10:20:16.458 1272 2343 D Hisight-HiChainAuthControl: setupAuthIfNeeded, HiChainInstance hasn't been initialized
05-29 10:20:16.458 1272 2343 I ConnectAuthJNI: Java_com_huawei_hisight_security_ConnectAuthNative_nativeSetup 795 call HiChainNativeSetup
05-29 10:20:16.458 1272 2343 I ConnectAuthJNI: HiChainNativeSetup 565 registe_log
05-29 10:20:16.459 1272 2343 I ConnectAuthJNI: HksStorageRegisterFileCallbacks 245 register hks file callback status =0
05-29 10:20:16.459 1272 2343 I ConnectAuthJNI: HksRegisterGetDeviceIdCallback 268 register hks get hardware udid callback status =0
05-29 10:20:16.459 1272 2343 D ConnectAuthJNI: [HiChain] get_instance Begin get instance
05-29 10:20:16.459 1272 2343 I ConnectAuthJNI: [HKS] hks_service_key_info_init hks init : begin
05-29 10:20:16.459 1272 2343 I ConnectAuthJNI: [HKS] hks_service_key_info_init hks init : end
05-29 10:20:16.459 1272 2343 I ConnectAuthJNI: GetHiChainProtocolParamsCallback 371 GetHiChainProtocolParamsCallback operation_code= 99
05-29 10:20:16.459 1272 2343 I ConnectAuthJNI: paramLen is ,=0
05-29 10:20:16.459 1272 2343 I ConnectAuthJNI: paramLen is ,=0
05-29 10:20:16.459 1272 2343 I ConnectAuthJNI: GetHiChainProtocolParamsCallback 402 GetHiChainProtocolParamsCallback end
05-29 10:20:16.459 1272 2343 I ConnectAuthJNI: [HiChain] get_instance Get instance success
05-29 10:20:16.459 1272 2343 I ConnectAuthJNI: Java_com_huawei_hisight_security_ConnectAuthNative_nativeGetHiChainInstance 598 get instance success
05-29 10:20:16.459 1272 2343 W ConnectAuthJNI: GetListTrustPeers 899 trustPeerSize=0
05-29 10:20:16.459 1272 2343 D Hisight-HiChainAuthControl: destroyAuth
05-29 10:20:16.459 1272 2343 I ConnectAuthJNI: Java_com_huawei_hisight_security_ConnectAuthNative_nativeDestroy 603 destroy
05-29 10:20:16.459 1272 2343 D Hisight-HiChainAuthControl: setupAuthIfNeeded, HiChainInstance hasn't been initialized
05-29 10:20:16.459 1272 2343 I ConnectAuthJNI: Java_com_huawei_hisight_security_ConnectAuthNative_nativeSetup 795 call HiChainNativeSetup
05-29 10:20:16.459 1272 2343 I ConnectAuthJNI: HiChainNativeSetup 565 registe_log
05-29 10:20:16.459 1272 2343 I ConnectAuthJNI: HksStorageRegisterFileCallbacks 245 register hks file callback status =0
05-29 10:20:16.459 1272 2343 I ConnectAuthJNI: HksRegisterGetDeviceIdCallback 268 register hks get hardware udid callback status =0
05-29 10:20:16.459 1272 2343 D ConnectAuthJNI: [HiChain] get_instance Begin get instance
05-29 10:20:16.459 1272 2343 I ConnectAuthJNI: [HKS] hks_service_key_info_init hks init : begin
05-29 10:20:16.459 1272 2343 I ConnectAuthJNI: [HKS] hks_service_key_info_init hks init : end
05-29 10:20:16.459 1272 2343 I ConnectAuthJNI: GetHiChainProtocolParamsCallback 371 GetHiChainProtocolParamsCallback operation_code= 99
05-29 10:20:16.459 1272 2343 I ConnectAuthJNI: paramLen is ,=0
05-29 10:20:16.459 1272 2343 I ConnectAuthJNI: paramLen is ,=0
05-29 10:20:16.459 1272 2343 I ConnectAuthJNI: GetHiChainProtocolParamsCallback 402 GetHiChainProtocolParamsCallback end
05-29 10:20:16.459 1272 2343 I ConnectAuthJNI: [HiChain] get_instance Get instance success
05-29 10:20:16.459 1272 2343 I ConnectAuthJNI: Java_com_huawei_hisight_security_ConnectAuthNative_nativeGetHiChainInstance 598 get instance success
05-29 10:20:16.459 1272 2343 W ConnectAuthJNI: GetListTrustPeers 899 trustPeerSize=0
05-29 10:20:16.460 1272 2343 D Hisight-DeviceListManager: init trusted list size: 0
05-29 10:20:16.460 1272 2343 D HiSight-ConnectionManager: setAuthInfo, authMode: 1
01-01 08:00:38.728 759 759 E sprdwl : sprdwl_rx_rsp_process ctx_id 0 recv rsp[WIFI_CMD_TX_DATA] status[SPRDWL_CMD_STATUS_ERROR]
01-01 08:00:38.742 759 759 E sprdwl : sprdwl_rx_rsp_process ctx_id 0 recv rsp[WIFI_CMD_TX_DATA] status[SPRDWL_CMD_STATUS_ERROR]
01-01 08:00:38.755 759 759 E sprdwl : sprdwl_rx_rsp_process ctx_id 0 recv rsp[WIFI_CMD_TX_DATA] status[SPRDWL_CMD_STATUS_ERROR]
01-01 08:00:38.767 759 759 E sprdwl : sprdwl_rx_rsp_process ctx_id 0 recv rsp[WIFI_CMD_TX_DATA] status[SPRDWL_CMD_STATUS_ERROR]
01-01 08:00:38.779 759 759 E sprdwl : sprdwl_rx_rsp_process ctx_id 0 recv rsp[WIFI_CMD_TX_DATA] status[SPRDWL_CMD_STATUS_ERROR]
01-01 08:00:38.791 759 759 E sprdwl : sprdwl_rx_rsp_process ctx_id 0 recv rsp[WIFI_CMD_TX_DATA] status[SPRDWL_CMD_STATUS_ERROR]
01-01 08:00:38.803 759 759 E sprdwl : sprdwl_rx_rsp_process ctx_id 0 recv rsp[WIFI_CMD_TX_DATA] status[SPRDWL_CMD_STATUS_ERROR]
01-01 08:00:38.836 759 759 E sprdwl : sprdwl_rx_rsp_process ctx_id 0 recv rsp[WIFI_CMD_TX_DATA] status[SPRDWL_CMD_STATUS_ERROR]
01-01 08:00:38.849 759 759 E sprdwl : sprdwl_rx_rsp_process ctx_id 0 recv rsp[WIFI_CMD_TX_DATA] status[SPRDWL_CMD_STATUS_ERROR]
01-01 08:00:38.861 759 759 E sprdwl : sprdwl_rx_rsp_process ctx_id 0 recv rsp[WIFI_CMD_TX_DATA] status[SPRDWL_CMD_STATUS_ERROR]
01-01 08:00:38.873 759 759 E sprdwl : sprdwl_rx_rsp_process ctx_id 0 recv rsp[WIFI_CMD_TX_DATA] status[SPRDWL_CMD_STATUS_ERROR]
01-01 08:00:38.885 759 759 E sprdwl : sprdwl_rx_rsp_process ctx_id 0 recv rsp[WIFI_CMD_TX_DATA] status[SPRDWL_CMD_STATUS_ERROR]
01-01 08:00:38.897 759 759 E sprdwl : sprdwl_rx_rsp_process ctx_id 0 recv rsp[WIFI_CMD_TX_DATA] status[SPRDWL_CMD_STATUS_ERROR]
01-01 08:00:38.909 759 759 E sprdwl : sprdwl_rx_rsp_process ctx_id 0 recv rsp[WIFI_CMD_TX_DATA] status[SPRDWL_CMD_STATUS_ERROR]
01-01 08:00:38.939 759 759 E sprdwl : sprdwl_rx_rsp_process ctx_id 0 recv rsp[WIFI_CMD_TX_DATA] status[SPRDWL_CMD_STATUS_ERROR]
01-01 08:00:38.952 759 759 E sprdwl : sprdwl_rx_rsp_process ctx_id 0 recv rsp[WIFI_CMD_TX_DATA] status[SPRDWL_CMD_STATUS_ERROR]
01-01 08:00:38.964 759 759 E sprdwl : sprdwl_rx_rsp_process ctx_id 0 recv rsp[WIFI_CMD_TX_DATA] status[SPRDWL_CMD_STATUS_ERROR]
01-01 08:00:38.976 759 759 E sprdwl : sprdwl_rx_rsp_process ctx_id 0 recv rsp[WIFI_CMD_TX_DATA] status[SPRDWL_CMD_STATUS_ERROR]
01-01 08:00:38.989 759 759 E sprdwl : sprdwl_rx_rsp_process ctx_id 0 recv rsp[WIFI_CMD_TX_DATA] status[SPRDWL_CMD_STATUS_ERROR]
01-01 08:00:39.001 759 759 E sprdwl : sprdwl_rx_rsp_process ctx_id 0 recv rsp[WIFI_CMD_TX_DATA] status[SPRDWL_CMD_STATUS_ERROR]
01-01 08:00:39.015 759 759 E sprdwl : sprdwl_rx_rsp_process ctx_id 0 recv rsp[WIFI_CMD_TX_DATA] status[SPRDWL_CMD_STATUS_ERROR]
05-29 10:20:16.753 476 755 D SntpClient: request time failed: java.net.SocketTimeoutException: Poll timed out
01-01 08:00:39.042 759 759 E sprdwl : sprdwl_rx_rsp_process ctx_id 0 recv rsp[WIFI_CMD_TX_DATA] status[SPRDWL_CMD_STATUS_ERROR]
01-01 08:00:39.054 759 759 E sprdwl : sprdwl_rx_rsp_process ctx_id 0 recv rsp[WIFI_CMD_TX_DATA] status[SPRDWL_CMD_STATUS_ERROR]
05-29 10:20:16.805 1099 1121 I OpenGLRenderer: Davey! duration=9223371999876ms; Flags=0, FrameTimelineVsyncId=1050, IntendedVsync=36978391501, Vsync=36978391501, InputEventId=0, HandleInputStart=36978864058, AnimationStart=36978867058, PerformTraversalsStart=36979308767, DrawStart=36979879558, FrameDeadline=37011724833, FrameInterval=36978857392, FrameStartTime=16666666, SyncQueued=36980802892, SyncStart=36981073558, IssueDrawCommandsStart=36981839517, SwapBuffers=36989893600, FrameCompleted=9223372036854775807, DequeueBufferDuration=44333, QueueBufferDuration=1234709, GpuCompleted=9223372036854775807, SwapBuffersCompleted=36992102767, DisplayPresentTime=0,
05-29 10:20:16.989 1272 2230 E raop : JavaCallback init
05-29 10:20:17.092 1049 1049 I DefaultDispatch: type=1400 audit(0.0:1011): avc: denied { read } for name="devices" dev="proc" ino=4026532014 scontext=u:r:system_app:s0 tcontext=u:object_r:proc:s0 tclass=file permissive=1
05-29 10:20:17.092 1049 1049 I DefaultDispatch: type=1400 audit(0.0:1012): avc: denied { open } for path="/proc/bus/input/devices" dev="proc" ino=4026532014 scontext=u:r:system_app:s0 tcontext=u:object_r:proc:s0 tclass=file permissive=1
05-29 10:20:17.092 1049 1049 I DefaultDispatch: type=1400 audit(0.0:1013): avc: denied { getattr } for path="/proc/bus/input/devices" dev="proc" ino=4026532014 scontext=u:r:system_app:s0 tcontext=u:object_r:proc:s0 tclass=file permissive=1
05-29 10:20:17.095 1049 1265 E RCInfo : vid:
05-29 10:20:17.095 1049 1265 E RCInfo : pid:
05-29 10:20:17.096 1049 1265 E RCInfo : vid:
05-29 10:20:17.096 1049 1265 E RCInfo : pid:
01-01 08:00:39.591 759 759 E sprdwl : sprdwl_rx_rsp_process ctx_id 0 recv rsp[WIFI_CMD_TX_DATA] status[SPRDWL_CMD_STATUS_ERROR]
01-01 08:00:39.603 759 759 E sprdwl : sprdwl_rx_rsp_process ctx_id 0 recv rsp[WIFI_CMD_TX_DATA] status[SPRDWL_CMD_STATUS_ERROR]
01-01 08:00:39.616 759 759 E sprdwl : sprdwl_rx_rsp_process ctx_id 0 recv rsp[WIFI_CMD_TX_DATA] status[SPRDWL_CMD_STATUS_ERROR]
01-01 08:00:39.628 759 759 E sprdwl : sprdwl_rx_rsp_process ctx_id 0 recv rsp[WIFI_CMD_TX_DATA] status[SPRDWL_CMD_STATUS_ERROR]
01-01 08:00:39.659 759 759 E sprdwl : sprdwl_rx_rsp_process ctx_id 0 recv rsp[WIFI_CMD_TX_DATA] status[SPRDWL_CMD_STATUS_ERROR]
01-01 08:00:39.672 759 759 E sprdwl : sprdwl_rx_rsp_process ctx_id 0 recv rsp[WIFI_CMD_TX_DATA] status[SPRDWL_CMD_STATUS_ERROR]
05-29 10:20:17.410 476 521 W IorapForwardingService: No service published for: iorapd
01-01 08:00:39.684 759 759 E sprdwl : sprdwl_rx_rsp_process ctx_id 0 recv rsp[WIFI_CMD_TX_DATA] status[SPRDWL_CMD_STATUS_ERROR]
01-01 08:00:39.697 759 759 E sprdwl : sprdwl_rx_rsp_process ctx_id 0 recv rsp[WIFI_CMD_TX_DATA] status[SPRDWL_CMD_STATUS_ERROR]
01-01 08:00:39.709 759 759 E sprdwl : sprdwl_rx_rsp_process ctx_id 0 recv rsp[WIFI_CMD_TX_DATA] status[SPRDWL_CMD_STATUS_ERROR]
01-01 08:00:39.721 759 759 E sprdwl : sprdwl_rx_rsp_process ctx_id 0 recv rsp[WIFI_CMD_TX_DATA] status[SPRDWL_CMD_STATUS_ERROR]
01-01 08:00:39.734 759 759 E sprdwl : sprdwl_rx_rsp_process ctx_id 0 recv rsp[WIFI_CMD_TX_DATA] status[SPRDWL_CMD_STATUS_ERROR]
05-29 10:20:17.476 1099 1121 I OpenGLRenderer: Davey! duration=9223371999257ms; Flags=0, FrameTimelineVsyncId=1123, IntendedVsync=37594613850, Vsync=37594613850, InputEventId=0, HandleInputStart=37599587767, AnimationStart=37599590017, PerformTraversalsStart=37600267309, DrawStart=37600629517, FrameDeadline=37627947182, FrameInterval=37599582600, FrameStartTime=16666666, SyncQueued=37600987892, SyncStart=37603951934, IssueDrawCommandsStart=37620445017, SwapBuffers=37625247267, FrameCompleted=9223372036854775807, DequeueBufferDuration=30292, QueueBufferDuration=933417, GpuCompleted=9223372036854775807, SwapBuffersCompleted=37627159934, DisplayPresentTime=0,
01-01 08:00:39.759 759 759 E sprdwl : sprdwl_rx_rsp_process ctx_id 0 recv rsp[WIFI_CMD_TX_DATA] status[SPRDWL_CMD_STATUS_ERROR]
01-01 08:00:39.771 759 759 E sprdwl : sprdwl_rx_rsp_process ctx_id 0 recv rsp[WIFI_CMD_TX_DATA] status[SPRDWL_CMD_STATUS_ERROR]
01-01 08:00:39.784 759 759 E sprdwl : sprdwl_rx_rsp_process ctx_id 0 recv rsp[WIFI_CMD_TX_DATA] status[SPRDWL_CMD_STATUS_ERROR]
05-29 10:20:17.535 664 664 E WifiHAL : wifi_get_link_stats: requestResponse Error:-5
05-29 10:20:17.536 476 610 E WifiVendorHal: getWifiLinkLayerStats_1_5_Internal(l.1191) failed {.code = ERROR_INVALID_ARGS, .description = }
01-01 08:00:39.796 759 759 E sprdwl : sprdwl_rx_rsp_process ctx_id 0 recv rsp[WIFI_CMD_TX_DATA] status[SPRDWL_CMD_STATUS_ERROR]
01-01 08:00:39.808 759 759 E sprdwl : sprdwl_rx_rsp_process ctx_id 0 recv rsp[WIFI_CMD_TX_DATA] status[SPRDWL_CMD_STATUS_ERROR]
01-01 08:00:39.821 759 759 E sprdwl : sprdwl_rx_rsp_process ctx_id 0 recv rsp[WIFI_CMD_TX_DATA] status[SPRDWL_CMD_STATUS_ERROR]
01-01 08:00:39.835 759 759 E sprdwl : sprdwl_rx_rsp_process ctx_id 0 recv rsp[WIFI_CMD_TX_DATA] status[SPRDWL_CMD_STATUS_ERROR]
01-01 08:00:39.862 759 759 E sprdwl : sprdwl_rx_rsp_process ctx_id 0 recv rsp[WIFI_CMD_TX_DATA] status[SPRDWL_CMD_STATUS_ERROR]
01-01 08:00:39.874 759 759 E sprdwl : sprdwl_rx_rsp_process ctx_id 0 recv rsp[WIFI_CMD_TX_DATA] status[SPRDWL_CMD_STATUS_ERROR]
01-01 08:00:39.886 759 759 E sprdwl : sprdwl_rx_rsp_process ctx_id 0 recv rsp[WIFI_CMD_TX_DATA] status[SPRDWL_CMD_STATUS_ERROR]
01-01 08:00:39.899 759 759 E sprdwl : sprdwl_rx_rsp_process ctx_id 0 recv rsp[WIFI_CMD_TX_DATA] status[SPRDWL_CMD_STATUS_ERROR]
01-01 08:00:39.911 759 759 E sprdwl : sprdwl_rx_rsp_process ctx_id 0 recv rsp[WIFI_CMD_TX_DATA] status[SPRDWL_CMD_STATUS_ERROR]
01-01 08:00:39.923 759 759 E sprdwl : sprdwl_rx_rsp_process ctx_id 0 recv rsp[WIFI_CMD_TX_DATA] status[SPRDWL_CMD_STATUS_ERROR]
01-01 08:00:39.937 759 759 E sprdwl : sprdwl_rx_rsp_process ctx_id 0 recv rsp[WIFI_CMD_TX_DATA] status[SPRDWL_CMD_STATUS_ERROR]
01-01 08:00:39.953 759 759 E sprdwl : sprdwl_rx_rsp_process ctx_id 0 recv rsp[WIFI_CMD_TX_DATA] status[SPRDWL_CMD_STATUS_ERROR]
01-01 08:00:39.968 759 759 E sprdwl : sprdwl_rx_rsp_process ctx_id 0 recv rsp[WIFI_CMD_TX_DATA] status[SPRDWL_CMD_STATUS_ERROR]
01-01 08:00:39.980 759 759 E sprdwl : sprdwl_rx_rsp_process ctx_id 0 recv rsp[WIFI_CMD_TX_DATA] status[SPRDWL_CMD_STATUS_ERROR]
01-01 08:00:39.992 759 759 E sprdwl : sprdwl_rx_rsp_process ctx_id 0 recv rsp[WIFI_CMD_TX_DATA] status[SPRDWL_CMD_STATUS_ERROR]
01-01 08:00:40.004 759 759 E sprdwl : sprdwl_rx_rsp_process ctx_id 0 recv rsp[WIFI_CMD_TX_DATA] status[SPRDWL_CMD_STATUS_ERROR]
01-01 08:00:40.016 759 759 E sprdwl : sprdwl_rx_rsp_process ctx_id 0 recv rsp[WIFI_CMD_TX_DATA] status[SPRDWL_CMD_STATUS_ERROR]
01-01 08:00:40.029 759 759 E sprdwl : sprdwl_rx_rsp_process ctx_id 0 recv rsp[WIFI_CMD_TX_DATA] status[SPRDWL_CMD_STATUS_ERROR]
05-29 10:20:17.918 669 854 I bt_btif_dm: system/bt/btif/src/btif_dm.cc:548 btif_update_remote_properties: cod from storage is also unclassified
01-01 08:00:40.613 759 759 E sprdwl : sprdwl_rx_rsp_process ctx_id 0 recv rsp[WIFI_CMD_TX_DATA] status[SPRDWL_CMD_STATUS_ERROR]
01-01 08:00:40.625 759 759 E sprdwl : sprdwl_rx_rsp_process ctx_id 0 recv rsp[WIFI_CMD_TX_DATA] status[SPRDWL_CMD_STATUS_ERROR]
01-01 08:00:40.637 759 759 E sprdwl : sprdwl_rx_rsp_process ctx_id 0 recv rsp[WIFI_CMD_TX_DATA] status[SPRDWL_CMD_STATUS_ERROR]
01-01 08:00:40.649 759 759 E sprdwl : sprdwl_rx_rsp_process ctx_id 0 recv rsp[WIFI_CMD_TX_DATA] status[SPRDWL_CMD_STATUS_ERROR]
05-29 10:20:18.412 476 521 W IorapForwardingService: No service published for: iorapd
01-01 08:00:40.680 759 759 E sprdwl : sprdwl_rx_rsp_process ctx_id 0 recv rsp[WIFI_CMD_TX_DATA] status[SPRDWL_CMD_STATUS_ERROR]
01-01 08:00:40.692 759 759 E sprdwl : sprdwl_rx_rsp_process ctx_id 0 recv rsp[WIFI_CMD_TX_DATA] status[SPRDWL_CMD_STATUS_ERROR]
01-01 08:00:40.705 759 759 E sprdwl : sprdwl_rx_rsp_process ctx_id 0 recv rsp[WIFI_CMD_TX_DATA] status[SPRDWL_CMD_STATUS_ERROR]
01-01 08:00:40.717 759 759 E sprdwl : sprdwl_rx_rsp_process ctx_id 0 recv rsp[WIFI_CMD_TX_DATA] status[SPRDWL_CMD_STATUS_ERROR]
01-01 08:00:40.729 759 759 E sprdwl : sprdwl_rx_rsp_process ctx_id 0 recv rsp[WIFI_CMD_TX_DATA] status[SPRDWL_CMD_STATUS_ERROR]
01-01 08:00:40.741 759 759 E sprdwl : sprdwl_rx_rsp_process ctx_id 0 recv rsp[WIFI_CMD_TX_DATA] status[SPRDWL_CMD_STATUS_ERROR]
01-01 08:00:40.753 759 759 E sprdwl : sprdwl_rx_rsp_process ctx_id 0 recv rsp[WIFI_CMD_TX_DATA] status[SPRDWL_CMD_STATUS_ERROR]
01-01 08:00:40.784 759 759 E sprdwl : sprdwl_rx_rsp_process ctx_id 0 recv rsp[WIFI_CMD_TX_DATA] status[SPRDWL_CMD_STATUS_ERROR]
01-01 08:00:40.796 759 759 E sprdwl : sprdwl_rx_rsp_process ctx_id 0 recv rsp[WIFI_CMD_TX_DATA] status[SPRDWL_CMD_STATUS_ERROR]
01-01 08:00:40.808 759 759 E sprdwl : sprdwl_rx_rsp_process ctx_id 0 recv rsp[WIFI_CMD_TX_DATA] status[SPRDWL_CMD_STATUS_ERROR]
01-01 08:00:40.820 759 759 E sprdwl : sprdwl_rx_rsp_process ctx_id 0 recv rsp[WIFI_CMD_TX_DATA] status[SPRDWL_CMD_STATUS_ERROR]
01-01 08:00:40.830 1 1 I init : processing action (debug.launcher3.exit=1) from (/vendor/etc/init/init.scheduler.rc:1)
01-01 08:00:40.832 759 759 E sprdwl : sprdwl_rx_rsp_process ctx_id 0 recv rsp[WIFI_CMD_TX_DATA] status[SPRDWL_CMD_STATUS_ERROR]
01-01 08:00:40.845 759 759 E sprdwl : sprdwl_rx_rsp_process ctx_id 0 recv rsp[WIFI_CMD_TX_DATA] status[SPRDWL_CMD_STATUS_ERROR]
01-01 08:00:40.859 759 759 E sprdwl : sprdwl_rx_rsp_process ctx_id 0 recv rsp[WIFI_CMD_TX_DATA] status[SPRDWL_CMD_STATUS_ERROR]
01-01 08:00:40.877 759 759 E sprdwl : sprdwl_rx_rsp_process ctx_id 0 recv rsp[WIFI_CMD_TX_DATA] status[SPRDWL_CMD_STATUS_ERROR]
01-01 08:00:40.892 759 759 E sprdwl : sprdwl_rx_rsp_process ctx_id 0 recv rsp[WIFI_CMD_TX_DATA] status[SPRDWL_CMD_STATUS_ERROR]
01-01 08:00:40.905 759 759 E sprdwl : sprdwl_rx_rsp_process ctx_id 0 recv rsp[WIFI_CMD_TX_DATA] status[SPRDWL_CMD_STATUS_ERROR]
01-01 08:00:40.917 759 759 E sprdwl : sprdwl_rx_rsp_process ctx_id 0 recv rsp[WIFI_CMD_TX_DATA] status[SPRDWL_CMD_STATUS_ERROR]
01-01 08:00:40.929 759 759 E sprdwl : sprdwl_rx_rsp_process ctx_id 0 recv rsp[WIFI_CMD_TX_DATA] status[SPRDWL_CMD_STATUS_ERROR]
01-01 08:00:40.941 759 759 E sprdwl : sprdwl_rx_rsp_process ctx_id 0 recv rsp[WIFI_CMD_TX_DATA] status[SPRDWL_CMD_STATUS_ERROR]
05-29 10:20:18.679 1272 1476 I crashsdk: crashsdk uploading logs
01-01 08:00:40.953 759 759 E sprdwl : sprdwl_rx_rsp_process ctx_id 0 recv rsp[WIFI_CMD_TX_DATA] status[SPRDWL_CMD_STATUS_ERROR]
05-29 10:20:18.892 476 660 D WifiNl80211Manager: Scan result ready event
05-29 10:20:18.892 476 660 D WifiNative: Scan result ready event
05-29 10:20:18.928 476 614 D WificondScannerImpl: Filtering out 20 scan results.
05-29 10:20:18.949 1099 1099 E hq : NetWorkStateReceiver:::NetWorkStateReceiver onReceive: 网络变化广播 >>>> intent.action=android.net.wifi.SCAN_RESULTS
05-29 10:20:18.958 664 664 E WifiHAL : wifi_get_link_stats: requestResponse Error:-5
05-29 10:20:18.959 476 610 E WifiVendorHal: getWifiLinkLayerStats_1_5_Internal(l.1191) failed {.code = ERROR_INVALID_ARGS, .description = }
05-29 10:20:18.967 2121 2194 I TDLog : [APP] New data found, Submitting...
05-29 10:20:18.997 1099 1099 W eventbuscore: post Event:com.dangbei.leard.base.entity.event.NetWifiRssiEvent
05-29 10:20:18.998 476 811 I WifiService: startScan uid=1000
05-29 10:20:19.045 1272 2419 I PlatformDependent: Your platform does not provide complete low-level API for accessing direct buffers reliably. Unless explicitly requested, heap buffer will always be preferred to avoid potential system instability.
05-29 10:20:19.054 1099 1122 I OpenGLRenderer: Davey! duration=9223371997626ms; Flags=0, FrameTimelineVsyncId=1131, IntendedVsync=39228392494, Vsync=39228392494, InputEventId=0, HandleInputStart=39229175184, AnimationStart=39229178934, PerformTraversalsStart=39229182059, DrawStart=39229360351, FrameDeadline=39261725826, FrameInterval=39229164559, FrameStartTime=16666666, SyncQueued=39229553018, SyncStart=39229888393, IssueDrawCommandsStart=39230806684, SwapBuffers=39241129393, FrameCompleted=9223372036854775807, DequeueBufferDuration=52583, QueueBufferDuration=1741250, GpuCompleted=9223372036854775807, SwapBuffersCompleted=39244315809, DisplayPresentTime=0,
05-29 10:20:19.096 1272 2230 W VideoCapabilities: Unrecognized profile/level 0/3 for video/mpeg2
05-29 10:20:19.109 476 660 W TelephonyPermissions: reportAccessDeniedToReadIdentifiers:com.dangbei.screencast:getSerial:-1
05-29 10:20:19.123 2121 2194 I TDLog : [APP] Failed to submit data!
05-29 10:20:19.128 476 620 D NsdService: Register service
05-29 10:20:19.129 476 620 D NsdService: registerService: 3 name: 当贝投屏A9, type: _airplay._tcp, host: null, port: 44631, txtRecord: srcvers=220.68features=0x527FFFF7,0x1E'pi=2e388006-13ba-4041-9a67-25dd4a43d536Cpk=b07727d6f6cd6e08b58ede525ec3cdeaa252ad9f683feb212ef8a205246554e7vv=2 flags=0x4model=AppleTV2,1deviceid=b4:2f:03:16:18:c0
05-29 10:20:19.129 476 620 D NsdService: mdnssd [register, 3, 当贝投屏A9, _airplay._tcp, 44631, DnNyY3ZlcnM9MjIwLjY4GGZlYXR1cmVzPTB4NTI3RkZGRjcsMHgxRSdwaT0yZTM4ODAwNi0xM2JhLTQwNDEtOWE2Ny0yNWRkNGE0M2Q1MzZDcGs9YjA3NzI3ZDZmNmNkNmUwOGI1OGVkZTUyNWVjM2NkZWFhMjUyYWQ5ZjY4M2ZlYjIxMmVmOGEyMDUyNDY1NTRlNwR2dj0yCWZsYWdzPTB4NBBtb2RlbD1BcHBsZVRWMiwxGmRldmljZWlkPWI0OjJmOjAzOjE2OjE4OmMw]
05-29 10:20:19.131 476 620 D NsdService: Register 2 3
05-29 10:20:19.136 1272 1272 I ModuleDataForwa: type=1400 audit(0.0:1014): avc: denied { rename } for name="TD_IP_CACHE.xml" dev="mmcblk0p25" ino=19563 scontext=u:r:platform_app:s0:c512,c768 tcontext=u:object_r:app_data_file:s0:c512,c768 tclass=file permissive=1 app=com.dangbei.screencast
05-29 10:20:19.143 476 620 D NsdService: Register service
05-29 10:20:19.143 476 620 D NsdService: registerService: 4 name: b42f031618c0@当贝投屏A9, type: _raop._tcp, host: null, port: 46303, txtRecord: txtvers=1 am=AppleTV2,1ch=2
05-29 10:20:19.143 476 620 D NsdService: cn=0,1,2,3da=trueet=0,3,5ft=0x527FFFF7,0x1Emd=0,1,2Cpk=b07727d6f6cd6e08b58ede525ec3cdeaa252ad9f683feb212ef8a205246554e7pw=falsesf=0x4sr=44100ss=16sv=falsetp=UDPvn=65537 vs=220.68vv=2 rhd=5.6.0.0
05-29 10:20:19.143 476 620 D NsdService: mdnssd [register, 4, b42f031618c0@当贝投屏A9, _raop._tcp, 46303, CXR4dHZlcnM9MQ1hbT1BcHBsZVRWMiwxBGNoPTIKY249MCwxLDIsMwdkYT10cnVlCGV0PTAsMyw1EmZ0PTB4NTI3RkZGRjcsMHgxRQhtZD0wLDEsMkNwaz1iMDc3MjdkNmY2Y2Q2ZTA4YjU4ZWRlNTI1ZWMzY2RlYWEyNTJhZDlmNjgzZmViMjEyZWY4YTIwNTI0NjU1NGU3CHB3PWZhbHNlBnNmPTB4NAhzcj00NDEwMAVzcz0xNghzdj1mYWxzZQZ0cD1VRFAIdm49NjU1MzcJdnM9MjIwLjY4BHZ2PTILcmhkPTUuNi4wLjA=]
05-29 10:20:19.146 476 620 D NsdService: Register 3 4
05-29 10:20:19.144 1272 1272 I ModuleDataForwa: type=1400 audit(0.0:1015): avc: denied { setattr } for name="TD_IP_CACHE.xml" dev="mmcblk0p25" ino=19875 scontext=u:r:platform_app:s0:c512,c768 tcontext=u:object_r:app_data_file:s0:c512,c768 tclass=file permissive=1 app=com.dangbei.screencast
05-29 10:20:19.144 1272 1272 I ModuleDataForwa: type=1400 audit(0.0:1016): avc: denied { unlink } for name="TD_IP_CACHE.xml.bak" dev="mmcblk0p25" ino=19563 scontext=u:r:platform_app:s0:c512,c768 tcontext=u:object_r:app_data_file:s0:c512,c768 tclass=file permissive=1 app=com.dangbei.screencast
05-29 10:20:19.162 2344 2384 V NFC : this device does not have NFC support
05-29 10:20:19.296 476 811 I WifiService: startScan uid=10022
05-29 10:20:19.331 476 494 I system_server: Background young concurrent copying GC freed 248184(10MB) AllocSpace objects, 76(2048KB) LOS objects, 51% free, 11MB/24MB, paused 426us total 165.504ms
05-29 10:20:19.413 476 521 W IorapForwardingService: No service published for: iorapd
05-29 10:20:19.557 476 620 D NsdService: Register service
05-29 10:20:19.557 476 620 D NsdService: registerService: 5 name: 当贝投屏A9, type: _db_cast_screen._tcp, host: null, port: 37247, txtRecord: au=1cV=20830mV=100h265=0maxR=4096-3152model=DBBOX-A2deviceid=20:02:FE:19:C1:FD
05-29 10:20:19.557 476 620 D NsdService: mdnssd [register, 5, 当贝投屏A9, _db_cast_screen._tcp, 37247, BGF1PTEIY1Y9MjA4MzAGbVY9MTAwBmgyNjU9MA5tYXhSPTQwOTYtMzE1Mg5tb2RlbD1EQkJPWC1BMhpkZXZpY2VpZD0yMDowMjpGRToxOTpDMTpGRA==]
05-29 10:20:19.559 476 620 D NsdService: Register 4 5
05-29 10:20:19.598 476 476 W NotificationHistory: Attempted to add notif for locked/gone/disabled user 0
05-29 10:20:19.602 683 683 V TvNotificationHandler: Notification not added because it isn't relevant for tv
05-29 10:20:19.763 265 291 D hdmi-cec: receive invalid cec message!
05-29 10:20:19.764 265 291 D hdmi-cec: receive poll message [04], skip!
05-29 10:20:19.838 1099 1122 I OpenGLRenderer: Davey! duration=9223371996859ms; Flags=0, FrameTimelineVsyncId=1178, IntendedVsync=39995083900, Vsync=39995083900, InputEventId=0, HandleInputStart=39995937726, AnimationStart=39995943601, PerformTraversalsStart=39997266226, DrawStart=39997851143, FrameDeadline=40028417232, FrameInterval=39995917810, FrameStartTime=16666666, SyncQueued=39998358143, SyncStart=39998693310, IssueDrawCommandsStart=40000163810, SwapBuffers=40017707435, FrameCompleted=9223372036854775807, DequeueBufferDuration=52250, QueueBufferDuration=1418417, GpuCompleted=9223372036854775807, SwapBuffersCompleted=40020238810, DisplayPresentTime=0,
05-29 10:20:19.854 1099 1122 I OpenGLRenderer: Davey! duration=9223371996840ms; Flags=0, FrameTimelineVsyncId=1180, IntendedVsync=40011751234, Vsync=40011751234, InputEventId=0, HandleInputStart=40015118393, AnimationStart=40015125976, PerformTraversalsStart=40017568226, DrawStart=40017762810, FrameDeadline=40045084566, FrameInterval=40015106268, FrameStartTime=16666666, SyncQueued=40017847685, SyncStart=40020570560, IssueDrawCommandsStart=40021708060, SwapBuffers=40034329601, FrameCompleted=9223372036854775807, DequeueBufferDuration=55833, QueueBufferDuration=1279125, GpuCompleted=9223372036854775807, SwapBuffersCompleted=40037942726, DisplayPresentTime=0,
05-29 10:20:19.870 1099 1121 I OpenGLRenderer: Davey! duration=9223371996819ms; Flags=0, FrameTimelineVsyncId=1182, IntendedVsync=40028418568, Vsync=40028418568, InputEventId=0, HandleInputStart=40029276310, AnimationStart=40029282976, PerformTraversalsStart=40031085643, DrawStart=40031272601, FrameDeadline=40061751900, FrameInterval=40029260435, FrameStartTime=16666666, SyncQueued=40031366435, SyncStart=40038296143, IssueDrawCommandsStart=40039397310, SwapBuffers=40044959226, FrameCompleted=9223372036854775807, DequeueBufferDuration=45541, QueueBufferDuration=7022917, GpuCompleted=9223372036854775807, SwapBuffersCompleted=40052985060, DisplayPresentTime=0,
05-29 10:20:19.887 1099 1122 I OpenGLRenderer: Davey! duration=9223371996802ms; Flags=0, FrameTimelineVsyncId=1184, IntendedVsync=40045085902, Vsync=40045085902, InputEventId=0, HandleInputStart=40046086060, AnimationStart=40046095643, PerformTraversalsStart=40047448935, DrawStart=40049309518, FrameDeadline=40078419234, FrameInterval=40046073018, FrameStartTime=16666666, SyncQueued=40050387768, SyncStart=40057832893, IssueDrawCommandsStart=40058769935, SwapBuffers=40067079935, FrameCompleted=9223372036854775807, DequeueBufferDuration=52125, QueueBufferDuration=1325708, GpuCompleted=9223372036854775807, SwapBuffersCompleted=40069449935, DisplayPresentTime=0,
05-29 10:20:19.903 1099 1122 I OpenGLRenderer: Davey! duration=9223371996788ms; Flags=0, FrameTimelineVsyncId=1186, IntendedVsync=40061253488, Vsync=40061253488, InputEventId=0, HandleInputStart=40061895352, AnimationStart=40061899560, PerformTraversalsStart=40064185268, DrawStart=40064453727, FrameDeadline=40094586820, FrameInterval=40061884643, FrameStartTime=16666666, SyncQueued=40064545352, SyncStart=40069891810, IssueDrawCommandsStart=40071264810, SwapBuffers=40080622727, FrameCompleted=9223372036854775807, DequeueBufferDuration=57375, QueueBufferDuration=4089708, GpuCompleted=9223372036854775807, SwapBuffersCompleted=40085570685, DisplayPresentTime=0,
05-29 10:20:19.919 1099 1122 I OpenGLRenderer: Davey! duration=9223371996772ms; Flags=0, FrameTimelineVsyncId=1188, IntendedVsync=40077914062, Vsync=40077914062, InputEventId=0, HandleInputStart=40078755185, AnimationStart=40078761643, PerformTraversalsStart=40080284685, DrawStart=40081567768, FrameDeadline=40111247394, FrameInterval=40078743143, FrameStartTime=16666666, SyncQueued=40081724268, SyncStart=40085881477, IssueDrawCommandsStart=40087042685, SwapBuffers=40092356018, FrameCompleted=9223372036854775807, DequeueBufferDuration=38375, QueueBufferDuration=7975042, GpuCompleted=9223372036854775807, SwapBuffersCompleted=40101145477, DisplayPresentTime=0,
05-29 10:20:19.931 476 620 D NsdService: Native daemon message SERVICE_REGISTERED: 606 3 "当贝投屏A9"
05-29 10:20:19.932 476 620 D NsdService: Native daemon message SERVICE_REGISTERED: 606 4 "b42f031618c0@当贝投屏A9"
05-29 10:20:19.950 2121 2161 D UtilLog : 日志批量上报 进行正常循环 !!!!!!本次有0次请求,共0条数据
05-29 10:20:20.015 1272 2236 E accept : myIp:192.168.3.132
05-29 10:20:20.020 1272 2236 E accept : connect error
05-29 10:20:20.029 1272 2236 I UpnpServiceImpl: >>> Starting UPnP service...
05-29 10:20:20.029 1272 2236 I UpnpServiceImpl: Using configuration: org.fourthline.cling.android.AndroidUpnpServiceConfiguration
05-29 10:20:20.037 1272 2236 I Router : Creating Router: org.fourthline.cling.android.AndroidRouter
05-29 10:20:20.040 1272 2236 W Router : enable lock:org.fourthline.cling.android.AndroidRouter@5309b12_java.util.concurrent.locks.ReentrantReadWriteLock$WriteLock@6ddb2e3[Unlocked]
05-29 10:20:20.061 1272 2236 W tworkAddressFactoryImpl: Network interface may not be multicast capable: dummy0
05-29 10:20:20.066 1272 2236 I MulticastReceiver: Creating wildcard socket (for receiving multicast datagrams) on port: 1900
05-29 10:20:20.068 1272 2236 I MulticastReceiver: Joining multicast group: /239.255.255.250:1900 on network interface: wlan0
05-29 10:20:20.094 1272 2236 E accept : Adding connector try: 192.168.3.132/192.168.3.132:41477
05-29 10:20:20.096 1272 2236 E accept : Adding connector result: 192.168.3.132/192.168.3.132:41477
05-29 10:20:20.190 476 620 D NsdService: Native daemon message SERVICE_REGISTERED: 606 5 "当贝投屏A9"
05-29 10:20:20.235 1272 2236 I JettyServletContainer: Registering UPnP servlet under context path: /upnp
05-29 10:20:20.244 1272 2236 I DatagramIO: Creating bound socket (for datagram input/output) on: 192.168.3.132/192.168.3.132
05-29 10:20:20.245 1272 2439 E JettyServletContainer: gogogo
05-29 10:20:20.246 1272 2439 I JettyServletContainer: Starting Jetty server...
05-29 10:20:20.247 1272 2439 W System.err: 2025-05-29 10:20:20.247:INFO:lcaf.p:jetty-8.y.z-SNAPSHOT
05-29 10:20:20.249 2121 2188 D UtilLog : 日志批量上报 进行正常循环 !!!!!!本次有0次请求,共0条数据
05-29 10:20:20.251 1272 2236 I Router : WiFi multicast lock acquired
05-29 10:20:20.253 476 811 I WifiService: acquireMulticastLock uid=10022
05-29 10:20:20.256 1272 2236 I Router : WiFi lock acquired
05-29 10:20:20.258 476 660 I WifiService: acquireWifiLock uid=10022 lockMode=3
05-29 10:20:20.262 1272 2236 W Router : enable unlock:org.fourthline.cling.android.AndroidRouter@5309b12
05-29 10:20:20.262 1272 2236 I UpnpServiceImpl: <<< UPnP service started successfully
05-29 10:20:20.330 1272 2439 W System.err: 2025-05-29 10:20:20.329:INFO:lcaf.a:Started @192.168.3.132:41477
05-29 10:20:20.396 1272 2236 E g : channel :os
05-29 10:20:20.415 476 521 W IorapForwardingService: No service published for: iorapd
05-29 10:20:20.553 664 664 E WifiHAL : wifi_get_link_stats: requestResponse Error:-5
05-29 10:20:20.555 476 610 E WifiVendorHal: getWifiLinkLayerStats_1_5_Internal(l.1191) failed {.code = ERROR_INVALID_ARGS, .description = }
05-29 10:20:21.093 476 476 W NotificationHistory: Attempted to add notif for locked/gone/disabled user 0
05-29 10:20:21.097 683 683 V TvNotificationHandler: Notification not added because it isn't relevant for tv
05-29 10:20:21.255 476 660 I WifiService: startScan uid=1000
05-29 10:20:21.360 2448 2448 I Thread-2: type=1400 audit(0.0:1017): avc: denied { execute } for name="am" dev="dm-1" ino=1160 scontext=u:r:system_app:s0 tcontext=u:object_r:vendor_file:s0 tclass=file permissive=1
05-29 10:20:21.360 2448 2448 I Thread-2: type=1400 audit(0.0:1018): avc: denied { read open } for path="/vendor/xbin/am" dev="dm-1" ino=1160 scontext=u:r:system_app:s0 tcontext=u:object_r:vendor_file:s0 tclass=file permissive=1
05-29 10:20:21.364 2448 2448 I Thread-2: type=1400 audit(0.0:1019): avc: denied { execute_no_trans } for path="/vendor/xbin/am" dev="dm-1" ino=1160 scontext=u:r:system_app:s0 tcontext=u:object_r:vendor_file:s0 tclass=file permissive=1
05-29 10:20:21.364 2344 2344 I locHandlerThrea: type=1400 audit(0.0:1020): avc: denied { search } for name="com.dangbei.screencast" dev="mmcblk0p25" ino=891 scontext=u:r:platform_app:s0:c512,c768 tcontext=u:object_r:app_data_file:s0:c512,c768 tclass=dir permissive=1 app=com.dangbei.screencast
05-29 10:20:21.417 476 521 W IorapForwardingService: No service published for: iorapd
05-29 10:20:21.437 1128 1128 D aaa : LedStatusService onStartCommand begin
05-29 10:20:21.444 1128 2458 D aaa : topPkg is -------------- :com.dangbei.leard.leradlauncher
05-29 10:20:21.447 1128 2458 D aaa : WiFi is connect
05-29 10:20:21.449 1186 1186 D bbb : onStartCommand begin !!!!!!! data分区剩余 24603MB
05-29 10:20:21.668 2344 2344 I pool-4-thread-1: type=1400 audit(0.0:1021): avc: denied { getattr } for path="/data/user/0/com.dangbei.screencast/files/__database_reborn_January_one__/td_database2SaaS" dev="mmcblk0p25" ino=2448 scontext=u:r:platform_app:s0:c512,c768 tcontext=u:object_r:app_data_file:s0:c512,c768 tclass=dir permissive=1 app=com.dangbei.screencast
