05-29 10:19:54.249 476 599 I EventHub: New device: id=2, fd=165, path='/dev/input/event0', name='sunxi-ir', classes=KEYBOARD, configuration='', keyLayout='/system/usr/keylayout/sunxi-ir.kl', keyCharacterMap='/system/usr/keychars/Generic.kcm', builtinKeyboard=false,
05-29 10:19:54.251 476 476 D BluetoothManagerService: Detected SystemUiUid: 10067
05-29 10:19:54.251 476 476 I SystemServerTiming: IpConnectivityMetrics
05-29 10:19:54.251 476 476 I SystemServiceManager: Starting com.android.server.connectivity.IpConnectivityMetrics
05-29 10:19:54.252 315 315 D XiriService: check file name: /data/data/com.android.cts.priv.ctsshim/lib
05-29 10:19:54.252 315 315 D XiriService: check file name: /data/data/com.android.cts.priv.ctsshim/lib
05-29 10:19:54.253 315 315 D XiriService: check file name: /data/data/com.android.cts.priv.ctsshim/lib
05-29 10:19:54.253 315 315 D XiriService: check file name: /data/data/com.android.cts.priv.ctsshim/lib
05-29 10:19:54.253 315 315 D XiriService: check file name: /data/data/com.android.dynsystem/lib
05-29 10:19:54.253 315 315 D XiriService: check file name: /data/data/com.android.dynsystem/lib
05-29 10:19:54.252 315 315 I xiriservice_All: type=1400 audit(0.0:318): avc: denied { search } for name="com.android.dynsystem" dev="mmcblk0p25" ino=577 scontext=u:r:init:s0 tcontext=u:object_r:system_app_data_file:s0 tclass=dir permissive=1
05-29 10:19:54.254 315 315 D XiriService: check file name: /data/data/com.android.dynsystem/lib
05-29 10:19:54.252 315 315 I xiriservice_All: type=1400 audit(0.0:319): avc: denied { read } for name="lib" dev="mmcblk0p25" ino=19615 scontext=u:r:init:s0 tcontext=u:object_r:system_app_data_file:s0 tclass=lnk_file permissive=1
05-29 10:19:54.254 476 476 I SystemServerTiming: NetworkWatchlistService
05-29 10:19:54.254 476 476 I SystemServiceManager: Starting com.android.server.net.watchlist.NetworkWatchlistService$Lifecycle
05-29 10:19:54.258 476 599 I InputReader: Device added: id=-1, eventHubId=-1, name='Virtual', descriptor='a718a782d34bc767f4689c232d64d527998ea7fd',sources=0x00000301
05-29 10:19:54.258 476 599 I InputReader: Device added: id=2, eventHubId=2, name='sunxi-ir', descriptor='485d69228e24f5e46da1598745890b214130dbc4',sources=0x00000101
05-29 10:19:54.259 476 599 W InputReader: Can't find the designated viewport with ID 0 to update cursor input mapper. Fall back to default display
05-29 10:19:54.259 476 599 E InputReader: Still can't find a viable viewport to update cursor input mapper. Skip setting it to PointerController.
05-29 10:19:54.259 476 599 I InputReader: Device added: id=3, eventHubId=1, name='sunxi-ir-uinput', descriptor='0a253e777d1b2169367be63d7c9054e7991953a6',sources=0x00002303
05-29 10:19:54.261 315 315 D XiriService: check file name: /data/data/com.android.dynsystem/lib
05-29 10:19:54.261 315 315 D XiriService: check file name: /data/data/com.android.dynsystem/lib
05-29 10:19:54.262 315 315 D XiriService: check file name: /data/data/com.android.dynsystem/lib
05-29 10:19:54.262 476 476 I WatchlistSettings: Reload watchlist settings done
05-29 10:19:54.262 315 315 D XiriService: check file name: /data/data/com.android.dynsystem/lib
05-29 10:19:54.263 315 315 D XiriService: check file name: /data/data/com.dangbei.lerad.rocky/lib
05-29 10:19:54.263 315 315 D XiriService: check file name: /data/data/com.dangbei.lerad.rocky/lib
05-29 10:19:54.263 315 315 D XiriService: check file name: /data/data/com.dangbei.lerad.rocky/lib
05-29 10:19:54.263 315 315 D XiriService: check file name: /data/data/com.dangbei.lerad.rocky/lib
05-29 10:19:54.264 476 601 I WatchlistLoggingHandler: No need to aggregate record yet.
05-29 10:19:54.264 476 601 I WatchlistLoggingHandler: Milliseconds spent on tryAggregateRecords(): 1
05-29 10:19:54.265 476 476 I SystemServerTiming: PinnerService
05-29 10:19:54.265 476 476 I SystemServiceManager: Starting com.android.server.PinnerService
05-29 10:19:54.268 476 476 V HistoricalRegistry: Interaction before persistence initialized
05-29 10:19:54.271 315 315 D XiriService: check file name: /data/data/com.dangbei.lerad.rocky/lib
05-29 10:19:54.271 315 315 D XiriService: check file name: /data/data/com.dangbei.lerad.rocky/lib
05-29 10:19:54.272 476 476 I SystemServerTiming: IorapForwardingService
05-29 10:19:54.272 476 476 I SystemServiceManager: Starting com.google.android.startop.iorap.IorapForwardingService
05-29 10:19:54.272 315 315 D XiriService: check file name: /data/data/com.dangbei.lerad.rocky/lib
05-29 10:19:54.272 315 315 D XiriService: check file name: /data/data/com.dangbei.lerad.rocky/lib
05-29 10:19:54.274 476 476 W IorapForwardingService: No service published for: iorapd
05-29 10:19:54.275 476 476 I SystemServerTiming: SignedConfigService
05-29 10:19:54.276 476 476 I SystemServerTiming: AppIntegrityService
05-29 10:19:54.276 476 476 I SystemServiceManager: Starting com.android.server.integrity.AppIntegrityManagerService
05-29 10:19:54.278 247 247 D MtpDeviceJNI: register_android_mtp_MtpDevice
05-29 10:19:54.279 315 315 D XiriService: check file name: /data/data/com.android.tv.settings/lib
05-29 10:19:54.279 315 315 D XiriService: check file name: /data/data/com.android.tv.settings/lib
05-29 10:19:54.279 476 476 E IntegrityFileManager: Error creating staging and rules directory
05-29 10:19:54.279 315 315 D XiriService: check file name: /data/data/com.android.tv.settings/lib
05-29 10:19:54.280 315 315 D XiriService: check file name: /data/data/com.android.tv.settings/lib
05-29 10:19:54.283 476 476 I WindowManager: SAFE MODE not enabled
05-29 10:19:54.285 476 476 I SystemServerTiming: StartInputMethodManagerLifecycle
05-29 10:19:54.286 476 476 I SystemServiceManager: Starting com.android.server.inputmethod.InputMethodManagerService$Lifecycle
05-29 10:19:54.286 315 315 D XiriService: check file name: /data/data/com.android.tv.settings/lib
05-29 10:19:54.287 315 315 D XiriService: check file name: /data/data/com.android.tv.settings/lib
05-29 10:19:54.287 315 315 D XiriService: check file name: /data/data/com.android.tv.settings/lib
05-29 10:19:54.287 315 315 D XiriService: check file name: /data/data/com.android.tv.settings/lib
05-29 10:19:54.293 476 476 I SystemServerTiming: StartAccessibilityManagerService
05-29 10:19:54.293 476 476 I SystemServiceManager: Starting com.android.server.accessibility.AccessibilityManagerService$Lifecycle
05-29 10:19:54.296 315 315 D XiriService: check file name: /data/data/com.oranth.factory/lib
05-29 10:19:54.296 315 315 D XiriService: check file name: /data/data/com.oranth.factory/lib
05-29 10:19:54.296 315 315 D XiriService: check file name: /data/data/com.oranth.factory/lib
05-29 10:19:54.297 315 315 D XiriService: check file name: /data/data/com.oranth.factory/lib
05-29 10:19:54.299 476 476 I SystemServerTiming: MakeDisplayReady
05-29 10:19:54.302 476 476 W InputReader: Device sunxi-ir-uinput is associated with display ADISPLAY_ID_NONE.
05-29 10:19:54.302 476 476 W InputReader: Device sunxi-ir-uinput is associated with display ADISPLAY_ID_NONE.
05-29 10:19:54.303 476 476 I ActivityTaskManager: Config changes=20005df8 {1.0 ?mcc?mnc [zh_CN] ldltr sw720dp w1280dp h696dp 240dpi xlrg long land ?uimode ?night -touch qwerty/v/v dpad/v winConfig={ mBounds=Rect(0, 0 - 1920, 1080) mAppBounds=Rect(0, 0 - 1920, 1080) mMaxBounds=Rect(0, 0 - 1920, 1080) mWindowingMode=fullscreen mDisplayWindowingMode=fullscreen mActivityType=undefined mAlwaysOnTop=undefined mRotation=ROTATION_0} s.2 ?fontWeightAdjustment}
05-29 10:19:54.303 315 315 D XiriService: check file name: /data/data/com.oranth.factory/lib
05-29 10:19:54.303 315 315 D XiriService: check file name: /data/data/com.oranth.factory/lib
05-29 10:19:54.304 315 315 D XiriService: check file name: /data/data/com.oranth.factory/lib
05-29 10:19:54.304 315 315 D XiriService: check file name: /data/data/com.oranth.factory/lib
05-29 10:19:54.306 476 476 I WindowManager: Override config changes=60007dfc {1.0 ?mcc?mnc [zh_CN] ldltr sw720dp w1280dp h696dp 240dpi xlrg long land ?uimode ?night -touch qwerty/v/v dpad/v winConfig={ mBounds=Rect(0, 0 - 1920, 1080) mAppBounds=Rect(0, 0 - 1920, 1080) mMaxBounds=Rect(0, 0 - 1920, 1080) mWindowingMode=fullscreen mDisplayWindowingMode=fullscreen mActivityType=undefined mAlwaysOnTop=undefined mRotation=ROTATION_0} s.2 ?fontWeightAdjustment} for displayId=0
05-29 10:19:54.313 315 315 D XiriService: check file name: /data/data/com.dangbei.zhushou.os/lib
05-29 10:19:54.314 315 315 D XiriService: check file name: /data/data/com.dangbei.zhushou.os/lib
05-29 10:19:54.314 315 315 D XiriService: check file name: /data/data/com.dangbei.zhushou.os/lib
05-29 10:19:54.314 315 315 D XiriService: check file name: /data/data/com.dangbei.zhushou.os/lib
05-29 10:19:54.322 315 315 D XiriService: check file name: /data/data/com.dangbei.zhushou.os/lib
05-29 10:19:54.322 315 315 D XiriService: check file name: /data/data/com.dangbei.zhushou.os/lib
05-29 10:19:54.323 315 315 D XiriService: check file name: /data/data/com.dangbei.zhushou.os/lib
05-29 10:19:54.323 315 315 D XiriService: check file name: /data/data/com.dangbei.zhushou.os/lib
05-29 10:19:54.330 476 522 I InputManager-JNI: Viewport [0] to add: local:0, isActive: false
05-29 10:19:54.332 476 476 W InputReader: Device sunxi-ir-uinput is associated with display ADISPLAY_ID_NONE.
05-29 10:19:54.332 476 599 I InputReader: Reconfiguring input devices, changes=DISPLAY_INFO |
01-01 08:00:16.604 1 1 I init : processing action (sys.sysctl.extra_free_kbytes=*) from (/system/etc/init/hw/init.rc:1139)
05-29 10:19:54.348 315 315 D XiriService: check file name: /data/data/com.sohu.inputmethod.sogou.tv/lib
05-29 10:19:54.349 315 315 D XiriService: check file name: /data/data/com.sohu.inputmethod.sogou.tv/lib
05-29 10:19:54.348 315 315 I xiriservice_All: type=1400 audit(0.0:320): avc: denied { search } for name="com.sohu.inputmethod.sogou.tv" dev="mmcblk0p25" ino=1409 scontext=u:r:init:s0 tcontext=u:object_r:app_data_file:s0:c39,c256,c512,c768 tclass=dir permissive=1
05-29 10:19:54.351 315 315 D XiriService: check file name: /data/data/com.sohu.inputmethod.sogou.tv/lib
05-29 10:19:54.348 315 315 I xiriservice_All: type=1400 audit(0.0:321): avc: denied { read } for name="lib" dev="mmcblk0p25" ino=19625 scontext=u:r:init:s0 tcontext=u:object_r:app_data_file:s0:c39,c256,c512,c768 tclass=lnk_file permissive=1
05-29 10:19:54.357 476 476 I SystemServerTiming: StartStorageManagerService
05-29 10:19:54.357 476 476 I SystemServiceManager: Starting com.android.server.StorageManagerService$Lifecycle
05-29 10:19:54.358 315 315 D XiriService: check file name: /data/data/com.sohu.inputmethod.sogou.tv/lib
05-29 10:19:54.359 315 315 D XiriService: check file name: /data/data/com.sohu.inputmethod.sogou.tv/lib
05-29 10:19:54.359 315 315 D XiriService: check file name: /data/data/com.sohu.inputmethod.sogou.tv/lib
05-29 10:19:54.362 360 584 D installd: Found quota mount /dev/block/by-name/userdata at /data
05-29 10:19:54.362 360 584 D installd: Found quota mount /dev/block/by-name/userdata at /data/user/0
05-29 10:19:54.369 476 604 D StorageManagerService: Thinking about init, mBootCompleted=false, mDaemonConnected=true
05-29 10:19:54.370 476 604 D StorageManagerService: Thinking about reset, mBootCompleted=false, mDaemonConnected=true
05-29 10:19:54.370 476 476 I SystemServerTiming: StartStorageStatsService
05-29 10:19:54.370 476 476 I SystemServiceManager: Starting com.android.server.usage.StorageStatsService$Lifecycle
05-29 10:19:54.370 476 604 D StorageManagerService: Thinking about init, mBootCompleted=false, mDaemonConnected=true
05-29 10:19:54.370 476 604 D StorageManagerService: Thinking about reset, mBootCompleted=false, mDaemonConnected=true
05-29 10:19:54.372 360 584 D installd: Found quota mount /dev/block/by-name/userdata at /data
05-29 10:19:54.372 360 584 D installd: Found quota mount /dev/block/by-name/userdata at /data/user/0
05-29 10:19:54.375 360 584 D installd: Found quota mount /dev/block/by-name/userdata at /data
05-29 10:19:54.375 360 584 D installd: Found quota mount /dev/block/by-name/userdata at /data/user/0
05-29 10:19:54.378 476 476 I SystemServerTiming: StartUiModeManager
05-29 10:19:54.378 476 476 I SystemServiceManager: Starting com.android.server.UiModeManagerService
05-29 10:19:54.379 476 518 I SystemServerTimingAsync: InitThreadPoolExec:UiModeManager.onStart
05-29 10:19:54.379 476 518 D SystemServerInitThreadPool: Started executing UiModeManager.onStart
05-29 10:19:54.380 476 476 I SystemServerTiming: UpdatePackagesIfNeeded
05-29 10:19:54.380 476 476 I Watchdog: Pausing HandlerChecker: main thread for reason: dexopt. Pause count: 1
05-29 10:19:54.380 476 476 I Watchdog: Resuming HandlerChecker: main thread for reason: dexopt. Pause count: 0
05-29 10:19:54.380 476 476 I SystemServerTiming: PerformFstrimIfNeeded
05-29 10:19:54.381 476 476 I SystemServerTiming: StartLockSettingsService
05-29 10:19:54.381 476 476 I SystemServiceManager: Starting com.android.server.locksettings.LockSettingsService$Lifecycle
05-29 10:19:54.389 476 518 D SystemServerInitThreadPool: Finished executing UiModeManager.onStart
05-29 10:19:54.402 315 315 D XiriService: check file name: /data/data/com.oranth.ledstatus/lib
05-29 10:19:54.402 315 315 D XiriService: check file name: /data/data/com.oranth.ledstatus/lib
05-29 10:19:54.402 315 315 D XiriService: check file name: /data/data/com.oranth.ledstatus/lib
05-29 10:19:54.402 315 315 D XiriService: check file name: /data/data/com.oranth.ledstatus/lib
05-29 10:19:54.407 476 476 I SystemServerTiming: StartPersistentDataBlock
05-29 10:19:54.407 476 476 I SystemServiceManager: Starting com.android.server.PersistentDataBlockService
05-29 10:19:54.407 476 476 I SystemServerTiming: StartTestHarnessMode
05-29 10:19:54.407 476 578 I SystemServerTimingAsync: InitThreadPoolExec:PersistentDataBlockService.onStart
05-29 10:19:54.407 476 476 I SystemServiceManager: Starting com.android.server.testharness.TestHarnessModeService
05-29 10:19:54.407 476 578 D SystemServerInitThreadPool: Started executing PersistentDataBlockService.onStart
05-29 10:19:54.408 476 476 I SystemServerTiming: StartOemLockService
05-29 10:19:54.408 476 476 I SystemServiceManager: Starting com.android.server.oemlock.OemLockService
05-29 10:19:54.409 315 315 D XiriService: check file name: /data/data/com.oranth.ledstatus/lib
05-29 10:19:54.409 315 315 D XiriService: check file name: /data/data/com.oranth.ledstatus/lib
05-29 10:19:54.409 315 315 D XiriService: check file name: /data/data/com.oranth.ledstatus/lib
05-29 10:19:54.409 315 315 D XiriService: check file name: /data/data/com.oranth.ledstatus/lib
05-29 10:19:54.409 186 186 I hwservicemanager: getTransport: Cannot find entry android.hardware.oemlock@1.0::IOemLock/default in either framework or device VINTF manifest.
05-29 10:19:54.410 476 476 I OemLock : OemLock HAL not present on device
05-29 10:19:54.410 476 476 I OemLock : Using persistent data block based lock
05-29 10:19:54.408 315 315 I xiriservice_All: type=1400 audit(0.0:322): avc: denied { search } for name="com.dangbei.lerad.videoposter" dev="mmcblk0p25" ino=749 scontext=u:r:init:s0 tcontext=u:object_r:app_data_file:s0:c512,c768 tclass=dir permissive=1
05-29 10:19:54.411 476 476 I SystemServerTiming: StartDeviceIdleController
05-29 10:19:54.411 315 315 D XiriService: check file name: /data/data/com.dangbei.lerad.videoposter/lib
05-29 10:19:54.411 315 315 D XiriService: check file name: /data/data/com.dangbei.lerad.videoposter/lib
05-29 10:19:54.411 476 476 I SystemServiceManager: Starting com.android.server.DeviceIdleController
05-29 10:19:54.411 315 315 D XiriService: check file name: /data/data/com.dangbei.lerad.videoposter/lib
05-29 10:19:54.411 315 315 D XiriService: check file name: /data/data/com.dangbei.lerad.videoposter/lib
05-29 10:19:54.418 476 476 I SystemServerTiming: StartDevicePolicyManager
05-29 10:19:54.418 476 476 I SystemServiceManager: Starting com.android.server.devicepolicy.DevicePolicyManagerService$Lifecycle
05-29 10:19:54.419 315 315 D XiriService: check file name: /data/data/com.dangbei.lerad.videoposter/lib
05-29 10:19:54.420 315 315 D XiriService: check file name: /data/data/com.dangbei.lerad.videoposter/lib
05-29 10:19:54.420 315 315 D XiriService: check file name: /data/data/com.dangbei.lerad.videoposter/lib
05-29 10:19:54.424 476 578 D SystemServerInitThreadPool: Finished executing PersistentDataBlockService.onStart
05-29 10:19:54.430 476 476 I SystemServerTiming: StartStatusBarManagerService
05-29 10:19:54.431 476 476 D SystemServer: MusicRecognitionManagerService not defined by OEM or disabled by flag
05-29 10:19:54.432 476 476 D SystemServer: ContentCaptureService disabled because resource is not overlaid
05-29 10:19:54.433 476 476 D SystemServer: AttentionService is not configured on this device
05-29 10:19:54.433 476 476 D SystemServer: RotationResolverService is not configured on this device
05-29 10:19:54.433 476 476 D SystemServer: SystemCaptionsManagerService disabled because resource is not overlaid
05-29 10:19:54.433 476 476 I SystemServerTiming: StartTextToSpeechManagerService
05-29 10:19:54.433 476 476 I SystemServiceManager: Starting com.android.server.texttospeech.TextToSpeechManagerService
05-29 10:19:54.436 476 476 I SystemServerTiming: StartSpeechRecognitionManagerService
05-29 10:19:54.437 476 476 I SystemServiceManager: Starting com.android.server.speech.SpeechRecognitionManagerService
05-29 10:19:54.440 476 476 D SystemServer: AppPredictionService not defined by OEM
05-29 10:19:54.440 476 476 D SystemServer: ContentSuggestionsService not defined by OEM
05-29 10:19:54.440 476 476 I SystemServerTiming: StartSearchUiService
05-29 10:19:54.440 476 476 I SystemServiceManager: Starting com.android.server.searchui.SearchUiManagerService
05-29 10:19:54.442 476 476 I SystemServerTiming: StartSmartspaceService
05-29 10:19:54.442 476 476 I SystemServiceManager: Starting com.android.server.smartspace.SmartspaceManagerService
05-29 10:19:54.444 476 476 I SystemServerTiming: InitConnectivityModuleConnector
05-29 10:19:54.444 476 476 D ConnectivityModuleConnector: Network stack init
05-29 10:19:54.444 315 315 D XiriService: check file name: /data/data/com.android.networkstack/lib
05-29 10:19:54.444 315 315 D XiriService: check file name: /data/data/com.android.networkstack/lib
05-29 10:19:54.445 315 315 D XiriService: check file name: /data/data/com.android.networkstack/lib
05-29 10:19:54.445 315 315 D XiriService: check file name: /data/data/com.android.networkstack/lib
05-29 10:19:54.444 315 315 I xiriservice_All: type=1400 audit(0.0:323): avc: denied { read } for name="lib" dev="mmcblk0p25" ino=19634 scontext=u:r:init:s0 tcontext=u:object_r:radio_data_file:s0 tclass=lnk_file permissive=1
05-29 10:19:54.449 476 476 I SystemServerTiming: InitNetworkStackClient
05-29 10:19:54.450 476 476 I SystemServerTiming: StartNetworkManagementService
05-29 10:19:54.450 315 315 D XiriService: check file name: /data/data/com.android.networkstack/lib
05-29 10:19:54.451 315 315 D XiriService: check file name: /data/data/com.android.networkstack/lib
05-29 10:19:54.451 315 315 D XiriService: check file name: /data/data/com.android.networkstack/lib
05-29 10:19:54.456 476 476 I SystemServerTiming: StartIpSecService
05-29 10:19:54.461 476 476 I SystemServerTiming: StartTextServicesManager
05-29 10:19:54.461 476 476 I SystemServiceManager: Starting com.android.server.textservices.TextServicesManagerService$Lifecycle
05-29 10:19:54.461 476 518 I SystemServerTimingAsync: InitThreadPoolExec:START_FONT_MANAGER_SERVICE
05-29 10:19:54.462 476 518 D SystemServerInitThreadPool: Started executing START_FONT_MANAGER_SERVICE
05-29 10:19:54.462 476 518 I SystemServerTimingAsync: START_FONT_MANAGER_SERVICE
05-29 10:19:54.463 476 476 I SystemServerTiming: StartTextClassificationManagerService
05-29 10:19:54.463 476 476 I SystemServiceManager: Starting com.android.server.textclassifier.TextClassificationManagerService$Lifecycle
05-29 10:19:54.466 476 476 I SystemServerTiming: StartNetworkScoreService
05-29 10:19:54.466 476 476 I SystemServiceManager: Starting com.android.server.NetworkScoreService$Lifecycle
05-29 10:19:54.467 476 476 I NetworkScoreService: Registering network_score
05-29 10:19:54.469 476 476 I SystemServerTiming: StartNetworkStatsService
05-29 10:19:54.474 476 476 I SystemServerTiming: StartNetworkPolicyManagerService
05-29 10:19:54.485 476 476 I SystemServerTiming: StartWifi
05-29 10:19:54.520 476 476 I SystemServiceManager: Starting com.android.server.wifi.WifiService
05-29 10:19:54.531 315 315 D XiriService: check file name: /data/data/com.dangbei.screencast/lib
05-29 10:19:54.538 315 315 D XiriService: check file name: /data/data/com.dangbei.screencast/lib
05-29 10:19:54.538 315 315 D XiriService: check file name: /data/data/com.dangbei.screencast/lib
05-29 10:19:54.538 247 247 W Zygote : Class not found for preloading: android.view.SurfaceView$2
05-29 10:19:54.538 315 315 D XiriService: check file name: /data/data/com.dangbei.screencast/lib
05-29 10:19:54.538 315 315 D XiriService: check file name: /data/data/com.dangbei.screencast/lib
05-29 10:19:54.538 476 476 I WifiContext: Found Wifi Resources APK at: com.android.wifi.resources
05-29 10:19:54.557 315 315 D XiriService: check file name: /data/data/com.dangbei.leard.leradlauncher/lib
05-29 10:19:54.557 315 315 D XiriService: check file name: /data/data/com.dangbei.leard.leradlauncher/lib
05-29 10:19:54.557 315 315 D XiriService: check file name: /data/data/com.dangbei.leard.leradlauncher/lib
05-29 10:19:54.557 315 315 D XiriService: check file name: /data/data/com.dangbei.leard.leradlauncher/lib
05-29 10:19:54.563 315 315 D XiriService: check file name: /data/data/com.dangbei.leard.leradlauncher/lib
05-29 10:19:54.564 315 315 D XiriService: check file name: /data/data/com.dangbei.leard.leradlauncher/lib
05-29 10:19:54.564 315 315 D XiriService: check file name: /data/data/com.dangbei.leard.leradlauncher/lib
05-29 10:19:54.564 315 315 D XiriService: check file name: /data/data/com.dangbei.leard.leradlauncher/lib
05-29 10:19:54.566 476 476 V NetworkScoreManager: registerNetworkScoreCallback: callback=com.android.server.wifi.WifiNetworkScoreCache@5ce1469, executor=com.android.wifi.x.android.os.HandlerExecutor@52cdeee
05-29 10:19:54.574 315 315 D XiriService: check file name: /data/data/com.android.printspooler/lib
05-29 10:19:54.572 315 315 I xiriservice_All: type=1400 audit(0.0:324): avc: denied { search } for name="com.android.printspooler" dev="mmcblk0p25" ino=937 scontext=u:r:init:s0 tcontext=u:object_r:app_data_file:s0:c53,c256,c512,c768 tclass=dir permissive=1
05-29 10:19:54.572 315 315 I xiriservice_All: type=1400 audit(0.0:325): avc: denied { read } for name="lib" dev="mmcblk0p25" ino=19641 scontext=u:r:init:s0 tcontext=u:object_r:app_data_file:s0:c53,c256,c512,c768 tclass=lnk_file permissive=1
05-29 10:19:54.583 315 315 D XiriService: check file name: /data/data/com.android.printspooler/lib
05-29 10:19:54.583 315 315 D XiriService: check file name: /data/data/com.android.printspooler/lib
05-29 10:19:54.584 315 315 D XiriService: check file name: /data/data/com.android.printspooler/lib
05-29 10:19:54.585 315 315 D XiriService: check file name: /data/data/com.android.printspooler/lib
05-29 10:19:54.590 476 476 D ScanMetrics: Settings package: com.android.tv.settings
05-29 10:19:54.590 476 476 E ScanMetrics: Can't get GMS uid
05-29 10:19:54.595 315 315 D XiriService: check file name: /data/data/com.android.webview/lib
05-29 10:19:54.592 315 315 I xiriservice_All: type=1400 audit(0.0:326): avc: denied { search } for name="com.android.webview" dev="mmcblk0p25" ino=953 scontext=u:r:init:s0 tcontext=u:object_r:app_data_file:s0:c60,c256,c512,c768 tclass=dir permissive=1
05-29 10:19:54.592 315 315 I xiriservice_All: type=1400 audit(0.0:327): avc: denied { read } for name="lib" dev="mmcblk0p25" ino=19643 scontext=u:r:init:s0 tcontext=u:object_r:app_data_file:s0:c60,c256,c512,c768 tclass=lnk_file permissive=1
05-29 10:19:54.606 315 315 D XiriService: check file name: /data/data/com.android.webview/lib
05-29 10:19:54.610 476 476 I WifiCoexManager: Default coex algorithm is disabled.
05-29 10:19:54.621 315 315 D XiriService: check file name: /data/data/com.android.bips/lib
05-29 10:19:54.629 315 315 D XiriService: check file name: /data/data/com.android.bips/lib
05-29 10:19:54.630 315 315 D XiriService: check file name: /data/data/com.android.bips/lib
05-29 10:19:54.631 315 315 D XiriService: check file name: /data/data/com.android.bips/lib
05-29 10:19:54.631 315 315 D XiriService: check file name: /data/data/com.android.bips/lib
05-29 10:19:54.632 315 315 D XiriService: check file name: /data/data/com.oranth.inputmacsn/lib
05-29 10:19:54.635 315 315 D XiriService: check file name: /data/data/com.oranth.inputmacsn/lib
05-29 10:19:54.637 315 315 D XiriService: check file name: /data/data/com.oranth.inputmacsn/lib
05-29 10:19:54.637 315 315 D XiriService: check file name: /data/data/com.oranth.inputmacsn/lib
05-29 10:19:54.645 315 315 D XiriService: check file name: /data/data/com.oranth.inputmacsn/lib
05-29 10:19:54.657 476 476 D WifiOpenNetworkNotifier: Settings toggle enabled=true
05-29 10:19:54.659 315 315 D XiriService: check file name: /data/data/com.dangbei.hqmedia/lib
05-29 10:19:54.656 315 315 I xiriservice_All: type=1400 audit(0.0:328): avc: denied { search } for name="com.dangbei.hqmedia" dev="mmcblk0p25" ino=5001 scontext=u:r:init:s0 tcontext=u:object_r:app_data_file:s0:c76,c256,c512,c768 tclass=dir permissive=1
05-29 10:19:54.656 315 315 I xiriservice_All: type=1400 audit(0.0:329): avc: denied { read } for name="lib" dev="mmcblk0p25" ino=19345 scontext=u:r:init:s0 tcontext=u:object_r:app_data_file:s0:c76,c256,c512,c768 tclass=lnk_file permissive=1
05-29 10:19:54.660 315 315 D XiriService: check file name: /data/data/com.dangbei.hqmedia/lib
05-29 10:19:54.661 315 315 D XiriService: check file name: /data/data/com.dangbei.hqmedia/lib
05-29 10:19:54.661 315 315 D XiriService: check file name: /data/data/com.dangbei.hqmedia/lib
05-29 10:19:54.664 476 476 D WifiNl80211Manager: registerCountryCodeEventListener called
05-29 10:19:54.664 368 368 I wificond: New wificond event callback registered
05-29 10:19:54.664 476 476 D WifiCountryCode: Default country code from system property ro.boot.wificountrycode is CN
05-29 10:19:54.671 315 315 D XiriService: check file name: /data/data/com.android.keychain/lib
05-29 10:19:54.673 476 476 D WakeupController: WifiWake enabled
05-29 10:19:54.677 476 476 V HistoricalRegistry: Interaction before persistence initialized
05-29 10:19:54.680 315 315 D XiriService: check file name: /data/data/com.android.keychain/lib
05-29 10:19:54.686 476 476 I WifiService: Registering wifi
05-29 10:19:54.687 476 476 I SystemServerTiming: StartWifiScanning
05-29 10:19:54.688 476 476 I SystemServiceManager: Starting com.android.server.wifi.scanner.WifiScanningService
05-29 10:19:54.688 476 476 I WifiScanningService: Creating wifiscanner
05-29 10:19:54.694 476 476 I WifiScanningService: Publishing wifiscanner
05-29 10:19:54.694 476 476 I SystemServerTiming: StartWifiP2P
05-29 10:19:54.695 476 476 I SystemServiceManager: Starting com.android.server.wifi.p2p.WifiP2pService
05-29 10:19:54.700 315 315 D XiriService: check file name: /data/data/com.android.localtransport/lib
05-29 10:19:54.700 315 315 D XiriService: check file name: /data/data/com.android.localtransport/lib
05-29 10:19:54.700 315 315 D XiriService: check file name: /data/data/com.android.localtransport/lib
05-29 10:19:54.700 315 315 D XiriService: check file name: /data/data/com.android.localtransport/lib
05-29 10:19:54.704 476 476 I WifiP2pService: Registering wifip2p
05-29 10:19:54.705 476 476 I SystemServerTiming: StartEthernet
05-29 10:19:54.706 476 476 I SystemServiceManager: Starting com.android.server.ethernet.EthernetService
05-29 10:19:54.707 476 476 I EthernetService: Registering service ethernet
05-29 10:19:54.708 315 315 D XiriService: check file name: /data/data/com.android.localtransport/lib
05-29 10:19:54.708 315 315 D XiriService: check file name: /data/data/com.android.localtransport/lib
05-29 10:19:54.709 315 315 D XiriService: check file name: /data/data/com.android.localtransport/lib
05-29 10:19:54.709 315 315 D XiriService: check file name: /data/data/com.android.localtransport/lib
05-29 10:19:54.711 476 476 I SystemServerTiming: StartPacProxyService
05-29 10:19:54.711 315 315 D XiriService: check file name: /data/data/com.android.packageinstaller/lib
05-29 10:19:54.721 315 315 D XiriService: check file name: /data/data/com.android.packageinstaller/lib
05-29 10:19:54.721 315 315 D XiriService: check file name: /data/data/com.android.packageinstaller/lib
05-29 10:19:54.722 315 315 D XiriService: check file name: /data/data/com.android.packageinstaller/lib
05-29 10:19:54.722 315 315 D XiriService: check file name: /data/data/com.android.packageinstaller/lib
05-29 10:19:54.725 476 476 I SystemServerTiming: StartPppoe
05-29 10:19:54.726 476 476 I SystemServiceManager: Starting com.android.server.pppoe.PppoeService
05-29 10:19:54.727 476 476 I PppoeServiceImpl: Creating PppoeServiceImpl
05-29 10:19:54.737 315 315 D XiriService: check file name: /data/data/com.oranth.usbopenft/lib
05-29 10:19:54.737 315 315 D XiriService: check file name: /data/data/com.oranth.usbopenft/lib
05-29 10:19:54.737 315 315 D XiriService: check file name: /data/data/com.oranth.usbopenft/lib
05-29 10:19:54.737 315 315 D XiriService: check file name: /data/data/com.oranth.usbopenft/lib
05-29 10:19:54.738 476 476 I PppoeService: Registering service pppoe
05-29 10:19:54.742 476 476 I SystemServerTiming: StartConnectivityService
05-29 10:19:54.743 315 315 D XiriService: check file name: /data/data/com.oranth.usbopenft/lib
05-29 10:19:54.743 315 315 D XiriService: check file name: /data/data/com.oranth.usbopenft/lib
05-29 10:19:54.744 315 315 D XiriService: check file name: /data/data/com.oranth.usbopenft/lib
05-29 10:19:54.744 315 315 D XiriService: check file name: /data/data/com.oranth.usbopenft/lib
05-29 10:19:54.744 315 315 D XiriService: check file name: /data/data/com.android.networkstack.tethering/lib
05-29 10:19:54.744 315 315 D XiriService: check file name: /data/data/com.android.networkstack.tethering/lib
05-29 10:19:54.745 315 315 D XiriService: check file name: /data/data/com.android.networkstack.tethering/lib
05-29 10:19:54.745 315 315 D XiriService: check file name: /data/data/com.android.networkstack.tethering/lib
05-29 10:19:54.753 315 315 D XiriService: check file name: /data/data/com.android.networkstack.tethering/lib
05-29 10:19:54.754 315 315 D XiriService: check file name: /data/data/com.android.networkstack.tethering/lib
05-29 10:19:54.754 315 315 D XiriService: check file name: /data/data/com.android.networkstack.tethering/lib
05-29 10:19:54.761 315 315 D XiriService: check file name: /data/data/com.dangbei.lerad.etna.haqu/lib
05-29 10:19:54.761 315 315 D XiriService: check file name: /data/data/com.dangbei.lerad.etna.haqu/lib
05-29 10:19:54.761 315 315 D XiriService: check file name: /data/data/com.dangbei.lerad.etna.haqu/lib
05-29 10:19:54.761 315 315 D XiriService: check file name: /data/data/com.dangbei.lerad.etna.haqu/lib
05-29 10:19:54.763 476 476 I SystemServiceManager: Starting com.android.server.ConnectivityServiceInitializer
05-29 10:19:54.769 315 315 D XiriService: check file name: /data/data/com.dangbei.lerad.etna.haqu/lib
05-29 10:19:54.769 315 315 D XiriService: check file name: /data/data/com.dangbei.lerad.etna.haqu/lib
05-29 10:19:54.769 315 315 D XiriService: check file name: /data/data/com.dangbei.lerad.etna.haqu/lib
05-29 10:19:54.770 315 315 D XiriService: check file name: /data/data/com.dangbei.lerad.etna.haqu/lib
05-29 10:19:54.788 476 476 D ConnectivityService: ConnectivityService starting up
05-29 10:19:54.792 247 247 I Zygote : ...preloaded 7337 classes in 878ms.
05-29 10:19:54.793 476 476 D pppoeNRI:: uid/pid:1000/476 activeRequest: null callbackRequest: 5 [NetworkRequest [ REQUEST id=5, [ Transports: PPPOE Capabilities: INTERNET&NOT_RESTRICTED&TRUSTED&NOT_VPN&NOT_VCN_MANAGED RequestorUid: 1000 RequestorPkg: android] ]] callback flags: 1 priority: 2147483647
05-29 10:19:54.797 315 315 D XiriService: check file name: /data/data/com.oranth.powerwindow/lib
05-29 10:19:54.797 315 315 D XiriService: check file name: /data/data/com.oranth.powerwindow/lib
05-29 10:19:54.797 315 315 D XiriService: check file name: /data/data/com.oranth.powerwindow/lib
05-29 10:19:54.797 315 315 D XiriService: check file name: /data/data/com.oranth.powerwindow/lib
05-29 10:19:54.799 476 476 E TAG : Exception = android.content.pm.PackageManager$NameNotFoundException: android.telephony.cts
05-29 10:19:54.799 247 247 D ApplicationLoaders: Created zygote-cached class loader: /system/framework/android.hidl.base-V1.0-java.jar
05-29 10:19:54.800 476 476 E TAG : Exception = android.content.pm.PackageManager$NameNotFoundException: android.net.cts
05-29 10:19:54.804 315 315 D XiriService: check file name: /data/data/com.oranth.powerwindow/lib
05-29 10:19:54.804 315 315 D XiriService: check file name: /data/data/com.oranth.powerwindow/lib
05-29 10:19:54.805 315 315 D XiriService: check file name: /data/data/com.oranth.powerwindow/lib
05-29 10:19:54.805 315 315 D XiriService: check file name: /data/data/com.oranth.powerwindow/lib
05-29 10:19:54.805 247 247 D ApplicationLoaders: Created zygote-cached class loader: /system/framework/android.hidl.manager-V1.0-java.jar
05-29 10:19:54.809 247 247 D ApplicationLoaders: Created zygote-cached class loader: /system/framework/android.test.base.jar
05-29 10:19:54.810 247 247 I Zygote : Preloading resources...
05-29 10:19:54.818 315 315 D XiriService: check file name: /data/data/com.android.networkstack.permissionconfig/lib
05-29 10:19:54.826 315 315 D XiriService: check file name: /data/data/com.android.networkstack.permissionconfig/lib
05-29 10:19:54.826 315 315 D XiriService: check file name: /data/data/com.android.networkstack.permissionconfig/lib
05-29 10:19:54.827 315 315 D XiriService: check file name: /data/data/com.android.networkstack.permissionconfig/lib
05-29 10:19:54.827 315 315 D XiriService: check file name: /data/data/com.android.networkstack.permissionconfig/lib
05-29 10:19:54.828 247 247 W Resources: Preloaded drawable resource #0x1080286 (android:drawable/dialog_background_material) that varies with configuration!!
05-29 10:19:54.837 315 315 D XiriService: check file name: /data/data/com.dangbei.lerad.screensaver/lib
05-29 10:19:54.836 315 315 I xiriservice_All: type=1400 audit(0.0:330): avc: denied { search } for name="com.dangbei.lerad.screensaver" dev="mmcblk0p25" ino=1185 scontext=u:r:init:s0 tcontext=u:object_r:app_data_file:s0:c47,c256,c512,c768 tclass=dir permissive=1
05-29 10:19:54.836 315 315 I xiriservice_All: type=1400 audit(0.0:331): avc: denied { read } for name="lib" dev="mmcblk0p25" ino=19666 scontext=u:r:init:s0 tcontext=u:object_r:app_data_file:s0 tclass=lnk_file permissive=1
05-29 10:19:54.836 315 315 I xiriservice_All: type=1400 audit(0.0:332): avc: denied { read } for name="lib" dev="mmcblk0p25" ino=19666 scontext=u:r:init:s0 tcontext=u:object_r:app_data_file:s0:c47,c256,c512,c768 tclass=lnk_file permissive=1
05-29 10:19:54.838 315 315 D XiriService: check file name: /data/data/com.dangbei.lerad.screensaver/lib
05-29 10:19:54.839 476 518 D SystemServerInitThreadPool: Finished executing START_FONT_MANAGER_SERVICE
05-29 10:19:54.840 476 476 D CompatibilityChangeReporter: Compat change id reported: 182478738; UID 1000; state: ENABLED
05-29 10:19:54.845 315 315 D XiriService: check file name: /data/data/com.dangbei.lerad.screensaver/lib
05-29 10:19:54.845 315 315 D XiriService: check file name: /data/data/com.dangbei.lerad.screensaver/lib
05-29 10:19:54.846 315 315 D XiriService: check file name: /data/data/com.dangbei.lerad.screensaver/lib
05-29 10:19:54.846 315 315 D XiriService: check file name: /data/data/com.dangbei.lerad.screensaver/lib
05-29 10:19:54.848 476 476 I ConnectivityServiceInitializer: Registering connectivity
05-29 10:19:54.850 476 476 I SystemServerTiming: StartVpnManagerService
05-29 10:19:54.853 476 476 D VpnManagerService: VpnManagerService starting up
05-29 10:19:54.854 476 476 I SystemServerTiming: StartVcnManagementService
05-29 10:19:54.861 476 476 I SystemServerTiming: StartNsdService
05-29 10:19:54.865 476 476 D NsdService: Network service discovery is enabled
05-29 10:19:54.868 476 476 I SystemServerTiming: StartSystemUpdateManagerService
05-29 10:19:54.869 476 476 I SystemUpdateManagerService: No existing info file /data/system/system-update-info.xml
05-29 10:19:54.871 476 476 I SystemServerTiming: StartUpdateLockService
05-29 10:19:54.877 476 476 I SystemServerTiming: StartNotificationManager
05-29 10:19:54.877 476 476 I SystemServiceManager: Starting com.android.server.notification.NotificationManagerService
05-29 10:19:54.879 315 315 D XiriService: check file name: /data/data/com.android.wallpaperbackup/lib
05-29 10:19:54.879 315 315 D XiriService: check file name: /data/data/com.android.wallpaperbackup/lib
05-29 10:19:54.879 315 315 D XiriService: check file name: /data/data/com.android.wallpaperbackup/lib
05-29 10:19:54.879 315 315 D XiriService: check file name: /data/data/com.android.wallpaperbackup/lib
05-29 10:19:54.881 247 247 I Zygote : ...preloaded 64 resources in 70ms.
05-29 10:19:54.887 315 315 D XiriService: check file name: /data/data/com.android.wallpaperbackup/lib
05-29 10:19:54.888 315 315 D XiriService: check file name: /data/data/com.android.wallpaperbackup/lib
05-29 10:19:54.888 315 315 D XiriService: check file name: /data/data/com.android.wallpaperbackup/lib
05-29 10:19:54.888 315 315 D XiriService: check file name: /data/data/com.android.wallpaperbackup/lib
05-29 10:19:54.893 476 476 D ConditionProviders.SCP: new ScheduleConditionProvider()
05-29 10:19:54.895 247 247 I Zygote : ...preloaded 41 resources in 14ms.
05-29 10:19:54.900 315 315 I xiriservice_All: type=1400 audit(0.0:333): avc: denied { search } for name="com.android.providers.media.module" dev="mmcblk0p25" ino=1259 scontext=u:r:init:s0 tcontext=u:object_r:privapp_data_file:s0:c74,c256,c512,c768 tclass=dir permissive=1
05-29 10:19:54.900 315 315 I xiriservice_All: type=1400 audit(0.0:334): avc: denied { read } for name="lib" dev="mmcblk0p25" ino=19672 scontext=u:r:init:s0 tcontext=u:object_r:privapp_data_file:s0:c74,c256,c512,c768 tclass=lnk_file permissive=1
05-29 10:19:54.902 315 315 D XiriService: check file name: /data/data/com.android.providers.media.module/lib
05-29 10:19:54.902 315 315 D XiriService: check file name: /data/data/com.android.providers.media.module/lib
05-29 10:19:54.903 315 315 D XiriService: check file name: /data/data/com.android.providers.media.module/lib
05-29 10:19:54.910 315 315 D XiriService: check file name: /data/data/com.android.providers.media.module/lib
05-29 10:19:54.915 476 476 I NotificationAssistants: Read notification assistant permissions from xml
05-29 10:19:54.915 476 476 I ConditionProviders: Read condition provider permissions from xml
05-29 10:19:54.915 476 476 I ConditionProviders: Read condition provider permissions from xml
05-29 10:19:54.916 476 476 D NotificationAssistants: Approving default notification assistant for user 0
05-29 10:19:54.916 476 476 I ConditionProviders: Allowing condition provider android.ext.services/android.ext.services.notification.Assistant (userSet: true)
05-29 10:19:54.920 315 315 D XiriService: check file name: /data/data/com.oranth.storage/lib
05-29 10:19:54.920 315 315 D XiriService: check file name: /data/data/com.oranth.storage/lib
05-29 10:19:54.920 315 315 D XiriService: check file name: /data/data/com.oranth.storage/lib
05-29 10:19:54.920 315 315 D XiriService: check file name: /data/data/com.oranth.storage/lib
05-29 10:19:54.920 476 476 D CompatibilityChangeReporter: Compat change id reported: 147600208; UID 1000; state: ENABLED
05-29 10:19:54.922 476 476 D CompatibilityChangeReporter: Compat change id reported: 157233955; UID 1000; state: ENABLED
05-29 10:19:54.924 247 247 D libEGL : loaded /vendor/lib/egl/libGLES_mali.so
05-29 10:19:54.926 315 315 D XiriService: check file name: /data/data/com.oranth.storage/lib
05-29 10:19:54.926 315 315 D XiriService: check file name: /data/data/com.oranth.storage/lib
05-29 10:19:54.926 315 315 D XiriService: check file name: /data/data/com.oranth.storage/lib
05-29 10:19:54.926 315 315 D XiriService: check file name: /data/data/com.oranth.storage/lib
05-29 10:19:54.930 476 476 I SystemServerTiming: StartDeviceMonitor
05-29 10:19:54.930 476 476 I SystemServiceManager: Starting com.android.server.storage.DeviceStorageMonitorService
05-29 10:19:54.933 476 476 I SystemServerTiming: StartLocationManagerService
05-29 10:19:54.933 476 476 I SystemServiceManager: Starting com.android.server.location.LocationManagerService$Lifecycle
05-29 10:19:54.940 476 476 I SystemServerTiming: StartCountryDetectorService
05-29 10:19:54.941 315 315 D XiriService: check file name: /data/data/com.dangbei.haqusetting/lib
05-29 10:19:54.941 315 315 D XiriService: check file name: /data/data/com.dangbei.haqusetting/lib
05-29 10:19:54.941 315 315 D XiriService: check file name: /data/data/com.dangbei.haqusetting/lib
05-29 10:19:54.941 476 476 I SystemServerTiming: StartTimeDetectorService
05-29 10:19:54.942 315 315 D XiriService: check file name: /data/data/com.dangbei.haqusetting/lib
05-29 10:19:54.942 476 476 I SystemServiceManager: Starting com.android.server.timedetector.TimeDetectorService$Lifecycle
05-29 10:19:54.944 476 476 I SystemServerTiming: StartTimeZoneDetectorService
05-29 10:19:54.944 476 476 I SystemServiceManager: Starting com.android.server.timezonedetector.TimeZoneDetectorService$Lifecycle
05-29 10:19:54.947 315 315 D XiriService: check file name: /data/data/com.dangbei.haqusetting/lib
05-29 10:19:54.947 315 315 D XiriService: check file name: /data/data/com.dangbei.haqusetting/lib
05-29 10:19:54.947 315 315 D XiriService: check file name: /data/data/com.dangbei.haqusetting/lib
05-29 10:19:54.948 315 315 D XiriService: check file name: /data/data/com.dangbei.haqusetting/lib
05-29 10:19:54.948 476 476 I SystemServerTiming: StartLocationTimeZoneManagerService
05-29 10:19:54.948 476 476 I SystemServiceManager: Starting com.android.server.timezonedetector.location.LocationTimeZoneManagerService$Lifecycle
05-29 10:19:54.950 476 476 I SystemServerTiming: StartSearchManagerService
05-29 10:19:54.950 476 476 I SystemServiceManager: Starting com.android.server.search.SearchManagerService$Lifecycle
05-29 10:19:54.952 476 476 I SystemServerTiming: StartWallpaperManagerService
05-29 10:19:54.952 476 476 I SystemServiceManager: Starting com.android.server.wallpaper.WallpaperManagerService$Lifecycle
05-29 10:19:54.954 476 476 I SystemServerTiming: StartAudioService
05-29 10:19:54.954 476 476 I SystemServiceManager: Starting com.android.server.audio.AudioService$Lifecycle
05-29 10:19:54.960 315 315 D XiriService: check file name: /data/data/com.softwinner.miracastReceiver/lib
05-29 10:19:54.960 315 315 D XiriService: check file name: /data/data/com.softwinner.miracastReceiver/lib
05-29 10:19:54.961 315 315 D XiriService: check file name: /data/data/com.softwinner.miracastReceiver/lib
05-29 10:19:54.961 315 315 D XiriService: check file name: /data/data/com.softwinner.miracastReceiver/lib
05-29 10:19:54.967 315 315 D XiriService: check file name: /data/data/com.softwinner.miracastReceiver/lib
05-29 10:19:54.967 315 315 D XiriService: check file name: /data/data/com.softwinner.miracastReceiver/lib
05-29 10:19:54.968 315 315 D XiriService: check file name: /data/data/com.softwinner.miracastReceiver/lib
05-29 10:19:54.968 315 315 D XiriService: check file name: /data/data/com.softwinner.miracastReceiver/lib
05-29 10:19:54.974 315 315 D XiriService: check file name: /data/data/com.android.bluetooth/lib
05-29 10:19:54.972 315 315 I xiriservice_All: type=1400 audit(0.0:335): avc: denied { read } for name="lib" dev="mmcblk0p25" ino=19370 scontext=u:r:init:s0 tcontext=u:object_r:bluetooth_data_file:s0 tclass=lnk_file permissive=1
05-29 10:19:54.975 315 315 D XiriService: check file name: /data/data/com.android.bluetooth/lib
05-29 10:19:54.975 476 476 I android_os_HwBinder: HwBinder: Starting thread pool for getting: android.hidl.manager@1.0::IServiceManager/default
05-29 10:19:54.975 315 315 D XiriService: check file name: /data/data/com.android.bluetooth/lib
05-29 10:19:54.975 315 315 D XiriService: check file name: /data/data/com.android.bluetooth/lib
05-29 10:19:54.981 315 315 D XiriService: check file name: /data/data/com.android.bluetooth/lib
05-29 10:19:54.981 315 315 D XiriService: check file name: /data/data/com.android.bluetooth/lib
05-29 10:19:54.981 315 315 D XiriService: check file name: /data/data/com.android.bluetooth/lib
05-29 10:19:54.981 315 315 D XiriService: check file name: /data/data/com.android.bluetooth/lib
05-29 10:19:54.982 270 449 W AudioFlinger: no wake lock to update, system not ready yet
05-29 10:19:54.991 270 270 D PermissionCache: checking android.permission.MODIFY_AUDIO_ROUTING for uid=1000 => granted (1777 us)
05-29 10:19:55.006 270 270 D PermissionCache: checking android.permission.MODIFY_AUDIO_SETTINGS for uid=1000 => granted (331 us)
05-29 10:19:55.009 476 569 I PackageManager: Deferred reconcileAppsData finished 99 packages
05-29 10:19:55.009 476 569 D SystemServerInitThreadPool: Finished executing prepareAppData
05-29 10:19:55.011 270 270 D AudioFlinger: isLowRamDevice:false totalMemory:2055442432 mClientSharedHeapSize:4194304
05-29 10:19:55.013 476 476 I SystemServerTiming: StartSoundTriggerMiddlewareService
05-29 10:19:55.013 476 476 I SystemServiceManager: Starting com.android.server.soundtrigger_middleware.SoundTriggerMiddlewareService$Lifecycle
05-29 10:19:55.015 476 476 D SoundTriggerMiddlewareService: Connecting to default ISoundTriggerHw
05-29 10:19:55.016 186 186 I hwservicemanager: getTransport: Cannot find entry android.hardware.soundtrigger@2.0::ISoundTriggerHw/default in either framework or device VINTF manifest.
05-29 10:19:55.019 476 476 E SoundTriggerMiddlewareImpl: Failed to add a SoundTriggerModule instance
05-29 10:19:55.019 476 476 E SoundTriggerMiddlewareImpl: java.util.NoSuchElementException
05-29 10:19:55.019 476 476 E SoundTriggerMiddlewareImpl: at android.os.HwBinder.getService(Native Method)
05-29 10:19:55.019 476 476 E SoundTriggerMiddlewareImpl: at android.hardware.soundtrigger.V2_0.ISoundTriggerHw.getService(ISoundTriggerHw.java:57)
05-29 10:19:55.019 476 476 E SoundTriggerMiddlewareImpl: at android.hardware.soundtrigger.V2_0.ISoundTriggerHw.getService(ISoundTriggerHw.java:64)
05-29 10:19:55.019 476 476 E SoundTriggerMiddlewareImpl: at com.android.server.soundtrigger_middleware.SoundTriggerMiddlewareService$Lifecycle.lambda$onStart$0(SoundTriggerMiddlewareService.java:238)
05-29 10:19:55.019 476 476 E SoundTriggerMiddlewareImpl: at com.android.server.soundtrigger_middleware.SoundTriggerMiddlewareService$Lifecycle$$ExternalSyntheticLambda0.create(Unknown Source:0)
05-29 10:19:55.019 476 476 E SoundTriggerMiddlewareImpl: at com.android.server.soundtrigger_middleware.SoundTriggerModule.attachToHal(SoundTriggerModule.java:222)
05-29 10:19:55.019 476 476 E SoundTriggerMiddlewareImpl: at com.android.server.soundtrigger_middleware.SoundTriggerModule.(SoundTriggerModule.java:112)
05-29 10:19:55.019 476 476 E SoundTriggerMiddlewareImpl: at com.android.server.soundtrigger_middleware.SoundTriggerMiddlewareImpl.(SoundTriggerMiddlewareImpl.java:89)
05-29 10:19:55.019 476 476 E SoundTriggerMiddlewareImpl: at com.android.server.soundtrigger_middleware.SoundTriggerMiddlewareService$Lifecycle.onStart(SoundTriggerMiddlewareService.java:244)
05-29 10:19:55.019 476 476 E SoundTriggerMiddlewareImpl: at com.android.server.SystemServiceManager.startService(SystemServiceManager.java:205)
05-29 10:19:55.019 476 476 E SoundTriggerMiddlewareImpl: at com.android.server.SystemServiceManager.startService(SystemServiceManager.java:192)
05-29 10:19:55.019 476 476 E SoundTriggerMiddlewareImpl: at com.android.server.SystemServer.startOtherServices(SystemServer.java:2161)
05-29 10:19:55.019 476 476 E SoundTriggerMiddlewareImpl: at com.android.server.SystemServer.run(SystemServer.java:928)
05-29 10:19:55.019 476 476 E SoundTriggerMiddlewareImpl: at com.android.server.SystemServer.main(SystemServer.java:628)
05-29 10:19:55.019 476 476 E SoundTriggerMiddlewareImpl: at java.lang.reflect.Method.invoke(Native Method)
05-29 10:19:55.019 476 476 E SoundTriggerMiddlewareImpl: at com.android.internal.os.RuntimeInit$MethodAndArgsCaller.run(RuntimeInit.java:548)
05-29 10:19:55.019 476 476 E SoundTriggerMiddlewareImpl: at com.android.internal.os.ZygoteInit.main(ZygoteInit.java:1160)
05-29 10:19:55.022 247 247 I Zygote : Preloading shared libraries...
05-29 10:19:55.022 476 476 I SystemServerTiming: StartDockObserver
05-29 10:19:55.022 476 476 I SystemServiceManager: Starting com.android.server.DockObserver
05-29 10:19:55.023 270 445 I CaptureStateNotifier: Registering a listener
05-29 10:19:55.024 476 476 W DockObserver: This kernel does not have dock station support
05-29 10:19:55.025 476 631 I SoundTriggerMiddlewareLogging: setCaptureState[this=com.android.server.soundtrigger_middleware.SoundTriggerMiddlewareImpl@2569078, client=null](false)
05-29 10:19:55.025 476 476 I SystemServerTiming: StartWiredAccessoryManager
05-29 10:19:55.027 476 476 I SystemServer: Audio device manager Observer
05-29 10:19:55.027 476 476 E Environment: Path requests must specify a user by using UserEnvironment
05-29 10:19:55.027 476 476 E Environment: java.lang.Throwable
05-29 10:19:55.027 476 476 E Environment: at android.os.Environment.throwIfUserRequired(Environment.java:1449)
05-29 10:19:55.027 476 476 E Environment: at android.os.Environment.getExternalStorageDirectory(Environment.java:707)
