05-29 10:20:05.914 756 952 D DhcpClient: Broadcasting DHCPREQUEST ciaddr=0.0.0.0 request=192.168.3.132 serverid=null
05-29 10:20:05.935 1099 1117 I d.leradlaunche: Background concurrent copying GC freed 56930(8204KB) AllocSpace objects, 162(3432KB) LOS objects, 49% free, 8202KB/16MB, paused 245us total 1.305s
05-29 10:20:05.937 1099 1685 I OpenGLRenderer: Davey! duration=9223372010790ms; Flags=0, FrameTimelineVsyncId=744, IntendedVsync=26061283853, Vsync=26077950519, InputEventId=682114738, HandleInputStart=26086876928, AnimationStart=26092448678, PerformTraversalsStart=26092578678, DrawStart=26092826345, FrameDeadline=26094617185, FrameInterval=26086859387, FrameStartTime=16666666, SyncQueued=26093179470, SyncStart=26096378262, IssueDrawCommandsStart=26097364262, SwapBuffers=26109408137, FrameCompleted=9223372036854775807, DequeueBufferDuration=50291, QueueBufferDuration=1655542, GpuCompleted=9223372036854775807, SwapBuffersCompleted=26112663303, DisplayPresentTime=0,
05-29 10:20:05.955 1099 1685 I OpenGLRenderer: Davey! duration=9223372010748ms; Flags=0, FrameTimelineVsyncId=747, IntendedVsync=26094618456, Vsync=26094618456, InputEventId=518158853, HandleInputStart=26098709428, AnimationStart=26099983720, PerformTraversalsStart=26100235845, DrawStart=26100593345, FrameDeadline=26127951788, FrameInterval=26098696095, FrameStartTime=16666666, SyncQueued=26100864845, SyncStart=26112893637, IssueDrawCommandsStart=26113959345, SwapBuffers=26125063137, FrameCompleted=9223372036854775807, DequeueBufferDuration=47625, QueueBufferDuration=7395417, GpuCompleted=9223372036854775807, SwapBuffersCompleted=26133530553, DisplayPresentTime=0,
05-29 10:20:05.971 1099 1685 I OpenGLRenderer: Davey! duration=9223372010726ms; Flags=0, FrameTimelineVsyncId=748, IntendedVsync=26111285444, Vsync=26111285444, InputEventId=830841820, HandleInputStart=26114552553, AnimationStart=26115742387, PerformTraversalsStart=26115833512, DrawStart=26116132053, FrameDeadline=26144618776, FrameInterval=26114537053, FrameStartTime=16666666, SyncQueued=26116574262, SyncStart=26133750178, IssueDrawCommandsStart=26134957678, SwapBuffers=26154267012, FrameCompleted=9223372036854775807, DequeueBufferDuration=80791, QueueBufferDuration=1302958, GpuCompleted=9223372036854775807, SwapBuffersCompleted=26159002012, DisplayPresentTime=0,
05-29 10:20:06.004 1099 1685 I OpenGLRenderer: Davey! duration=9223372010705ms; Flags=0, FrameTimelineVsyncId=750, IntendedVsync=26127952100, Vsync=26127952100, InputEventId=17007751, HandleInputStart=26136142178, AnimationStart=26137441387, PerformTraversalsStart=26137539637, DrawStart=26137763845, FrameDeadline=26161285432, FrameInterval=26136132012, FrameStartTime=16666666, SyncQueued=26138157095, SyncStart=26159203553, IssueDrawCommandsStart=26161251303, SwapBuffers=26171272220, FrameCompleted=9223372036854775807, DequeueBufferDuration=44792, QueueBufferDuration=4416541, GpuCompleted=9223372036854775807, SwapBuffersCompleted=26177737053, DisplayPresentTime=0,
05-29 10:20:06.054 1099 1121 I OpenGLRenderer: Davey! duration=9223372010664ms; Flags=0, FrameTimelineVsyncId=756, IntendedVsync=26177959696, Vsync=26177959696, InputEventId=845067525, HandleInputStart=26181716845, AnimationStart=26185442303, PerformTraversalsStart=26185533678, DrawStart=26185734553, FrameDeadline=26211293028, FrameInterval=26181697803, FrameStartTime=16666666, SyncQueued=26186018053, SyncStart=26198829053, IssueDrawCommandsStart=26200366095, SwapBuffers=26229620303, FrameCompleted=9223372036854775807, DequeueBufferDuration=79834, QueueBufferDuration=2211292, GpuCompleted=9223372036854775807, SwapBuffersCompleted=26232751845, DisplayPresentTime=0,
05-29 10:20:06.054 1761 1761 V GraphicsEnvironment: ANGLE Developer option for 'com.android.permissioncontroller' set to: 'default'
05-29 10:20:06.054 1761 1761 V GraphicsEnvironment: Neither updatable production driver nor prerelease driver is supported.
05-29 10:20:06.060 1761 1761 D NetworkSecurityConfig: No Network Security Config specified, using platform default
05-29 10:20:06.062 756 952 D DhcpClient: Received packet: b4:2f:03:16:18:c0 ACK: your new IP /192.168.3.132, netmask /255.255.254.0, gateways [/192.168.3.1] DNS servers: /202.96.134.133 /202.96.128.166 , lease time 3600
05-29 10:20:06.064 1761 1761 D NetworkSecurityConfig: No Network Security Config specified, using platform default
05-29 10:20:06.072 756 952 D DhcpClient: Confirmed lease: android.net.networkstack.DhcpResults@7b2b942 DHCP server /192.168.3.1 Vendor info null lease 3600 seconds Servername
05-29 10:20:06.073 1099 1122 I OpenGLRenderer: Davey! duration=9223372010631ms; Flags=0, FrameTimelineVsyncId=758, IntendedVsync=26194626696, Vsync=26194626696, InputEventId=674100175, HandleInputStart=26201113720, AnimationStart=26203746470, PerformTraversalsStart=26203869678, DrawStart=26204200970, FrameDeadline=26227960028, FrameInterval=26201102303, FrameStartTime=16666666, SyncQueued=26204564637, SyncStart=26232905678, IssueDrawCommandsStart=26241295428, SwapBuffers=26252893095, FrameCompleted=9223372036854775807, DequeueBufferDuration=80083, QueueBufferDuration=3091958, GpuCompleted=9223372036854775807, SwapBuffersCompleted=26260647428, DisplayPresentTime=0,
05-29 10:20:06.104 1099 1121 I OpenGLRenderer: Davey! duration=9223372010622ms; Flags=0, FrameTimelineVsyncId=760, IntendedVsync=26211298811, Vsync=26227965477, InputEventId=827541951, HandleInputStart=26237632220, AnimationStart=26238887637, PerformTraversalsStart=26238991595, DrawStart=26239234303, FrameDeadline=26244632143, FrameInterval=26237609428, FrameStartTime=16666666, SyncQueued=26239651512, SyncStart=26260860345, IssueDrawCommandsStart=26267246595, SwapBuffers=26279459012, FrameCompleted=9223372036854775807, DequeueBufferDuration=38458, QueueBufferDuration=1460125, GpuCompleted=9223372036854775807, SwapBuffersCompleted=26286527970, DisplayPresentTime=0,
05-29 10:20:06.125 1099 1122 I OpenGLRenderer: Davey! duration=9223372010590ms; Flags=0, FrameTimelineVsyncId=764, IntendedVsync=26244632885, Vsync=26261299551, InputEventId=305922769, HandleInputStart=26265356053, AnimationStart=26266607845, PerformTraversalsStart=26266711762, DrawStart=26266948553, FrameDeadline=26277966217, FrameInterval=26265340720, FrameStartTime=16666666, SyncQueued=26267167387, SyncStart=26286751553, IssueDrawCommandsStart=26290133720, SwapBuffers=26302822178, FrameCompleted=9223372036854775807, DequeueBufferDuration=63041, QueueBufferDuration=1679834, GpuCompleted=9223372036854775807, SwapBuffersCompleted=26307189887, DisplayPresentTime=0,
05-29 10:20:06.138 1099 1121 I OpenGLRenderer: Davey! duration=9223372010559ms; Flags=0, FrameTimelineVsyncId=770, IntendedVsync=26294630257, Vsync=26294630257, InputEventId=560064746, HandleInputStart=26311231095, AnimationStart=26312975428, PerformTraversalsStart=26313087178, DrawStart=26313643762, FrameDeadline=26327963589, FrameInterval=26311222678, FrameStartTime=16666666, SyncQueued=26314336928, SyncStart=26314712637, IssueDrawCommandsStart=26315934220, SwapBuffers=26322434095, FrameCompleted=9223372036854775807, DequeueBufferDuration=54000, QueueBufferDuration=1768458, GpuCompleted=9223372036854775807, SwapBuffersCompleted=26325670262, DisplayPresentTime=0,
05-29 10:20:06.140 1761 1761 I CarUiInstaller: CarUiInstaller started for com.android.permissioncontroller
05-29 10:20:06.150 1327 1327 D RockyReceiver: action: android.net.wifi.STATE_CHANGE
05-29 10:20:06.152 476 1391 E ConnectivityService: Exception = android.content.pm.PackageManager$NameNotFoundException: android.net.cts
05-29 10:20:06.158 246 729 E Netd : no such netId 100
05-29 10:20:06.159 476 617 E ConnectivityService: Exception in networkAddRouteParcel for non-gateway: android.os.ServiceSpecificException: Machine is not on the network (code 64)
05-29 10:20:06.159 246 729 E Netd : no such netId 100
05-29 10:20:06.160 476 617 E ConnectivityService: Exception in networkAddRouteParcel for gateway: android.os.ServiceSpecificException: Machine is not on the network (code 64)
05-29 10:20:06.164 476 617 W BestClock: java.time.DateTimeException: Missing NTP fix
05-29 10:20:06.189 1761 1761 W Role : Cannot get ApplicationInfo for default holder: com.android.messaging
05-29 10:20:06.202 476 617 W BestClock: java.time.DateTimeException: Missing NTP fix
05-29 10:20:06.206 1327 1327 D RockyManager: switchWakeIsAllow isQuitBootGuide: true isBtMode: false
05-29 10:20:06.206 1327 1327 D RockyManager: switchWakeIsAllow isAllowFarWake: true
05-29 10:20:06.206 1327 1327 D RockyReceiver: action: android.net.wifi.STATE_CHANGE
05-29 10:20:06.207 476 811 E ConnectivityService: Exception = android.content.pm.PackageManager$NameNotFoundException: android.net.cts
05-29 10:20:06.209 476 608 W BestClock: java.time.DateTimeException: Missing NTP fix
05-29 10:20:06.210 476 608 W BestClock: java.time.DateTimeException: Missing NTP fix
05-29 10:20:06.212 476 617 D ConnectivityService: Setting DNS servers for network 100 to [/202.96.134.133, /202.96.128.166]
05-29 10:20:06.239 476 617 W BestClock: java.time.DateTimeException: Missing NTP fix
05-29 10:20:06.241 756 952 D DhcpClient: Scheduling renewal in 1799s
05-29 10:20:06.241 756 952 D DhcpClient: Scheduling rebind in 3149s
05-29 10:20:06.241 756 952 D DhcpClient: Scheduling expiry in 3599s
05-29 10:20:06.244 1761 1761 I HibernationPolicy: scheduleHibernationJob with frequency 1296000000ms and threshold 7776000000ms
05-29 10:20:06.248 1761 1761 I HibernationPolicy: user 0 is a profileowner. Running hibernation job.
05-29 10:20:06.250 1761 1761 I HibernationPolicy: Job already scheduled.
05-29 10:20:06.254 476 660 D CompatibilityChangeReporter: Compat change id reported: 135634846; UID 10025; state: DISABLED
05-29 10:20:06.254 476 660 D CompatibilityChangeReporter: Compat change id reported: 177438394; UID 10025; state: DISABLED
05-29 10:20:06.255 476 660 D CompatibilityChangeReporter: Compat change id reported: 135772972; UID 10025; state: DISABLED
05-29 10:20:06.255 476 660 D CompatibilityChangeReporter: Compat change id reported: 135754954; UID 10025; state: ENABLED
05-29 10:20:06.255 476 540 D CompatibilityChangeReporter: Compat change id reported: 143937733; UID 10025; state: ENABLED
05-29 10:20:06.276 247 247 D Zygote : Forked child process 1809
05-29 10:20:06.284 476 540 I ActivityManager: app.processName = com.android.providers.calendar
05-29 10:20:06.284 476 540 I ActivityManager: Start proc 1809:com.android.providers.calendar/u0a25 for broadcast {com.android.providers.calendar/com.android.providers.calendar.CalendarReceiver}
05-29 10:20:06.288 476 617 W BestClock: java.time.DateTimeException: Missing NTP fix
05-29 10:20:06.289 476 610 W WifiScoreReport: Cannot start external scoring netId=100 currentNetId=100 currentNetCapabilities=[ Transports: WIFI Capabilities: NOT_METERED&INTERNET&NOT_RESTRICTED&TRUSTED&NOT_VPN&NOT_ROAMING&NOT_CONGESTED&NOT_SUSPENDED&NOT_VCN_MANAGED LinkUpBandwidth>=12000Kbps LinkDnBandwidth>=60000Kbps Specifier: TransportInfo: SignalStrength: -55 OwnerUid: 1000 AdminUids: [1000] SSID: "DB-machines5G"] sessionId=1008
05-29 10:20:06.291 476 608 W BestClock: java.time.DateTimeException: Missing NTP fix
05-29 10:20:06.292 476 608 W BestClock: java.time.DateTimeException: Missing NTP fix
05-29 10:20:06.294 1809 1809 I Zygote : seccomp disabled by setenforce 0
05-29 10:20:06.300 476 617 D ConnectivityService: [100 WIFI] EVENT_NETWORK_INFO_CHANGED, going from CONNECTING to CONNECTED
05-29 10:20:06.305 476 617 D DnsManager: sendDnsConfigurationForNetwork(100, [202.96.134.133, 202.96.128.166], [], 1800, 25, 8, 64, 0, 0, , [])
05-29 10:20:06.321 1099 1685 I OpenGLRenderer: Davey! duration=9223372010376ms; Flags=0, FrameTimelineVsyncId=785, IntendedVsync=26477963166, Vsync=26477963166, InputEventId=0, HandleInputStart=26484451095, AnimationStart=26484753553, PerformTraversalsStart=26495044262, DrawStart=26495502845, FrameDeadline=26511296498, FrameInterval=26484439678, FrameStartTime=16666666, SyncQueued=26495980220, SyncStart=26496232553, IssueDrawCommandsStart=26497043137, SwapBuffers=26504159595, FrameCompleted=9223372036854775807, DequeueBufferDuration=50333, QueueBufferDuration=1788958, GpuCompleted=9223372036854775807, SwapBuffersCompleted=26507144220, DisplayPresentTime=0,
05-29 10:20:06.325 476 617 W DnsManager: updatePrivateDns(100, PrivateDnsConfig{true:/[]})
05-29 10:20:06.325 476 617 D ConnectivityService: Setting DNS servers for network 100 to [/202.96.134.133, /202.96.128.166]
05-29 10:20:06.326 476 617 D DnsManager: sendDnsConfigurationForNetwork(100, [202.96.134.133, 202.96.128.166], [], 1800, 25, 8, 64, 0, 0, , [202.96.134.133, 202.96.128.166])
05-29 10:20:06.328 246 1818 W resolv : Validating DnsTlsServer 202.96.134.133 with mark 0xf0064
05-29 10:20:06.329 246 1818 W resolv : Socket failed to connect: Network is unreachable
05-29 10:20:06.329 246 1818 W resolv : TCP Handshake failed: 101
05-29 10:20:06.329 246 1818 W resolv : query failed
05-29 10:20:06.330 246 1818 W resolv : validateDnsTlsServer returned 0 for 202.96.134.133
05-29 10:20:06.330 246 1818 W resolv : Validation failed
01-01 08:00:28.604 0 0 I [ C1] nf_conntrack: default automatic helper assignment has been turned off for security reasons and CT-based firewall rule not found. Use the iptables CT target to attach helpers instead.
05-29 10:20:06.333 246 1817 W resolv : Validating DnsTlsServer 202.96.128.166 with mark 0xf0064
05-29 10:20:06.334 246 1817 W resolv : Socket failed to connect: Network is unreachable
05-29 10:20:06.335 388 412 I adbd : jdwp connection from 1809
05-29 10:20:06.336 476 617 D ConnectivityService: Adding iface wlan0 to network 100
05-29 10:20:06.340 246 1817 W resolv : TCP Handshake failed: 101
05-29 10:20:06.340 246 1817 W resolv : query failed
05-29 10:20:06.340 246 1817 W resolv : validateDnsTlsServer returned 0 for 202.96.128.166
05-29 10:20:06.340 246 1817 W resolv : Validation failed
05-29 10:20:06.332 1810 1810 I cmd : type=1400 audit(0.0:579): avc: denied { call } for scontext=u:r:preinstall:s0 tcontext=u:r:system_server:s0 tclass=binder permissive=1
01-01 08:00:28.610 1810 1810 W audit : audit_lost=144 audit_rate_limit=5 audit_backlog_limit=64
01-01 08:00:28.610 1810 1810 E audit : rate limit exceeded
05-29 10:20:06.347 476 521 W IorapForwardingService: No service published for: iorapd
05-29 10:20:06.349 476 617 D ConnectivityService: Setting DNS servers for network 100 to [/202.96.134.133, /202.96.128.166]
05-29 10:20:06.355 476 617 D DnsManager: sendDnsConfigurationForNetwork(100, [202.96.134.133, 202.96.128.166], [], 1800, 25, 8, 64, 0, 0, , [202.96.134.133, 202.96.128.166])
05-29 10:20:06.357 246 1829 W resolv : Validating DnsTlsServer 202.96.128.166 with mark 0xf0064
05-29 10:20:06.358 246 1830 W resolv : Validating DnsTlsServer 202.96.134.133 with mark 0xf0064
05-29 10:20:06.370 476 811 D CompatibilityChangeReporter: Compat change id reported: 168419799; UID 10025; state: DISABLED
05-29 10:20:06.373 476 660 D WifiMemoryStoreImpl: Set cluster G11e064e3837f8724 for Wd0c5449a96a9f4a: SUCCESS
05-29 10:20:06.378 476 617 W BestClock: java.time.DateTimeException: Missing NTP fix
05-29 10:20:06.384 1809 1809 D CompatibilityChangeReporter: Compat change id reported: 171979766; UID 10025; state: ENABLED
05-29 10:20:06.397 1099 1099 E hq : CrashHandler:::图片加载异常 message=Failed to load resource
05-29 10:20:06.397 1099 1099 E hq : model=
05-29 10:20:06.397 1099 1099 E hq : target=Target for: com.dangbei.palaemon.layout.DBImageView{9a08b67 V.ED..... ........ 0,0-410,580}
05-29 10:20:06.403 1099 1685 I OpenGLRenderer: Davey! duration=9223372010276ms; Flags=0, FrameTimelineVsyncId=792, IntendedVsync=26577958196, Vsync=26577958196, InputEventId=0, HandleInputStart=26578508012, AnimationStart=26578511637, PerformTraversalsStart=26578719970, DrawStart=26579128720, FrameDeadline=26611291528, FrameInterval=26578499762, FrameStartTime=16666666, SyncQueued=26579560762, SyncStart=26579796678, IssueDrawCommandsStart=26581064637, SwapBuffers=26587121970, FrameCompleted=9223372036854775807, DequeueBufferDuration=49666, QueueBufferDuration=1881834, GpuCompleted=9223372036854775807, SwapBuffersCompleted=26590238678, DisplayPresentTime=0,
05-29 10:20:06.436 476 617 W BestClock: java.time.DateTimeException: Missing NTP fix
05-29 10:20:06.443 476 608 W BestClock: java.time.DateTimeException: Missing NTP fix
05-29 10:20:06.444 476 608 W BestClock: java.time.DateTimeException: Missing NTP fix
05-29 10:20:06.453 1099 1438 D AppManager: checkLocalAppsIsValid:
05-29 10:20:06.463 476 617 D ConnectivityService: NetReassign [28 : null → 100, 19 : null → 100, 17 : null → 100, 23 : null → 100, 1 : null → 100, 10 : null → 100, 3 : null → 100, 21 : null → 100]
05-29 10:20:06.470 1809 1809 V GraphicsEnvironment: ANGLE Developer option for 'com.android.providers.calendar' set to: 'default'
05-29 10:20:06.470 756 1840 D NetworkMonitor/100: Validation disabled.
05-29 10:20:06.470 1809 1809 V GraphicsEnvironment: Neither updatable production driver nor prerelease driver is supported.
05-29 10:20:06.473 1809 1809 D NetworkSecurityConfig: No Network Security Config specified, using platform default
05-29 10:20:06.474 476 617 D ConnectivityService: Switching to new default network for: uid/pid:1000/476 activeRequest: 1 callbackRequest: 1 [NetworkRequest [ REQUEST id=1, [ Capabilities: INTERNET&NOT_RESTRICTED&TRUSTED&NOT_VPN&NOT_VCN_MANAGED RequestorUid: 1000 RequestorPkg: android] ]] callback flags: 1 priority: 2147483647 using NetworkAgentInfo{network{100} handle{432902426637} ni{WIFI CONNECTED extra: } Score(60 ; KeepConnected : 0 ; Policies : TRANSPORT_PRIMARY&IS_UNMETERED) lp{{InterfaceName: wlan0 LinkAddresses: [ fe80::c769:1069:e191:b064/64,192.168.3.132/23 ] DnsAddresses: [ /202.96.134.133,/202.96.128.166 ] Domains: null MTU: 0 ServerAddress: /192.168.3.1 TcpBufferSizes: 524288,1048576,2097152,262144,524288,1048576 Routes: [ fe80::/64 -> :: wlan0 mtu 0,192.168.2.0/23 -> 0.0.0.0 wlan0 mtu 0,0.0.0.0/0 -> 192.168.3.1 wlan0 mtu 0 ]}} nc{[ Transports: WIFI Capabilities: NOT_METERED&INTERNET&NOT_RESTRICTED&TRUSTED&NOT_VPN&NOT_ROAMING&FOREGROUND&NOT_CONGESTED&NOT_SUSPENDED&NOT_VCN_MANAGED LinkUpBandwidth>=12000Kbps LinkDnBandwidth>=60000Kbps Specifier: TransportInfo: SignalStrength: -55 OwnerUid: 1000 AdminUids: [1000] SSID: "DB-machines5G"]}}
05-29 10:20:06.474 1809 1809 D NetworkSecurityConfig: No Network Security Config specified, using platform default
05-29 10:20:06.499 185 185 E SELinux : avc: denied { find } for pid=1841 uid=0 name=activity scontext=u:r:preinstall:s0 tcontext=u:object_r:activity_service:s0 tclass=service_manager permissive=1
05-29 10:20:06.509 1128 1128 D aaa : LedStatusService onStartCommand begin
05-29 10:20:06.514 1128 1845 D aaa : topPkg is -------------- :com.dangbei.leard.leradlauncher
05-29 10:20:06.515 476 815 D WifiMemoryStoreImpl: Set cluster Gddd3f453af8a6837 for Wb472f6353bc97a48: SUCCESS
05-29 10:20:06.519 1099 1685 I OpenGLRenderer: Davey! duration=9223372010226ms; Flags=0, FrameTimelineVsyncId=796, IntendedVsync=26627954195, Vsync=26627954195, InputEventId=0, HandleInputStart=26628625428, AnimationStart=26628629553, PerformTraversalsStart=26628864470, DrawStart=26685124720, FrameDeadline=26661287527, FrameInterval=26628615553, FrameStartTime=16666666, SyncQueued=26687014637, SyncStart=26687248387, IssueDrawCommandsStart=26688216762, SwapBuffers=26697645345, FrameCompleted=9223372036854775807, DequeueBufferDuration=105000, QueueBufferDuration=5683083, GpuCompleted=9223372036854775807, SwapBuffersCompleted=26704484595, DisplayPresentTime=0,
05-29 10:20:06.522 476 617 W BestClock: java.time.DateTimeException: Missing NTP fix
05-29 10:20:06.564 476 617 W BestClock: java.time.DateTimeException: Missing NTP fix
05-29 10:20:06.573 476 608 W BestClock: java.time.DateTimeException: Missing NTP fix
05-29 10:20:06.574 476 608 W BestClock: java.time.DateTimeException: Missing NTP fix
05-29 10:20:06.576 476 755 D NetworkTimeUpdateService: New default network 100; checking time.
05-29 10:20:06.587 476 660 D WifiMemoryStoreImpl: Set cluster G11e064e3837f8724 for W959d834fef5c2c59: SUCCESS
05-29 10:20:06.598 756 873 D UpstreamNetworkMonitor: New default Internet network: 100
05-29 10:20:06.602 1099 1122 I OpenGLRenderer: Davey! duration=9223372010093ms; Flags=0, FrameTimelineVsyncId=803, IntendedVsync=26761291290, Vsync=26761291290, InputEventId=0, HandleInputStart=26761761053, AnimationStart=26761765428, PerformTraversalsStart=26762033553, DrawStart=26777106512, FrameDeadline=26777957956, FrameInterval=26761751428, FrameStartTime=16666666, SyncQueued=26777233970, SyncStart=26777505762, IssueDrawCommandsStart=26778369929, SwapBuffers=26788481762, FrameCompleted=9223372036854775807, DequeueBufferDuration=46500, QueueBufferDuration=1789167, GpuCompleted=9223372036854775807, SwapBuffersCompleted=26791549054, DisplayPresentTime=0,
05-29 10:20:06.605 756 1737 W UnsafeUtil: platform method missing - proto runtime falling back to safer methods: java.lang.NoSuchMethodException: sun.misc.Unsafe.copyMemory [class java.lang.Object, long, class java.lang.Object, long, long]
05-29 10:20:06.647 476 608 W BestClock: java.time.DateTimeException: Missing NTP fix
05-29 10:20:06.652 476 617 D ConnectivityService: Sending CONNECTED broadcast for type 1 [100 WIFI] isDefaultNetwork=true
05-29 10:20:06.660 476 617 W ContextImpl: Calling a method in the system process without a qualified user: android.app.ContextImpl.sendStickyBroadcast:1559 com.android.server.ConnectivityService.sendStickyBroadcast:2884 com.android.server.ConnectivityService.sendGeneralBroadcast:2859 com.android.server.ConnectivityService.sendConnectedBroadcast:2832 com.android.server.ConnectivityService.sendLegacyNetworkBroadcast:8784
05-29 10:20:06.666 476 520 D AW_CODE : rotation =0
05-29 10:20:06.668 476 476 W InputMethodManagerService: Illegal subtype state: old subtype = null, new subtype = android.view.inputmethod.InputMethodSubtype@129f21f8
05-29 10:20:06.668 476 520 D AW_CODE : rotation =0
05-29 10:20:06.671 1099 1099 E hq : NetWorkStateReceiver:::NetWorkStateReceiver onReceive: 网络变化广播 >>>> intent.action=android.net.conn.CONNECTIVITY_CHANGE
05-29 10:20:06.671 1128 1128 D aaa : action:android.net.conn.CONNECTIVITY_CHANGE
05-29 10:20:06.672 1809 1809 I CalendarProvider2: Created com.android.providers.calendar.CalendarAlarmManager@d551e5b(com.android.providers.calendar.CalendarProvider2@1dfd6f8)
05-29 10:20:06.672 1327 1327 D RockyReceiver: action: android.net.conn.CONNECTIVITY_CHANGE
05-29 10:20:06.673 476 608 W BestClock: java.time.DateTimeException: Missing NTP fix
05-29 10:20:06.674 1099 1099 E hq : NetWorkStateReceiver:::Network is available. isConnect=false 是否频次过快=false t=1748485206674
05-29 10:20:06.674 476 815 E ConnectivityService: Exception = android.content.pm.PackageManager$NameNotFoundException: android.net.cts
05-29 10:20:06.675 1099 1099 W eventbuscore: post Event:com.dangbei.leard.base.entity.event.NetStateEvent
05-29 10:20:06.676 1099 1441 D AppManager: requestBlackAndWhiteList
05-29 10:20:06.677 1099 1441 D AppListModel: requestAppFilterList: true , false
05-29 10:20:06.679 476 520 D AW_CODE : rotation =0
05-29 10:20:06.680 1099 1099 W eventbuscore: post Event:com.dangbei.leard.base.entity.event.NetChangeEvent
05-29 10:20:06.683 476 608 W BestClock: java.time.DateTimeException: Missing NTP fix
05-29 10:20:06.684 1099 1279 D yc_test : refreshWeather: null
05-29 10:20:06.689 1327 1327 I Receiver: 网络连接成功
05-29 10:20:06.696 1049 1049 D LanSocketServer: connect
05-29 10:20:06.697 1272 1565 W efs.info.manager: network change: wifi
05-29 10:20:06.698 1809 1869 D CompatibilityChangeReporter: Compat change id reported: 160794467; UID 10025; state: ENABLED
05-29 10:20:06.700 1099 1366 E DangXiaoBeiManager: setMessageList: true
05-29 10:20:06.710 1099 1366 E hq : 当小贝:::message list add complete data.messageList:[]
05-29 10:20:06.710 1099 1366 E hq : data.tabList=[]
05-29 10:20:06.710 1099 1366 I hq : 当小贝:::showMessage from=net_change
05-29 10:20:06.711 1099 1366 I hq : 当小贝:::showMessage 没有消息需要显示
05-29 10:20:06.728 476 499 D CompatibilityChangeReporter: Compat change id reported: 143231523; UID 10025; state: DISABLED
05-29 10:20:06.738 476 499 D CompatibilityChangeReporter: Compat change id reported: 171306433; UID 10025; state: ENABLED
05-29 10:20:06.758 1150 1150 D NetworkSecurityConfig: No Network Security Config specified, using platform default
05-29 10:20:06.769 476 499 D WifiMemoryStoreImpl: Set cluster Gddd3f453af8a6837 for Wfb42ab3948c4e164: SUCCESS
05-29 10:20:06.770 476 617 W ContextImpl: Calling a method in the system process without a qualified user: android.app.ContextImpl.sendStickyBroadcast:1559 com.android.server.ConnectivityService.sendStickyBroadcast:2884 com.android.server.ConnectivityService.sendGeneralBroadcast:2859 com.android.server.ConnectivityService.sendConnectedBroadcast:2832 com.android.server.ConnectivityService.sendLegacyNetworkBroadcast:8784
05-29 10:20:06.792 1128 1128 D aaa : action:android.net.conn.CONNECTIVITY_CHANGE
05-29 10:20:06.796 476 499 D WifiMemoryStoreImpl: Set cluster G11e064e3837f8724 for W9f17cc3160603a33: SUCCESS
05-29 10:20:06.799 476 608 W BestClock: java.time.DateTimeException: Missing NTP fix
05-29 10:20:06.800 1049 1049 W System.err: SLF4J: Failed to load class "org.slf4j.impl.StaticLoggerBinder".
05-29 10:20:06.800 1049 1049 W System.err: SLF4J: Defaulting to no-operation (NOP) logger implementation
05-29 10:20:06.800 1049 1049 W System.err: SLF4J: See http://www.slf4j.org/codes.html#StaticLoggerBinder for further details.
05-29 10:20:06.802 476 608 W BestClock: java.time.DateTimeException: Missing NTP fix
05-29 10:20:06.804 1327 1327 D RockyReceiver: action: android.net.conn.CONNECTIVITY_CHANGE
05-29 10:20:06.805 476 815 E ConnectivityService: Exception = android.content.pm.PackageManager$NameNotFoundException: android.net.cts
05-29 10:20:06.806 1272 1566 W efs.info.manager: network change: wifi
05-29 10:20:06.810 1049 1049 D LanSocketServer: connect /192.168.3.132:6689
05-29 10:20:06.810 1049 1049 D LanSocketServer: connect start
05-29 10:20:06.811 1049 1049 E LanCommander: onNetWorkChanged: true
05-29 10:20:06.811 476 617 D ConnectivityService: [100 WIFI] validation passed
05-29 10:20:06.821 1049 1049 E LanCommander: onNetWorkChanged: true
05-29 10:20:06.831 1049 1887 E LanCommander: onServerCreatedSuccess 192.168.3.132:6689
05-29 10:20:06.831 476 617 D ConnectivityService: Setting DNS servers for network 100 to [/202.96.134.133, /202.96.128.166]
05-29 10:20:06.832 476 617 D DnsManager: sendDnsConfigurationForNetwork(100, [202.96.134.133, 202.96.128.166], [], 1800, 25, 8, 64, 0, 0, , [202.96.134.133, 202.96.128.166])
05-29 10:20:06.837 476 617 W ContextImpl: Calling a method in the system process without a qualified user: android.app.ContextImpl.sendStickyBroadcast:1559 com.android.server.ConnectivityService.sendStickyBroadcast:2884 com.android.server.ConnectivityService.sendGeneralBroadcast:2859 com.android.server.ConnectivityService.sendInetConditionBroadcast:2836 com.android.server.ConnectivityService.updateInetCondition:8529
05-29 10:20:06.842 476 499 D WifiMemoryStoreImpl: Set cluster G11e064e3837f8724 for W91c45a6a67b29f39: SUCCESS
05-29 10:20:06.865 476 499 D CompatibilityChangeReporter: Compat change id reported: 135634846; UID 10015; state: DISABLED
05-29 10:20:06.866 476 499 D CompatibilityChangeReporter: Compat change id reported: 177438394; UID 10015; state: DISABLED
05-29 10:20:06.866 476 499 D CompatibilityChangeReporter: Compat change id reported: 135772972; UID 10015; state: DISABLED
05-29 10:20:06.866 476 499 D CompatibilityChangeReporter: Compat change id reported: 135754954; UID 10015; state: ENABLED
05-29 10:20:06.877 476 540 D CompatibilityChangeReporter: Compat change id reported: 143937733; UID 10015; state: ENABLED
05-29 10:20:06.920 247 247 D Zygote : Forked child process 1895
05-29 10:20:06.925 476 540 W ActivityManager: Slow operation: 60ms so far, now at startProcess: returned from zygote!
05-29 10:20:06.926 476 540 W ActivityManager: Slow operation: 61ms so far, now at startProcess: done updating battery stats
05-29 10:20:06.926 476 540 W ActivityManager: Slow operation: 61ms so far, now at startProcess: building log message
05-29 10:20:06.926 476 540 I ActivityManager: app.processName = com.android.providers.tv
05-29 10:20:06.926 476 540 I ActivityManager: Start proc 1895:com.android.providers.tv/u0a15 for broadcast {com.android.providers.tv/com.android.providers.tv.BootCompletedReceiver}
05-29 10:20:06.926 476 540 W ActivityManager: Slow operation: 61ms so far, now at startProcess: starting to update pids map
05-29 10:20:06.926 476 540 W ActivityManager: Slow operation: 61ms so far, now at startProcess: done updating pids map
05-29 10:20:06.928 476 814 D WifiMemoryStoreImpl: Set cluster G11e064e3837f8724 for W6bef2ed57ad5979d: SUCCESS
05-29 10:20:06.929 1895 1895 I Zygote : seccomp disabled by setenforce 0
05-29 10:20:06.929 1327 1327 I Receiver: 网络连接成功
05-29 10:20:06.924 1892 1892 I setprop : type=1400 audit(0.0:616): avc: denied { write } for name="property_service" dev="tmpfs" ino=2336 scontext=u:r:preinstall:s0 tcontext=u:object_r:property_socket:s0 tclass=sock_file permissive=1
05-29 10:20:06.924 1892 1892 I setprop : type=1400 audit(0.0:617): avc: denied { connectto } for path="/dev/socket/property_service" scontext=u:r:preinstall:s0 tcontext=u:r:init:s0 tclass=unix_stream_socket permissive=1
05-29 10:20:06.924 1 1 I /system/bin/init: type=1107 audit(0.0:618): uid=0 auid=4294967295 ses=4294967295 subj=u:r:init:s0 msg='avc: denied { set } for property=persist.sys.bt.name pid=1892 uid=0 gid=0 scontext=u:r:preinstall:s0 tcontext=u:object_r:system_prop:s0 tclass=property_service permissive=1'
05-29 10:20:06.928 1049 1049 I WebSocketSelect: type=1400 audit(0.0:619): avc: denied { read } for name="devices" dev="proc" ino=4026532014 scontext=u:r:system_app:s0 tcontext=u:object_r:proc:s0 tclass=file permissive=1
05-29 10:20:06.928 1049 1049 I WebSocketSelect: type=1400 audit(0.0:620): avc: denied { open } for path="/proc/bus/input/devices" dev="proc" ino=4026532014 scontext=u:r:system_app:s0 tcontext=u:object_r:proc:s0 tclass=file permissive=1
01-01 08:00:29.211 1 1 I init : Service 'preinstall' (pid 1482) exited with status 0 oneshot service took 3.261000 seconds in background
05-29 10:20:06.966 1049 1887 E RCInfo : vid:
05-29 10:20:06.966 1049 1887 E RCInfo : pid:
05-29 10:20:06.966 1049 1887 E RCInfo : RCBrand:NA
05-29 10:20:06.967 1049 1887 E RCInfo : vid:
05-29 10:20:06.967 1049 1887 E RCInfo : pid:
05-29 10:20:06.967 1049 1887 E RCInfo : vid:
05-29 10:20:06.967 1049 1887 E RCInfo : pid:
05-29 10:20:06.968 1049 1887 E RCInfo : vid:
05-29 10:20:06.968 1049 1887 E RCInfo : pid:
05-29 10:20:06.968 1049 1887 E RCInfo : RCBrand:NA
05-29 10:20:06.970 388 412 I adbd : jdwp connection from 1895
05-29 10:20:06.974 1049 1887 E RCInfo : vid:
05-29 10:20:06.975 1049 1887 E RCInfo : pid:
05-29 10:20:06.975 1049 1887 E RCInfo : vid:
05-29 10:20:06.976 1049 1887 E RCInfo : pid:
05-29 10:20:06.992 1049 1887 D getEthernetMacAddr: getEthernetMacAddr use eth0
05-29 10:20:07.000 1049 1267 D getEthernetMacAddr: getEthernetMacAddr use eth0
05-29 10:20:07.004 476 814 D WifiMemoryStoreImpl: Set cluster G11e064e3837f8724 for W1f2111b2964f4688: SUCCESS
05-29 10:20:07.020 476 815 D CompatibilityChangeReporter: Compat change id reported: 168419799; UID 10015; state: DISABLED
05-29 10:20:07.052 1895 1895 D CompatibilityChangeReporter: Compat change id reported: 171979766; UID 10015; state: ENABLED
05-29 10:20:07.062 1049 1887 D getEthernetMacAddr: getEthernetMacAddr use eth0
05-29 10:20:07.074 476 815 D WifiMemoryStoreImpl: Set cluster Gddd3f453af8a6837 for W845d8f939d060759: SUCCESS
05-29 10:20:07.084 1099 1438 D AppManager: checkLocalAppsIsValid: success
05-29 10:20:07.107 476 610 D WifiClientModeImpl[wlan0]: Received signal strength thresholds: []
05-29 10:20:07.118 476 814 D WifiMemoryStoreImpl: Set cluster Gddd3f453af8a6837 for Wddd3f453af8a6837: SUCCESS
05-29 10:20:07.139 476 610 E WifiVendorHal: stopRssiMonitoring(l.2617) failed {.code = ERROR_NOT_AVAILABLE, .description = }
05-29 10:20:07.154 1049 1267 D getEthernetMacAddr: getEthernetMacAddr use eth0
05-29 10:20:07.155 476 610 W LastMileLogger: Failed to stop event tracing: /sys/kernel/debug/tracing/instances/wifi/tracing_on: open failed: ENOENT (No such file or directory)
05-29 10:20:07.205 1895 1895 V GraphicsEnvironment: ANGLE Developer option for 'com.android.providers.tv' set to: 'default'
05-29 10:20:07.205 1895 1895 V GraphicsEnvironment: Neither updatable production driver nor prerelease driver is supported.
05-29 10:20:07.212 1128 1128 D aaa : WiFi is connect
05-29 10:20:07.210 1895 1895 D NetworkSecurityConfig: No Network Security Config specified, using platform default
05-29 10:20:07.213 1895 1895 D NetworkSecurityConfig: No Network Security Config specified, using platform default
05-29 10:20:07.214 1128 1128 D aaa : WiFi is connect
05-29 10:20:07.217 1049 1266 I okhttp.OkHttpClient: --> POST http://tymsgapi.qun7.com/v1/core/rom (519-byte body)
05-29 10:20:07.224 1049 1916 I okhttp.OkHttpClient: --> POST http://tyapi.qun7.com/v1/core/launcherota (519-byte body)
05-29 10:20:07.235 1049 1912 I okhttp.OkHttpClient: --> POST http://tymsgapi.qun7.com/v1/core/rom (519-byte body)
05-29 10:20:07.236 1049 1913 I okhttp.OkHttpClient: --> POST http://tyapi.qun7.com/v1/core/launcherota (519-byte body)
05-29 10:20:07.239 1895 1895 D CompatibilityChangeReporter: Compat change id reported: 160794467; UID 10015; state: ENABLED
05-29 10:20:07.243 1049 1267 I okhttp.OkHttpClient: --> POST http://tymsgapi.qun7.com/v1/core/logip (586-byte body)
05-29 10:20:07.337 1128 1128 D aaa : WiFi is connect
05-29 10:20:07.349 476 521 W IorapForwardingService: No service published for: iorapd
05-29 10:20:07.351 1049 1265 I okhttp.OkHttpClient: --> POST http://tymsgapi.qun7.com/v1/core/appupdate (3248-byte body)
05-29 10:20:07.358 1128 1128 D aaa : WiFi is connect
05-29 10:20:07.377 1099 1612 I dangbei ad sdk: AdSplashView::show offline ad
05-29 10:20:07.458 476 1390 D WifiMemoryStoreImpl: Set cluster Gddd3f453af8a6837 for Wfb42ab3948c4e164: SUCCESS
05-29 10:20:07.460 1049 1887 E HigherBroadcastServer: {"bluetoothBoot":false,"bluetoothController":false,"bluetoothMac":"B4:2F:03:15:A3:36","deviceModel":"DBBOX-A2","deviceModelNumber":"H5232","deviceName":"客厅的当贝盒子","findController":1,"hostName":"192.168.3.132","inetAddress":"192.168.3.132","mac":"20:02:FE:19:C1:FD","port":6689,"romCode":5007,"romVersion":"5.0.0.7","wifiMac":"B4:2F:03:16:18:C0","deviceId":"43a27052f3736d01c6a83619249d7c33","sn":"DZOH58251929088"}
05-29 10:20:07.460 1049 1887 W NsdServiceInfo: Key lengths > 9 are discouraged: deviceModel
05-29 10:20:07.461 1049 1887 W NsdServiceInfo: Key lengths > 9 are discouraged: deviceModelNumber
05-29 10:20:07.461 1049 1887 W NsdServiceInfo: Key lengths > 9 are discouraged: deviceName
05-29 10:20:07.461 1049 1887 W NsdServiceInfo: Key lengths > 9 are discouraged: romVersion
05-29 10:20:07.461 1049 1887 W NsdServiceInfo: Key lengths > 9 are discouraged: findController
05-29 10:20:07.469 1327 1327 I Receiver: ----------netConnectInitSDK--------------
05-29 10:20:07.470 1327 1327 D RockyNetMessageUtil: initTipsList tipEntity = TipEntity{movieType=[我想看喜剧片, 动作片, 枪战片], movie=[庆余年, 误杀, 美丽人生, 爆笑虫子, 哪吒, 小猪佩奇, 胡歌的电视剧, 张艺谋导演的电影, 切换到1080P, 收藏], appController=[打开当贝市场, 下载哈趣影视, 爱奇艺, 卸载腾讯视频], weather=[今天的天气, 未来五天的天气, 杭州天气怎么样, 明天下不下雨], music=[我要听歌, 周杰伦的歌, 上一首, 下一首, 快进一分钟, 暂停], liveAppDownload='非常抱歉,根据监管部门政策管理要求,暂不提供相应服务。', subscreen=null, wakeUpVoiceResponse=[ProbabilityEntity{word='在呢', probability=30}, ProbabilityEntity{word='我在', probability=35}, ProbabilityEntity{word='你说', probability=15}, ProbabilityEntity{word='来啦', probability=20}], unrecognizedVoiceResponse=[ProbabilityEntity{word='可以再说一遍么', probability=45}, ProbabilityEntity{word='可以说的详细一点么', probability=30}, ProbabilityEntity{word='请问有什么可以帮您', probability=25}], notUnderstandVoiceResponse=[ProbabilityEntity{word='换个说法试试吧', probability=100}]} isRequestTipSuccess = false
05-29 10:20:07.472 1327 1553 D XHttpObservable: handleRequest: start https://tyapi.qun7.com/v1/voice/getsoundshowmsg ,,, isCache = false
05-29 10:20:07.474 1327 1327 D RockyNetMessageUtil: initMediaControlPage pageEntity = PageEntity{list=[ContentEntity{packageName='com.dangbei.leard.leradlauncher', activityName='FilmDetailActivity'}, ContentEntity{packageName='com.dangbei.leard.leradlauncher', activityName='FullScreenDetailActivity'}, ContentEntity{packageName='com.dangbei.leard.leradlauncher', activityName='TencentSportActivity'}, ContentEntity{packageName='com.dangbei.leradVideoPlugins', activityName='FilmDetailActivity'}, ContentEntity{packageName='com.dangbei.leradVideoPlugins', activityName='FullScreenDetailActivity'}, ContentEntity{packageName='com.dangbei.leradVideoPlugins', activityName='TencentSportActivity'}, ContentEntity{packageName='com.dangbei.leradVideoPlugins', activityName='ShortPlayActivity'}, ContentEntity{packageName='com.dangbei.hqmedia', activityName='FilmDetailActivity'}, ContentEntity{packageName='com.dangbei.hqmedia', activityName='FullScreenDetailActivity'}, ContentEntity{packageName='com.dangbei.leradVideoPlugins', activityName='MangoMediaActivity'}, ContentEntity{packageName='com.dangbei.leradVideoPlugins', activityName='VcinemaActivity'}]} isRequestPageControlSuccess = false
05-29 10:20:07.474 476 1390 D CompatibilityChangeReporter: Compat change id reported: 135634846; UID 10064; state: DISABLED
05-29 10:20:07.474 476 1390 D CompatibilityChangeReporter: Compat change id reported: 177438394; UID 10064; state: DISABLED
05-29 10:20:07.474 476 1390 D CompatibilityChangeReporter: Compat change id reported: 135772972; UID 10064; state: DISABLED
05-29 10:20:07.475 476 1390 D CompatibilityChangeReporter: Compat change id reported: 135754954; UID 10064; state: ENABLED
05-29 10:20:07.475 1049 1917 I okhttp.OkHttpClient: --> POST http://tymsgapi.qun7.com/v1/core/appupdate (3248-byte body)
05-29 10:20:07.476 1327 1546 D XHttpObservable: handleRequest: start https://tyapi.qun7.com/v1/voice/getResponseControlPage ,,, isCache = false
05-29 10:20:07.478 476 540 D CompatibilityChangeReporter: Compat change id reported: 143937733; UID 10064; state: ENABLED
05-29 10:20:07.501 247 247 D Zygote : Forked child process 1950
05-29 10:20:07.504 476 540 I ActivityManager: app.processName = com.android.remoteprovisioner
05-29 10:20:07.504 476 540 I ActivityManager: Start proc 1950:com.android.remoteprovisioner/u0a64 for broadcast {com.android.remoteprovisioner/com.android.remoteprovisioner.BootReceiver}
05-29 10:20:07.508 476 610 I WifiClientModeImpl: Default Gateway MAC address of 58:c7:ac:78:f0:10 from routes is : 70:3a:a6:36:a8:d7
05-29 10:20:07.519 476 620 D NsdService: Register service
05-29 10:20:07.520 476 620 D NsdService: registerService: 2 name: 192.168.3.132, type: _db_controller._tcp, host: /192.168.3.132, port: 6689, txtRecord: deviceModel=DBBOX-A2romVersion=5.0.0.7findController=1sn=DZOH58251929088mac=20:02:FE:19:C1:FD deviceName=客厅的当贝盒子)deviceId=43a27052f3736d01c6a83619249d7c33deviceModelNumber=H5232 romCode=5007
05-29 10:20:07.520 476 620 D NsdService: mdnssd [register, 2, 192.168.3.132, _db_controller._tcp, 6689, FGRldmljZU1vZGVsPURCQk9YLUEyEnJvbVZlcnNpb249NS4wLjAuNxBmaW5kQ29udHJvbGxlcj0xEnNuPURaT0g1ODI1MTkyOTA4OBVtYWM9MjA6MDI6RkU6MTk6QzE6RkQgZGV2aWNlTmFtZT3lrqLljoXnmoTlvZPotJ3nm5LlrZApZGV2aWNlSWQ9NDNhMjcwNTJmMzczNmQwMWM2YTgzNjE5MjQ5ZDdjMzMXZGV2aWNlTW9kZWxOdW1iZXI9SDUyMzIMcm9tQ29kZT01MDA3]
05-29 10:20:07.521 1950 1950 I Zygote : seccomp disabled by setenforce 0
05-29 10:20:07.524 476 620 D NsdService: Register 2 2
05-29 10:20:07.534 476 610 D WifiConfigStore: Writing to stores completed in 7 ms.
01-01 08:00:29.813 1498 1498 W audit : audit_lost=205 audit_rate_limit=5 audit_backlog_limit=64
01-01 08:00:29.813 1498 1498 E audit : rate limit exceeded
05-29 10:20:07.546 388 412 I adbd : jdwp connection from 1950
05-29 10:20:07.573 476 814 D CompatibilityChangeReporter: Compat change id reported: 168419799; UID 10064; state: DISABLED
05-29 10:20:07.592 664 664 E WifiHAL : wifi_get_link_stats: requestResponse Error:-5
05-29 10:20:07.594 1950 1950 D CompatibilityChangeReporter: Compat change id reported: 171979766; UID 10064; state: ENABLED
05-29 10:20:07.601 476 610 E WifiVendorHal: getWifiLinkLayerStats_1_5_Internal(l.1191) failed {.code = ERROR_INVALID_ARGS, .description = }
05-29 10:20:07.614 1099 1206 E hq : Etna:::sendInspectLauncherUpdate
05-29 10:20:07.614 1099 1099 E hq : listenerNet:::重新来网了 key=image_error isConnect=true
05-29 10:20:07.615 1099 1099 E hq : listenerNet:::重新来网了 key=requestAppWhiteList isConnect=true
05-29 10:20:07.616 1099 1099 E hq : listenerNet:::重新来网了 key=ConfigureInterface:Init isConnect=true
05-29 10:20:07.619 1099 1099 E hq : listenerNet:::重新来网了 key=requestGetMessageRemind isConnect=true
05-29 10:20:07.625 1099 1099 E hq : listenerNet:::重新来网了 key=requestMessageConfig isConnect=true
05-29 10:20:07.626 1099 1448 D yc_test : refreshWeather: null
05-29 10:20:07.633 1049 1063 E ccc : cccccc SystemUpdateHelper launcherUpdate {"launcherCodeLocal":102941,"launcherCodeNet":0,"launcherVersionLocal":"2.9.4.1","launcherVersionNet":"","otaCodeLocal":0,"otaCodeNet":0,"remoteNeedUpdate":false,"updateType":""}
05-29 10:20:07.635 1099 1099 E hq : listenerNet:::重新来网了 key=requestNetAppAdInfo isConnect=true
05-29 10:20:07.635 1099 1099 E hq : listenerNet:::重新来网了 key=requestMessageDialog isConnect=true
05-29 10:20:07.635 1099 1099 I Choreographer: Skipped 57 frames! The application may be doing too much work on its main thread.
05-29 10:20:07.645 1099 1099 E hq : NetWorkStateReceiver:::NetWorkStateReceiver onReceive: 网络变化广播 >>>> intent.action=android.net.conn.CONNECTIVITY_CHANGE
05-29 10:20:07.647 1099 1099 E hq : NetWorkStateReceiver:::Network is available. isConnect=true 是否频次过快=true t=1748485207647
05-29 10:20:07.648 1099 1099 W eventbuscore: post Event:com.dangbei.leard.base.entity.event.NetChangeEvent
05-29 10:20:07.649 1049 1267 I okhttp.OkHttpClient: <-- 200 OK http://tymsgapi.qun7.com/v1/core/logip (405ms, 81-byte body)
05-29 10:20:07.659 1099 1206 D etnaManager: 不需要更新桌面
05-29 10:20:07.669 1049 1267 I HttpUtil: success
05-29 10:20:07.686 1950 1950 V GraphicsEnvironment: ANGLE Developer option for 'com.android.remoteprovisioner' set to: 'default'
05-29 10:20:07.687 1950 1950 V GraphicsEnvironment: Neither updatable production driver nor prerelease driver is supported.
05-29 10:20:07.687 1099 1121 I OpenGLRenderer: Davey! duration=9223372009976ms; Flags=0, FrameTimelineVsyncId=817, IntendedVsync=26877954614, Vsync=27827954576, InputEventId=0, HandleInputStart=27830946512, AnimationStart=27830950554, PerformTraversalsStart=27831146596, DrawStart=27831281346, FrameDeadline=26911287946, FrameInterval=27830887846, FrameStartTime=16666666, SyncQueued=27831491721, SyncStart=27831739012, IssueDrawCommandsStart=27833151304, SwapBuffers=27851944179, FrameCompleted=9223372036854775807, DequeueBufferDuration=49834, QueueBufferDuration=1997500, GpuCompleted=9223372036854775807, SwapBuffersCompleted=27867175804, DisplayPresentTime=0,
05-29 10:20:07.690 1950 1950 D NetworkSecurityConfig: No Network Security Config specified, using platform default
05-29 10:20:07.694 1950 1950 D NetworkSecurityConfig: No Network Security Config specified, using platform default
05-29 10:20:07.712 1950 1950 I RemoteProvisioningBootReceiver: Caught boot intent, waking up.
05-29 10:20:07.714 1049 1913 I okhttp.OkHttpClient: <-- 200 OK http://tyapi.qun7.com/v1/core/launcherota (477ms, unknown-length body)
05-29 10:20:07.722 1049 1916 I okhttp.OkHttpClient: <-- 200 OK http://tyapi.qun7.com/v1/core/launcherota (479ms, unknown-length body)
05-29 10:20:07.727 1049 1912 I okhttp.OkHttpClient: <-- 200 OK http://tymsgapi.qun7.com/v1/core/rom (491ms, unknown-length body)
05-29 10:20:07.739 1049 1049 E ccc : cccccc launcher ota response is BaseResponse{message='success', data=UpgradeInfoEntity{contentLength=0, versionName='', versionCode=0, remark='', list=[]}, code=0}
05-29 10:20:07.740 1049 1049 W System.err: java.lang.IndexOutOfBoundsException: Index: 0, Size: 0
05-29 10:20:07.741 1099 1208 D AppListModel: requestAppFilterList: success
05-29 10:20:07.741 1099 1208 D AppListModel: updateList
05-29 10:20:07.742 1099 1208 D AppListModel: updateList: resetAppList
05-29 10:20:07.743 1049 1049 W System.err: at java.util.ArrayList.get(ArrayList.java:437)
05-29 10:20:07.743 1049 1049 W System.err: at com.dangbei.etna.update.launcher.LauncherUpdateHelper$requestLauncherUpdateInfo$1$2.invoke(LauncherUpdateHelper.kt:198)
05-29 10:20:07.743 1049 1049 W System.err: at com.dangbei.etna.update.launcher.LauncherUpdateHelper$requestLauncherUpdateInfo$1$2.invoke(LauncherUpdateHelper.kt:189)
05-29 10:20:07.743 1049 1049 W System.err: at com.etna.haqu.support.ext.FlowExtKt$safeCollect$3.emit(FlowExt.kt:52)
05-29 10:20:07.743 1049 1049 W System.err: at kotlinx.coroutines.flow.FlowKt__ErrorsKt$catchImpl$2.emit(Errors.kt:158)
05-29 10:20:07.743 1049 1049 W System.err: at kotlinx.coroutines.flow.FlowKt__ChannelsKt.emitAllImpl$FlowKt__ChannelsKt(Channels.kt:62)
05-29 10:20:07.743 1049 1049 W System.err: at kotlinx.coroutines.flow.FlowKt__ChannelsKt.access$emitAllImpl$FlowKt__ChannelsKt(Channels.kt:1)
05-29 10:20:07.743 1049 1049 W System.err: at kotlinx.coroutines.flow.FlowKt__ChannelsKt$emitAllImpl$1.invokeSuspend(Unknown Source:14)
05-29 10:20:07.743 1049 1049 W System.err: at kotlin.coroutines.jvm.internal.BaseContinuationImpl.resumeWith(ContinuationImpl.kt:33)
05-29 10:20:07.743 1049 1049 W System.err: at kotlinx.coroutines.DispatchedTask.run(DispatchedTask.kt:106)
05-29 10:20:07.743 1049 1049 W System.err: at android.os.Handler.handleCallback(Handler.java:938)
05-29 10:20:07.743 1049 1049 W System.err: at android.os.Handler.dispatchMessage(Handler.java:99)
05-29 10:20:07.743 1049 1049 W System.err: at android.os.Looper.loopOnce(Looper.java:201)
05-29 10:20:07.743 1049 1049 W System.err: at android.os.Looper.loop(Looper.java:288)
05-29 10:20:07.743 1049 1049 W System.err: at android.app.ActivityThread.main(ActivityThread.java:7854)
05-29 10:20:07.743 1049 1049 W System.err: at java.lang.reflect.Method.invoke(Native Method)
05-29 10:20:07.743 1049 1049 W System.err: at com.android.internal.os.RuntimeInit$MethodAndArgsCaller.run(RuntimeInit.java:548)
05-29 10:20:07.743 1049 1049 W System.err: at com.android.internal.os.ZygoteInit.main(ZygoteInit.java:1182)
05-29 10:20:07.751 1049 1049 E ccc : cccccc com.dangbei.haqusetting not connect
05-29 10:20:07.751 1049 1049 E ccc : cccccc updateHelper 通知更新
05-29 10:20:07.754 1049 1049 E ccc : cccccc launcher ota response is BaseResponse{message='success', data=UpgradeInfoEntity{contentLength=0, versionName='', versionCode=0, remark='', list=[]}, code=0}
05-29 10:20:07.754 1049 1049 W System.err: java.lang.IndexOutOfBoundsException: Index: 0, Size: 0
05-29 10:20:07.755 1049 1049 W System.err: at java.util.ArrayList.get(ArrayList.java:437)
05-29 10:20:07.755 1049 1049 W System.err: at com.dangbei.etna.update.launcher.LauncherUpdateHelper$requestLauncherUpdateInfo$1$2.invoke(LauncherUpdateHelper.kt:198)
05-29 10:20:07.755 1049 1049 W System.err: at com.dangbei.etna.update.launcher.LauncherUpdateHelper$requestLauncherUpdateInfo$1$2.invoke(LauncherUpdateHelper.kt:189)
05-29 10:20:07.755 1049 1049 W System.err: at com.etna.haqu.support.ext.FlowExtKt$safeCollect$3.emit(FlowExt.kt:52)
05-29 10:20:07.755 1049 1049 W System.err: at kotlinx.coroutines.flow.FlowKt__ErrorsKt$catchImpl$2.emit(Errors.kt:158)
05-29 10:20:07.755 1049 1049 W System.err: at kotlinx.coroutines.flow.FlowKt__ChannelsKt.emitAllImpl$FlowKt__ChannelsKt(Channels.kt:62)
05-29 10:20:07.755 1049 1049 W System.err: at kotlinx.coroutines.flow.FlowKt__ChannelsKt.access$emitAllImpl$FlowKt__ChannelsKt(Channels.kt:1)
05-29 10:20:07.755 1049 1049 W System.err: at kotlinx.coroutines.flow.FlowKt__ChannelsKt$emitAllImpl$1.invokeSuspend(Unknown Source:14)
05-29 10:20:07.755 1049 1049 W System.err: at kotlin.coroutines.jvm.internal.BaseContinuationImpl.resumeWith(ContinuationImpl.kt:33)
05-29 10:20:07.755 1049 1049 W System.err: at kotlinx.coroutines.DispatchedTask.run(DispatchedTask.kt:106)
05-29 10:20:07.755 1049 1049 W System.err: at android.os.Handler.handleCallback(Handler.java:938)
05-29 10:20:07.755 1049 1049 W System.err: at android.os.Handler.dispatchMessage(Handler.java:99)
05-29 10:20:07.755 1049 1049 W System.err: at android.os.Looper.loopOnce(Looper.java:201)
05-29 10:20:07.755 1049 1049 W System.err: at android.os.Looper.loop(Looper.java:288)
05-29 10:20:07.755 1049 1049 W System.err: at android.app.ActivityThread.main(ActivityThread.java:7854)
05-29 10:20:07.755 1049 1049 W System.err: at java.lang.reflect.Method.invoke(Native Method)
05-29 10:20:07.755 1049 1049 W System.err: at com.android.internal.os.RuntimeInit$MethodAndArgsCaller.run(RuntimeInit.java:548)
05-29 10:20:07.755 1049 1049 W System.err: at com.android.internal.os.ZygoteInit.main(ZygoteInit.java:1182)
05-29 10:20:07.759 1049 1049 E ccc : cccccc com.dangbei.haqusetting not connect
05-29 10:20:07.760 1049 1049 E ccc : cccccc updateHelper 通知更新
05-29 10:20:07.768 1049 1917 I okhttp.OkHttpClient: <-- 200 OK http://tymsgapi.qun7.com/v1/core/appupdate (292ms, unknown-length body)
05-29 10:20:07.770 1049 1266 I okhttp.OkHttpClient: <-- 200 OK http://tymsgapi.qun7.com/v1/core/rom (552ms, unknown-length body)
05-29 10:20:07.774 1049 1265 I okhttp.OkHttpClient: <-- 200 OK http://tymsgapi.qun7.com/v1/core/appupdate (422ms, unknown-length body)
