01-01 08:00:10.444 311 311 I pgrep : type=1400 audit(0.0:197): avc: denied { open } for path="/proc/280/stat" dev="proc" ino=8127 scontext=u:r:toolbox:s0 tcontext=u:r:gpuservice:s0 tclass=file permissive=1
01-01 08:00:10.444 311 311 I pgrep : type=1400 audit(0.0:198): avc: denied { getattr } for path="/proc/288" dev="proc" ino=7116 scontext=u:r:toolbox:s0 tcontext=u:r:surfaceflinger:s0 tclass=dir permissive=1
01-01 08:00:10.444 315 315 I xiriservice_All: type=1400 audit(0.0:199): avc: denied { read } for name="lib" dev="mmcblk0p25" ino=19313 scontext=u:r:init:s0 tcontext=u:object_r:app_data_file:s0:c39,c256,c512,c768 tclass=lnk_file permissive=1
01-01 08:00:10.444 311 311 I pgrep : type=1400 audit(0.0:200): avc: denied { search } for name="288" dev="proc" ino=7116 scontext=u:r:toolbox:s0 tcontext=u:r:surfaceflinger:s0 tclass=dir permissive=1
01-01 08:00:10.444 311 311 I pgrep : type=1400 audit(0.0:201): avc: denied { open } for path="/proc/288/stat" dev="proc" ino=8128 scontext=u:r:toolbox:s0 tcontext=u:r:surfaceflinger:s0 tclass=file permissive=1
01-01 08:00:10.444 311 311 I pgrep : type=1400 audit(0.0:202): avc: denied { getattr } for path="/proc/289" dev="proc" ino=8302 scontext=u:r:toolbox:s0 tcontext=u:r:pqd:s0 tclass=dir permissive=1
01-01 08:00:10.476 186 186 I hwservicemanager: getTransport: Cannot find entry android.hardware.bluetooth.audio@2.0::IBluetoothAudioProvidersFactory/default in either framework or device VINTF manifest.
01-01 08:00:10.444 311 311 I pgrep : type=1400 audit(0.0:203): avc: denied { search } for name="289" dev="proc" ino=8302 scontext=u:r:toolbox:s0 tcontext=u:r:pqd:s0 tclass=dir permissive=1
01-01 08:00:10.444 311 311 I pgrep : type=1400 audit(0.0:204): avc: denied { open } for path="/proc/289/stat" dev="proc" ino=8129 scontext=u:r:toolbox:s0 tcontext=u:r:pqd:s0 tclass=file permissive=1
01-01 08:00:10.444 311 311 I pgrep : type=1400 audit(0.0:205): avc: denied { read } for scontext=u:r:toolbox:s0 tcontext=u:r:init:s0 tclass=file permissive=1
01-01 08:00:10.444 315 315 I xiriservice_All: type=1400 audit(0.0:206): avc: denied { search } for name="com.android.htmlviewer" dev="mmcblk0p25" ino=700 scontext=u:r:init:s0 tcontext=u:object_r:app_data_file:s0:c33,c256,c512,c768 tclass=dir permissive=1
01-01 08:00:10.444 311 311 I pgrep : type=1400 audit(0.0:207): avc: denied { open } for path="/proc/307/stat" dev="proc" ino=8130 scontext=u:r:toolbox:s0 tcontext=u:r:init:s0 tclass=file permissive=1
01-01 08:00:10.444 315 315 I xiriservice_All: type=1400 audit(0.0:208): avc: denied { search } for name="com.android.companiondevicemanager" dev="mmcblk0p25" ino=708 scontext=u:r:init:s0 tcontext=u:object_r:app_data_file:s0:c35,c256,c512,c768 tclass=dir permissive=1
01-01 08:00:10.444 315 315 I xiriservice_All: type=1400 audit(0.0:209): avc: denied { search } for name="com.android.internal.systemui.onehanded.gestural" dev="mmcblk0p25" ino=733 scontext=u:r:init:s0 tcontext=u:object_r:app_data_file:s0:c8,c256,c512,c768 tclass=dir permissive=1
01-01 08:00:10.448 315 315 I xiriservice_All: type=1400 audit(0.0:210): avc: denied { search } for name="com.android.simappdialog" dev="mmcblk0p25" ino=773 scontext=u:r:init:s0 tcontext=u:object_r:app_data_file:s0:c50,c256,c512,c768 tclass=dir permissive=1
01-01 08:00:10.448 315 315 I xiriservice_All: type=1400 audit(0.0:211): avc: denied { read } for name="lib" dev="mmcblk0p25" ino=19321 scontext=u:r:init:s0 tcontext=u:object_r:radio_data_file:s0 tclass=lnk_file permissive=1
01-01 08:00:10.448 315 315 I xiriservice_All: type=1400 audit(0.0:212): avc: denied { search } for name="com.android.modulemetadata" dev="mmcblk0p25" ino=791 scontext=u:r:init:s0 tcontext=u:object_r:app_data_file:s0:c58,c256,c512,c768 tclass=dir permissive=1
01-01 08:00:10.448 315 315 I xiriservice_All: type=1400 audit(0.0:213): avc: denied { search } for name="com.google.android.apps.searchlite.overlay" dev="mmcblk0p25" ino=816 scontext=u:r:init:s0 tcontext=u:object_r:app_data_file:s0:c10,c256,c512,c768 tclass=dir permissive=1
01-01 08:00:10.448 315 315 I xiriservice_All: type=1400 audit(0.0:214): avc: denied { search } for name="com.android.internal.systemui.navbar.threebutton" dev="mmcblk0p25" ino=824 scontext=u:r:init:s0 tcontext=u:object_r:app_data_file:s0:c11,c256,c512,c768 tclass=dir permissive=1
01-01 08:00:10.448 315 315 I xiriservice_All: type=1400 audit(0.0:215): avc: denied { search } for name="com.google.android.networkstackconfig" dev="mmcblk0p25" ino=832 scontext=u:r:init:s0 tcontext=u:object_r:app_data_file:s0:c0,c256,c512,c768 tclass=dir permissive=1
01-01 08:00:10.448 319 319 I check_xm_hidraw: type=1400 audit(0.0:216): avc: denied { execute_no_trans } for path="/system/bin/xm_hidread" dev="dm-0" ino=1298 scontext=u:r:init:s0 tcontext=u:object_r:system_file:s0 tclass=file permissive=1
01-01 08:00:10.452 315 315 I xiriservice_All: type=1400 audit(0.0:217): avc: denied { search } for name="com.android.internal.systemui.navbar.gestural_extra_wide_back" dev="mmcblk0p25" ino=909 scontext=u:r:init:s0 tcontext=u:object_r:app_data_file:s0:c2,c256,c512,c768 tclass=dir permissive=1
01-01 08:00:10.452 315 315 I xiriservice_All: type=1400 audit(0.0:218): avc: denied { search } for name="com.android.printspooler" dev="mmcblk0p25" ino=937 scontext=u:r:init:s0 tcontext=u:object_r:app_data_file:s0:c53,c256,c512,c768 tclass=dir permissive=1
01-01 08:00:10.456 315 315 I xiriservice_All: type=1400 audit(0.0:219): avc: denied { read } for name="lib" dev="mmcblk0p25" ino=19338 scontext=u:r:init:s0 tcontext=u:object_r:app_data_file:s0:c53,c256,c512,c768 tclass=lnk_file permissive=1
01-01 08:00:10.456 315 315 I xiriservice_All: type=1400 audit(0.0:220): avc: denied { search } for name="com.android.dreams.basic" dev="mmcblk0p25" ino=945 scontext=u:r:init:s0 tcontext=u:object_r:app_data_file:s0:c42,c256,c512,c768 tclass=dir permissive=1
01-01 08:00:10.456 315 315 I xiriservice_All: type=1400 audit(0.0:221): avc: denied { search } for name="com.android.webview" dev="mmcblk0p25" ino=953 scontext=u:r:init:s0 tcontext=u:object_r:app_data_file:s0:c60,c256,c512,c768 tclass=dir permissive=1
01-01 08:00:10.460 315 315 I xiriservice_All: type=1400 audit(0.0:222): avc: denied { read } for name="lib" dev="mmcblk0p25" ino=19339 scontext=u:r:init:s0 tcontext=u:object_r:app_data_file:s0:c60,c256,c512,c768 tclass=lnk_file permissive=1
01-01 08:00:10.460 315 315 I xiriservice_All: type=1400 audit(0.0:223): avc: denied { search } for name="com.android.printservice.recommendation" dev="mmcblk0p25" ino=1025 scontext=u:r:init:s0 tcontext=u:object_r:app_data_file:s0:c44,c256,c512,c768 tclass=dir permissive=1
01-01 08:00:10.460 315 315 I xiriservice_All: type=1400 audit(0.0:224): avc: denied { search } for name="com.google.android.networkstack.tetheringconfig" dev="mmcblk0p25" ino=1033 scontext=u:r:init:s0 tcontext=u:object_r:app_data_file:s0:c6,c256,c512,c768 tclass=dir permissive=1
01-01 08:00:10.464 315 315 I xiriservice_All: type=1400 audit(0.0:225): avc: denied { search } for name="com.android.theme.font.notoserifsource" dev="mmcblk0p25" ino=1057 scontext=u:r:init:s0 tcontext=u:object_r:app_data_file:s0:c4,c256,c512,c768 tclass=dir permissive=1
01-01 08:00:10.468 315 315 I xiriservice_All: type=1400 audit(0.0:226): avc: denied { search } for name="com.android.soundpicker" dev="mmcblk0p25" ino=1089 scontext=u:r:init:s0 tcontext=u:object_r:app_data_file:s0:c512,c768 tclass=dir permissive=1
01-01 08:00:10.468 315 315 I xiriservice_All: type=1400 audit(0.0:227): avc: denied { search } for name="com.dangbei.lerad.etna.haqu" dev="mmcblk0p25" ino=1097 scontext=u:r:init:s0 tcontext=u:object_r:system_app_data_file:s0 tclass=dir permissive=1
01-01 08:00:10.468 315 315 I xiriservice_All: type=1400 audit(0.0:228): avc: denied { search } for name="com.android.smspush" dev="mmcblk0p25" ino=1113 scontext=u:r:init:s0 tcontext=u:object_r:app_data_file:s0:c69,c256,c512,c768 tclass=dir permissive=1
01-01 08:00:10.472 315 315 I xiriservice_All: type=1400 audit(0.0:229): avc: denied { search } for name="com.tv.filemanager.os" dev="mmcblk0p25" ino=1129 scontext=u:r:init:s0 tcontext=u:object_r:app_data_file:s0:c51,c256,c512,c768 tclass=dir permissive=1
01-01 08:00:10.472 315 315 I xiriservice_All: type=1400 audit(0.0:230): avc: denied { search } for name="com.android.storagemanager" dev="mmcblk0p25" ino=1147 scontext=u:r:init:s0 tcontext=u:object_r:privapp_data_file:s0:c512,c768 tclass=dir permissive=1
01-01 08:00:10.472 315 315 I xiriservice_All: type=1400 audit(0.0:231): avc: denied { search } for name="com.android.bookmarkprovider" dev="mmcblk0p25" ino=1156 scontext=u:r:init:s0 tcontext=u:object_r:app_data_file:s0:c36,c256,c512,c768 tclass=dir permissive=1
01-01 08:00:10.476 315 315 I xiriservice_All: type=1400 audit(0.0:232): avc: denied { search } for name="com.android.cts.ctsshim" dev="mmcblk0p25" ino=1175 scontext=u:r:init:s0 tcontext=u:object_r:app_data_file:s0:c41,c256,c512,c768 tclass=dir permissive=1
01-01 08:00:10.476 315 315 I xiriservice_All: type=1400 audit(0.0:233): avc: denied { search } for name="com.dangbei.lerad.screensaver" dev="mmcblk0p25" ino=1185 scontext=u:r:init:s0 tcontext=u:object_r:app_data_file:s0:c47,c256,c512,c768 tclass=dir permissive=1
01-01 08:00:10.476 315 315 I xiriservice_All: type=1400 audit(0.0:234): avc: denied { read } for name="lib" dev="mmcblk0p25" ino=19361 scontext=u:r:init:s0 tcontext=u:object_r:app_data_file:s0:c47,c256,c512,c768 tclass=lnk_file permissive=1
01-01 08:00:10.476 315 315 I xiriservice_All: type=1400 audit(0.0:235): avc: denied { search } for name="com.android.remoteprovisioner" dev="mmcblk0p25" ino=1193 scontext=u:r:init:s0 tcontext=u:object_r:app_data_file:s0:c64,c256,c512,c768 tclass=dir permissive=1
01-01 08:00:10.476 315 315 I xiriservice_All: type=1400 audit(0.0:236): avc: denied { search } for name="com.softwinner.theme.icon" dev="mmcblk0p25" ino=1201 scontext=u:r:init:s0 tcontext=u:object_r:app_data_file:s0:c7,c256,c512,c768 tclass=dir permissive=1
01-01 08:00:10.476 315 315 I xiriservice_All: type=1400 audit(0.0:237): avc: denied { search } for name="com.android.music" dev="mmcblk0p25" ino=1227 scontext=u:r:init:s0 tcontext=u:object_r:app_data_file:s0:c46,c256,c512,c768 tclass=dir permissive=1
01-01 08:00:10.476 315 315 I xiriservice_All: type=1400 audit(0.0:238): avc: denied { search } for name="com.android.providers.media.module" dev="mmcblk0p25" ino=1259 scontext=u:r:init:s0 tcontext=u:object_r:privapp_data_file:s0:c74,c256,c512,c768 tclass=dir permissive=1
01-01 08:00:10.476 315 315 I xiriservice_All: type=1400 audit(0.0:239): avc: denied { read } for name="lib" dev="mmcblk0p25" ino=19363 scontext=u:r:init:s0 tcontext=u:object_r:privapp_data_file:s0:c74,c256,c512,c768 tclass=lnk_file permissive=1
01-01 08:00:10.480 315 315 I xiriservice_All: type=1400 audit(0.0:240): avc: denied { search } for name="com.softwinner.theme.color" dev="mmcblk0p25" ino=1267 scontext=u:r:init:s0 tcontext=u:object_r:app_data_file:s0:c3,c256,c512,c768 tclass=dir permissive=1
01-01 08:00:10.480 321 321 I init : type=1400 audit(0.0:241): avc: denied { execute } for name="led_switch.sh" dev="dm-1" ino=129 scontext=u:r:init:s0 tcontext=u:object_r:vendor_file:s0 tclass=file permissive=1
01-01 08:00:10.480 315 315 I xiriservice_All: type=1400 audit(0.0:242): avc: denied { read } for name="lib" dev="mmcblk0p25" ino=19364 scontext=u:r:init:s0 tcontext=u:object_r:system_app_data_file:s0 tclass=lnk_file permissive=1
01-01 08:00:10.480 254 254 I HidlServiceManagement: Registered android.hardware.camera.provider@2.4::ICameraProvider/external/0
01-01 08:00:10.481 254 254 I HidlServiceManagement: Removing namespace from process name android.hardware.camera.provider@2.4-external-service to provider@2.4-external-service.
01-01 08:00:10.481 319 319 D XM_HIDREAD: hidread running 0429 d06.
01-01 08:00:10.481 254 254 I LegacySupport: Registration complete for android.hardware.camera.provider@2.4::ICameraProvider/external/0.
01-01 08:00:10.482 319 319 D XM_HIDREAD: addr_len_t:26,addr_len:26
01-01 08:00:10.482 319 319 D XM_HIDREAD: server_socket:4
01-01 08:00:10.482 319 319 D XM_HIDREAD: pthread_join listen_thread before
01-01 08:00:10.484 254 320 I CamPrvdr@2.4-external: threadLoop start monitoring new V4L2 devices
01-01 08:00:10.483 252 252 E LegacySupport: Could not get passthrough implementation for android.hardware.bluetooth.audio@2.0::IBluetoothAudioProvidersFactory/default.
01-01 08:00:10.484 252 252 W audiohalservice: Could not register Bluetooth Audio API
01-01 08:00:10.485 319 325 D XM_HIDREAD: listener_thread has start 4.
01-01 08:00:10.485 319 325 D XM_HIDREAD: accept before.
01-01 08:00:10.480 315 315 I xiriservice_All: type=1400 audit(0.0:243): avc: denied { search } for name="com.android.hotspot2.osulogin" dev="mmcblk0p25" ino=1283 scontext=u:r:init:s0 tcontext=u:object_r:app_data_file:s0:c71,c256,c512,c768 tclass=dir permissive=1
01-01 08:00:10.486 319 324 D XM_HIDREAD: >> start monitor uevent ...
01-01 08:00:10.480 315 315 I xiriservice_All: type=1400 audit(0.0:244): avc: denied { search } for name="com.android.internal.systemui.navbar.gestural" dev="mmcblk0p25" ino=1291 scontext=u:r:init:s0 tcontext=u:object_r:app_data_file:s0:c9,c256,c512,c768 tclass=dir permissive=1
01-01 08:00:10.480 319 319 I xm_hidread: type=1400 audit(0.0:245): avc: denied { create } for scontext=u:r:init:s0 tcontext=u:r:init:s0 tclass=netlink_kobject_uevent_socket permissive=1
01-01 08:00:10.480 319 319 I xm_hidread: type=1400 audit(0.0:246): avc: denied { setopt } for scontext=u:r:init:s0 tcontext=u:r:init:s0 tclass=netlink_kobject_uevent_socket permissive=1
01-01 08:00:10.480 319 319 I xm_hidread: type=1400 audit(0.0:247): avc: denied { bind } for scontext=u:r:init:s0 tcontext=u:r:init:s0 tclass=netlink_kobject_uevent_socket permissive=1
01-01 08:00:10.480 319 319 I xm_hidread: type=1400 audit(0.0:248): avc: denied { read } for scontext=u:r:init:s0 tcontext=u:r:init:s0 tclass=netlink_kobject_uevent_socket permissive=1
01-01 08:00:10.480 321 321 I init : type=1400 audit(0.0:249): avc: denied { execute_no_trans } for path="/vendor/bin/led_switch.sh" dev="dm-1" ino=129 scontext=u:r:init:s0 tcontext=u:object_r:vendor_file:s0 tclass=file permissive=1
01-01 08:00:10.487 186 186 I hwservicemanager: getTransport: Cannot find entry android.hardware.bluetooth.a2dp@1.0::IBluetoothAudioOffload/default in either framework or device VINTF manifest.
01-01 08:00:10.487 252 252 E LegacySupport: Could not get passthrough implementation for android.hardware.bluetooth.a2dp@1.0::IBluetoothAudioOffload/default.
01-01 08:00:10.488 252 252 W audiohalservice: Could not register Bluetooth Audio Offload API
01-01 08:00:10.484 315 315 I xiriservice_All: type=1400 audit(0.0:250): avc: denied { search } for name="com.android.bluetoothmidiservice" dev="mmcblk0p25" ino=1307 scontext=u:r:init:s0 tcontext=u:object_r:app_data_file:s0:c37,c256,c512,c768 tclass=dir permissive=1
01-01 08:00:10.488 315 315 I xiriservice_All: type=1400 audit(0.0:251): avc: denied { search } for name="com.android.traceur" dev="mmcblk0p25" ino=1332 scontext=u:r:init:s0 tcontext=u:object_r:app_data_file:s0:c19,c256,c512,c768 tclass=dir permissive=1
01-01 08:00:10.488 315 315 I xiriservice_All: type=1400 audit(0.0:252): avc: denied { read } for name="lib" dev="mmcblk0p25" ino=19370 scontext=u:r:init:s0 tcontext=u:object_r:bluetooth_data_file:s0 tclass=lnk_file permissive=1
01-01 08:00:10.492 315 315 I xiriservice_All: type=1400 audit(0.0:253): avc: denied { search } for name="com.android.captiveportallogin" dev="mmcblk0p25" ino=1356 scontext=u:r:init:s0 tcontext=u:object_r:app_data_file:s0:c45,c256,c512,c768 tclass=dir permissive=1
01-01 08:00:10.492 315 315 I xiriservice_All: type=1400 audit(0.0:254): avc: denied { search } for name="com.android.internal.systemui.navbar.gestural_narrow_back" dev="mmcblk0p25" ino=1364 scontext=u:r:init:s0 tcontext=u:object_r:app_data_file:s0:c5,c256,c512,c768 tclass=dir permissive=1
01-01 08:00:10.492 315 315 I xiriservice_All: type=1400 audit(0.0:255): avc: denied { search } for name="android.auto_generated_rro_vendor__" dev="mmcblk0p25" ino=1372 scontext=u:r:init:s0 tcontext=u:object_r:app_data_file:s0:c12,c256,c512,c768 tclass=dir permissive=1
01-01 08:00:10.492 315 315 I xiriservice_All: type=1400 audit(0.0:256): avc: denied { search } for name="com.dangbei.hqmedia" dev="mmcblk0p25" ino=5001 scontext=u:r:init:s0 tcontext=u:object_r:app_data_file:s0:c76,c256,c512,c768 tclass=dir permissive=1
01-01 08:00:10.496 315 315 I xiriservice_All: type=1400 audit(0.0:257): avc: denied { read } for name="lib" dev="mmcblk0p25" ino=19345 scontext=u:r:init:s0 tcontext=u:object_r:app_data_file:s0:c76,c256,c512,c768 tclass=lnk_file permissive=1
01-01 08:00:10.508 321 321 I led_switch.sh: type=1400 audit(0.0:258): avc: denied { add_name } for name="led_swith.txt" scontext=u:r:init:s0 tcontext=u:object_r:shell_data_file:s0 tclass=dir permissive=1 bug=b/77873135
01-01 08:00:10.508 321 321 I led_switch.sh: type=1400 audit(0.0:259): avc: denied { create } for name="led_swith.txt" scontext=u:r:init:s0 tcontext=u:object_r:shell_data_file:s0 tclass=file permissive=1 bug=b/77873135
01-01 08:00:10.511 247 247 D AndroidRuntime: >>>>>> START com.android.internal.os.ZygoteInit uid 0 <<<<<<
01-01 08:00:10.508 321 321 I led_switch.sh: type=1400 audit(0.0:260): avc: denied { write } for name="led_swith.txt" dev="mmcblk0p25" ino=220 scontext=u:r:init:s0 tcontext=u:object_r:shell_data_file:s0 tclass=file permissive=1 bug=b/77873135
01-01 08:00:10.508 321 321 I led_switch.sh: type=1400 audit(0.0:261): avc: denied { open } for path="/data/local/tmp/led_swith.txt" dev="mmcblk0p25" ino=220 scontext=u:r:init:s0 tcontext=u:object_r:shell_data_file:s0 tclass=file permissive=1 bug=b/77873135
01-01 08:00:10.516 326 326 I led_switch.sh: type=1400 audit(0.0:262): avc: denied { execute_no_trans } for path="/vendor/bin/toolbox" dev="dm-1" ino=229 scontext=u:r:init:s0 tcontext=u:object_r:vendor_toolbox_exec:s0 tclass=file permissive=1
01-01 08:00:10.560 288 288 E cutils-trace: Error opening trace file: No such file or directory (2)
01-01 08:00:10.561 186 186 I hwservicemanager: getTransport: Cannot find entry android.hardware.configstore@1.0::ISurfaceFlingerConfigs/default in either framework or device VINTF manifest.
01-01 08:00:10.568 315 315 D XiriService: read SYSTEM APP lib
01-01 08:00:10.568 247 247 I AndroidRuntime: Using default boot image
01-01 08:00:10.568 247 247 I AndroidRuntime: Leaving lock profiling enabled
01-01 08:00:10.569 288 288 I SurfaceFlinger: Using HWComposer service: default
01-01 08:00:10.569 288 288 I SurfaceFlinger: SurfaceFlinger is starting
01-01 08:00:10.570 186 186 I hwservicemanager: getTransport: Cannot find entry android.hardware.configstore@1.1::ISurfaceFlingerConfigs/default in either framework or device VINTF manifest.
01-01 08:00:10.571 330 330 D DONGLE_SERVICE: ble_rc_service version is 2.0.26601
01-01 08:00:10.571 330 330 D DONGLE_SERVICE: init command center ...
01-01 08:00:10.572 330 330 D DONGLE_SERVICE: trying to scan for smart ctrl hidraw...
01-01 08:00:10.572 330 330 D DONGLE_SERVICE: command center, start working...
01-01 08:00:10.572 288 288 I SurfaceFlinger: Disabling blur effects, they are not supported.
01-01 08:00:10.572 330 331 D DONGLE_SERVICE: >> start monitor uevent ...
01-01 08:00:10.574 247 247 E cutils-trace: Error opening trace file: No such file or directory (2)
01-01 08:00:10.575 270 270 I FastMixerState: sMaxFastTracks = 8
01-01 08:00:10.578 247 247 I zygote : option[0]=-Xzygote
01-01 08:00:10.578 247 247 I zygote : option[1]=-Xdeny-art-apex-data-files
01-01 08:00:10.578 247 247 I zygote : option[2]=exit
01-01 08:00:10.578 247 247 I zygote : option[3]=vfprintf
01-01 08:00:10.576 315 315 I xiriservice_All: type=1400 audit(0.0:263): avc: denied { watch } for path="/data/data" dev="mmcblk0p25" ino=87 scontext=u:r:init:s0 tcontext=u:object_r:system_data_file:s0:c512,c768 tclass=dir permissive=1
01-01 08:00:10.578 247 247 I zygote : option[5]=-verbose:gc
01-01 08:00:10.578 247 247 I zygote : option[6]=-XX:PerfettoHprof=true
01-01 08:00:10.578 247 247 I zygote : option[7]=-XX:PerfettoJavaHeapStackProf=true
01-01 08:00:10.578 247 247 I zygote : option[8]=-Xprimaryzygote
01-01 08:00:10.578 247 247 I zygote : option[9]=-Xms5m
01-01 08:00:10.578 247 247 I zygote : option[10]=-Xmx512m
01-01 08:00:10.578 247 247 I zygote : option[11]=-XX:HeapGrowthLimit=256m
01-01 08:00:10.578 247 247 I zygote : option[12]=-XX:HeapMinFree=512k
01-01 08:00:10.578 247 247 I zygote : option[13]=-XX:HeapMaxFree=8m
01-01 08:00:10.578 247 247 I zygote : option[14]=-XX:HeapTargetUtilization=0.75
01-01 08:00:10.578 247 247 I zygote : option[15]=-Xusejit:true
01-01 08:00:10.578 247 247 I zygote : option[16]=-Xjitsaveprofilinginfo
01-01 08:00:10.578 247 247 I zygote : option[17]=-XMadviseWillNeedVdexFileSize:104857600
01-01 08:00:10.578 247 247 I zygote : option[18]=-XMadviseWillNeedOdexFileSize:104857600
01-01 08:00:10.578 247 247 I zygote : option[19]=-XMadviseWillNeedArtFileSize:4294967295
01-01 08:00:10.578 247 247 I zygote : option[20]=-XjdwpOptions:suspend=n,server=y
01-01 08:00:10.578 247 247 I zygote : option[21]=-XjdwpProvider:default
01-01 08:00:10.578 247 247 I zygote : option[22]=-Xopaque-jni-ids:swapable
01-01 08:00:10.578 247 247 I zygote : option[23]=-Xcompiler-option
01-01 08:00:10.578 247 247 I zygote : option[24]=--instruction-set-variant=cortex-a7
01-01 08:00:10.578 247 247 I zygote : option[25]=-Xcompiler-option
01-01 08:00:10.578 247 247 I zygote : option[26]=--instruction-set-features=default
01-01 08:00:10.578 247 247 I zygote : option[27]=-Xcompiler-option
01-01 08:00:10.578 247 247 I zygote : option[28]=--generate-mini-debug-info
01-01 08:00:10.578 247 247 I zygote : option[29]=-Ximage-compiler-option
01-01 08:00:10.579 247 247 I zygote : option[30]=--runtime-arg
01-01 08:00:10.579 247 247 I zygote : option[31]=-Ximage-compiler-option
01-01 08:00:10.579 247 247 I zygote : option[32]=-Xms64m
01-01 08:00:10.579 247 247 I zygote : option[33]=-Ximage-compiler-option
01-01 08:00:10.579 247 247 I zygote : option[34]=--runtime-arg
01-01 08:00:10.579 247 247 I zygote : option[35]=-Ximage-compiler-option
01-01 08:00:10.579 247 247 I zygote : option[36]=-Xmx64m
01-01 08:00:10.579 247 247 I zygote : option[37]=-Ximage-compiler-option
01-01 08:00:10.579 247 247 I zygote : option[38]=--dirty-image-objects=/system/etc/dirty-image-objects
01-01 08:00:10.579 247 247 I zygote : option[39]=-Ximage-compiler-option
01-01 08:00:10.579 247 247 I zygote : option[40]=--instruction-set-variant=cortex-a7
01-01 08:00:10.579 247 247 I zygote : option[41]=-Ximage-compiler-option
01-01 08:00:10.579 247 247 I zygote : option[42]=--instruction-set-features=default
01-01 08:00:10.579 247 247 I zygote : option[43]=-Ximage-compiler-option
01-01 08:00:10.579 247 247 I zygote : option[44]=--generate-mini-debug-info
01-01 08:00:10.579 247 247 I zygote : option[45]=-Duser.locale=zh-CN
01-01 08:00:10.579 247 247 I zygote : option[46]=--cpu-abilist=armeabi-v7a,armeabi
01-01 08:00:10.579 247 247 I zygote : option[47]=-Xfingerprint:Dangbei/raven/raven:12/SP1A.211105.004/20250529.095553:user/release-keys
01-01 08:00:10.580 288 288 I SurfaceFlinger: SurfaceFlinger's main thread ready to run. Initializing graphics H/W...
01-01 08:00:10.580 288 288 D RenderEngine: RenderEngine with GLES Backend
01-01 08:00:10.587 270 270 V MediaUtils: physMem: 2055442432
01-01 08:00:10.587 270 270 V MediaUtils: requested limit: 411088480
01-01 08:00:10.587 270 270 I libc : malloc_limit: Allocation limit enabled, max size 411088480 bytes
01-01 08:00:10.588 270 270 I audioserver: ServiceManager: 0xe81a0420
01-01 08:00:10.589 270 270 W BatteryNotifier: batterystats service unavailable!
01-01 08:00:10.590 270 270 E cutils-trace: Error opening trace file: No such file or directory (2)
01-01 08:00:10.600 247 247 W zygote : ART APEX data files are untrusted.
01-01 08:00:10.596 332 332 I rainbow_flow: type=1400 audit(0.0:264): avc: denied { write } for name="spidev1.0" dev="tmpfs" ino=2489 scontext=u:r:init:s0 tcontext=u:object_r:device:s0 tclass=chr_file permissive=1
01-01 08:00:10.596 332 332 I rainbow_flow: type=1400 audit(0.0:265): avc: denied { open } for path="/dev/spidev1.0" dev="tmpfs" ino=2489 scontext=u:r:init:s0 tcontext=u:object_r:device:s0 tclass=chr_file permissive=1
01-01 08:00:10.596 332 332 I rainbow_flow: type=1400 audit(0.0:266): avc: denied { ioctl } for path="/dev/spidev1.0" dev="tmpfs" ino=2489 ioctlcmd=0x6b01 scontext=u:r:init:s0 tcontext=u:object_r:device:s0 tclass=chr_file permissive=1
01-01 08:00:10.636 334 334 I bootstat: Service started: /system/bin/bootstat --set_system_boot_reason
01-01 08:00:10.640 334 334 I bootstat: Canonical boot reason: reboot
01-01 08:00:10.640 334 334 I bootstat: Canonical boot reason: reboot
01-01 08:00:10.680 1 1 W FAT-fs (mmcblk0p24): Volume was not properly unmounted. Some data may be corrupt. Please run fsck.
01-01 08:00:10.679 270 270 I ServiceManager: Waiting for service 'media.metrics' on '/dev/binder'...
01-01 08:00:10.702 334 334 E bootstat: Failed to read /metadata/bootstat/persist.sys.boot.reason: No such file or directory
01-01 08:00:10.702 334 334 I bootstat: Value of persist.sys.boot.reason :
01-01 08:00:10.702 334 334 I bootstat: Normalized last reboot reason : reboot
01-01 08:00:10.700 265 265 I EventThread: type=1400 audit(0.0:267): avc: denied { search } for name="extcon" dev="sysfs" ino=18109 scontext=u:r:hal_tv_cec_default:s0 tcontext=u:object_r:sysfs_extcon:s0 tclass=dir permissive=1
01-01 08:00:10.700 265 265 I EventThread: type=1400 audit(0.0:268): avc: denied { read } for name="u:object_r:default_prop:s0" dev="tmpfs" ino=2147 scontext=u:r:hal_tv_cec_default:s0 tcontext=u:object_r:default_prop:s0 tclass=file permissive=1
01-01 08:00:10.700 265 265 I EventThread: type=1400 audit(0.0:269): avc: denied { open } for path="/dev/__properties__/u:object_r:default_prop:s0" dev="tmpfs" ino=2147 scontext=u:r:hal_tv_cec_default:s0 tcontext=u:object_r:default_prop:s0 tclass=file permissive=1
01-01 08:00:10.700 265 265 I EventThread: type=1400 audit(0.0:270): avc: denied { getattr } for path="/dev/__properties__/u:object_r:default_prop:s0" dev="tmpfs" ino=2147 scontext=u:r:hal_tv_cec_default:s0 tcontext=u:object_r:default_prop:s0 tclass=file permissive=1
01-01 08:00:10.700 265 265 I EventThread: type=1400 audit(0.0:271): avc: denied { map } for path="/dev/__properties__/u:object_r:default_prop:s0" dev="tmpfs" ino=2147 scontext=u:r:hal_tv_cec_default:s0 tcontext=u:object_r:default_prop:s0 tclass=file permissive=1
01-01 08:00:10.716 334 334 E bootstat: Failed to unlink /metadata/bootstat/persist.sys.boot.reason: No such file or directory
01-01 08:00:10.716 332 332 I rainbow_flow: type=1400 audit(0.0:272): avc: denied { ioctl } for path="/dev/spidev1.0" dev="tmpfs" ino=2489 ioctlcmd=0x6b00 scontext=u:r:init:s0 tcontext=u:object_r:device:s0 tclass=chr_file permissive=1
01-01 08:00:10.739 341 341 I perfetto: probes.cc:84 Starting /system/bin/traced_probes service
01-01 08:00:10.741 341 345 I perfetto: _activity_trigger.cc:71 mm_events ftrace instance not found. Triggering of traces on memory pressure will not be available on this device.
01-01 08:00:10.749 341 341 I perfetto: probes_producer.cc:129 Disconnected from tracing service
01-01 08:00:10.748 343 343 I preloaddata: type=1400 audit(0.0:273): avc: denied { write search } for name="tmp" dev="mmcblk0p25" ino=85 scontext=u:r:toolbox:s0 tcontext=u:object_r:shell_data_file:s0 tclass=dir permissive=1
01-01 08:00:10.748 343 343 I preloaddata: type=1400 audit(0.0:274): avc: denied { getattr } for path="/data/local/tmp" dev="mmcblk0p25" ino=85 scontext=u:r:toolbox:s0 tcontext=u:object_r:shell_data_file:s0 tclass=dir permissive=1
01-01 08:00:10.768 330 330 I xiriservice_All: type=1400 audit(0.0:275): avc: denied { read } for scontext=u:r:init:s0 tcontext=u:r:init:s0 tclass=netlink_kobject_uevent_socket permissive=1
01-01 08:00:10.773 342 342 W perfetto: service.cc:207 Started traced, listening on /dev/socket/traced_producer /dev/socket/traced_consumer
01-01 08:00:10.778 169 169 I WCN : marlin_init entry!
01-01 08:00:10.776 319 324 D XM_HIDREAD: add@ add@/devices/platform/uwe_bsp.0/wakeup/wakeup8
01-01 08:00:10.780 169 169 I WCN : unisoc wcn driver version: W25.22.4, build time: May 29 2025 09:54:54 (UTC)
01-01 08:00:10.780 169 169 I WCN : wcn config keep power on
01-01 08:00:10.780 169 169 I WCN : wcn config bt wake host
01-01 08:00:10.781 169 169 I WCN : marlin_registsr_bt_wake bt_hostwake gpio=208 intnum=237
01-01 08:00:10.782 169 169 I sdiohal : sdiohal_parse_dt adma_tx:1, adma_rx:1, pwrseq:0, irq type:data, gpio_num:0, blksize:840
01-01 08:00:10.789 319 324 D XM_HIDREAD: add@ add@/class/slog_wcn
01-01 08:00:10.785 169 169 E sdiohal err: sdio, BITS =64, PageSize =4096, order=6, 3
01-01 08:00:10.794 169 169 I sdiohal : sdiohal_init ok
01-01 08:00:10.791 319 324 D XM_HIDREAD: add@ add@/devices/virtual/slog_wcn/slog_wcn0
01-01 08:00:10.792 319 324 D XM_HIDREAD: add@ add@/devices/virtual/slog_wcn/slog_wcn1
01-01 08:00:10.792 319 324 D XM_HIDREAD: add@ add@/devices/virtual/misc/wcn_op
01-01 08:00:10.798 169 169 I WCN : marlin_probe ok!
01-01 08:00:10.794 319 324 D XM_HIDREAD: add@ add@/bus/platform/drivers/uwe_bsp
01-01 08:00:10.795 319 324 D XM_HIDREAD: add@ add@/module/uwe5621_bsp_sdio
01-01 08:00:10.800 288 288 D libEGL : loaded /vendor/lib/egl/libGLES_mali.so
01-01 08:00:10.831 319 324 D XM_HIDREAD: add@ add@/devices/platform/mtty.0
01-01 08:00:10.832 169 169 E : uwe5621_bt_tty_init
01-01 08:00:10.834 319 324 D XM_HIDREAD: add@ add@/devices/virtual/tty/ttyBT0
01-01 08:00:10.839 169 169 E : mtty_probe unisoc soc, continue
01-01 08:00:10.843 169 169 I : mtty_probe init device addr: 0x000000006c1b2102
01-01 08:00:10.849 169 169 E : rfkill_bluetooth_init
01-01 08:00:10.848 319 324 D XM_HIDREAD: add@ add@/devices/platform/mtty.0/rfkill/rfkill1
01-01 08:00:10.856 169 169 E : rfkill_bluetooth_init end
01-01 08:00:10.861 169 169 E : marlin_sdio_init
01-01 08:00:10.860 319 324 D XM_HIDREAD: add@ add@/bus/platform/drivers/mtty
01-01 08:00:10.860 319 324 D XM_HIDREAD: add@ add@/module/sprdbt_tty
01-01 08:00:10.861 288 288 I RenderEngine: Realtime priority unsupported, degrading gracefully to high priority
01-01 08:00:10.936 1 1 I init : type=1400 audit(0.0:276): avc: denied { read } for name="ext_csd" dev="debugfs" ino=6205 scontext=u:r:init:s0 tcontext=u:object_r:debugfs_mmc:s0 tclass=file permissive=1
01-01 08:00:10.936 1 1 I init : type=1400 audit(0.0:277): avc: denied { open } for path="/sys/kernel/debug/mmc0/mmc0:0001/ext_csd" dev="debugfs" ino=6205 scontext=u:r:init:s0 tcontext=u:object_r:debugfs_mmc:s0 tclass=file permissive=1
01-01 08:00:10.963 360 360 I installd: installd firing up
01-01 08:00:11.019 186 186 I hwservicemanager: getTransport: Cannot find entry android.hardware.graphics.mapper@4.0::IMapper/default in either framework or device VINTF manifest.
01-01 08:00:11.021 288 288 I Gralloc4: mapper 4.x is not supported
01-01 08:00:11.022 186 186 I hwservicemanager: getTransport: Cannot find entry android.hardware.graphics.mapper@3.0::IMapper/default in either framework or device VINTF manifest.
01-01 08:00:11.022 288 288 W Gralloc3: mapper 3.x is not supported
01-01 08:00:11.032 366 366 I storaged: type=1400 audit(0.0:278): avc: denied { read } for path="/sys/kernel/debug/mmc0/mmc0:0001/ext_csd" dev="debugfs" ino=6205 scontext=u:r:storaged:s0 tcontext=u:object_r:debugfs_mmc:s0 tclass=file permissive=1
01-01 08:00:11.048 332 332 I rainbow_flow: type=1400 audit(0.0:279): avc: denied { ioctl } for path="/dev/spidev1.0" dev="tmpfs" ino=2489 ioctlcmd=0x6b00 scontext=u:r:init:s0 tcontext=u:object_r:device:s0 tclass=chr_file permissive=1
01-01 08:00:11.049 341 341 I perfetto: probes_producer.cc:112 Connected to the service
01-01 08:00:11.070 288 288 E gralloc : Arm Module v1.0
01-01 08:00:11.085 186 186 I hwservicemanager: getTransport: Cannot find entry android.hardware.graphics.allocator@4.0::IAllocator/default in either framework or device VINTF manifest.
01-01 08:00:11.086 288 288 W Gralloc4: allocator 4.x is not supported
01-01 08:00:11.094 186 186 I hwservicemanager: getTransport: Cannot find entry android.hardware.graphics.allocator@3.0::IAllocator/default in either framework or device VINTF manifest.
01-01 08:00:11.100 288 288 W Gralloc3: allocator 3.x is not supported
01-01 08:00:11.129 260 297 E ion : ioctl c0044901 failed with code -1: Inappropriate ioctl for device
01-01 08:00:11.130 260 297 I gralloc : alloc buffer:W:1 H:1 S:16 PL[1 1] SZ:64 fmt:1 if:0 af:1 usg:300 fg:00000004
01-01 08:00:11.131 288 288 E ion : ioctl c0044901 failed with code -1: Inappropriate ioctl for device
01-01 08:00:11.132 288 288 I RenderEngine: OpenGL ES informations:
01-01 08:00:11.133 288 288 I RenderEngine: vendor : ARM
01-01 08:00:11.133 288 288 I RenderEngine: renderer : Mali-G31
01-01 08:00:11.133 288 288 I RenderEngine: version : OpenGL ES 3.2 v1.r20p0-01rel0.9f6475d0baffb05079096179e1278b1d
01-01 08:00:11.133 288 288 I RenderEngine: extensions: GL_EXT_debug_marker GL_ARM_rgba8 GL_ARM_mali_shader_binary GL_OES_depth24 GL_OES_depth_texture GL_OES_depth_texture_cube_map GL_OES_packed_depth_stencil GL_OES_rgb8_rgba8 GL_EXT_read_format_bgra GL_OES_compressed_paletted_texture GL_OES_compressed_ETC1_RGB8_texture GL_OES_standard_derivatives GL_OES_EGL_image GL_OES_EGL_image_external GL_OES_EGL_image_external_essl3 GL_OES_EGL_sync GL_OES_texture_npot GL_OES_vertex_half_float GL_OES_required_internalformat GL_OES_vertex_array_object GL_OES_mapbuffer GL_EXT_texture_format_BGRA8888 GL_EXT_texture_rg GL_EXT_texture_type_2_10_10_10_REV GL_OES_fbo_render_mipmap GL_OES_element_index_uint GL_EXT_shadow_samplers GL_OES_texture_compression_astc GL_KHR_texture_compression_astc_ldr GL_KHR_texture_compression_astc_hdr GL_KHR_texture_compression_astc_sliced_3d GL_EXT_texture_compression_astc_decode_mode GL_EXT_texture_compression_astc_decode_mode_rgb9e5 GL_KHR_debug GL_EXT_occlusion_query_boolean GL_EXT_disjoint_timer_query GL_EXT_blend_minmax GL_EXT_discard_
01-01 08:00:11.134 288 288 I RenderEngine: GL_MAX_TEXTURE_SIZE = 8192
01-01 08:00:11.134 288 288 I RenderEngine: GL_MAX_VIEWPORT_DIMS = 8192
01-01 08:00:11.134 288 288 W libprocessgroup: Failed to open /dev/cpuset/system-background/tasks: Permission denied: Permission denied
01-01 08:00:11.134 288 288 W libprocessgroup: Failed to apply SFMainPolicy task profile: Permission denied
01-01 08:00:11.136 1 1 I init : type=1400 audit(0.0:280): avc: denied { add_name } for name="panic" scontext=u:r:init:s0 tcontext=u:object_r:sysfs:s0 tclass=dir permissive=1
01-01 08:00:11.143 186 186 I hwservicemanager: getTransport: Cannot find entry android.hardware.graphics.mapper@4.0::IMapper/default in either framework or device VINTF manifest.
01-01 08:00:11.144 261 261 I ComposerResources: failed to get mapper 4.0 service, falling back to mapper 3.0
01-01 08:00:11.144 186 186 I hwservicemanager: getTransport: Cannot find entry android.hardware.graphics.mapper@3.0::IMapper/default in either framework or device VINTF manifest.
01-01 08:00:11.145 261 261 I ComposerResources: failed to get mapper 3.0 service, falling back to mapper 2.0
01-01 08:00:11.149 261 261 E gralloc : Arm Module v1.0
01-01 08:00:11.156 261 261 I sunxihwc: createDeviceFactory: IDeviceFactory from hardware/aw/display/hwc-hal/disp2/HomletDeviceFactory.cpp
01-01 08:00:11.156 261 261 I sunxihwc: Device name: raven
01-01 08:00:11.158 261 261 D sunxihwc: Device config file: /vendor/etc/dispconfigs/homlet-default.json
01-01 08:00:11.159 261 261 D sunxihwc: Parse 'Display0' config
01-01 08:00:11.160 261 261 D sunxihwc: Parse 'Display1' config
01-01 08:00:11.164 261 385 I sunxihwc: threadLoop: EventThread start
01-01 08:00:11.171 261 261 I HidlServiceManagement: Registered vendor.display.config@1.0::IDisplayConfig/default
01-01 08:00:11.171 261 261 D android.hardware.graphics.composer@2.2-service: IDisplayConfig register: ok
01-01 08:00:11.171 261 261 I sunxihwc: initialize: DisplayConfigService init: ok
01-01 08:00:11.171 261 261 D sunxihwc: setHotplugState: mbHotplug = 1
01-01 08:00:11.171 261 261 E sunxihwc: notifyDeviceChanged: DeviceChangedListener not register yet!
01-01 08:00:11.171 261 261 I sunxihwc: setVendorInterface: register IVendorInterface: 0xe8e1d310
01-01 08:00:11.171 261 261 D sunxihwc: HAL device config file: /vendor/etc/dispconfigs/homlet-default.json
01-01 08:00:11.171 261 261 D sunxihwc: Displays (2 entries)
01-01 08:00:11.171 261 261 D sunxihwc: + Display{id=0, framebuffer=1920x1080(override=1), dpi=160x160}
01-01 08:00:11.171 261 261 D sunxihwc: DisplayEnginePortId=0
01-01 08:00:11.171 261 261 D sunxihwc: InterfaceType=HDMI
01-01 08:00:11.171 261 261 D sunxihwc: DefaultOutputMode=0
01-01 08:00:11.171 261 261 D sunxihwc: HotplugSupported=0
01-01 08:00:11.171 261 261 D sunxihwc: AfbcSupported=0
01-01 08:00:11.171 261 261 D sunxihwc: HardwareRotateSupported=0
01-01 08:00:11.171 261 261 D sunxihwc: BandwidthLimited=338800 Bytes per frame
01-01 08:00:11.171 261 261 D sunxihwc: + Display{id=1, framebuffer=1920x1080(override=1), dpi=160x160}
01-01 08:00:11.171 261 261 D sunxihwc: DisplayEnginePortId=1
01-01 08:00:11.171 261 261 D sunxihwc: InterfaceType=CVBS
01-01 08:00:11.171 261 261 D sunxihwc: DefaultOutputMode=0
01-01 08:00:11.171 261 261 D sunxihwc: HotplugSupported=0
01-01 08:00:11.171 261 261 D sunxihwc: AfbcSupported=0
01-01 08:00:11.171 261 261 D sunxihwc: HardwareRotateSupported=0
01-01 08:00:11.171 261 261 D sunxihwc: BandwidthLimited=338800 Bytes per frame
01-01 08:00:11.171 261 261 W sunxihwc: bringupDevices: display.1 was off, request type 2, try to bringup it!
01-01 08:00:11.171 261 261 I sunxihwc: scanConnectedDevice: wait for device connect
01-01 08:00:11.173 261 386 W displayd: xxxxxxx: threadedStartup begin
01-01 08:00:11.173 261 386 I sunxihwc: Device name: raven
01-01 08:00:11.174 261 386 D sunxihwc: Device config file: /vendor/etc/dispconfigs/homlet-default.json
01-01 08:00:11.175 261 386 D sunxihwc: Parse 'Display0' config
01-01 08:00:11.175 261 386 D sunxihwc: Parse 'Display1' config
01-01 08:00:11.175 261 386 W displayd: xxxxxxx: HAL device config file: /vendor/etc/dispconfigs/homlet-default.json
01-01 08:00:11.175 261 386 W displayd: Displays (2 entries)
01-01 08:00:11.175 261 386 W displayd: + Display{id=0, framebuffer=1920x1080(override=1), dpi=160x160}
01-01 08:00:11.175 261 386 W displayd: DisplayEnginePortId=0
01-01 08:00:11.175 261 386 W displayd: InterfaceType=HDMI
01-01 08:00:11.175 261 386 W displayd: DefaultOutputMode=0
01-01 08:00:11.175 261 386 W displayd: HotplugSupported=0
01-01 08:00:11.175 261 386 W displayd: AfbcSupported=0
01-01 08:00:11.175 261 386 W displayd: HardwareRotateSupported=0
01-01 08:00:11.175 261 386 W displayd: BandwidthLimited=338800 Bytes per frame
01-01 08:00:11.175 261 386 W displayd: + Display{id=1, framebuffer=1920x1080(override=1), dpi=160x160}
01-01 08:00:11.175 261 386 W displayd: DisplayEnginePortId=1
01-01 08:00:11.175 261 386 W displayd: InterfaceType=CVBS
01-01 08:00:11.175 261 386 W displayd: DefaultOutputMode=0
01-01 08:00:11.175 261 386 W displayd: HotplugSupported=0
01-01 08:00:11.175 261 386 W displayd: AfbcSupported=0
01-01 08:00:11.175 261 386 W displayd: HardwareRotateSupported=0
01-01 08:00:11.175 261 386 W displayd: BandwidthLimited=338800 Bytes per frame
01-01 08:00:11.172 261 261 I MQ-Thread: type=1400 audit(0.0:281): avc: denied { read } for name="u:object_r:system_prop:s0" dev="tmpfs" ino=2274 scontext=u:r:hal_graphics_composer_default:s0 tcontext=u:object_r:system_prop:s0 tclass=file permissive=1
01-01 08:00:11.172 261 261 I MQ-Thread: type=1400 audit(0.0:282): avc: denied { open } for path="/dev/__properties__/u:object_r:system_prop:s0" dev="tmpfs" ino=2274 scontext=u:r:hal_graphics_composer_default:s0 tcontext=u:object_r:system_prop:s0 tclass=file permissive=1
01-01 08:00:11.172 261 261 I MQ-Thread: type=1400 audit(0.0:283): avc: denied { getattr } for path="/dev/__properties__/u:object_r:system_prop:s0" dev="tmpfs" ino=2274 scontext=u:r:hal_graphics_composer_default:s0 tcontext=u:object_r:system_prop:s0 tclass=file permissive=1
01-01 08:00:11.172 261 261 I MQ-Thread: type=1400 audit(0.0:284): avc: denied { map } for path="/dev/__properties__/u:object_r:system_prop:s0" dev="tmpfs" ino=2274 scontext=u:r:hal_graphics_composer_default:s0 tcontext=u:object_r:system_prop:s0 tclass=file permissive=1
01-01 08:00:11.177 261 386 W displayd: xxxxxxx: display output policy: dual
01-01 08:00:11.177 261 386 W displayd: xxxxxxx: Display.0 output type: 4
01-01 08:00:11.177 261 386 W displayd: xxxxxxx: Display.1 output type: 2
01-01 08:00:11.177 261 386 W displayd: xxxxxxx: createDevice: type=4 on port 0
01-01 08:00:11.177 268 268 I display.output-service: platform is homlet
01-01 08:00:11.172 261 261 I MQ-Thread: type=1400 audit(0.0:285): avc: denied { read } for name="u:object_r:default_prop:s0" dev="tmpfs" ino=2147 scontext=u:r:hal_graphics_composer_default:s0 tcontext=u:object_r:default_prop:s0 tclass=file permissive=1
01-01 08:00:11.176 261 261 I MQ-Thread: type=1400 audit(0.0:286): avc: denied { open } for path="/dev/__properties__/u:object_r:default_prop:s0" dev="tmpfs" ino=2147 scontext=u:r:hal_graphics_composer_default:s0 tcontext=u:object_r:default_prop:s0 tclass=file permissive=1
01-01 08:00:11.179 185 185 I servicemanager: Found vendor.display.output.IDisplayOutputManager/default in device VINTF manifest.
01-01 08:00:11.176 261 261 I MQ-Thread: type=1400 audit(0.0:287): avc: denied { getattr } for path="/dev/__properties__/u:object_r:default_prop:s0" dev="tmpfs" ino=2147 scontext=u:r:hal_graphics_composer_default:s0 tcontext=u:object_r:default_prop:s0 tclass=file permissive=1
01-01 08:00:11.176 261 261 I MQ-Thread: type=1400 audit(0.0:288): avc: denied { map } for path="/dev/__properties__/u:object_r:default_prop:s0" dev="tmpfs" ino=2147 scontext=u:r:hal_graphics_composer_default:s0 tcontext=u:object_r:default_prop:s0 tclass=file permissive=1
01-01 08:00:11.179 261 386 W displayd: xxxxxxx: Device hdmi init
01-01 08:00:11.179 261 386 W displayd: xxxxxxx: createDevice: type=2 on port 1
01-01 08:00:11.180 261 386 W displayd: xxxxxxx: Device cvbs init
01-01 08:00:11.180 261 386 W displayd: xxxxxxx: Initizlize display device mapping
01-01 08:00:11.180 261 386 D displayd: xxxxxxx: updateConnectState: type=-1 connected=-1
01-01 08:00:11.176 261 261 I MQ-Thread: type=1400 audit(0.0:289): avc: denied { getattr } for path="/sys/devices/platform/soc@3000000/6520000.tv0/extcon/extcon1/state" dev="sysfs" ino=19386 scontext=u:r:hal_graphics_composer_default:s0 tcontext=u:object_r:sysfs:s0 tclass=file permissive=1
01-01 08:00:11.181 261 386 W displayd: xxxxxxx: platformGetDeviceConnectStatePath:
01-01 08:00:11.181 261 386 W displayd: hdmi: /sys/class/extcon/extcon0/state
01-01 08:00:11.181 261 386 W displayd: cvbs: /sys/class/extcon/extcon1/state
01-01 08:00:11.181 261 386 D displayd: xxxxxxx: updated: type=2 connected=0
01-01 08:00:11.181 261 386 D displayd: xxxxxxx: updated: type=4 connected=0
01-01 08:00:11.185 186 186 I hw-BpHwBinder: onLastStrongRef automatically unlinking death recipients
01-01 08:00:11.200 265 265 I EventThread: type=1400 audit(0.0:290): avc: denied { search } for name="extcon" dev="sysfs" ino=18109 scontext=u:r:hal_tv_cec_default:s0 tcontext=u:object_r:sysfs_extcon:s0 tclass=dir permissive=1
01-01 08:00:11.210 372 372 D WifiHWInfo: Start to load wireless module hardware info table...
01-01 08:00:11.222 372 372 D WifiHWInfo: Entry [01], BUS: SDIO, ID: 0x024C8179, Name: rtl8189es.
01-01 08:00:11.222 372 372 D WifiHWInfo: Entry [02], BUS: SDIO, ID: 0x024CB723, Name: rtl8723bs_vq0.
01-01 08:00:11.222 372 372 D WifiHWInfo: Entry [03], BUS: SDIO, ID: 0x024CB703, Name: rtl8723cs.
01-01 08:00:11.222 372 372 D WifiHWInfo: Entry [04], BUS: SDIO, ID: 0x024CD723, Name: rtl8723ds.
01-01 08:00:11.222 372 372 D WifiHWInfo: Entry [05], BUS: SDIO, ID: 0x024CF179, Name: rtl8189fs.
01-01 08:00:11.223 372 372 D WifiHWInfo: Entry [06], BUS: SDIO, ID: 0x024CB822, Name: rtl88x2bs.
01-01 08:00:11.223 372 372 D WifiHWInfo: Entry [07], BUS: USB, ID: 0x0BDAD723, Name: rtl8723du.
01-01 08:00:11.223 372 372 D WifiHWInfo: Entry [08], BUS: USB, ID: 0x0BDA8179, Name: rtl8188etv.
01-01 08:00:11.223 372 372 D WifiHWInfo: Entry [09], BUS: USB, ID: 0x0BDA0179, Name: rtl8188eu.
01-01 08:00:11.223 372 372 D WifiHWInfo: Entry [10], BUS: USB, ID: 0x0BDA818B, Name: rtl8192eu.
01-01 08:00:11.223 372 372 D WifiHWInfo: Entry [11], BUS: USB, ID: 0x0BDAB720, Name: rtl8723bu.
01-01 08:00:11.223 372 372 D WifiHWInfo: Entry [12], BUS: USB, ID: 0x0BDAC82C, Name: rtl8822cu.
01-01 08:00:11.223 372 372 D WifiHWInfo: Entry [13], BUS: USB, ID: 0x0BDAF179, Name: rtl8188fu.
01-01 08:00:11.223 372 372 D WifiHWInfo: Entry [14], BUS: SDIO, ID: 0x02D0A9A6, Name: ap6212.
01-01 08:00:11.223 372 372 D WifiHWInfo: Entry [15], BUS: SDIO, ID: 0x02D04330, Name: ap6330.
01-01 08:00:11.223 372 372 D WifiHWInfo: Entry [16], BUS: SDIO, ID: 0x02D04356, Name: ap6356s.
01-01 08:00:11.223 372 372 D WifiHWInfo: Entry [17], BUS: SDIO, ID: 0x02D0A9BF, Name: ap6255.
01-01 08:00:11.223 372 372 D WifiHWInfo: Entry [18], BUS: SDIO, ID: 0x02D04334, Name: bcm43342.
01-01 08:00:11.223 372 372 D WifiHWInfo: Entry [19], BUS: SDIO, ID: 0x00202281, Name: xr819.
01-01 08:00:11.223 372 372 D WifiHWInfo: Entry [20], BUS: SDIO, ID: 0x0A9E2282, Name: xr829.
01-01 08:00:11.223 372 372 D WifiHWInfo: Entry [21], BUS: SDIO, ID: 0x0271050A, Name: qca6174a.
01-01 08:00:11.223 372 372 D WifiHWInfo: Entry [22], BUS: SDIO, ID: 0x30303030, Name: ssv6x5x.
01-01 08:00:11.223 372 372 D WifiHWInfo: Entry [23], BUS: SDIO, ID: 0x00000000, Name: uwe5621.
01-01 08:00:11.223 372 372 D WifiHWInfo: Entry [24], BUS: SDIO, ID: 0x54490145, Name: aic8800.
01-01 08:00:11.223 372 372 D WifiHWInfo: Entry [25], BUS: SDIO, ID: 0xC8A1C08D, Name: aic8800.
01-01 08:00:11.223 372 372 D WifiHWInfo: Entry [26], BUS: USB, ID: 0xA69C8800, Name: aic8800.
01-01 08:00:11.223 372 372 D WifiHWInfo: Entry [27], BUS: USB, ID: 0x007A8888, Name: atbm6023is.
01-01 08:00:11.223 372 372 D WifiHWInfo: Entry [28], BUS: SDIO, ID: 0x02E79086, Name: 9012p.
01-01 08:00:11.223 372 372 D WifiHWInfo: Entry [29], BUS: SDIO, ID: 0x007A6011, Name: atbm613x_wifi_sdio.
01-01 08:00:11.223 372 372 D WifiHWInfo: Entry [30], BUS: SDIO, ID: 0x024CC822, Name: 88x2cs.
01-01 08:00:11.224 372 372 D WifiHWInfo: Entry [31], BUS: SDIO, ID: 0x000018F0, Name: dummy.
01-01 08:00:11.224 372 372 D HWINFO : ********** Wireless information **********
01-01 08:00:11.224 372 372 D HWINFO : module vendor: sprd
01-01 08:00:11.224 372 372 D HWINFO : module name : uwe5621
01-01 08:00:11.224 372 372 D HWINFO : wifi hal name: libwifi-hal-sprd.so
01-01 08:00:11.224 372 372 D HWINFO : libbt-vendor : libbt-sprd.so
01-01 08:00:11.224 372 372 D HWINFO : is bt support: 1
01-01 08:00:11.224 372 372 D HWINFO : ******************************************
01-01 08:00:11.227 371 371 D dom2reg : timezone change, new: Asia/Shanghai, pre:
01-01 08:00:11.228 371 371 D dom2reg : convert timezone to alpha2 country code: CN
01-01 08:00:11.229 371 371 D dom2reg : regulatory set to [CN] success(0)
01-01 08:00:11.231 368 368 I wificond: wificond is starting up...
01-01 08:00:11.235 169 169 I sunxi-rfkill soc@3000000: rfkill: set block: 1
01-01 08:00:11.235 169 169 I sunxi-rfkill soc@3000000: rfkill: bt power off success
01-01 08:00:11.224 330 330 I xiriservice_All: type=1400 audit(0.0:291): avc: denied { read } for scontext=u:r:init:s0 tcontext=u:r:init:s0 tclass=netlink_kobject_uevent_socket permissive=1
01-01 08:00:11.252 368 368 E cutils-trace: Error opening trace file: No such file or directory (2)
01-01 08:00:11.263 368 368 I HidlServiceManagement: Registered android.system.wifi.keystore@1.0::IKeystore/default
01-01 08:00:11.269 381 381 E cutils-trace: Error opening trace file: No such file or directory (2)
01-01 08:00:11.269 377 377 I gatekeeperd: Starting gatekeeperd...
01-01 08:00:11.275 381 381 I usbd : Usb HAL found.
01-01 08:00:11.276 381 381 I usbd : peristent prop is adb
01-01 08:00:11.272 332 332 I rainbow_flow: type=1400 audit(0.0:292): avc: denied { ioctl } for path="/dev/spidev1.0" dev="tmpfs" ino=2489 ioctlcmd=0x6b00 scontext=u:r:init:s0 tcontext=u:object_r:device:s0 tclass=chr_file permissive=1
01-01 08:00:11.282 261 386 D displayd: xxxxxxx: updateConnectState on primary after 100 ms, connected = 0
01-01 08:00:11.282 261 386 W displayd: xxxxxxx: setupDefaultOutput: hdmi user strategy: 31
01-01 08:00:11.282 261 386 W displayd: xxxxxxx: HDMI performDefaultConfig: not connected yet
01-01 08:00:11.282 261 386 I sunxihwc: switchDevice: display[1]: type=2 mode=0 enable=0
01-01 08:00:11.282 261 386 I sunxihwc: switchDevice: display[0]: type=4 mode=10 enable=1
01-01 08:00:11.282 261 386 D sunxihwc: setHotplugState: mbHotplug = 1
01-01 08:00:11.282 261 386 I sunxihwc: createSyncTimeline: DisplayEngine Frequency: 696000000 Hz
01-01 08:00:11.282 261 386 I sunxihwc: setup: timeline0 create
01-01 08:00:11.282 261 386 E sunxihwc: readFromFile: Could not open '/sys/firmware/devicetree/base/dram/dram_clk', No such file or directory(2)
01-01 08:00:11.282 261 386 E sunxihwc: readFromFile: Could not open '/sys/firmware/devicetree/base/dram/dram_mr1', No such file or directory(2)
01-01 08:00:11.282 261 386 E sunxihwc: readFromFile: Could not open '/sys/firmware/devicetree/base/dram/dram_type', No such file or directory(2)
01-01 08:00:11.282 261 386 I sunxihwc: getDramInfoFromDeviceTree: draminfo: freq 0 MHz, bus width 32 bits, type 0
01-01 08:00:11.282 261 386 I sunxihwc: computeEffectiveBandwidth: dram effective bandwidth: 0 MBytes
01-01 08:00:11.283 261 386 E sunxihwc: calculateBandwidthLimitation: getDramFrequency return error(0), fallback to default bandwidth config
01-01 08:00:11.283 261 386 I sunxihwc: setup: Bandwidth limitation: 49152000 Bytes per frame
01-01 08:00:11.283 261 386 I sunxihwc: setDisplaydCb: get mDisplaydCb =0x0x696c4372
