05-29 17:09:25.712 820 931 D BufferPoolAccessor2.0: Destruction - bufferpool2 0xe84f8e98 cached: 0/0M, 0/0% in use; allocs: 7, 14% recycled; transfers: 92, 93% unfetched
05-29 17:09:25.712 476 639 D BufferPoolAccessor2.0: Destruction - bufferpool2 0xe80840d8 cached: 0/0M, 0/0% in use; allocs: 7, 14% recycled; transfers: 68, 91% unfetched
05-29 17:09:25.713 476 2497 I CCodecBufferChannel: [c2.android.vorbis.decoder#801] Created output block pool with allocatorID 16 => poolID 25 - OK
05-29 17:09:25.713 476 2498 I CCodecBufferChannel: [c2.android.vorbis.decoder#28] Created output block pool with allocatorID 16 => poolID 26 - OK
05-29 17:09:25.713 476 2497 D CCodecBufferChannel: [c2.android.vorbis.decoder#801] Configured output block pool ids 25 => OK
05-29 17:09:25.713 476 2498 D CCodecBufferChannel: [c2.android.vorbis.decoder#28] Configured output block pool ids 26 => OK
05-29 17:09:25.718 376 2499 D SimpleC2Component: Using output block pool with poolID 25 => got 25 - 0
05-29 17:09:25.718 376 2500 D SimpleC2Component: Using output block pool with poolID 26 => got 26 - 0
05-29 17:09:25.761 476 2497 D CCodecBufferChannel: [c2.android.vorbis.decoder#801] MediaCodec discarded an unknown buffer
05-29 17:09:25.762 476 2497 I hw-BpHwBinder: onLastStrongRef automatically unlinking death recipients
05-29 17:09:25.788 476 2495 D MediaCodecList: codecHandlesFormat: no format, so no extra checks
05-29 17:09:25.791 476 2502 D CCodec : allocate(c2.android.vorbis.decoder)
05-29 17:09:25.792 476 598 D GpioService: mFlickerEnable = true
05-29 17:09:25.794 2027 2027 I SogouIME: onKeyDown: keyoCode=4
05-29 17:09:25.795 2027 2027 I DefaultIMS: onKeyDown: keyoCode=4
05-29 17:09:25.796 476 2502 I CCodec : Created component [c2.android.vorbis.decoder]
05-29 17:09:25.797 476 2502 D CCodecConfig: read media type: audio/vorbis
05-29 17:09:25.803 1099 1099 E SecondScreen: FirstScreenLayoutView dispatchKeyEvent 4
05-29 17:09:25.805 476 2502 D ReflectedParamUpdater: extent() != 1 for single value type: algo.buffers.max-count.values
05-29 17:09:25.806 476 2502 D ReflectedParamUpdater: extent() != 1 for single value type: output.subscribed-indices.values
05-29 17:09:25.811 476 2502 D ReflectedParamUpdater: extent() != 1 for single value type: input.buffers.allocator-ids.values
05-29 17:09:25.811 476 2502 D ReflectedParamUpdater: extent() != 1 for single value type: output.buffers.allocator-ids.values
05-29 17:09:25.812 476 2502 D ReflectedParamUpdater: extent() != 1 for single value type: algo.buffers.allocator-ids.values
05-29 17:09:25.812 476 2502 D ReflectedParamUpdater: extent() != 1 for single value type: output.buffers.pool-ids.values
05-29 17:09:25.812 476 2498 D CCodecBufferChannel: [c2.android.vorbis.decoder#28] MediaCodec discarded an unknown buffer
05-29 17:09:25.812 476 2502 D ReflectedParamUpdater: extent() != 1 for single value type: algo.buffers.pool-ids.values
05-29 17:09:25.812 476 2498 D CCodecBufferChannel: [c2.android.vorbis.decoder#28] MediaCodec discarded an unknown buffer
05-29 17:09:25.812 476 2498 D CCodecBufferChannel: [c2.android.vorbis.decoder#28] MediaCodec discarded an unknown buffer
05-29 17:09:25.815 476 2502 I CCodecConfig: query failed after returning 7 values (BAD_INDEX)
05-29 17:09:25.816 476 2502 D CCodecConfig: c2 config diff is Dict {
05-29 17:09:25.816 476 2502 D CCodecConfig: c2::u32 coded.bitrate.value = 64000
05-29 17:09:25.816 476 2502 D CCodecConfig: c2::u32 input.buffers.max-size.value = 32768
05-29 17:09:25.816 476 2502 D CCodecConfig: c2::u32 input.delay.value = 0
05-29 17:09:25.816 476 2502 D CCodecConfig: string input.media-type.value = "audio/vorbis"
05-29 17:09:25.816 476 2502 D CCodecConfig: string output.media-type.value = "audio/raw"
05-29 17:09:25.816 476 2502 D CCodecConfig: c2::u32 raw.channel-count.value = 1
05-29 17:09:25.816 476 2502 D CCodecConfig: c2::u32 raw.sample-rate.value = 48000
05-29 17:09:25.816 476 2502 D CCodecConfig: }
05-29 17:09:25.816 476 599 D TvWindowManager: key event key = KEYCODE_BACK down = false
05-29 17:09:25.816 476 2498 I hw-BpHwBinder: onLastStrongRef automatically unlinking death recipients
05-29 17:09:25.817 476 520 D AutofillManagerService: onBackKeyPressed()
05-29 17:09:25.818 476 520 D AutofillManagerServiceImpl: Reset component for user 0:
05-29 17:09:25.819 476 520 D AutofillUI: destroySaveUiUiThread(): already destroyed
05-29 17:09:25.819 476 2502 D CCodec : [c2.android.vorbis.decoder] buffers are bound to CCodec for this session
05-29 17:09:25.819 476 2502 D CCodecConfig: no c2 equivalents for durationUs
05-29 17:09:25.819 476 2502 D CCodecConfig: no c2 equivalents for track-id
05-29 17:09:25.819 476 2502 D CCodecConfig: no c2 equivalents for csd-1
05-29 17:09:25.819 476 2502 D CCodecConfig: no c2 equivalents for channel-mask
05-29 17:09:25.819 476 2502 D CCodecConfig: no c2 equivalents for flags
05-29 17:09:25.821 476 2502 D CCodecConfig: c2 config diff is c2::u32 coded.bitrate.value = 112000
05-29 17:09:25.821 476 2502 D CCodecConfig: c2::u32 raw.channel-count.value = 2
05-29 17:09:25.821 476 2502 D CCodecConfig: c2::u32 raw.sample-rate.value = 44100
05-29 17:09:25.826 2027 2027 I SogouIME: onKeyUp: keyoCode=4
05-29 17:09:25.826 2027 2027 I DefaultIMS: onKeyUp: keyoCode=4
05-29 17:09:25.826 476 2502 W Codec2Client: query -- param skipped: index = 1107298332.
05-29 17:09:25.826 476 2502 D CCodec : setup formats input: AMessage(what = 0x00000000) = {
05-29 17:09:25.826 476 2502 D CCodec : int32_t bitrate = 112000
05-29 17:09:25.826 476 2502 D CCodec : int32_t channel-count = 2
05-29 17:09:25.826 476 2502 D CCodec : int32_t max-input-size = 32768
05-29 17:09:25.826 476 2502 D CCodec : string mime = "audio/vorbis"
05-29 17:09:25.826 476 2502 D CCodec : int32_t sample-rate = 44100
05-29 17:09:25.826 476 2502 D CCodec : }
05-29 17:09:25.826 476 2502 D CCodec : setup formats output: AMessage(what = 0x00000000) = {
05-29 17:09:25.826 476 2502 D CCodec : int32_t channel-count = 2
05-29 17:09:25.826 476 2502 D CCodec : string mime = "audio/raw"
05-29 17:09:25.826 476 2502 D CCodec : int32_t sample-rate = 44100
05-29 17:09:25.826 476 2502 D CCodec : int32_t channel-mask = 3
05-29 17:09:25.826 476 2502 D CCodec : }
05-29 17:09:25.826 1099 1099 E SecondScreen: FirstScreenLayoutView dispatchKeyEvent 4
05-29 17:09:25.828 476 2502 I CCodecConfig: query failed after returning 7 values (BAD_INDEX)
05-29 17:09:25.829 476 2502 W Codec2Client: query -- param skipped: index = 1342179345.
05-29 17:09:25.829 476 2502 W Codec2Client: query -- param skipped: index = 2415921170.
05-29 17:09:25.830 476 2502 D CCodecBufferChannel: [c2.android.vorbis.decoder#287] Created input block pool with allocatorID 16 => poolID 25 - OK (0)
05-29 17:09:25.832 476 2502 I CCodecBufferChannel: [c2.android.vorbis.decoder#287] Created output block pool with allocatorID 16 => poolID 27 - OK
05-29 17:09:25.832 476 2502 D CCodecBufferChannel: [c2.android.vorbis.decoder#287] Configured output block pool ids 27 => OK
05-29 17:09:25.835 376 2503 D SimpleC2Component: Using output block pool with poolID 27 => got 27 - 0
05-29 17:09:25.865 476 521 W IorapForwardingService: No service published for: iorapd
05-29 17:09:25.922 1128 1128 D aaa : LedStatusService onStartCommand begin
05-29 17:09:25.933 1128 2512 D aaa : topPkg is -------------- :com.dangbei.leard.leradlauncher
05-29 17:09:25.945 1128 2512 D aaa : WiFi is connect
05-29 17:09:25.950 1186 1186 D bbb : onStartCommand begin !!!!!!! data分区剩余 24603MB
05-29 17:09:25.980 476 2502 D CCodecBufferChannel: [c2.android.vorbis.decoder#287] MediaCodec discarded an unknown buffer
05-29 17:09:25.980 476 2502 D CCodecBufferChannel: [c2.android.vorbis.decoder#287] MediaCodec discarded an unknown buffer
05-29 17:09:25.983 476 2502 I hw-BpHwBinder: onLastStrongRef automatically unlinking death recipients
05-29 17:09:25.983 376 843 I hw-BpHwBinder: onLastStrongRef automatically unlinking death recipients
05-29 17:09:25.984 376 843 V C2Store : in ~ComponentModule
05-29 17:09:25.984 376 843 V C2Store : unloading dll
05-29 17:09:26.266 1099 1121 I OpenGLRenderer: Davey! duration=9223371978859ms; Flags=0, FrameTimelineVsyncId=2221, IntendedVsync=57994615807, Vsync=57994615807, InputEventId=871201766, HandleInputStart=57999238110, AnimationStart=58001570776, PerformTraversalsStart=58002063568, DrawStart=58002938068, FrameDeadline=58011282473, FrameInterval=57999222901, FrameStartTime=16666666, SyncQueued=58004783110, SyncStart=58005181151, IssueDrawCommandsStart=58006632318, SwapBuffers=58034426776, FrameCompleted=9223372036854775807, DequeueBufferDuration=70959, QueueBufferDuration=2179542, GpuCompleted=9223372036854775807, SwapBuffersCompleted=58038247693, DisplayPresentTime=0,
05-29 17:09:26.296 1099 1121 I OpenGLRenderer: Davey! duration=9223371978822ms; Flags=0, FrameTimelineVsyncId=2223, IntendedVsync=58011283980, Vsync=58011283980, InputEventId=899061494, HandleInputStart=58011837068, AnimationStart=58014219776, PerformTraversalsStart=58015133735, DrawStart=58015944318, FrameDeadline=58044617312, FrameInterval=58011822276, FrameStartTime=16666666, SyncQueued=58017398526, SyncStart=58038634693, IssueDrawCommandsStart=58040523276, SwapBuffers=58062758901, FrameCompleted=9223372036854775807, DequeueBufferDuration=97667, QueueBufferDuration=2277042, GpuCompleted=9223372036854775807, SwapBuffersCompleted=58067307651, DisplayPresentTime=0,
05-29 17:09:26.312 1099 1121 I OpenGLRenderer: Davey! duration=9223371978812ms; Flags=0, FrameTimelineVsyncId=2225, IntendedVsync=58027950645, Vsync=58027950645, InputEventId=567319557, HandleInputStart=58041991151, AnimationStart=58044844110, PerformTraversalsStart=58045511401, DrawStart=58052801860, FrameDeadline=58061283977, FrameInterval=58041976360, FrameStartTime=16666666, SyncQueued=58052967776, SyncStart=58067770985, IssueDrawCommandsStart=58069893610, SwapBuffers=58079881276, FrameCompleted=9223372036854775807, DequeueBufferDuration=55541, QueueBufferDuration=2086916, GpuCompleted=9223372036854775807, SwapBuffersCompleted=58083961151, DisplayPresentTime=0,
05-29 17:09:26.327 1099 1121 I OpenGLRenderer: Davey! duration=9223371978783ms; Flags=0, FrameTimelineVsyncId=2228, IntendedVsync=58061284690, Vsync=58061284690, InputEventId=6857711, HandleInputStart=58070764235, AnimationStart=58073537610, PerformTraversalsStart=58074365318, DrawStart=58074596985, FrameDeadline=58094618022, FrameInterval=58070720151, FrameStartTime=16666666, SyncQueued=58074689776, SyncStart=58084472401, IssueDrawCommandsStart=58085998151, SwapBuffers=58092998151, FrameCompleted=9223372036854775807, DequeueBufferDuration=64542, QueueBufferDuration=4762500, GpuCompleted=9223372036854775807, SwapBuffersCompleted=58098774568, DisplayPresentTime=0,
05-29 17:09:26.362 1099 1122 I OpenGLRenderer: Davey! duration=9223371978752ms; Flags=0, FrameTimelineVsyncId=2232, IntendedVsync=58094618371, Vsync=58094618371, InputEventId=446707270, HandleInputStart=58106342985, AnimationStart=58107620901, PerformTraversalsStart=58108258526, DrawStart=58109204318, FrameDeadline=58127951703, FrameInterval=58106328443, FrameStartTime=16666666, SyncQueued=58109853776, SyncStart=58117679318, IssueDrawCommandsStart=58118945235, SwapBuffers=58127655026, FrameCompleted=9223372036854775807, DequeueBufferDuration=51291, QueueBufferDuration=1450917, GpuCompleted=9223372036854775807, SwapBuffersCompleted=58132607651, DisplayPresentTime=0,
05-29 17:09:26.378 1099 1122 I OpenGLRenderer: Davey! duration=9223371978731ms; Flags=0, FrameTimelineVsyncId=2234, IntendedVsync=58111285120, Vsync=58111285120, InputEventId=53401246, HandleInputStart=58119530776, AnimationStart=58120814443, PerformTraversalsStart=58121298401, DrawStart=58121485568, FrameDeadline=58144618452, FrameInterval=58119520235, FrameStartTime=16666666, SyncQueued=58121545360, SyncStart=58133042735, IssueDrawCommandsStart=58134344443, SwapBuffers=58145422401, FrameCompleted=9223372036854775807, DequeueBufferDuration=1738000, QueueBufferDuration=6090833, GpuCompleted=9223372036854775807, SwapBuffersCompleted=58153922985, DisplayPresentTime=0,
05-29 17:09:26.393 1099 1122 I OpenGLRenderer: Davey! duration=9223371978709ms; Flags=0, FrameTimelineVsyncId=2236, IntendedVsync=58127951356, Vsync=58127951356, InputEventId=540530791, HandleInputStart=58134844610, AnimationStart=58135921776, PerformTraversalsStart=58136551443, DrawStart=58136738735, FrameDeadline=58161284688, FrameInterval=58134833485, FrameStartTime=16666666, SyncQueued=58136809818, SyncStart=58154263651, IssueDrawCommandsStart=58156234735, SwapBuffers=58166011818, FrameCompleted=9223372036854775807, DequeueBufferDuration=82708, QueueBufferDuration=1128833, GpuCompleted=9223372036854775807, SwapBuffersCompleted=58168681943, DisplayPresentTime=0,
05-29 17:09:26.862 1099 1121 I OpenGLRenderer: Davey! duration=9223371978242ms; Flags=0, FrameTimelineVsyncId=2292, IntendedVsync=58594617446, Vsync=58594617446, InputEventId=0, HandleInputStart=58595869193, AnimationStart=58596099068, PerformTraversalsStart=58596840235, DrawStart=58598168027, FrameDeadline=58627950778, FrameInterval=58595861277, FrameStartTime=16666666, SyncQueued=58598462943, SyncStart=58616444860, IssueDrawCommandsStart=58617730735, SwapBuffers=58624730110, FrameCompleted=9223372036854775807, DequeueBufferDuration=50959, QueueBufferDuration=745375, GpuCompleted=9223372036854775807, SwapBuffersCompleted=58626507902, DisplayPresentTime=0,
05-29 17:09:26.868 476 521 W IorapForwardingService: No service published for: iorapd
05-29 17:09:27.061 664 664 E WifiHAL : wifi_get_link_stats: requestResponse Error:-5
05-29 17:09:27.062 476 610 E WifiVendorHal: getWifiLinkLayerStats_1_5_Internal(l.1191) failed {.code = ERROR_INVALID_ARGS, .description = }
05-29 17:09:27.870 476 521 W IorapForwardingService: No service published for: iorapd
05-29 17:09:28.665 2121 2188 D UtilLog : 日志批量上报 进行正常循环 !!!!!!本次有0次请求,共0条数据
05-29 17:09:28.872 476 521 W IorapForwardingService: No service published for: iorapd
05-29 17:09:29.261 1099 1122 I OpenGLRenderer: Davey! duration=9223371975843ms; Flags=0, FrameTimelineVsyncId=2523, IntendedVsync=61011301349, Vsync=61011301349, InputEventId=785905753, HandleInputStart=61011794986, AnimationStart=61011844194, PerformTraversalsStart=61012488653, DrawStart=61013197944, FrameDeadline=61044634681, FrameInterval=61011786153, FrameStartTime=16666666, SyncQueued=61014603319, SyncStart=61014948736, IssueDrawCommandsStart=61016428403, SwapBuffers=61037115028, FrameCompleted=9223372036854775807, DequeueBufferDuration=60541, QueueBufferDuration=1875666, GpuCompleted=9223372036854775807, SwapBuffersCompleted=61040408028, DisplayPresentTime=0,
05-29 17:09:29.277 1099 1122 I OpenGLRenderer: Davey! duration=9223371975819ms; Flags=0, FrameTimelineVsyncId=2524, IntendedVsync=61027968238, Vsync=61027968238, InputEventId=0, HandleInputStart=61028757194, AnimationStart=61028763278, PerformTraversalsStart=61029446528, DrawStart=61029989194, FrameDeadline=61061301570, FrameInterval=61028744611, FrameStartTime=16666666, SyncQueued=61033057069, SyncStart=61040838278, IssueDrawCommandsStart=61042486069, SwapBuffers=61058818236, FrameCompleted=9223372036854775807, DequeueBufferDuration=53500, QueueBufferDuration=2132833, GpuCompleted=9223372036854775807, SwapBuffersCompleted=61062144278, DisplayPresentTime=0,
05-29 17:09:29.361 1099 1122 I OpenGLRenderer: Davey! duration=9223371975745ms; Flags=0, FrameTimelineVsyncId=2531, IntendedVsync=61094636310, Vsync=61094636310, InputEventId=0, HandleInputStart=61096242028, AnimationStart=61096244986, PerformTraversalsStart=61097388444, DrawStart=61098330361, FrameDeadline=61127969642, FrameInterval=61096231236, FrameStartTime=16666666, SyncQueued=61098797028, SyncStart=61113060028, IssueDrawCommandsStart=61115884194, SwapBuffers=61126216944, FrameCompleted=9223372036854775807, DequeueBufferDuration=36625, QueueBufferDuration=1338959, GpuCompleted=9223372036854775807, SwapBuffersCompleted=61134163361, DisplayPresentTime=0,
05-29 17:09:29.377 1099 1122 I OpenGLRenderer: Davey! duration=9223371975726ms; Flags=0, FrameTimelineVsyncId=2533, IntendedVsync=61111303140, Vsync=61111303140, InputEventId=0, HandleInputStart=61116329153, AnimationStart=61116332319, PerformTraversalsStart=61116900653, DrawStart=61117034986, FrameDeadline=61144636472, FrameInterval=61116322111, FrameStartTime=16666666, SyncQueued=61117133736, SyncStart=61134505861, IssueDrawCommandsStart=61135855361, SwapBuffers=61143649195, FrameCompleted=9223372036854775807, DequeueBufferDuration=41042, QueueBufferDuration=4773291, GpuCompleted=9223372036854775807, SwapBuffersCompleted=61149837611, DisplayPresentTime=0,
05-29 17:09:29.393 1099 1122 I OpenGLRenderer: Davey! duration=9223371975713ms; Flags=0, FrameTimelineVsyncId=2535, IntendedVsync=61127958400, Vsync=61127958400, InputEventId=0, HandleInputStart=61136285444, AnimationStart=61136288028, PerformTraversalsStart=61137270028, DrawStart=61137415486, FrameDeadline=61161291732, FrameInterval=61136277778, FrameStartTime=16666666, SyncQueued=61137499194, SyncStart=61151216736, IssueDrawCommandsStart=61152517445, SwapBuffers=61159406570, FrameCompleted=9223372036854775807, DequeueBufferDuration=63333, QueueBufferDuration=5977250, GpuCompleted=9223372036854775807, SwapBuffersCompleted=61166414361, DisplayPresentTime=0,
05-29 17:09:29.875 476 521 W IorapForwardingService: No service published for: iorapd
05-29 17:09:29.892 1099 1122 I OpenGLRenderer: Davey! duration=9223371975208ms; Flags=0, FrameTimelineVsyncId=2595, IntendedVsync=61627951857, Vsync=61627951857, InputEventId=268185868, HandleInputStart=61629022195, AnimationStart=61629028903, PerformTraversalsStart=61629697570, DrawStart=61629880611, FrameDeadline=61661285189, FrameInterval=61629008820, FrameStartTime=16666666, SyncQueued=61630344695, SyncStart=61649080153, IssueDrawCommandsStart=61650782111, SwapBuffers=61661436945, FrameCompleted=9223372036854775807, DequeueBufferDuration=52750, QueueBufferDuration=2669750, GpuCompleted=9223372036854775807, SwapBuffersCompleted=61665142986, DisplayPresentTime=0,
05-29 17:09:30.076 664 664 E WifiHAL : wifi_get_link_stats: requestResponse Error:-5
05-29 17:09:30.078 476 610 E WifiVendorHal: getWifiLinkLayerStats_1_5_Internal(l.1191) failed {.code = ERROR_INVALID_ARGS, .description = }
05-29 17:09:30.128 1099 1122 I OpenGLRenderer: Davey! duration=9223371975026ms; Flags=0, FrameTimelineVsyncId=2608, IntendedVsync=61827953648, Vsync=61827953648, InputEventId=440715515, HandleInputStart=61828379653, AnimationStart=61830727278, PerformTraversalsStart=61830738570, DrawStart=61854894987, FrameDeadline=61861286980, FrameInterval=61828366986, FrameStartTime=16666666, SyncQueued=61859601945, SyncStart=61860134028, IssueDrawCommandsStart=61862416570, SwapBuffers=61898137153, FrameCompleted=9223372036854775807, DequeueBufferDuration=73584, QueueBufferDuration=1466542, GpuCompleted=9223372036854775807, SwapBuffersCompleted=61900519445, DisplayPresentTime=0,
05-29 17:09:30.142 1099 1122 I OpenGLRenderer: Davey! duration=9223371974973ms; Flags=0, FrameTimelineVsyncId=2609, IntendedVsync=61844620437, Vsync=61861287103, InputEventId=0, HandleInputStart=61862838362, AnimationStart=61862885612, PerformTraversalsStart=61863230653, DrawStart=61863588237, FrameDeadline=61877953769, FrameInterval=61862825237, FrameStartTime=16666666, SyncQueued=61864330403, SyncStart=61900879945, IssueDrawCommandsStart=61902123362, SwapBuffers=61916403403, FrameCompleted=9223372036854775807, DequeueBufferDuration=40875, QueueBufferDuration=1375625, GpuCompleted=9223372036854775807, SwapBuffersCompleted=61918889278, DisplayPresentTime=0,
05-29 17:09:30.709 476 914 D BufferPoolAccessor2.0: bufferpool2 0xc1001558 : 0(0 size) total buffers - 0(0 size) used buffers - 2/7 (recycle/alloc) - 5/42 (fetch/transfer)
05-29 17:09:30.709 476 914 D BufferPoolAccessor2.0: evictor expired: 1, evicted: 1
05-29 17:09:30.710 376 750 D BufferPoolAccessor2.0: evictor expired: 3, evicted: 0
05-29 17:09:30.879 476 521 W IorapForwardingService: No service published for: iorapd
05-29 17:09:30.911 820 930 D BufferPoolAccessor2.0: evictor expired: 2, evicted: 0
05-29 17:09:31.598 1950 1995 E ServerInterface: Server timed out
05-29 17:09:31.598 1950 1995 E ServerInterface: java.net.SocketTimeoutException: failed to connect to remoteprovisioning.googleapis.com/172.217.14.202 (port 443) from /192.168.3.132 (port 47800) after 5000ms
05-29 17:09:31.598 1950 1995 E ServerInterface: at libcore.io.IoBridge.connectErrno(IoBridge.java:236)
05-29 17:09:31.598 1950 1995 E ServerInterface: at libcore.io.IoBridge.connect(IoBridge.java:180)
05-29 17:09:31.598 1950 1995 E ServerInterface: at java.net.PlainSocketImpl.socketConnect(PlainSocketImpl.java:142)
05-29 17:09:31.598 1950 1995 E ServerInterface: at java.net.AbstractPlainSocketImpl.doConnect(AbstractPlainSocketImpl.java:390)
05-29 17:09:31.598 1950 1995 E ServerInterface: at java.net.AbstractPlainSocketImpl.connectToAddress(AbstractPlainSocketImpl.java:230)
05-29 17:09:31.598 1950 1995 E ServerInterface: at java.net.AbstractPlainSocketImpl.connect(AbstractPlainSocketImpl.java:212)
05-29 17:09:31.598 1950 1995 E ServerInterface: at java.net.SocksSocketImpl.connect(SocksSocketImpl.java:436)
05-29 17:09:31.598 1950 1995 E ServerInterface: at java.net.Socket.connect(Socket.java:621)
05-29 17:09:31.598 1950 1995 E ServerInterface: at com.android.okhttp.internal.Platform.connectSocket(Platform.java:182)
05-29 17:09:31.598 1950 1995 E ServerInterface: at com.android.okhttp.internal.io.RealConnection.connectSocket(RealConnection.java:145)
05-29 17:09:31.598 1950 1995 E ServerInterface: at com.android.okhttp.internal.io.RealConnection.connect(RealConnection.java:116)
05-29 17:09:31.598 1950 1995 E ServerInterface: at com.android.okhttp.internal.http.StreamAllocation.findConnection(StreamAllocation.java:186)
05-29 17:09:31.598 1950 1995 E ServerInterface: at com.android.okhttp.internal.http.StreamAllocation.findHealthyConnection(StreamAllocation.java:128)
05-29 17:09:31.598 1950 1995 E ServerInterface: at com.android.okhttp.internal.http.StreamAllocation.newStream(StreamAllocation.java:97)
05-29 17:09:31.598 1950 1995 E ServerInterface: at com.android.okhttp.internal.http.HttpEngine.connect(HttpEngine.java:289)
05-29 17:09:31.598 1950 1995 E ServerInterface: at com.android.okhttp.internal.http.HttpEngine.sendRequest(HttpEngine.java:232)
05-29 17:09:31.598 1950 1995 E ServerInterface: at com.android.okhttp.internal.huc.HttpURLConnectionImpl.execute(HttpURLConnectionImpl.java:465)
05-29 17:09:31.598 1950 1995 E ServerInterface: at com.android.okhttp.internal.huc.HttpURLConnectionImpl.connect(HttpURLConnectionImpl.java:131)
05-29 17:09:31.598 1950 1995 E ServerInterface: at com.android.okhttp.internal.huc.HttpURLConnectionImpl.getOutputStream(HttpURLConnectionImpl.java:262)
05-29 17:09:31.598 1950 1995 E ServerInterface: at com.android.okhttp.internal.huc.DelegatingHttpsURLConnection.getOutputStream(DelegatingHttpsURLConnection.java:219)
05-29 17:09:31.598 1950 1995 E ServerInterface: at com.android.okhttp.internal.huc.HttpsURLConnectionImpl.getOutputStream(HttpsURLConnectionImpl.java:30)
05-29 17:09:31.598 1950 1995 E ServerInterface: at com.android.remoteprovisioner.ServerInterface.fetchGeek(ServerInterface.java:120)
05-29 17:09:31.598 1950 1995 E ServerInterface: at com.android.remoteprovisioner.PeriodicProvisioner$ProvisionerThread.run(PeriodicProvisioner.java:135)
05-29 17:09:31.599 1950 1995 E RemoteProvisioningService: Failed to get a response from the server.
05-29 17:09:31.599 1950 1995 E RemoteProvisioningService: Too many failures, resetting defaults.
05-29 17:09:31.709 476 914 D BufferPoolAccessor2.0: bufferpool2 0xe8083f98 : 0(0 size) total buffers - 0(0 size) used buffers - 1/7 (recycle/alloc) - 6/50 (fetch/transfer)
05-29 17:09:31.709 476 914 D BufferPoolAccessor2.0: bufferpool2 0xc1001418 : 0(0 size) total buffers - 0(0 size) used buffers - 2/7 (recycle/alloc) - 5/60 (fetch/transfer)
05-29 17:09:31.709 476 914 D BufferPoolAccessor2.0: evictor expired: 8, evicted: 2
05-29 17:09:31.710 376 750 D BufferPoolAccessor2.0: bufferpool2 0xed068058 : 0(0 size) total buffers - 0(0 size) used buffers - 17/19 (recycle/alloc) - 2/18 (fetch/transfer)
05-29 17:09:31.710 376 750 D BufferPoolAccessor2.0: bufferpool2 0xed068418 : 0(0 size) total buffers - 0(0 size) used buffers - 20/23 (recycle/alloc) - 3/22 (fetch/transfer)
05-29 17:09:31.710 376 750 D BufferPoolAccessor2.0: bufferpool2 0xed0682d8 : 0(0 size) total buffers - 0(0 size) used buffers - 25/28 (recycle/alloc) - 3/27 (fetch/transfer)
05-29 17:09:31.710 376 750 D BufferPoolAccessor2.0: evictor expired: 6, evicted: 3
05-29 17:09:31.882 476 521 W IorapForwardingService: No service published for: iorapd
05-29 17:09:32.263 1099 1122 I OpenGLRenderer: Davey! duration=9223371972843ms; Flags=0, FrameTimelineVsyncId=2744, IntendedVsync=64011285466, Vsync=64011285466, InputEventId=586710155, HandleInputStart=64011912113, AnimationStart=64014895863, PerformTraversalsStart=64015404363, DrawStart=64016482071, FrameDeadline=64044618798, FrameInterval=64011900654, FrameStartTime=16666666, SyncQueued=64018084446, SyncStart=64018541488, IssueDrawCommandsStart=64020169571, SwapBuffers=64040374488, FrameCompleted=9223372036854775807, DequeueBufferDuration=64666, QueueBufferDuration=1468542, GpuCompleted=9223372036854775807, SwapBuffersCompleted=64042963571, DisplayPresentTime=0,
05-29 17:09:32.296 1099 1121 I OpenGLRenderer: Davey! duration=9223371972816ms; Flags=0, FrameTimelineVsyncId=2746, IntendedVsync=64027949318, Vsync=64027949318, InputEventId=1009475585, HandleInputStart=64028836029, AnimationStart=64030400779, PerformTraversalsStart=64030879279, DrawStart=64031427654, FrameDeadline=64061282650, FrameInterval=64028823154, FrameStartTime=16666666, SyncQueued=64033115238, SyncStart=64043464404, IssueDrawCommandsStart=64045574529, SwapBuffers=64064611904, FrameCompleted=9223372036854775807, DequeueBufferDuration=71334, QueueBufferDuration=1722333, GpuCompleted=9223372036854775807, SwapBuffersCompleted=64075042279, DisplayPresentTime=0,
05-29 17:09:32.311 1099 1351 I OpenGLRenderer: Davey! duration=9223371972784ms; Flags=0, FrameTimelineVsyncId=2748, IntendedVsync=64044615778, Vsync=64044615778, InputEventId=236311902, HandleInputStart=64046289696, AnimationStart=64048582613, PerformTraversalsStart=64049207904, DrawStart=64049466113, FrameDeadline=64077949110, FrameInterval=64046279863, FrameStartTime=16666666, SyncQueued=64049547279, SyncStart=64075615529, IssueDrawCommandsStart=64076777696, SwapBuffers=64089754321, FrameCompleted=9223372036854775807, DequeueBufferDuration=38458, QueueBufferDuration=2083000, GpuCompleted=9223372036854775807, SwapBuffersCompleted=64092956654, DisplayPresentTime=0,
05-29 17:09:32.345 1099 1121 I OpenGLRenderer: Davey! duration=9223371972779ms; Flags=0, FrameTimelineVsyncId=2749, IntendedVsync=64061282752, Vsync=64061282752, InputEventId=629973788, HandleInputStart=64077275279, AnimationStart=64081916654, PerformTraversalsStart=64083961696, DrawStart=64084210238, FrameDeadline=64094616084, FrameInterval=64077267946, FrameStartTime=16666666, SyncQueued=64084308071, SyncStart=64098120696, IssueDrawCommandsStart=64099707404, SwapBuffers=64113105446, FrameCompleted=9223372036854775807, DequeueBufferDuration=43833, QueueBufferDuration=1200833, GpuCompleted=9223372036854775807, SwapBuffersCompleted=64114874029, DisplayPresentTime=0,
05-29 17:09:32.360 1099 1121 I OpenGLRenderer: Davey! duration=9223371972749ms; Flags=0, FrameTimelineVsyncId=2753, IntendedVsync=64094616152, Vsync=64094616152, InputEventId=183327241, HandleInputStart=64100681029, AnimationStart=64102333196, PerformTraversalsStart=64102771488, DrawStart=64103473529, FrameDeadline=64127949484, FrameInterval=64100672363, FrameStartTime=16666666, SyncQueued=64104486363, SyncStart=64115097279, IssueDrawCommandsStart=64116323321, SwapBuffers=64130346613, FrameCompleted=9223372036854775807, DequeueBufferDuration=38458, QueueBufferDuration=2107042, GpuCompleted=9223372036854775807, SwapBuffersCompleted=64134004113, DisplayPresentTime=0,
05-29 17:09:32.378 1099 1121 I OpenGLRenderer: Davey! duration=9223371972726ms; Flags=0, FrameTimelineVsyncId=2754, IntendedVsync=64111282800, Vsync=64111282800, InputEventId=0, HandleInputStart=64116702821, AnimationStart=64116738071, PerformTraversalsStart=64117522654, DrawStart=64117668904, FrameDeadline=64144616132, FrameInterval=64116697029, FrameStartTime=16666666, SyncQueued=64117741863, SyncStart=64134713196, IssueDrawCommandsStart=64135675113, SwapBuffers=64144985946, FrameCompleted=9223372036854775807, DequeueBufferDuration=39458, QueueBufferDuration=8394459, GpuCompleted=9223372036854775807, SwapBuffersCompleted=64154213238, DisplayPresentTime=0,
05-29 17:09:32.394 1099 1121 I OpenGLRenderer: Davey! duration=9223371972709ms; Flags=0, FrameTimelineVsyncId=2756, IntendedVsync=64127948416, Vsync=64127948416, InputEventId=0, HandleInputStart=64136136363, AnimationStart=64136138904, PerformTraversalsStart=64136800779, DrawStart=64137104113, FrameDeadline=64161281748, FrameInterval=64136129946, FrameStartTime=16666666, SyncQueued=64137216071, SyncStart=64154499863, IssueDrawCommandsStart=64155373321, SwapBuffers=64164341279, FrameCompleted=9223372036854775807, DequeueBufferDuration=39958, QueueBufferDuration=8394875, GpuCompleted=9223372036854775807, SwapBuffersCompleted=64173714154, DisplayPresentTime=0,
05-29 17:09:32.603 476 500 I ActivityStarter: ---START u0 {dat=haqu://setting:8080/home flg=0x10000000 pkg=com.dangbei.haqusetting cmp=com.dangbei.haqusetting/.ui.HomeActivity} from uid 1000
05-29 17:09:32.616 476 500 W ActivityTaskManager: Can't find TaskDisplayArea to determine support for multi window. Task id=128 attached=false
05-29 17:09:32.619 476 500 D CompatibilityChangeReporter: Compat change id reported: 174042980; UID 1000; state: DISABLED
05-29 17:09:32.622 264 264 I AW_PowerHAL: Power setMode: LAUNCH to: 1
05-29 17:09:32.625 476 500 D CompatibilityChangeReporter: Compat change id reported: 168419799; UID 1000; state: DISABLED
05-29 17:09:32.636 476 523 D CompatibilityChangeReporter: Compat change id reported: 158002302; UID 1000; state: ENABLED
05-29 17:09:32.641 476 522 I ActivityManager: com.dangbei.haqusetting is exempt from freezer
05-29 17:09:32.641 476 522 D CompatibilityChangeReporter: Compat change id reported: 135634846; UID 1000; state: DISABLED
05-29 17:09:32.664 247 247 D Zygote : Forked child process 2521
05-29 17:09:32.666 476 540 I ActivityManager: app.processName = com.dangbei.haqusetting
05-29 17:09:32.666 476 540 I ActivityManager: Start proc 2521:com.dangbei.haqusetting/1000 for pre-top-activity {com.dangbei.haqusetting/com.dangbei.haqusetting.ui.HomeActivity}
05-29 17:09:32.667 264 264 I AW_PowerHAL: cur-mode:LAUNCH
05-29 17:09:32.675 2521 2521 I Zygote : seccomp disabled by setenforce 0
05-29 17:09:32.684 1099 1310 W SQLiteLog: (28) double-quoted string literal: "
05-29 17:09:32.685 1099 1310 W SQLiteLog: (28) double-quoted string literal: "3E573FC382525C9655D15D9E5F32992C"
05-29 17:09:32.686 1940 1940 I rainbow_flow: type=1400 audit(0.0:1034): avc: denied { ioctl } for path="/dev/spidev1.0" dev="tmpfs" ino=2489 ioctlcmd=0x6b00 scontext=u:r:init:s0 tcontext=u:object_r:device:s0 tclass=chr_file permissive=1
05-29 17:09:32.710 265 265 I EventThread: type=1400 audit(0.0:1035): avc: denied { search } for name="extcon" dev="sysfs" ino=18109 scontext=u:r:hal_tv_cec_default:s0 tcontext=u:object_r:sysfs_extcon:s0 tclass=dir permissive=1
05-29 17:09:32.749 388 412 I adbd : jdwp connection from 2521
05-29 17:09:32.752 683 683 D TvPipController: onTaskStackChanged()
05-29 17:09:32.762 476 500 D AW_CODE : rotation =0
05-29 17:09:32.767 476 500 D CompatibilityChangeReporter: Compat change id reported: 181136395; UID 1000; state: DISABLED
05-29 17:09:32.769 476 500 D CompatibilityChangeReporter: Compat change id reported: 174042936; UID 1000; state: DISABLED
05-29 17:09:32.779 2521 2521 D CompatibilityChangeReporter: Compat change id reported: 171979766; UID 1000; state: ENABLED
05-29 17:09:32.794 476 538 I UsageStatsService: Time changed in by 24528 seconds
05-29 17:09:32.860 1099 1351 I OpenGLRenderer: Davey! duration=9223371972242ms; Flags=0, FrameTimelineVsyncId=2821, IntendedVsync=64611284853, Vsync=64611284853, InputEventId=0, HandleInputStart=64612734363, AnimationStart=64612740738, PerformTraversalsStart=64617206488, DrawStart=64617648071, FrameDeadline=64644618185, FrameInterval=64612468279, FrameStartTime=16666666, SyncQueued=64617954321, SyncStart=64619102738, IssueDrawCommandsStart=64620286738, SwapBuffers=64632309904, FrameCompleted=9223372036854775807, DequeueBufferDuration=52750, QueueBufferDuration=1184875, GpuCompleted=9223372036854775807, SwapBuffersCompleted=64634782779, DisplayPresentTime=0,
05-29 17:09:32.886 476 521 W IorapForwardingService: No service published for: iorapd
05-29 17:09:32.887 1272 1283 I gbei.screencas: Background young concurrent copying GC freed 4485(536KB) AllocSpace objects, 0(0B) LOS objects, 0% free, 10MB/10MB, paused 1.693ms total 160.861ms
05-29 17:09:32.911 2521 2521 V GraphicsEnvironment: ANGLE Developer option for 'com.dangbei.haqusetting' set to: 'default'
05-29 17:09:32.911 2521 2521 V GraphicsEnvironment: Neither updatable production driver nor prerelease driver is supported.
05-29 17:09:32.912 2521 2521 D NetworkSecurityConfig: No Network Security Config specified, using platform default
05-29 17:09:32.913 2521 2521 D NetworkSecurityConfig: No Network Security Config specified, using platform default
05-29 17:09:32.936 2521 2521 I MultiDex: VM with version 2.1.0 has multidex support
05-29 17:09:32.936 2521 2521 I MultiDex: Installing application
05-29 17:09:32.936 2521 2521 I MultiDex: VM has multidex support, MultiDex support library is disabled.
05-29 17:09:32.958 2521 2521 E ccc : cccccc HaquSettingApplication app onCreate start
05-29 17:09:32.972 1272 2545 W ServiceDescriptorBinder: UPnP specification violation: Not producing element to be compatible with WMP12: (ActionArgument, OUT) Actions
05-29 17:09:32.991 2521 2521 E ccc : cccccc HaquSettingApplication app onCreate end
05-29 17:09:33.007 2521 2562 W ContextImpl: Calling a method in the system process without a qualified user: android.app.ContextImpl.bindService:1895 android.content.ContextWrapper.bindService:810 com.dangbei.lerad.etna.lib.client.EtnaClient.bindServer:138 com.dangbei.lerad.etna.lib.client.EtnaClient.access$600:29 com.dangbei.lerad.etna.lib.client.EtnaClient$3.call:205
05-29 17:09:33.061 1272 1283 I gbei.screencas: Background concurrent copying GC freed 66553(3750KB) AllocSpace objects, 17(796KB) LOS objects, 49% free, 7090KB/13MB, paused 165us total 172.553ms
05-29 17:09:33.093 664 664 E WifiHAL : wifi_get_link_stats: requestResponse Error:-5
05-29 17:09:33.095 476 610 E WifiVendorHal: getWifiLinkLayerStats_1_5_Internal(l.1191) failed {.code = ERROR_INVALID_ARGS, .description = }
05-29 17:09:33.104 1049 1063 E ccc : cccccc etnaService addListener com.dangbei.lerad.etna.aidl.IEtnaAidlListener$Stub$Proxy@5572ff9 com.dangbei.haqusetting
05-29 17:09:33.104 2521 2521 E ccc : cccccc etna-haqu-connected
05-29 17:09:33.169 186 186 I hwservicemanager: getTransport: Cannot find entry android.hardware.configstore@1.0::ISurfaceFlingerConfigs/default in either framework or device VINTF manifest.
05-29 17:09:33.188 1272 2545 W ServiceDescriptorBinder: UPnP specification violation: Not producing element to be compatible with WMP12: (ActionArgument, OUT) CurrentMute
05-29 17:09:33.189 1272 2545 W ServiceDescriptorBinder: UPnP specification violation: Not producing element to be compatible with WMP12: (ActionArgument, OUT) CurrentVolume
05-29 17:09:33.189 1272 2545 W ServiceDescriptorBinder: UPnP specification violation: Not producing element to be compatible with WMP12: (ActionArgument, OUT) CurrentPresetNameList
05-29 17:09:33.189 1272 2545 W ServiceDescriptorBinder: UPnP specification violation: Not producing element to be compatible with WMP12: (ActionArgument, OUT) CurrentLoudness
05-29 17:09:33.189 1272 2545 W ServiceDescriptorBinder: UPnP specification violation: Not producing element to be compatible with WMP12: (ActionArgument, OUT) CurrentVolume
05-29 17:09:33.192 288 329 E HWComposer: getSupportedContentTypes: getSupportedContentTypes failed for display 0: Unsupported (8)
05-29 17:09:33.193 1099 1122 I OpenGLRenderer: Davey! duration=9223371971893ms; Flags=0, FrameTimelineVsyncId=2854, IntendedVsync=64961281655, Vsync=64961281655, InputEventId=0, HandleInputStart=64961951946, AnimationStart=64961956030, PerformTraversalsStart=64962420571, DrawStart=64963080571, FrameDeadline=64994614987, FrameInterval=64961942488, FrameStartTime=16666666, SyncQueued=64963651446, SyncStart=64963918988, IssueDrawCommandsStart=64965133155, SwapBuffers=64969958321, FrameCompleted=9223372036854775807, DequeueBufferDuration=48500, QueueBufferDuration=1409875, GpuCompleted=9223372036854775807, SwapBuffersCompleted=64972271613, DisplayPresentTime=0,
05-29 17:09:33.194 186 186 I hwservicemanager: getTransport: Cannot find entry android.hardware.graphics.mapper@4.0::IMapper/default in either framework or device VINTF manifest.
05-29 17:09:33.194 2521 2576 I Gralloc4: mapper 4.x is not supported
05-29 17:09:33.195 186 186 I hwservicemanager: getTransport: Cannot find entry android.hardware.graphics.mapper@3.0::IMapper/default in either framework or device VINTF manifest.
05-29 17:09:33.195 2521 2576 W Gralloc3: mapper 3.x is not supported
05-29 17:09:33.200 2521 2576 E gralloc : Arm Module v1.0
05-29 17:09:33.201 186 186 I hwservicemanager: getTransport: Cannot find entry android.hardware.graphics.allocator@4.0::IAllocator/default in either framework or device VINTF manifest.
05-29 17:09:33.201 2521 2576 W Gralloc4: allocator 4.x is not supported
05-29 17:09:33.201 186 186 I hwservicemanager: getTransport: Cannot find entry android.hardware.graphics.allocator@3.0::IAllocator/default in either framework or device VINTF manifest.
05-29 17:09:33.201 2521 2576 W Gralloc3: allocator 3.x is not supported
05-29 17:09:33.203 260 297 I gralloc : alloc buffer:W:1920 H:1080 S:1920 PL[1920 1080] SZ:8294400 fmt:1 if:0 af:1 usg:20000b00 fg:00000004
05-29 17:09:33.203 2521 2576 E ion : ioctl c0044901 failed with code -1: Inappropriate ioctl for device
05-29 17:09:33.205 260 297 I gralloc : alloc buffer:W:1920 H:1080 S:1920 PL[1920 1080] SZ:8294400 fmt:1 if:0 af:1 usg:20000b00 fg:00000004
05-29 17:09:33.206 260 297 I gralloc : alloc buffer:W:1920 H:1080 S:1920 PL[1920 1080] SZ:8294400 fmt:1 if:0 af:1 usg:20000b00 fg:00000004
05-29 17:09:33.229 2521 2521 W RecyclerView: No adapter attached; skipping layout
05-29 17:09:33.243 264 264 I AW_PowerHAL: Power setMode: LAUNCH to: 0
05-29 17:09:33.245 264 264 I AW_PowerHAL: cur-mode:SCHEDUTIL
05-29 17:09:33.253 476 519 I ActivityTaskManager: +++Displayed com.dangbei.haqusetting/.ui.HomeActivity: +631ms
05-29 17:09:33.253 476 522 I ActivityManager: Killing 1517:com.android.dynsystem/1000 (adj 985): empty #17
05-29 17:09:33.255 476 522 I ActivityManager: Killing 1228:com.android.music/u0a46 (adj 995): empty #18
05-29 17:09:33.256 476 541 I libprocessgroup: Successfully killed process cgroup uid 1000 pid 1517 in 0ms
05-29 17:09:33.259 476 522 I ActivityManager: Killing 1373:com.android.localtransport/1000 (adj 995): empty #19
05-29 17:09:33.268 476 522 I ActivityManager: Killing 1242:android.process.acore/u0a14 (adj 999): empty #20
05-29 17:09:33.281 2027 2027 I DefaultIMS: onStartInput attribute=android.view.inputmethod.EditorInfo@d233d34 restarting=false inputType: 0
01-01 08:01:07.187 137 137 I binder : undelivered transaction 52655, process died.
05-29 17:09:33.320 476 500 D CountryDetector: No listener is left
05-29 17:09:33.326 247 247 I Zygote : Process 1242 exited due to signal 9 (Killed)
05-29 17:09:33.329 247 247 I Zygote : Process 1517 exited due to signal 9 (Killed)
05-29 17:09:33.341 247 247 I Zygote : Process 1373 exited due to signal 9 (Killed)
05-29 17:09:33.352 476 541 I libprocessgroup: Successfully killed process cgroup uid 10046 pid 1228 in 0ms
05-29 17:09:33.371 247 247 I Zygote : Process 1228 exited due to signal 9 (Killed)
05-29 17:09:33.399 476 541 I libprocessgroup: Successfully killed process cgroup uid 1000 pid 1373 in 0ms
05-29 17:09:33.400 476 541 I libprocessgroup: Successfully killed process cgroup uid 10014 pid 1242 in 0ms
05-29 17:09:33.426 1049 1215 E ccc : cccccc UpdateHelper onMessageReceived com.dangbei.haqusetting com.dangbei.etna.update {"action":"get","functionTag":"leaf_controller_function_controller_dangbei_update","value":0} com.dangbei.lerad.etna.aidl.IEtnaAidlCallback$Stub$Proxy@a537b3e
05-29 17:09:33.438 1049 1063 E ccc : cccccc 请求电量实时 -1
05-29 17:09:33.434 1049 1049 I Binder:1049_3: type=1400 audit(0.0:1036): avc: denied { read } for name="devices" dev="proc" ino=4026532014 scontext=u:r:system_app:s0 tcontext=u:object_r:proc:s0 tclass=file permissive=1
05-29 17:09:33.434 1049 1049 I Binder:1049_3: type=1400 audit(0.0:1037): avc: denied { open } for path="/proc/bus/input/devices" dev="proc" ino=4026532014 scontext=u:r:system_app:s0 tcontext=u:object_r:proc:s0 tclass=file permissive=1
05-29 17:09:33.438 1049 1049 I Binder:1049_3: type=1400 audit(0.0:1038): avc: denied { getattr } for path="/proc/bus/input/devices" dev="proc" ino=4026532014 scontext=u:r:system_app:s0 tcontext=u:object_r:proc:s0 tclass=file permissive=1
05-29 17:09:33.440 1049 1215 E RCInfo : vid:
05-29 17:09:33.440 1049 1215 E RCInfo : pid:
05-29 17:09:33.560 476 500 D ConnectivityService: requestNetwork for uid/pid:1000/2521 activeRequest: null callbackRequest: 35 [NetworkRequest [ REQUEST id=36, [ Capabilities: INTERNET&NOT_RESTRICTED&TRUSTED&NOT_VCN_MANAGED Uid: 1000 RequestorUid: 1000 RequestorPkg: com.dangbei.haqusetting] ]] callback flags: 0 priority: 2147483647
05-29 17:09:33.562 476 617 D ConnectivityService: NetReassign [36 : null → 100]
05-29 17:09:33.567 476 610 D WifiNetworkFactory: got request NetworkRequest [ REQUEST id=36, [ Capabilities: INTERNET&NOT_RESTRICTED&TRUSTED&NOT_VCN_MANAGED Uid: 1000 RequestorUid: 1000 RequestorPkg: com.dangbei.haqusetting] ]
05-29 17:09:33.568 476 655 D Ethernet: got request NetworkRequest [ REQUEST id=36, [ Capabilities: INTERNET&NOT_RESTRICTED&TRUSTED&NOT_VCN_MANAGED Uid: 1000 RequestorUid: 1000 RequestorPkg: com.dangbei.haqusetting] ]
05-29 17:09:33.568 476 655 D EthernetNetworkFactory: acceptRequest, request: NetworkRequest [ REQUEST id=36, [ Capabilities: INTERNET&NOT_RESTRICTED&TRUSTED&NOT_VCN_MANAGED Uid: 1000 RequestorUid: 1000 RequestorPkg: com.dangbei.haqusetting] ]
05-29 17:09:33.568 476 655 I EthernetNetworkFactory: networkForRequest, request: NetworkRequest [ REQUEST id=36, [ Capabilities: INTERNET&NOT_RESTRICTED&TRUSTED&NOT_VCN_MANAGED Uid: 1000 RequestorUid: 1000 RequestorPkg: com.dangbei.haqusetting] ], network: null
05-29 17:09:33.569 476 610 D UntrustedWifiNetworkFactory: got request NetworkRequest [ REQUEST id=36, [ Capabilities: INTERNET&NOT_RESTRICTED&TRUSTED&NOT_VCN_MANAGED Uid: 1000 RequestorUid: 1000 RequestorPkg: com.dangbei.haqusetting] ]
05-29 17:09:33.570 476 610 D OemPaidWifiNetworkFactory: got request NetworkRequest [ REQUEST id=36, [ Capabilities: INTERNET&NOT_RESTRICTED&TRUSTED&NOT_VCN_MANAGED Uid: 1000 RequestorUid: 1000 RequestorPkg: com.dangbei.haqusetting] ]
05-29 17:09:33.571 2027 2027 I DefaultIMS: onStartInput attribute=android.view.inputmethod.EditorInfo@edf175d restarting=false inputType: 0
05-29 17:09:33.577 2521 2547 I OpenGLRenderer: Davey! duration=9223371971626ms; Flags=0, FrameTimelineVsyncId=2898, IntendedVsync=65227951115, Vsync=65227951115, InputEventId=0, HandleInputStart=65228643863, AnimationStart=65228649530, PerformTraversalsStart=65228653530, DrawStart=65327467238, FrameDeadline=65244617781, FrameInterval=65228633280, FrameStartTime=16666666, SyncQueued=65335160155, SyncStart=65335303530, IssueDrawCommandsStart=65335857322, SwapBuffers=65352679780, FrameCompleted=9223372036854775807, DequeueBufferDuration=62083, QueueBufferDuration=1460125, GpuCompleted=9223372036854775807, SwapBuffersCompleted=65356938863, DisplayPresentTime=0,
05-29 17:09:33.609 2521 2538 I OpenGLRenderer: Davey! duration=9223371971476ms; Flags=0, FrameTimelineVsyncId=2923, IntendedVsync=65377949096, Vsync=65377949096, InputEventId=0, HandleInputStart=65378732322, AnimationStart=65378736113, PerformTraversalsStart=65378738613, DrawStart=65378865488, FrameDeadline=65411282428, FrameInterval=65378723905, FrameStartTime=16666666, SyncQueued=65379778030, SyncStart=65379822822, IssueDrawCommandsStart=65381130405, SwapBuffers=65388224697, FrameCompleted=9223372036854775807, DequeueBufferDuration=33625, QueueBufferDuration=933458, GpuCompleted=9223372036854775807, SwapBuffersCompleted=65389943322, DisplayPresentTime=0,
05-29 17:09:33.721 1049 1215 E ccc : cccccc settingHelper resetManager
05-29 17:09:33.725 1049 1215 D DisplayOutputImpl: updateSupportModes type = 4
05-29 17:09:33.729 261 261 D DisplayConfig: virtual Return vendor::display::config::V1_0::implementation::DisplayConfig::getSupportedModes(int32_t, vendor::display::config::V1_0::IDisplayConfig::getSupportedModes_cb): display[0] ret=0, supported modes count(13)
05-29 17:09:33.730 261 261 D DisplayConfig: virtual Return vendor::display::config::V1_0::implementation::DisplayConfig::getSupportedModes(int32_t, vendor::display::config::V1_0::IDisplayConfig::getSupportedModes_cb): display[0] ret=0, supported modes count(13)
05-29 17:09:33.731 261 261 W displayd: xxxxxxx: hdmi user strategy: 31
05-29 17:09:33.732 261 261 W displayd: xxxxxxx: getHDMINativeMode: use perfect hdmi mode(10) as native mode
05-29 17:09:33.732 1049 1215 D DisplayOutputImpl: updateSupportModes = 10 , 31 , true
05-29 17:09:33.732 1049 1215 V HdmiDisplayManager: H618
05-29 17:09:33.733 261 261 D DisplayConfig: virtual Return vendor::display::config::V1_0::implementation::DisplayConfig::getSupportedModes(int32_t, vendor::display::config::V1_0::IDisplayConfig::getSupportedModes_cb): display[0] ret=0, supported modes count(13)
05-29 17:09:33.734 261 261 W displayd: xxxxxxx: hdmi user strategy: 31
05-29 17:09:33.734 261 261 W displayd: xxxxxxx: getHDMINativeMode: use perfect hdmi mode(10) as native mode
05-29 17:09:33.734 1049 1215 D DisplayOutputImpl: getDisplayOutputMode = 10 , 31 , true
05-29 17:09:33.735 261 261 D DisplayConfig: virtual Return vendor::display::config::V1_0::implementation::DisplayConfig::getSupportedModes(int32_t, vendor::display::config::V1_0::IDisplayConfig::getSupportedModes_cb): display[0] ret=0, supported modes count(13)
05-29 17:09:33.736 261 261 W displayd: xxxxxxx: hdmi user strategy: 31
05-29 17:09:33.736 261 261 W displayd: xxxxxxx: getHDMINativeMode: use perfect hdmi mode(10) as native mode
05-29 17:09:33.736 1049 1215 D DisplayOutputImpl: getDisplayOutputMode = 10 , 31 , true
05-29 17:09:33.736 1049 1215 E ccc : cccccc current is 1080p 60Hz
05-29 17:09:33.736 1049 1215 D DisplayOutputImpl: updateSupportModes type = 4
05-29 17:09:33.737 261 261 D DisplayConfig: virtual Return vendor::display::config::V1_0::implementation::DisplayConfig::getSupportedModes(int32_t, vendor::display::config::V1_0::IDisplayConfig::getSupportedModes_cb): display[0] ret=0, supported modes count(13)
05-29 17:09:33.737 261 261 D DisplayConfig: virtual Return vendor::display::config::V1_0::implementation::DisplayConfig::getSupportedModes(int32_t, vendor::display::config::V1_0::IDisplayConfig::getSupportedModes_cb): display[0] ret=0, supported modes count(13)
05-29 17:09:33.738 261 261 W displayd: xxxxxxx: hdmi user strategy: 31
05-29 17:09:33.738 261 261 W displayd: xxxxxxx: getHDMINativeMode: use perfect hdmi mode(10) as native mode
05-29 17:09:33.738 1049 1215 D DisplayOutputImpl: updateSupportModes = 10 , 31 , true
05-29 17:09:33.744 1049 1215 E ccc : cccccc ColorFormatManager reset
05-29 17:09:33.747 1049 1215 E ccc : cccccc ColorHelper current get AUTO
05-29 17:09:33.763 261 261 D DisplayConfig: virtual Return vendor::display::config::V1_0::implementation::DisplayConfig::getSupportedModes(int32_t, vendor::display::config::V1_0::IDisplayConfig::getSupportedModes_cb): display[0] ret=0, supported modes count(13)
05-29 17:09:33.764 261 261 W displayd: xxxxxxx: hdmi user strategy: 31
05-29 17:09:33.764 261 261 W displayd: xxxxxxx: getHDMINativeMode: use perfect hdmi mode(10) as native mode
05-29 17:09:33.764 1049 1215 D DisplayOutputImpl: getDisplayOutputMode = 10 , 31 , true
05-29 17:09:33.764 1049 1215 E ccc : cccccc current is 1080p 60Hz
05-29 17:09:33.767 1049 1215 E ccc : cccccc ColorHelper current get AUTO
05-29 17:09:33.827 2521 2538 I OpenGLRenderer: Davey! duration=9223371971293ms; Flags=0, FrameTimelineVsyncId=2944, IntendedVsync=65561300461, Vsync=65561300461, InputEventId=0, HandleInputStart=65562016113, AnimationStart=65562023530, PerformTraversalsStart=65562040655, DrawStart=65589744405, FrameDeadline=65577967127, FrameInterval=65562002488, FrameStartTime=16666666, SyncQueued=65592291155, SyncStart=65592400488, IssueDrawCommandsStart=65592981322, SwapBuffers=65602094405, FrameCompleted=9223372036854775807, DequeueBufferDuration=75917, QueueBufferDuration=1031042, GpuCompleted=9223372036854775807, SwapBuffersCompleted=65610365613, DisplayPresentTime=0,
05-29 17:09:33.888 476 521 W IorapForwardingService: No service published for: iorapd
05-29 17:09:33.968 1128 1128 D aaa : LedStatusService onStartCommand begin
05-29 17:09:33.970 1128 2597 D aaa : topPkg is -------------- :com.dangbei.haqusetting
05-29 17:09:33.972 1186 1186 D bbb : onStartCommand begin !!!!!!! data分区剩余 24603MB
05-29 17:09:34.801 2521 2531 I bei.haqusettin: Background young concurrent copying GC freed 22413(1264KB) AllocSpace objects, 0(0B) LOS objects, 87% free, 3546KB/27MB, paused 244us total 109.964ms
05-29 17:09:34.891 476 521 W IorapForwardingService: No service published for: iorapd
