05-29 10:20:01.603 1049 1049 W System.err: at android.os.Looper.loopOnce(Looper.java:201)
05-29 10:20:01.603 1049 1049 W System.err: at android.os.Looper.loop(Looper.java:288)
05-29 10:20:01.603 1049 1049 W System.err: at android.app.ActivityThread.main(ActivityThread.java:7854)
05-29 10:20:01.603 1049 1049 W System.err: at java.lang.reflect.Method.invoke(Native Method)
05-29 10:20:01.603 1049 1049 W System.err: at com.android.internal.os.RuntimeInit$MethodAndArgsCaller.run(RuntimeInit.java:548)
05-29 10:20:01.603 1049 1049 W System.err: at com.android.internal.os.ZygoteInit.main(ZygoteInit.java:1182)
05-29 10:20:01.603 380 380 I update_engine: [INFO:update_attempter_android.cc(365)] Attempting to reset state from UPDATE_STATUS_IDLE to UpdateStatus::IDLE
01-01 08:00:23.870 1295 1295 W audit : audit_lost=9 audit_rate_limit=5 audit_backlog_limit=64
01-01 08:00:23.870 1295 1295 E audit : rate limit exceeded
05-29 10:20:01.610 380 380 I update_engine: [INFO:update_attempter_android.cc(369)] Cleaning up reserved space for compressed APEX (if any)
05-29 10:20:01.613 380 380 I update_engine: [INFO:dynamic_partition_control_android.cc(1284)] ResetUpdate resetting update state and deleting snapshots.
05-29 10:20:01.615 191 191 I vold : Bind mounting //data/media/0/Android/data on /mnt/user/0/emulated/0/Android/data
05-29 10:20:01.617 191 191 I vold : Bind mounted //data/media/0/Android/data on /mnt/user/0/emulated/0/Android/data
05-29 10:20:01.617 191 191 I vold : Bind mounting //data/media/0/Android/obb on /mnt/user/0/emulated/0/Android/obb
05-29 10:20:01.623 191 191 I vold : Bind mounted //data/media/0/Android/obb on /mnt/user/0/emulated/0/Android/obb
05-29 10:20:01.623 191 191 I vold : Configuring read_ahead of /mnt/user/0/emulated fuse filesystem to 256kb
05-29 10:20:01.624 191 191 I vold : Writing 256 to /sys/class/bdi/0:47/read_ahead_kb
05-29 10:20:01.624 191 191 I vold : Configuring max_ratio of /mnt/user/0/emulated fuse filesystem to 40
05-29 10:20:01.624 191 191 I vold : Writing 40 to /sys/class/bdi/0:47/max_ratio
05-29 10:20:01.628 380 380 I update_engine: [INFO:delta_performer.cc(1389)] Resetting recorded hash for prepared partitions.
05-29 10:20:01.625 1228 1228 D CompatibilityChangeReporter: Compat change id reported: 160794467; UID 10046; state: DISABLED
05-29 10:20:01.632 476 604 I StorageManagerService: Mounted volume VolumeInfo{emulated;0}:
05-29 10:20:01.632 476 604 I StorageManagerService: type=EMULATED diskId=null partGuid= mountFlags=PRIMARY|VISIBLE
05-29 10:20:01.632 476 604 I StorageManagerService: mountUserId=0 state=MOUNTED
05-29 10:20:01.632 476 604 I StorageManagerService: fsType=null fsUuid=null fsLabel=null
05-29 10:20:01.632 476 604 I StorageManagerService: path=/storage/emulated internalPath=/data/media
05-29 10:20:01.635 476 604 I StorageSessionController: Notifying volume state changed for session with id: emulated;0
05-29 10:20:01.640 1049 1049 E ccc : cccccc 只是做下reset 哈
05-29 10:20:01.640 1228 1228 D music_MediaPlaybackSer: updatePlaybackState, playback state=0
05-29 10:20:01.651 1049 1049 I MMKV : loading [mmkv.default] with 1630 actual size, file size 4096, InterProcess 0, meta info version:3
05-29 10:20:01.651 1049 1049 I MMKV : loading [mmkv.default] with crc 3378336460 sequence 5 version 3
05-29 10:20:01.652 1049 1049 I MMKV : loaded [mmkv.default] with 9 key-values
05-29 10:20:01.654 1242 1242 V GraphicsEnvironment: ANGLE Developer option for 'com.android.providers.contacts' set to: 'default'
05-29 10:20:01.657 1242 1242 V GraphicsEnvironment: Neither updatable production driver nor prerelease driver is supported.
05-29 10:20:01.660 1242 1242 D NetworkSecurityConfig: No Network Security Config specified, using platform default
05-29 10:20:01.662 1099 1295 D getEthernetMacAddr: getEthernetMacAddr use eth0
05-29 10:20:01.663 1099 1099 D OsInitLaunch: send cache: homeCreate, null, null, null
05-29 10:20:01.683 1099 1207 I WebViewFactory: Loading com.android.webview version 91.0.4472.114 (code 447211450)
05-29 10:20:01.686 1242 1242 D NetworkSecurityConfig: No Network Security Config specified, using platform default
05-29 10:20:01.687 1049 1049 E ccc : cccccc updateHelper 通知更新
05-29 10:20:01.693 1049 1049 E ccc : cccccc updateHelper 通知更新
05-29 10:20:01.696 1049 1049 E ccc : cccccc updateHelper 通知更新
05-29 10:20:01.704 1228 1228 D music_MusicApp: add mount callback: com.android.music.MediaPlaybackService@d54d5e3
05-29 10:20:01.719 1228 1228 D music_MediaPlaybackSer: OnGetRoot: clientPackageName=com.android.bluetooth; clientUid=1002 ; rootHints=null
05-29 10:20:01.720 265 265 I EventThread: type=1400 audit(0.0:426): avc: denied { search } for name="extcon" dev="sysfs" ino=18109 scontext=u:r:hal_tv_cec_default:s0 tcontext=u:object_r:sysfs_extcon:s0 tclass=dir permissive=1
05-29 10:20:01.725 669 669 I AvrcpBrowsedPlayerWrapper: onConnected: com.android.music is connected
05-29 10:20:01.725 669 669 D AvrcpBrowsablePlayerConnector: Browse player callback called: package=com.android.music : status=0
05-29 10:20:01.725 669 669 D AvrcpBrowsablePlayerConnector: Received a message: msg.what=1
05-29 10:20:01.727 1049 1059 I lerad.etna.haq: Background young concurrent copying GC freed 13996(867KB) AllocSpace objects, 0(0B) LOS objects, 87% free, 3413KB/27MB, paused 154us total 219.582ms
05-29 10:20:01.730 669 669 I AvrcpBrowsablePlayerConnector: Checking root contents for com.android.music
05-29 10:20:01.732 1228 1228 D music_MediaPlaybackSer: onDestroy
05-29 10:20:01.733 1228 1228 D music_MusicApp: remove mount callback: com.android.music.MediaPlaybackService@d54d5e3
05-29 10:20:01.734 1228 1228 D music_MediaPlaybackSer: handleStopRequest: mState=0 error=destroy
05-29 10:20:01.734 1228 1228 D music_MediaPlaybackSer: updatePlaybackState, playback state=1
05-29 10:20:01.735 1228 1228 D Playback: giveUpAudioFocus
05-29 10:20:01.735 1228 1228 D Playback: relaxResources. releaseMediaPlayer=true
05-29 10:20:01.736 1033 1169 V MediaStore: Examining volume emulated;0 with name external_primary and state mounted
05-29 10:20:01.740 1228 1228 D music_MediaPlaybackSer: updatePlaybackState, playback state=1
05-29 10:20:01.746 1033 1043 I FuseDaemon: Background young concurrent copying GC freed 16814(1038KB) AllocSpace objects, 4(80KB) LOS objects, 88% free, 3158KB/27MB, paused 188us total 304.208ms
05-29 10:20:01.754 1228 1228 D music_MediaPlaybackSer: onCreate()
05-29 10:20:01.754 1228 1228 D music_MediaPlaybackSer: Create MusicProvider
05-29 10:20:01.754 1228 1228 D music_MediaPlaybackSer: Create MediaSession
05-29 10:20:01.760 1272 1272 I gbei.screencast: type=1400 audit(0.0:427): avc: denied { getattr } for path="/data/user/0/com.dangbei.screencast" dev="mmcblk0p25" ino=891 scontext=u:r:platform_app:s0:c512,c768 tcontext=u:object_r:app_data_file:s0:c512,c768 tclass=dir permissive=1 app=com.dangbei.screencast
05-29 10:20:01.765 669 669 V MediaPlayerList: onActiveSessionsChanged: number of controllers: 0
05-29 10:20:01.769 669 669 V MediaPlayerList: onActiveSessionsChanged: number of controllers: 0
05-29 10:20:01.787 1228 1228 D music_MediaPlaybackSer: updatePlaybackState, playback state=0
05-29 10:20:01.797 1049 1049 E ccc : cccccc etna-service onCreate
05-29 10:20:01.799 1228 1228 D music_MusicApp: add mount callback: com.android.music.MediaPlaybackService@e9155e
05-29 10:20:01.799 1099 1207 D nativeloader: classloader namespace configured for unbundled product apk. library_path=/product/app/webview/lib/arm:/product/app/webview/webview.apk!/lib/armeabi-v7a:/product/lib:/system/product/lib
05-29 10:20:01.803 1228 1228 D music_MediaPlaybackSer: OnGetRoot: clientPackageName=com.android.bluetooth; clientUid=1002 ; rootHints=null
05-29 10:20:01.805 669 669 I AvrcpBrowsedPlayerWrapper: onConnected: com.android.music is connected
05-29 10:20:01.805 669 669 I AvrcpBrowsedPlayerWrapper: getFolderItems: Connected to browsable player: com.android.music
05-29 10:20:01.810 476 604 I StorageSessionController: Notifying volume state changed for session with id: emulated;0
05-29 10:20:01.812 1228 1228 D music_MediaPlaybackSer: OnLoadChildren: parentMediaId=__ROOT__
05-29 10:20:01.813 1228 1228 D MusicProvider: retrieveMediaAsync called
05-29 10:20:01.817 1049 1049 W ContextImpl: Calling a method in the system process without a qualified user: android.app.ContextImpl.sendBroadcast:1173 android.content.ContextWrapper.sendBroadcast:479 com.dangbei.lerad.etna.core.EtnaManager.sendRebootBroadcast:82 com.dangbei.lerad.etna.core.EtnaService.onStartCommand:89 android.app.ActivityThread.handleServiceArgs:4639
05-29 10:20:01.818 476 815 E ActivityManager: Sending non-protected broadcast lerad.service.etna.haqu from system 1049:com.dangbei.lerad.etna.haqu/1000 pkg com.dangbei.lerad.etna.haqu
05-29 10:20:01.818 476 815 E ActivityManager: java.lang.Throwable
05-29 10:20:01.818 476 815 E ActivityManager: at com.android.server.am.ActivityManagerService.checkBroadcastFromSystem(ActivityManagerService.java:12816)
05-29 10:20:01.818 476 815 E ActivityManager: at com.android.server.am.ActivityManagerService.broadcastIntentLocked(ActivityManagerService.java:13416)
05-29 10:20:01.818 476 815 E ActivityManager: at com.android.server.am.ActivityManagerService.broadcastIntentLocked(ActivityManagerService.java:12833)
05-29 10:20:01.818 476 815 E ActivityManager: at com.android.server.am.ActivityManagerService.broadcastIntentWithFeature(ActivityManagerService.java:13670)
05-29 10:20:01.818 476 815 E ActivityManager: at android.app.IActivityManager$Stub.onTransact(IActivityManager.java:2326)
05-29 10:20:01.818 476 815 E ActivityManager: at com.android.server.am.ActivityManagerService.onTransact(ActivityManagerService.java:2509)
05-29 10:20:01.818 476 815 E ActivityManager: at android.os.Binder.execTransactInternal(Binder.java:1179)
05-29 10:20:01.818 476 815 E ActivityManager: at android.os.Binder.execTransact(Binder.java:1143)
05-29 10:20:01.824 476 539 I DropBoxManagerService: add tag=system_server_wtf isTagEnabled=true flags=0x2
05-29 10:20:01.827 476 815 E ActivityManager: Sending non-protected broadcast lerad.service.etna.haqu from system 1049:com.dangbei.lerad.etna.haqu/1000 pkg com.dangbei.lerad.etna.haqu
05-29 10:20:01.827 476 815 E ActivityManager: java.lang.Throwable
05-29 10:20:01.827 476 815 E ActivityManager: at com.android.server.am.ActivityManagerService.checkBroadcastFromSystem(ActivityManagerService.java:12816)
05-29 10:20:01.827 476 815 E ActivityManager: at com.android.server.am.ActivityManagerService.broadcastIntentLocked(ActivityManagerService.java:13513)
05-29 10:20:01.827 476 815 E ActivityManager: at com.android.server.am.ActivityManagerService.broadcastIntentLocked(ActivityManagerService.java:12833)
05-29 10:20:01.827 476 815 E ActivityManager: at com.android.server.am.ActivityManagerService.broadcastIntentWithFeature(ActivityManagerService.java:13670)
05-29 10:20:01.827 476 815 E ActivityManager: at android.app.IActivityManager$Stub.onTransact(IActivityManager.java:2326)
05-29 10:20:01.827 476 815 E ActivityManager: at com.android.server.am.ActivityManagerService.onTransact(ActivityManagerService.java:2509)
05-29 10:20:01.827 476 815 E ActivityManager: at android.os.Binder.execTransactInternal(Binder.java:1179)
05-29 10:20:01.827 476 815 E ActivityManager: at android.os.Binder.execTransact(Binder.java:1143)
05-29 10:20:01.829 1049 1049 E ccc : cccccc etna-service onStartCommand
05-29 10:20:01.837 476 539 I DropBoxManagerService: add tag=system_server_wtf isTagEnabled=true flags=0x2
05-29 10:20:01.837 1099 1099 E hq : LauncherCallback:::onViewCreate
05-29 10:20:01.837 1099 1099 E hq : LauncherCallback:::onAttach
05-29 10:20:01.844 1049 1049 E CoreService: onStartCommand
05-29 10:20:01.850 1033 1169 I ExternalStorageServiceImpl: Ignoring volume state for vol:external_primary. State: checking
05-29 10:20:01.865 1049 1311 W ContextImpl: Calling a method in the system process without a qualified user: android.app.ContextImpl.bindService:1895 android.content.ContextWrapper.bindService:810 com.dangbei.lerad.etna.lib.client.EtnaClient.bindServer:138 com.dangbei.lerad.etna.lib.client.EtnaClient.access$600:29 com.dangbei.lerad.etna.lib.client.EtnaClient$3.call:205
05-29 10:20:01.891 1049 1268 W ContextImpl: Calling a method in the system process without a qualified user: android.app.ContextImpl.bindService:1895 android.content.ContextWrapper.bindService:810 com.dangbei.lerad.etna.lib.client.EtnaClient.bindServer:138 com.dangbei.lerad.etna.lib.client.EtnaClient.access$600:29 com.dangbei.lerad.etna.lib.client.EtnaClient$3.call:205
05-29 10:20:01.891 1049 1220 W ContextImpl: Calling a method in the system process without a qualified user: android.app.ContextImpl.bindService:1895 android.content.ContextWrapper.bindService:810 com.dangbei.lerad.etna.lib.client.EtnaClient.bindServer:138 com.dangbei.lerad.etna.lib.client.EtnaClient.access$600:29 com.dangbei.lerad.etna.lib.client.EtnaClient$3.call:205
05-29 10:20:01.891 1049 1049 E ccc : cccccc etnaService addListener com.dangbei.lerad.etna.lib.client.EtnaServerListener@863c9d0 com.dangbei.etna.setting
05-29 10:20:01.892 1049 1049 E ccc : cccccc SettingHelper onServerConnected
05-29 10:20:01.904 1099 1310 I MobclickAgent: module init:azio
05-29 10:20:01.910 1049 1049 E ccc : cccccc etnaService addListener com.dangbei.lerad.etna.lib.client.EtnaServerListener@1d0fcce com.dangbei.etna.update
05-29 10:20:01.910 1049 1049 E ccc : cccccc UpdateHelper onServerConnected
05-29 10:20:01.911 1049 1049 E ccc : cccccc etnaService addListener com.dangbei.lerad.etna.lib.client.EtnaServerListener@863c9d0 com.dangbei.etna.setting
05-29 10:20:01.912 1049 1049 E ccc : cccccc SettingHelper onServerConnected
05-29 10:20:01.914 1049 1049 E ccc : cccccc etnaService addListener com.dangbei.lerad.etna.lib.client.EtnaServerListener@1d0fcce com.dangbei.etna.update
05-29 10:20:01.918 1049 1049 E ccc : cccccc UpdateHelper onServerConnected
05-29 10:20:01.918 1049 1049 E ccc : cccccc etnaService addListener com.dangbei.lerad.etna.lib.client.EtnaServerListener@85697ef com.dangbei.lerad.etna.haqu.andes
05-29 10:20:01.919 1049 1266 E ccc : cccccc sendCycleCheckBootGuideStatusMessage
05-29 10:20:01.920 1049 1267 E ccc : cccccc sendCycleCheckBootGuideStatusMessage
05-29 10:20:01.924 1049 1267 W ContextImpl: Calling a method in the system process without a qualified user: android.app.ContextImpl.startService:1816 android.content.ContextWrapper.startService:774 com.dangbei.etna.setting.core.SettingHelper.startRocky:260 com.dangbei.etna.setting.core.SettingHelper.sendCycleCheckBootGuideStatusMessage:206 com.dangbei.etna.setting.core.SettingHelper.startLoop:195
05-29 10:20:01.929 1049 1266 W ContextImpl: Calling a method in the system process without a qualified user: android.app.ContextImpl.startService:1816 android.content.ContextWrapper.startService:774 com.dangbei.etna.setting.core.SettingHelper.startRocky:260 com.dangbei.etna.setting.core.SettingHelper.sendCycleCheckBootGuideStatusMessage:206 com.dangbei.etna.setting.core.SettingHelper.startLoop:195
05-29 10:20:01.932 476 815 I ActivityManager: com.dangbei.lerad.rocky is exempt from freezer
05-29 10:20:01.933 476 815 D CompatibilityChangeReporter: Compat change id reported: 135634846; UID 1000; state: DISABLED
05-29 10:20:01.935 476 816 W StorageManagerService: Reporting emulated;0 unmounted due to system locked
05-29 10:20:01.936 1099 1099 E hq : LauncherCallback:::inspect
05-29 10:20:01.936 1099 1099 E hq : AdHelper:::后台配置是否展现广告: true
05-29 10:20:01.938 1099 1099 D OsInitLaunch: send cache: launchHome, launchMainActivity, null, 1
05-29 10:20:01.939 1272 1272 V GraphicsEnvironment: ANGLE Developer option for 'com.dangbei.screencast' set to: 'default'
05-29 10:20:01.940 1272 1272 V GraphicsEnvironment: Neither updatable production driver nor prerelease driver is supported.
05-29 10:20:01.943 1049 1266 E ccc : cccccc sendCycleCheckBroadcast
05-29 10:20:01.944 1049 1266 W ContextImpl: Calling a method in the system process without a qualified user: android.app.ContextImpl.sendBroadcast:1173 android.content.ContextWrapper.sendBroadcast:479 com.dangbei.etna.setting.core.SettingHelper.sendCycleToProjector:250 com.dangbei.etna.setting.core.SettingHelper.sendCycleCheckBroadcast:219 com.dangbei.etna.setting.core.SettingHelper.sendCycleCheckBootGuideStatusMessage:207
05-29 10:20:01.946 1272 1272 D NetworkSecurityConfig: Using Network Security Config from resource network_security_config debugBuild: false
05-29 10:20:01.948 1049 1267 E ccc : cccccc sendCycleCheckBroadcast
05-29 10:20:01.949 1049 1267 W ContextImpl: Calling a method in the system process without a qualified user: android.app.ContextImpl.sendBroadcast:1173 android.content.ContextWrapper.sendBroadcast:479 com.dangbei.etna.setting.core.SettingHelper.sendCycleToProjector:250 com.dangbei.etna.setting.core.SettingHelper.sendCycleCheckBroadcast:219 com.dangbei.etna.setting.core.SettingHelper.sendCycleCheckBootGuideStatusMessage:207
05-29 10:20:01.953 476 620 D NsdService: New client listening to asynchronous messages
05-29 10:20:01.954 476 620 D NsdService: New client, channel: com.android.internal.util.AsyncChannel@5e8f92b messenger: android.os.Messenger@25f6188
05-29 10:20:01.956 476 811 W StorageManagerService: Reporting emulated;0 unmounted due to system locked
05-29 10:20:01.957 1049 1049 D CompatibilityChangeReporter: Compat change id reported: 191844585; UID 1000; state: DISABLED
05-29 10:20:01.960 476 620 D NsdService: mdnssd [start-service]
05-29 10:20:01.960 1049 1267 W ContextImpl: Calling a method in the system process without a qualified user: android.app.ContextImpl.sendBroadcast:1173 android.content.ContextWrapper.sendBroadcast:479 com.dangbei.etna.setting.core.SettingHelper.sendCycleToVoice:235 com.dangbei.etna.setting.core.SettingHelper.sendCycleCheckBroadcast:220 com.dangbei.etna.setting.core.SettingHelper.sendCycleCheckBootGuideStatusMessage:207
05-29 10:20:01.960 476 811 W StorageManagerService: Reporting emulated;0 unmounted due to system locked
05-29 10:20:01.965 1049 1266 W ContextImpl: Calling a method in the system process without a qualified user: android.app.ContextImpl.sendBroadcast:1173 android.content.ContextWrapper.sendBroadcast:479 com.dangbei.etna.setting.core.SettingHelper.sendCycleToVoice:235 com.dangbei.etna.setting.core.SettingHelper.sendCycleCheckBroadcast:220 com.dangbei.etna.setting.core.SettingHelper.sendCycleCheckBootGuideStatusMessage:207
05-29 10:20:01.968 476 620 E NsdService: Failed to execute mdnssd [start-service]
05-29 10:20:01.968 476 620 E NsdService: com.android.server.NativeDaemonConnector$NativeDaemonFailureException: command '1 mdnssd start-service' failed with '402 1 Service already running'
05-29 10:20:01.968 476 620 E NsdService: at com.android.server.NativeDaemonConnector.executeForList(NativeDaemonConnector.java:516)
05-29 10:20:01.968 476 620 E NsdService: at com.android.server.NativeDaemonConnector.execute(NativeDaemonConnector.java:412)
05-29 10:20:01.968 476 620 E NsdService: at com.android.server.NativeDaemonConnector.execute(NativeDaemonConnector.java:407)
05-29 10:20:01.968 476 620 E NsdService: at com.android.server.NsdService$DaemonConnection.execute(NsdService.java:743)
05-29 10:20:01.968 476 620 E NsdService: at com.android.server.NsdService$DaemonConnection.maybeStart(NsdService.java:758)
05-29 10:20:01.968 476 620 E NsdService: at com.android.server.NsdService$NsdStateMachine.maybeStartDaemon(NsdService.java:100)
05-29 10:20:01.968 476 620 E NsdService: at com.android.server.NsdService$NsdStateMachine.access$1600(NsdService.java:88)
05-29 10:20:01.968 476 620 E NsdService: at com.android.server.NsdService$NsdStateMachine$DefaultState.processMessage(NsdService.java:223)
05-29 10:20:01.968 476 620 E NsdService: at com.android.internal.util.StateMachine$SmHandler.processMsg(StateMachine.java:993)
05-29 10:20:01.968 476 620 E NsdService: at com.android.internal.util.StateMachine$SmHandler.handleMessage(StateMachine.java:810)
05-29 10:20:01.968 476 620 E NsdService: at android.os.Handler.dispatchMessage(Handler.java:106)
05-29 10:20:01.968 476 620 E NsdService: at android.os.Looper.loopOnce(Looper.java:201)
05-29 10:20:01.968 476 620 E NsdService: at android.os.Looper.loop(Looper.java:288)
05-29 10:20:01.968 476 620 E NsdService: at android.os.HandlerThread.run(HandlerThread.java:67)
05-29 10:20:01.976 1033 1169 V MediaStore: Examining volume emulated;0 with name external_primary and state mounted
05-29 10:20:01.977 476 579 E ActivityManager: Sending non-protected broadcast com.dangbei.etna.setting.action_cycle_check_broadcast from system 1049:com.dangbei.lerad.etna.haqu/1000 pkg com.dangbei.lerad.etna.haqu
05-29 10:20:01.977 476 579 E ActivityManager: java.lang.Throwable
05-29 10:20:01.977 476 579 E ActivityManager: at com.android.server.am.ActivityManagerService.checkBroadcastFromSystem(ActivityManagerService.java:12816)
05-29 10:20:01.977 476 579 E ActivityManager: at com.android.server.am.ActivityManagerService.broadcastIntentLocked(ActivityManagerService.java:13513)
05-29 10:20:01.977 476 579 E ActivityManager: at com.android.server.am.ActivityManagerService.broadcastIntentLocked(ActivityManagerService.java:12833)
05-29 10:20:01.977 476 579 E ActivityManager: at com.android.server.am.ActivityManagerService.broadcastIntentWithFeature(ActivityManagerService.java:13670)
05-29 10:20:01.977 476 579 E ActivityManager: at android.app.IActivityManager$Stub.onTransact(IActivityManager.java:2326)
05-29 10:20:01.977 476 579 E ActivityManager: at com.android.server.am.ActivityManagerService.onTransact(ActivityManagerService.java:2509)
05-29 10:20:01.977 476 579 E ActivityManager: at android.os.Binder.execTransactInternal(Binder.java:1179)
05-29 10:20:01.977 476 579 E ActivityManager: at android.os.Binder.execTransact(Binder.java:1143)
05-29 10:20:01.977 1272 1272 D NetworkSecurityConfig: Using Network Security Config from resource network_security_config debugBuild: false
05-29 10:20:01.977 476 812 W StorageManagerService: Reporting emulated;0 unmounted due to system locked
05-29 10:20:01.982 476 812 W StorageManagerService: Reporting emulated;0 unmounted due to system locked
05-29 10:20:01.987 476 539 I DropBoxManagerService: add tag=system_server_wtf isTagEnabled=true flags=0x2
05-29 10:20:01.990 247 247 D Zygote : Forked child process 1327
05-29 10:20:01.991 476 540 W ActivityManager: Slow operation: 60ms so far, now at startProcess: returned from zygote!
05-29 10:20:01.991 476 815 E ActivityManager: Sending non-protected broadcast com.dangbei.etna.setting.action_cycle_check_broadcast from system 1049:com.dangbei.lerad.etna.haqu/1000 pkg com.dangbei.lerad.etna.haqu
05-29 10:20:01.991 476 815 E ActivityManager: java.lang.Throwable
05-29 10:20:01.991 476 815 E ActivityManager: at com.android.server.am.ActivityManagerService.checkBroadcastFromSystem(ActivityManagerService.java:12816)
05-29 10:20:01.991 476 815 E ActivityManager: at com.android.server.am.ActivityManagerService.broadcastIntentLocked(ActivityManagerService.java:13513)
05-29 10:20:01.991 476 815 E ActivityManager: at com.android.server.am.ActivityManagerService.broadcastIntentLocked(ActivityManagerService.java:12833)
05-29 10:20:01.991 476 815 E ActivityManager: at com.android.server.am.ActivityManagerService.broadcastIntentWithFeature(ActivityManagerService.java:13670)
05-29 10:20:01.991 476 815 E ActivityManager: at android.app.IActivityManager$Stub.onTransact(IActivityManager.java:2326)
05-29 10:20:01.991 476 815 E ActivityManager: at com.android.server.am.ActivityManagerService.onTransact(ActivityManagerService.java:2509)
05-29 10:20:01.991 476 815 E ActivityManager: at android.os.Binder.execTransactInternal(Binder.java:1179)
05-29 10:20:01.991 476 815 E ActivityManager: at android.os.Binder.execTransact(Binder.java:1143)
05-29 10:20:02.001 683 1255 I vol.Events: writeEvent level_changed STREAM_VOICE_CALL 15
05-29 10:20:02.001 1327 1327 I Zygote : seccomp disabled by setenforce 0
05-29 10:20:02.011 476 540 W ActivityManager: Slow operation: 80ms so far, now at startProcess: done updating battery stats
05-29 10:20:02.014 1272 1272 I MultiDex: VM with version 2.1.0 has multidex support
05-29 10:20:02.015 1272 1272 I MultiDex: Installing application
05-29 10:20:02.015 1272 1272 I MultiDex: VM has multidex support, MultiDex support library is disabled.
05-29 10:20:02.017 476 540 W ActivityManager: Slow operation: 86ms so far, now at startProcess: building log message
05-29 10:20:02.017 476 540 I ActivityManager: app.processName = com.dangbei.lerad.rocky
05-29 10:20:02.017 476 540 I ActivityManager: Start proc 1327:com.dangbei.lerad.rocky/1000 for service {com.dangbei.lerad.rocky/com.dangbei.rocky.RockyService}
05-29 10:20:02.017 476 540 W ActivityManager: Slow operation: 86ms so far, now at startProcess: starting to update pids map
05-29 10:20:02.020 332 332 I rainbow_flow: type=1400 audit(0.0:428): avc: denied { ioctl } for path="/dev/spidev1.0" dev="tmpfs" ino=2489 ioctlcmd=0x6b00 scontext=u:r:init:s0 tcontext=u:object_r:device:s0 tclass=chr_file permissive=1
05-29 10:20:02.033 476 540 W ActivityManager: Slow operation: 102ms so far, now at startProcess: done updating pids map
05-29 10:20:02.042 388 412 I adbd : jdwp connection from 1327
05-29 10:20:02.046 683 1255 I vol.Events: writeEvent level_changed STREAM_SYSTEM 5
05-29 10:20:02.051 683 1255 I vol.Events: writeEvent level_changed STREAM_RING 5
05-29 10:20:02.056 683 1255 I vol.Events: writeEvent level_changed STREAM_MUSIC 9
05-29 10:20:02.060 1099 1099 I nd.statics.boot: type=1400 audit(0.0:429): avc: denied { read } for name="address" dev="sysfs" ino=26267 scontext=u:r:system_app:s0 tcontext=u:object_r:sysfs:s0 tclass=file permissive=1
05-29 10:20:02.060 1099 1099 I nd.statics.boot: type=1400 audit(0.0:430): avc: denied { open } for path="/sys/devices/platform/unisoc_wifi/net/wlan1/address" dev="sysfs" ino=26267 scontext=u:r:system_app:s0 tcontext=u:object_r:sysfs:s0 tclass=file permissive=1
05-29 10:20:02.063 1242 1242 I ContactsPerf: VoicemailContentProvider.onCreate start
05-29 10:20:02.065 683 1255 I vol.Events: writeEvent level_changed STREAM_ALARM 17
05-29 10:20:02.068 1049 1049 D WanCommander: handleConnection:
05-29 10:20:02.084 683 683 D SystemUIService: running: com.android.systemui.volume.VolumeUI@2f32fee
05-29 10:20:02.094 683 1255 I vol.Events: writeEvent level_changed STREAM_BLUETOOTH_SCO 15
05-29 10:20:02.095 1099 1207 I d.leradlaunche: Waiting for a blocking GC ClassLinker
05-29 10:20:02.102 1049 1049 E EtnaListener: onServerConnected
05-29 10:20:02.106 1272 1272 E PartsInfoProvider: onCreate:
05-29 10:20:02.117 683 683 D SystemUIBootTiming: SystemUIService: bootcomplete com.android.systemui.volume.VolumeUI took 855 ms
05-29 10:20:02.118 683 683 D SystemUIService: loading: com.android.systemui.privacy.television.TvOngoingPrivacyChip
05-29 10:20:02.123 476 604 I StorageSessionController: Notifying volume state changed for session with id: emulated;0
05-29 10:20:02.122 1242 1242 I ContactsPerf: VoicemailContentProvider.onCreate finish
05-29 10:20:02.126 476 815 W ActivityManager: Background start not allowed: service Intent { act=com.dangbei.screencast.STARTUP pkg=com.dangbei.screencast } to com.dangbei.screencast/.startup.StartupService from pid=1272 uid=10022 pkg=com.dangbei.screencast startFg?=false
05-29 10:20:02.129 1272 1272 W System.err: android.app.BackgroundServiceStartNotAllowedException: Not allowed to start service Intent { act=com.dangbei.screencast.STARTUP pkg=com.dangbei.screencast }: app is in background uid UidRecord{5ac8ae7 u0a22 RCVR idle change:idle|uncached procs:0 seq(0,0,0)}
05-29 10:20:02.132 1033 1033 V MediaStore: Examining volume emulated;0 with name external_primary and state mounted
05-29 10:20:02.133 1272 1272 W System.err: at android.app.ContextImpl.startServiceCommon(ContextImpl.java:1861)
05-29 10:20:02.145 1272 1272 W System.err: at android.app.ContextImpl.startService(ContextImpl.java:1817)
05-29 10:20:02.147 1272 1272 W System.err: at android.content.ContextWrapper.startService(ContextWrapper.java:774)
05-29 10:20:02.150 1272 1272 W System.err: at b.f.f.h.g.k.a(Unknown Source:20)
05-29 10:20:02.150 1272 1272 W System.err: at com.dangbei.screencast.provider.PartsInfoProvider.onCreate(:2)
05-29 10:20:02.150 1272 1272 W System.err: at android.content.ContentProvider.attachInfo(ContentProvider.java:2404)
05-29 10:20:02.159 476 579 D CompatibilityChangeReporter: Compat change id reported: 168419799; UID 1000; state: DISABLED
05-29 10:20:02.164 1272 1272 W System.err: at android.content.ContentProvider.attachInfo(ContentProvider.java:2374)
05-29 10:20:02.165 1272 1272 W System.err: at android.app.ActivityThread.installProvider(ActivityThread.java:7437)
05-29 10:20:02.166 683 1255 I vol.Events: writeEvent zen_mode_config_changed [disallowAlarms=false disallowMedia=false disallowSystem=true disallowRinger=false]
05-29 10:20:02.171 1272 1272 W System.err: at android.app.ActivityThread.installContentProviders(ActivityThread.java:6954)
05-29 10:20:02.173 1272 1272 W System.err: at android.app.ActivityThread.handleBindApplication(ActivityThread.java:6725)
05-29 10:20:02.175 1272 1272 W System.err: at android.app.ActivityThread.access$1500(ActivityThread.java:247)
05-29 10:20:02.176 1272 1272 W System.err: at android.app.ActivityThread$H.handleMessage(ActivityThread.java:2053)
05-29 10:20:02.177 1272 1272 W System.err: at android.os.Handler.dispatchMessage(Handler.java:106)
05-29 10:20:02.177 1272 1272 W System.err: at android.os.Looper.loopOnce(Looper.java:201)
05-29 10:20:02.178 1272 1272 W System.err: at android.os.Looper.loop(Looper.java:288)
05-29 10:20:02.180 1272 1272 W System.err: at android.app.ActivityThread.main(ActivityThread.java:7854)
05-29 10:20:02.180 1272 1272 W System.err: at java.lang.reflect.Method.invoke(Native Method)
05-29 10:20:02.180 683 683 D SystemUIService: running: com.android.systemui.privacy.television.TvOngoingPrivacyChip@7ad4ec6
05-29 10:20:02.181 1272 1272 W System.err: at com.android.internal.os.RuntimeInit$MethodAndArgsCaller.run(RuntimeInit.java:548)
05-29 10:20:02.181 683 683 D SystemUIBootTiming: SystemUIService: bootcomplete com.android.systemui.privacy.television.TvOngoingPrivacyChip took 63 ms
05-29 10:20:02.181 683 683 D SystemUIService: loading: com.android.systemui.statusbar.tv.TvStatusBar
05-29 10:20:02.181 683 683 D SystemUIService: running: com.android.systemui.statusbar.tv.TvStatusBar@a081b4
05-29 10:20:02.182 1272 1272 W System.err: at com.android.internal.os.ZygoteInit.main(ZygoteInit.java:1182)
05-29 10:20:02.184 476 812 I StatusBarManagerService: registerStatusBar bar=com.android.internal.statusbar.IStatusBar$Stub$Proxy@6ce3571
05-29 10:20:02.188 683 683 D SystemUIBootTiming: SystemUIService: bootcomplete com.android.systemui.statusbar.tv.TvStatusBar took 7 ms
05-29 10:20:02.188 683 683 D SystemUIService: loading: com.android.systemui.statusbar.tv.notifications.TvNotificationPanel
05-29 10:20:02.192 683 683 D SystemUIService: running: com.android.systemui.statusbar.tv.notifications.TvNotificationPanel@11441dd
05-29 10:20:02.192 683 683 D SystemUIBootTiming: SystemUIService: bootcomplete com.android.systemui.statusbar.tv.notifications.TvNotificationPanel took 4 ms
05-29 10:20:02.192 683 683 D SystemUIService: loading: com.android.systemui.statusbar.tv.notifications.TvNotificationHandler
05-29 10:20:02.201 1327 1327 D CompatibilityChangeReporter: Compat change id reported: 171979766; UID 1000; state: DISABLED
05-29 10:20:02.204 683 683 D SystemUIService: running: com.android.systemui.statusbar.tv.notifications.TvNotificationHandler@f9f9152
05-29 10:20:02.213 476 815 D CompatibilityChangeReporter: Compat change id reported: 168419799; UID 10074; state: DISABLED
05-29 10:20:02.216 476 499 W ActivityManager: Background start not allowed: service Intent { act=com.dangbei.screencast.STARTUP pkg=com.dangbei.screencast } to com.dangbei.screencast/.startup.StartupService from pid=1272 uid=10022 pkg=com.dangbei.screencast startFg?=false
05-29 10:20:02.219 683 683 D SystemUIBootTiming: SystemUIService: bootcomplete com.android.systemui.statusbar.tv.notifications.TvNotificationHandler took 26 ms
05-29 10:20:02.219 683 683 D SystemUIService: loading: com.android.systemui.statusbar.tv.VpnStatusObserver
05-29 10:20:02.221 1272 1272 W System.err: android.app.BackgroundServiceStartNotAllowedException: Not allowed to start service Intent { act=com.dangbei.screencast.STARTUP pkg=com.dangbei.screencast }: app is in background uid UidRecord{5ac8ae7 u0a22 RCVR idle change:idle|uncached procs:0 seq(0,0,0)}
05-29 10:20:02.222 1272 1272 W System.err: at android.app.ContextImpl.startServiceCommon(ContextImpl.java:1861)
05-29 10:20:02.224 1272 1272 W System.err: at android.app.ContextImpl.startService(ContextImpl.java:1817)
05-29 10:20:02.224 1272 1272 W System.err: at android.content.ContextWrapper.startService(ContextWrapper.java:774)
05-29 10:20:02.224 1272 1272 W System.err: at b.f.f.h.g.k.a(Unknown Source:20)
05-29 10:20:02.224 1272 1272 W System.err: at com.dangbei.screencast.common.utils.remotepreferences.ScreenCastPreferenceProvider.onCreate(Unknown Source:11)
05-29 10:20:02.224 1272 1272 W System.err: at android.content.ContentProvider.attachInfo(ContentProvider.java:2404)
05-29 10:20:02.224 1272 1272 W System.err: at android.content.ContentProvider.attachInfo(ContentProvider.java:2374)
05-29 10:20:02.225 1272 1272 W System.err: at android.app.ActivityThread.installProvider(ActivityThread.java:7437)
05-29 10:20:02.225 1272 1272 W System.err: at android.app.ActivityThread.installContentProviders(ActivityThread.java:6954)
05-29 10:20:02.225 1272 1272 W System.err: at android.app.ActivityThread.handleBindApplication(ActivityThread.java:6725)
05-29 10:20:02.225 1272 1272 W System.err: at android.app.ActivityThread.access$1500(ActivityThread.java:247)
05-29 10:20:02.225 1272 1272 W System.err: at android.app.ActivityThread$H.handleMessage(ActivityThread.java:2053)
05-29 10:20:02.225 1272 1272 W System.err: at android.os.Handler.dispatchMessage(Handler.java:106)
05-29 10:20:02.225 1272 1272 W System.err: at android.os.Looper.loopOnce(Looper.java:201)
05-29 10:20:02.225 1272 1272 W System.err: at android.os.Looper.loop(Looper.java:288)
05-29 10:20:02.225 1272 1272 W System.err: at android.app.ActivityThread.main(ActivityThread.java:7854)
05-29 10:20:02.225 1272 1272 W System.err: at java.lang.reflect.Method.invoke(Native Method)
05-29 10:20:02.225 1272 1272 W System.err: at com.android.internal.os.RuntimeInit$MethodAndArgsCaller.run(RuntimeInit.java:548)
05-29 10:20:02.225 1272 1272 W System.err: at com.android.internal.os.ZygoteInit.main(ZygoteInit.java:1182)
05-29 10:20:02.233 476 811 D CountryDetector: The first listener is added
05-29 10:20:02.241 1242 1242 I ContactsDatabaseHelper: updateUseStrictPhoneNumberComparison: CN
05-29 10:20:02.245 1327 1327 D ApplicationLoaders: Returning zygote-cached class loader: /system/framework/android.test.base.jar
05-29 10:20:02.246 1327 1327 D ApplicationLoaders: Returning zygote-cached class loader: /system/framework/android.hidl.manager-V1.0-java.jar
05-29 10:20:02.246 1327 1327 D ApplicationLoaders: Returning zygote-cached class loader: /system/framework/android.hidl.base-V1.0-java.jar
05-29 10:20:02.260 1099 1099 E getHdmiStatus: sourceInputStatus=null mEtnaAdapter=null
05-29 10:20:02.274 476 811 D CompatibilityChangeReporter: Compat change id reported: 149924527; UID 10046; state: ENABLED
05-29 10:20:02.294 1033 1356 I MediaProvider: Begin Intent { act=com.android.providers.media.action.SCAN_VOLUME (has extras) }
05-29 10:20:02.299 1033 1169 V MediaStore: Examining volume emulated;0 with name external_primary and state mounted
05-29 10:20:02.306 476 914 D BufferPoolAccessor2.0: bufferpool2 0xe8083f98 : 0(0 size) total buffers - 0(0 size) used buffers - 2/7 (recycle/alloc) - 6/294 (fetch/transfer)
05-29 10:20:02.306 476 914 D BufferPoolAccessor2.0: bufferpool2 0xe8083d18 : 0(0 size) total buffers - 0(0 size) used buffers - 2/7 (recycle/alloc) - 6/294 (fetch/transfer)
05-29 10:20:02.306 476 914 D BufferPoolAccessor2.0: evictor expired: 2, evicted: 2
05-29 10:20:02.306 476 521 W IorapForwardingService: No service published for: iorapd
05-29 10:20:02.307 476 812 D CompatibilityChangeReporter: Compat change id reported: 182734110; UID 10074; state: DISABLED
05-29 10:20:02.309 376 750 D BufferPoolAccessor2.0: bufferpool2 0xed068058 : 0(0 size) total buffers - 0(0 size) used buffers - 141/145 (recycle/alloc) - 4/144 (fetch/transfer)
05-29 10:20:02.313 376 750 D BufferPoolAccessor2.0: bufferpool2 0xed0682d8 : 0(0 size) total buffers - 0(0 size) used buffers - 141/145 (recycle/alloc) - 4/144 (fetch/transfer)
05-29 10:20:02.313 376 750 D BufferPoolAccessor2.0: evictor expired: 2, evicted: 2
05-29 10:20:02.314 476 617 D ConnectivityService: NetReassign [no changes]
05-29 10:20:02.322 476 812 D CompatibilityChangeReporter: Compat change id reported: 132649864; UID 10046; state: DISABLED
05-29 10:20:02.335 476 522 D ColorDisplayService: NightDisplayTintController Animation cancelled: false to matrix:
05-29 10:20:02.335 476 522 D ColorDisplayService: 1.000000 0.000000 0.000000 0.000000 0.000000 1.000000 0.000000 0.000000 0.000000 0.000000 1.000000 0.000000 0.000000 0.000000 0.000000 1.000000 min matrix coefficients:
05-29 10:20:02.335 476 522 D ColorDisplayService: 1.000000 0.000000 0.000000 0.000000 0.000000 1.000000 0.000000 0.000000 0.000000 0.000000 1.000000 0.000000 0.000000 0.000000 0.000000 1.000000 max matrix coefficients:
05-29 10:20:02.335 476 522 D ColorDisplayService: 1.000000 0.000000 0.000000 0.000000 0.000000 1.000000 0.000000 0.000000 0.000000 0.000000 1.000000 0.000000 0.000000 0.000000 0.000000 1.000000
05-29 10:20:02.371 476 754 D CompatibilityChangeReporter: Compat change id reported: 182734110; UID 10046; state: DISABLED
05-29 10:20:02.374 683 683 D SystemUIService: running: com.android.systemui.statusbar.tv.VpnStatusObserver@1edd011
05-29 10:20:02.374 683 683 D SystemUIBootTiming: SystemUIService: bootcomplete com.android.systemui.statusbar.tv.VpnStatusObserver took 155 ms
05-29 10:20:02.374 683 683 D SystemUIService: loading: com.android.systemui.globalactions.GlobalActionsComponent
05-29 10:20:02.384 1272 1272 D AndroidAutoSize: designWidthInDp = 360, designHeightInDp = 640, screenWidth = 1920, screenHeight = 1080
05-29 10:20:02.385 1272 1272 D AndroidAutoSize: initDensity = 1.5, initScaledDensity = 1.5
05-29 10:20:02.392 820 930 D BufferPoolAccessor2.0: bufferpool2 0xe84f7598 : 0(0 size) total buffers - 0(0 size) used buffers - 1/7 (recycle/alloc) - 6/96 (fetch/transfer)
05-29 10:20:02.392 820 930 D BufferPoolAccessor2.0: bufferpool2 0xe84f8e98 : 0(0 size) total buffers - 0(0 size) used buffers - 1/7 (recycle/alloc) - 6/92 (fetch/transfer)
05-29 10:20:02.392 820 930 D BufferPoolAccessor2.0: evictor expired: 2, evicted: 2
05-29 10:20:02.393 1099 1099 D OsInitLaunch: send cache: mangoAuth, null, AUTH_NO_NETWORK, null
05-29 10:20:02.398 683 683 D SystemUIService: running: com.android.systemui.globalactions.GlobalActionsComponent@5ccf576
05-29 10:20:02.414 476 579 D WifiNl80211Manager: Scan result ready event
05-29 10:20:02.415 476 579 D WifiNative: Scan result ready event
05-29 10:20:02.415 360 370 D installd: Found quota mount /dev/block/by-name/userdata at /data
05-29 10:20:02.415 360 370 D installd: Found quota mount /dev/block/by-name/userdata at /data/user/0
05-29 10:20:02.416 360 370 D installd: Found quota mount /dev/block/by-name/userdata at /mnt/pass_through/0/emulated
05-29 10:20:02.416 360 370 D installd: Found quota mount /dev/block/by-name/userdata at /mnt/user/0/emulated/0/Android/data
05-29 10:20:02.416 360 370 D installd: Found quota mount /dev/block/by-name/userdata at /storage/emulated/0/Android/data
05-29 10:20:02.416 360 370 D installd: Found quota mount /dev/block/by-name/userdata at /mnt/androidwritable/0/emulated/0/Android/data
05-29 10:20:02.416 360 370 D installd: Found quota mount /dev/block/by-name/userdata at /mnt/installer/0/emulated/0/Android/data
05-29 10:20:02.416 360 370 D installd: Found quota mount /dev/block/by-name/userdata at /mnt/user/0/emulated/0/Android/obb
05-29 10:20:02.416 360 370 D installd: Found quota mount /dev/block/by-name/userdata at /storage/emulated/0/Android/obb
05-29 10:20:02.416 360 370 D installd: Found quota mount /dev/block/by-name/userdata at /mnt/androidwritable/0/emulated/0/Android/obb
05-29 10:20:02.416 360 370 D installd: Found quota mount /dev/block/by-name/userdata at /mnt/installer/0/emulated/0/Android/obb
05-29 10:20:02.422 360 370 D installd: Found storage mount /dev/block/by-name/userdata at /mnt/pass_through/0/emulated
05-29 10:20:02.430 476 579 D ConnectivityService: requestNetwork for uid/pid:1000/1099 activeRequest: null callbackRequest: 27 [NetworkRequest [ REQUEST id=28, [ Capabilities: INTERNET&NOT_RESTRICTED&TRUSTED&NOT_VCN_MANAGED Uid: 1000 RequestorUid: 1000 RequestorPkg: com.dangbei.leard.leradlauncher] ]] callback flags: 0 priority: 2147483647
05-29 10:20:02.437 1033 1033 V MediaStore: Examining volume emulated;0 with name external_primary and state mounted
05-29 10:20:02.437 476 617 D ConnectivityService: NetReassign [no changes]
05-29 10:20:02.442 476 610 D WifiNetworkFactory: got request NetworkRequest [ REQUEST id=28, [ Capabilities: INTERNET&NOT_RESTRICTED&TRUSTED&NOT_VCN_MANAGED Uid: 1000 RequestorUid: 1000 RequestorPkg: com.dangbei.leard.leradlauncher] ]
05-29 10:20:02.443 476 610 D UntrustedWifiNetworkFactory: got request NetworkRequest [ REQUEST id=28, [ Capabilities: INTERNET&NOT_RESTRICTED&TRUSTED&NOT_VCN_MANAGED Uid: 1000 RequestorUid: 1000 RequestorPkg: com.dangbei.leard.leradlauncher] ]
05-29 10:20:02.443 476 610 D OemPaidWifiNetworkFactory: got request NetworkRequest [ REQUEST id=28, [ Capabilities: INTERNET&NOT_RESTRICTED&TRUSTED&NOT_VCN_MANAGED Uid: 1000 RequestorUid: 1000 RequestorPkg: com.dangbei.leard.leradlauncher] ]
05-29 10:20:02.444 1099 1295 I UtilCommon: bluetoothMac=B4:2F:03:15:A3:36
05-29 10:20:02.444 1099 1295 E wangli : env: 0_false
05-29 10:20:02.446 476 655 D Ethernet: got request NetworkRequest [ REQUEST id=28, [ Capabilities: INTERNET&NOT_RESTRICTED&TRUSTED&NOT_VCN_MANAGED Uid: 1000 RequestorUid: 1000 RequestorPkg: com.dangbei.leard.leradlauncher] ]
05-29 10:20:02.447 476 655 D EthernetNetworkFactory: acceptRequest, request: NetworkRequest [ REQUEST id=28, [ Capabilities: INTERNET&NOT_RESTRICTED&TRUSTED&NOT_VCN_MANAGED Uid: 1000 RequestorUid: 1000 RequestorPkg: com.dangbei.leard.leradlauncher] ]
05-29 10:20:02.447 476 655 I EthernetNetworkFactory: networkForRequest, request: NetworkRequest [ REQUEST id=28, [ Capabilities: INTERNET&NOT_RESTRICTED&TRUSTED&NOT_VCN_MANAGED Uid: 1000 RequestorUid: 1000 RequestorPkg: com.dangbei.leard.leradlauncher] ], network: null
05-29 10:20:02.454 476 604 D StorageManagerService: Volume emulated;0 broadcasting mounted to UserHandle{0}
05-29 10:20:02.457 476 656 D PPPOE : got request NetworkRequest [ REQUEST id=28, [ Capabilities: INTERNET&NOT_RESTRICTED&TRUSTED&NOT_VCN_MANAGED Uid: 1000 RequestorUid: 1000 RequestorPkg: com.dangbei.leard.leradlauncher] ]
05-29 10:20:02.463 1228 1228 D music_MusicApp: received action: android.intent.action.MEDIA_MOUNTED
05-29 10:20:02.464 1228 1228 D music_MediaPlaybackSer: mount changed: isMounted: true, stop playing ...
05-29 10:20:02.479 683 683 D SystemUIBootTiming: SystemUIService: bootcomplete com.android.systemui.globalactions.GlobalActionsComponent took 105 ms
05-29 10:20:02.480 683 683 D SystemUIService: loading: com.android.systemui.usb.StorageNotification
05-29 10:20:02.493 476 604 D StorageManagerService: Volume emulated;0 broadcasting mounted to UserHandle{0}
05-29 10:20:02.501 1033 1033 V MediaStore: Examining volume emulated;0 with name external_primary and state mounted
05-29 10:20:02.503 1228 1228 D music_MusicApp: received action: android.intent.action.MEDIA_MOUNTED
05-29 10:20:02.503 1228 1228 D music_MediaPlaybackSer: mount changed: isMounted: true, stop playing ...
05-29 10:20:02.512 683 683 D SystemUIService: running: com.android.systemui.usb.StorageNotification@5c04413
05-29 10:20:02.530 476 1029 I ActivityManager: com.android.localtransport is exempt from freezer
05-29 10:20:02.533 476 1029 D CompatibilityChangeReporter: Compat change id reported: 135634846; UID 1000; state: DISABLED
05-29 10:20:02.534 1099 1099 I Choreographer: Skipped 100 frames! The application may be doing too much work on its main thread.
05-29 10:20:02.547 1099 1208 E hq : ErrorCoroutineExceptionHandler:::runTry error:java.net.UnknownHostException: Unable to resolve host "ottdbui-tyapiqun7.yysh.mgtv.com": No address associated with hostname from=requestAppBarData_loadData
05-29 10:20:02.570 247 247 D Zygote : Forked child process 1373
05-29 10:20:02.575 1373 1373 I Zygote : seccomp disabled by setenforce 0
05-29 10:20:02.598 683 683 D StorageNotification: Notifying about private volume: VolumeInfo{private}:
05-29 10:20:02.598 683 683 D StorageNotification: type=PRIVATE diskId=null partGuid=null mountFlags=0 mountUserId=-10000
05-29 10:20:02.598 683 683 D StorageNotification: state=MOUNTED
05-29 10:20:02.598 683 683 D StorageNotification: fsType=null fsUuid=null fsLabel=null
05-29 10:20:02.598 683 683 D StorageNotification: path=/data internalPath=null
05-29 10:20:02.614 388 412 I adbd : jdwp connection from 1373
05-29 10:20:02.625 1099 1367 E FactoryResetOperateImpl: isFirstBoot 2
05-29 10:20:02.626 1099 1367 E FactoryResetOperateImpl: isFirstBoot 2
05-29 10:20:02.648 1242 1355 D ContactsDatabaseHelper: WAL enabled for contacts2.db: true
05-29 10:20:02.691 1099 1207 I d.leradlaunche: WaitForGcToComplete blocked ClassLinker on Background for 595.911ms
05-29 10:20:02.707 1033 1356 V MediaProvider: onConfigure() for internal.db
05-29 10:20:02.720 1033 1356 V MediaProvider: onOpen() for internal.db
05-29 10:20:02.721 1033 1356 V MediaProvider: onOpen() finished for internal.db
05-29 10:20:02.725 476 754 D CompatibilityChangeReporter: Compat change id reported: 149924527; UID 10022; state: ENABLED
05-29 10:20:02.727 476 540 W ActivityManager: Slow operation: 198ms so far, now at startProcess: done updating battery stats
05-29 10:20:02.731 476 540 W ActivityManager: Slow operation: 202ms so far, now at startProcess: building log message
05-29 10:20:02.732 1327 1327 V GraphicsEnvironment: ANGLE Developer option for 'com.dangbei.lerad.rocky' set to: 'default'
05-29 10:20:02.733 476 540 I ActivityManager: app.processName = com.android.localtransport
05-29 10:20:02.733 476 540 I ActivityManager: Start proc 1373:com.android.localtransport/1000 for service {com.android.localtransport/com.android.localtransport.LocalTransportService}
05-29 10:20:02.734 476 540 W ActivityManager: Slow operation: 205ms so far, now at startProcess: starting to update pids map
05-29 10:20:02.735 476 540 W ActivityManager: Slow operation: 206ms so far, now at startProcess: done updating pids map
05-29 10:20:02.742 476 660 D CompatibilityChangeReporter: Compat change id reported: 168419799; UID 1000; state: DISABLED
05-29 10:20:02.744 1327 1327 V GraphicsEnvironment: Neither updatable production driver nor prerelease driver is supported.
05-29 10:20:02.745 476 754 D CompatibilityChangeReporter: Compat change id reported: 132649864; UID 10022; state: DISABLED
05-29 10:20:02.749 683 683 D SystemUIBootTiming: SystemUIService: bootcomplete com.android.systemui.usb.StorageNotification took 269 ms
05-29 10:20:02.749 683 683 D SystemUIService: loading: com.android.systemui.power.PowerUI
05-29 10:20:02.750 683 683 D SystemUIService: running: com.android.systemui.power.PowerUI@7393d4e
05-29 10:20:02.760 1099 1320 W System.err: java.net.UnknownHostException: Unable to resolve host "utoken.umeng.com": No address associated with hostname
05-29 10:20:02.761 1099 1320 W System.err: at java.net.Inet6AddressImpl.lookupHostByName(Inet6AddressImpl.java:156)
05-29 10:20:02.764 1327 1327 D NetworkSecurityConfig: No Network Security Config specified, using platform default
05-29 10:20:02.765 1099 1320 W System.err: at java.net.Inet6AddressImpl.lookupAllHostAddr(Inet6AddressImpl.java:103)
05-29 10:20:02.765 1327 1327 D NetworkSecurityConfig: No Network Security Config specified, using platform default
05-29 10:20:02.766 1099 1320 W System.err: at java.net.InetAddress.getAllByName(InetAddress.java:1152)
05-29 10:20:02.766 1099 1320 W System.err: at com.android.okhttp.Dns$1.lookup(Dns.java:41)
05-29 10:20:02.766 1099 1320 W System.err: at com.android.okhttp.internal.http.RouteSelector.resetNextInetSocketAddress(RouteSelector.java:178)
05-29 10:20:02.766 1099 1320 W System.err: at com.android.okhttp.internal.http.RouteSelector.nextProxy(RouteSelector.java:144)
05-29 10:20:02.766 1099 1320 W System.err: at com.android.okhttp.internal.http.RouteSelector.next(RouteSelector.java:86)
05-29 10:20:02.766 1099 1320 W System.err: at com.android.okhttp.internal.http.StreamAllocation.findConnection(StreamAllocation.java:176)
05-29 10:20:02.766 1099 1320 W System.err: at com.android.okhttp.internal.http.StreamAllocation.findHealthyConnection(StreamAllocation.java:128)
05-29 10:20:02.766 1099 1320 W System.err: at com.android.okhttp.internal.http.StreamAllocation.newStream(StreamAllocation.java:97)
05-29 10:20:02.766 1099 1320 W System.err: at com.android.okhttp.internal.http.HttpEngine.connect(HttpEngine.java:289)
05-29 10:20:02.766 1099 1320 W System.err: at com.android.okhttp.internal.http.HttpEngine.sendRequest(HttpEngine.java:232)
05-29 10:20:02.770 1327 1327 I MultiDex: VM with version 2.1.0 has multidex support
05-29 10:20:02.770 1327 1327 I MultiDex: Installing application
05-29 10:20:02.770 1327 1327 I MultiDex: VM has multidex support, MultiDex support library is disabled.
05-29 10:20:02.774 1242 1345 I CallLogProvider: Syncing call composer pics -- source user=0, isShadow=true, forAllUser=false
05-29 10:20:02.775 1242 1345 I CallLogProvider: Fetching list of Uris to sync
