05-29 17:10:57.586 476 610 E WifiVendorHal: getWifiLinkLayerStats_1_5_Internal(l.1191) failed {.code = ERROR_INVALID_ARGS, .description = }
05-29 17:10:58.092 476 521 W IorapForwardingService: No service published for: iorapd
05-29 17:10:58.666 2121 2188 D UtilLog : 日志批量上报 进行正常循环 !!!!!!本次有0次请求,共0条数据
05-29 17:10:59.095 476 521 W IorapForwardingService: No service published for: iorapd
05-29 17:10:59.414 1099 1122 I OpenGLRenderer: Davey! duration=9223371885692ms; Flags=0, FrameTimelineVsyncId=6121, IntendedVsync=151161138000, Vsync=151161138000, InputEventId=0, HandleInputStart=151161970654, AnimationStart=151161978529, PerformTraversalsStart=151162263487, DrawStart=151163246946, FrameDeadline=151177804666, FrameInterval=151161954654, FrameStartTime=16666666, SyncQueued=151165096737, SyncStart=151166388779, IssueDrawCommandsStart=151167483612, SwapBuffers=151186025654, FrameCompleted=9223372036854775807, DequeueBufferDuration=124458, QueueBufferDuration=1590625, GpuCompleted=9223372036854775807, SwapBuffersCompleted=151188851862, DisplayPresentTime=0,
05-29 17:10:59.479 1099 1122 I OpenGLRenderer: Davey! duration=9223371885632ms; Flags=0, FrameTimelineVsyncId=6127, IntendedVsync=151210985454, Vsync=151210985454, InputEventId=0, HandleInputStart=151217261362, AnimationStart=151217266821, PerformTraversalsStart=151217750737, DrawStart=151217969571, FrameDeadline=151244318786, FrameInterval=151217246362, FrameStartTime=16666666, SyncQueued=151218080154, SyncStart=151229647821, IssueDrawCommandsStart=151231328821, SwapBuffers=151247573862, FrameCompleted=9223372036854775807, DequeueBufferDuration=2493458, QueueBufferDuration=2706333, GpuCompleted=9223372036854775807, SwapBuffersCompleted=151252109987, DisplayPresentTime=0,
05-29 17:10:59.496 1099 1122 I OpenGLRenderer: Davey! duration=9223371885606ms; Flags=0, FrameTimelineVsyncId=6129, IntendedVsync=151227648612, Vsync=151227648612, InputEventId=0, HandleInputStart=151233716904, AnimationStart=151233721737, PerformTraversalsStart=151234096404, DrawStart=151234751446, FrameDeadline=151260981944, FrameInterval=151233703196, FrameStartTime=16666666, SyncQueued=151235340571, SyncStart=151256434362, IssueDrawCommandsStart=151257834404, SwapBuffers=151271248987, FrameCompleted=9223372036854775807, DequeueBufferDuration=72750, QueueBufferDuration=1392584, GpuCompleted=9223372036854775807, SwapBuffersCompleted=151273255904, DisplayPresentTime=0,
05-29 17:10:59.510 1099 1121 I OpenGLRenderer: Davey! duration=9223371885596ms; Flags=0, FrameTimelineVsyncId=6131, IntendedVsync=151244315981, Vsync=151244315981, InputEventId=0, HandleInputStart=151258746612, AnimationStart=151258751487, PerformTraversalsStart=151259359696, DrawStart=151259603237, FrameDeadline=151277649313, FrameInterval=151258732654, FrameStartTime=16666666, SyncQueued=151259710821, SyncStart=151273594696, IssueDrawCommandsStart=151274674237, SwapBuffers=151285391612, FrameCompleted=9223372036854775807, DequeueBufferDuration=31042, QueueBufferDuration=2467459, GpuCompleted=9223372036854775807, SwapBuffersCompleted=151288887654, DisplayPresentTime=0,
05-29 17:10:59.526 1099 1121 I OpenGLRenderer: Davey! duration=9223371885580ms; Flags=0, FrameTimelineVsyncId=6133, IntendedVsync=151261002775, Vsync=151261002775, InputEventId=0, HandleInputStart=151275169446, AnimationStart=151275171821, PerformTraversalsStart=151275518946, DrawStart=151275736904, FrameDeadline=151294336107, FrameInterval=151275161654, FrameStartTime=16666666, SyncQueued=151275834821, SyncStart=151289219112, IssueDrawCommandsStart=151290548696, SwapBuffers=151296762987, FrameCompleted=9223372036854775807, DequeueBufferDuration=51209, QueueBufferDuration=7851209, GpuCompleted=9223372036854775807, SwapBuffersCompleted=151305602571, DisplayPresentTime=0,
05-29 17:11:00.098 476 521 W IorapForwardingService: No service published for: iorapd
05-29 17:11:00.603 664 664 E WifiHAL : wifi_get_link_stats: requestResponse Error:-5
05-29 17:11:00.605 476 610 E WifiVendorHal: getWifiLinkLayerStats_1_5_Internal(l.1191) failed {.code = ERROR_INVALID_ARGS, .description = }
05-29 17:11:01.100 476 521 W IorapForwardingService: No service published for: iorapd
05-29 17:11:01.839 246 1830 W resolv : SSL_connect write error 0, mark 0xf0064: Try again
05-29 17:11:01.840 246 1830 W resolv : TLS Handshake failed
05-29 17:11:01.840 246 1830 W resolv : query failed
05-29 17:11:01.840 246 1830 W resolv : validateDnsTlsServer returned 0 for 202.96.134.133
05-29 17:11:01.841 246 1830 W resolv : Validation failed
05-29 17:11:01.855 246 1829 W resolv : SSL_connect write error 0, mark 0xf0064: Try again
05-29 17:11:01.856 246 1829 W resolv : TLS Handshake failed
05-29 17:11:01.856 246 1829 W resolv : query failed
05-29 17:11:01.856 246 1829 W resolv : validateDnsTlsServer returned 0 for 202.96.128.166
05-29 17:11:01.856 246 1829 W resolv : Validation failed
05-29 17:11:01.960 476 814 D WifiNl80211Manager: Scan result ready event
05-29 17:11:01.960 476 814 D WifiNative: Scan result ready event
05-29 17:11:01.974 1940 1940 I rainbow_flow: type=1400 audit(0.0:1123): avc: denied { ioctl } for path="/dev/spidev1.0" dev="tmpfs" ino=2489 ioctlcmd=0x6b00 scontext=u:r:init:s0 tcontext=u:object_r:device:s0 tclass=chr_file permissive=1
05-29 17:11:02.012 664 664 E WifiHAL : wifi_get_link_stats: requestResponse Error:-5
05-29 17:11:02.014 476 610 E WifiVendorHal: getWifiLinkLayerStats_1_5_Internal(l.1191) failed {.code = ERROR_INVALID_ARGS, .description = }
05-29 17:11:02.103 476 521 W IorapForwardingService: No service published for: iorapd
05-29 17:11:02.371 1128 1128 D aaa : LedStatusService onStartCommand begin
05-29 17:11:02.373 1128 3090 D aaa : topPkg is -------------- :com.dangbei.haqusetting
05-29 17:11:02.377 1186 1186 D bbb : onStartCommand begin !!!!!!! data分区剩余 24603MB
05-29 17:11:02.431 1099 1351 I OpenGLRenderer: Davey! duration=9223371882692ms; Flags=0, FrameTimelineVsyncId=6199, IntendedVsync=154161281560, Vsync=154161281560, InputEventId=0, HandleInputStart=154167227322, AnimationStart=154167234114, PerformTraversalsStart=154167538239, DrawStart=154168593531, FrameDeadline=154177948226, FrameInterval=154167213447, FrameStartTime=16666666, SyncQueued=154171994447, SyncStart=154172521781, IssueDrawCommandsStart=154174044156, SwapBuffers=154186497739, FrameCompleted=9223372036854775807, DequeueBufferDuration=75583, QueueBufferDuration=1997583, GpuCompleted=9223372036854775807, SwapBuffersCompleted=154199714197, DisplayPresentTime=0,
05-29 17:11:02.445 1099 1351 I OpenGLRenderer: Davey! duration=9223371882656ms; Flags=0, FrameTimelineVsyncId=6200, IntendedVsync=154177948226, Vsync=154177948226, InputEventId=0, HandleInputStart=154178505906, AnimationStart=154178510656, PerformTraversalsStart=154178807239, DrawStart=154179377072, FrameDeadline=154211281558, FrameInterval=154178494197, FrameStartTime=16666666, SyncQueued=154179798531, SyncStart=154200207447, IssueDrawCommandsStart=154201862947, SwapBuffers=154221426572, FrameCompleted=9223372036854775807, DequeueBufferDuration=70000, QueueBufferDuration=1861833, GpuCompleted=9223372036854775807, SwapBuffersCompleted=154224530322, DisplayPresentTime=0,
05-29 17:11:02.463 1099 1121 I OpenGLRenderer: Davey! duration=9223371882639ms; Flags=0, FrameTimelineVsyncId=6201, IntendedVsync=154195059700, Vsync=154195059700, InputEventId=0, HandleInputStart=154203157989, AnimationStart=154203163656, PerformTraversalsStart=154203583072, DrawStart=154203841156, FrameDeadline=154228393032, FrameInterval=154203145364, FrameStartTime=16666666, SyncQueued=154204571531, SyncStart=154224921906, IssueDrawCommandsStart=154226217614, SwapBuffers=154236352614, FrameCompleted=9223372036854775807, DequeueBufferDuration=51917, QueueBufferDuration=1572250, GpuCompleted=9223372036854775807, SwapBuffersCompleted=154238847572, DisplayPresentTime=0,
05-29 17:11:02.478 1099 1121 I OpenGLRenderer: Davey! duration=9223371882627ms; Flags=0, FrameTimelineVsyncId=6203, IntendedVsync=154211726366, Vsync=154211726366, InputEventId=0, HandleInputStart=154226721239, AnimationStart=154226725531, PerformTraversalsStart=154227515781, DrawStart=154227682822, FrameDeadline=154245059698, FrameInterval=154226709739, FrameStartTime=16666666, SyncQueued=154227774406, SyncStart=154243581822, IssueDrawCommandsStart=154244526447, SwapBuffers=154254863114, FrameCompleted=9223372036854775807, DequeueBufferDuration=53292, QueueBufferDuration=1918917, GpuCompleted=9223372036854775807, SwapBuffersCompleted=154258081114, DisplayPresentTime=0,
05-29 17:11:02.495 1099 1121 I OpenGLRenderer: Davey! duration=9223371882615ms; Flags=0, FrameTimelineVsyncId=6205, IntendedVsync=154228393032, Vsync=154245059698, InputEventId=0, HandleInputStart=154245619364, AnimationStart=154245623072, PerformTraversalsStart=154245954114, DrawStart=154246707864, FrameDeadline=154261726364, FrameInterval=154245604656, FrameStartTime=16666666, SyncQueued=154247430864, SyncStart=154258490781, IssueDrawCommandsStart=154260091614, SwapBuffers=154270976864, FrameCompleted=9223372036854775807, DequeueBufferDuration=42417, QueueBufferDuration=1679500, GpuCompleted=9223372036854775807, SwapBuffersCompleted=154273661031, DisplayPresentTime=0,
05-29 17:11:02.513 1099 1121 I OpenGLRenderer: Davey! duration=9223371882582ms; Flags=0, FrameTimelineVsyncId=6209, IntendedVsync=154261713281, Vsync=154261713281, InputEventId=0, HandleInputStart=154262567364, AnimationStart=154262575197, PerformTraversalsStart=154263208572, DrawStart=154263485572, FrameDeadline=154295046613, FrameInterval=154262547697, FrameStartTime=16666666, SyncQueued=154263589072, SyncStart=154274229197, IssueDrawCommandsStart=154275884364, SwapBuffers=154284738406, FrameCompleted=9223372036854775807, DequeueBufferDuration=143833, QueueBufferDuration=5621375, GpuCompleted=9223372036854775807, SwapBuffersCompleted=154291644656, DisplayPresentTime=0,
05-29 17:11:02.529 1099 1351 I OpenGLRenderer: Davey! duration=9223371882564ms; Flags=0, FrameTimelineVsyncId=6211, IntendedVsync=154278378519, Vsync=154278378519, InputEventId=0, HandleInputStart=154279331156, AnimationStart=154279338239, PerformTraversalsStart=154279823031, DrawStart=154280136031, FrameDeadline=154311711851, FrameInterval=154279315197, FrameStartTime=16666666, SyncQueued=154280280239, SyncStart=154292291489, IssueDrawCommandsStart=154293889989, SwapBuffers=154304847614, FrameCompleted=9223372036854775807, DequeueBufferDuration=54125, QueueBufferDuration=2525375, GpuCompleted=9223372036854775807, SwapBuffersCompleted=154308540822, DisplayPresentTime=0,
05-29 17:11:03.009 1099 1121 I OpenGLRenderer: Davey! duration=9223371882092ms; Flags=0, FrameTimelineVsyncId=6269, IntendedVsync=154761282102, Vsync=154761282102, InputEventId=0, HandleInputStart=154762012156, AnimationStart=154762018614, PerformTraversalsStart=154762788197, DrawStart=154763324031, FrameDeadline=154794615434, FrameInterval=154761997739, FrameStartTime=16666666, SyncQueued=154763698489, SyncStart=154764255572, IssueDrawCommandsStart=154766317281, SwapBuffers=154779682697, FrameCompleted=9223372036854775807, DequeueBufferDuration=50041, QueueBufferDuration=1554500, GpuCompleted=9223372036854775807, SwapBuffersCompleted=154794230447, DisplayPresentTime=0,
05-29 17:11:03.106 476 521 W IorapForwardingService: No service published for: iorapd
05-29 17:11:03.620 664 664 E WifiHAL : wifi_get_link_stats: requestResponse Error:-5
05-29 17:11:03.623 476 610 E WifiVendorHal: getWifiLinkLayerStats_1_5_Internal(l.1191) failed {.code = ERROR_INVALID_ARGS, .description = }
05-29 17:11:03.914 2746 2755 I gbei.screencas: Background concurrent copying GC freed 62656(5915KB) AllocSpace objects, 5(100KB) LOS objects, 49% free, 5969KB/11MB, paused 130us total 159.089ms
05-29 17:11:04.109 476 521 W IorapForwardingService: No service published for: iorapd
05-29 17:11:05.111 476 521 W IorapForwardingService: No service published for: iorapd
05-29 17:11:05.430 1099 1121 I OpenGLRenderer: Davey! duration=9223371879676ms; Flags=0, FrameTimelineVsyncId=6274, IntendedVsync=157177948435, Vsync=157177948435, InputEventId=0, HandleInputStart=157178565324, AnimationStart=157178570907, PerformTraversalsStart=157178823365, DrawStart=157179696157, FrameDeadline=157211281767, FrameInterval=157178555157, FrameStartTime=16666666, SyncQueued=157181091907, SyncStart=157181449032, IssueDrawCommandsStart=157182612324, SwapBuffers=157202121282, FrameCompleted=9223372036854775807, DequeueBufferDuration=61916, QueueBufferDuration=2568250, GpuCompleted=9223372036854775807, SwapBuffersCompleted=157206456782, DisplayPresentTime=0,
05-29 17:11:05.463 1099 1121 I OpenGLRenderer: Davey! duration=9223371879650ms; Flags=0, FrameTimelineVsyncId=6275, IntendedVsync=157194615101, Vsync=157194615101, InputEventId=0, HandleInputStart=157195361657, AnimationStart=157195368324, PerformTraversalsStart=157195689324, DrawStart=157196408907, FrameDeadline=157227948433, FrameInterval=157195349157, FrameStartTime=16666666, SyncQueued=157197052740, SyncStart=157206945282, IssueDrawCommandsStart=157208924074, SwapBuffers=157230235574, FrameCompleted=9223372036854775807, DequeueBufferDuration=54583, QueueBufferDuration=2367417, GpuCompleted=9223372036854775807, SwapBuffersCompleted=157243672949, DisplayPresentTime=0,
05-29 17:11:05.469 2746 2802 I efs.base: wa upload succ, HttpResponse {succ=true, code=200, data='暂不支持该服务', extra={req_url=https://errlog.umeng.com/api/crashsdk/logcollect}}
05-29 17:11:05.528 1099 1121 I OpenGLRenderer: Davey! duration=9223371879575ms; Flags=0, FrameTimelineVsyncId=6281, IntendedVsync=157261726047, Vsync=157261726047, InputEventId=0, HandleInputStart=157265698865, AnimationStart=157265703032, PerformTraversalsStart=157266025990, DrawStart=157266759949, FrameDeadline=157295059379, FrameInterval=157265692532, FrameStartTime=16666666, SyncQueued=157267216865, SyncStart=157285064074, IssueDrawCommandsStart=157286368157, SwapBuffers=157294709074, FrameCompleted=9223372036854775807, DequeueBufferDuration=42917, QueueBufferDuration=2037500, GpuCompleted=9223372036854775807, SwapBuffersCompleted=157298655824, DisplayPresentTime=0,
05-29 17:11:05.543 1099 1121 I OpenGLRenderer: Davey! duration=9223371879563ms; Flags=0, FrameTimelineVsyncId=6283, IntendedVsync=157278389844, Vsync=157278389844, InputEventId=0, HandleInputStart=157286844199, AnimationStart=157286848032, PerformTraversalsStart=157287179657, DrawStart=157287349865, FrameDeadline=157311723176, FrameInterval=157286833324, FrameStartTime=16666666, SyncQueued=157287442990, SyncStart=157299879032, IssueDrawCommandsStart=157301697699, SwapBuffers=157308478699, FrameCompleted=9223372036854775807, DequeueBufferDuration=69791, QueueBufferDuration=5205500, GpuCompleted=9223372036854775807, SwapBuffersCompleted=157314713157, DisplayPresentTime=0,
05-29 17:11:05.561 1099 1121 I OpenGLRenderer: Davey! duration=9223371879547ms; Flags=0, FrameTimelineVsyncId=6285, IntendedVsync=157295056749, Vsync=157295056749, InputEventId=0, HandleInputStart=157302296407, AnimationStart=157302300990, PerformTraversalsStart=157302692907, DrawStart=157302878407, FrameDeadline=157328390081, FrameInterval=157302284865, FrameStartTime=16666666, SyncQueued=157302975157, SyncStart=157315399199, IssueDrawCommandsStart=157317280574, SwapBuffers=157325970282, FrameCompleted=9223372036854775807, DequeueBufferDuration=61375, QueueBufferDuration=3745875, GpuCompleted=9223372036854775807, SwapBuffersCompleted=157330700657, DisplayPresentTime=0,
05-29 17:11:06.114 476 521 W IorapForwardingService: No service published for: iorapd
05-29 17:11:06.634 664 664 E WifiHAL : wifi_get_link_stats: requestResponse Error:-5
05-29 17:11:06.637 476 610 E WifiVendorHal: getWifiLinkLayerStats_1_5_Internal(l.1191) failed {.code = ERROR_INVALID_ARGS, .description = }
05-29 17:11:07.116 476 521 W IorapForwardingService: No service published for: iorapd
05-29 17:11:08.118 476 521 W IorapForwardingService: No service published for: iorapd
05-29 17:11:08.424 265 291 D hdmi-cec: receive invalid cec message!
05-29 17:11:08.424 265 291 D hdmi-cec: receive poll message [04], skip!
05-29 17:11:08.444 1099 1351 I OpenGLRenderer: Davey! duration=9223371876659ms; Flags=0, FrameTimelineVsyncId=6349, IntendedVsync=160194610896, Vsync=160194610896, InputEventId=0, HandleInputStart=160196387867, AnimationStart=160196395033, PerformTraversalsStart=160196671950, DrawStart=160197276325, FrameDeadline=160227944228, FrameInterval=160196375700, FrameStartTime=16666666, SyncQueued=160197734617, SyncStart=160198069450, IssueDrawCommandsStart=160199286242, SwapBuffers=160211963783, FrameCompleted=9223372036854775807, DequeueBufferDuration=47916, QueueBufferDuration=979583, GpuCompleted=9223372036854775807, SwapBuffersCompleted=160216921867, DisplayPresentTime=0,
05-29 17:11:08.461 1099 1121 I OpenGLRenderer: Davey! duration=9223371876640ms; Flags=0, FrameTimelineVsyncId=6351, IntendedVsync=160211724601, Vsync=160211724601, InputEventId=0, HandleInputStart=160213217492, AnimationStart=160213222283, PerformTraversalsStart=160213863283, DrawStart=160214473325, FrameDeadline=160245057933, FrameInterval=160213201367, FrameStartTime=16666666, SyncQueued=160214558492, SyncStart=160217211158, IssueDrawCommandsStart=160218346033, SwapBuffers=160223510783, FrameCompleted=9223372036854775807, DequeueBufferDuration=30042, QueueBufferDuration=8627625, GpuCompleted=9223372036854775807, SwapBuffersCompleted=160233221867, DisplayPresentTime=0,
05-29 17:11:08.477 1099 1351 I OpenGLRenderer: Davey! duration=9223371876622ms; Flags=0, FrameTimelineVsyncId=6353, IntendedVsync=160228391267, Vsync=160228391267, InputEventId=0, HandleInputStart=160229339533, AnimationStart=160229344117, PerformTraversalsStart=160229762617, DrawStart=160231270617, FrameDeadline=160261724599, FrameInterval=160229326950, FrameStartTime=16666666, SyncQueued=160233783533, SyncStart=160238021492, IssueDrawCommandsStart=160239157742, SwapBuffers=160253889575, FrameCompleted=9223372036854775807, DequeueBufferDuration=76542, QueueBufferDuration=1731458, GpuCompleted=9223372036854775807, SwapBuffersCompleted=160256547908, DisplayPresentTime=0,
05-29 17:11:08.494 1099 1121 I OpenGLRenderer: Davey! duration=9223371876601ms; Flags=0, FrameTimelineVsyncId=6355, IntendedVsync=160245057933, Vsync=160245057933, InputEventId=0, HandleInputStart=160246418075, AnimationStart=160246423783, PerformTraversalsStart=160246886533, DrawStart=160247651033, FrameDeadline=160278391265, FrameInterval=160246404408, FrameStartTime=16666666, SyncQueued=160248812742, SyncStart=160256976533, IssueDrawCommandsStart=160258011700, SwapBuffers=160269234033, FrameCompleted=9223372036854775807, DequeueBufferDuration=50709, QueueBufferDuration=3297792, GpuCompleted=9223372036854775807, SwapBuffersCompleted=160273837200, DisplayPresentTime=0,
05-29 17:11:08.510 1099 1121 I OpenGLRenderer: Davey! duration=9223371876582ms; Flags=0, FrameTimelineVsyncId=6357, IntendedVsync=160261724599, Vsync=160261724599, InputEventId=0, HandleInputStart=160262949783, AnimationStart=160262957242, PerformTraversalsStart=160263374033, DrawStart=160263578700, FrameDeadline=160295057931, FrameInterval=160262933700, FrameStartTime=16666666, SyncQueued=160263675950, SyncStart=160274280242, IssueDrawCommandsStart=160275703575, SwapBuffers=160285771533, FrameCompleted=9223372036854775807, DequeueBufferDuration=61208, QueueBufferDuration=2460333, GpuCompleted=9223372036854775807, SwapBuffersCompleted=160289437825, DisplayPresentTime=0,
05-29 17:11:08.664 2121 2188 D UtilLog : 日志批量上报 进行正常循环 !!!!!!本次有0次请求,共0条数据
05-29 17:11:09.120 476 521 W IorapForwardingService: No service published for: iorapd
05-29 17:11:09.653 664 664 E WifiHAL : wifi_get_link_stats: requestResponse Error:-5
05-29 17:11:09.654 476 610 E WifiVendorHal: getWifiLinkLayerStats_1_5_Internal(l.1191) failed {.code = ERROR_INVALID_ARGS, .description = }
05-29 17:11:10.122 476 521 W IorapForwardingService: No service published for: iorapd
05-29 17:11:10.393 1186 1186 D bbb : onStartCommand begin !!!!!!! data分区剩余 24603MB
05-29 17:11:10.403 1128 1128 D aaa : LedStatusService onStartCommand begin
05-29 17:11:10.404 1128 3103 D aaa : topPkg is -------------- :com.dangbei.haqusetting
05-29 17:11:11.124 476 521 W IorapForwardingService: No service published for: iorapd
05-29 17:11:11.428 1099 1121 I OpenGLRenderer: Davey! duration=9223371873676ms; Flags=0, FrameTimelineVsyncId=6424, IntendedVsync=163177990439, Vsync=163177990439, InputEventId=0, HandleInputStart=163178462910, AnimationStart=163178465910, PerformTraversalsStart=163178649785, DrawStart=163179293826, FrameDeadline=163211323771, FrameInterval=163178454951, FrameStartTime=16666666, SyncQueued=163180374451, SyncStart=163180696285, IssueDrawCommandsStart=163181569410, SwapBuffers=163193995285, FrameCompleted=9223372036854775807, DequeueBufferDuration=54750, QueueBufferDuration=2455417, GpuCompleted=9223372036854775807, SwapBuffersCompleted=163198478660, DisplayPresentTime=0,
05-29 17:11:11.443 1099 1121 I OpenGLRenderer: Davey! duration=9223371873659ms; Flags=0, FrameTimelineVsyncId=6425, IntendedVsync=163194657105, Vsync=163194657105, InputEventId=0, HandleInputStart=163195700868, AnimationStart=163195705285, PerformTraversalsStart=163197828160, DrawStart=163198898243, FrameDeadline=163227990437, FrameInterval=163195686785, FrameStartTime=16666666, SyncQueued=163199470785, SyncStart=163199734993, IssueDrawCommandsStart=163201183827, SwapBuffers=163217899910, FrameCompleted=9223372036854775807, DequeueBufferDuration=47709, QueueBufferDuration=1691250, GpuCompleted=9223372036854775807, SwapBuffersCompleted=163220855702, DisplayPresentTime=0,
05-29 17:11:11.461 1099 1351 I OpenGLRenderer: Davey! duration=9223371873637ms; Flags=0, FrameTimelineVsyncId=6427, IntendedVsync=163211724519, Vsync=163211724519, InputEventId=0, HandleInputStart=163213620243, AnimationStart=163213629868, PerformTraversalsStart=163214755243, DrawStart=163215104368, FrameDeadline=163245057851, FrameInterval=163213588618, FrameStartTime=16666666, SyncQueued=163215264327, SyncStart=163221161868, IssueDrawCommandsStart=163222158952, SwapBuffers=163227952785, FrameCompleted=9223372036854775807, DequeueBufferDuration=40750, QueueBufferDuration=7186042, GpuCompleted=9223372036854775807, SwapBuffersCompleted=163236252952, DisplayPresentTime=0,
05-29 17:11:11.477 1099 1121 I OpenGLRenderer: Davey! duration=9223371873617ms; Flags=0, FrameTimelineVsyncId=6429, IntendedVsync=163228391185, Vsync=163228391185, InputEventId=0, HandleInputStart=163229395827, AnimationStart=163229403160, PerformTraversalsStart=163229899702, DrawStart=163231084660, FrameDeadline=163261724517, FrameInterval=163229376410, FrameStartTime=16666666, SyncQueued=163232087452, SyncStart=163240663452, IssueDrawCommandsStart=163241631077, SwapBuffers=163250415077, FrameCompleted=9223372036854775807, DequeueBufferDuration=57875, QueueBufferDuration=1199791, GpuCompleted=9223372036854775807, SwapBuffersCompleted=163252451285, DisplayPresentTime=0,
05-29 17:11:11.494 1099 1351 I OpenGLRenderer: Davey! duration=9223371873603ms; Flags=0, FrameTimelineVsyncId=6431, IntendedVsync=163245057851, Vsync=163245057851, InputEventId=0, HandleInputStart=163245813785, AnimationStart=163245820035, PerformTraversalsStart=163246319118, DrawStart=163246587743, FrameDeadline=163278391183, FrameInterval=163245797702, FrameStartTime=16666666, SyncQueued=163246698202, SyncStart=163252862077, IssueDrawCommandsStart=163254447118, SwapBuffers=163266119868, FrameCompleted=9223372036854775807, DequeueBufferDuration=73958, QueueBufferDuration=3460417, GpuCompleted=9223372036854775807, SwapBuffersCompleted=163270728577, DisplayPresentTime=0,
05-29 17:11:11.497 1049 1049 E dangbei111: cccccc scan 得到的设备和状态 Dangbei E4:BB:D3:57:C0:69 10
05-29 17:11:11.498 1049 1049 E dangbei111: cccccc 扫描到了设备 Dangbei E4:BB:D3:57:C0:69
05-29 17:11:11.501 1049 1049 E dangbei111: cccccc cancelDiscovery begin
05-29 17:11:11.502 1049 1049 E dangbei111: cccccc 停止扫描,开始配对或者连接
05-29 17:11:11.502 1049 1049 D BluetoothAdapter: isLeEnabled(): ON
05-29 17:11:11.510 1099 1351 I OpenGLRenderer: Davey! duration=9223371873587ms; Flags=0, FrameTimelineVsyncId=6433, IntendedVsync=163261724517, Vsync=163261724517, InputEventId=0, HandleInputStart=163264215702, AnimationStart=163264221868, PerformTraversalsStart=163265544035, DrawStart=163265762035, FrameDeadline=163295057849, FrameInterval=163264199910, FrameStartTime=16666666, SyncQueued=163265885035, SyncStart=163271145410, IssueDrawCommandsStart=163272983785, SwapBuffers=163283955952, FrameCompleted=9223372036854775807, DequeueBufferDuration=54875, QueueBufferDuration=2463166, GpuCompleted=9223372036854775807, SwapBuffersCompleted=163287561868, DisplayPresentTime=0,
05-29 17:11:11.511 253 253 E bt_upio : upio_set : /proc/bluetooth/sleep/btwrite(-1) incorrent
05-29 17:11:11.513 669 959 I bt_stack: [INFO:gatt_api.cc(1042)] GATT_Deregister gatt_if=5
05-29 17:11:11.514 1049 1049 E dangbei111: bondOrConnect state=10
05-29 17:11:11.518 1049 1049 E dangbei111: cccccc 开始配对 Dangbei E4:BB:D3:57:C0:69
05-29 17:11:11.529 669 959 I bt_btif_dm: system/bt/btif/src/btif_dm.cc:1884 btif_dm_cancel_discovery: Cancel search
05-29 17:11:11.534 1049 1049 E dangbei111: cccccc 配对结果 true Dangbei E4:BB:D3:57:C0:69
05-29 17:11:11.534 669 948 I BluetoothBondStateMachine: Bond address is:E4:BB:D3:57:C0:69
05-29 17:11:11.535 669 959 I bt_btif_config: system/bt/btif/src/btif_config.cc:137 btif_get_device_type: Device [e4:bb:d3:57:c0:69] device type 2
05-29 17:11:11.535 669 959 I bt_btif_dm: system/bt/btif/src/btif_dm.cc:384 get_cod: get_cod remote_cod = 0x00001f00
05-29 17:11:11.535 669 959 I bt_btif_dm: system/bt/btif/src/btif_dm.cc:384 get_cod: get_cod remote_cod = 0x00001f00
05-29 17:11:11.535 669 959 I bt_btif_config: system/bt/btif/src/btif_config.cc:137 btif_get_device_type: Device [e4:bb:d3:57:c0:69] device type 2
05-29 17:11:11.535 669 959 I bt_btif_dm: system/bt/btif/src/btif_dm.cc:384 get_cod: get_cod remote_cod = 0x00001f00
05-29 17:11:11.535 669 959 I bt_btif_dm: system/bt/btif/src/btif_dm.cc:451 bond_state_changed: Bond state changed to state=1 [0:none, 1:bonding, 2:bonded], prev_state=0, sdp_attempts = 0
05-29 17:11:11.535 669 959 I bt_btif_config: system/bt/btif/src/btif_config.cc:137 btif_get_device_type: Device [e4:bb:d3:57:c0:69] device type 2
05-29 17:11:11.542 669 854 I BluetoothBondStateMachine: bondStateChangeCallback: Status: 0 Address: E4:BB:D3:57:C0:69 newState: 1
05-29 17:11:11.548 669 948 I BluetoothBondStateMachine: Entering PendingCommandState State
05-29 17:11:11.561 669 948 I BluetoothBondStateMachine: Bond State Change Intent:E4:BB:D3:57:C0:69 BOND_NONE => BOND_BONDING
05-29 17:11:11.567 669 669 D BluetoothDatabase: updateDatabase E4:BB:D3:57:C0:69
05-29 17:11:11.583 669 669 D A2dpService: Bond state changed for device: E4:BB:D3:57:C0:69 state: 11
05-29 17:11:11.585 476 539 W BroadcastQueue: Background execution not allowed: receiving Intent { act=android.bluetooth.device.action.BOND_STATE_CHANGED flg=0x10 (has extras) } to com.dangbei.lerad.etna.haqu/com.dangbei.remotecontroller.RemoteControllerReceiver
05-29 17:11:11.588 1049 1049 I dangbei111: cccccc on receiver=android.bluetooth.device.action.BOND_STATE_CHANGED,mac=E4:BB:D3:57:C0:69
05-29 17:11:11.588 1049 1049 I dangbei111: Wait for auto connection, processBondStateChange: bondState: 10 --> 11
05-29 17:11:11.595 2521 2521 E bond : name=Dangbei,state=11,action=android.bluetooth.device.action.BOND_STATE_CHANGED
05-29 17:11:12.127 476 521 W IorapForwardingService: No service published for: iorapd
05-29 17:11:12.180 669 959 I bluetooth: system/bt/stack/gatt/connection_manager.cc:185 on_connection_complete: Le connection completed to device:e4:bb:d3:57:c0:69
05-29 17:11:12.180 669 959 I bt_btm_ble: system/bt/stack/btm/btm_ble.cc:1699 btm_ble_connected: Updating device record timestamp for existing ble connection
05-29 17:11:12.389 669 955 W bt_hci : system/bt/hci/src/hci_layer.cc:706 filter_incoming_event: filter_incoming_event command status event with no matching command. opcode: 0x041d
05-29 17:11:12.449 669 959 I bt_stack: [INFO:gatt_attr.cc(880)] gatt_sr_init_cl_status: bda=e4:bb:d3:57:c0:69, cl_supp_feat=0000, aware=1
05-29 17:11:12.449 669 959 I bluetooth: system/bt/stack/gap/gap_ble.cc:298 client_connect_cback: No active GAP service found for peer:xx:xx:xx:xx:c0:69 callback:Connected
05-29 17:11:12.449 669 959 I bt_bta_gattc: system/bt/bta/gatt/bta_gattc_act.cc:1110 bta_gattc_conn_cback: Connected att_id:3 transport:le reason:GATT_CONN_OK
05-29 17:11:12.449 669 959 I bt_bta_gattc: system/bt/bta/gatt/bta_gattc_act.cc:1110 bta_gattc_conn_cback: Connected att_id:4 transport:le reason:GATT_CONN_OK
05-29 17:11:12.449 669 959 I bluetooth: system/bt/stack/gatt/connection_manager.cc:185 on_connection_complete: Le connection completed to device:e4:bb:d3:57:c0:69
05-29 17:11:12.449 669 959 I bt_stack: [INFO:eatt_impl.h(634)] connect device e4:bb:d3:57:c0:69 rolecentral
05-29 17:11:12.450 669 959 I bt_btif_dm: system/bt/btif/src/btif_dm.cc:497 btif_update_remote_version_property: Remote version info valid:true [xx:xx:xx:xx:c0:69]: 9, 1bf, 9
05-29 17:11:12.477 669 669 E BluetoothPhonePolicy: Received unexpected intent, action=android.bluetooth.device.action.ACL_CONNECTED
05-29 17:11:12.477 669 669 I BluetoothPhonePolicy: processDeviceConnected, device=E4:BB:D3:57:C0:69
05-29 17:11:12.477 669 669 D BluetoothDatabase: setConnection: device=E4:BB:D3:57:C0:69 and isA2dpDevice=false
05-29 17:11:12.477 669 669 D BluetoothDatabase: Updating last connected time for device: E4:BB:D3:57:C0:69 to 2
05-29 17:11:12.478 669 669 D BluetoothDatabase: updateDatabase E4:BB:D3:57:C0:69
05-29 17:11:12.480 669 959 I bt_stack: [INFO:eatt_impl.h(578)] supported_features_cb e4:bb:d3:57:c0:69 is_eatt_supported = 0
05-29 17:11:12.481 669 959 E smp_act : system/bt/stack/smp/smp_act.cc:135 smp_send_app_cback: Unexpected event:14
05-29 17:11:12.481 669 959 I bt_btif_config: system/bt/btif/src/btif_config.cc:137 btif_get_device_type: Device [e4:bb:d3:57:c0:69] device type 2
05-29 17:11:12.487 1049 1049 I dangbei111: cccccc on receiver=android.bluetooth.device.action.ACL_CONNECTED,mac=E4:BB:D3:57:C0:69
05-29 17:11:12.487 1049 1049 E dangbei111: cccccc cancelDiscovery begin
05-29 17:11:12.488 2521 2521 E bond : name=Dangbei,state=11,action=android.bluetooth.device.action.ACL_CONNECTED
05-29 17:11:12.490 669 959 I bt_btif_config: system/bt/btif/src/btif_config.cc:137 btif_get_device_type: Device [e4:bb:d3:57:c0:69] device type 2
05-29 17:11:12.490 669 959 I bt_btif_dm: system/bt/btif/src/btif_dm.cc:384 get_cod: get_cod remote_cod = 0x00001f00
05-29 17:11:12.490 669 959 E smp_act : system/bt/stack/smp/smp_act.cc:228 smp_send_app_cback: Unexpected event: 14
05-29 17:11:12.491 669 854 I BluetoothBondStateMachine: sspRequestCallback: [B@4fc8c53 name: [B@d7b3990 cod: 7936 pairingVariant 2 passkey: 0
05-29 17:11:12.505 820 820 D BluetoothPairingRequest: onPair: null
05-29 17:11:12.530 2121 2194 I TDLog : [APP] New data found, Submitting...
05-29 17:11:12.549 2121 2194 I TDLog : [APP] Failed to submit data!
05-29 17:11:12.666 664 664 E WifiHAL : wifi_get_link_stats: requestResponse Error:-5
05-29 17:11:12.669 476 610 E WifiVendorHal: getWifiLinkLayerStats_1_5_Internal(l.1191) failed {.code = ERROR_INVALID_ARGS, .description = }
05-29 17:11:12.719 669 959 I bt_stack: [INFO:gatt_sr.cc(818)] MTU request PDU with MTU size 247
05-29 17:11:12.719 669 959 W bt_stack: [WARNING:gatt_utils.cc(790)] Call back not found for application conn_id=3
05-29 17:11:12.719 669 959 W bt_stack: [WARNING:gatt_utils.cc(790)] Call back not found for application conn_id=4
05-29 17:11:13.129 476 521 W IorapForwardingService: No service published for: iorapd
05-29 17:11:13.139 669 959 I bt_stack: [INFO:hearing_aid.cc(1796)] GetDeviceCount: Not initialized yet
05-29 17:11:13.160 669 959 I bt_stack: [INFO:btsnoop.cc(338)] clear_l2cap_allowlist: Clearing acceptlist from l2cap channel. conn_handle=16 cid=6:6
05-29 17:11:13.160 669 959 I bt_stack: [INFO:gatt_api.cc(1178)] GATT_Connect: Registered for opportunistic connection gatt_if=1
05-29 17:11:13.160 669 959 I bt_stack: [INFO:gatt_api.cc(708)] GATTC_Discover conn_id=0x0001, disc_type=2, s_handle=0x0001, e_handle=0xffff
05-29 17:11:13.161 669 959 I bt_btif_config: system/bt/btif/src/btif_config.cc:137 btif_get_device_type: Device [e4:bb:d3:57:c0:69] device type 2
05-29 17:11:13.161 669 959 I bt_btif_dm: system/bt/btif/src/btif_dm.cc:384 get_cod: get_cod remote_cod = 0x00001f00
05-29 17:11:13.162 669 959 I bt_btif_dm: system/bt/btif/src/btif_dm.cc:451 bond_state_changed: Bond state changed to state=2 [0:none, 1:bonding, 2:bonded], prev_state=1, sdp_attempts = 0
05-29 17:11:13.162 669 959 I bt_btif_config: system/bt/btif/src/btif_config.cc:137 btif_get_device_type: Device [e4:bb:d3:57:c0:69] device type 2
05-29 17:11:13.162 669 959 I bt_stack: [INFO:gatt_api.cc(1178)] GATT_Connect: Registered for opportunistic connection gatt_if=3
05-29 17:11:13.163 669 959 E bt_stack: [ERROR:bta_gattc_cache.cc(940)] bta_gattc_cache_load: can't open GATT cache file /data/misc/bluetooth/gatt_cache_e4bbd357c069 for reading, error: No such file or directory
05-29 17:11:13.163 669 959 I bt_stack: [INFO:gatt_api.cc(708)] GATTC_Discover conn_id=0x0003, disc_type=1, s_handle=0x0001, e_handle=0xffff
05-29 17:11:13.164 669 854 I BluetoothBondStateMachine: bondStateChangeCallback: Status: 0 Address: E4:BB:D3:57:C0:69 newState: 2
05-29 17:11:13.172 669 948 D AdapterProperties: Adding bonded device:E4:BB:D3:57:C0:69
05-29 17:11:13.178 669 948 I BluetoothBondStateMachine: Bond State Change Intent:E4:BB:D3:57:C0:69 BOND_BONDING => BOND_BONDED
05-29 17:11:13.178 669 948 I BluetoothBondStateMachine: StableState(): Entering Off State
05-29 17:11:13.182 476 539 W BroadcastQueue: Background execution not allowed: receiving Intent { act=android.bluetooth.device.action.BOND_STATE_CHANGED flg=0x10 (has extras) } to com.dangbei.lerad.etna.haqu/com.dangbei.remotecontroller.RemoteControllerReceiver
05-29 17:11:13.182 669 669 D A2dpService: Bond state changed for device: E4:BB:D3:57:C0:69 state: 12
05-29 17:11:13.184 669 959 W bluetooth: system/bt/stack/gatt/gatt_attr.cc:498 gatt_disc_cmpl_cback: Gatt discovery completed but connection was idle id:1
05-29 17:11:13.186 1049 1049 I dangbei111: cccccc on receiver=android.bluetooth.device.action.BOND_STATE_CHANGED,mac=E4:BB:D3:57:C0:69
05-29 17:11:13.186 1049 1049 I dangbei111: Wait for auto connection, processBondStateChange: bondState: 11 --> 12
05-29 17:11:13.187 2521 2521 E bond : name=Dangbei,state=12,action=android.bluetooth.device.action.BOND_STATE_CHANGED
05-29 17:11:13.190 683 901 D CachedBluetoothDevice: No profiles. Maybe we will connect later for device E4:BB:D3:57:C0:69
05-29 17:11:13.193 2521 2521 D BluetoothHidHost: Binding service...
05-29 17:11:13.195 1049 1049 D BluetoothGatt: connect() - device: E4:BB:D3:57:C0:69, auto: true
05-29 17:11:13.195 1049 1049 D BluetoothGatt: registerApp()
05-29 17:11:13.196 1049 1049 D BluetoothGatt: registerApp() - UUID=f8cc6495-58d4-42ac-91c4-c791805cbedc
05-29 17:11:13.200 669 959 I bluetooth: system/bt/stack/gatt/gatt_api.cc:1019 GATT_Register: Allocated name:GattClient uuid:0b76fb1d-1e7d-9fa9-3def-e02a08999607 gatt_if:5 eatt_support:0
05-29 17:11:13.200 669 959 I bt_bta_gattc: system/bt/bta/gatt/bta_gattc_act.cc:1110 bta_gattc_conn_cback: Connected att_id:5 transport:le reason:GATT_CONN_OK
05-29 17:11:13.202 1049 1063 D BluetoothGatt: onClientRegistered() - status=0 clientIf=5
05-29 17:11:13.204 669 854 I bt_btif_config: system/bt/btif/src/btif_config.cc:137 btif_get_device_type: Device [e4:bb:d3:57:c0:69] device type 2
05-29 17:11:13.206 1049 1063 D BluetoothGatt: onClientConnectionState() - status=0 clientIf=5 device=E4:BB:D3:57:C0:69
05-29 17:11:13.206 1049 1063 E dangbei111: cccccc 连接成功 后续要去判断有没有input E4:BB:D3:57:C0:69
05-29 17:11:13.206 1049 1063 D BluetoothGatt: cancelOpen() - device: E4:BB:D3:57:C0:69
05-29 17:11:13.207 2521 2521 D BluetoothHidHost: Proxy object connected
05-29 17:11:13.207 2521 2521 D BluetoothHidHost: connect(E4:BB:D3:57:C0:69)
05-29 17:11:13.208 669 959 I bt_stack: [INFO:gatt_api.cc(1286)] GATT_Disconnect conn_id=0x0005
05-29 17:11:13.208 1049 1063 D BluetoothGatt: close()
05-29 17:11:13.208 669 959 I bt_stack: [INFO:eatt_impl.h(598)] disconnect e4:bb:d3:57:c0:69
05-29 17:11:13.209 669 959 W bt_stack: [WARNING:eatt_impl.h(602)] disconnect no eatt device found
05-29 17:11:13.209 669 959 I bt_stack: [INFO:gatt_api.cc(1231)] GATT_CancelConnect: gatt_if:5, address: e4:bb:d3:57:c0:69, direct:0
05-29 17:11:13.209 1049 1063 D BluetoothGatt: unregisterApp() - mClientIf=5
05-29 17:11:13.210 669 684 V BluetoothDatabase: getProfileConnectionPolicy: E4:BB:D3:57:C0:69, profile=4, connectionPolicy = -1
05-29 17:11:13.211 669 959 I bluetooth: system/bt/stack/gatt/gatt_api.cc:1019 GATT_Register: Allocated name:GattServiceEngine uuid:0000180a-0000-1000-8000-00805f9b34fb gatt_if:6 eatt_support:0
05-29 17:11:13.211 2521 2521 D BluetoothHidHost: Unbinding service...
05-29 17:11:13.211 669 669 D BluetoothHidHostService: Connection state E4:BB:D3:57:C0:69: 0->1
05-29 17:11:13.212 669 959 I bt_stack: [INFO:gatt_api.cc(1042)] GATT_Deregister gatt_if=5
05-29 17:11:13.214 669 669 W BluetoothHidHostService: no state change: 1
05-29 17:11:13.216 669 669 D AdapterProperties: PROFILE_CONNECTION_STATE_CHANGE: profile=4, device=E4:BB:D3:57:C0:69, 0 -> 1
05-29 17:11:13.217 1049 1063 D BluetoothHidHost: Binding service...
05-29 17:11:13.218 669 669 D AdapterProperties: ADAPTER_CONNECTION_STATE_CHANGE: E4:BB:D3:57:C0:69: 0 -> 1
05-29 17:11:13.220 683 901 D CachedBluetoothDevice: onProfileStateChanged: profile HID, device Dangbei, newProfileState 1
05-29 17:11:13.222 1049 1049 D BluetoothHidHost: Proxy object connected
05-29 17:11:13.223 1049 1049 D BluetoothHidHost: connect(E4:BB:D3:57:C0:69)
05-29 17:11:13.225 1049 1215 D BluetoothGatt: onClientConnectionState() - status=0 clientIf=5 device=E4:BB:D3:57:C0:69
05-29 17:11:13.225 669 682 E BluetoothHidHostService: Hid Device not disconnected: E4:BB:D3:57:C0:69
05-29 17:11:13.227 1049 1049 D BluetoothHidHost: Unbinding service...
05-29 17:11:13.259 669 959 I bt_stack: [INFO:gatt_api.cc(1286)] GATT_Disconnect conn_id=0x0006
05-29 17:11:13.259 669 959 I bt_srvc : system/bt/stack/srvc/srvc_dis.cc:201 dis_gatt_c_read_dis_value_cmpl: dis_gatt_c_read_dis_value_cmpl conn_id:6 attr_mask = 0x0100
05-29 17:11:13.274 669 959 I bt_stack: [INFO:hearing_aid.cc(1796)] GetDeviceCount: Not initialized yet
05-29 17:11:13.397 669 959 I bt_stack: [INFO:gatt_api.cc(708)] GATTC_Discover conn_id=0x0003, disc_type=3, s_handle=0x0001, e_handle=0x0007
05-29 17:11:13.432 669 959 I bt_stack: [INFO:gatt_api.cc(708)] GATTC_Discover conn_id=0x0003, disc_type=4, s_handle=0x0001, e_handle=0x0007
05-29 17:11:13.510 669 959 I bt_stack: [INFO:gatt_api.cc(708)] GATTC_Discover conn_id=0x0003, disc_type=3, s_handle=0x0008, e_handle=0x001a
05-29 17:11:13.544 669 959 I bt_stack: [INFO:gatt_api.cc(708)] GATTC_Discover conn_id=0x0003, disc_type=4, s_handle=0x0008, e_handle=0x001a
05-29 17:11:13.701 669 959 I bt_stack: [INFO:gatt_api.cc(708)] GATTC_Discover conn_id=0x0003, disc_type=3, s_handle=0x001b, e_handle=0x001e
05-29 17:11:13.723 669 959 I bt_stack: [INFO:gatt_api.cc(708)] GATTC_Discover conn_id=0x0003, disc_type=4, s_handle=0x001b, e_handle=0x001e
05-29 17:11:13.791 669 959 I bt_stack: [INFO:gatt_api.cc(708)] GATTC_Discover conn_id=0x0003, disc_type=5, s_handle=0x001e, e_handle=0x001e
05-29 17:11:13.814 669 959 I bt_stack: [INFO:gatt_api.cc(708)] GATTC_Discover conn_id=0x0003, disc_type=3, s_handle=0x001f, e_handle=0x004b
05-29 17:11:13.859 669 959 I bt_stack: [INFO:gatt_api.cc(708)] GATTC_Discover conn_id=0x0003, disc_type=4, s_handle=0x001f, e_handle=0x004b
05-29 17:11:14.083 669 959 I bt_stack: [INFO:gatt_api.cc(708)] GATTC_Discover conn_id=0x0003, disc_type=5, s_handle=0x002a, e_handle=0x002a
05-29 17:11:14.118 669 959 I bt_stack: [INFO:gatt_api.cc(708)] GATTC_Discover conn_id=0x0003, disc_type=5, s_handle=0x002f, e_handle=0x0030
05-29 17:11:14.130 476 521 W IorapForwardingService: No service published for: iorapd
05-29 17:11:14.140 669 959 I bt_stack: [INFO:gatt_api.cc(708)] GATTC_Discover conn_id=0x0003, disc_type=5, s_handle=0x0033, e_handle=0x0034
05-29 17:11:14.163 669 959 I bt_stack: [INFO:gatt_api.cc(708)] GATTC_Discover conn_id=0x0003, disc_type=5, s_handle=0x0037, e_handle=0x0038
05-29 17:11:14.185 669 959 I bt_stack: [INFO:gatt_api.cc(708)] GATTC_Discover conn_id=0x0003, disc_type=5, s_handle=0x003b, e_handle=0x003b
05-29 17:11:14.219 669 959 I bt_stack: [INFO:gatt_api.cc(708)] GATTC_Discover conn_id=0x0003, disc_type=5, s_handle=0x003e, e_handle=0x003f
05-29 17:11:14.241 669 959 I bt_stack: [INFO:gatt_api.cc(708)] GATTC_Discover conn_id=0x0003, disc_type=5, s_handle=0x0042, e_handle=0x0043
05-29 17:11:14.298 669 959 I bt_stack: [INFO:gatt_api.cc(708)] GATTC_Discover conn_id=0x0003, disc_type=5, s_handle=0x0046, e_handle=0x0047
05-29 17:11:14.331 669 959 I bt_stack: [INFO:gatt_api.cc(708)] GATTC_Discover conn_id=0x0003, disc_type=5, s_handle=0x004a, e_handle=0x004b
05-29 17:11:14.353 669 959 I bt_stack: [INFO:gatt_api.cc(708)] GATTC_Discover conn_id=0x0003, disc_type=3, s_handle=0x004c, e_handle=0x0053
05-29 17:11:14.399 669 959 I bt_stack: [INFO:gatt_api.cc(708)] GATTC_Discover conn_id=0x0003, disc_type=4, s_handle=0x004c, e_handle=0x0053
01-01 08:02:48.267 348 348 E : Send upper Vendor Specific event.
05-29 17:11:14.446 1099 1121 I OpenGLRenderer: Davey! duration=9223371870675ms; Flags=0, FrameTimelineVsyncId=6503, IntendedVsync=166178393770, Vsync=166178393770, InputEventId=0, HandleInputStart=166182217245, AnimationStart=166182223786, PerformTraversalsStart=166182524411, DrawStart=166183604161, FrameDeadline=166211727102, FrameInterval=166182205411, FrameStartTime=16666666, SyncQueued=166185373453, SyncStart=166185788786, IssueDrawCommandsStart=166187545536, SwapBuffers=166215674328, FrameCompleted=9223372036854775807, DequeueBufferDuration=908333, QueueBufferDuration=2262542, GpuCompleted=9223372036854775807, SwapBuffersCompleted=166219755495, DisplayPresentTime=0,
05-29 17:11:14.528 1099 1122 I OpenGLRenderer: Davey! duration=9223371870572ms; Flags=0, FrameTimelineVsyncId=6510, IntendedVsync=166261718663, Vsync=166261718663, InputEventId=0, HandleInputStart=166265678911, AnimationStart=166265687995, PerformTraversalsStart=166266831953, DrawStart=166267458578, FrameDeadline=166295051995, FrameInterval=166265668620, FrameStartTime=16666666, SyncQueued=166267962953, SyncStart=166288618203, IssueDrawCommandsStart=166291292245, SwapBuffers=166303808620, FrameCompleted=9223372036854775807, DequeueBufferDuration=73500, QueueBufferDuration=1462583, GpuCompleted=9223372036854775807, SwapBuffersCompleted=166310513453, DisplayPresentTime=0,
05-29 17:11:14.542 669 959 I bt_stack: [INFO:gatt_api.cc(708)] GATTC_Discover conn_id=0x0003, disc_type=5, s_handle=0x0051, e_handle=0x0051
05-29 17:11:14.564 669 959 I bt_stack: [INFO:gatt_api.cc(708)] GATTC_Discover conn_id=0x0003, disc_type=3, s_handle=0x0054, e_handle=0x0056
05-29 17:11:14.579 669 959 I bt_stack: [INFO:gatt_api.cc(708)] GATTC_Discover conn_id=0x0003, disc_type=4, s_handle=0x0054, e_handle=0x0056
05-29 17:11:14.609 669 959 I bt_stack: [INFO:gatt_api.cc(708)] GATTC_Discover conn_id=0x0003, disc_type=3, s_handle=0x0057, e_handle=0x0059
05-29 17:11:14.623 669 959 I bt_stack: [INFO:gatt_api.cc(708)] GATTC_Discover conn_id=0x0003, disc_type=4, s_handle=0x0057, e_handle=0x0059
05-29 17:11:14.654 669 959 I bt_stack: [INFO:gatt_api.cc(708)] GATTC_Discover conn_id=0x0003, disc_type=3, s_handle=0x005a, e_handle=0x0062
05-29 17:11:14.676 669 959 I bt_stack: [INFO:gatt_api.cc(708)] GATTC_Discover conn_id=0x0003, disc_type=4, s_handle=0x005a, e_handle=0x0062
05-29 17:11:14.759 669 959 I bt_stack: [INFO:gatt_api.cc(708)] GATTC_Discover conn_id=0x0003, disc_type=5, s_handle=0x005d, e_handle=0x005d
05-29 17:11:14.774 669 959 I bt_stack: [INFO:gatt_api.cc(708)] GATTC_Discover conn_id=0x0003, disc_type=5, s_handle=0x0062, e_handle=0x0062
05-29 17:11:14.789 669 959 I bt_stack: [INFO:bta_gattc_cache.cc(219)] bta_gattc_explore_srvc_finished: service discovery finished
05-29 17:11:14.790 669 959 I bt_bta_hh: system/bt/bta/hh/bta_hh_le.cc:1367 bta_hh_le_search_hid_chars: bta_hh_le_search_hid_chars: GATT_UUID_HID_INFORMATION 00002a4a-0000-1000-8000-00805f9b34fb
05-29 17:11:14.791 669 959 I bt_bta_hh: system/bt/bta/hh/bta_hh_le.cc:1367 bta_hh_le_search_hid_chars: bta_hh_le_search_hid_chars: GATT_UUID_HID_CONTROL_POINT 00002a4c-0000-1000-8000-00805f9b34fb
05-29 17:11:14.791 669 959 I bt_bta_hh: system/bt/bta/hh/bta_hh_le.cc:1367 bta_hh_le_search_hid_chars: bta_hh_le_search_hid_chars: GATT_UUID_HID_REPORT_MAP 00002a4b-0000-1000-8000-00805f9b34fb
05-29 17:11:14.791 669 959 I bt_bta_hh: system/bt/bta/hh/bta_hh_le.cc:1367 bta_hh_le_search_hid_chars: bta_hh_le_search_hid_chars: GATT_UUID_HID_PROTO_MODE 00002a4e-0000-1000-8000-00805f9b34fb
05-29 17:11:14.791 669 959 I bt_bta_hh: system/bt/bta/hh/bta_hh_le.cc:1367 bta_hh_le_search_hid_chars: bta_hh_le_search_hid_chars: GATT_UUID_HID_BT_KB_INPUT 00002a22-0000-1000-8000-00805f9b34fb
05-29 17:11:14.791 669 959 I bt_bta_hh: system/bt/bta/hh/bta_hh_le.cc:1367 bta_hh_le_search_hid_chars: bta_hh_le_search_hid_chars: GATT_UUID_HID_BT_KB_OUTPUT 00002a32-0000-1000-8000-00805f9b34fb
05-29 17:11:14.791 669 959 I bt_bta_hh: system/bt/bta/hh/bta_hh_le.cc:1367 bta_hh_le_search_hid_chars: bta_hh_le_search_hid_chars: GATT_UUID_HID_REPORT 00002a4d-0000-1000-8000-00805f9b34fb
05-29 17:11:14.791 669 959 I bt_bta_hh: system/bt/bta/hh/bta_hh_le.cc:1367 bta_hh_le_search_hid_chars: bta_hh_le_search_hid_chars: GATT_UUID_HID_REPORT 00002a4d-0000-1000-8000-00805f9b34fb
05-29 17:11:14.791 669 959 I bt_bta_hh: system/bt/bta/hh/bta_hh_le.cc:1367 bta_hh_le_search_hid_chars: bta_hh_le_search_hid_chars: GATT_UUID_HID_REPORT 00002a4d-0000-1000-8000-00805f9b34fb
05-29 17:11:14.791 669 959 I bt_bta_hh: system/bt/bta/hh/bta_hh_le.cc:1367 bta_hh_le_search_hid_chars: bta_hh_le_search_hid_chars: GATT_UUID_HID_REPORT 00002a4d-0000-1000-8000-00805f9b34fb
05-29 17:11:14.791 669 959 I bt_bta_hh: system/bt/bta/hh/bta_hh_le.cc:1367 bta_hh_le_search_hid_chars: bta_hh_le_search_hid_chars: GATT_UUID_HID_REPORT 00002a4d-0000-1000-8000-00805f9b34fb
05-29 17:11:14.791 669 959 I bt_bta_hh: system/bt/bta/hh/bta_hh_le.cc:1367 bta_hh_le_search_hid_chars: bta_hh_le_search_hid_chars: GATT_UUID_HID_REPORT 00002a4d-0000-1000-8000-00805f9b34fb
05-29 17:11:14.791 669 959 I bt_bta_hh: system/bt/bta/hh/bta_hh_le.cc:1367 bta_hh_le_search_hid_chars: bta_hh_le_search_hid_chars: GATT_UUID_HID_REPORT 00002a4d-0000-1000-8000-00805f9b34fb
05-29 17:11:14.791 669 959 I bt_bta_hh: system/bt/bta/hh/bta_hh_le.cc:1367 bta_hh_le_search_hid_chars: bta_hh_le_search_hid_chars: GATT_UUID_HID_REPORT 00002a4d-0000-1000-8000-00805f9b34fb
05-29 17:11:14.792 669 959 I bt_bta_gattc: system/bt/bta/gatt/bta_gattc_cache.cc:902 bta_gattc_get_gatt_db: bta_gattc_get_gatt_db
05-29 17:11:14.792 669 959 I bt_bta_dm: system/bt/bta/dm/bta_dm_act.cc:1321 bta_dm_search_cmpl: GATT services discovered using LE Transport
05-29 17:11:14.811 669 669 I BluetoothPhonePolicy: Received ACTION_UUID for device E4:BB:D3:57:C0:69
05-29 17:11:14.812 669 669 I BluetoothPhonePolicy: index=0uuid=00001812-0000-1000-8000-00805f9b34fb
05-29 17:11:14.812 669 669 I BluetoothPhonePolicy: processInitProfilePriorities() - device E4:BB:D3:57:C0:69
05-29 17:11:14.812 669 669 W HearingAidService: getHearingAidService(): service is NULL
05-29 17:11:14.812 669 669 V BluetoothDatabase: getProfileConnectionPolicy: E4:BB:D3:57:C0:69, profile=4, connectionPolicy = -1
05-29 17:11:14.813 669 669 D BluetoothDatabase: updateDatabase E4:BB:D3:57:C0:69
05-29 17:11:14.819 669 959 I bt_stack: [INFO:hearing_aid.cc(1796)] GetDeviceCount: Not initialized yet
05-29 17:11:14.819 683 901 D LocalBluetoothProfileManager: Current Profiles[]
05-29 17:11:14.821 683 901 D BluetoothMap: getConnectionState(E4:BB:D3:57:C0:69)
05-29 17:11:14.822 669 684 D BluetoothPbapService: getConnectionState: E4:BB:D3:57:C0:69
05-29 17:11:14.824 683 901 D LocalBluetoothProfileManager: New Profiles[HID]
05-29 17:11:14.830 683 901 D CachedBluetoothDevice: updating profiles for Dangbei
05-29 17:11:14.831 683 901 V CachedBluetoothDevice: Class: 1f00
05-29 17:11:14.831 683 901 V CachedBluetoothDevice: UUID:
05-29 17:11:14.831 683 901 V CachedBluetoothDevice: 00001812-0000-1000-8000-00805f9b34fb
05-29 17:11:14.833 683 901 D CachedBluetoothDevice: onUuidChanged: Time since last connect=1643
05-29 17:11:14.833 683 901 D CachedBluetoothDevice: onUuidChanged: triggering connectAllEnabledProfiles
05-29 17:11:14.835 669 682 V BluetoothDatabase: getProfileConnectionPolicy: E4:BB:D3:57:C0:69, profile=2, connectionPolicy = -1
05-29 17:11:14.835 669 682 V BluetoothDatabase: getProfileConnectionPolicy: E4:BB:D3:57:C0:69, profile=1, connectionPolicy = -1
05-29 17:11:14.835 669 682 V BluetoothDatabase: getProfileConnectionPolicy: E4:BB:D3:57:C0:69, profile=4, connectionPolicy = 100
05-29 17:11:14.835 669 682 V BluetoothDatabase: getProfileConnectionPolicy: E4:BB:D3:57:C0:69, profile=4, connectionPolicy = 100
05-29 17:11:14.835 669 682 I BluetoothAdapterService: connectEnabledProfiles: Connecting Hid Host Profile
05-29 17:11:14.835 669 682 E BluetoothHidHostService: Hid Device not disconnected: E4:BB:D3:57:C0:69
