05-29 10:19:57.337 820 905 W Codec2Client: query -- param skipped: index = 1107298332.
05-29 10:19:57.338 820 905 D CCodec : setup formats input: AMessage(what = 0x00000000) = {
05-29 10:19:57.338 820 905 D CCodec : int32_t bitrate = 224000
05-29 10:19:57.338 820 905 D CCodec : int32_t channel-count = 2
05-29 10:19:57.338 820 905 D CCodec : int32_t max-input-size = 32768
05-29 10:19:57.338 820 905 D CCodec : string mime = "audio/vorbis"
05-29 10:19:57.338 820 905 D CCodec : int32_t sample-rate = 48000
05-29 10:19:57.338 820 905 D CCodec : }
05-29 10:19:57.338 820 905 D CCodec : setup formats output: AMessage(what = 0x00000000) = {
05-29 10:19:57.338 820 905 D CCodec : int32_t channel-count = 2
05-29 10:19:57.338 820 905 D CCodec : string mime = "audio/raw"
05-29 10:19:57.338 820 905 D CCodec : int32_t sample-rate = 48000
05-29 10:19:57.338 820 905 D CCodec : int32_t channel-mask = 3
05-29 10:19:57.338 820 905 D CCodec : }
05-29 10:19:57.338 820 919 D CCodec : [c2.android.vorbis.decoder] buffers are bound to CCodec for this session
05-29 10:19:57.338 820 919 D CCodecConfig: no c2 equivalents for durationUs
05-29 10:19:57.338 820 919 D CCodecConfig: no c2 equivalents for track-id
05-29 10:19:57.338 820 919 D CCodecConfig: no c2 equivalents for csd-1
05-29 10:19:57.338 820 919 D CCodecConfig: no c2 equivalents for channel-mask
05-29 10:19:57.338 820 919 D CCodecConfig: no c2 equivalents for flags
05-29 10:19:57.338 820 905 I CCodecConfig: query failed after returning 7 values (BAD_INDEX)
05-29 10:19:57.339 820 919 D CCodecConfig: c2 config diff is c2::u32 coded.bitrate.value = 224000
05-29 10:19:57.339 820 919 D CCodecConfig: c2::u32 raw.channel-count.value = 2
05-29 10:19:57.340 380 380 I update_engine: [INFO:cleanup_previous_update_action.cc(112)] Executing task 5
05-29 10:19:57.342 380 380 I update_engine: [INFO:cleanup_previous_update_action.cc(124)] CleanupPreviousUpdateAction scheduled task ID 6 for WaitBootCompleted
05-29 10:19:57.346 820 919 W Codec2Client: query -- param skipped: index = 1107298332.
05-29 10:19:57.347 820 919 D CCodec : setup formats input: AMessage(what = 0x00000000) = {
05-29 10:19:57.347 820 919 D CCodec : int32_t bitrate = 224000
05-29 10:19:57.347 820 919 D CCodec : int32_t channel-count = 2
05-29 10:19:57.347 820 919 D CCodec : int32_t max-input-size = 32768
05-29 10:19:57.347 820 919 D CCodec : string mime = "audio/vorbis"
05-29 10:19:57.347 820 919 D CCodec : int32_t sample-rate = 48000
05-29 10:19:57.347 820 919 D CCodec : }
05-29 10:19:57.347 820 919 D CCodec : setup formats output: AMessage(what = 0x00000000) = {
05-29 10:19:57.347 820 919 D CCodec : int32_t channel-count = 2
05-29 10:19:57.347 820 919 D CCodec : string mime = "audio/raw"
05-29 10:19:57.347 820 919 D CCodec : int32_t sample-rate = 48000
05-29 10:19:57.347 820 919 D CCodec : int32_t channel-mask = 3
05-29 10:19:57.347 820 919 D CCodec : }
05-29 10:19:57.347 820 919 I CCodecConfig: query failed after returning 7 values (BAD_INDEX)
05-29 10:19:57.348 820 919 W Codec2Client: query -- param skipped: index = 1342179345.
05-29 10:19:57.349 820 919 W Codec2Client: query -- param skipped: index = 2415921170.
05-29 10:19:57.350 820 905 W Codec2Client: query -- param skipped: index = 1342179345.
05-29 10:19:57.350 820 905 W Codec2Client: query -- param skipped: index = 2415921170.
05-29 10:19:57.350 820 905 D C2Store : Using ION
05-29 10:19:57.351 820 905 D CCodecBufferChannel: [c2.android.vorbis.decoder#654] Created input block pool with allocatorID 16 => poolID 17 - OK (0)
05-29 10:19:57.353 820 919 D CCodecBufferChannel: [c2.android.vorbis.decoder#710] Created input block pool with allocatorID 16 => poolID 18 - OK (0)
05-29 10:19:57.354 820 905 I CCodecBufferChannel: [c2.android.vorbis.decoder#654] Created output block pool with allocatorID 16 => poolID 19 - OK
05-29 10:19:57.355 820 905 D CCodecBufferChannel: [c2.android.vorbis.decoder#654] Configured output block pool ids 19 => OK
05-29 10:19:57.356 820 905 E ion : ioctl c0044901 failed with code -1: Inappropriate ioctl for device
05-29 10:19:57.356 820 919 I CCodecBufferChannel: [c2.android.vorbis.decoder#710] Created output block pool with allocatorID 16 => poolID 20 - OK
05-29 10:19:57.356 820 919 D CCodecBufferChannel: [c2.android.vorbis.decoder#710] Configured output block pool ids 20 => OK
05-29 10:19:57.369 376 933 D SimpleC2Component: Using output block pool with poolID 19 => got 19 - 0
01-01 08:00:19.632 905 905 E cma : cma_alloc: alloc failed, req-size: 8 pages, ret: -16
01-01 08:00:19.634 917 917 E cma : cma_alloc: alloc failed, req-size: 8 pages, ret: -16
01-01 08:00:19.642 919 919 E cma : cma_alloc: alloc failed, req-size: 8 pages, ret: -16
05-29 10:19:57.386 664 664 E WifiHAL : wifi_get_logger_supported_feature_set: Error -5 happened.
05-29 10:19:57.388 664 664 E WifiHAL : wifi_get_logger_supported_feature_set: Error -5 happened.
01-01 08:00:19.661 664 664 I ieee80211 phy0: sprdwl_vendor_get_support_feature
01-01 08:00:19.663 664 664 I ieee80211 phy0: sprdwl_vendor_get_support_feature
05-29 10:19:57.392 832 832 D wpa_supplicant: Driver capability mask: 0xd
05-29 10:19:57.397 476 610 I WifiNative: Successfully switched to connectivity mode on iface=Iface:{Name=wlan0,Id=0,Type=STA_CONNECTIVITY}
05-29 10:19:57.397 476 610 D WifiClientModeManager[wlan0]: entering ConnectModeState, starting ClientModeImpl
05-29 10:19:57.396 683 683 I ndroid.systemui: type=1400 audit(0.0:367): avc: denied { search } for name="com.android.systemui" dev="mmcblk0p25" ino=486 scontext=u:r:platform_app:s0:c512,c768 tcontext=u:object_r:app_data_file:s0:c512,c768 tclass=dir permissive=1 app=com.softwinner.screenshot
05-29 10:19:57.399 476 476 W Looper : Slow dispatch took 295ms main h=android.app.ActivityThread$H c=android.app.LoadedApk$ReceiverDispatcher$Args$$ExternalSyntheticLambda0@79bd9ce m=0
05-29 10:19:57.408 376 932 D SimpleC2Component: Using output block pool with poolID 20 => got 20 - 0
05-29 10:19:57.435 476 476 D WifiP2pService: Wifi enabled=false
05-29 10:19:57.438 683 683 W SystemServiceRegistry: No service published for: fingerprint
05-29 10:19:57.445 683 683 W SystemServiceRegistry: No service published for: face
05-29 10:19:57.460 265 265 I EventThread: type=1400 audit(0.0:368): avc: denied { search } for name="extcon" dev="sysfs" ino=18109 scontext=u:r:hal_tv_cec_default:s0 tcontext=u:object_r:sysfs_extcon:s0 tclass=dir permissive=1
05-29 10:19:57.466 476 610 D WifiScoreReport: setShouldReduceNetworkScore=false mNetworkAgent is null? true
05-29 10:19:57.468 476 610 V WifiClientModeManager[wlan0]: ClientModeManager started in role: Role: ROLE_CLIENT_PRIMARY, RequestorWs: WorkSource{1000 com.android.tv.settings}, ModeListener: com.android.server.wifi.ActiveModeWarden$ClientListener@445a60
05-29 10:19:57.476 476 614 I WifiScanningService: Received a request to enable scanning, UID = 1000
05-29 10:19:57.483 476 610 D WifiScanRequestProxy: Sending scan available broadcast: true
05-29 10:19:57.484 476 610 I WifiScanRequestProxy: Scanning is enabled
05-29 10:19:57.484 476 610 I WifiScanRequestProxy: Scanning for hidden networks is enabled
05-29 10:19:57.490 476 476 D ConditionProviders.SCP: onSubscribe condition://android/schedule?days=1.2.3.4.5.6.7&start=22.0&end=7.0&exitAtAlarm=true
05-29 10:19:57.492 476 476 D ConditionProviders.SCP: setRegistered true
05-29 10:19:57.500 476 623 W ActivityThread: Failed to find provider info for com.android.calendar (user not unlocked)
05-29 10:19:57.501 476 623 W ActivityThread: Failed to find provider info for com.android.calendar (user not unlocked)
05-29 10:19:57.504 476 610 E WifiVendorHal: setMultiStaUseCase(l.3286) failed {.code = ERROR_NOT_SUPPORTED, .description = }
05-29 10:19:57.505 476 610 E WifiVendorHal: setMultiStaPrimaryConnection(l.3252) failed {.code = ERROR_NOT_SUPPORTED, .description = }
05-29 10:19:57.509 476 614 I WifiScanningService: Created a new impl for wlan0
05-29 10:19:57.515 476 476 D ConditionProviders.SCP: evaluateSubscriptionLocked cal=ScheduleCalendar[mDays={1, 2, 3, 4, 5, 6, 7}, mSchedule=ScheduleInfo{days=[1, 2, 3, 4, 5, 6, 7], startHour=22, startMinute=0, endHour=7, endMinute=0, exitAtAlarm=true, nextAlarm=Thu Jan 01 08:00:00 GMT+08:00 1970 (0)}], now=Thu May 29 10:19:57 GMT+08:00 2025 (1748485197491), nextUserAlarmTime=Thu Jan 01 08:00:00 GMT+08:00 1970 (0)
05-29 10:19:57.515 476 476 D ConditionProviders.SCP: notifyCondition condition://android/schedule?days=1.2.3.4.5.6.7&start=22.0&end=7.0&exitAtAlarm=true STATE_FALSE reason=!meetsSchedule
05-29 10:19:57.518 476 476 D ConditionProviders.SCP: Scheduling evaluate for Thu May 29 22:00:00 GMT+08:00 2025 (1748527200000), in +11h40m2s509ms, now=Thu May 29 10:19:57 GMT+08:00 2025 (1748485197491)
05-29 10:19:57.520 476 614 E WifiBackgroundScanStateMachine: invalid max buckets in scan capabilities 0
05-29 10:19:57.521 476 610 D WifiCountryCode: evaluateAllCmmStateAndApplyIfAllReady: {ConcreteClientModeManager{id=15657 iface=wlan0 role=ROLE_CLIENT_PRIMARY}=true}
05-29 10:19:57.522 476 610 D WifiCountryCode: Reading country code from telephony
05-29 10:19:57.524 476 476 I ConnectivityModuleConnector: Networking module service connected
05-29 10:19:57.524 476 476 I ConnectivityModuleConnector: Networking module service connected
05-29 10:19:57.524 476 476 I NetworkStackClient: Network stack service connected
05-29 10:19:57.532 476 610 D WifiCountryCode: Set telephony country code to:
05-29 10:19:57.533 476 610 D WifiCountryCode: updateCountryCode to CN
05-29 10:19:57.534 832 832 D WifiHWInfo: Start to load wireless module hardware info table...
05-29 10:19:57.534 832 832 D WifiHWInfo: Entry [01], BUS: SDIO, ID: 0x024C8179, Name: rtl8189es.
05-29 10:19:57.534 832 832 D WifiHWInfo: Entry [02], BUS: SDIO, ID: 0x024CB723, Name: rtl8723bs_vq0.
05-29 10:19:57.534 832 832 D WifiHWInfo: Entry [03], BUS: SDIO, ID: 0x024CB703, Name: rtl8723cs.
05-29 10:19:57.534 832 832 D WifiHWInfo: Entry [04], BUS: SDIO, ID: 0x024CD723, Name: rtl8723ds.
05-29 10:19:57.534 832 832 D WifiHWInfo: Entry [05], BUS: SDIO, ID: 0x024CF179, Name: rtl8189fs.
05-29 10:19:57.534 832 832 D WifiHWInfo: Entry [06], BUS: SDIO, ID: 0x024CB822, Name: rtl88x2bs.
05-29 10:19:57.534 832 832 D WifiHWInfo: Entry [07], BUS: USB, ID: 0x0BDAD723, Name: rtl8723du.
05-29 10:19:57.534 832 832 D WifiHWInfo: Entry [08], BUS: USB, ID: 0x0BDA8179, Name: rtl8188etv.
05-29 10:19:57.536 832 832 D WifiHWInfo: Entry [09], BUS: USB, ID: 0x0BDA0179, Name: rtl8188eu.
05-29 10:19:57.536 832 832 D WifiHWInfo: Entry [10], BUS: USB, ID: 0x0BDA818B, Name: rtl8192eu.
05-29 10:19:57.536 832 832 D WifiHWInfo: Entry [11], BUS: USB, ID: 0x0BDAB720, Name: rtl8723bu.
05-29 10:19:57.536 832 832 D WifiHWInfo: Entry [12], BUS: USB, ID: 0x0BDAC82C, Name: rtl8822cu.
05-29 10:19:57.536 832 832 D WifiHWInfo: Entry [13], BUS: USB, ID: 0x0BDAF179, Name: rtl8188fu.
05-29 10:19:57.536 832 832 D WifiHWInfo: Entry [14], BUS: SDIO, ID: 0x02D0A9A6, Name: ap6212.
05-29 10:19:57.536 832 832 D WifiHWInfo: Entry [15], BUS: SDIO, ID: 0x02D04330, Name: ap6330.
05-29 10:19:57.536 832 832 D WifiHWInfo: Entry [16], BUS: SDIO, ID: 0x02D04356, Name: ap6356s.
05-29 10:19:57.536 832 832 D WifiHWInfo: Entry [17], BUS: SDIO, ID: 0x02D0A9BF, Name: ap6255.
05-29 10:19:57.536 832 832 D WifiHWInfo: Entry [18], BUS: SDIO, ID: 0x02D04334, Name: bcm43342.
05-29 10:19:57.536 832 832 D WifiHWInfo: Entry [19], BUS: SDIO, ID: 0x00202281, Name: xr819.
05-29 10:19:57.536 832 832 D WifiHWInfo: Entry [20], BUS: SDIO, ID: 0x0A9E2282, Name: xr829.
05-29 10:19:57.536 832 832 D WifiHWInfo: Entry [21], BUS: SDIO, ID: 0x0271050A, Name: qca6174a.
05-29 10:19:57.536 832 832 D WifiHWInfo: Entry [22], BUS: SDIO, ID: 0x30303030, Name: ssv6x5x.
05-29 10:19:57.536 832 832 D WifiHWInfo: Entry [23], BUS: SDIO, ID: 0x00000000, Name: uwe5621.
05-29 10:19:57.536 832 832 D WifiHWInfo: Entry [24], BUS: SDIO, ID: 0x54490145, Name: aic8800.
05-29 10:19:57.536 832 832 D WifiHWInfo: Entry [25], BUS: SDIO, ID: 0xC8A1C08D, Name: aic8800.
05-29 10:19:57.536 832 832 D WifiHWInfo: Entry [26], BUS: USB, ID: 0xA69C8800, Name: aic8800.
05-29 10:19:57.536 832 832 D WifiHWInfo: Entry [27], BUS: USB, ID: 0x007A8888, Name: atbm6023is.
05-29 10:19:57.536 832 832 D WifiHWInfo: Entry [28], BUS: SDIO, ID: 0x02E79086, Name: 9012p.
05-29 10:19:57.536 832 832 D WifiHWInfo: Entry [29], BUS: SDIO, ID: 0x007A6011, Name: atbm613x_wifi_sdio.
05-29 10:19:57.536 832 832 D WifiHWInfo: Entry [30], BUS: SDIO, ID: 0x024CC822, Name: 88x2cs.
05-29 10:19:57.536 832 832 D WifiHWInfo: Entry [31], BUS: SDIO, ID: 0x000018F0, Name: dummy.
05-29 10:19:57.536 832 832 W wpa_supplicant: check_initialed for nl80211, use sprd wpa_supplicant_8_lib.
05-29 10:19:57.536 832 832 W wpa_supplicant: check_initialed found wpa_supplicant_8_lib vendor implement for sprd.
05-29 10:19:57.536 832 832 D wpa_supplicant: wlan0: Event CHANNEL_LIST_CHANGED (27) received
05-29 10:19:57.536 832 832 I wpa_supplicant: wlan0: CTRL-EVENT-REGDOM-CHANGE init=USER type=COUNTRY alpha2=CN
05-29 10:19:57.536 832 832 D wpa_supplicant: p2p-dev-wlan0: Updating hw mode
05-29 10:19:57.537 832 832 D wpa_supplicant: nl80211: No channel number found for frequency 5920 MHz
05-29 10:19:57.537 832 832 D wpa_supplicant: nl80211: No channel number found for frequency 5940 MHz
05-29 10:19:57.538 832 832 D wpa_supplicant: nl80211: Regulatory information - country=CN (DFS-FCC)
05-29 10:19:57.538 832 832 D wpa_supplicant: nl80211: 2400-2483 @ 40 MHz 20 mBm
05-29 10:19:57.538 832 832 D wpa_supplicant: nl80211: 5150-5350 @ 80 MHz 20 mBm (DFS)
05-29 10:19:57.538 832 832 D wpa_supplicant: nl80211: 5725-5850 @ 80 MHz 33 mBm
05-29 10:19:57.538 832 832 D wpa_supplicant: nl80211: 57240-59400 @ 2160 MHz 28 mBm
05-29 10:19:57.538 832 832 D wpa_supplicant: nl80211: 59400-63720 @ 2160 MHz 44 mBm
05-29 10:19:57.538 832 832 D wpa_supplicant: nl80211: 63720-65880 @ 2160 MHz 28 mBm
05-29 10:19:57.538 832 832 D wpa_supplicant: nl80211: Added 802.11b mode based on 802.11g information
05-29 10:19:57.538 832 832 D wpa_supplicant: nl80211: Mode IEEE 802.11g: 2412 2417 2422 2427 2432 2437 2442 2447 2452 2457 2462 2467 2472 2484[DISABLED]
05-29 10:19:57.538 832 832 D wpa_supplicant: nl80211: Mode IEEE 802.11a: 5170[DISABLED] 5180 5200 5220 5240 5260[RADAR] 5280[RADAR] 5300[RADAR] 5320[RADAR] 5500[DISABLED][RADAR] 5520[DISABLED][RADAR] 5540[DISABLED][RADAR] 5560[DISABLED][RADAR] 5580[DISABLED][RADAR]
05-29 10:19:57.538 832 832 D wpa_supplicant: nl80211: Mode IEEE 802.11b: 2412 2417 2422 2427 2432 2437 2442 2447 2452 2457 2462 2467 2472 2484[DISABLED]
05-29 10:19:57.538 832 832 D wpa_supplicant: wlan0: Updating hw mode
05-29 10:19:57.539 832 832 D wpa_supplicant: nl80211: No channel number found for frequency 5920 MHz
05-29 10:19:57.539 832 832 D wpa_supplicant: nl80211: No channel number found for frequency 5940 MHz
05-29 10:19:57.540 832 832 D wpa_supplicant: nl80211: Regulatory information - country=CN (DFS-FCC)
05-29 10:19:57.540 832 832 D wpa_supplicant: nl80211: 2400-2483 @ 40 MHz 20 mBm
05-29 10:19:57.540 832 832 D wpa_supplicant: nl80211: 5150-5350 @ 80 MHz 20 mBm (DFS)
05-29 10:19:57.540 832 832 D wpa_supplicant: nl80211: 5725-5850 @ 80 MHz 33 mBm
05-29 10:19:57.540 832 832 D wpa_supplicant: nl80211: 57240-59400 @ 2160 MHz 28 mBm
05-29 10:19:57.540 832 832 D wpa_supplicant: nl80211: 59400-63720 @ 2160 MHz 44 mBm
05-29 10:19:57.540 832 832 D wpa_supplicant: nl80211: 63720-65880 @ 2160 MHz 28 mBm
05-29 10:19:57.540 832 832 D wpa_supplicant: nl80211: Added 802.11b mode based on 802.11g information
05-29 10:19:57.540 832 832 D wpa_supplicant: nl80211: Mode IEEE 802.11g: 2412 2417 2422 2427 2432 2437 2442 2447 2452 2457 2462 2467 2472 2484[DISABLED]
05-29 10:19:57.540 832 832 D wpa_supplicant: nl80211: Mode IEEE 802.11a: 5170[DISABLED] 5180 5200 5220 5240 5260[RADAR] 5280[RADAR] 5300[RADAR] 5320[RADAR] 5500[DISABLED][RADAR] 5520[DISABLED][RADAR] 5540[DISABLED][RADAR] 5560[DISABLED][RADAR] 5580[DISABLED][RADAR]
05-29 10:19:57.540 832 832 D wpa_supplicant: nl80211: Mode IEEE 802.11b: 2412 2417 2422 2427 2432 2437 2442 2447 2452 2457 2462 2467 2472 2484[DISABLED]
05-29 10:19:57.540 832 832 D wpa_supplicant: wlan0: Determining shared radio frequencies (max len 2)
05-29 10:19:57.540 832 832 D wpa_supplicant: wlan0: Shared frequencies (len=0): completed iteration
05-29 10:19:57.540 832 832 D wpa_supplicant: P2P: Add operating class 81
05-29 10:19:57.540 832 832 D wpa_supplicant: P2P: Channels - hexdump(len=13): 01 02 03 04 05 06 07 08 09 0a 0b 0c 0d
05-29 10:19:57.540 832 832 D wpa_supplicant: P2P: Add operating class 115
05-29 10:19:57.540 832 832 D wpa_supplicant: P2P: Channels - hexdump(len=4): 24 28 2c 30
05-29 10:19:57.540 832 832 D wpa_supplicant: P2P: Add operating class 116
05-29 10:19:57.540 832 832 D wpa_supplicant: P2P: Channels - hexdump(len=2): 24 2c
05-29 10:19:57.540 832 832 D wpa_supplicant: P2P: Add operating class 117
05-29 10:19:57.540 832 832 D wpa_supplicant: P2P: Channels - hexdump(len=2): 28 30
05-29 10:19:57.540 832 832 D wpa_supplicant: P2P: Add operating class 124
05-29 10:19:57.540 832 832 D wpa_supplicant: P2P: Channels - hexdump(len=4): 95 99 9d a1
05-29 10:19:57.540 832 832 D wpa_supplicant: P2P: Add operating class 125
05-29 10:19:57.540 832 832 D wpa_supplicant: P2P: Channels - hexdump(len=5): 95 99 9d a1 a5
05-29 10:19:57.540 832 832 D wpa_supplicant: P2P: Add operating class 126
05-29 10:19:57.540 832 832 D wpa_supplicant: P2P: Channels - hexdump(len=2): 95 9d
05-29 10:19:57.540 832 832 D wpa_supplicant: P2P: Add operating class 127
05-29 10:19:57.540 832 832 D wpa_supplicant: P2P: Channels - hexdump(len=2): 99 a1
05-29 10:19:57.540 832 832 D wpa_supplicant: P2P: Add operating class 128
05-29 10:19:57.540 832 832 D wpa_supplicant: P2P: Channels - hexdump(len=8): 24 28 2c 30 95 99 9d a1
05-29 10:19:57.540 832 832 D wpa_supplicant: P2P: Add operating class 130
05-29 10:19:57.540 832 832 D wpa_supplicant: P2P: Channels - hexdump(len=9): 24 28 2c 30 95 99 9d a1 a5
05-29 10:19:57.540 832 832 D wpa_supplicant: P2P: Update channel list
05-29 10:19:57.541 832 832 D wpa_supplicant: P2P: channels: 81:1,2,3,4,5,6,7,8,9,10,11,12,13 115:36,40,44,48 116:36,44 117:40,48 124:149,153,157,161 125:149,153,157,161,165 126:149,157 127:153,161 128:36,40,44,48,149,153,157,161 130:36,40,44,48,149,153,157,161,165
05-29 10:19:57.542 832 832 D wpa_supplicant: P2P: cli_channels:
05-29 10:19:57.542 832 832 D wpa_supplicant: sprd_wpa_driver_nl80211_driver_cmd COUNTRY CN len = 0, 10
05-29 10:19:57.544 476 476 D BluetoothManagerService: BluetoothServiceConnection: com.android.bluetooth.btservice.AdapterService
05-29 10:19:57.545 476 521 D BluetoothManagerService: MESSAGE_BLUETOOTH_SERVICE_CONNECTED: 1
05-29 10:19:57.545 476 610 D WifiNative: onSetCountryCodeSucceeded: CN
05-29 10:19:57.545 476 610 I WifiCountryCode: Receive onSetCountryCodeSucceeded CN
05-29 10:19:57.548 265 265 D hdmi-cec: cec physical address: 1.0.0.0
05-29 10:19:57.549 265 265 D hdmi-cec: cec physical address: 1.0.0.0
05-29 10:19:57.549 265 265 D hdmi-cec: cec physical address: 1.0.0.0
05-29 10:19:57.550 265 265 D hdmi-cec: addLogicalAddress (4)
05-29 10:19:57.550 265 265 D hdmi-cec: cec physical address: 1.0.0.0
05-29 10:19:57.555 476 610 D WakeupController: onWifiEnabled()
05-29 10:19:57.560 476 610 W WifiClientModeImpl: No cached packet filter to apply
05-29 10:19:57.563 476 521 D BluetoothManagerService: Broadcasting onBluetoothServiceUp() to 2 receivers.
05-29 10:19:57.563 476 521 D BluetoothAdapter: onBluetoothServiceUp: android.bluetooth.IBluetooth$Stub$Proxy@8e1a352
05-29 10:19:57.569 476 476 D AutofillManagerService: Restriction did not change for user 0
05-29 10:19:57.573 476 610 D WifiClientModeImpl[wlan0]: entering ConnectableState: ifaceName = wlan0
05-29 10:19:57.574 476 476 I ConnectivityModuleConnector: Networking module service connected
05-29 10:19:57.575 476 476 I ConnectivityModuleConnector: Networking module service connected
05-29 10:19:57.576 476 476 I ExplicitHealthCheckController: Explicit health check service is connected ComponentInfo{android.ext.services/android.ext.services.watchdog.ExplicitHealthCheckServiceImpl}
05-29 10:19:57.576 832 832 D wpa_supplicant: sprd_wpa_driver_nl80211_driver_cmd SETSUSPENDMODE 1 len = 0, 16
05-29 10:19:57.577 669 684 D BluetoothAdapter: onBluetoothServiceUp: com.android.bluetooth.btservice.AdapterService$AdapterServiceBinder@ce60f
05-29 10:19:57.579 476 610 D WifiClientModeImpl[wlan0]: Start makeIpClient ifaceName = wlan0
05-29 10:19:57.580 669 682 D BluetoothAdapterService: enable() - Enable called with quiet mode status = false
05-29 10:19:57.580 669 828 I AdapterState: BLE_TURNING_ON : entered
05-29 10:19:57.581 669 828 D AdapterProperties: Setting state to BLE_TURNING_ON
05-29 10:19:57.582 669 828 D BluetoothAdapterService: updateAdapterState() - Broadcasting state BLE_TURNING_ON to 1 receivers.
05-29 10:19:57.585 476 521 D BluetoothManagerService: MESSAGE_BLUETOOTH_STATE_CHANGE: OFF > BLE_TURNING_ON
05-29 10:19:57.585 476 521 D BluetoothManagerService: Sending BLE State Change: OFF > BLE_TURNING_ON
05-29 10:19:57.588 669 828 D BluetoothAdapterService: bleOnProcessStart()
05-29 10:19:57.588 669 828 I AdapterProperties: init(), maxConnectedAudioDevices, default=5, propertyOverlayed=5, finalValue=5
05-29 10:19:57.588 476 476 I ExplicitHealthCheckController: Service initialized, syncing requests
05-29 10:19:57.589 476 476 V NotificationAssistants: 0 notification assistant service connected: ComponentInfo{android.ext.services/android.ext.services.notification.Assistant}
05-29 10:19:57.606 476 476 D WifiP2pService: Wifi enabled=true
05-29 10:19:57.612 476 476 I PackageWatchdog: Syncing health check requests for packages: {}
05-29 10:19:57.612 476 476 D ExplicitHealthCheckController: Getting health check supported packages
05-29 10:19:57.616 476 476 W Looper : Drained
05-29 10:19:57.620 476 815 I ExplicitHealthCheckController: Explicit health check supported packages [PackageConfig{com.android.networkstack, 86400000}]
05-29 10:19:57.620 476 815 D PackageWatchdog: Received supported packages [PackageConfig{com.android.networkstack, 86400000}]
05-29 10:19:57.621 476 815 D ExplicitHealthCheckController: Getting health check requested packages
05-29 10:19:57.622 820 905 D CCodecBufferChannel: [c2.android.vorbis.decoder#654] MediaCodec discarded an unknown buffer
05-29 10:19:57.624 476 815 I ExplicitHealthCheckController: Explicit health check requested packages []
05-29 10:19:57.625 476 815 I ExplicitHealthCheckController: No more health check requests, unbinding...
05-29 10:19:57.626 820 905 I hw-BpHwBinder: onLastStrongRef automatically unlinking death recipients
05-29 10:19:57.630 820 919 D CCodecBufferChannel: [c2.android.vorbis.decoder#710] MediaCodec discarded an unknown buffer
05-29 10:19:57.630 820 919 D CCodecBufferChannel: [c2.android.vorbis.decoder#710] MediaCodec discarded an unknown buffer
05-29 10:19:57.631 476 815 I ExplicitHealthCheckController: Explicit health check service is unbound
05-29 10:19:57.632 669 828 D BluetoothAdapterService: bleOnProcessStart() - Make Bond State Machine
05-29 10:19:57.633 820 919 I hw-BpHwBinder: onLastStrongRef automatically unlinking death recipients
05-29 10:19:57.634 376 920 I hw-BpHwBinder: onLastStrongRef automatically unlinking death recipients
05-29 10:19:57.637 669 828 D BluetoothBondStateMachine: make
05-29 10:19:57.648 669 948 I BluetoothBondStateMachine: StableState(): Entering Off State
05-29 10:19:57.648 476 815 D CompatibilityChangeReporter: Compat change id reported: 157233955; UID 10067; state: ENABLED
05-29 10:19:57.655 669 669 I BtGatt.JNI: classInitNative(L1073): classInitNative: Success!
05-29 10:19:57.659 669 669 D BtGatt.DebugUtils: handleDebugAction() action=null
05-29 10:19:57.663 669 669 I bt_btif : system/bt/btif/src/bluetooth.cc:417 get_profile_interface: get_profile_interface: id = gatt
05-29 10:19:57.666 669 669 D CompatibilityChangeReporter: Compat change id reported: 160794467; UID 1002; state: ENABLED
05-29 10:19:57.689 669 847 I bt_stack_manager: system/bt/btif/src/stack_manager.cc:246 event_start_up_stack: event_start_up_stack is bringing up the stack
05-29 10:19:57.690 669 847 I bt_core_module: system/bt/btcore/src/module.cc:85 module_start_up: module_start_up Starting module "btif_config_module"
05-29 10:19:57.690 669 847 I bt_core_module: system/bt/btcore/src/module.cc:90 module_start_up: module_start_up Started module "btif_config_module"
05-29 10:19:57.690 669 847 I bt_core_module: system/bt/btcore/src/module.cc:85 module_start_up: module_start_up Starting module "btsnoop_module"
05-29 10:19:57.690 669 847 I droid.bluetoot: [0529/101957.690538:INFO:btsnoop.cc(209)] start_up: Snoop Logs disabled
05-29 10:19:57.690 669 847 I droid.bluetoot: [0529/101957.690777:INFO:btsnoop.cc(356)] delete_btsnoop_files: Deleting snoop logs if they exist. filtered = 1
05-29 10:19:57.691 669 847 I droid.bluetoot: [0529/101957.691088:INFO:btsnoop.cc(356)] delete_btsnoop_files: Deleting snoop logs if they exist. filtered = 0
05-29 10:19:57.691 669 847 I bt_core_module: system/bt/btcore/src/module.cc:90 module_start_up: module_start_up Started module "btsnoop_module"
05-29 10:19:57.691 669 847 I bt_core_module: system/bt/btcore/src/module.cc:85 module_start_up: module_start_up Starting module "hci_module"
05-29 10:19:57.691 669 847 I bt_hci : system/bt/hci/src/hci_layer.cc:200 hci_module_start_up: hci_module_start_up
05-29 10:19:57.693 669 954 I droid.bluetoot: [0529/101957.693523:INFO:message_loop_thread.cc(224)] Run: message loop starting for thread bt_hci_thread
05-29 10:19:57.694 669 954 I bt_hci : system/bt/hci/src/hci_layer_android.cc:159 hci_initialize: hci_initialize
05-29 10:19:57.698 186 186 I hwservicemanager: getTransport: Cannot find entry android.hardware.bluetooth@1.1::IBluetoothHci/default in either framework or device VINTF manifest.
05-29 10:19:57.699 669 847 I bt_hci : system/bt/hci/src/hci_layer.cc:257 hci_module_start_up: hci_module_start_up starting async portion
05-29 10:19:57.700 476 610 I WifiClientModeImpl[wlan0]: disconnectedstate enter
05-29 10:19:57.702 669 954 I bt_hci : system/bt/hci/src/hci_layer_android.cc:178 hci_initialize: hci_initialize: IBluetoothHci::getService() returned 0xe78423e0 (remote)
05-29 10:19:57.702 669 954 E cutils-trace: Error opening trace file: No such file or directory (2)
05-29 10:19:57.702 476 610 D WifiClientModeImpl[wlan0]: setupClientMode() ifacename = wlan0
05-29 10:19:57.703 253 253 I android.hardware.bluetooth@1.0-impl: BluetoothHci::initialize()
05-29 10:19:57.705 253 253 D android.hardware.bluetooth@1.0-service: get_local_address: Trying /sys/class/addr_mgt/addr_bt
05-29 10:19:57.706 253 253 D android.hardware.bluetooth@1.0-service: get_local_address: Got Factory BDA C3:E5:D7:83:91:7D
05-29 10:19:57.706 253 253 D WifiHWInfo: Start to load wireless module hardware info table...
05-29 10:19:57.706 253 253 D WifiHWInfo: Entry [01], BUS: SDIO, ID: 0x024C8179, Name: rtl8189es.
05-29 10:19:57.706 253 253 D WifiHWInfo: Entry [02], BUS: SDIO, ID: 0x024CB723, Name: rtl8723bs_vq0.
05-29 10:19:57.706 253 253 D WifiHWInfo: Entry [03], BUS: SDIO, ID: 0x024CB703, Name: rtl8723cs.
05-29 10:19:57.706 253 253 D WifiHWInfo: Entry [04], BUS: SDIO, ID: 0x024CD723, Name: rtl8723ds.
05-29 10:19:57.706 253 253 D WifiHWInfo: Entry [05], BUS: SDIO, ID: 0x024CF179, Name: rtl8189fs.
05-29 10:19:57.706 253 253 D WifiHWInfo: Entry [06], BUS: SDIO, ID: 0x024CB822, Name: rtl88x2bs.
05-29 10:19:57.706 253 253 D WifiHWInfo: Entry [07], BUS: USB, ID: 0x0BDAD723, Name: rtl8723du.
05-29 10:19:57.706 253 253 D WifiHWInfo: Entry [08], BUS: USB, ID: 0x0BDA8179, Name: rtl8188etv.
05-29 10:19:57.706 253 253 D WifiHWInfo: Entry [09], BUS: USB, ID: 0x0BDA0179, Name: rtl8188eu.
05-29 10:19:57.706 253 253 D WifiHWInfo: Entry [10], BUS: USB, ID: 0x0BDA818B, Name: rtl8192eu.
05-29 10:19:57.706 253 253 D WifiHWInfo: Entry [11], BUS: USB, ID: 0x0BDAB720, Name: rtl8723bu.
05-29 10:19:57.706 253 253 D WifiHWInfo: Entry [12], BUS: USB, ID: 0x0BDAC82C, Name: rtl8822cu.
05-29 10:19:57.706 253 253 D WifiHWInfo: Entry [13], BUS: USB, ID: 0x0BDAF179, Name: rtl8188fu.
05-29 10:19:57.706 253 253 D WifiHWInfo: Entry [14], BUS: SDIO, ID: 0x02D0A9A6, Name: ap6212.
05-29 10:19:57.706 253 253 D WifiHWInfo: Entry [15], BUS: SDIO, ID: 0x02D04330, Name: ap6330.
05-29 10:19:57.706 253 253 D WifiHWInfo: Entry [16], BUS: SDIO, ID: 0x02D04356, Name: ap6356s.
05-29 10:19:57.706 253 253 D WifiHWInfo: Entry [17], BUS: SDIO, ID: 0x02D0A9BF, Name: ap6255.
05-29 10:19:57.706 253 253 D WifiHWInfo: Entry [18], BUS: SDIO, ID: 0x02D04334, Name: bcm43342.
05-29 10:19:57.706 253 253 D WifiHWInfo: Entry [19], BUS: SDIO, ID: 0x00202281, Name: xr819.
05-29 10:19:57.706 253 253 D WifiHWInfo: Entry [20], BUS: SDIO, ID: 0x0A9E2282, Name: xr829.
05-29 10:19:57.706 253 253 D WifiHWInfo: Entry [21], BUS: SDIO, ID: 0x0271050A, Name: qca6174a.
05-29 10:19:57.706 253 253 D WifiHWInfo: Entry [22], BUS: SDIO, ID: 0x30303030, Name: ssv6x5x.
05-29 10:19:57.706 253 253 D WifiHWInfo: Entry [23], BUS: SDIO, ID: 0x00000000, Name: uwe5621.
05-29 10:19:57.706 253 253 D WifiHWInfo: Entry [24], BUS: SDIO, ID: 0x54490145, Name: aic8800.
05-29 10:19:57.706 253 253 D WifiHWInfo: Entry [25], BUS: SDIO, ID: 0xC8A1C08D, Name: aic8800.
05-29 10:19:57.706 253 253 D WifiHWInfo: Entry [26], BUS: USB, ID: 0xA69C8800, Name: aic8800.
05-29 10:19:57.706 253 253 D WifiHWInfo: Entry [27], BUS: USB, ID: 0x007A8888, Name: atbm6023is.
05-29 10:19:57.706 253 253 D WifiHWInfo: Entry [28], BUS: SDIO, ID: 0x02E79086, Name: 9012p.
05-29 10:19:57.706 253 253 D WifiHWInfo: Entry [29], BUS: SDIO, ID: 0x007A6011, Name: atbm613x_wifi_sdio.
05-29 10:19:57.706 253 253 D WifiHWInfo: Entry [30], BUS: SDIO, ID: 0x024CC822, Name: 88x2cs.
05-29 10:19:57.706 253 253 D WifiHWInfo: Entry [31], BUS: SDIO, ID: 0x000018F0, Name: dummy.
05-29 10:19:57.706 253 253 D libbt-auto-detect: init, get libbt name: libbt-sprd.so.
05-29 10:19:57.708 664 664 E WifiHAL : wifi_start_pkt_fate_monitoring: packet fate logging feature not supported 0
05-29 10:19:57.709 476 610 E WifiVendorHal: startPktFateMonitoring(l.2352) failed {.code = ERROR_NOT_SUPPORTED, .description = }
05-29 10:19:57.709 476 610 W WifiDiags: Failed to start packet fate monitoring
05-29 10:19:57.710 253 253 I bt_vendor: init
05-29 10:19:57.710 664 664 E WifiHAL : wifi_get_driver_version: Error -5 happened.
05-29 10:19:57.708 1 1 I /system/bin/init: type=1107 audit(0.0:369): uid=0 auid=4294967295 ses=4294967295 subj=u:r:init:s0 msg='avc: denied { set } for property=vendor.driver.lpm.load pid=253 uid=1002 gid=1002 scontext=u:r:hal_bluetooth_default:s0 tcontext=u:object_r:vendor_wireless_prop:s0 tclass=property_service permissive=1'
05-29 10:19:57.711 253 253 D bt_vnd_hci: sprd_vendor_hci_init
05-29 10:19:57.711 253 253 I bt_chip_vendor: marlin3_init
05-29 10:19:57.712 253 253 I bt_vnd_conf: Attempt to load conf from /vendor/etc/bt_configure_pskey.ini
05-29 10:19:57.712 664 664 E android.hardware.wifi@1.0-service-lazy: Failed to get driver version: INVALID_ARGS
01-01 08:00:19.987 1 1 I init : processing action (vendor.driver.lpm.load=1) from (/vendor/etc/init/init.bluetooth.common.rc:68)
05-29 10:19:57.713 253 253 D bt_vnd_conf: device_class -> 0x001F00
05-29 10:19:57.713 253 253 D bt_vnd_conf: feature_set -> 0xBF, 0xFF, 0x8D, 0xFE, 0xDB, 0x3D, 0x7B, 0x87, 0xFF, 0xA7, 0xFF, 0x7F, 0x00, 0xE0, 0xF7, 0x3E
05-29 10:19:57.713 253 253 D bt_vnd_conf: device_addr -> 0x6D, 0x6D, 0x8E, 0x8E, 0x8F, 0x8F
05-29 10:19:57.713 253 253 D bt_vnd_conf: comp_id -> 0x01EC
05-29 10:19:57.713 253 253 D bt_vnd_conf: g_sys_uart0_communication_supported -> 1
05-29 10:19:57.713 253 253 D bt_vnd_conf: cp2_log_mode -> 1
05-29 10:19:57.713 253 253 D bt_vnd_conf: LogLevel -> 0xFF
05-29 10:19:57.713 253 253 D bt_vnd_conf: g_central_or_perpheral -> 0
05-29 10:19:57.713 253 253 D bt_vnd_conf: Log_BitMask -> 0xFFFF
01-01 08:00:19.990 253 253 I : mtty_open probe is success!
01-01 08:00:19.990 253 253 E bluetooth_set_power: start_block=0
01-01 08:00:19.996 253 253 I WCN : start_marlin [MARLIN_BLUETOOTH]
01-01 08:00:19.996 253 253 D : CPU: 1 PID: 253 Comm: bluetooth@1.0-s Tainted: G O 5.4.125+ #3
01-01 08:00:19.996 253 253 D Hardware name: sun50iw9 (DT)
01-01 08:00:19.996 253 253 D Call trace:
01-01 08:00:19.996 253 253 D : dump_backtrace.cfi_jt+0x0/0x4
01-01 08:00:19.996 253 253 D : dump_stack+0xbc/0x104
01-01 08:00:19.996 253 253 D : marlin_set_power+0x2c/0x78c [uwe5621_bsp_sdio]
01-01 08:00:19.996 253 253 D : start_marlin+0xbc/0x14c [uwe5621_bsp_sdio]
01-01 08:00:19.996 253 253 D : bluetooth_set_power+0x44/0x70 [sprdbt_tty]
01-01 08:00:19.996 253 253 D : mtty_open+0xb0/0x150 [sprdbt_tty]
01-01 08:00:19.996 253 253 D : tty_open+0x350/0x550
01-01 08:00:19.996 253 253 D : chrdev_open+0x1d8/0x254
01-01 08:00:19.996 253 253 D : do_dentry_open+0x270/0x3ac
01-01 08:00:19.996 253 253 D : vfs_open+0x2c/0x38
01-01 08:00:19.996 253 253 D : path_openat+0x6a8/0xf78
01-01 08:00:19.996 253 253 D : do_filp_open+0x78/0x124
01-01 08:00:19.996 253 253 D : do_sys_open+0x13c/0x290
01-01 08:00:19.996 253 253 D : __arm64_compat_sys_openat+0x24/0x30
01-01 08:00:19.997 253 253 D : el0_svc_common+0xb8/0x1cc
01-01 08:00:19.997 253 253 D : el0_svc_compat_handler+0x1c/0x28
01-01 08:00:19.997 253 253 D : el0_svc_compat+0x8/0x24
01-01 08:00:19.997 253 253 I WCN : marlin power state:4, subsys: [MARLIN_BLUETOOTH] power 1
01-01 08:00:19.997 253 253 I WCN : marlin have open, GNSS is closed
01-01 08:00:19.997 253 253 E bluetooth_set_power: end_block=0
05-29 10:19:57.713 253 253 D bt_vnd_conf: super_ssp_enable -> 0
05-29 10:19:57.713 253 253 D bt_vnd_conf: common_rfu_b3 -> 0
05-29 10:19:57.713 253 253 D bt_vnd_conf: common_rfu_w -> 0x00000000, 0x00000000
05-29 10:19:57.713 253 253 D bt_vnd_conf: le_rfu_w -> 0x00000000, 0x000000000
05-29 10:19:57.713 253 253 D bt_vnd_conf: lmp_rfu_w -> 0x00000000, 0x000000000
05-29 10:19:57.713 253 253 D bt_vnd_conf: lc_rfu_w -> 0x00000000, 0x000000000
05-29 10:19:57.713 253 253 D bt_vnd_conf: g_wbs_nv_117 -> 0x004D
05-29 10:19:57.713 253 253 D bt_vnd_conf: g_wbs_nv_118 -> 0x0166
05-29 10:19:57.713 253 253 D bt_vnd_conf: g_nbv_nv_117 -> 0x004D
05-29 10:19:57.713 253 253 D bt_vnd_conf: g_nbv_nv_118 -> 0x0166
05-29 10:19:57.713 253 253 D bt_vnd_conf: g_sys_sco_transmit_mode -> 0
05-29 10:19:57.713 253 253 D bt_vnd_conf: audio_rfu_b1 -> 0
05-29 10:19:57.713 253 253 D bt_vnd_conf: audio_rfu_b2 -> 0
05-29 10:19:57.713 253 253 D bt_vnd_conf: audio_rfu_b3 -> 0
05-29 10:19:57.713 253 253 D bt_vnd_conf: audio_rfu_w -> 0x00000000, 0x00000000
05-29 10:19:57.713 253 253 D bt_vnd_conf: g_sys_sleep_in_standby_supported -> 1
05-29 10:19:57.713 253 253 D bt_vnd_conf: g_sys_sleep_master_supported -> 1
05-29 10:19:57.713 253 253 D bt_vnd_conf: g_sys_sleep_slave_supported -> 1
05-29 10:19:57.713 253 253 D bt_vnd_conf: power_rfu_b1 -> 0
05-29 10:19:57.713 253 253 D bt_vnd_conf: power_rfu_w -> 0x00000000, 0x00000000
05-29 10:19:57.713 253 253 D bt_vnd_conf: win_ext -> 40
05-29 10:19:57.713 253 253 D bt_vnd_conf: edr_tx_edr_delay -> 6
05-29 10:19:57.713 253 253 D bt_vnd_conf: edr_rx_edr_delay -> 8
05-29 10:19:57.713 253 253 D bt_vnd_conf: tx_delay -> 12
05-29 10:19:57.713 253 253 D bt_vnd_conf: rx_delay -> 34
05-29 10:19:57.713 253 253 D bt_vnd_conf: bb_rfu_w -> 0x00000000, 0x00000000
05-29 10:19:57.713 253 253 D bt_vnd_conf: agc_mode -> 0
05-29 10:19:57.713 253 253 D bt_vnd_conf: diff_or_eq -> 0xFF
05-29 10:19:57.714 253 253 D bt_vnd_conf: ramp_mode -> 0
05-29 10:19:57.714 253 253 D bt_vnd_conf: modem_rfu_b1 -> 0
05-29 10:19:57.714 476 610 E WifiVendorHal: requestChipDebugInfo(l.2167) failed {.code = ERROR_INVALID_ARGS, .description = failed to get driver version}
05-29 10:19:57.714 253 253 D bt_vnd_conf: modem_rfu_w -> 0x00000000, 0x00000000
05-29 10:19:57.714 253 253 D bt_vnd_conf: BQB_BitMask_1 -> 0x00000000
05-29 10:19:57.714 253 253 D bt_vnd_conf: BQB_BitMask_2 -> 0x00000000
05-29 10:19:57.714 253 253 D bt_vnd_conf: bt_coex_threshold -> 0x04E2, 0x1F40, 0x0020, 0x00C8, 0x0006, 0x0000, 0x0000, 0x0000
05-29 10:19:57.714 253 253 D bt_vnd_conf: other_rfu_w -> 0x00000000, 0x00000000
05-29 10:19:57.714 253 956 D bt_vnd_hci: hci_server_thread
05-29 10:19:57.714 476 610 I WifiVendorHal: Driver: null Firmware: null
05-29 10:19:57.714 253 253 I bt_vnd_conf: Attempt to load conf from /vendor/etc/bt_configure_rf.ini
05-29 10:19:57.714 253 956 D bt_vnd_hci: name: bt_vendor_sprd_hci
05-29 10:19:57.714 253 956 D bt_vnd_hci: listen socket: bt_vendor_sprd_hci, fd: 5
05-29 10:19:57.714 253 956 D bt_vnd_hci: hci_server_thread wati for btools
05-29 10:19:57.714 664 664 E WifiHAL : wifi_get_driver_version: Error -5 happened.
05-29 10:19:57.714 253 253 D bt_vnd_conf: g_GainValue_A -> 0xE000, 0xE000, 0xE000, 0xE000, 0xE000, 0xE000
05-29 10:19:57.714 664 664 E android.hardware.wifi@1.0-service-lazy: Failed to get driver version: INVALID_ARGS
05-29 10:19:57.714 253 253 D bt_vnd_conf: g_ClassicPowerValue_A -> 0x4115, 0x3A15, 0x3415, 0x2E15, 0x2715, 0x2115, 0x1715, 0x1115, 0x0B15, 0x0715
05-29 10:19:57.714 253 253 D bt_vnd_conf: g_LEPowerValue_A -> 0x3B15, 0x3715, 0x3315, 0x2F15, 0x2B15, 0x2715, 0x2315, 0x1F15, 0x1B15, 0x1715, 0x1315, 0x0F15, 0x0B15, 0x0815, 0x0415, 0x0015
05-29 10:19:57.714 253 253 D bt_vnd_conf: g_BRChannelpwrvalue_A -> 0x0615, 0x0615, 0x0615, 0x0615, 0x0615, 0x0615, 0x0615, 0x0615
05-29 10:19:57.714 253 253 D bt_vnd_conf: g_EDRChannelpwrvalue_A -> 0x0615, 0x0615, 0x0615, 0x0715, 0x0715, 0x0715, 0x0715, 0x0715
05-29 10:19:57.715 253 253 D bt_vnd_conf: g_LEChannelpwrvalue_A -> 0x1515, 0x1515, 0x1515, 0x1515, 0x1515, 0x1515, 0x1515, 0x1515
05-29 10:19:57.715 253 253 D bt_vnd_conf: g_GainValue_B -> 0xE000, 0xE000, 0xE000, 0xE000, 0xE000, 0xE000
05-29 10:19:57.715 253 253 D bt_vnd_conf: g_ClassicPowerValue_B -> 0x4915, 0x4315, 0x4115, 0x3915, 0x3115, 0x2A15, 0x2215, 0x1B15, 0x1415, 0x0E15
05-29 10:19:57.715 253 253 D bt_vnd_conf: g_LEPowerValue_B -> 0x4B15, 0x4B15, 0x4B15, 0x4B15, 0x4B15, 0x4615, 0x4015, 0x3B15, 0x3615, 0x3015, 0x2B15, 0x2615, 0x2015, 0x1A15, 0x1415, 0x0E15
05-29 10:19:57.715 253 253 D bt_vnd_conf: g_BRChannelpwrvalue_B -> 0x0815, 0x0915, 0x0C15, 0x0C15, 0x0C15, 0x0C15, 0x0C15, 0x0B15
05-29 10:19:57.715 253 253 D bt_vnd_conf: g_EDRChannelpwrvalue_B -> 0x0A15, 0x0B15, 0x0D15, 0x0E15, 0x0E15, 0x0E15, 0x0E15, 0x0D15
05-29 10:19:57.715 253 253 D bt_vnd_conf: g_LEChannelpwrvalue_B -> 0x0E15,0x0E15,0x1115,0x1115,0x1115,0x1115,0x1115,0x1015
05-29 10:19:57.715 253 253 D bt_vnd_conf: LE_fix_powerword -> 0x00
05-29 10:19:57.715 253 253 D bt_vnd_conf: Classic_pc_by_channel -> 0xFF
05-29 10:19:57.715 253 253 D bt_vnd_conf: LE_pc_by_channel -> 0xFF
05-29 10:19:57.715 253 253 D bt_vnd_conf: RF_switch_mode -> 0x02
05-29 10:19:57.715 253 253 D bt_vnd_conf: Data_Capture_Mode -> 0x00
05-29 10:19:57.715 253 253 D bt_vnd_conf: Analog_IQ_Debug_Mode -> 0x00
05-29 10:19:57.715 253 253 D bt_vnd_conf: RF_common_rfu_b3 -> 0x55
05-29 10:19:57.715 253 253 D bt_vnd_conf: RF_common_rfu_w -> 0x555F4334, 0x55555555, 0x55555555, 0x55555555, 0x55555555
05-29 10:19:57.715 253 253 I bt_vnd_conf: set_mac_address
05-29 10:19:57.715 253 253 D bt_vendor: marlin3 start up
05-29 10:19:57.715 253 253 D android.hardware.bluetooth@1.0-impl: Open vendor library loaded
05-29 10:19:57.715 253 253 E bt_upio : init_rfkill: No rfkill control node found
05-29 10:19:57.715 253 253 I bt_userial_vendor: userial vendor open: opening /dev/ttyBT0, baud 14
05-29 10:19:57.715 253 253 D bt_vendor: check_access, /dev/ttyBT0 R/W access OK after wait 0ms
05-29 10:19:57.715 476 610 E WifiVendorHal: requestChipDebugInfo(l.2167) failed {.code = ERROR_INVALID_ARGS, .description = failed to get driver version}
05-29 10:19:57.716 476 610 I WifiVendorHal: Driver: null Firmware: null
05-29 10:19:57.719 664 664 E WifiHAL : wifi_get_ring_buffers_status: Ring buffer logging feature not supported 0
05-29 10:19:57.720 476 610 E WifiVendorHal: getRingBufferStatus(l.2244) failed {.code = ERROR_NOT_SUPPORTED, .description = }
05-29 10:19:57.721 476 610 W WifiDiags: no ring buffers found
05-29 10:19:57.721 476 610 D WifiDiags: startLogging() iface list is {wlan0} after adding wlan0
05-29 10:19:57.727 253 253 I bt_userial_vendor: device fd = 6 open
05-29 10:19:57.728 253 253 I bt_chip_vendor: marlin3_pskey_preload
05-29 10:19:57.728 253 253 D bt_vnd_hci: sprd_vnd_send_hci_vsc a0 fc b0 00 1f 00 00 bf ff 8d fe db 3d 7b 87 ff a7 ff 7f 00 e0 f7 3e 7d 91 83 d7 e5 c3 ec 01 01 01 ff 00 ff ff 00 00 00 00 00 00 00 00 00 00 00 00 00 00 00 00 00 00 00 00 00 00 00 00 00 00 00 00 00 00 00 00 00 00 4d 00 66 01 4d 00 66 01 00 00 00 00 00 00 00 00 00 00 00 00 01 01 01 00 00 00 00 00 00 00 00 00 28 00 00 00 06 08 0c 22 00 00 00 00 00 00 00 00 00 ff 00 00 00 00 00 00 00 00 00 00 00 00 00 00 00 00 00 00 e2 04 40 1f 20 00 c8 00 06 00 00 00 00 00 00 00 00 00 00 00 00 00 00 00 00 00 00 00 00 00 00 00 00 00 00 00 00 00 00 00
05-29 10:19:57.728 253 253 E bt_upio : upio_set : /proc/bluetooth/sleep/btwrite(-1) incorrent
05-29 10:19:57.730 253 958 I bt_chip_vendor: Bluetooth Firmware Node: 8314 Date: 2015-08-01
05-29 10:19:57.731 253 958 I bt_chip_vendor: yujian.qin marlin3_rf_preload
05-29 10:19:57.731 253 958 D bt_vnd_hci: sprd_vnd_send_hci_vsc a2 fc fc 00 e0 00 e0 00 e0 00 e0 00 e0 00 e0 15 41 15 3a 15 34 15 2e 15 27 15 21 15 17 15 11 15 0b 15 07 15 3b 15 37 15 33 15 2f 15 2b 15 27 15 23 15 1f 15 1b 15 17 15 13 15 0f 15 0b 15 08 15 04 15 00 15 06 15 06 15 06 15 06 15 06 15 06 15 06 15 06 15 06 15 06 15 06 15 07 15 07 15 07 15 07 15 07 15 15 15 15 15 15 15 15 15 15 15 15 15 15 15 15 00 e0 00 e0 00 e0 00 e0 00 e0 00 e0 15 49 15 43 15 41 15 39 15 31 15 2a 15 22 15 1b 15 14 15 0e 15 4b 15 4b 15 4b 15 4b 15 4b 15 46 15 40 15 3b 15 36 15 30 15 2b 15 26 15 20 15 1a 15 14 15 0e 15 08 15 09 15 0c 15 0c 15 0c 15 0c 15 0c 15 0b 15 0a 15 0b 15 0d 15 0e 15 0e 15 0e 15 0e 15 0d 15 0e 15 0e 15 11 15 11 15 11 15 11 15 11 15 10 00 00 ff ff 02 00 00 55 34 43 5f 55 55 55 55 55 55 55 55 55 55 55 55 55 55 55 55 55
05-29 10:19:57.728 1 1 I /system/bin/init: type=1107 audit(0.0:370): uid=0 auid=4294967295 ses=4294967295 subj=u:r:init:s0 msg='avc: denied { set } for property=rw.vendor.bluetooth.fw.ver pid=253 uid=1002 gid=1002 scontext=u:r:hal_bluetooth_default:s0 tcontext=u:object_r:default_prop:s0 tclass=property_service permissive=1'
01-01 08:00:20.007 1 1 I init : processing action (vendor.init.lpm.load=1) from (/vendor/etc/init/init.bluetooth.common.rc:71)
05-29 10:19:57.736 756 952 E IpClient.wlan0: Failed to set accept_ra to 2
05-29 10:19:57.739 253 958 I bt_chip_vendor: hw_rf_cback hw_core_cback response: [0xFCA2, 0x0000, 0x00]
05-29 10:19:57.739 253 958 I bt_chip_vendor: hw_core_enable
05-29 10:19:57.739 253 958 I bt_chip_vendor: hw_core_enable : 1
05-29 10:19:57.739 253 958 E bt_upio : upio_set : /proc/bluetooth/sleep/btwrite(-1) incorrent
05-29 10:19:57.741 253 958 I bt_chip_vendor: hw_core_cback hw_core_cback response: [0xFCA1, 0x0000, 0x01]
05-29 10:19:57.741 253 958 D android.hardware.bluetooth@1.0-impl: OnFirmwareConfigured result: 0
05-29 10:19:57.741 253 958 I android.hardware.bluetooth@1.0-impl: Firmware configured in 0.013s
05-29 10:19:57.741 669 954 I bt_hci : system/bt/hci/src/hci_layer.cc:367 event_finish_startup: event_finish_startup
05-29 10:19:57.741 253 958 I android.hardware.bluetooth@1.0-impl: OnFirmwareConfigured: lpm_timeout_ms 1500
05-29 10:19:57.741 253 958 D android.hardware.bluetooth@1.0-impl: low_power_mode_cb result: 0
05-29 10:19:57.741 253 958 D android.hardware.bluetooth@1.0-impl: OnFirmwareConfigured Calling StartLowPowerWatchdog()
05-29 10:19:57.742 669 847 I bt_core_module: system/bt/btcore/src/module.cc:90 module_start_up: module_start_up Started module "hci_module"
05-29 10:19:57.742 669 847 I bt_l2cap: system/bt/stack/l2cap/l2c_api.cc:134 L2CA_Register: L2CAP Registered service classic PSM: 0x0001
05-29 10:19:57.743 669 847 I bt_l2cap: system/bt/stack/l2cap/l2c_api.cc:134 L2CA_Register: L2CAP Registered service classic PSM: 0x001f
05-29 10:19:57.743 669 847 I bluetooth: system/bt/stack/gatt/gatt_api.cc:1019 GATT_Register: Allocated name:GattProfileDb uuid:81818181-8181-8181-8181-818181818181 gatt_if:1 eatt_support:0
05-29 10:19:57.745 669 847 I droid.bluetoot: [0529/101957.745115:INFO:gatt_api.cc(179)] GATTS_AddService
05-29 10:19:57.745 669 847 I droid.bluetoot: [0529/101957.745710:INFO:gatt_api.cc(288)] GATTS_AddService: service parsed correctly, now starting
05-29 10:19:57.746 669 847 I droid.bluetoot: [0529/101957.745975:INFO:gatt_sr_hash.cc(124)] gatts_calculate_database_hash: hash=80AEB10BC70DCCEFA207489DCED98FED
05-29 10:19:57.746 669 847 I bt_l2cap: system/bt/stack/l2cap/l2c_api.cc:434 L2CA_RegisterLECoc: Registered service LE COC PSM: 0x0027
05-29 10:19:57.746 669 847 I bt_l2cap: system/bt/stack/l2cap/l2c_api.cc:134 L2CA_Register: L2CAP Registered service classic PSM: 0x0003
05-29 10:19:57.746 669 847 I bluetooth: system/bt/stack/gatt/gatt_api.cc:1019 GATT_Register: Allocated name:Gap uuid:82828282-8282-8282-8282-828282828282 gatt_if:2 eatt_support:0
05-29 10:19:57.746 669 847 I droid.bluetoot: [0529/101957.746522:INFO:gatt_api.cc(179)] GATTS_AddService
05-29 10:19:57.746 669 847 I droid.bluetoot: [0529/101957.746602:INFO:gatt_api.cc(288)] GATTS_AddService: service parsed correctly, now starting
05-29 10:19:57.746 669 847 I droid.bluetoot: [0529/101957.746706:INFO:gatt_sr_hash.cc(124)] gatts_calculate_database_hash: hash=8991C462EBE9D90B9EA0DA3E16D0F513
05-29 10:19:57.747 669 847 I bt_bte : system/bt/main/bte_logmsg.cc:248 load_levels_from_config: BTE_InitTraceLevels -- TRC_HCI : Level 2
05-29 10:19:57.747 669 847 I bt_bte : system/bt/main/bte_logmsg.cc:248 load_levels_from_config: BTE_InitTraceLevels -- TRC_L2CAP : Level 2
05-29 10:19:57.747 669 847 I bt_bte : system/bt/main/bte_logmsg.cc:248 load_levels_from_config: BTE_InitTraceLevels -- TRC_RFCOMM : Level 2
05-29 10:19:57.747 669 847 I bt_bte : system/bt/main/bte_logmsg.cc:248 load_levels_from_config: BTE_InitTraceLevels -- TRC_AVDT : Level 2
05-29 10:19:57.747 669 847 I bt_bte : system/bt/main/bte_logmsg.cc:248 load_levels_from_config: BTE_InitTraceLevels -- TRC_AVRC : Level 2
05-29 10:19:57.747 669 847 I bt_bte : system/bt/main/bte_logmsg.cc:248 load_levels_from_config: BTE_InitTraceLevels -- TRC_A2D : Level 2
05-29 10:19:57.747 669 847 I bt_bte : system/bt/main/bte_logmsg.cc:248 load_levels_from_config: BTE_InitTraceLevels -- TRC_BNEP : Level 2
05-29 10:19:57.747 669 847 I bt_bte : system/bt/main/bte_logmsg.cc:248 load_levels_from_config: BTE_InitTraceLevels -- TRC_BTM : Level 2
05-29 10:19:57.747 669 847 I bt_bte : system/bt/main/bte_logmsg.cc:248 load_levels_from_config: BTE_InitTraceLevels -- TRC_HID_HOST : Level 2
05-29 10:19:57.747 669 847 I bt_bte : system/bt/main/bte_logmsg.cc:248 load_levels_from_config: BTE_InitTraceLevels -- TRC_PAN : Level 2
05-29 10:19:57.747 669 847 I bt_bte : system/bt/main/bte_logmsg.cc:248 load_levels_from_config: BTE_InitTraceLevels -- TRC_SDP : Level 2
05-29 10:19:57.747 669 847 I bt_bte : system/bt/main/bte_logmsg.cc:248 load_levels_from_config: BTE_InitTraceLevels -- TRC_SMP : Level 2
05-29 10:19:57.747 669 847 I bt_bte : system/bt/main/bte_logmsg.cc:248 load_levels_from_config: BTE_InitTraceLevels -- TRC_HID_DEV : Level 2
05-29 10:19:57.747 669 847 I bt_bte : system/bt/main/bte_logmsg.cc:248 load_levels_from_config: BTE_InitTraceLevels -- TRC_BTAPP : Level 2
05-29 10:19:57.747 669 847 I bt_bte : system/bt/main/bte_logmsg.cc:248 load_levels_from_config: BTE_InitTraceLevels -- TRC_BTIF : Level 2
05-29 10:19:57.754 669 959 I bt_stack: [INFO:message_loop_thread.cc(224)] Run: message loop starting for thread bt_main_thread
05-29 10:19:57.755 669 847 I bt_core_module: system/bt/btcore/src/module.cc:85 module_start_up: module_start_up Starting module "controller_module"
05-29 10:19:57.772 664 664 E WifiHAL : wifi_get_link_stats: requestResponse Error:-5
05-29 10:19:57.775 476 610 E WifiVendorHal: getWifiLinkLayerStats_1_5_Internal(l.1191) failed {.code = ERROR_INVALID_ARGS, .description = }
05-29 10:19:57.785 476 546 W BatteryExternalStatsWorker: error reading modem stats:ERROR_PHONE_NOT_AVAILABLE
01-01 08:00:20.056 348 348 E : recv_kernel_event address b4:2f:03:15:a3:36
05-29 10:19:57.790 476 610 D ApConfigUtil: Update Softap capability, add client control feature support
05-29 10:19:57.790 476 610 D ApConfigUtil: Update Softap capability, add MAC customization support
05-29 10:19:57.790 476 610 D ApConfigUtil: Update Softap capability, add 2.4G support
05-29 10:19:57.791 756 775 V WifiManager: SoftApCallbackProxy: send InfoChanged, newInfo: SoftApInfo{bandwidth= 0, frequency= 0, wifiStandard= 0, mApInstanceIdentifier= null, mIdleShutdownTimeoutMillis= 0}
05-29 10:19:57.791 756 775 V WifiManager: SoftApCallbackProxy: send InfoChanged, changedInfoList: []
05-29 10:19:57.792 756 775 V WifiManager: SoftApCallbackProxy: send onConnectedClientsChanged(clients): []
05-29 10:19:57.798 476 610 D ApConfigUtil: Update Softap capability, max client = 16
05-29 10:19:57.800 669 678 I droid.bluetoot: Background young concurrent copying GC freed 8610(745KB) AllocSpace objects, 6(120KB) LOS objects, 88% free, 3075KB/27MB, paused 149us total 103.783ms
05-29 10:19:57.807 683 683 D MediaResumeListener: loaded resume components []
05-29 10:19:57.815 664 664 E WifiHAL : wifi_get_link_stats: requestResponse Error:-5
05-29 10:19:57.820 476 610 E WifiVendorHal: getWifiLinkLayerStats_1_5_Internal(l.1191) failed {.code = ERROR_INVALID_ARGS, .description = }
05-29 10:19:57.822 683 683 D LocalBluetoothProfileManager: LocalBluetoothProfileManager construction complete
05-29 10:19:57.824 683 683 D LocalBluetoothProfileManager: Adding local A2DP profile
05-29 10:19:57.825 476 546 W KernelCpuProcStringReader: File not found. It's normal if not implemented: /proc/uid_time_in_state
05-29 10:19:57.825 476 546 W KernelCpuProcStringReader: File not found. It's normal if not implemented: /proc/uid_concurrent_active_time
