05-29 10:19:59.050 315 315 D XiriService: check file name: /data/data/com.dangbei.lerad.videoposter/lib
05-29 10:19:59.048 315 315 I xiriservice_All: type=1400 audit(0.0:381): avc: denied { search } for name="com.dangbei.lerad.videoposter" dev="mmcblk0p25" ino=749 scontext=u:r:init:s0 tcontext=u:object_r:app_data_file:s0:c512,c768 tclass=dir permissive=1
05-29 10:19:59.048 315 315 I xiriservice_All: type=1400 audit(0.0:382): avc: denied { read } for name="lib" dev="mmcblk0p25" ino=19724 scontext=u:r:init:s0 tcontext=u:object_r:app_data_file:s0:c512,c768 tclass=lnk_file permissive=1
05-29 10:19:59.051 315 315 D XiriService: check file name: /data/data/com.dangbei.lerad.videoposter/lib
05-29 10:19:59.052 315 315 D XiriService: check file name: /data/data/com.android.networkstack/lib
05-29 10:19:59.052 315 315 I xiriservice_All: type=1400 audit(0.0:383): avc: denied { read } for name="lib" dev="mmcblk0p25" ino=19635 scontext=u:r:init:s0 tcontext=u:object_r:radio_data_file:s0 tclass=lnk_file permissive=1
05-29 10:19:59.055 315 315 D XiriService: check file name: /data/data/com.android.networkstack/lib
05-29 10:19:59.056 315 315 D XiriService: check file name: /data/data/android/lib
05-29 10:19:59.056 315 315 D XiriService: check file name: /data/data/android/lib
05-29 10:19:59.056 315 315 D XiriService: check file name: /data/data/android/lib
05-29 10:19:59.058 315 315 D XiriService: check file name: /data/data/com.dangbei.screencast/lib
05-29 10:19:59.059 315 315 D XiriService: check file name: /data/data/com.dangbei.screencast/lib
05-29 10:19:59.059 315 315 D XiriService: check file name: /data/data/com.dangbei.leard.leradlauncher/lib
05-29 10:19:59.060 315 315 D XiriService: check file name: /data/data/com.dangbei.leard.leradlauncher/lib
05-29 10:19:59.061 315 315 D XiriService: check file name: /data/data/com.android.providers.settings/lib
05-29 10:19:59.061 315 315 D XiriService: check file name: /data/data/com.android.providers.settings/lib
05-29 10:19:59.062 315 315 D XiriService: check file name: /data/data/com.android.printspooler/lib
05-29 10:19:59.060 315 315 I xiriservice_All: type=1400 audit(0.0:384): avc: denied { search } for name="com.android.printspooler" dev="mmcblk0p25" ino=937 scontext=u:r:init:s0 tcontext=u:object_r:app_data_file:s0:c53,c256,c512,c768 tclass=dir permissive=1
05-29 10:19:59.060 315 315 I xiriservice_All: type=1400 audit(0.0:385): avc: denied { read } for name="lib" dev="mmcblk0p25" ino=19730 scontext=u:r:init:s0 tcontext=u:object_r:app_data_file:s0:c53,c256,c512,c768 tclass=lnk_file permissive=1
05-29 10:19:59.064 315 315 D XiriService: check file name: /data/data/com.android.printspooler/lib
05-29 10:19:59.064 315 315 D XiriService: check file name: /data/data/com.android.webview/lib
05-29 10:19:59.060 315 315 I xiriservice_All: type=1400 audit(0.0:386): avc: denied { search } for name="com.android.webview" dev="mmcblk0p25" ino=953 scontext=u:r:init:s0 tcontext=u:object_r:app_data_file:s0:c60,c256,c512,c768 tclass=dir permissive=1
05-29 10:19:59.065 315 315 D XiriService: check file name: /data/data/com.android.webview/lib
05-29 10:19:59.064 315 315 I xiriservice_All: type=1400 audit(0.0:387): avc: denied { read } for name="lib" dev="mmcblk0p25" ino=19731 scontext=u:r:init:s0 tcontext=u:object_r:app_data_file:s0:c60,c256,c512,c768 tclass=lnk_file permissive=1
05-29 10:19:59.066 315 315 D XiriService: check file name: /data/data/com.android.webview/lib
05-29 10:19:59.068 315 315 D XiriService: check file name: /data/data/com.android.inputdevices/lib
01-01 08:00:21.344 1 1 I : Adding 1505444k swap on /dev/block/zram0. Priority:-2 extents:1 across:1505444k SS
01-01 08:00:21.344 1 1 I init : Command 'swapon_all /vendor/etc/fstab.nswap' action=ro.vendor.ramconfig=2 && sys.boot_completed=1 (/vendor/etc/init/hw/init.ram.rc:30) took 106ms and succeeded
05-29 10:19:59.076 315 315 D XiriService: check file name: /data/data/com.android.inputdevices/lib
05-29 10:19:59.076 315 315 D XiriService: check file name: /data/data/com.android.bips/lib
05-29 10:19:59.072 1012 1012 I init : type=1400 audit(0.0:388): avc: denied { entrypoint } for path="/system/bin/appsdisable" dev="dm-0" ino=892 scontext=u:r:shell:s0 tcontext=u:object_r:system_file:s0 tclass=file permissive=1
05-29 10:19:59.082 315 315 D XiriService: check file name: /data/data/com.oranth.inputmacsn/lib
05-29 10:19:59.080 315 315 I xiriservice_All: type=1400 audit(0.0:389): avc: denied { search } for name="com.dangbei.hqmedia" dev="mmcblk0p25" ino=5001 scontext=u:r:init:s0 tcontext=u:object_r:app_data_file:s0:c76,c256,c512,c768 tclass=dir permissive=1
05-29 10:19:59.083 315 315 D XiriService: check file name: /data/data/com.oranth.inputmacsn/lib
05-29 10:19:59.083 315 315 D XiriService: check file name: /data/data/com.dangbei.hqmedia/lib
05-29 10:19:59.080 315 315 I xiriservice_All: type=1400 audit(0.0:390): avc: denied { read } for name="lib" dev="mmcblk0p25" ino=19735 scontext=u:r:init:s0 tcontext=u:object_r:app_data_file:s0:c76,c256,c512,c768 tclass=lnk_file permissive=1
05-29 10:19:59.087 315 315 D XiriService: check file name: /data/data/com.android.keychain/lib
05-29 10:19:59.087 315 315 D XiriService: check file name: /data/data/android.ext.services/lib
05-29 10:19:59.088 315 315 D XiriService: check file name: /data/data/android.ext.services/lib
05-29 10:19:59.091 476 494 I system_server: Background young concurrent copying GC freed 191948(6656KB) AllocSpace objects, 23(1380KB) LOS objects, 41% free, 10MB/18MB, paused 344us total 159.585ms
05-29 10:19:59.097 476 496 W System : A resource failed to call release.
05-29 10:19:59.097 476 496 W System : A resource failed to call release.
05-29 10:19:59.097 476 496 W System : A resource failed to call release.
05-29 10:19:59.097 476 496 W System : A resource failed to call release.
05-29 10:19:59.104 315 315 D XiriService: check file name: /data/data/com.android.localtransport/lib
05-29 10:19:59.107 315 315 D XiriService: check file name: /data/data/com.android.localtransport/lib
05-29 10:19:59.107 315 315 D XiriService: check file name: /data/data/com.android.packageinstaller/lib
05-29 10:19:59.109 315 315 D XiriService: check file name: /data/data/com.android.packageinstaller/lib
05-29 10:19:59.111 315 315 D XiriService: check file name: /data/data/com.oranth.usbopenft/lib
05-29 10:19:59.116 315 315 D XiriService: check file name: /data/data/com.oranth.usbopenft/lib
05-29 10:19:59.116 315 315 D XiriService: check file name: /data/data/com.oranth.usbopenft/lib
05-29 10:19:59.112 315 315 I xiriservice_All: type=1400 audit(0.0:391): avc: denied { search } for name="com.oranth.usbopenft" dev="mmcblk0p25" ino=1073 scontext=u:r:init:s0 tcontext=u:object_r:system_app_data_file:s0 tclass=dir permissive=1
05-29 10:19:59.119 315 315 D XiriService: check file name: /data/data/com.android.networkstack.tethering/lib
05-29 10:19:59.119 315 315 D XiriService: check file name: /data/data/com.android.networkstack.tethering/lib
05-29 10:19:59.120 315 315 D XiriService: check file name: /data/data/com.android.networkstack.tethering/lib
05-29 10:19:59.121 315 315 D XiriService: check file name: /data/data/com.dangbei.lerad.etna.haqu/lib
05-29 10:19:59.123 315 315 D XiriService: check file name: /data/data/com.dangbei.lerad.etna.haqu/lib
05-29 10:19:59.123 315 315 D XiriService: check file name: /data/data/com.dangbei.lerad.etna.haqu/lib
05-29 10:19:59.123 315 315 D XiriService: check file name: /data/data/com.dangbei.lerad.etna.haqu/lib
05-29 10:19:59.129 315 315 D XiriService: check file name: /data/data/com.oranth.powerwindow/lib
05-29 10:19:59.130 315 315 D XiriService: check file name: /data/data/com.oranth.powerwindow/lib
05-29 10:19:59.131 315 315 D XiriService: check file name: /data/data/com.android.networkstack.permissionconfig/lib
05-29 10:19:59.131 315 315 D XiriService: check file name: /data/data/com.android.networkstack.permissionconfig/lib
05-29 10:19:59.131 315 315 D XiriService: check file name: /data/data/com.android.networkstack.permissionconfig/lib
05-29 10:19:59.133 315 315 D XiriService: check file name: /data/data/com.dangbei.lerad.screensaver/lib
05-29 10:19:59.132 315 315 I xiriservice_All: type=1400 audit(0.0:392): avc: denied { search } for name="com.dangbei.lerad.screensaver" dev="mmcblk0p25" ino=1185 scontext=u:r:init:s0 tcontext=u:object_r:app_data_file:s0:c47,c256,c512,c768 tclass=dir permissive=1
05-29 10:19:59.132 315 315 I xiriservice_All: type=1400 audit(0.0:393): avc: denied { read } for name="lib" dev="mmcblk0p25" ino=19669 scontext=u:r:init:s0 tcontext=u:object_r:app_data_file:s0:c47,c256,c512,c768 tclass=lnk_file permissive=1
05-29 10:19:59.135 315 315 D XiriService: check file name: /data/data/com.dangbei.lerad.screensaver/lib
05-29 10:19:59.136 315 315 D XiriService: check file name: /data/data/com.android.wallpaperbackup/lib
05-29 10:19:59.137 315 315 D XiriService: check file name: /data/data/com.android.wallpaperbackup/lib
05-29 10:19:59.137 315 315 D XiriService: check file name: /data/data/com.android.wallpaperbackup/lib
05-29 10:19:59.136 315 315 I xiriservice_All: type=1400 audit(0.0:394): avc: denied { search } for name="com.android.providers.media.module" dev="mmcblk0p25" ino=1259 scontext=u:r:init:s0 tcontext=u:object_r:privapp_data_file:s0:c74,c256,c512,c768 tclass=dir permissive=1
05-29 10:19:59.139 315 315 D XiriService: check file name: /data/data/com.android.providers.media.module/lib
05-29 10:19:59.136 315 315 I xiriservice_All: type=1400 audit(0.0:395): avc: denied { read } for name="lib" dev="mmcblk0p25" ino=19673 scontext=u:r:init:s0 tcontext=u:object_r:privapp_data_file:s0:c74,c256,c512,c768 tclass=lnk_file permissive=1
05-29 10:19:59.141 315 315 D XiriService: check file name: /data/data/com.android.providers.media.module/lib
05-29 10:19:59.147 315 315 D XiriService: check file name: /data/data/com.oranth.storage/lib
05-29 10:19:59.149 315 315 D XiriService: check file name: /data/data/com.oranth.storage/lib
05-29 10:19:59.148 315 315 I xiriservice_All: type=1400 audit(0.0:396): avc: denied { read } for name="lib" dev="mmcblk0p25" ino=19750 scontext=u:r:init:s0 tcontext=u:object_r:system_app_data_file:s0 tclass=lnk_file permissive=1
05-29 10:19:59.154 315 315 D XiriService: check file name: /data/data/com.android.location.fused/lib
05-29 10:19:59.155 315 315 D XiriService: check file name: /data/data/com.android.location.fused/lib
05-29 10:19:59.156 315 315 D XiriService: check file name: /data/data/com.dangbei.haqusetting/lib
05-29 10:19:59.157 315 315 D XiriService: check file name: /data/data/com.dangbei.haqusetting/lib
05-29 10:19:59.159 315 315 D XiriService: check file name: /data/data/com.softwinner.miracastReceiver/lib
05-29 10:19:59.161 315 315 D XiriService: check file name: /data/data/com.softwinner.miracastReceiver/lib
05-29 10:19:59.164 315 315 D XiriService: check file name: /data/data/com.android.bluetooth/lib
05-29 10:19:59.160 315 315 I xiriservice_All: type=1400 audit(0.0:397): avc: denied { read } for name="lib" dev="mmcblk0p25" ino=19686 scontext=u:r:init:s0 tcontext=u:object_r:bluetooth_data_file:s0 tclass=lnk_file permissive=1
05-29 10:19:59.167 315 315 D XiriService: check file name: /data/data/com.android.bluetooth/lib
05-29 10:19:59.174 476 522 V PackageManager: reconcileAppsData finished 113 packages
05-29 10:19:59.175 476 522 I ActivityManager: User 0 state changed from RUNNING_LOCKED to RUNNING_UNLOCKING
05-29 10:19:59.176 476 522 D ActivityManager: Unlocking user 0 progress 20
05-29 10:19:59.181 1013 1013 I bootstat: Service started: /system/bin/bootstat --record_boot_complete --record_boot_reason --record_time_since_factory_reset -l
05-29 10:19:59.187 1013 1013 E bootstat: Failed to read /data/misc/bootstat/post_decrypt_time_elapsed: No such file or directory
05-29 10:19:59.187 1013 1013 E bootstat: Failed to parse boot time record: /data/misc/bootstat/post_decrypt_time_elapsed
05-29 10:19:59.195 476 539 I SystemServerTimingAsync: ssm.UnlockingUser-0
05-29 10:19:59.195 476 539 I SystemServiceManager: Calling onUnlockingUser 0
05-29 10:19:59.202 1013 1013 W bootstat: LogBootEvents, atomInfo not defined for events:last_boot_time_utc,build_date,ro.boottime.init.cold_boot_wait,boot_reason,system_boot_reason,time_since_last_boot
05-29 10:19:59.206 476 539 D BluetoothManagerService: User 0 unlocked
05-29 10:19:59.208 476 539 D StorageManagerService: onUnlockUser 0
05-29 10:19:59.210 476 539 I StorageSessionController: On user unlock 0
05-29 10:19:59.213 476 522 D AW_CODE : rotation =0
05-29 10:19:59.219 319 324 D XM_HIDREAD: add@ add@/class/hci_reg
05-29 10:19:59.219 319 324 D XM_HIDREAD: add@ add@/module/sunxi_hci
05-29 10:19:59.221 476 539 I StorageSessionController: Initialialising...
05-29 10:19:59.222 191 191 I vold : onUserStarted: 0
05-29 10:19:59.223 476 522 D AW_CODE : rotation =0
05-29 10:19:59.225 476 521 D BluetoothManagerService: MESSAGE_USER_UNLOCKED
05-29 10:19:59.226 476 499 V StorageManagerService: Found primary storage at VolumeInfo{emulated;0}:
05-29 10:19:59.226 476 499 V StorageManagerService: type=EMULATED diskId=null partGuid= mountFlags=0 mountUserId=0
05-29 10:19:59.226 476 499 V StorageManagerService: state=UNMOUNTED
05-29 10:19:59.226 476 499 V StorageManagerService: fsType=null fsUuid=null fsLabel=null
05-29 10:19:59.226 476 499 V StorageManagerService: path=null internalPath=null
05-29 10:19:59.226 476 604 I StorageManagerService: Mounting volume VolumeInfo{emulated;0}:
05-29 10:19:59.226 476 604 I StorageManagerService: type=EMULATED diskId=null partGuid= mountFlags=PRIMARY|VISIBLE
05-29 10:19:59.226 476 604 I StorageManagerService: mountUserId=0 state=UNMOUNTED
05-29 10:19:59.226 476 604 I StorageManagerService: fsType=null fsUuid=null fsLabel=null
05-29 10:19:59.226 476 604 I StorageManagerService: path=null internalPath=null
05-29 10:19:59.227 191 191 I vold : Mounting emulated fuse volume
05-29 10:19:59.234 476 522 D ColorDisplayService: setUp: currentUser=0
05-29 10:19:59.240 476 476 W InputMethodUtils: Found no fallback locale. imis=[InputMethodInfo{com.sohu.inputmethod.sogou.tv/.SogouIME, settings: com.sohu.inputmethod.sogou.SogouIMESettingsLauncher}]
05-29 10:19:59.241 683 970 V WallpaperService: Setting wallpaper dimming: 0.05
05-29 10:19:59.243 319 324 D XM_HIDREAD: add@ add@/devices/virtual/bdi/0:47
05-29 10:19:59.247 191 191 I vold : Bind mounting /data/media to /mnt/pass_through/0/emulated
05-29 10:19:59.240 330 330 I xiriservice_All: type=1400 audit(0.0:398): avc: denied { read } for scontext=u:r:init:s0 tcontext=u:r:init:s0 tclass=netlink_kobject_uevent_socket permissive=1
05-29 10:19:59.247 476 522 D ColorDisplayService: onNightDisplayAutoModeChanged: autoMode=0
05-29 10:19:59.247 476 522 I ColorDisplayService: Turning off night display
05-29 10:19:59.247 476 522 D ColorDisplayService: Setting bright color reduction level: 50
01-01 08:00:21.524 169 169 W sunxi-ehci: EHCI SUNXI driver
01-01 08:00:21.527 169 169 W : sunxi ehci0-controller don't init wakeup source
01-01 08:00:21.527 169 169 W [sunxi-ehci0]: probe, pdev->name: 5101000.ehci0-controller, sunxi_ehci: 0xffffffc008f81018, 0x:ffffffc013541000, irq_no:32
05-29 10:19:59.249 683 683 D SystemUIService: Starting Wifi now
05-29 10:19:59.250 476 538 I UsageStatsService: User[0] Rollover scheduled @ 2025-05-30 10:19:59(1748571599216)
05-29 10:19:59.251 476 538 I UsageStatsService: Time changed in by 1748485177 seconds
05-29 10:19:59.253 319 324 D XM_HIDREAD: add@ add@/devices/virtual/devlink/regulator.8--5101000.ehci0-controller
01-01 08:00:21.529 169 169 I sunxi-ehci 5101000.ehci0-controller: EHCI Host Controller
01-01 08:00:21.529 169 169 I sunxi-ehci 5101000.ehci0-controller: new USB bus registered, assigned bus number 1
01-01 08:00:21.529 169 169 I sunxi-ehci 5101000.ehci0-controller: irq 50, io mem 0x05101000
05-29 10:19:59.260 683 683 I SharedPreferenc: type=1400 audit(0.0:399): avc: denied { open } for path="/data/user_de/0/com.android.systemui/shared_prefs/com.android.systemui.xml" dev="mmcblk0p25" ino=19302 scontext=u:r:platform_app:s0:c512,c768 tcontext=u:object_r:app_data_file:s0:c512,c768 tclass=file permissive=1 app=com.softwinner.screenshot
05-29 10:19:59.253 476 604 I StorageSessionController: On volume mount VolumeInfo{emulated;0}:
05-29 10:19:59.253 476 604 I StorageSessionController: type=EMULATED diskId=null partGuid= mountFlags=PRIMARY|VISIBLE
05-29 10:19:59.253 476 604 I StorageSessionController: mountUserId=0 state=CHECKING
05-29 10:19:59.253 476 604 I StorageSessionController: fsType=null fsUuid=null fsLabel=null
05-29 10:19:59.253 476 604 I StorageSessionController: path=/storage/emulated internalPath=/data/media
05-29 10:19:59.265 476 538 W AppHibernationService: Attempt to call setHibernatingForUser before states have been read from disk
05-29 10:19:59.265 476 538 W AppHibernationService: Attempt to call setHibernatingForUser before states have been read from disk
05-29 10:19:59.269 476 538 W AppHibernationService: Attempt to call setHibernatingForUser before states have been read from disk
05-29 10:19:59.270 476 538 W AppHibernationService: Attempt to call setHibernatingForUser before states have been read from disk
05-29 10:19:59.270 476 538 W AppHibernationService: Attempt to call setHibernatingForUser before states have been read from disk
05-29 10:19:59.270 476 538 W AppHibernationService: Attempt to call setHibernatingForUser before states have been read from disk
05-29 10:19:59.271 476 538 W AppHibernationService: Attempt to call setHibernatingForUser before states have been read from disk
05-29 10:19:59.271 476 538 W AppHibernationService: Attempt to call setHibernatingForUser before states have been read from disk
05-29 10:19:59.271 476 538 W AppHibernationService: Attempt to call setHibernatingForUser before states have been read from disk
05-29 10:19:59.271 476 538 W AppHibernationService: Attempt to call setHibernatingForUser before states have been read from disk
05-29 10:19:59.271 820 820 W ContextImpl: Calling a method in the system process without a qualified user: android.app.ContextImpl.startService:1816 android.content.ContextWrapper.startService:774 android.content.ContextWrapper.startService:774 com.android.tv.settings.users.UserSwitchListenerService$BootReceiver.onReceive:50 android.app.ActivityThread.handleReceiver:4308
05-29 10:19:59.271 476 538 W AppHibernationService: Attempt to call setHibernatingForUser before states have been read from disk
05-29 10:19:59.271 476 538 W AppHibernationService: Attempt to call setHibernatingForUser before states have been read from disk
05-29 10:19:59.272 319 324 D XM_HIDREAD: add@ add@/devices/platform/soc@3000000/5101000.ehci0-controller/usb1
05-29 10:19:59.272 476 538 W AppHibernationService: Attempt to call setHibernatingForUser before states have been read from disk
05-29 10:19:59.272 476 538 W AppHibernationService: Attempt to call setHibernatingForUser before states have been read from disk
01-01 08:00:21.544 169 169 I sunxi-ehci 5101000.ehci0-controller: USB 2.0 started, EHCI 1.00
01-01 08:00:21.545 169 169 I usb1 : New USB device found, idVendor=1d6b, idProduct=0002, bcdDevice= 5.04
01-01 08:00:21.545 169 169 I usb1 : New USB device strings: Mfr=3, Product=2, SerialNumber=1
01-01 08:00:21.545 169 169 I usb1 : Product: EHCI Host Controller
01-01 08:00:21.545 169 169 I usb1 : Manufacturer: Linux 5.4.125+ ehci_hcd
01-01 08:00:21.545 169 169 I usb1 : SerialNumber: sunxi-ehci
05-29 10:19:59.273 476 539 W TextServicesManagerService: no available spell checker services found
05-29 10:19:59.273 476 604 I StorageSessionController: Creating connection for user: 0
05-29 10:19:59.277 319 324 D XM_HIDREAD: add@ add@/devices/platform/soc@3000000/5101000.ehci0-controller/usb1/1-0:1.0
05-29 10:19:59.277 476 539 D WifiService: Handle user unlock 0
05-29 10:19:59.278 476 476 W InputMethodUtils: No software keyboard is found. imis=[InputMethodInfo{com.sohu.inputmethod.sogou.tv/.SogouIME, settings: com.sohu.inputmethod.sogou.SogouIMESettingsLauncher}] systemLocale=zh_CN fallbackLocale=null
05-29 10:19:59.278 476 538 W AppHibernationService: Attempt to call setHibernatingForUser before states have been read from disk
05-29 10:19:59.279 476 604 I StorageSessionController: Creating and starting session with id: emulated;0
05-29 10:19:59.280 319 324 D XM_HIDREAD: add@ add@/devices/virtual/devlink/regulator.8--5200000.ehci1-controller
01-01 08:00:21.552 169 169 I hub 1-0 : 1.0: USB hub found
01-01 08:00:21.553 169 169 I hub 1-0 : 1.0: 1 port detected
01-01 08:00:21.554 169 169 W : sunxi ehci1-controller don't init wakeup source
01-01 08:00:21.554 169 169 W [sunxi-ehci1]: probe, pdev->name: 5200000.ehci1-controller, sunxi_ehci: 0xffffffc008f816d8, 0x:ffffffc0139fd000, irq_no:34
01-01 08:00:21.555 169 169 I sunxi-ehci 5200000.ehci1-controller: EHCI Host Controller
01-01 08:00:21.555 169 169 I sunxi-ehci 5200000.ehci1-controller: new USB bus registered, assigned bus number 2
01-01 08:00:21.555 169 169 I sunxi-ehci 5200000.ehci1-controller: irq 52, io mem 0x05200000
05-29 10:19:59.286 476 539 I WallpaperManagerService: on-unlock-user-0
05-29 10:19:59.287 476 604 I StorageUserConnection: Binding to the ExternalStorageService for user 0
05-29 10:19:59.291 476 610 D WakeupConfigStoreData: WifiWake user data has been read
05-29 10:19:59.292 476 539 W VoiceInteractionManager: no available voice recognition services found for user 0
05-29 10:19:59.293 476 538 W AppHibernationService: Attempt to call setHibernatingForUser before states have been read from disk
05-29 10:19:59.294 476 521 W IorapForwardingService: No service published for: iorapd
05-29 10:19:59.296 476 538 I UsageStatsService: User[0] Flushing usage stats to disk
05-29 10:19:59.297 476 642 I BackupManagerService: Starting service for user: 0
05-29 10:19:59.297 476 642 V BackupManagerService: [UserID:0] Starting with transport com.android.localtransport/.LocalTransport
05-29 10:19:59.298 476 999 I HibernationStateDiskStore: No hibernation file on disk for file /data/system_ce/0/hibernation/states
01-01 08:00:21.568 169 169 I sunxi-ehci 5200000.ehci1-controller: USB 2.0 started, EHCI 1.00
01-01 08:00:21.569 169 169 E debugfs : Directory 'sunxi-ehci' with parent 'ehci' already present!
05-29 10:19:59.303 476 476 I NotificationHistory: Attempted to unlock gone/disabled user 0
05-29 10:19:59.303 476 520 D AW_CODE : rotation =0
05-29 10:19:59.304 476 642 D BackupManagerService: [UserID:0] Started thread backup-0
05-29 10:19:59.309 476 610 D WifiConfigStore: Reading from user stores completed in 26 ms.
05-29 10:19:59.319 319 324 D XM_HIDREAD: add@ add@/devices/platform/soc@3000000/5200000.ehci1-controller/usb2
05-29 10:19:59.319 319 324 D XM_HIDREAD: add@ add@/devices/platform/soc@3000000/5200000.ehci1-controller/usb2/2-0:1.0
01-01 08:00:21.592 169 169 I usb2 : New USB device found, idVendor=1d6b, idProduct=0002, bcdDevice= 5.04
01-01 08:00:21.592 169 169 I usb2 : New USB device strings: Mfr=3, Product=2, SerialNumber=1
01-01 08:00:21.592 169 169 I usb2 : Product: EHCI Host Controller
01-01 08:00:21.592 169 169 I usb2 : Manufacturer: Linux 5.4.125+ ehci_hcd
01-01 08:00:21.592 169 169 I usb2 : SerialNumber: sunxi-ehci
01-01 08:00:21.595 169 169 I hub 2-0 : 1.0: USB hub found
01-01 08:00:21.595 169 169 I hub 2-0 : 1.0: 1 port detected
05-29 10:19:59.320 476 539 D AutofillManagerServiceImpl: Reset component for user 0:
05-29 10:19:59.320 332 332 I rainbow_flow: type=1400 audit(0.0:400): avc: denied { ioctl } for path="/dev/spidev1.0" dev="tmpfs" ino=2489 ioctlcmd=0x6b00 scontext=u:r:init:s0 tcontext=u:object_r:device:s0 tclass=chr_file permissive=1
05-29 10:19:59.323 476 604 D CompatibilityChangeReporter: Compat change id reported: 135634846; UID 10074; state: DISABLED
05-29 10:19:59.324 319 324 D XM_HIDREAD: add@ add@/devices/virtual/devlink/regulator.8--5310000.ehci2-controller
05-29 10:19:59.326 476 520 D AW_CODE : rotation =0
01-01 08:00:21.599 169 169 W : sunxi ehci2-controller don't init wakeup source
01-01 08:00:21.599 169 169 W [sunxi-ehci2]: probe, pdev->name: 5310000.ehci2-controller, sunxi_ehci: 0xffffffc008f81d98, 0x:ffffffc01578d000, irq_no:36
01-01 08:00:21.600 169 169 I sunxi-ehci 5310000.ehci2-controller: EHCI Host Controller
01-01 08:00:21.600 169 169 I sunxi-ehci 5310000.ehci2-controller: new USB bus registered, assigned bus number 3
01-01 08:00:21.600 169 169 I sunxi-ehci 5310000.ehci2-controller: irq 54, io mem 0x05310000
05-29 10:19:59.329 476 642 I SELinux : SELinux: Loaded file_contexts
05-29 10:19:59.330 476 540 D CompatibilityChangeReporter: Compat change id reported: 143937733; UID 10074; state: ENABLED
05-29 10:19:59.335 476 520 D AutofillUI: destroySaveUiUiThread(): already destroyed
05-29 10:19:59.340 476 539 D FieldClassificationStrategy: reset(): service is not bound. Do nothing.
05-29 10:19:59.340 476 539 W AppBindingService: [Default SMS app] u0 Target package not found
05-29 10:19:59.342 476 604 I StorageUserConnection: Bound to the ExternalStorageService for user 0
05-29 10:19:59.344 380 380 I update_engine: [INFO:cleanup_previous_update_action.cc(112)] Executing task 6
05-29 10:19:59.346 476 539 I ActivityTaskManager: Loading recents for user 0 into memory.
05-29 10:19:59.347 476 550 W ProcessCpuTracker: Failed to stat(/proc/1013): android.system.ErrnoException: stat failed: ENOENT (No such file or directory)
05-29 10:19:59.347 476 550 W ProcessCpuTracker: Skipping unknown process pid 1013
01-01 08:00:21.616 169 169 I sunxi-ehci 5310000.ehci2-controller: USB 2.0 started, EHCI 1.00
05-29 10:19:59.348 380 380 I update_engine: [INFO:cleanup_previous_update_action.cc(189)] Boot completed, waiting on markBootSuccessful()
01-01 08:00:21.616 169 169 E debugfs : Directory 'sunxi-ehci' with parent 'ehci' already present!
05-29 10:19:59.354 380 380 I update_engine: EnsureMetadataMounted does nothing in Android mode.
01-01 08:00:21.630 169 169 I usb3 : New USB device found, idVendor=1d6b, idProduct=0002, bcdDevice= 5.04
01-01 08:00:21.630 169 169 I usb3 : New USB device strings: Mfr=3, Product=2, SerialNumber=1
01-01 08:00:21.630 169 169 I usb3 : Product: EHCI Host Controller
01-01 08:00:21.630 169 169 I usb3 : Manufacturer: Linux 5.4.125+ ehci_hcd
01-01 08:00:21.630 169 169 I usb3 : SerialNumber: sunxi-ehci
05-29 10:19:59.357 319 324 D XM_HIDREAD: add@ add@/devices/platform/soc@3000000/5310000.ehci2-controller/usb3
05-29 10:19:59.357 380 380 I update_engine: Read merge statistics file failed: No such file or directory
05-29 10:19:59.363 380 380 I update_engine: [INFO:cleanup_previous_update_action.cc(261)] Waiting for any previous merge request to complete. This can take up to several minutes.
05-29 10:19:59.363 319 324 D XM_HIDREAD: add@ add@/devices/platform/soc@3000000/5310000.ehci2-controller/usb3/3-0:1.0
01-01 08:00:21.639 169 169 I hub 3-0 : 1.0: USB hub found
05-29 10:19:59.372 380 380 I update_engine: CheckMergeState for snapshots returned: 0
05-29 10:19:59.360 1020 1020 I runin.sh: type=1400 audit(0.0:401): avc: denied { dac_read_search } for capability=2 scontext=u:r:shell:s0 tcontext=u:r:shell:s0 tclass=capability permissive=1
01-01 08:00:21.641 169 169 I hub 3-0 : 1.0: 1 port detected
01-01 08:00:21.646 169 169 W : sunxi ehci3-controller don't init wakeup source
01-01 08:00:21.646 169 169 W [sunxi-ehci3]: probe, pdev->name: 5311000.ehci3-controller, sunxi_ehci: 0xffffffc008f82458, 0x:ffffffc0157a5000, irq_no:38
05-29 10:19:59.375 476 1031 I AppSearchUserInstanceMa: Creating new AppSearch instance at: /data/system_ce/0/appsearch/icing
05-29 10:19:59.376 380 380 I update_engine: ProcessUpdateState handling state: 0
05-29 10:19:59.379 319 324 D XM_HIDREAD: add@ add@/devices/virtual/devlink/regulator.8--5311000.ehci3-controller
01-01 08:00:21.654 169 169 I sunxi-ehci 5311000.ehci3-controller: EHCI Host Controller
01-01 08:00:21.654 169 169 I sunxi-ehci 5311000.ehci3-controller: new USB bus registered, assigned bus number 4
01-01 08:00:21.654 169 169 I sunxi-ehci 5311000.ehci3-controller: irq 56, io mem 0x05311000
05-29 10:19:59.385 380 380 I update_engine: [INFO:cleanup_previous_update_action.cc(287)] Can't find any snapshot to merge.
05-29 10:19:59.386 380 380 I update_engine: [INFO:cleanup_previous_update_action.cc(130)] Stopping/suspending/completing CleanupPreviousUpdateAction
05-29 10:19:59.387 476 642 E BackupPasswordManager: Unable to read backup pw version
05-29 10:19:59.391 476 642 E BackupPasswordManager: Unable to read saved backup pw hash
05-29 10:19:59.391 476 539 V PackageConfigPersister: loadPackages: empty list files from /data/system_ce/0/package_configs
05-29 10:19:59.393 476 539 W ActivityManager: UserLifecycleEvent 5 received without an active userJourneySession.
05-29 10:19:59.393 476 539 W ActivityManager: UserLifecycleEvent 6 received without an active userJourneySession.
05-29 10:19:59.394 380 380 I update_engine: [INFO:cleanup_previous_update_action.cc(469)] Not reporting merge stats because state is None
05-29 10:19:59.395 476 539 I ActivityManager: User 0 state changed from RUNNING_UNLOCKING to RUNNING_UNLOCKED
05-29 10:19:59.400 380 380 I update_engine: [INFO:cleanup_previous_update_action.cc(130)] Stopping/suspending/completing CleanupPreviousUpdateAction
05-29 10:19:59.402 380 380 I update_engine: [INFO:action_processor.cc(116)] ActionProcessor: finished last action CleanupPreviousUpdateAction with code ErrorCode::kSuccess
01-01 08:00:21.668 169 169 I sunxi-ehci 5311000.ehci3-controller: USB 2.0 started, EHCI 1.00
01-01 08:00:21.668 169 169 E debugfs : Directory 'sunxi-ehci' with parent 'ehci' already present!
05-29 10:19:59.404 476 539 D SystemServerTiming: SystemUserUnlock took to complete: 837ms
05-29 10:19:59.404 380 380 I update_engine: [INFO:update_attempter_android.cc(549)] Processing Done.
05-29 10:19:59.406 380 380 I update_engine: [INFO:update_attempter_android.cc(701)] Terminating cleanup previous update.
05-29 10:19:59.407 476 538 W Searchables: No global search activity found
01-01 08:00:21.682 169 169 I usb4 : New USB device found, idVendor=1d6b, idProduct=0002, bcdDevice= 5.04
01-01 08:00:21.682 169 169 I usb4 : New USB device strings: Mfr=3, Product=2, SerialNumber=1
01-01 08:00:21.682 169 169 I usb4 : Product: EHCI Host Controller
01-01 08:00:21.682 169 169 I usb4 : Manufacturer: Linux 5.4.125+ ehci_hcd
01-01 08:00:21.682 169 169 I usb4 : SerialNumber: sunxi-ehci
05-29 10:19:59.410 319 324 D XM_HIDREAD: add@ add@/devices/platform/soc@3000000/5311000.ehci3-controller/usb4
05-29 10:19:59.410 476 538 I system_server: Using smaps_rollup for pss collection
05-29 10:19:59.410 247 247 D Zygote : Forked child process 1033
05-29 10:19:59.411 476 540 W ActivityManager: Slow operation: 88ms so far, now at startProcess: returned from zygote!
05-29 10:19:59.414 319 324 D XM_HIDREAD: add@ add@/devices/platform/soc@3000000/5311000.ehci3-controller/usb4/4-0:1.0
01-01 08:00:21.690 169 169 I hub 4-0 : 1.0: USB hub found
01-01 08:00:21.690 169 169 I hub 4-0 : 1.0: 1 port detected
05-29 10:19:59.422 319 324 D XM_HIDREAD: add@ add@/bus/platform/drivers/sunxi-ehci
05-29 10:19:59.422 319 324 D XM_HIDREAD: add@ add@/module/ehci_sunxi
05-29 10:19:59.427 476 610 D WifiConfigStore: Writing to stores completed in 30 ms.
05-29 10:19:59.433 1033 1033 I Zygote : seccomp disabled by setenforce 0
05-29 10:19:59.438 476 540 W ActivityManager: Slow operation: 115ms so far, now at startProcess: done updating battery stats
05-29 10:19:59.438 476 540 I Watchdog: Interesting Java process com.android.providers.media.module started. Pid 1033
05-29 10:19:59.438 476 540 W ActivityManager: Slow operation: 115ms so far, now at startProcess: building log message
05-29 10:19:59.438 476 540 I ActivityManager: app.processName = com.android.providers.media.module
05-29 10:19:59.439 476 540 I ActivityManager: Start proc 1033:com.android.providers.media.module/u0a74 for service {com.android.providers.media.module/com.android.providers.media.fuse.ExternalStorageServiceImpl}
05-29 10:19:59.439 476 540 W ActivityManager: Slow operation: 116ms so far, now at startProcess: starting to update pids map
05-29 10:19:59.439 476 540 W ActivityManager: Slow operation: 116ms so far, now at startProcess: done updating pids map
05-29 10:19:59.444 476 1031 W UnsafeUtil: platform method missing - proto runtime falling back to safer methods: java.lang.NoSuchMethodException: sun.misc.Unsafe.copyMemory [class java.lang.Object, long, class java.lang.Object, long, long]
05-29 10:19:59.445 476 539 I ActivityManager: com.dangbei.lerad.etna.haqu is exempt from freezer
05-29 10:19:59.445 186 186 I hwservicemanager: getTransport: Cannot find entry android.hardware.graphics.mapper@4.0::IMapper/default in either framework or device VINTF manifest.
05-29 10:19:59.446 683 970 I Gralloc4: mapper 4.x is not supported
05-29 10:19:59.446 476 539 D CompatibilityChangeReporter: Compat change id reported: 135634846; UID 1000; state: DISABLED
05-29 10:19:59.446 186 186 I hwservicemanager: getTransport: Cannot find entry android.hardware.graphics.mapper@3.0::IMapper/default in either framework or device VINTF manifest.
05-29 10:19:59.447 683 970 W Gralloc3: mapper 3.x is not supported
05-29 10:19:59.454 683 970 E gralloc : Arm Module v1.0
05-29 10:19:59.456 186 186 I hwservicemanager: getTransport: Cannot find entry android.hardware.graphics.allocator@4.0::IAllocator/default in either framework or device VINTF manifest.
05-29 10:19:59.459 388 412 I adbd : jdwp connection from 1033
05-29 10:19:59.460 683 970 W Gralloc4: allocator 4.x is not supported
05-29 10:19:59.462 186 186 I hwservicemanager: getTransport: Cannot find entry android.hardware.graphics.allocator@3.0::IAllocator/default in either framework or device VINTF manifest.
05-29 10:19:59.462 476 1029 V BackupManagerConstants: getKeyValueBackupIntervalMilliseconds(...) returns 14400000
05-29 10:19:59.464 476 1029 V BackupManagerConstants: getKeyValueBackupFuzzMilliseconds(...) returns 600000
05-29 10:19:59.464 476 1029 V BackupManagerConstants: getKeyValueBackupRequiredNetworkType(...) returns 1
05-29 10:19:59.464 476 1029 V BackupManagerConstants: getKeyValueBackupRequireCharging(...) returns true
05-29 10:19:59.465 476 1029 V KeyValueBackupJob: Scheduling k/v pass in 240 minutes
05-29 10:19:59.465 683 970 W Gralloc3: allocator 3.x is not supported
05-29 10:19:59.471 319 324 D XM_HIDREAD: add@ add@/devices/virtual/devlink/regulator.8--5101400.ohci0-controller
05-29 10:19:59.478 247 247 D Zygote : Forked child process 1049
01-01 08:00:21.745 169 169 W sunxi-ohci: OHCI SUNXI driver
01-01 08:00:21.745 169 169 W : sunxi ohci0-controller don't init wakeup source
01-01 08:00:21.746 169 169 W [sunxi-ohci0]: probe, pdev->name: 5101400.ohci0-controller, sunxi_ohci: 0xffffffc008f81378
01-01 08:00:21.746 169 169 I sunxi-ohci 5101400.ohci0-controller: OHCI Host Controller
01-01 08:00:21.746 169 169 I sunxi-ohci 5101400.ohci0-controller: new USB bus registered, assigned bus number 5
01-01 08:00:21.746 169 169 I sunxi-ohci 5101400.ohci0-controller: irq 51, io mem 0x05101400
05-29 10:19:59.479 260 297 I gralloc : alloc buffer:W:1920 H:1080 S:1920 PL[1920 1080] SZ:8294400 fmt:43 if:0 af:43 usg:20000b00 fg:00000004
05-29 10:19:59.479 476 642 V BackupManagerService: [UserID:0] No ancestral data
05-29 10:19:59.481 476 539 I ActivityManager: Posting BOOT_COMPLETED user #0
05-29 10:19:59.483 476 540 I ActivityManager: app.processName = com.dangbei.lerad.etna.haqu
05-29 10:19:59.483 476 540 I ActivityManager: Start proc 1049:com.dangbei.lerad.etna.haqu/1000 for added application com.dangbei.lerad.etna.haqu
05-29 10:19:59.484 476 519 W AppWidgetServiceImpl: Failed to read state: java.io.FileNotFoundException: /data/system/users/0/appwidgets.xml: open failed: ENOENT (No such file or directory)
05-29 10:19:59.484 476 519 V AppWidgetServiceImpl: Upgrading widget database from 0 to 1
05-29 10:19:59.484 476 519 I AppWidgetServiceImpl: Processing of handleUserUnlocked u0 took 2 ms
05-29 10:19:59.486 1049 1049 I Zygote : seccomp disabled by setenforce 0
05-29 10:19:59.487 683 970 E ion : ioctl c0044901 failed with code -1: Inappropriate ioctl for device
05-29 10:19:59.503 261 261 W sunxihwc: computeLayerMemoryFootprint: Unknown pixelformat(-1)
05-29 10:19:59.511 476 540 W ActivityManager: Slow operation: 67ms so far, now at startProcess: starting to update pids map
05-29 10:19:59.513 476 540 W ActivityManager: Slow operation: 69ms so far, now at startProcess: done updating pids map
05-29 10:19:59.508 332 332 I rainbow_flow: type=1400 audit(0.0:402): avc: denied { ioctl } for path="/dev/spidev1.0" dev="tmpfs" ino=2489 ioctlcmd=0x6b00 scontext=u:r:init:s0 tcontext=u:object_r:device:s0 tclass=chr_file permissive=1
05-29 10:19:59.522 260 297 I gralloc : alloc buffer:W:1920 H:1080 S:1920 PL[1920 1080] SZ:8294400 fmt:43 if:0 af:43 usg:20000b00 fg:00000004
05-29 10:19:59.535 476 1029 D ConnectivityService: requestNetwork for uid/pid:1000/476 activeRequest: null callbackRequest: 22 [NetworkRequest [ REQUEST id=23, [ Capabilities: INTERNET&NOT_RESTRICTED&TRUSTED&NOT_VCN_MANAGED Uid: 1000 RequestorUid: 1000 RequestorPkg: android] ]] callback flags: 0 priority: 2147483647
05-29 10:19:59.538 476 617 D ConnectivityService: NetReassign [no changes]
05-29 10:19:59.544 330 330 I xiriservice_All: type=1400 audit(0.0:403): avc: denied { read } for scontext=u:r:init:s0 tcontext=u:r:init:s0 tclass=netlink_kobject_uevent_socket permissive=1
05-29 10:19:59.545 319 324 D XM_HIDREAD: add@ add@/devices/platform/soc@3000000/5101400.ohci0-controller/usb5
05-29 10:19:59.547 476 655 D Ethernet: got request NetworkRequest [ REQUEST id=23, [ Capabilities: INTERNET&NOT_RESTRICTED&TRUSTED&NOT_VCN_MANAGED Uid: 1000 RequestorUid: 1000 RequestorPkg: android] ]
05-29 10:19:59.547 476 655 D EthernetNetworkFactory: acceptRequest, request: NetworkRequest [ REQUEST id=23, [ Capabilities: INTERNET&NOT_RESTRICTED&TRUSTED&NOT_VCN_MANAGED Uid: 1000 RequestorUid: 1000 RequestorPkg: android] ]
05-29 10:19:59.547 476 655 I EthernetNetworkFactory: networkForRequest, request: NetworkRequest [ REQUEST id=23, [ Capabilities: INTERNET&NOT_RESTRICTED&TRUSTED&NOT_VCN_MANAGED Uid: 1000 RequestorUid: 1000 RequestorPkg: android] ], network: null
05-29 10:19:59.550 388 412 I adbd : jdwp connection from 1049
05-29 10:19:59.551 319 324 D XM_HIDREAD: add@ add@/devices/platform/soc@3000000/5101400.ohci0-controller/usb5/5-0:1.0
05-29 10:19:59.553 476 610 D WifiNetworkFactory: got request NetworkRequest [ REQUEST id=23, [ Capabilities: INTERNET&NOT_RESTRICTED&TRUSTED&NOT_VCN_MANAGED Uid: 1000 RequestorUid: 1000 RequestorPkg: android] ]
01-01 08:00:21.817 169 169 I usb5 : New USB device found, idVendor=1d6b, idProduct=0001, bcdDevice= 5.04
01-01 08:00:21.817 169 169 I usb5 : New USB device strings: Mfr=3, Product=2, SerialNumber=1
01-01 08:00:21.817 169 169 I usb5 : Product: OHCI Host Controller
01-01 08:00:21.817 169 169 I usb5 : Manufacturer: Linux 5.4.125+ ohci_hcd
01-01 08:00:21.817 169 169 I usb5 : SerialNumber: sunxi-ohci
01-01 08:00:21.826 169 169 I hub 5-0 : 1.0: USB hub found
01-01 08:00:21.826 169 169 I hub 5-0 : 1.0: 1 port detected
05-29 10:19:59.554 476 656 D PPPOE : got request NetworkRequest [ REQUEST id=23, [ Capabilities: INTERNET&NOT_RESTRICTED&TRUSTED&NOT_VCN_MANAGED Uid: 1000 RequestorUid: 1000 RequestorPkg: android] ]
05-29 10:19:59.556 476 610 D UntrustedWifiNetworkFactory: got request NetworkRequest [ REQUEST id=23, [ Capabilities: INTERNET&NOT_RESTRICTED&TRUSTED&NOT_VCN_MANAGED Uid: 1000 RequestorUid: 1000 RequestorPkg: android] ]
05-29 10:19:59.556 476 610 D OemPaidWifiNetworkFactory: got request NetworkRequest [ REQUEST id=23, [ Capabilities: INTERNET&NOT_RESTRICTED&TRUSTED&NOT_VCN_MANAGED Uid: 1000 RequestorUid: 1000 RequestorPkg: android] ]
05-29 10:19:59.564 319 324 D XM_HIDREAD: add@ add@/devices/virtual/devlink/regulator.8--5200400.ohci1-controller
05-29 10:19:59.573 476 539 D CompatibilityChangeReporter: Compat change id reported: 135634846; UID 10019; state: DISABLED
05-29 10:19:59.573 476 539 D CompatibilityChangeReporter: Compat change id reported: 177438394; UID 10019; state: DISABLED
05-29 10:19:59.574 476 539 D CompatibilityChangeReporter: Compat change id reported: 135772972; UID 10019; state: DISABLED
05-29 10:19:59.574 476 539 D CompatibilityChangeReporter: Compat change id reported: 135754954; UID 10019; state: ENABLED
01-01 08:00:21.838 169 169 W : sunxi ohci1-controller don't init wakeup source
01-01 08:00:21.838 169 169 W [sunxi-ohci1]: probe, pdev->name: 5200400.ohci1-controller, sunxi_ohci: 0xffffffc008f81a38
01-01 08:00:21.839 169 169 I sunxi-ohci 5200400.ohci1-controller: OHCI Host Controller
01-01 08:00:21.839 169 169 I sunxi-ohci 5200400.ohci1-controller: new USB bus registered, assigned bus number 6
01-01 08:00:21.839 169 169 E debugfs : Directory 'sunxi-ohci' with parent 'ohci' already present!
05-29 10:19:59.575 476 540 D CompatibilityChangeReporter: Compat change id reported: 143937733; UID 10019; state: ENABLED
01-01 08:00:21.865 169 169 I sunxi-ohci 5200400.ohci1-controller: irq 53, io mem 0x05200400
05-29 10:19:59.594 669 669 D BluetoothOppFileProvider: Initialized
05-29 10:19:59.605 820 820 D FallbackHome: User unlocked and real home found; let's go!
05-29 10:19:59.615 247 247 D Zygote : Forked child process 1067
05-29 10:19:59.622 476 540 W ActivityManager: Slow operation: 51ms so far, now at startProcess: returned from zygote!
05-29 10:19:59.631 476 539 I SystemServerTimingAsync: ssm.UnlockedUser-0
05-29 10:19:59.631 476 539 I SystemServiceManager: Calling onUnlockedUser 0
05-29 10:19:59.633 669 847 I bt_core_module: system/bt/btcore/src/module.cc:90 module_start_up: module_start_up Started module "controller_module"
05-29 10:19:59.634 476 540 W ActivityManager: Slow operation: 63ms so far, now at startProcess: done updating battery stats
05-29 10:19:59.634 669 847 I bt_btm_pm: system/bt/stack/acl/btm_pm.cc:392 btm_pm_reset: reset pm
05-29 10:19:59.635 476 540 W ActivityManager: Slow operation: 64ms so far, now at startProcess: building log message
05-29 10:19:59.635 476 540 I ActivityManager: app.processName = com.android.traceur
05-29 10:19:59.635 476 540 I ActivityManager: Start proc 1067:com.android.traceur/u0a19 for broadcast {com.android.traceur/com.android.traceur.Receiver}
05-29 10:19:59.636 476 540 W ActivityManager: Slow operation: 65ms so far, now at startProcess: starting to update pids map
05-29 10:19:59.636 669 847 I btm_acl : system/bt/stack/acl/btm_acl.cc:654 check_link_policy: hold not supported (settings: 0x000d)
05-29 10:19:59.637 476 815 W StorageManagerService: Reporting emulated;0 unmounted due to system locked
05-29 10:19:59.635 1067 1067 I Zygote : seccomp disabled by setenforce 0
05-29 10:19:59.640 669 847 I bt_btm_sec: system/bt/stack/btm/btm_sec.cc:225 BTM_SecRegister: BTM_SecRegister p_cb_info->p_le_callback == 0x0xbbfc8785
05-29 10:19:59.641 669 847 I bt_btm_sec: system/bt/stack/btm/btm_sec.cc:240 BTM_SecRegister: BTM_SecRegister btm_cb.api.p_le_callback = 0x0xbbfc8785
05-29 10:19:59.643 669 959 I bluetooth: system/bt/stack/gatt/gatt_api.cc:1019 GATT_Register: Allocated name:GattClient uuid:408c9ecf-383c-6e53-0b97-b7e6cf0e7a26 gatt_if:3 eatt_support:0
05-29 10:19:59.652 476 540 W ActivityManager: Slow operation: 81ms so far, now at startProcess: done updating pids map
05-29 10:19:59.652 330 330 I xiriservice_All: type=1400 audit(0.0:404): avc: denied { read } for scontext=u:r:init:s0 tcontext=u:r:init:s0 tclass=netlink_kobject_uevent_socket permissive=1
05-29 10:19:59.655 319 324 D XM_HIDREAD: add@ add@/devices/platform/soc@3000000/5200400.ohci1-controller/usb6
05-29 10:19:59.659 319 324 D XM_HIDREAD: add@ add@/devices/platform/soc@3000000/5200400.ohci1-controller/usb6/6-0:1.0
01-01 08:00:21.928 169 169 I usb6 : New USB device found, idVendor=1d6b, idProduct=0001, bcdDevice= 5.04
01-01 08:00:21.928 169 169 I usb6 : New USB device strings: Mfr=3, Product=2, SerialNumber=1
01-01 08:00:21.928 169 169 I usb6 : Product: OHCI Host Controller
01-01 08:00:21.928 169 169 I usb6 : Manufacturer: Linux 5.4.125+ ohci_hcd
01-01 08:00:21.928 169 169 I usb6 : SerialNumber: sunxi-ohci
01-01 08:00:21.935 169 169 I hub 6-0 : 1.0: USB hub found
01-01 08:00:21.935 169 169 I hub 6-0 : 1.0: 1 port detected
05-29 10:19:59.667 319 324 D XM_HIDREAD: add@ add@/devices/virtual/devlink/regulator.8--5310400.ohci2-controller
01-01 08:00:21.941 169 169 W : sunxi ohci2-controller don't init wakeup source
01-01 08:00:21.941 169 169 W [sunxi-ohci2]: probe, pdev->name: 5310400.ohci2-controller, sunxi_ohci: 0xffffffc008f820f8
01-01 08:00:21.942 169 169 I sunxi-ohci 5310400.ohci2-controller: OHCI Host Controller
01-01 08:00:21.942 169 169 I sunxi-ohci 5310400.ohci2-controller: new USB bus registered, assigned bus number 7
01-01 08:00:21.942 169 169 E debugfs : Directory 'sunxi-ohci' with parent 'ohci' already present!
01-01 08:00:21.955 169 169 I sunxi-ohci 5310400.ohci2-controller: irq 55, io mem 0x05310400
05-29 10:19:59.695 388 412 I adbd : jdwp connection from 1067
05-29 10:19:59.697 476 476 W NotificationHistory: Attempted to add notif for locked/gone/disabled user 0
05-29 10:19:59.698 476 476 W Looper : Slow dispatch took 202ms main h=com.android.server.notification.NotificationManagerService$WorkerHandler c=com.android.server.notification.NotificationManagerService$PostNotificationRunnable@3ceec0 m=0
05-29 10:19:59.703 669 959 I bt_stack: [INFO:ble_advertiser_hci_interface.cc(767)] Extended advertising will be in use
05-29 10:19:59.707 669 959 E bt_btif_storage: system/bt/btif/src/btif_storage.cc:632 btif_storage_get_adapter_property: btif_storage_get_adapter_property: Controller ready!
05-29 10:19:59.707 669 959 I bt_btif_storage: system/bt/btif/src/btif_storage.cc:661 btif_storage_get_adapter_property: btif_storage_get_adapter_property service_mask:0x20000000
05-29 10:19:59.707 669 959 I bt_stack: [INFO:btif_bqr.cc(229)] EnableBtQualityReport: is_enable: true
05-29 10:19:59.707 669 959 W bt_stack: [WARNING:btif_bqr.cc(237)] EnableBtQualityReport: Bluetooth Quality Report is disabled. bqr_prop_evtmask: , bqr_prop_interval_ms:
05-29 10:19:59.708 669 1082 I bt_osi_thread: system/bt/osi/src/thread.cc:209 run_thread: run_thread: thread id 1082, thread name btif_sock started
05-29 10:19:59.710 669 959 I bt_bte_conf: system/bt/main/bte_conf.cc:84 bte_load_did_conf: Device ID record 1 : primary
05-29 10:19:59.710 669 959 I bt_bte_conf: system/bt/main/bte_conf.cc:85 bte_load_did_conf: vendorId = 00e0
05-29 10:19:59.710 669 959 I bt_bte_conf: system/bt/main/bte_conf.cc:86 bte_load_did_conf: vendorIdSource = 0001
05-29 10:19:59.710 669 959 I bt_bte_conf: system/bt/main/bte_conf.cc:87 bte_load_did_conf: product = 1200
05-29 10:19:59.710 669 959 I bt_bte_conf: system/bt/main/bte_conf.cc:88 bte_load_did_conf: version = 1436
05-29 10:19:59.710 669 959 I bt_bte_conf: system/bt/main/bte_conf.cc:89 bte_load_did_conf: clientExecutableURL =
05-29 10:19:59.710 669 959 I bt_bte_conf: system/bt/main/bte_conf.cc:90 bte_load_did_conf: serviceDescription =
05-29 10:19:59.710 669 959 I bt_bte_conf: system/bt/main/bte_conf.cc:91 bte_load_did_conf: documentationURL =
05-29 10:19:59.710 669 959 I bt_bta_dm: system/bt/bta/dm/bta_dm_act.cc:3198 bta_dm_eir_update_uuid: EIR Adding UUID=0x1200 into extended inquiry response
05-29 10:19:59.710 669 959 I bt_bta_dm: system/bt/bta/dm/bta_dm_act.cc:2897 bta_dm_set_eir: Generating extended inquiry response packet EIR
05-29 10:19:59.710 669 959 I bt_bte_conf: system/bt/main/bte_conf.cc:47 bte_load_did_conf: bte_load_did_conf no section named DID2.
05-29 10:19:59.710 669 959 I bt_btif_core: system/bt/btif/src/btif_core.cc:312 btif_enable_bluetooth_evt: Bluetooth enable event completed
05-29 10:19:59.710 669 959 I bt_bta_dm: system/bt/bta/dm/bta_dm_act.cc:2897 bta_dm_set_eir: Generating extended inquiry response packet EIR
05-29 10:19:59.710 669 847 I bt_stack_manager: system/bt/btif/src/stack_manager.cc:311 event_start_up_stack: event_start_up_stack finished
05-29 10:19:59.712 265 265 I EventThread: type=1400 audit(0.0:405): avc: denied { search } for name="extcon" dev="sysfs" ino=18109 scontext=u:r:hal_tv_cec_default:s0 tcontext=u:object_r:sysfs_extcon:s0 tclass=dir permissive=1
05-29 10:19:59.731 476 816 I ActivityStarter: ---START u0 {act=android.intent.action.MAIN cat=[android.intent.category.HOME] flg=0x10000100 cmp=com.dangbei.leard.leradlauncher/com.dangbei.launcher.home.LauncherActivity (has extras)} from uid 0
05-29 10:19:59.736 669 854 D AdapterProperties: BT_PROPERTY_LOCAL_LE_FEATURES: update from BT controller mNumOfAdvertisementInstancesSupported = 0 mRpaOffloadSupported = false mNumOfOffloadedIrkSupported = 0 mNumOfOffloadedScanFilterSupported = 0 mOffloadedScanResultStorageBytes= 0 mIsActivityAndEnergyReporting = false mVersSupported = 0 mTotNumOfTrackableAdv = 0 mIsExtendedScanSupported = false mIsDebugLogSupported = false mIsLe2MPhySupported = true mIsLeCodedPhySupported = true mIsLeExtendedAdvertisingSupported = true mIsLePeriodicAdvertisingSupported = true mLeMaximumAdvertisingDataLength = 1650 mDynamicAudioBufferSizeSupportedCodecsGroup1 = 0 mDynamicAudioBufferSizeSupportedCodecsGroup2 = 0
05-29 10:19:59.744 319 324 D XM_HIDREAD: add@ add@/devices/platform/soc@3000000/5310400.ohci2-controller/usb7
01-01 08:00:22.016 169 169 I usb7 : New USB device found, idVendor=1d6b, idProduct=0001, bcdDevice= 5.04
01-01 08:00:22.016 169 169 I usb7 : New USB device strings: Mfr=3, Product=2, SerialNumber=1
01-01 08:00:22.016 169 169 I usb7 : Product: OHCI Host Controller
01-01 08:00:22.016 169 169 I usb7 : Manufacturer: Linux 5.4.125+ ohci_hcd
01-01 08:00:22.016 169 169 I usb7 : SerialNumber: sunxi-ohci
05-29 10:19:59.746 319 324 D XM_HIDREAD: add@ add@/devices/platform/soc@3000000/5310400.ohci2-controller/usb7/7-0:1.0
01-01 08:00:22.022 169 169 I hub 7-0 : 1.0: USB hub found
01-01 08:00:22.022 169 169 I hub 7-0 : 1.0: 1 port detected
01-01 08:00:22.027 169 169 W : sunxi ohci3-controller don't init wakeup source
