05-29 10:20:03.924 1327 1514 W System.err: java.net.UnknownHostException: Unable to resolve host "tyapi.qun7.com": No address associated with hostname
05-29 10:20:03.924 1327 1514 W System.err: at java.net.Inet6AddressImpl.lookupHostByName(Inet6AddressImpl.java:156)
05-29 10:20:03.926 1327 1514 W System.err: at java.net.Inet6AddressImpl.lookupAllHostAddr(Inet6AddressImpl.java:103)
05-29 10:20:03.926 1327 1514 W System.err: at java.net.InetAddress.getAllByName(InetAddress.java:1152)
05-29 10:20:03.926 1327 1514 W System.err: at com.android.okhttp.Dns$1.lookup(Dns.java:41)
05-29 10:20:03.926 1327 1514 W System.err: at com.android.okhttp.internal.http.RouteSelector.resetNextInetSocketAddress(RouteSelector.java:178)
05-29 10:20:03.926 1327 1514 W System.err: at com.android.okhttp.internal.http.RouteSelector.nextProxy(RouteSelector.java:144)
05-29 10:20:03.926 1327 1514 W System.err: at com.android.okhttp.internal.http.RouteSelector.next(RouteSelector.java:86)
05-29 10:20:03.927 1327 1514 W System.err: at com.android.okhttp.internal.http.StreamAllocation.findConnection(StreamAllocation.java:176)
05-29 10:20:03.927 1327 1514 W System.err: at com.android.okhttp.internal.http.StreamAllocation.findHealthyConnection(StreamAllocation.java:128)
05-29 10:20:03.927 1327 1514 W System.err: at com.android.okhttp.internal.http.StreamAllocation.newStream(StreamAllocation.java:97)
05-29 10:20:03.927 1327 1514 W System.err: at com.android.okhttp.internal.http.HttpEngine.connect(HttpEngine.java:289)
05-29 10:20:03.927 1327 1514 W System.err: at com.android.okhttp.internal.http.HttpEngine.sendRequest(HttpEngine.java:232)
05-29 10:20:03.927 1327 1514 W System.err: at com.android.okhttp.internal.huc.HttpURLConnectionImpl.execute(HttpURLConnectionImpl.java:465)
05-29 10:20:03.927 1327 1514 W System.err: at com.android.okhttp.internal.huc.HttpURLConnectionImpl.getResponse(HttpURLConnectionImpl.java:411)
05-29 10:20:03.927 1327 1514 W System.err: at com.android.okhttp.internal.huc.HttpURLConnectionImpl.getResponseCode(HttpURLConnectionImpl.java:542)
05-29 10:20:03.927 1327 1514 W System.err: at com.dangbei.statistics.UtilCommon.networkGetIp(UtilCommon.java:826)
05-29 10:20:03.927 1327 1514 W System.err: at com.dangbei.statistics.UtilCommon$1.accept(UtilCommon.java:807)
05-29 10:20:03.927 1327 1514 W System.err: at com.dangbei.statistics.UtilCommon$1.accept(UtilCommon.java:803)
05-29 10:20:03.927 1327 1514 W System.err: at io.reactivex.internal.operators.observable.ObservableDoOnEach$DoOnEachObserver.onNext(ObservableDoOnEach.java:93)
05-29 10:20:03.927 1327 1514 W System.err: at io.reactivex.internal.operators.observable.ObservableObserveOn$ObserveOnObserver.drainNormal(ObservableObserveOn.java:201)
05-29 10:20:03.927 1327 1514 W System.err: at io.reactivex.internal.operators.observable.ObservableObserveOn$ObserveOnObserver.run(ObservableObserveOn.java:255)
05-29 10:20:03.927 1327 1514 W System.err: at io.reactivex.internal.schedulers.ScheduledRunnable.run(ScheduledRunnable.java:66)
05-29 10:20:03.927 1327 1514 W System.err: at io.reactivex.internal.schedulers.ScheduledRunnable.call(ScheduledRunnable.java:57)
05-29 10:20:03.927 247 247 D Zygote : Forked child process 1517
05-29 10:20:03.928 1327 1514 W System.err: at java.util.concurrent.FutureTask.run(FutureTask.java:266)
05-29 10:20:03.928 1327 1514 W System.err: at java.util.concurrent.ScheduledThreadPoolExecutor$ScheduledFutureTask.run(ScheduledThreadPoolExecutor.java:301)
05-29 10:20:03.928 1327 1514 W System.err: at java.util.concurrent.ThreadPoolExecutor.runWorker(ThreadPoolExecutor.java:1167)
05-29 10:20:03.928 1327 1514 W System.err: at java.util.concurrent.ThreadPoolExecutor$Worker.run(ThreadPoolExecutor.java:641)
05-29 10:20:03.928 1327 1514 W System.err: at java.lang.Thread.run(Thread.java:920)
05-29 10:20:03.928 1327 1514 W System.err: Caused by: android.system.GaiException: android_getaddrinfo failed: EAI_NODATA (No address associated with hostname)
05-29 10:20:03.929 476 540 I ActivityManager: app.processName = com.android.dynsystem
05-29 10:20:03.929 476 540 I ActivityManager: Start proc 1517:com.android.dynsystem/1000 for broadcast {com.android.dynsystem/com.android.dynsystem.BootCompletedReceiver}
05-29 10:20:03.937 1517 1517 I Zygote : seccomp disabled by setenforce 0
05-29 10:20:03.938 1327 1514 W System.err: at libcore.io.Linux.android_getaddrinfo(Native Method)
05-29 10:20:03.938 1327 1514 W System.err: at libcore.io.ForwardingOs.android_getaddrinfo(ForwardingOs.java:136)
05-29 10:20:03.938 1327 1514 W System.err: at libcore.io.BlockGuardOs.android_getaddrinfo(BlockGuardOs.java:221)
05-29 10:20:03.938 1327 1514 W System.err: at libcore.io.ForwardingOs.android_getaddrinfo(ForwardingOs.java:136)
05-29 10:20:03.938 1327 1514 W System.err: at java.net.Inet6AddressImpl.lookupHostByName(Inet6AddressImpl.java:135)
05-29 10:20:03.938 1327 1514 W System.err: ... 27 more
05-29 10:20:03.941 1033 1356 I MediaProvider: Scanned internal due to REASON_MOUNTED, found 5 items in 1219ms, 0 inserts 0 updates 0 deletes
05-29 10:20:03.958 388 412 I adbd : jdwp connection from 1517
05-29 10:20:03.973 1033 1356 W ModernMediaScanner: Failed to visit /oem/media: java.nio.file.NoSuchFileException: /oem/media
05-29 10:20:03.976 1033 1356 I MediaProvider: Scanned internal due to REASON_MOUNTED, found 0 items in 3ms, 0 inserts 0 updates 0 deletes
05-29 10:20:04.005 1327 1327 W bei.lerad.rock: Class com.iflytek.aiui.AIUIAgent failed lock verification and will run slower.
05-29 10:20:04.005 1327 1327 W bei.lerad.rock: Common causes for lock verification issues are non-optimized dex code
05-29 10:20:04.005 1327 1327 W bei.lerad.rock: and incorrect proguard optimizations.
05-29 10:20:04.015 1327 1327 I AiuiEngine: create aiui agent
05-29 10:20:04.015 1327 1327 D RockyVoice_AiUiDelegate: 初始化成功
05-29 10:20:04.016 1327 1327 D RockyNetMessageUtil: initTipsList tipEntity = null isRequestTipSuccess = false
05-29 10:20:04.034 1517 1517 D CompatibilityChangeReporter: Compat change id reported: 171979766; UID 1000; state: ENABLED
05-29 10:20:04.038 1327 1539 W bei.lerad.rock: Class com.iflytek.aiui.utils.c failed lock verification and will run slower.
05-29 10:20:04.039 476 599 I InputReader: Detected input event buffer overrun for device Logitech G102 LIGHTSYNC Gaming Mouse.
05-29 10:20:04.039 476 476 W Looper : Drained
05-29 10:20:04.044 186 186 I hwservicemanager: getTransport: Cannot find entry android.hardware.graphics.mapper@4.0::IMapper/default in either framework or device VINTF manifest.
05-29 10:20:04.044 476 522 I Gralloc4: mapper 4.x is not supported
05-29 10:20:04.045 186 186 I hwservicemanager: getTransport: Cannot find entry android.hardware.graphics.mapper@3.0::IMapper/default in either framework or device VINTF manifest.
05-29 10:20:04.045 476 522 W Gralloc3: mapper 3.x is not supported
05-29 10:20:04.053 476 522 E gralloc : Arm Module v1.0
05-29 10:20:04.055 186 186 I hwservicemanager: getTransport: Cannot find entry android.hardware.graphics.allocator@4.0::IAllocator/default in either framework or device VINTF manifest.
05-29 10:20:04.055 476 522 W Gralloc4: allocator 4.x is not supported
05-29 10:20:04.055 186 186 I hwservicemanager: getTransport: Cannot find entry android.hardware.graphics.allocator@3.0::IAllocator/default in either framework or device VINTF manifest.
05-29 10:20:04.056 476 522 W Gralloc3: allocator 3.x is not supported
05-29 10:20:04.057 260 297 I gralloc : alloc buffer:W:33 H:42 S:48 PL[33 42] SZ:8064 fmt:1 if:0 af:1 usg:966 fg:00000004
05-29 10:20:04.058 476 522 E ion : ioctl c0044901 failed with code -1: Inappropriate ioctl for device
05-29 10:20:04.076 1327 1539 W bei.lerad.rock: Class com.iflytek.aiui.utils.l failed lock verification and will run slower.
05-29 10:20:04.093 1272 1483 W efs.send_log: tryFileLock start!
05-29 10:20:04.095 1327 1327 D RockyNetMessageUtil: initMediaControlPage pageEntity = null isRequestPageControlSuccess = false
05-29 10:20:04.121 1327 1546 D XHttpObservable: handleRequest: start https://tyapi.qun7.com/v1/voice/getsoundshowmsg ,,, isCache = false
05-29 10:20:04.128 1327 1553 D XHttpObservable: handleRequest: start https://tyapi.qun7.com/v1/voice/getResponseControlPage ,,, isCache = false
05-29 10:20:04.137 1272 1547 W efs.send_log: tryFileLock sendlock sucess! processname: com.dangbei.screencast
05-29 10:20:04.188 1327 1327 W SoundPool: Use of stream types is deprecated for operations other than volume control
05-29 10:20:04.188 1327 1327 W SoundPool: See the documentation of SoundPool() for what to use instead with android.media.AudioAttributes to qualify your playback use case
05-29 10:20:04.212 1327 1327 D RockyReceiver: action: android.net.wifi.WIFI_STATE_CHANGED
05-29 10:20:04.214 476 1390 E ConnectivityService: Exception = android.content.pm.PackageManager$NameNotFoundException: android.net.cts
05-29 10:20:04.224 1272 1565 I efs.base: lt=event`ev_ct=efs_core`ev_ac=pvuv`tm=2025-05-29 10:20:14`dn=814a6c1f-a914-45e0-9441-173ac17d88d0`ps=com.dangbei.screencast`um_os=android`stime=1748485203355`pid=1272`fr=android`pkg=com.dangbei.screencast`vcode=20830`dsp_w=1920`uid=814a6c1f-a914-45e0-9441-173ac17d88d0`rom=12`wid=814a6c1f-a914-45e0-9441-173ac17d88d0`um_app_carrier=`um_access=unknow`um_app_channel=os`um_crash_sdk_version=1.4.0`ctime=1748485204`model=dbbox-a2`lang=zh`net=disconnected`brand=dangbei`dsp_h=1080`um_network_type=0`ver=v2.8.3`build_model=DBBOX-A2`w_tm=1748485204`appid=5fc60c21094d637f3130af19`um_umid_header=ai536d652a62b80cf12a583dbdbfe77cd5`sdk=31`tzone=Asia/Shanghai`sdk_ver=1.3.6.umeng
05-29 10:20:04.231 476 521 W BluetoothManagerService: Unable to bind with intent: Intent { act=android.bluetooth.IBluetoothHeadset cmp=com.android.bluetooth/.hfp.HeadsetService }
05-29 10:20:04.243 1272 1483 I efs.config: --->>> 删除旧的配置文件 false
05-29 10:20:04.249 1517 1517 V GraphicsEnvironment: ANGLE Developer option for 'com.android.dynsystem' set to: 'default'
05-29 10:20:04.249 1517 1517 V GraphicsEnvironment: Neither updatable production driver nor prerelease driver is supported.
05-29 10:20:04.258 1517 1517 D NetworkSecurityConfig: No Network Security Config specified, using platform default
05-29 10:20:04.259 1517 1517 D NetworkSecurityConfig: No Network Security Config specified, using platform default
05-29 10:20:04.266 476 1390 I ActivityManager: com.android.dynsystem is exempt from freezer
05-29 10:20:04.266 476 1390 D CompatibilityChangeReporter: Compat change id reported: 135634846; UID 1000; state: DISABLED
05-29 10:20:04.277 1327 1340 W System : A resource failed to call close.
05-29 10:20:04.287 476 660 I ActivityManager: com.android.managedprovisioning is exempt from freezer
05-29 10:20:04.287 476 660 D CompatibilityChangeReporter: Compat change id reported: 135634846; UID 10027; state: DISABLED
05-29 10:20:04.287 476 660 D CompatibilityChangeReporter: Compat change id reported: 177438394; UID 10027; state: DISABLED
05-29 10:20:04.287 476 660 D CompatibilityChangeReporter: Compat change id reported: 135772972; UID 10027; state: DISABLED
05-29 10:20:04.287 476 660 D CompatibilityChangeReporter: Compat change id reported: 135754954; UID 10027; state: ENABLED
05-29 10:20:04.292 247 247 D Zygote : Forked child process 1578
05-29 10:20:04.296 476 540 I ActivityManager: app.processName = com.android.dynsystem:dynsystem
05-29 10:20:04.296 476 540 I ActivityManager: Start proc 1578:com.android.dynsystem:dynsystem/1000 for service {com.android.dynsystem/com.android.dynsystem.DynamicSystemInstallationService}
05-29 10:20:04.297 476 540 D CompatibilityChangeReporter: Compat change id reported: 143937733; UID 10027; state: ENABLED
05-29 10:20:04.300 1578 1578 I Zygote : seccomp disabled by setenforce 0
05-29 10:20:04.316 247 247 D Zygote : Forked child process 1580
05-29 10:20:04.318 476 540 I ActivityManager: app.processName = com.android.managedprovisioning
05-29 10:20:04.318 476 540 I ActivityManager: Start proc 1580:com.android.managedprovisioning/u0a27 for broadcast {com.android.managedprovisioning/com.android.managedprovisioning.BootReminder}
05-29 10:20:04.328 253 958 E bt_upio : upio_set : /proc/bluetooth/sleep/btwrite(-1) incorrent
05-29 10:20:04.328 1099 1099 W eventbuscore: post Event:com.dangbei.leard.base.entity.event.NetWifiRssiEvent
05-29 10:20:04.331 1272 1483 I efs.config: current config version (-1) is older than another (1735614866)
05-29 10:20:04.331 1272 1483 I efs.config: load config from storage and notify observer
05-29 10:20:04.333 1580 1580 I Zygote : seccomp disabled by setenforce 0
05-29 10:20:04.337 388 412 I adbd : jdwp connection from 1578
05-29 10:20:04.341 476 521 W IorapForwardingService: No service published for: iorapd
05-29 10:20:04.357 388 412 I adbd : jdwp connection from 1580
05-29 10:20:04.367 1049 1215 E ccc : cccccc etnaService addListener com.dangbei.lerad.etna.aidl.IEtnaAidlListener$Stub$Proxy@51bd7a6 com.dangbei.leard.leradlauncher
05-29 10:20:04.367 1099 1099 E hq : Etna:::etnaClient connectState=true
05-29 10:20:04.367 1099 1099 E getHdmiStatus: sourceInputStatus=null mEtnaAdapter=com.dangbei.launcher.etna.EtnaAdapter@a2bf0a4
05-29 10:20:04.369 1099 1099 E hq : AdHelper:::启动延迟检查,支持广告的最长播放时间:25000 isLoadAd=false
05-29 10:20:04.370 1099 1099 D OsInitLaunch: send cache: launchAd, playAd, start, null
05-29 10:20:04.371 1099 1099 I dangbei ad sdk: ADSDK::play splash ad
05-29 10:20:04.372 1099 1099 I dangbei ad sdk: AdSplashView::show offline ad
05-29 10:20:04.394 1099 1439 D AppManager: checkLocalAppsIsValid:
05-29 10:20:04.397 1099 1366 D View :
05-29 10:20:04.398 1099 1366 D View :
05-29 10:20:04.399 1099 1366 D View :
05-29 10:20:04.400 1099 1366 D View :
05-29 10:20:04.404 476 610 D WifiScoreReport: setShouldReduceNetworkScore=false mNetworkAgent is null? true
05-29 10:20:04.405 476 610 D WifiClientModeImpl[wlan0]: CMD_START_CONNECT my state DisconnectedState nid=2 roam=false
05-29 10:20:04.408 1578 1578 D CompatibilityChangeReporter: Compat change id reported: 171979766; UID 1000; state: ENABLED
05-29 10:20:04.413 476 815 D CompatibilityChangeReporter: Compat change id reported: 168419799; UID 10027; state: DISABLED
05-29 10:20:04.421 476 610 W LastMileLogger: Failed to open free_buffer pseudo-file: /sys/kernel/debug/tracing/instances/wifi/free_buffer: open failed: ENOENT (No such file or directory)
05-29 10:20:04.421 476 610 W LastMileLogger: Failed to arm fail-safe.
05-29 10:20:04.423 1099 1440 E hq : ErrorCoroutineExceptionHandler:::runTry error:java.net.UnknownHostException: Unable to resolve host "ottdbui-tyapiqun7.yysh.mgtv.com": No address associated with hostname from=requestAppAdInfo
05-29 10:20:04.423 1099 1099 E hq : USBReceiver:::USBReceiver onReceive: list=1
05-29 10:20:04.427 476 610 I WifiClientModeImpl[wlan0]: Connecting with b4:2f:03:16:18:c0 as the mac address
05-29 10:20:04.427 1580 1580 D CompatibilityChangeReporter: Compat change id reported: 171979766; UID 10027; state: ENABLED
05-29 10:20:04.428 368 368 W wificond: Scan is not started. Ignore abort request
05-29 10:20:04.429 476 610 D SupplicantStaIfaceHal: connectToNetwork "DB-machines5G"WPA_PSK
05-29 10:20:04.431 476 610 I SupplicantStaIfaceHal: addSupplicantStaNetwork via HIDL
05-29 10:20:04.444 1099 1366 D View :
05-29 10:20:04.451 1099 1099 E hq : AdHelper:::notFetchAd: main
05-29 10:20:04.451 1099 1099 E hq : AdHelper:::onComplete:main
05-29 10:20:04.451 1099 1099 E hq : AdHelper:::adFinish: com.dangbei.launcher.home.callback.LauncherCallback$onAttach$1$1@b37541
05-29 10:20:04.460 1099 1099 E hq : LauncherCallback:::onDetach
05-29 10:20:04.461 1099 1366 D View :
05-29 10:20:04.461 1099 1099 E hq : AdHelper:::handleFinishAd: true
05-29 10:20:04.462 1099 1366 D View :
05-29 10:20:04.463 1099 1366 D View :
05-29 10:20:04.470 1099 1099 E DangXiaoBeiManager: setMessageList: false
05-29 10:20:04.471 1099 1099 E hq : 当小贝:::显示消息type=SIMPLE_TEXT ,data.isShowInCur=false ,delay=60000 ,message.mandatoryMessage=null , message=null
05-29 10:20:04.471 1099 1099 E hq : 当小贝:::当前显示了消息,不显示新消息
05-29 10:20:04.474 1099 1366 D View :
05-29 10:20:04.476 1099 1366 D View :
05-29 10:20:04.480 1099 1099 D OsInitLaunch: send cache: launchAd, playAd, complete, null
05-29 10:20:04.485 1099 1366 D View :
05-29 10:20:04.490 1099 1366 D View :
05-29 10:20:04.491 1099 1366 D View :
05-29 10:20:04.492 1099 1366 D View :
05-29 10:20:04.493 1099 1366 D View :
05-29 10:20:04.497 1578 1578 V GraphicsEnvironment: ANGLE Developer option for 'com.android.dynsystem' set to: 'default'
05-29 10:20:04.497 1578 1578 V GraphicsEnvironment: Neither updatable production driver nor prerelease driver is supported.
05-29 10:20:04.498 1099 1448 E hq : ErrorCoroutineExceptionHandler:::runTry error:java.net.UnknownHostException: Unable to resolve host "ottdbui-tyapiqun7.yysh.mgtv.com": No address associated with hostname from=requestMessageDialog
05-29 10:20:04.505 476 610 D SupplicantStaNetworkHal: The target security params: Security Parameters:
05-29 10:20:04.505 476 610 D SupplicantStaNetworkHal: Type: 2
05-29 10:20:04.505 476 610 D SupplicantStaNetworkHal: Enabled: true
05-29 10:20:04.505 476 610 D SupplicantStaNetworkHal: KeyMgmt: WPA_PSK
05-29 10:20:04.505 476 610 D SupplicantStaNetworkHal: Protocols: WPA RSN
05-29 10:20:04.505 476 610 D SupplicantStaNetworkHal: AuthAlgorithms:
05-29 10:20:04.505 476 610 D SupplicantStaNetworkHal: PairwiseCiphers: TKIP CCMP
05-29 10:20:04.505 476 610 D SupplicantStaNetworkHal: GroupCiphers: WEP40 WEP104 TKIP CCMP
05-29 10:20:04.505 476 610 D SupplicantStaNetworkHal: GroupMgmtCiphers:
05-29 10:20:04.505 476 610 D SupplicantStaNetworkHal: SuiteBCiphers:
05-29 10:20:04.505 476 610 D SupplicantStaNetworkHal: RequirePmf: false
05-29 10:20:04.505 476 610 D SupplicantStaNetworkHal: IsAddedByAutoUpgrade: false
05-29 10:20:04.505 476 610 D SupplicantStaNetworkHal: IsSaeH2eOnlyMode: false
05-29 10:20:04.505 476 610 D SupplicantStaNetworkHal: IsSaePkOnlyMode: false
05-29 10:20:04.504 1099 1366 D View :
05-29 10:20:04.507 1099 1366 D View :
05-29 10:20:04.508 1099 1366 D View :
05-29 10:20:04.515 1578 1578 D NetworkSecurityConfig: No Network Security Config specified, using platform default
05-29 10:20:04.516 1578 1578 D NetworkSecurityConfig: No Network Security Config specified, using platform default
05-29 10:20:04.526 264 264 I AW_PowerHAL: Power setMode: SUSTAINED_PERFORMANCE to: 0
05-29 10:20:04.530 264 264 I AW_PowerHAL: cur-mode:SCHEDUTIL-Home
05-29 10:20:04.556 1099 1366 D View :
05-29 10:20:04.558 1578 1578 D DynamicSystemInstallationService: onStartCommand(): action=android.os.image.action.NOTIFY_IF_IN_USE
05-29 10:20:04.563 476 1390 I DynamicSystemService: isInstalled(): false
05-29 10:20:04.573 1099 1366 D View :
05-29 10:20:04.574 1099 1366 D View :
05-29 10:20:04.575 1099 1366 D View :
05-29 10:20:04.577 1099 1366 D View :
05-29 10:20:04.578 1099 1366 D View :
05-29 10:20:04.578 1099 1366 D View :
05-29 10:20:04.579 1099 1366 D View :
05-29 10:20:04.589 1099 1366 D View :
05-29 10:20:04.590 1099 1366 D View :
05-29 10:20:04.590 1099 1366 D View :
05-29 10:20:04.591 1099 1366 D View :
05-29 10:20:04.592 1099 1366 D View :
05-29 10:20:04.594 1099 1366 D View :
05-29 10:20:04.595 1099 1366 D View :
05-29 10:20:04.596 1099 1366 D View :
05-29 10:20:04.596 1099 1366 D View :
05-29 10:20:04.597 1099 1366 D View :
05-29 10:20:04.597 1099 1366 D View :
05-29 10:20:04.597 1099 1366 D View :
05-29 10:20:04.598 1099 1366 D View :
05-29 10:20:04.598 1099 1366 D View :
05-29 10:20:04.599 1099 1366 D View :
05-29 10:20:04.599 1099 1366 D View :
05-29 10:20:04.600 1099 1366 D View :
05-29 10:20:04.600 1099 1366 D View :
05-29 10:20:04.603 1099 1366 D View :
05-29 10:20:04.603 1099 1366 D View :
05-29 10:20:04.605 1099 1366 D View :
05-29 10:20:04.606 1099 1366 D View :
05-29 10:20:04.607 1099 1366 D View :
05-29 10:20:04.607 1099 1366 D View :
05-29 10:20:04.607 1099 1366 D View :
05-29 10:20:04.608 1099 1366 D View :
05-29 10:20:04.608 1099 1366 D View :
05-29 10:20:04.609 1099 1366 D View :
05-29 10:20:04.609 1099 1366 D View :
05-29 10:20:04.610 1099 1366 D View :
05-29 10:20:04.614 1099 1366 D View :
05-29 10:20:04.614 1099 1366 D View :
05-29 10:20:04.615 1099 1366 D View :
05-29 10:20:04.615 1099 1366 D View :
05-29 10:20:04.616 1099 1366 D View :
05-29 10:20:04.616 1099 1366 D View :
05-29 10:20:04.621 1580 1580 V GraphicsEnvironment: ANGLE Developer option for 'com.android.managedprovisioning' set to: 'default'
05-29 10:20:04.622 1580 1580 V GraphicsEnvironment: Neither updatable production driver nor prerelease driver is supported.
05-29 10:20:04.629 1580 1580 D NetworkSecurityConfig: No Network Security Config specified, using platform default
05-29 10:20:04.630 1580 1580 D NetworkSecurityConfig: No Network Security Config specified, using platform default
05-29 10:20:04.636 832 832 I wpa_supplicant: wlan0: Trying to associate with 58:c7:ac:78:f0:10 (SSID='DB-machines5G' freq=5745 MHz)
05-29 10:20:04.646 476 610 D WifiCountryCode: evaluateAllCmmStateAndApplyIfAllReady: {ConcreteClientModeManager{id=15657 iface=wlan0 role=ROLE_CLIENT_PRIMARY}=false}
05-29 10:20:04.646 476 610 D WifiClientModeImpl[wlan0]: Start Connecting Watchdog 1
05-29 10:20:04.660 1272 1272 I TDLog : setReportUncaughtExceptions: true
05-29 10:20:04.673 1272 1272 E Application: onCreate:Version:v2.8.3/20830/883432e
05-29 10:20:04.677 1580 1580 I CarUiInstaller: CarUiInstaller started for com.android.managedprovisioning
05-29 10:20:04.678 1327 1327 D RockyReceiver: action: android.net.wifi.STATE_CHANGE
05-29 10:20:04.681 476 812 E ConnectivityService: Exception = android.content.pm.PackageManager$NameNotFoundException: android.net.cts
05-29 10:20:04.722 1272 1432 I TDLog : TalkingData SDK init...
05-29 10:20:04.722 1272 1432 I TDLog : SDK_VERSION is: Android+TD+V5.0.7 gp Type:Native Build_Num:2141
05-29 10:20:04.722 1272 1432 I TDLog : App ID is: B9D7815EC975466AB1332111FCE62DF5
05-29 10:20:04.722 1272 1432 I TDLog : App Channel is: os
05-29 10:20:04.722 1272 1432 I TDLog : App Custom is:
05-29 10:20:04.722 1272 1432 I TDLog : SDK_OVC is: TDOVC+a3bb7754719798526508b6caad480dd7+SaaS
05-29 10:20:04.728 265 291 D hdmi-cec: receive invalid cec message!
05-29 10:20:04.728 265 291 D hdmi-cec: receive poll message [04], skip!
05-29 10:20:04.732 832 832 I wpa_supplicant: wlan0: Associated with 58:c7:ac:78:f0:10
05-29 10:20:04.733 368 368 I wificond: Regulatory domain changed to country: CN on wiphy_index: 0
05-29 10:20:04.733 832 832 I wpa_supplicant: wlan0: CTRL-EVENT-SUBNET-STATUS-UPDATE status=0
05-29 10:20:04.733 476 811 D WifiNl80211Manager: OnRegDomainChanged CN
05-29 10:20:04.733 832 832 I wpa_supplicant: wlan0: CTRL-EVENT-REGDOM-CHANGE init=COUNTRY_IE type=COUNTRY alpha2=CN
05-29 10:20:04.734 476 811 D WifiNative: onCountryCodeChanged: CN
05-29 10:20:04.734 476 811 I WifiCountryCode: Receive onDriverCountryCodeChanged CN
05-29 10:20:04.735 476 610 I WifiService: onDriverCountryCodeChanged CN
05-29 10:20:04.739 368 368 I wificond: 2.4Ghz frequencies: 2412 2417 2422 2427 2432 2437 2442 2447 2452 2457 2462 2467 2472
05-29 10:20:04.739 368 368 I wificond: 5Ghz non-DFS frequencies: 5180 5200 5220 5240 5745 5765 5785 5805 5825
05-29 10:20:04.739 368 368 I wificond: 5Ghz DFS frequencies: 5260 5280 5300 5320
05-29 10:20:04.739 368 368 I wificond: 6Ghz frequencies:
05-29 10:20:04.739 368 368 I wificond: 60Ghz frequencies:
05-29 10:20:04.747 476 1390 D CompatibilityChangeReporter: Compat change id reported: 168419799; UID 10013; state: DISABLED
05-29 10:20:04.770 1099 1122 I OpenGLRenderer: Davey! duration=9223372011926ms; Flags=0, FrameTimelineVsyncId=674, IntendedVsync=24927954682, Vsync=24927954682, InputEventId=0, HandleInputStart=24931582428, AnimationStart=24931586303, PerformTraversalsStart=24931589344, DrawStart=24932509803, FrameDeadline=24961288014, FrameInterval=24931572428, FrameStartTime=16666666, SyncQueued=24933064261, SyncStart=24933236553, IssueDrawCommandsStart=24933629386, SwapBuffers=24952812553, FrameCompleted=9223372036854775807, DequeueBufferDuration=44000, QueueBufferDuration=2039250, GpuCompleted=9223372036854775807, SwapBuffersCompleted=24956123678, DisplayPresentTime=0,
05-29 10:20:04.773 476 1391 D CompatibilityChangeReporter: Compat change id reported: 135634846; UID 10055; state: DISABLED
05-29 10:20:04.774 476 1391 D CompatibilityChangeReporter: Compat change id reported: 177438394; UID 10055; state: DISABLED
05-29 10:20:04.774 476 1391 D CompatibilityChangeReporter: Compat change id reported: 135772972; UID 10055; state: DISABLED
05-29 10:20:04.774 476 1391 D CompatibilityChangeReporter: Compat change id reported: 135754954; UID 10055; state: ENABLED
05-29 10:20:04.775 476 540 D CompatibilityChangeReporter: Compat change id reported: 143937733; UID 10055; state: ENABLED
05-29 10:20:04.794 247 247 D Zygote : Forked child process 1648
05-29 10:20:04.796 1272 1272 E UsbEventBroadcastReceiver: onReceive: android.hardware.usb.action.USB_DEVICE_ATTACHED
05-29 10:20:04.797 476 540 I ActivityManager: app.processName = com.android.onetimeinitializer
05-29 10:20:04.797 476 540 I ActivityManager: Start proc 1648:com.android.onetimeinitializer/u0a55 for broadcast {com.android.onetimeinitializer/com.android.onetimeinitializer.OneTimeInitializerReceiver}
05-29 10:20:04.801 1272 1272 E z : isUsbCastSupport getModel:DBBOX-A2
05-29 10:20:04.802 1272 1272 E UsbEventBroadcastReceiver: return USB_CAST_SWITCH false
05-29 10:20:04.804 1272 1272 I crashsdk: Catcher mask: 5000, 20480
05-29 10:20:04.805 1272 1272 I crashsdk: Catcher thread 1278
05-29 10:20:04.805 1272 1272 D crashsdk: Register ANR handler ...
05-29 10:20:04.811 1648 1648 I Zygote : seccomp disabled by setenforce 0
05-29 10:20:04.825 476 811 D CompatibilityChangeReporter: Compat change id reported: 172100307; UID 10074; state: DISABLED
05-29 10:20:04.824 476 476 I Binder:476_7: type=1400 audit(0.0:539): avc: denied { call } for scontext=u:r:system_server:s0 tcontext=u:r:preinstall:s0 tclass=binder permissive=1
05-29 10:20:04.847 388 412 I adbd : jdwp connection from 1648
05-29 10:20:04.885 1033 1148 W MediaProvider: getVolumePath for unknown volume: internal
05-29 10:20:04.893 476 812 D CompatibilityChangeReporter: Compat change id reported: 168419799; UID 10055; state: DISABLED
05-29 10:20:04.903 1033 1148 W MediaProvider: getVolumePath for unknown volume: internal
05-29 10:20:04.964 1674 1674 I rgb_led_ctl: type=1400 audit(0.0:540): avc: denied { write } for name="spidev1.0" dev="tmpfs" ino=2489 scontext=u:r:init:s0 tcontext=u:object_r:device:s0 tclass=chr_file permissive=1
05-29 10:20:04.964 1674 1674 I rgb_led_ctl: type=1400 audit(0.0:541): avc: denied { open } for path="/dev/spidev1.0" dev="tmpfs" ino=2489 scontext=u:r:init:s0 tcontext=u:object_r:device:s0 tclass=chr_file permissive=1
05-29 10:20:04.968 1674 1674 I rgb_led_ctl: type=1400 audit(0.0:542): avc: denied { ioctl } for path="/dev/spidev1.0" dev="tmpfs" ino=2489 ioctlcmd=0x6b01 scontext=u:r:init:s0 tcontext=u:object_r:device:s0 tclass=chr_file permissive=1
05-29 10:20:05.016 1678 1678 I pm : type=1400 audit(0.0:543): avc: denied { write search } for name="tmp" dev="mmcblk0p25" ino=85 scontext=u:r:preinstall:s0 tcontext=u:object_r:shell_data_file:s0 tclass=dir permissive=1
01-01 08:00:27.295 1678 1678 W audit : audit_lost=113 audit_rate_limit=5 audit_backlog_limit=64
01-01 08:00:27.295 1678 1678 E audit : rate limit exceeded
05-29 10:20:04.958 1648 1648 D CompatibilityChangeReporter: Compat change id reported: 171979766; UID 10055; state: ENABLED
05-29 10:20:05.005 1099 1124 I OpenGLRenderer: Davey! duration=9223372011743ms; Flags=0, FrameTimelineVsyncId=677, IntendedVsync=25111286289, Vsync=25111286289, InputEventId=0, HandleInputStart=25111841678, AnimationStart=25111846136, PerformTraversalsStart=25112165386, DrawStart=25112854678, FrameDeadline=25144619621, FrameInterval=25111827261, FrameStartTime=16666666, SyncQueued=25113290011, SyncStart=25113423344, IssueDrawCommandsStart=25113904386, SwapBuffers=25183130511, FrameCompleted=9223372036854775807, DequeueBufferDuration=43375, QueueBufferDuration=2052875, GpuCompleted=9223372036854775807, SwapBuffersCompleted=25185951386, DisplayPresentTime=0,
05-29 10:20:05.022 1099 1121 I OpenGLRenderer: Davey! duration=9223372011669ms; Flags=0, FrameTimelineVsyncId=678, IntendedVsync=25127952947, Vsync=25127952947, InputEventId=0, HandleInputStart=25128774636, AnimationStart=25128778719, PerformTraversalsStart=25129066219, DrawStart=25129175261, FrameDeadline=25161286279, FrameInterval=25128762136, FrameStartTime=16666666, SyncQueued=25129237928, SyncStart=25186109761, IssueDrawCommandsStart=25189983761, SwapBuffers=25193466344, FrameCompleted=9223372036854775807, DequeueBufferDuration=49458, QueueBufferDuration=2569625, GpuCompleted=9223372036854775807, SwapBuffersCompleted=25200712511, DisplayPresentTime=0,
05-29 10:20:05.049 1099 1121 I OpenGLRenderer: Davey! duration=9223372011698ms; Flags=0, FrameTimelineVsyncId=679, IntendedVsync=25144619605, Vsync=25177952937, InputEventId=1020194541, HandleInputStart=25187150303, AnimationStart=25189517969, PerformTraversalsStart=25189766344, DrawStart=25189886094, FrameDeadline=25177952937, FrameInterval=25187133469, FrameStartTime=16666666, SyncQueued=25189934511, SyncStart=25201187303, IssueDrawCommandsStart=25203353386, SwapBuffers=25206373761, FrameCompleted=9223372036854775807, DequeueBufferDuration=48083, QueueBufferDuration=8471542, GpuCompleted=9223372036854775807, SwapBuffersCompleted=25215971928, DisplayPresentTime=0,
05-29 10:20:05.053 1099 1124 I OpenGLRenderer: Davey! duration=9223372011646ms; Flags=0, FrameTimelineVsyncId=683, IntendedVsync=25194621027, Vsync=25194621027, InputEventId=0, HandleInputStart=25202116844, AnimationStart=25202163678, PerformTraversalsStart=25202425928, DrawStart=25202546844, FrameDeadline=25227954359, FrameInterval=25202109303, FrameStartTime=16666666, SyncQueued=25202608803, SyncStart=25216562261, IssueDrawCommandsStart=25217710136, SwapBuffers=25220535844, FrameCompleted=9223372036854775807, DequeueBufferDuration=40792, QueueBufferDuration=10034708, GpuCompleted=9223372036854775807, SwapBuffersCompleted=25231673136, DisplayPresentTime=0,
05-29 10:20:05.056 832 832 I wpa_supplicant: wlan0: WPA: RX message 1 of 4-Way Handshake from 58:c7:ac:78:f0:10 (ver=2)
05-29 10:20:05.058 832 832 I wpa_supplicant: wlan0: WPA: Sending EAPOL-Key 2/4
05-29 10:20:05.065 832 832 I wpa_supplicant: wlan0: WPA: RX message 3 of 4-Way Handshake from 58:c7:ac:78:f0:10 (ver=2)
05-29 10:20:05.065 832 832 I wpa_supplicant: wlan0: WPA: Sending EAPOL-Key 4/4
05-29 10:20:05.070 1327 1327 D RockyReceiver: action: android.net.wifi.STATE_CHANGE
05-29 10:20:05.074 832 832 I wpa_supplicant: wlan0: WPA: Key negotiation completed with 58:c7:ac:78:f0:10 [PTK=CCMP GTK=TKIP]
05-29 10:20:05.074 832 832 I wpa_supplicant: wlan0: CTRL-EVENT-CONNECTED - Connection to 58:c7:ac:78:f0:10 completed [id=0 id_str=%7B%22configKey%22%3A%22%5C%22DB-machines5G%5C%22WPA_PSK%22%2C%22creatorUid%22%3A%221000%22%7D]
05-29 10:20:05.075 476 1390 E ConnectivityService: Exception = android.content.pm.PackageManager$NameNotFoundException: android.net.cts
05-29 10:20:05.090 1099 1351 I OpenGLRenderer: Davey! duration=9223372011629ms; Flags=0, FrameTimelineVsyncId=685, IntendedVsync=25211287717, Vsync=25211287717, InputEventId=0, HandleInputStart=25217294469, AnimationStart=25217296803, PerformTraversalsStart=25217525303, DrawStart=25217633386, FrameDeadline=25244621049, FrameInterval=25217284678, FrameStartTime=16666666, SyncQueued=25217688969, SyncStart=25231793344, IssueDrawCommandsStart=25233455094, SwapBuffers=25249158928, FrameCompleted=9223372036854775807, DequeueBufferDuration=10956958, QueueBufferDuration=4682584, GpuCompleted=9223372036854775807, SwapBuffersCompleted=25254882761, DisplayPresentTime=0,
05-29 10:20:05.090 1099 1351 I OpenGLRenderer: Davey! duration=9223372011605ms; Flags=0, FrameTimelineVsyncId=687, IntendedVsync=25227958016, Vsync=25227958016, InputEventId=0, HandleInputStart=25232763844, AnimationStart=25232767719, PerformTraversalsStart=25233226511, DrawStart=25233345594, FrameDeadline=25261291348, FrameInterval=25232751844, FrameStartTime=16666666, SyncQueued=25233411678, SyncStart=25254998844, IssueDrawCommandsStart=25256352469, SwapBuffers=25259484969, FrameCompleted=9223372036854775807, DequeueBufferDuration=53125, QueueBufferDuration=15641667, GpuCompleted=9223372036854775807, SwapBuffersCompleted=25278118844, DisplayPresentTime=0,
05-29 10:20:05.094 756 873 I Tethering: adding IpServer for: wlan0
05-29 10:20:05.095 1648 1648 D nativeloader: classloader namespace configured for unbundled product apk. library_path=/product/priv-app/OneTimeInitializer/lib/arm:/product/lib:/system/product/lib
05-29 10:20:05.098 476 519 I EthernetTracker: interfaceLinkStateChanged, iface: wlan0, up: true
05-29 10:20:05.098 476 519 W PppoeNetworkFactory: interfaceLinkStateChanged
05-29 10:20:05.099 476 519 D PppoeNetworkFactory: updateInterface: mIface: mPhyIface:eth0 iface:wlan0 link:up
05-29 10:20:05.099 476 519 D PppoeNetworkFactory: not tracker interface
05-29 10:20:05.141 476 499 I WifiService: updateInterfaceIpState uid=1073
05-29 10:20:05.150 1327 1327 D RockyReceiver: action: android.net.wifi.STATE_CHANGE
05-29 10:20:05.154 1099 1685 I OpenGLRenderer: Davey! duration=9223372011552ms; Flags=0, FrameTimelineVsyncId=694, IntendedVsync=25294625285, Vsync=25294625285, InputEventId=0, HandleInputStart=25302672219, AnimationStart=25302677803, PerformTraversalsStart=25303003761, DrawStart=25303118928, FrameDeadline=25327958617, FrameInterval=25302654428, FrameStartTime=16666666, SyncQueued=25303189469, SyncStart=25311170719, IssueDrawCommandsStart=25313244844, SwapBuffers=25335053761, FrameCompleted=9223372036854775807, DequeueBufferDuration=2066500, QueueBufferDuration=3170834, GpuCompleted=9223372036854775807, SwapBuffersCompleted=25339085011, DisplayPresentTime=0,
05-29 10:20:05.155 476 607 W BestClock: java.time.DateTimeException: Missing NTP fix
05-29 10:20:05.159 476 499 E ConnectivityService: Exception = android.content.pm.PackageManager$NameNotFoundException: android.net.cts
05-29 10:20:05.161 1648 1648 V GraphicsEnvironment: ANGLE Developer option for 'com.android.onetimeinitializer' set to: 'default'
05-29 10:20:05.161 1648 1648 V GraphicsEnvironment: Neither updatable production driver nor prerelease driver is supported.
05-29 10:20:05.169 1648 1648 D NetworkSecurityConfig: No Network Security Config specified, using platform default
05-29 10:20:05.170 1648 1648 D NetworkSecurityConfig: No Network Security Config specified, using platform default
05-29 10:20:05.172 1648 1648 V OneTimeInitializerReceiver: OneTimeInitializerReceiver.onReceive
05-29 10:20:05.177 476 610 D ConnectivityService: registerNetworkAgent NetworkAgentInfo{network{100} handle{432902426637} ni{WIFI CONNECTING extra: } Score(60 ; KeepConnected : 0 ; Policies : IS_UNMETERED) lp{{LinkAddresses: [ ] DnsAddresses: [ ] Domains: null MTU: 0 Routes: [ ]}} nc{[ Transports: WIFI Capabilities: NOT_METERED&INTERNET&NOT_RESTRICTED&TRUSTED&NOT_VPN&NOT_ROAMING&FOREGROUND&NOT_CONGESTED&NOT_SUSPENDED&NOT_VCN_MANAGED LinkUpBandwidth>=866000Kbps LinkDnBandwidth>=866000Kbps Specifier: TransportInfo: OwnerUid: 1000 AdminUids: [1000] SSID: "DB-machines5G"]}}
05-29 10:20:05.188 476 499 I ActivityManager: com.android.packageinstaller is exempt from freezer
05-29 10:20:05.188 476 499 D CompatibilityChangeReporter: Compat change id reported: 135634846; UID 1000; state: DISABLED
05-29 10:20:05.195 832 832 E wpa_supplicant: nl80211: kernel reports: unexpected nested data
05-29 10:20:05.215 1327 1327 D RockyReceiver: action: android.net.wifi.STATE_CHANGE
05-29 10:20:05.217 476 812 E ConnectivityService: Exception = android.content.pm.PackageManager$NameNotFoundException: android.net.cts
05-29 10:20:05.223 247 247 D Zygote : Forked child process 1711
05-29 10:20:05.225 476 540 I ActivityManager: app.processName = com.android.packageinstaller
05-29 10:20:05.225 476 540 I ActivityManager: Start proc 1711:com.android.packageinstaller/1000 for broadcast {com.android.packageinstaller/com.android.packageinstaller.TemporaryFileManager}
05-29 10:20:05.229 1711 1711 I Zygote : seccomp disabled by setenforce 0
05-29 10:20:05.232 476 607 W BestClock: java.time.DateTimeException: Missing NTP fix
05-29 10:20:05.271 476 608 W BestClock: java.time.DateTimeException: Missing NTP fix
05-29 10:20:05.271 476 608 W BestClock: java.time.DateTimeException: Missing NTP fix
05-29 10:20:05.275 388 412 I adbd : jdwp connection from 1711
05-29 10:20:05.285 664 664 E WifiHAL : wifi_get_packet_filter_capabilities: requestResponse() error: -3
05-29 10:20:05.285 664 664 I WifiHAL : Packet filtering is not supprted
05-29 10:20:05.325 476 812 D CompatibilityChangeReporter: Compat change id reported: 168419799; UID 1000; state: DISABLED
05-29 10:20:05.345 476 521 W IorapForwardingService: No service published for: iorapd
05-29 10:20:05.351 664 664 E WifiHAL : wifi_get_link_stats: requestResponse Error:-5
05-29 10:20:05.353 476 610 E WifiVendorHal: getWifiLinkLayerStats_1_5_Internal(l.1191) failed {.code = ERROR_INVALID_ARGS, .description = }
05-29 10:20:05.360 1711 1711 D CompatibilityChangeReporter: Compat change id reported: 171979766; UID 1000; state: ENABLED
05-29 10:20:05.361 1128 1128 D aaa : LedStatusService onStartCommand begin
05-29 10:20:05.365 1186 1186 D bbb : onStartCommand begin !!!!!!! data分区剩余 24603MB
05-29 10:20:05.367 476 812 D CompatibilityChangeReporter: Compat change id reported: 171306433; UID 1073; state: ENABLED
05-29 10:20:05.374 1128 1746 D aaa : topPkg is -------------- :com.dangbei.leard.leradlauncher
05-29 10:20:05.385 476 499 D CompatibilityChangeReporter: Compat change id reported: 171306433; UID 1000; state: ENABLED
05-29 10:20:05.414 664 664 E WifiHAL : wifi_get_link_stats: requestResponse Error:-5
05-29 10:20:05.417 476 610 E WifiVendorHal: getWifiLinkLayerStats_1_5_Internal(l.1191) failed {.code = ERROR_INVALID_ARGS, .description = }
05-29 10:20:05.422 476 617 D ConnectivityService: [100 WIFI] EVENT_NETWORK_INFO_CHANGED, going from CONNECTING to CONNECTING
05-29 10:20:05.453 1099 1121 I OpenGLRenderer: Davey! duration=9223372011540ms; Flags=0, FrameTimelineVsyncId=696, IntendedVsync=25311292063, Vsync=25477958723, InputEventId=0, HandleInputStart=25488214345, AnimationStart=25488218470, PerformTraversalsStart=25488633428, DrawStart=25570411720, FrameDeadline=25344625395, FrameInterval=25488199636, FrameStartTime=16666666, SyncQueued=25575710386, SyncStart=25578495928, IssueDrawCommandsStart=25579336303, SwapBuffers=25629555970, FrameCompleted=9223372036854775807, DequeueBufferDuration=47875, QueueBufferDuration=1459000, GpuCompleted=9223372036854775807, SwapBuffersCompleted=25632227303, DisplayPresentTime=0,
05-29 10:20:05.455 476 610 D WifiService: updateInterfaceIpState: ifaceName=wlan0 mode=-1 previous LOHS mode= -1
05-29 10:20:05.457 476 617 D ConnectivityService: NetReassign [no changes]
05-29 10:20:05.466 1099 1441 D hq : NetWorkStateReceiver:::检查网络,并且持续更新 isConnect=false
05-29 10:20:05.467 476 617 D ConnectivityService: NetReassign [no changes]
05-29 10:20:05.504 1099 1121 I OpenGLRenderer: Davey! duration=9223372011334ms; Flags=0, FrameTimelineVsyncId=700, IntendedVsync=25494625137, Vsync=25594625133, InputEventId=0, HandleInputStart=25605084511, AnimationStart=25605089136, PerformTraversalsStart=25605281553, DrawStart=25605877720, FrameDeadline=25527958469, FrameInterval=25605067678, FrameStartTime=16666666, SyncQueued=25606368303, SyncStart=25632359178, IssueDrawCommandsStart=25633599011, SwapBuffers=25672699345, FrameCompleted=9223372036854775807, DequeueBufferDuration=49166, QueueBufferDuration=2575833, GpuCompleted=9223372036854775807, SwapBuffersCompleted=25688754803, DisplayPresentTime=0,
05-29 10:20:05.512 476 610 E WifiVendorHal: configureNeighborDiscoveryOffload(l.2704) failed {.code = ERROR_INVALID_ARGS, .description = }
05-29 10:20:05.525 1711 1711 V GraphicsEnvironment: ANGLE Developer option for 'com.android.packageinstaller' set to: 'default'
05-29 10:20:05.525 1711 1711 V GraphicsEnvironment: Neither updatable production driver nor prerelease driver is supported.
05-29 10:20:05.537 1099 1121 I OpenGLRenderer: Davey! duration=9223372011235ms; Flags=0, FrameTimelineVsyncId=702, IntendedVsync=25611292415, Vsync=25627959081, InputEventId=0, HandleInputStart=25635314678, AnimationStart=25635318470, PerformTraversalsStart=25635588345, DrawStart=25676969886, FrameDeadline=25644625747, FrameInterval=25635299553, FrameStartTime=16666666, SyncQueued=25680848886, SyncStart=25688940220, IssueDrawCommandsStart=25691789886, SwapBuffers=25714438261, FrameCompleted=9223372036854775807, DequeueBufferDuration=60458, QueueBufferDuration=1828333, GpuCompleted=9223372036854775807, SwapBuffersCompleted=25717373636, DisplayPresentTime=0,
05-29 10:20:05.546 1711 1711 D NetworkSecurityConfig: No Network Security Config specified, using platform default
05-29 10:20:05.547 1711 1711 D NetworkSecurityConfig: No Network Security Config specified, using platform default
05-29 10:20:05.554 1099 1121 I OpenGLRenderer: Davey! duration=9223372011205ms; Flags=0, FrameTimelineVsyncId=705, IntendedVsync=25644625923, Vsync=25694625921, InputEventId=0, HandleInputStart=25697440595, AnimationStart=25697445386, PerformTraversalsStart=25697786970, DrawStart=25697940136, FrameDeadline=25677959255, FrameInterval=25697425261, FrameStartTime=16666666, SyncQueued=25712594303, SyncStart=25717545220, IssueDrawCommandsStart=25722878053, SwapBuffers=25732635553, FrameCompleted=9223372036854775807, DequeueBufferDuration=69750, QueueBufferDuration=2490875, GpuCompleted=9223372036854775807, SwapBuffersCompleted=25740783678, DisplayPresentTime=0,
05-29 10:20:05.598 476 617 D ConnectivityService: Adding iface wlan0 to network 100
05-29 10:20:05.598 246 729 E Netd : no such netId 100
05-29 10:20:05.601 476 617 W ConnectivityService: Exception adding interface: android.os.ServiceSpecificException: Machine is not on the network (code 64)
05-29 10:20:05.604 246 729 E Netd : no such netId 100
05-29 10:20:05.613 476 617 W BestClock: java.time.DateTimeException: Missing NTP fix
05-29 10:20:05.615 476 1390 D CompatibilityChangeReporter: Compat change id reported: 135634846; UID 10073; state: DISABLED
05-29 10:20:05.615 476 1390 D CompatibilityChangeReporter: Compat change id reported: 177438394; UID 10073; state: DISABLED
05-29 10:20:05.615 476 1390 D CompatibilityChangeReporter: Compat change id reported: 135772972; UID 10073; state: DISABLED
05-29 10:20:05.616 476 1390 D CompatibilityChangeReporter: Compat change id reported: 135754954; UID 10073; state: DISABLED
05-29 10:20:05.617 476 540 D CompatibilityChangeReporter: Compat change id reported: 143937733; UID 10073; state: DISABLED
05-29 10:20:05.634 1099 1439 D AppManager: checkLocalAppsIsValid: size
05-29 10:20:05.635 1099 1439 D AppManager: AppManager resetData:
05-29 10:20:05.644 247 247 D Zygote : Forked child process 1761
05-29 10:20:05.651 476 540 I ActivityManager: app.processName = com.android.permissioncontroller
05-29 10:20:05.651 476 540 I ActivityManager: Start proc 1761:com.android.permissioncontroller/u0a73 for broadcast {com.android.permissioncontroller/com.android.permissioncontroller.permission.service.LocationAccessCheck$SetupPeriodicBackgroundLocationAccessCheck}
05-29 10:20:05.657 1761 1761 I Zygote : seccomp disabled by setenforce 0
05-29 10:20:05.677 476 617 W BestClock: java.time.DateTimeException: Missing NTP fix
05-29 10:20:05.680 476 494 I system_server: Background concurrent copying GC freed 166490(7268KB) AllocSpace objects, 52(2020KB) LOS objects, 49% free, 12MB/24MB, paused 1.265ms total 1.481s
05-29 10:20:05.738 476 608 W BestClock: java.time.DateTimeException: Missing NTP fix
05-29 10:20:05.739 476 608 W BestClock: java.time.DateTimeException: Missing NTP fix
05-29 10:20:05.755 756 952 W rkstack.proces: Verification of android.net.dhcp.DhcpPacket android.net.dhcp.DhcpPacket.decodeFullPacket(java.nio.ByteBuffer, int, byte[]) took 120.306ms (10589.65 bytecodes/s) (20768B approximate peak alloc)
05-29 10:20:05.769 388 412 I adbd : jdwp connection from 1761
05-29 10:20:05.773 1099 1685 I OpenGLRenderer: Davey! duration=9223372010908ms; Flags=0, FrameTimelineVsyncId=731, IntendedVsync=25944617169, Vsync=25944617169, InputEventId=970965674, HandleInputStart=25945231303, AnimationStart=25948727011, PerformTraversalsStart=25948815220, DrawStart=25949244011, FrameDeadline=25961283835, FrameInterval=25945218053, FrameStartTime=16666666, SyncQueued=25949658928, SyncStart=25951269761, IssueDrawCommandsStart=25952209511, SwapBuffers=25957453220, FrameCompleted=9223372036854775807, DequeueBufferDuration=54167, QueueBufferDuration=4247833, GpuCompleted=9223372036854775807, SwapBuffersCompleted=25962685220, DisplayPresentTime=0,
05-29 10:20:05.786 1099 1685 I OpenGLRenderer: Davey! duration=9223372010893ms; Flags=0, FrameTimelineVsyncId=733, IntendedVsync=25961283682, Vsync=25961283682, InputEventId=0, HandleInputStart=25962029428, AnimationStart=25962075345, PerformTraversalsStart=25962309928, DrawStart=25965840345, FrameDeadline=25994617014, FrameInterval=25962015011, FrameStartTime=16666666, SyncQueued=25967139553, SyncStart=25967345553, IssueDrawCommandsStart=25968272261, SwapBuffers=25974712136, FrameCompleted=9223372036854775807, DequeueBufferDuration=50875, QueueBufferDuration=2066833, GpuCompleted=9223372036854775807, SwapBuffersCompleted=25977609720, DisplayPresentTime=0,
05-29 10:20:05.787 476 599 I InputReader: Detected input event buffer overrun for device Logitech G102 LIGHTSYNC Gaming Mouse.
05-29 10:20:05.820 1099 1685 I OpenGLRenderer: Davey! duration=9223372010876ms; Flags=0, FrameTimelineVsyncId=735, IntendedVsync=25977950460, Vsync=25977950460, InputEventId=0, HandleInputStart=25979673011, AnimationStart=25979677595, PerformTraversalsStart=25980155970, DrawStart=25984147970, FrameDeadline=26011283792, FrameInterval=25979662970, FrameStartTime=16666666, SyncQueued=25985790720, SyncStart=25985965803, IssueDrawCommandsStart=25986793553, SwapBuffers=25998798220, FrameCompleted=9223372036854775807, DequeueBufferDuration=48792, QueueBufferDuration=1200167, GpuCompleted=9223372036854775807, SwapBuffersCompleted=26000811928, DisplayPresentTime=0,
05-29 10:20:05.820 664 664 E WifiHAL : wifi_get_link_stats: requestResponse Error:-5
05-29 10:20:05.822 476 610 E WifiVendorHal: getWifiLinkLayerStats_1_5_Internal(l.1191) failed {.code = ERROR_INVALID_ARGS, .description = }
05-29 10:20:05.834 476 1391 D CompatibilityChangeReporter: Compat change id reported: 168419799; UID 10073; state: DISABLED
05-29 10:20:05.842 1099 1122 I OpenGLRenderer: Davey! duration=9223372010855ms; Flags=0, FrameTimelineVsyncId=737, IntendedVsync=25994617230, Vsync=25994617230, InputEventId=707483965, HandleInputStart=25995272595, AnimationStart=25995276386, PerformTraversalsStart=25995486428, DrawStart=25995669386, FrameDeadline=26027950562, FrameInterval=25995261928, FrameStartTime=16666666, SyncQueued=25996288595, SyncStart=26000993136, IssueDrawCommandsStart=26001930386, SwapBuffers=26008565011, FrameCompleted=9223372036854775807, DequeueBufferDuration=45625, QueueBufferDuration=12033000, GpuCompleted=9223372036854775807, SwapBuffersCompleted=26021547720, DisplayPresentTime=0,
05-29 10:20:05.848 1784 1784 I rgb_led_ctl: type=1400 audit(0.0:575): avc: denied { write } for name="spidev1.0" dev="tmpfs" ino=2489 scontext=u:r:init:s0 tcontext=u:object_r:device:s0 tclass=chr_file permissive=1
05-29 10:20:05.848 1784 1784 I rgb_led_ctl: type=1400 audit(0.0:576): avc: denied { open } for path="/dev/spidev1.0" dev="tmpfs" ino=2489 scontext=u:r:init:s0 tcontext=u:object_r:device:s0 tclass=chr_file permissive=1
05-29 10:20:05.848 1784 1784 I rgb_led_ctl: type=1400 audit(0.0:577): avc: denied { ioctl } for path="/dev/spidev1.0" dev="tmpfs" ino=2489 ioctlcmd=0x6b01 scontext=u:r:init:s0 tcontext=u:object_r:device:s0 tclass=chr_file permissive=1
05-29 10:20:05.864 476 476 I Binder:476_D: type=1400 audit(0.0:578): avc: denied { call } for scontext=u:r:system_server:s0 tcontext=u:r:preinstall:s0 tclass=binder permissive=1
05-29 10:20:05.872 1761 1761 D CompatibilityChangeReporter: Compat change id reported: 171979766; UID 10073; state: DISABLED
05-29 10:20:05.875 1099 1685 I OpenGLRenderer: Davey! duration=9223372010842ms; Flags=0, FrameTimelineVsyncId=739, IntendedVsync=26011284098, Vsync=26011284098, InputEventId=25075203, HandleInputStart=26013908720, AnimationStart=26020837636, PerformTraversalsStart=26020916511, DrawStart=26021113803, FrameDeadline=26044617430, FrameInterval=26013898220, FrameStartTime=16666666, SyncQueued=26024486720, SyncStart=26025926970, IssueDrawCommandsStart=26026689386, SwapBuffers=26038683386, FrameCompleted=9223372036854775807, DequeueBufferDuration=45084, QueueBufferDuration=1378375, GpuCompleted=9223372036854775807, SwapBuffersCompleted=26048384553, DisplayPresentTime=0,
05-29 10:20:05.891 1761 1761 D ApplicationLoaders: Returning zygote-cached class loader: /system/framework/android.test.base.jar
05-29 10:20:05.903 756 952 D DhcpClient: l2key: Wfb42ab3948c4e164 lease address: /192.168.3.132 lease expiry: 1748512708191 current time: 1748485205901
05-29 10:20:05.905 1099 1685 I OpenGLRenderer: Davey! duration=9223372010821ms; Flags=0, FrameTimelineVsyncId=741, IntendedVsync=26027950663, Vsync=26027950663, InputEventId=886204453, HandleInputStart=26040100886, AnimationStart=26041761345, PerformTraversalsStart=26041841011, DrawStart=26042309803, FrameDeadline=26061283995, FrameInterval=26040087261, FrameStartTime=16666666, SyncQueued=26042955720, SyncStart=26048590386, IssueDrawCommandsStart=26049578011, SwapBuffers=26057811761, FrameCompleted=9223372036854775807, DequeueBufferDuration=40209, QueueBufferDuration=2537458, GpuCompleted=9223372036854775807, SwapBuffersCompleted=26091072012, DisplayPresentTime=0,
