05-29 10:19:57.125 832 832 D wpa_supplicant: nl80211: Create interface iftype 10 (P2P_DEVICE)
05-29 10:19:57.125 832 832 D wpa_supplicant: nl80211: New P2P Device interface p2p-dev-wlan0 (0x3) created
05-29 10:19:57.126 832 832 D wpa_supplicant: Override interface parameter: ctrl_interface ('/data/vendor/wifi/wpa/sockets' -> '/data/vendor/wifi/wpa/sockets')
05-29 10:19:57.126 832 832 D wpa_supplicant: Initializing interface 'p2p-dev-wlan0' conf '/data/vendor/wifi/wpa/wpa_supplicant.conf' driver 'nl80211' ctrl_interface '/data/vendor/wifi/wpa/sockets' bridge 'N/A'
05-29 10:19:57.126 832 832 D wpa_supplicant: Configuration file '/data/vendor/wifi/wpa/wpa_supplicant.conf' -> '/data/vendor/wifi/wpa/wpa_supplicant.conf'
05-29 10:19:57.126 832 832 D wpa_supplicant: Reading configuration file '/data/vendor/wifi/wpa/wpa_supplicant.conf'
05-29 10:19:57.126 832 832 D wpa_supplicant: update_config=1
05-29 10:19:57.126 832 832 D wpa_supplicant: eapol_version=1
05-29 10:19:57.126 832 832 D wpa_supplicant: ap_scan=1
05-29 10:19:57.126 832 832 D wpa_supplicant: fast_reauth=1
05-29 10:19:57.126 832 832 D wpa_supplicant: pmf=1
05-29 10:19:57.126 832 832 D wpa_supplicant: p2p_add_cli_chan=1
05-29 10:19:57.126 832 832 D wpa_supplicant: oce=1
05-29 10:19:57.126 832 832 D wpa_supplicant: sae_pwe=2
05-29 10:19:57.127 832 832 D wpa_supplicant: nl80211: Supported cipher 00-0f-ac:1
05-29 10:19:57.127 364 473 I Codec2InfoBuilder: adding type 'audio/opus'
05-29 10:19:57.127 832 832 D wpa_supplicant: nl80211: Supported cipher 00-0f-ac:5
05-29 10:19:57.127 832 832 D wpa_supplicant: nl80211: Supported cipher 00-0f-ac:2
05-29 10:19:57.127 832 832 D wpa_supplicant: nl80211: Supported cipher 00-0f-ac:4
05-29 10:19:57.127 832 832 D wpa_supplicant: nl80211: Supported cipher 00-14-72:1
05-29 10:19:57.127 832 832 D wpa_supplicant: nl80211: Supported cipher 00-0f-ac:6
05-29 10:19:57.127 832 832 D wpa_supplicant: nl80211: Supported cipher 00-0f-ac:255
05-29 10:19:57.127 832 832 D wpa_supplicant: nl80211: Supported vendor command: vendor_id=0x1374 subcmd=9
05-29 10:19:57.127 832 832 D wpa_supplicant: nl80211: Supported vendor command: vendor_id=0x1374 subcmd=12
05-29 10:19:57.127 832 832 D wpa_supplicant: nl80211: Supported vendor command: vendor_id=0x1374 subcmd=14
05-29 10:19:57.127 832 832 D wpa_supplicant: nl80211: Supported vendor command: vendor_id=0x1374 subcmd=15
05-29 10:19:57.127 832 832 D wpa_supplicant: nl80211: Supported vendor command: vendor_id=0x1374 subcmd=16
05-29 10:19:57.127 832 832 D wpa_supplicant: nl80211: Supported vendor command: vendor_id=0x1374 subcmd=20
05-29 10:19:57.127 832 832 D wpa_supplicant: nl80211: Supported vendor command: vendor_id=0x1a11 subcmd=6
05-29 10:19:57.127 832 832 D wpa_supplicant: nl80211: Supported vendor command: vendor_id=0x1374 subcmd=21
05-29 10:19:57.127 832 832 D wpa_supplicant: nl80211: Supported vendor command: vendor_id=0x1374 subcmd=22
05-29 10:19:57.127 832 832 D wpa_supplicant: nl80211: Supported vendor command: vendor_id=0x1374 subcmd=23
05-29 10:19:57.127 376 840 V C2Store : in init
05-29 10:19:57.127 832 832 D wpa_supplicant: nl80211: Supported vendor command: vendor_id=0x1374 subcmd=24
05-29 10:19:57.127 832 832 D wpa_supplicant: nl80211: Supported vendor command: vendor_id=0x1374 subcmd=29
05-29 10:19:57.127 376 840 V C2Store : loading dll
05-29 10:19:57.127 832 832 D wpa_supplicant: nl80211: Supported vendor command: vendor_id=0x1374 subcmd=30
05-29 10:19:57.127 832 832 D wpa_supplicant: nl80211: Supported vendor command: vendor_id=0x1374 subcmd=32
05-29 10:19:57.127 832 832 D wpa_supplicant: nl80211: Supported vendor command: vendor_id=0x1374 subcmd=33
05-29 10:19:57.127 832 832 D wpa_supplicant: nl80211: Supported vendor command: vendor_id=0x1374 subcmd=38
05-29 10:19:57.127 832 832 D wpa_supplicant: nl80211: Supported vendor command: vendor_id=0x1374 subcmd=39
05-29 10:19:57.127 832 832 D wpa_supplicant: nl80211: Supported vendor command: vendor_id=0x1374 subcmd=42
05-29 10:19:57.127 832 832 D wpa_supplicant: nl80211: Supported vendor command: vendor_id=0x1374 subcmd=55
05-29 10:19:57.127 832 832 D wpa_supplicant: nl80211: Supported vendor command: vendor_id=0x1374 subcmd=61
05-29 10:19:57.127 832 832 D wpa_supplicant: nl80211: Supported vendor command: vendor_id=0x1374 subcmd=62
05-29 10:19:57.127 832 832 D wpa_supplicant: nl80211: Supported vendor command: vendor_id=0x1374 subcmd=63
05-29 10:19:57.127 832 832 D wpa_supplicant: nl80211: Supported vendor command: vendor_id=0x1374 subcmd=64
05-29 10:19:57.127 832 832 D wpa_supplicant: nl80211: Supported vendor command: vendor_id=0x1374 subcmd=65
05-29 10:19:57.127 832 832 D wpa_supplicant: nl80211: Supported vendor command: vendor_id=0x1374 subcmd=66
05-29 10:19:57.127 832 832 D wpa_supplicant: nl80211: Supported vendor command: vendor_id=0x1374 subcmd=69
05-29 10:19:57.127 832 832 D wpa_supplicant: nl80211: Supported vendor command: vendor_id=0x1374 subcmd=70
05-29 10:19:57.128 832 832 D wpa_supplicant: nl80211: Supported vendor command: vendor_id=0x1374 subcmd=71
05-29 10:19:57.128 832 832 D wpa_supplicant: nl80211: Supported vendor command: vendor_id=0x1374 subcmd=76
05-29 10:19:57.128 832 832 D wpa_supplicant: nl80211: Supported vendor command: vendor_id=0x1374 subcmd=77
05-29 10:19:57.128 832 832 D wpa_supplicant: nl80211: Supported vendor command: vendor_id=0x1374 subcmd=79
05-29 10:19:57.128 832 832 D wpa_supplicant: nl80211: Supported vendor command: vendor_id=0x1374 subcmd=80
05-29 10:19:57.128 832 832 D wpa_supplicant: nl80211: Supported vendor command: vendor_id=0x1374 subcmd=82
05-29 10:19:57.128 832 832 D wpa_supplicant: nl80211: Supported vendor command: vendor_id=0x1374 subcmd=85
05-29 10:19:57.128 832 832 D wpa_supplicant: nl80211: Supported vendor command: vendor_id=0x1374 subcmd=146
05-29 10:19:57.128 832 832 D wpa_supplicant: nl80211: Supported vendor command: vendor_id=0x1374 subcmd=12
05-29 10:19:57.128 832 832 D wpa_supplicant: nl80211: Supported vendor command: vendor_id=0x1374 subcmd=128
05-29 10:19:57.128 832 832 D wpa_supplicant: nl80211: Supported vendor command: vendor_id=0x1374 subcmd=129
05-29 10:19:57.128 832 832 D wpa_supplicant: nl80211: Supported vendor command: vendor_id=0x1374 subcmd=130
05-29 10:19:57.128 832 832 D wpa_supplicant: nl80211: Supported vendor command: vendor_id=0x1374 subcmd=133
05-29 10:19:57.128 832 832 D wpa_supplicant: nl80211: Supported vendor command: vendor_id=0x1374 subcmd=176
05-29 10:19:57.128 832 832 D wpa_supplicant: nl80211: Supported vendor event: vendor_id=0x1374 subcmd=80
05-29 10:19:57.128 832 832 D wpa_supplicant: nl80211: Supported vendor event: vendor_id=0x1374 subcmd=1
05-29 10:19:57.128 832 832 D wpa_supplicant: nl80211: Supported vendor event: vendor_id=0x1374 subcmd=1
05-29 10:19:57.128 832 832 D wpa_supplicant: nl80211: Supported vendor event: vendor_id=0x1374 subcmd=1
05-29 10:19:57.128 832 832 D wpa_supplicant: nl80211: Supported vendor event: vendor_id=0x1374 subcmd=1
05-29 10:19:57.128 832 832 D wpa_supplicant: nl80211: Supported vendor event: vendor_id=0x1374 subcmd=1
05-29 10:19:57.128 832 832 D wpa_supplicant: nl80211: Supported vendor event: vendor_id=0x1374 subcmd=20
05-29 10:19:57.128 832 832 D wpa_supplicant: nl80211: Supported vendor event: vendor_id=0x1374 subcmd=21
05-29 10:19:57.128 832 832 D wpa_supplicant: nl80211: Supported vendor event: vendor_id=0x1374 subcmd=23
05-29 10:19:57.128 832 832 D wpa_supplicant: nl80211: Supported vendor event: vendor_id=0x1374 subcmd=24
05-29 10:19:57.128 832 832 D wpa_supplicant: nl80211: Supported vendor event: vendor_id=0x1374 subcmd=25
05-29 10:19:57.128 832 832 D wpa_supplicant: nl80211: Supported vendor event: vendor_id=0x1374 subcmd=26
05-29 10:19:57.128 832 832 D wpa_supplicant: nl80211: Supported vendor event: vendor_id=0x1374 subcmd=27
05-29 10:19:57.128 832 832 D wpa_supplicant: nl80211: Supported vendor event: vendor_id=0x1374 subcmd=28
05-29 10:19:57.128 832 832 D wpa_supplicant: nl80211: Supported vendor event: vendor_id=0x1374 subcmd=41
05-29 10:19:57.128 832 832 D wpa_supplicant: nl80211: Supported vendor event: vendor_id=0x1374 subcmd=29
05-29 10:19:57.128 832 832 D wpa_supplicant: nl80211: Supported vendor event: vendor_id=0x1374 subcmd=30
05-29 10:19:57.128 832 832 D wpa_supplicant: nl80211: Supported vendor event: vendor_id=0x1374 subcmd=31
05-29 10:19:57.128 832 832 D wpa_supplicant: nl80211: Supported vendor event: vendor_id=0x1374 subcmd=32
05-29 10:19:57.128 832 832 D wpa_supplicant: nl80211: Supported vendor event: vendor_id=0x1374 subcmd=33
05-29 10:19:57.128 832 832 D wpa_supplicant: nl80211: Supported vendor event: vendor_id=0x0 subcmd=0
05-29 10:19:57.128 832 832 D wpa_supplicant: nl80211: Supported vendor event: vendor_id=0x0 subcmd=0
05-29 10:19:57.128 832 832 D wpa_supplicant: nl80211: Supported vendor event: vendor_id=0x0 subcmd=0
05-29 10:19:57.128 832 832 D wpa_supplicant: nl80211: Supported vendor event: vendor_id=0x0 subcmd=0
05-29 10:19:57.128 832 832 D wpa_supplicant: nl80211: Supported vendor event: vendor_id=0x0 subcmd=0
05-29 10:19:57.128 832 832 D wpa_supplicant: nl80211: Supported vendor event: vendor_id=0x0 subcmd=0
05-29 10:19:57.128 832 832 D wpa_supplicant: nl80211: Supported vendor event: vendor_id=0x0 subcmd=0
05-29 10:19:57.128 832 832 D wpa_supplicant: nl80211: Supported vendor event: vendor_id=0x0 subcmd=0
05-29 10:19:57.128 832 832 D wpa_supplicant: nl80211: Supported vendor event: vendor_id=0x0 subcmd=0
05-29 10:19:57.128 832 832 D wpa_supplicant: nl80211: Supported vendor event: vendor_id=0x0 subcmd=0
05-29 10:19:57.128 832 832 D wpa_supplicant: nl80211: Supported vendor event: vendor_id=0x0 subcmd=0
05-29 10:19:57.128 832 832 D wpa_supplicant: nl80211: Supported vendor event: vendor_id=0x0 subcmd=0
05-29 10:19:57.128 832 832 D wpa_supplicant: nl80211: Supported vendor event: vendor_id=0x1374 subcmd=5120
05-29 10:19:57.128 832 832 D wpa_supplicant: nl80211: Supported vendor event: vendor_id=0x0 subcmd=0
05-29 10:19:57.128 832 832 D wpa_supplicant: nl80211: Supported vendor event: vendor_id=0x0 subcmd=0
05-29 10:19:57.128 832 832 D wpa_supplicant: nl80211: Supported vendor event: vendor_id=0x0 subcmd=0
05-29 10:19:57.128 832 832 D wpa_supplicant: nl80211: Supported vendor event: vendor_id=0x0 subcmd=0
05-29 10:19:57.128 832 832 D wpa_supplicant: nl80211: Supported vendor event: vendor_id=0x0 subcmd=0
05-29 10:19:57.128 832 832 D wpa_supplicant: nl80211: Supported vendor event: vendor_id=0x0 subcmd=0
05-29 10:19:57.128 832 832 D wpa_supplicant: nl80211: Supported vendor event: vendor_id=0x0 subcmd=0
05-29 10:19:57.128 832 832 D wpa_supplicant: nl80211: Supported vendor event: vendor_id=0x0 subcmd=0
05-29 10:19:57.128 832 832 D wpa_supplicant: nl80211: Supported vendor event: vendor_id=0x0 subcmd=0
05-29 10:19:57.128 832 832 D wpa_supplicant: nl80211: Supported vendor event: vendor_id=0x0 subcmd=0
05-29 10:19:57.128 832 832 D wpa_supplicant: nl80211: Supported vendor event: vendor_id=0x0 subcmd=0
05-29 10:19:57.128 832 832 D wpa_supplicant: nl80211: Supported vendor event: vendor_id=0x0 subcmd=0
05-29 10:19:57.128 832 832 D wpa_supplicant: nl80211: Supported vendor event: vendor_id=0x0 subcmd=0
05-29 10:19:57.128 832 832 D wpa_supplicant: nl80211: Supported vendor event: vendor_id=0x0 subcmd=0
05-29 10:19:57.128 832 832 D wpa_supplicant: nl80211: Supported vendor event: vendor_id=0x0 subcmd=0
05-29 10:19:57.128 832 832 D wpa_supplicant: nl80211: Supported vendor event: vendor_id=0x0 subcmd=0
05-29 10:19:57.128 832 832 D wpa_supplicant: nl80211: Supported vendor event: vendor_id=0x0 subcmd=0
05-29 10:19:57.128 832 832 D wpa_supplicant: nl80211: Supported vendor event: vendor_id=0x0 subcmd=0
05-29 10:19:57.128 832 832 D wpa_supplicant: nl80211: Supported vendor event: vendor_id=0x0 subcmd=0
05-29 10:19:57.128 832 832 D wpa_supplicant: nl80211: Supported vendor event: vendor_id=0x0 subcmd=0
05-29 10:19:57.128 832 832 D wpa_supplicant: nl80211: Supported vendor event: vendor_id=0x0 subcmd=0
05-29 10:19:57.128 832 832 D wpa_supplicant: nl80211: Supported vendor event: vendor_id=0x0 subcmd=0
05-29 10:19:57.128 832 832 D wpa_supplicant: nl80211: Supported vendor event: vendor_id=0x0 subcmd=0
05-29 10:19:57.128 832 832 D wpa_supplicant: nl80211: Supported vendor event: vendor_id=0x0 subcmd=0
05-29 10:19:57.128 832 832 D wpa_supplicant: nl80211: Supported vendor event: vendor_id=0x0 subcmd=0
05-29 10:19:57.128 832 832 D wpa_supplicant: nl80211: Supported vendor event: vendor_id=0x0 subcmd=0
05-29 10:19:57.128 832 832 D wpa_supplicant: nl80211: Supported vendor event: vendor_id=0x0 subcmd=0
05-29 10:19:57.128 832 832 D wpa_supplicant: nl80211: Supported vendor event: vendor_id=0x0 subcmd=0
05-29 10:19:57.128 832 832 D wpa_supplicant: nl80211: Supported vendor event: vendor_id=0x0 subcmd=0
05-29 10:19:57.128 832 832 D wpa_supplicant: nl80211: Supported vendor event: vendor_id=0x0 subcmd=0
05-29 10:19:57.128 832 832 D wpa_supplicant: nl80211: Supported vendor event: vendor_id=0x0 subcmd=0
05-29 10:19:57.128 832 832 D wpa_supplicant: nl80211: Supported vendor event: vendor_id=0x1374 subcmd=131
05-29 10:19:57.128 832 832 D wpa_supplicant: nl80211: Supported vendor event: vendor_id=0x1374 subcmd=132
05-29 10:19:57.128 832 832 D wpa_supplicant: nl80211: Supported vendor event: vendor_id=0x0 subcmd=0
05-29 10:19:57.128 832 832 D wpa_supplicant: nl80211: Supported vendor event: vendor_id=0x0 subcmd=0
05-29 10:19:57.128 832 832 D wpa_supplicant: nl80211: Supported vendor event: vendor_id=0x0 subcmd=0
05-29 10:19:57.128 832 832 D wpa_supplicant: nl80211: Supported vendor event: vendor_id=0x0 subcmd=0
05-29 10:19:57.128 832 832 D wpa_supplicant: nl80211: Supported vendor event: vendor_id=0x0 subcmd=0
05-29 10:19:57.129 832 832 D wpa_supplicant: nl80211: Supported vendor event: vendor_id=0x0 subcmd=0
05-29 10:19:57.129 832 832 D wpa_supplicant: nl80211: Supported vendor event: vendor_id=0x1374 subcmd=72
05-29 10:19:57.129 832 832 D wpa_supplicant: nl80211: Use separate P2P group interface (driver advertised support)
05-29 10:19:57.129 832 832 D wpa_supplicant: nl80211: Enable multi-channel concurrent (driver advertised support)
05-29 10:19:57.129 832 832 D wpa_supplicant: nl80211: use P2P_DEVICE support
05-29 10:19:57.129 832 832 D wpa_supplicant: nl80211: key_mgmt=0xd0f enc=0x10f auth=0x7 flags=0x100100007a007ac0 rrm_flags=0x0 probe_resp_offloads=0x0 max_stations=10 max_remain_on_chan=5000 max_scan_ssids=12
05-29 10:19:57.129 832 832 D wpa_supplicant: nl80211: interface p2p-dev-wlan0 in phy phy0
05-29 10:19:57.129 832 832 D wpa_supplicant: nl80211: Set mode ifindex 0 iftype 10 (P2P_DEVICE)
05-29 10:19:57.129 832 832 D wpa_supplicant: nl80211: Failed to set interface 0 to mode 10: -22 (Invalid argument)
05-29 10:19:57.130 832 832 D wpa_supplicant: nl80211: Subscribe to mgmt frames with non-AP handle 0xec08d848
05-29 10:19:57.130 832 832 D wpa_supplicant: nl80211: Register frame type=0xb0 (WLAN_FC_STYPE_AUTH) nl_handle=0xec08d848 match=0300 multicast=0
05-29 10:19:57.130 832 832 D wpa_supplicant: nl80211: Register frame command failed (type=176): ret=-22 (Invalid argument)
05-29 10:19:57.130 832 832 D wpa_supplicant: nl80211: Register frame match - hexdump(len=2): 03 00
05-29 10:19:57.130 832 832 D wpa_supplicant: nl80211: Register frame type=0xd0 (WLAN_FC_STYPE_ACTION) nl_handle=0xec08d848 match=0104 multicast=0
05-29 10:19:57.130 832 832 D wpa_supplicant: nl80211: Register frame type=0xd0 (WLAN_FC_STYPE_ACTION) nl_handle=0xec08d848 match=040a multicast=0
05-29 10:19:57.130 832 832 D wpa_supplicant: nl80211: Register frame type=0xd0 (WLAN_FC_STYPE_ACTION) nl_handle=0xec08d848 match=040b multicast=0
05-29 10:19:57.130 832 832 D wpa_supplicant: nl80211: Register frame type=0xd0 (WLAN_FC_STYPE_ACTION) nl_handle=0xec08d848 match=040c multicast=0
05-29 10:19:57.130 832 832 D wpa_supplicant: nl80211: Register frame type=0xd0 (WLAN_FC_STYPE_ACTION) nl_handle=0xec08d848 match=040d multicast=0
05-29 10:19:57.130 832 832 D wpa_supplicant: nl80211: Register frame type=0xd0 (WLAN_FC_STYPE_ACTION) nl_handle=0xec08d848 match=090a multicast=0
05-29 10:19:57.130 832 832 D wpa_supplicant: nl80211: Register frame type=0xd0 (WLAN_FC_STYPE_ACTION) nl_handle=0xec08d848 match=090b multicast=0
05-29 10:19:57.131 832 832 D wpa_supplicant: nl80211: Register frame type=0xd0 (WLAN_FC_STYPE_ACTION) nl_handle=0xec08d848 match=090c multicast=0
05-29 10:19:57.131 832 832 D wpa_supplicant: nl80211: Register frame type=0xd0 (WLAN_FC_STYPE_ACTION) nl_handle=0xec08d848 match=090d multicast=0
05-29 10:19:57.131 832 832 D wpa_supplicant: nl80211: Register frame type=0xd0 (WLAN_FC_STYPE_ACTION) nl_handle=0xec08d848 match=0409506f9a09 multicast=0
05-29 10:19:57.131 832 832 D wpa_supplicant: nl80211: Register frame type=0xd0 (WLAN_FC_STYPE_ACTION) nl_handle=0xec08d848 match=7f506f9a09 multicast=0
05-29 10:19:57.131 832 832 D wpa_supplicant: nl80211: Register frame type=0xd0 (WLAN_FC_STYPE_ACTION) nl_handle=0xec08d848 match=0409506f9a1a multicast=0
05-29 10:19:57.132 832 832 D wpa_supplicant: nl80211: Register frame type=0xd0 (WLAN_FC_STYPE_ACTION) nl_handle=0xec08d848 match=0801 multicast=0
05-29 10:19:57.132 832 832 D wpa_supplicant: nl80211: Register frame type=0xd0 (WLAN_FC_STYPE_ACTION) nl_handle=0xec08d848 match=06 multicast=0
05-29 10:19:57.132 376 845 V C2Store : in ~ComponentModule
05-29 10:19:57.132 376 845 V C2Store : unloading dll
05-29 10:19:57.132 832 832 D wpa_supplicant: nl80211: Register frame type=0xd0 (WLAN_FC_STYPE_ACTION) nl_handle=0xec08d848 match=0a07 multicast=0
05-29 10:19:57.132 832 832 D wpa_supplicant: nl80211: Register frame type=0xd0 (WLAN_FC_STYPE_ACTION) nl_handle=0xec08d848 match=0a11 multicast=0
05-29 10:19:57.133 832 832 D wpa_supplicant: nl80211: Register frame type=0xd0 (WLAN_FC_STYPE_ACTION) nl_handle=0xec08d848 match=0a0b multicast=0
05-29 10:19:57.133 376 419 V C2Store : in ~ComponentModule
05-29 10:19:57.133 376 419 V C2Store : unloading dll
05-29 10:19:57.133 832 832 D wpa_supplicant: nl80211: Register frame type=0xd0 (WLAN_FC_STYPE_ACTION) nl_handle=0xec08d848 match=0a1a multicast=0
05-29 10:19:57.133 832 832 D wpa_supplicant: nl80211: Register frame type=0xd0 (WLAN_FC_STYPE_ACTION) nl_handle=0xec08d848 match=1101 multicast=0
05-29 10:19:57.133 832 832 D wpa_supplicant: nl80211: Register frame type=0xd0 (WLAN_FC_STYPE_ACTION) nl_handle=0xec08d848 match=1102 multicast=0
05-29 10:19:57.133 832 832 D wpa_supplicant: nl80211: Register frame type=0xd0 (WLAN_FC_STYPE_ACTION) nl_handle=0xec08d848 match=0505 multicast=0
05-29 10:19:57.133 832 832 D wpa_supplicant: nl80211: Register frame type=0xd0 (WLAN_FC_STYPE_ACTION) nl_handle=0xec08d848 match=0500 multicast=0
05-29 10:19:57.133 364 473 I Codec2InfoBuilder: adding type 'audio/raw'
05-29 10:19:57.134 832 832 D wpa_supplicant: nl80211: Register frame type=0xd0 (WLAN_FC_STYPE_ACTION) nl_handle=0xec08d848 match=1305 multicast=0
05-29 10:19:57.134 832 832 I wpa_supplicant: rfkill: Cannot get wiphy information
05-29 10:19:57.134 376 417 V C2Store : in ~ComponentModule
05-29 10:19:57.134 376 417 V C2Store : unloading dll
05-29 10:19:57.135 832 832 D wpa_supplicant: nl80211: RFKILL status not available
05-29 10:19:57.135 376 376 V C2Store : in ~ComponentModule
05-29 10:19:57.135 376 376 V C2Store : unloading dll
05-29 10:19:57.136 376 419 V C2Store : in init
05-29 10:19:57.136 376 419 V C2Store : loading dll
05-29 10:19:57.138 832 832 D wpa_supplicant: nl80211: Start P2P Device p2p-dev-wlan0 (0x3): Success
05-29 10:19:57.139 832 832 D wpa_supplicant: Add interface p2p-dev-wlan0 to existing radio phy0
05-29 10:19:57.140 832 832 D wpa_supplicant: nl80211: No channel number found for frequency 5920 MHz
05-29 10:19:57.140 832 832 D wpa_supplicant: nl80211: No channel number found for frequency 5940 MHz
05-29 10:19:57.141 832 832 D wpa_supplicant: nl80211: Regulatory information - country=CN (DFS-FCC)
05-29 10:19:57.141 832 832 D wpa_supplicant: nl80211: 2400-2483 @ 40 MHz 20 mBm
05-29 10:19:57.141 832 832 D wpa_supplicant: nl80211: 5150-5350 @ 80 MHz 20 mBm (DFS)
05-29 10:19:57.141 832 832 D wpa_supplicant: nl80211: 5725-5850 @ 80 MHz 33 mBm
05-29 10:19:57.141 832 832 D wpa_supplicant: nl80211: 57240-59400 @ 2160 MHz 28 mBm
05-29 10:19:57.141 832 832 D wpa_supplicant: nl80211: 59400-63720 @ 2160 MHz 44 mBm
05-29 10:19:57.141 832 832 D wpa_supplicant: nl80211: 63720-65880 @ 2160 MHz 28 mBm
05-29 10:19:57.141 832 832 D wpa_supplicant: nl80211: Added 802.11b mode based on 802.11g information
05-29 10:19:57.141 832 832 D wpa_supplicant: nl80211: Mode IEEE 802.11g: 2412 2417 2422 2427 2432 2437 2442 2447 2452 2457 2462 2467 2472 2484[DISABLED]
05-29 10:19:57.141 832 832 D wpa_supplicant: nl80211: Mode IEEE 802.11a: 5170[DISABLED] 5180 5200 5220 5240 5260[RADAR] 5280[RADAR] 5300[RADAR] 5320[RADAR] 5500[DISABLED][RADAR] 5520[DISABLED][RADAR] 5540[DISABLED][RADAR] 5560[DISABLED][RADAR] 5580[DISABLED][RADAR]
05-29 10:19:57.141 832 832 D wpa_supplicant: nl80211: Mode IEEE 802.11b: 2412 2417 2422 2427 2432 2437 2442 2447 2452 2457 2462 2467 2472 2484[DISABLED]
05-29 10:19:57.141 832 832 D wpa_supplicant: p2p-dev-wlan0: Own MAC address: b6:2f:03:16:18:c0
05-29 10:19:57.141 832 832 D wpa_supplicant: p2p-dev-wlan0: RSN: flushing PMKID list in the driver
05-29 10:19:57.141 832 832 D wpa_supplicant: nl80211: Flush PMKIDs
05-29 10:19:57.141 832 832 D wpa_supplicant: p2p-dev-wlan0: State: DISCONNECTED -> INACTIVE
05-29 10:19:57.141 832 832 D wpa_supplicant: p2p-dev-wlan0: WPS: UUID from the first interface: 7f8bc6c4-f711-5c9d-b18e-69d5dabb2af9
05-29 10:19:57.142 832 832 D wpa_supplicant: EAPOL: SUPP_PAE entering state DISCONNECTED
05-29 10:19:57.142 832 832 D wpa_supplicant: EAPOL: Supplicant port status: Unauthorized
05-29 10:19:57.142 832 832 D wpa_supplicant: nl80211: Skip set_supp_port(unauthorized) while not associated
05-29 10:19:57.142 832 832 D wpa_supplicant: EAPOL: KEY_RX entering state NO_KEY_RECEIVE
05-29 10:19:57.142 832 832 D wpa_supplicant: EAPOL: SUPP_BE entering state INITIALIZE
05-29 10:19:57.142 832 832 D wpa_supplicant: EAP: EAP entering state DISABLED
05-29 10:19:57.142 832 832 D wpa_supplicant: Using existing control interface directory.
05-29 10:19:57.143 832 832 D wpa_supplicant: ctrl_iface bind(PF_UNIX) failed: Address already in use
05-29 10:19:57.143 832 832 D wpa_supplicant: ctrl_iface exists, but does not allow connections - assuming it was leftover from forced program termination
05-29 10:19:57.144 364 473 I Codec2InfoBuilder: adding type 'audio/vorbis'
05-29 10:19:57.144 832 832 D wpa_supplicant: Successfully replaced leftover ctrl_iface socket '/data/vendor/wifi/wpa/sockets/p2p-dev-wlan0'
05-29 10:19:57.144 376 840 V C2Store : in init
05-29 10:19:57.144 376 840 V C2Store : loading dll
05-29 10:19:57.144 832 832 D wpa_supplicant: P2P: Add operating class 81
05-29 10:19:57.144 832 832 D wpa_supplicant: P2P: Channels - hexdump(len=13): 01 02 03 04 05 06 07 08 09 0a 0b 0c 0d
05-29 10:19:57.144 832 832 D wpa_supplicant: P2P: Add operating class 115
05-29 10:19:57.145 832 832 D wpa_supplicant: P2P: Channels - hexdump(len=4): 24 28 2c 30
05-29 10:19:57.145 832 832 D wpa_supplicant: P2P: Add operating class 116
05-29 10:19:57.145 832 832 D wpa_supplicant: P2P: Channels - hexdump(len=2): 24 2c
05-29 10:19:57.145 832 832 D wpa_supplicant: P2P: Add operating class 117
05-29 10:19:57.145 832 832 D wpa_supplicant: P2P: Channels - hexdump(len=2): 28 30
05-29 10:19:57.145 832 832 D wpa_supplicant: P2P: Add operating class 124
05-29 10:19:57.145 832 832 D wpa_supplicant: P2P: Channels - hexdump(len=4): 95 99 9d a1
05-29 10:19:57.145 832 832 D wpa_supplicant: P2P: Add operating class 125
05-29 10:19:57.145 832 832 D wpa_supplicant: P2P: Channels - hexdump(len=5): 95 99 9d a1 a5
05-29 10:19:57.145 832 832 D wpa_supplicant: P2P: Add operating class 126
05-29 10:19:57.145 832 832 D wpa_supplicant: P2P: Channels - hexdump(len=2): 95 9d
05-29 10:19:57.145 832 832 D wpa_supplicant: P2P: Add operating class 127
05-29 10:19:57.145 832 832 D wpa_supplicant: P2P: Channels - hexdump(len=2): 99 a1
05-29 10:19:57.145 832 832 D wpa_supplicant: P2P: Add operating class 128
05-29 10:19:57.145 832 832 D wpa_supplicant: P2P: Channels - hexdump(len=8): 24 28 2c 30 95 99 9d a1
05-29 10:19:57.145 832 832 D wpa_supplicant: P2P: Add operating class 130
05-29 10:19:57.145 832 832 D wpa_supplicant: P2P: Channels - hexdump(len=9): 24 28 2c 30 95 99 9d a1 a5
05-29 10:19:57.145 832 832 D wpa_supplicant: P2P: Own listen channel: 81:11
05-29 10:19:57.146 832 832 D wpa_supplicant: P2P: Random operating channel: 81:1
05-29 10:19:57.146 832 832 D wpa_supplicant: P2P: initialized
05-29 10:19:57.146 832 832 D wpa_supplicant: P2P: channels: 81:1,2,3,4,5,6,7,8,9,10,11,12,13 115:36,40,44,48 116:36,44 117:40,48 124:149,153,157,161 125:149,153,157,161,165 126:149,157 127:153,161 128:36,40,44,48,149,153,157,161 130:36,40,44,48,149,153,157,161,165
05-29 10:19:57.146 832 832 D wpa_supplicant: P2P: cli_channels:
05-29 10:19:57.146 832 832 D wpa_supplicant: MBO: Update non-preferred channels, non_pref_chan=N/A
05-29 10:19:57.146 832 832 D wpa_supplicant: Registering interface to hidl control: p2p-dev-wlan0
05-29 10:19:57.146 832 832 D wpa_supplicant: p2p-dev-wlan0: Added interface p2p-dev-wlan0
05-29 10:19:57.146 832 832 D wpa_supplicant: p2p-dev-wlan0: State: INACTIVE -> DISCONNECTED
05-29 10:19:57.146 832 832 D wpa_supplicant: nl80211: Set p2p-dev-wlan0 operstate 0->0 (DORMANT)
05-29 10:19:57.146 832 832 D wpa_supplicant: netlink: Operstate: ifindex=0 linkmode=-1 (no change), operstate=5 (IF_OPER_DORMANT)
05-29 10:19:57.146 832 832 D wpa_supplicant: p2p-dev-wlan0: Determining shared radio frequencies (max len 2)
05-29 10:19:57.146 832 832 D wpa_supplicant: p2p-dev-wlan0: Shared frequencies (len=0): completed iteration
05-29 10:19:57.146 832 832 D wpa_supplicant: P2P: Add operating class 81
05-29 10:19:57.146 832 832 D wpa_supplicant: P2P: Channels - hexdump(len=13): 01 02 03 04 05 06 07 08 09 0a 0b 0c 0d
05-29 10:19:57.146 832 832 D wpa_supplicant: P2P: Add operating class 115
05-29 10:19:57.146 832 832 D wpa_supplicant: P2P: Channels - hexdump(len=4): 24 28 2c 30
05-29 10:19:57.146 832 832 D wpa_supplicant: P2P: Add operating class 116
05-29 10:19:57.146 832 832 D wpa_supplicant: P2P: Channels - hexdump(len=2): 24 2c
05-29 10:19:57.146 832 832 D wpa_supplicant: P2P: Add operating class 117
05-29 10:19:57.146 832 832 D wpa_supplicant: P2P: Channels - hexdump(len=2): 28 30
05-29 10:19:57.146 832 832 D wpa_supplicant: P2P: Add operating class 124
05-29 10:19:57.146 832 832 D wpa_supplicant: P2P: Channels - hexdump(len=4): 95 99 9d a1
05-29 10:19:57.146 832 832 D wpa_supplicant: P2P: Add operating class 125
05-29 10:19:57.146 832 832 D wpa_supplicant: P2P: Channels - hexdump(len=5): 95 99 9d a1 a5
05-29 10:19:57.146 832 832 D wpa_supplicant: P2P: Add operating class 126
05-29 10:19:57.146 832 832 D wpa_supplicant: P2P: Channels - hexdump(len=2): 95 9d
05-29 10:19:57.146 832 832 D wpa_supplicant: P2P: Add operating class 127
05-29 10:19:57.146 832 832 D wpa_supplicant: P2P: Channels - hexdump(len=2): 99 a1
05-29 10:19:57.146 832 832 D wpa_supplicant: P2P: Add operating class 128
05-29 10:19:57.146 832 832 D wpa_supplicant: P2P: Channels - hexdump(len=8): 24 28 2c 30 95 99 9d a1
05-29 10:19:57.147 832 832 D wpa_supplicant: P2P: Add operating class 130
05-29 10:19:57.147 832 832 D wpa_supplicant: P2P: Channels - hexdump(len=9): 24 28 2c 30 95 99 9d a1 a5
05-29 10:19:57.147 832 832 D wpa_supplicant: P2P: Update channel list
05-29 10:19:57.147 832 832 D wpa_supplicant: P2P: channels: 81:1,2,3,4,5,6,7,8,9,10,11,12,13 115:36,40,44,48 116:36,44 117:40,48 124:149,153,157,161 125:149,153,157,161,165 126:149,157 127:153,161 128:36,40,44,48,149,153,157,161 130:36,40,44,48,149,153,157,161,165
05-29 10:19:57.147 832 832 D wpa_supplicant: P2P: cli_channels:
05-29 10:19:57.147 832 832 D wpa_supplicant: RTM_NEWLINK: ifi_index=14 ifname=wlan0 operstate=5 linkmode=0 ifi_family=0 ifi_flags=0x11003 ([UP][LOWER_UP])
05-29 10:19:57.147 832 832 D wpa_supplicant: RTM_NEWLINK: ifi_index=14 ifname=wlan0 operstate=5 linkmode=1 ifi_family=0 ifi_flags=0x11003 ([UP][LOWER_UP])
05-29 10:19:57.154 376 419 V C2Store : in ~ComponentModule
05-29 10:19:57.154 376 419 V C2Store : unloading dll
05-29 10:19:57.152 894 894 I Thread-2: type=1400 audit(0.0:359): avc: denied { execute } for name="am" dev="dm-1" ino=1160 scontext=u:r:system_app:s0 tcontext=u:object_r:vendor_file:s0 tclass=file permissive=1
05-29 10:19:57.152 894 894 I Thread-2: type=1400 audit(0.0:360): avc: denied { read open } for path="/vendor/xbin/am" dev="dm-1" ino=1160 scontext=u:r:system_app:s0 tcontext=u:object_r:vendor_file:s0 tclass=file permissive=1
05-29 10:19:57.156 894 894 I Thread-2: type=1400 audit(0.0:361): avc: denied { execute_no_trans } for path="/vendor/xbin/am" dev="dm-1" ino=1160 scontext=u:r:system_app:s0 tcontext=u:object_r:vendor_file:s0 tclass=file permissive=1
05-29 10:19:57.160 364 473 I Codec2InfoBuilder: adding type 'video/x-vnd.on2.vp8'
05-29 10:19:57.160 376 376 V C2Store : in init
05-29 10:19:57.161 376 376 V C2Store : loading dll
05-29 10:19:57.162 376 376 I C2SoftVp8Enc: setting temporal layering 0 + 0
05-29 10:19:57.169 376 376 I C2SoftVp8Enc: setting temporal layering 0 + 0
05-29 10:19:57.171 364 473 I Codec2InfoBuilder: adding type 'video/x-vnd.on2.vp8'
05-29 10:19:57.173 476 811 D CompatibilityChangeReporter: Compat change id reported: 171306433; UID 1000; state: ENABLED
05-29 10:19:57.174 376 845 V C2Store : in init
05-29 10:19:57.174 376 845 V C2Store : loading dll
05-29 10:19:57.180 364 473 D Codec2InfoBuilder: component 'c2.android.vp9.decoder' not found in xml
05-29 10:19:57.181 376 417 V C2Store : in init
05-29 10:19:57.182 376 844 V C2Store : in ~ComponentModule
05-29 10:19:57.182 376 844 V C2Store : unloading dll
05-29 10:19:57.182 376 417 V C2Store : loading dll
05-29 10:19:57.183 359 359 D incidentd: WorkDirectory::getReports
05-29 10:19:57.186 376 417 I C2SoftVp9Enc: setting temporal layering 0 + 0
05-29 10:19:57.166 376 840 V C2Store : in ~ComponentModule
05-29 10:19:57.191 376 840 V C2Store : unloading dll
05-29 10:19:57.192 376 417 I C2SoftVp9Enc: setting temporal layering 0 + 0
05-29 10:19:57.197 364 473 D Codec2InfoBuilder: codec entry for 'c2.android.vp9.encoder' is disabled
05-29 10:19:57.199 476 702 D MediaCodecList: codecHandlesFormat: no format, so no extra checks
05-29 10:19:57.201 476 701 D MediaCodecList: codecHandlesFormat: no format, so no extra checks
05-29 10:19:57.200 476 476 I Binder:476_2: type=1400 audit(0.0:362): avc: denied { read } for name="u:object_r:vendor_default_prop:s0" dev="tmpfs" ino=2299 scontext=u:r:system_server:s0 tcontext=u:object_r:vendor_default_prop:s0 tclass=file permissive=1
05-29 10:19:57.200 476 476 I Binder:476_2: type=1400 audit(0.0:363): avc: denied { open } for path="/dev/__properties__/u:object_r:vendor_default_prop:s0" dev="tmpfs" ino=2299 scontext=u:r:system_server:s0 tcontext=u:object_r:vendor_default_prop:s0 tclass=file permissive=1
05-29 10:19:57.200 476 476 I Binder:476_2: type=1400 audit(0.0:364): avc: denied { getattr } for path="/dev/__properties__/u:object_r:vendor_default_prop:s0" dev="tmpfs" ino=2299 scontext=u:r:system_server:s0 tcontext=u:object_r:vendor_default_prop:s0 tclass=file permissive=1
05-29 10:19:57.200 476 476 I Binder:476_2: type=1400 audit(0.0:365): avc: denied { map } for path="/dev/__properties__/u:object_r:vendor_default_prop:s0" dev="tmpfs" ino=2299 scontext=u:r:system_server:s0 tcontext=u:object_r:vendor_default_prop:s0 tclass=file permissive=1
05-29 10:19:57.204 851 851 I id.ext.services: type=1400 audit(0.0:366): avc: denied { search } for name="android.ext.services" dev="mmcblk0p25" ino=439 scontext=u:r:platform_app:s0:c512,c768 tcontext=u:object_r:app_data_file:s0:c512,c768 tclass=dir permissive=1 app=android.ext.services
05-29 10:19:57.207 476 523 D CompatibilityChangeReporter: Compat change id reported: 158002302; UID 1000; state: ENABLED
05-29 10:19:57.209 376 376 V C2Store : in ~ComponentModule
05-29 10:19:57.209 376 376 V C2Store : unloading dll
05-29 10:19:57.210 376 417 V C2Store : in ~ComponentModule
05-29 10:19:57.210 376 417 V C2Store : unloading dll
05-29 10:19:57.213 476 707 D CCodec : allocate(c2.android.vorbis.decoder)
05-29 10:19:57.213 476 708 D CCodec : allocate(c2.android.vorbis.decoder)
05-29 10:19:57.213 851 851 V GraphicsEnvironment: ANGLE Developer option for 'android.ext.services' set to: 'default'
05-29 10:19:57.214 851 851 V GraphicsEnvironment: Neither updatable production driver nor prerelease driver is supported.
05-29 10:19:57.216 186 186 I hwservicemanager: getTransport: Cannot find entry android.hardware.configstore@1.0::ISurfaceFlingerConfigs/default in either framework or device VINTF manifest.
05-29 10:19:57.224 476 707 I Codec2Client: Available Codec2 services: "software"
05-29 10:19:57.227 851 851 D NetworkSecurityConfig: No Network Security Config specified, using platform default
05-29 10:19:57.227 756 756 V WifiManager: registerSoftApCallback: callback=com.android.networkstack.tethering.Tethering$TetheringSoftApCallback@84bda6c, executor=com.android.networkstack.tethering.Tethering$TetheringThreadExecutor@611835
05-29 10:19:57.227 851 851 D NetworkSecurityConfig: No Network Security Config specified, using platform default
05-29 10:19:57.228 376 844 V C2Store : in init
05-29 10:19:57.229 376 844 V C2Store : loading dll
05-29 10:19:57.243 476 500 D ConnectivityService: requestNetwork for uid/pid:1073/756 activeRequest: null callbackRequest: 21 [NetworkRequest [ TRACK_SYSTEM_DEFAULT id=21, [ Capabilities: INTERNET&NOT_RESTRICTED&TRUSTED&NOT_VPN&NOT_VCN_MANAGED RequestorUid: 1073 RequestorPkg: com.android.networkstack.tethering] ]] callback flags: 0 priority: 2147483647
05-29 10:19:57.244 476 617 D ConnectivityService: NetReassign [no changes]
05-29 10:19:57.245 476 707 I CCodec : Created component [c2.android.vorbis.decoder]
05-29 10:19:57.245 476 708 I CCodec : Created component [c2.android.vorbis.decoder]
05-29 10:19:57.246 476 708 D CCodecConfig: read media type: audio/vorbis
05-29 10:19:57.246 476 707 D CCodecConfig: read media type: audio/vorbis
05-29 10:19:57.250 820 896 D MediaCodecList: codecHandlesFormat: no format, so no extra checks
05-29 10:19:57.251 288 596 E HWComposer: getSupportedContentTypes: getSupportedContentTypes failed for display 0: Unsupported (8)
05-29 10:19:57.253 820 895 D MediaCodecList: codecHandlesFormat: no format, so no extra checks
05-29 10:19:57.259 186 186 I hwservicemanager: getTransport: Cannot find entry android.hardware.graphics.mapper@4.0::IMapper/default in either framework or device VINTF manifest.
05-29 10:19:57.259 820 922 I Gralloc4: mapper 4.x is not supported
05-29 10:19:57.260 476 707 D ReflectedParamUpdater: extent() != 1 for single value type: algo.buffers.max-count.values
05-29 10:19:57.261 476 707 D ReflectedParamUpdater: extent() != 1 for single value type: output.subscribed-indices.values
05-29 10:19:57.261 476 708 D ReflectedParamUpdater: extent() != 1 for single value type: algo.buffers.max-count.values
05-29 10:19:57.261 476 707 D ReflectedParamUpdater: extent() != 1 for single value type: input.buffers.allocator-ids.values
05-29 10:19:57.261 476 707 D ReflectedParamUpdater: extent() != 1 for single value type: output.buffers.allocator-ids.values
05-29 10:19:57.261 186 186 I hwservicemanager: getTransport: Cannot find entry android.hardware.graphics.mapper@3.0::IMapper/default in either framework or device VINTF manifest.
05-29 10:19:57.261 820 922 W Gralloc3: mapper 3.x is not supported
05-29 10:19:57.264 476 707 D ReflectedParamUpdater: extent() != 1 for single value type: algo.buffers.allocator-ids.values
05-29 10:19:57.264 476 708 D ReflectedParamUpdater: extent() != 1 for single value type: output.subscribed-indices.values
05-29 10:19:57.265 476 708 D ReflectedParamUpdater: extent() != 1 for single value type: input.buffers.allocator-ids.values
05-29 10:19:57.265 476 708 D ReflectedParamUpdater: extent() != 1 for single value type: output.buffers.allocator-ids.values
05-29 10:19:57.265 476 708 D ReflectedParamUpdater: extent() != 1 for single value type: algo.buffers.allocator-ids.values
05-29 10:19:57.265 476 708 D ReflectedParamUpdater: extent() != 1 for single value type: output.buffers.pool-ids.values
05-29 10:19:57.266 476 708 D ReflectedParamUpdater: extent() != 1 for single value type: algo.buffers.pool-ids.values
05-29 10:19:57.266 820 919 D CCodec : allocate(c2.android.vorbis.decoder)
05-29 10:19:57.266 476 707 D ReflectedParamUpdater: extent() != 1 for single value type: output.buffers.pool-ids.values
05-29 10:19:57.267 476 707 D ReflectedParamUpdater: extent() != 1 for single value type: algo.buffers.pool-ids.values
05-29 10:19:57.270 820 905 D CCodec : allocate(c2.android.vorbis.decoder)
05-29 10:19:57.271 820 919 I Codec2Client: Available Codec2 services: "software"
05-29 10:19:57.272 820 922 E gralloc : Arm Module v1.0
05-29 10:19:57.274 476 610 D SupplicantStaIfaceHal: Newer HAL is found, skip V1_3 remaining init flow.
05-29 10:19:57.275 476 708 I CCodecConfig: query failed after returning 7 values (BAD_INDEX)
05-29 10:19:57.275 476 707 I CCodecConfig: query failed after returning 7 values (BAD_INDEX)
05-29 10:19:57.275 476 707 D CCodecConfig: c2 config diff is Dict {
05-29 10:19:57.275 476 707 D CCodecConfig: c2::u32 coded.bitrate.value = 64000
05-29 10:19:57.275 476 707 D CCodecConfig: c2::u32 input.buffers.max-size.value = 32768
05-29 10:19:57.275 476 707 D CCodecConfig: c2::u32 input.delay.value = 0
05-29 10:19:57.275 476 707 D CCodecConfig: string input.media-type.value = "audio/vorbis"
05-29 10:19:57.275 476 707 D CCodecConfig: string output.media-type.value = "audio/raw"
05-29 10:19:57.275 476 707 D CCodecConfig: c2::u32 raw.channel-count.value = 1
05-29 10:19:57.275 476 707 D CCodecConfig: c2::u32 raw.sample-rate.value = 48000
05-29 10:19:57.275 476 707 D CCodecConfig: }
05-29 10:19:57.276 186 186 I hwservicemanager: getTransport: Cannot find entry android.hardware.graphics.allocator@4.0::IAllocator/default in either framework or device VINTF manifest.
05-29 10:19:57.276 820 922 W Gralloc4: allocator 4.x is not supported
05-29 10:19:57.277 476 610 D SupplicantStaIfaceHal: Newer HAL is found, skip V1_2 remaining init flow.
05-29 10:19:57.277 476 708 D CCodecConfig: c2 config diff is Dict {
05-29 10:19:57.277 476 708 D CCodecConfig: c2::u32 coded.bitrate.value = 64000
05-29 10:19:57.277 476 708 D CCodecConfig: c2::u32 input.buffers.max-size.value = 32768
05-29 10:19:57.277 476 708 D CCodecConfig: c2::u32 input.delay.value = 0
05-29 10:19:57.277 476 708 D CCodecConfig: string input.media-type.value = "audio/vorbis"
05-29 10:19:57.277 476 708 D CCodecConfig: string output.media-type.value = "audio/raw"
05-29 10:19:57.277 476 708 D CCodecConfig: c2::u32 raw.channel-count.value = 1
05-29 10:19:57.277 476 708 D CCodecConfig: c2::u32 raw.sample-rate.value = 48000
05-29 10:19:57.277 476 708 D CCodecConfig: }
05-29 10:19:57.277 186 186 I hwservicemanager: getTransport: Cannot find entry android.hardware.graphics.allocator@3.0::IAllocator/default in either framework or device VINTF manifest.
05-29 10:19:57.277 820 922 W Gralloc3: allocator 3.x is not supported
05-29 10:19:57.277 476 707 D CCodec : [c2.android.vorbis.decoder] buffers are bound to CCodec for this session
05-29 10:19:57.277 476 707 D CCodecConfig: no c2 equivalents for durationUs
05-29 10:19:57.277 476 707 D CCodecConfig: no c2 equivalents for track-id
05-29 10:19:57.277 476 707 D CCodecConfig: no c2 equivalents for csd-1
05-29 10:19:57.277 476 707 D CCodecConfig: no c2 equivalents for channel-mask
05-29 10:19:57.277 476 707 D CCodecConfig: no c2 equivalents for flags
05-29 10:19:57.279 476 708 D CCodec : [c2.android.vorbis.decoder] buffers are bound to CCodec for this session
05-29 10:19:57.280 476 708 D CCodecConfig: no c2 equivalents for durationUs
05-29 10:19:57.280 476 708 D CCodecConfig: no c2 equivalents for track-id
05-29 10:19:57.280 476 708 D CCodecConfig: no c2 equivalents for csd-1
05-29 10:19:57.280 476 708 D CCodecConfig: no c2 equivalents for channel-mask
05-29 10:19:57.280 476 708 D CCodecConfig: no c2 equivalents for flags
05-29 10:19:57.281 476 815 W ActivityManager: Unable to start service Intent { cmp=com.oranth.ledstatus/.LedStatusService } U=0: not found
05-29 10:19:57.281 476 610 D SupplicantStaIfaceHal: Newer HAL is found, skip V1_1 remaining init flow.
05-29 10:19:57.281 476 610 D SupplicantStaIfaceHal: Newer HAL is found, skip V1_0 remaining init flow.
05-29 10:19:57.282 476 521 W IorapForwardingService: No service published for: iorapd
05-29 10:19:57.283 260 297 I gralloc : alloc buffer:W:1920 H:1080 S:1920 PL[1920 1080] SZ:8294400 fmt:1 if:0 af:1 usg:20000b00 fg:00000004
05-29 10:19:57.284 820 922 E ion : ioctl c0044901 failed with code -1: Inappropriate ioctl for device
05-29 10:19:57.286 476 707 D CCodecConfig: c2 config diff is c2::u32 raw.channel-count.value = 2
05-29 10:19:57.286 476 707 D CCodecConfig: c2::u32 raw.sample-rate.value = 44100
05-29 10:19:57.291 820 905 I CCodec : Created component [c2.android.vorbis.decoder]
05-29 10:19:57.292 260 297 I gralloc : alloc buffer:W:1920 H:1080 S:1920 PL[1920 1080] SZ:8294400 fmt:1 if:0 af:1 usg:20000b00 fg:00000004
05-29 10:19:57.293 820 905 D CCodecConfig: read media type: audio/vorbis
05-29 10:19:57.293 476 707 W Codec2Client: query -- param skipped: index = 1107298332.
05-29 10:19:57.293 476 708 D CCodecConfig: c2 config diff is c2::u32 raw.channel-count.value = 2
05-29 10:19:57.293 476 708 D CCodecConfig: c2::u32 raw.sample-rate.value = 44100
05-29 10:19:57.293 476 707 D CCodec : setup formats input: AMessage(what = 0x00000000) = {
05-29 10:19:57.293 476 707 D CCodec : int32_t bitrate = 64000
05-29 10:19:57.293 476 707 D CCodec : int32_t channel-count = 2
05-29 10:19:57.293 476 707 D CCodec : int32_t max-input-size = 32768
05-29 10:19:57.293 476 707 D CCodec : string mime = "audio/vorbis"
05-29 10:19:57.293 476 707 D CCodec : int32_t sample-rate = 44100
05-29 10:19:57.293 476 707 D CCodec : }
05-29 10:19:57.293 476 707 D CCodec : setup formats output: AMessage(what = 0x00000000) = {
05-29 10:19:57.293 476 707 D CCodec : int32_t channel-count = 2
05-29 10:19:57.293 476 707 D CCodec : string mime = "audio/raw"
05-29 10:19:57.293 476 707 D CCodec : int32_t sample-rate = 44100
05-29 10:19:57.293 476 707 D CCodec : int32_t channel-mask = 3
05-29 10:19:57.293 476 707 D CCodec : }
05-29 10:19:57.293 476 707 I CCodecConfig: query failed after returning 7 values (BAD_INDEX)
05-29 10:19:57.294 476 708 W Codec2Client: query -- param skipped: index = 1107298332.
05-29 10:19:57.294 476 708 D CCodec : setup formats input: AMessage(what = 0x00000000) = {
05-29 10:19:57.294 476 708 D CCodec : int32_t bitrate = 64000
05-29 10:19:57.294 476 708 D CCodec : int32_t channel-count = 2
05-29 10:19:57.294 476 708 D CCodec : int32_t max-input-size = 32768
05-29 10:19:57.294 476 708 D CCodec : string mime = "audio/vorbis"
05-29 10:19:57.294 476 708 D CCodec : int32_t sample-rate = 44100
05-29 10:19:57.294 476 708 D CCodec : }
05-29 10:19:57.295 476 708 D CCodec : setup formats output: AMessage(what = 0x00000000) = {
05-29 10:19:57.295 476 708 D CCodec : int32_t channel-count = 2
05-29 10:19:57.295 476 708 D CCodec : string mime = "audio/raw"
05-29 10:19:57.295 476 708 D CCodec : int32_t sample-rate = 44100
05-29 10:19:57.295 476 708 D CCodec : int32_t channel-mask = 3
05-29 10:19:57.295 476 708 D CCodec : }
05-29 10:19:57.295 476 708 I CCodecConfig: query failed after returning 7 values (BAD_INDEX)
05-29 10:19:57.296 476 707 W Codec2Client: query -- param skipped: index = 1342179345.
05-29 10:19:57.296 476 707 W Codec2Client: query -- param skipped: index = 2415921170.
05-29 10:19:57.298 476 707 D C2Store : Using ION
05-29 10:19:57.298 476 708 W Codec2Client: query -- param skipped: index = 1342179345.
05-29 10:19:57.298 476 708 W Codec2Client: query -- param skipped: index = 2415921170.
05-29 10:19:57.299 820 919 I CCodec : Created component [c2.android.vorbis.decoder]
05-29 10:19:57.300 476 707 D CCodecBufferChannel: [c2.android.vorbis.decoder#52] Created input block pool with allocatorID 16 => poolID 17 - OK (0)
05-29 10:19:57.301 820 919 D CCodecConfig: read media type: audio/vorbis
05-29 10:19:57.304 476 708 D CCodecBufferChannel: [c2.android.vorbis.decoder#937] Created input block pool with allocatorID 16 => poolID 18 - OK (0)
05-29 10:19:57.305 376 843 D C2Store : Using ION
05-29 10:19:57.305 260 297 I gralloc : alloc buffer:W:1920 H:1080 S:1920 PL[1920 1080] SZ:8294400 fmt:1 if:0 af:1 usg:20000b00 fg:00000004
05-29 10:19:57.307 476 708 I CCodecBufferChannel: [c2.android.vorbis.decoder#937] Created output block pool with allocatorID 16 => poolID 17 - OK
05-29 10:19:57.307 476 708 D CCodecBufferChannel: [c2.android.vorbis.decoder#937] Configured output block pool ids 17 => OK
05-29 10:19:57.307 476 707 I CCodecBufferChannel: [c2.android.vorbis.decoder#52] Created output block pool with allocatorID 16 => poolID 18 - OK
05-29 10:19:57.307 476 707 D CCodecBufferChannel: [c2.android.vorbis.decoder#52] Configured output block pool ids 18 => OK
05-29 10:19:57.308 476 708 E ion : ioctl c0044901 failed with code -1: Inappropriate ioctl for device
05-29 10:19:57.309 264 264 I AW_PowerHAL: Power setMode: SUSTAINED_PERFORMANCE to: 0
05-29 10:19:57.309 264 264 I AW_PowerHAL: BootCompleted
05-29 10:19:57.310 476 522 I ActivityManagerTiming: FinishBooting
05-29 10:19:57.314 264 264 I AW_PowerHAL: cur-mode:SCHEDUTIL-Home
05-29 10:19:57.315 376 916 D SimpleC2Component: Using output block pool with poolID 17 => got 17 - 0
05-29 10:19:57.318 820 905 D ReflectedParamUpdater: extent() != 1 for single value type: algo.buffers.max-count.values
05-29 10:19:57.321 820 905 D ReflectedParamUpdater: extent() != 1 for single value type: output.subscribed-indices.values
05-29 10:19:57.321 820 919 D ReflectedParamUpdater: extent() != 1 for single value type: algo.buffers.max-count.values
05-29 10:19:57.322 820 905 D ReflectedParamUpdater: extent() != 1 for single value type: input.buffers.allocator-ids.values
05-29 10:19:57.322 820 905 D ReflectedParamUpdater: extent() != 1 for single value type: output.buffers.allocator-ids.values
05-29 10:19:57.322 820 905 D ReflectedParamUpdater: extent() != 1 for single value type: algo.buffers.allocator-ids.values
05-29 10:19:57.322 376 843 E ion : ioctl c0044901 failed with code -1: Inappropriate ioctl for device
05-29 10:19:57.322 820 905 D ReflectedParamUpdater: extent() != 1 for single value type: output.buffers.pool-ids.values
05-29 10:19:57.322 820 919 D ReflectedParamUpdater: extent() != 1 for single value type: output.subscribed-indices.values
05-29 10:19:57.323 820 919 D ReflectedParamUpdater: extent() != 1 for single value type: input.buffers.allocator-ids.values
05-29 10:19:57.323 820 919 D ReflectedParamUpdater: extent() != 1 for single value type: output.buffers.allocator-ids.values
05-29 10:19:57.323 820 919 D ReflectedParamUpdater: extent() != 1 for single value type: algo.buffers.allocator-ids.values
05-29 10:19:57.324 820 919 D ReflectedParamUpdater: extent() != 1 for single value type: output.buffers.pool-ids.values
05-29 10:19:57.324 820 905 D ReflectedParamUpdater: extent() != 1 for single value type: algo.buffers.pool-ids.values
05-29 10:19:57.324 820 919 D ReflectedParamUpdater: extent() != 1 for single value type: algo.buffers.pool-ids.values
05-29 10:19:57.325 376 917 D SimpleC2Component: Using output block pool with poolID 18 => got 18 - 0
05-29 10:19:57.328 820 905 I CCodecConfig: query failed after returning 7 values (BAD_INDEX)
05-29 10:19:57.328 820 905 D CCodecConfig: c2 config diff is Dict {
05-29 10:19:57.328 820 905 D CCodecConfig: c2::u32 coded.bitrate.value = 64000
05-29 10:19:57.328 820 905 D CCodecConfig: c2::u32 input.buffers.max-size.value = 32768
05-29 10:19:57.328 820 905 D CCodecConfig: c2::u32 input.delay.value = 0
05-29 10:19:57.328 820 905 D CCodecConfig: string input.media-type.value = "audio/vorbis"
05-29 10:19:57.328 820 905 D CCodecConfig: string output.media-type.value = "audio/raw"
05-29 10:19:57.328 820 905 D CCodecConfig: c2::u32 raw.channel-count.value = 1
05-29 10:19:57.328 820 905 D CCodecConfig: c2::u32 raw.sample-rate.value = 48000
05-29 10:19:57.328 820 905 D CCodecConfig: }
05-29 10:19:57.332 820 905 D CCodec : [c2.android.vorbis.decoder] buffers are bound to CCodec for this session
05-29 10:19:57.332 820 905 D CCodecConfig: no c2 equivalents for durationUs
05-29 10:19:57.332 820 905 D CCodecConfig: no c2 equivalents for track-id
05-29 10:19:57.332 820 905 D CCodecConfig: no c2 equivalents for csd-1
05-29 10:19:57.332 820 905 D CCodecConfig: no c2 equivalents for channel-mask
05-29 10:19:57.332 820 905 D CCodecConfig: no c2 equivalents for flags
05-29 10:19:57.332 476 522 W KeyguardServiceDelegate: onScreenTurningOn(): no keyguard service!
05-29 10:19:57.334 476 815 W ActivityManager: Unable to start service Intent { cmp=com.oranth.storage/.MainService } U=0: not found
05-29 10:19:57.335 820 919 I CCodecConfig: query failed after returning 7 values (BAD_INDEX)
05-29 10:19:57.335 820 905 D CCodecConfig: c2 config diff is c2::u32 coded.bitrate.value = 224000
05-29 10:19:57.335 820 905 D CCodecConfig: c2::u32 raw.channel-count.value = 2
05-29 10:19:57.335 820 919 D CCodecConfig: c2 config diff is Dict {
05-29 10:19:57.335 820 919 D CCodecConfig: c2::u32 coded.bitrate.value = 64000
05-29 10:19:57.335 820 919 D CCodecConfig: c2::u32 input.buffers.max-size.value = 32768
05-29 10:19:57.335 820 919 D CCodecConfig: c2::u32 input.delay.value = 0
05-29 10:19:57.335 820 919 D CCodecConfig: string input.media-type.value = "audio/vorbis"
05-29 10:19:57.335 820 919 D CCodecConfig: string output.media-type.value = "audio/raw"
05-29 10:19:57.335 820 919 D CCodecConfig: c2::u32 raw.channel-count.value = 1
05-29 10:19:57.335 820 919 D CCodecConfig: c2::u32 raw.sample-rate.value = 48000
05-29 10:19:57.335 820 919 D CCodecConfig: }
