05-29 17:10:08.382 1099 1121 I OpenGLRenderer: Davey! duration=9223371936732ms; Flags=0, FrameTimelineVsyncId=4283, IntendedVsync=100094617866, Vsync=100094617866, InputEventId=0, HandleInputStart=100095286505, AnimationStart=100095292713, PerformTraversalsStart=100095646005, DrawStart=100096474421, FrameDeadline=100127951198, FrameInterval=100095273963, FrameStartTime=16666666, SyncQueued=100096963671, SyncStart=100124608546, IssueDrawCommandsStart=100126901005, SwapBuffers=100146664005, FrameCompleted=9223372036854775807, DequeueBufferDuration=52917, QueueBufferDuration=2064667, GpuCompleted=9223372036854775807, SwapBuffersCompleted=100149904671, DisplayPresentTime=0,
05-29 17:10:08.382 476 814 I WifiService: releaseMulticastLock uid=10022
05-29 17:10:08.385 476 579 I WifiService: releaseMulticastLock uid=10022
05-29 17:10:08.396 1099 1121 I OpenGLRenderer: Davey! duration=9223371936724ms; Flags=0, FrameTimelineVsyncId=4284, IntendedVsync=100111726364, Vsync=100128393030, InputEventId=0, HandleInputStart=100129220005, AnimationStart=100129227296, PerformTraversalsStart=100130536921, DrawStart=100131289963, FrameDeadline=100145059696, FrameInterval=100129167505, FrameStartTime=16666666, SyncQueued=100131472213, SyncStart=100150440755, IssueDrawCommandsStart=100152348213, SwapBuffers=100164106296, FrameCompleted=9223372036854775807, DequeueBufferDuration=74792, QueueBufferDuration=5443959, GpuCompleted=9223372036854775807, SwapBuffersCompleted=100170827630, DisplayPresentTime=0,
05-29 17:10:08.398 1940 1940 I rainbow_flow: type=1400 audit(0.0:1091): avc: denied { ioctl } for path="/dev/spidev1.0" dev="tmpfs" ino=2489 ioctlcmd=0x6b00 scontext=u:r:init:s0 tcontext=u:object_r:device:s0 tclass=chr_file permissive=1
05-29 17:10:08.413 1099 1121 I OpenGLRenderer: Davey! duration=9223371936692ms; Flags=0, FrameTimelineVsyncId=4287, IntendedVsync=100145059696, Vsync=100145059696, InputEventId=0, HandleInputStart=100153430255, AnimationStart=100153437838, PerformTraversalsStart=100154322546, DrawStart=100154650255, FrameDeadline=100178393028, FrameInterval=100153411338, FrameStartTime=16666666, SyncQueued=100154785755, SyncStart=100171981463, IssueDrawCommandsStart=100173948796, SwapBuffers=100186588421, FrameCompleted=9223372036854775807, DequeueBufferDuration=102084, QueueBufferDuration=1884833, GpuCompleted=9223372036854775807, SwapBuffersCompleted=100189666046, DisplayPresentTime=0,
05-29 17:10:08.435 2746 2746 D HiSight-SinkService: setDiscoverable true
05-29 17:10:08.438 1099 1439 D wenhc : getScreenInfo uri = content://com.dangbei.screencast.parts.info/screen_cast
05-29 17:10:08.438 2746 2746 D NearFieldManager: init.
05-29 17:10:08.439 2746 2746 D NearFieldManager: try check dmsdp
05-29 17:10:08.444 1099 1121 I OpenGLRenderer: Davey! duration=9223371936659ms; Flags=0, FrameTimelineVsyncId=4293, IntendedVsync=100195041756, Vsync=100195041756, InputEventId=0, HandleInputStart=100204892005, AnimationStart=100204895213, PerformTraversalsStart=100205381046, DrawStart=100206340296, FrameDeadline=100228375088, FrameInterval=100204878296, FrameStartTime=16666666, SyncQueued=100208249088, SyncStart=100208627005, IssueDrawCommandsStart=100209861546, SwapBuffers=100220774130, FrameCompleted=9223372036854775807, DequeueBufferDuration=56334, QueueBufferDuration=1861625, GpuCompleted=9223372036854775807, SwapBuffersCompleted=100223863421, DisplayPresentTime=0,
05-29 17:10:08.461 1099 1121 I OpenGLRenderer: Davey! duration=9223371936632ms; Flags=0, FrameTimelineVsyncId=4295, IntendedVsync=100211330365, Vsync=100211330365, InputEventId=0, HandleInputStart=100212339880, AnimationStart=100212344005, PerformTraversalsStart=100212917088, DrawStart=100213116046, FrameDeadline=100244663697, FrameInterval=100212325963, FrameStartTime=16666666, SyncQueued=100213217338, SyncStart=100224476505, IssueDrawCommandsStart=100225913338, SwapBuffers=100234941921, FrameCompleted=9223372036854775807, DequeueBufferDuration=98458, QueueBufferDuration=3495417, GpuCompleted=9223372036854775807, SwapBuffersCompleted=100240390255, DisplayPresentTime=0,
05-29 17:10:08.466 2746 2746 D NearFieldManager: package not exist
05-29 17:10:08.477 1099 1121 I OpenGLRenderer: Davey! duration=9223371936615ms; Flags=0, FrameTimelineVsyncId=4297, IntendedVsync=100227814582, Vsync=100227814582, InputEventId=0, HandleInputStart=100228654380, AnimationStart=100228660380, PerformTraversalsStart=100229210921, DrawStart=100229449713, FrameDeadline=100261147914, FrameInterval=100228634963, FrameStartTime=16666666, SyncQueued=100229584838, SyncStart=100241048838, IssueDrawCommandsStart=100242877380, SwapBuffers=100253915463, FrameCompleted=9223372036854775807, DequeueBufferDuration=75583, QueueBufferDuration=1822250, GpuCompleted=9223372036854775807, SwapBuffersCompleted=100257010796, DisplayPresentTime=0,
05-29 17:10:08.478 476 814 D CompatibilityChangeReporter: Compat change id reported: 135634846; UID 10022; state: DISABLED
05-29 17:10:08.479 476 540 D CompatibilityChangeReporter: Compat change id reported: 143937733; UID 10022; state: DISABLED
05-29 17:10:08.480 2746 2746 D NearFieldManager: bind nearfield service true
05-29 17:10:08.482 2746 2746 D NearFieldManager: registerCallback true
05-29 17:10:08.482 2746 2746 D HiSight-Discovery: set deviceInfo type:46
05-29 17:10:08.482 2746 2746 D HiSight-Discovery: startAdvertise 1
05-29 17:10:08.503 247 247 D Zygote : Forked child process 2878
05-29 17:10:08.505 476 540 I ActivityManager: app.processName = com.huawei.connection
05-29 17:10:08.506 476 540 I ActivityManager: Start proc 2878:com.huawei.connection/u0a22 for service {com.dangbei.screencast/com.huawei.connection.service.NearFieldManagerService}
05-29 17:10:08.514 2746 2803 V NFC : this device does not have NFC support
05-29 17:10:08.514 2878 2878 I Zygote : seccomp disabled by setenforce 0
05-29 17:10:08.539 388 412 I adbd : jdwp connection from 2878
05-29 17:10:08.576 2878 2878 D CompatibilityChangeReporter: Compat change id reported: 171979766; UID 10022; state: DISABLED
05-29 17:10:08.586 2746 2746 D HiSight-SinkService: setDiscoverable true
05-29 17:10:08.587 1099 1439 D wenhc : getScreenInfo uri = content://com.dangbei.screencast.parts.info/screen_cast
05-29 17:10:08.588 2746 2746 D HiSight-Discovery: set deviceInfo type:46
05-29 17:10:08.588 2746 2746 D HiSight-Discovery: startAdvertise 1
05-29 17:10:08.591 2878 2878 D ApplicationLoaders: Returning zygote-cached class loader: /system/framework/android.test.base.jar
05-29 17:10:08.592 2878 2878 D ApplicationLoaders: Returning zygote-cached class loader: /system/framework/android.hidl.manager-V1.0-java.jar
05-29 17:10:08.592 2878 2878 D ApplicationLoaders: Returning zygote-cached class loader: /system/framework/android.hidl.base-V1.0-java.jar
05-29 17:10:08.628 2746 2746 D HiSight-SinkService: setDiscoverable true
05-29 17:10:08.629 2746 2746 D HiSight-Discovery: set deviceInfo type:46
05-29 17:10:08.629 2746 2746 D HiSight-Discovery: startAdvertise 1
05-29 17:10:08.629 2746 2746 E HuaweiCastService: onStartCommand in 0
05-29 17:10:08.629 1099 1439 D wenhc : getScreenInfo uri = content://com.dangbei.screencast.parts.info/screen_cast
05-29 17:10:08.664 2121 2188 D UtilLog : 日志批量上报 进行正常循环 !!!!!!本次有0次请求,共0条数据
05-29 17:10:08.671 2878 2878 V GraphicsEnvironment: ANGLE Developer option for 'com.dangbei.screencast' set to: 'default'
05-29 17:10:08.671 2878 2878 V GraphicsEnvironment: Neither updatable production driver nor prerelease driver is supported.
05-29 17:10:08.674 2878 2878 D NetworkSecurityConfig: Using Network Security Config from resource network_security_config debugBuild: false
05-29 17:10:08.680 2878 2878 D NetworkSecurityConfig: Using Network Security Config from resource network_security_config debugBuild: false
05-29 17:10:08.681 2878 2878 I MultiDex: VM with version 2.1.0 has multidex support
05-29 17:10:08.681 2878 2878 I MultiDex: Installing application
05-29 17:10:08.681 2878 2878 I MultiDex: VM has multidex support, MultiDex support library is disabled.
05-29 17:10:08.749 476 579 I WifiService: startScan uid=10022
05-29 17:10:08.770 2878 2910 I crashsdk: version unique build id: 6230cced
05-29 17:10:08.770 2878 2878 I Thread-3: type=1400 audit(0.0:1092): avc: denied { read } for name="version" dev="proc" ino=4026532049 scontext=u:r:platform_app:s0:c512,c768 tcontext=u:object_r:proc_version:s0 tclass=file permissive=1 app=com.dangbei.screencast
05-29 17:10:08.770 2878 2878 I Thread-3: type=1400 audit(0.0:1093): avc: denied { open } for path="/proc/version" dev="proc" ino=4026532049 scontext=u:r:platform_app:s0:c512,c768 tcontext=u:object_r:proc_version:s0 tclass=file permissive=1 app=com.dangbei.screencast
05-29 17:10:08.774 2878 2878 I Thread-3: type=1400 audit(0.0:1094): avc: denied { getattr } for path="/proc/version" dev="proc" ino=4026532049 scontext=u:r:platform_app:s0:c512,c768 tcontext=u:object_r:proc_version:s0 tclass=file permissive=1 app=com.dangbei.screencast
05-29 17:10:08.781 2878 2900 I crashsdk: begin hack android.os.Process
05-29 17:10:08.781 2878 2900 I crashsdk: end hack android.os.Process
05-29 17:10:08.784 2878 2912 D crashsdk: Native log stat thread 2912 setup, waiting
01-01 08:01:42.663 2878 2878 W audit : audit_lost=556 audit_rate_limit=5 audit_backlog_limit=64
01-01 08:01:42.663 2878 2878 E audit : rate limit exceeded
05-29 17:10:08.790 2878 2878 I awei.connection: type=1400 audit(0.0:1095): avc: denied { read } for name="address" dev="sysfs" ino=26267 scontext=u:r:platform_app:s0:c512,c768 tcontext=u:object_r:sysfs:s0 tclass=file permissive=1 app=com.dangbei.screencast
05-29 17:10:08.790 2878 2878 I awei.connection: type=1400 audit(0.0:1096): avc: denied { open } for path="/sys/devices/platform/unisoc_wifi/net/wlan1/address" dev="sysfs" ino=26267 scontext=u:r:platform_app:s0:c512,c768 tcontext=u:object_r:sysfs:s0 tclass=file permissive=1 app=com.dangbei.screencast
05-29 17:10:08.815 2878 2900 I Matrix.AnrTracer: anrTrace, final mAnrBeatTime:400, mAnrBeatRate:400
05-29 17:10:08.818 2878 2900 E LaunchManager: Non main process !
05-29 17:10:08.818 2878 2900 W System.err: java.lang.NullPointerException: Attempt to invoke virtual method 'boolean com.efs.sdk.launch.LaunchConfigManager.enableTracer()' on a null object reference
05-29 17:10:08.819 2878 2900 W System.err: at com.umeng.umcrash.UMCrash.init(Unknown Source:403)
05-29 17:10:08.819 2878 2900 W System.err: at java.lang.reflect.Method.invoke(Native Method)
05-29 17:10:08.819 2878 2900 W System.err: at com.umeng.commonsdk.UMConfigure.init(Unknown Source:811)
05-29 17:10:08.819 2878 2900 W System.err: at b.f.f.b.a(:4)
05-29 17:10:08.819 2878 2900 W System.err: at h.o.a.run(Unknown Source:2)
05-29 17:10:08.820 2878 2915 W efs.send_log: tryFileLock start!
05-29 17:10:08.836 2878 2915 I efs.config: --->>> 删除旧的配置文件 false
05-29 17:10:08.863 2878 2928 I efs.base: lt=event`ev_ct=efs_core`ev_ac=pvuv`tm=2025-05-29 17:10:83`dn=814a6c1f-a914-45e0-9441-173ac17d88d0`ps=com.huawei.connection`um_os=android`stime=1748509808521`pid=2878`fr=android`pkg=com.dangbei.screencast`vcode=20830`dsp_w=1920`uid=814a6c1f-a914-45e0-9441-173ac17d88d0`rom=12`wid=814a6c1f-a914-45e0-9441-173ac17d88d0`um_app_carrier=`um_access=wifi`um_app_channel=os`um_crash_sdk_version=1.4.0`ctime=1748509808`model=dbbox-a2`lang=zh`net=wifi`brand=dangbei`dsp_h=1080`um_network_type=0`ver=v2.8.3`build_model=DBBOX-A2`w_tm=1748509808`appid=5fc60c21094d637f3130af19`um_umid_header=ai536d652a62b80cf12a583dbdbfe77cd5`sdk=31`tzone=Asia/Shanghai`sdk_ver=1.3.6.umeng
05-29 17:10:08.865 2878 2915 I efs.config: current config version (-1) is older than another (1735614866)
05-29 17:10:08.865 2878 2915 I efs.config: load config from storage and notify observer
05-29 17:10:08.973 476 521 W IorapForwardingService: No service published for: iorapd
05-29 17:10:08.976 253 958 E bt_upio : upio_set : /proc/bluetooth/sleep/btwrite(-1) incorrent
05-29 17:10:09.296 664 664 E WifiHAL : wifi_get_link_stats: requestResponse Error:-5
05-29 17:10:09.298 476 610 E WifiVendorHal: getWifiLinkLayerStats_1_5_Internal(l.1191) failed {.code = ERROR_INVALID_ARGS, .description = }
05-29 17:10:09.416 2746 2819 E raop : JavaCallback init
05-29 17:10:09.558 476 579 D WifiNl80211Manager: Scan result ready event
05-29 17:10:09.558 476 579 D WifiNative: Scan result ready event
05-29 17:10:09.608 476 614 D WificondScannerImpl: Filtering out 1 scan results.
05-29 17:10:09.634 1099 1099 E hq : NetWorkStateReceiver:::NetWorkStateReceiver onReceive: 网络变化广播 >>>> intent.action=android.net.wifi.SCAN_RESULTS
05-29 17:10:09.647 664 664 E WifiHAL : wifi_get_link_stats: requestResponse Error:-5
05-29 17:10:09.649 476 610 E WifiVendorHal: getWifiLinkLayerStats_1_5_Internal(l.1191) failed {.code = ERROR_INVALID_ARGS, .description = }
05-29 17:10:09.697 1099 1099 W eventbuscore: post Event:com.dangbei.leard.base.entity.event.NetWifiRssiEvent
05-29 17:10:09.737 2878 2878 I TDLog : setReportUncaughtExceptions: true
05-29 17:10:09.739 2878 2878 E Application: onCreate:Version:v2.8.3/20830/883432e
05-29 17:10:09.756 2878 2878 D NearFieldManagerService: NearFieldManagerService.
05-29 17:10:09.756 2878 2878 D NearFieldManagerService: onCreate, enter.
05-29 17:10:09.757 2878 2878 I NearFieldManagerService: onBind, enter.
05-29 17:10:09.757 2878 2878 D NearFieldManagerService: initService
05-29 17:10:09.757 2878 2878 D NearFieldManagerService: NearField starting...
05-29 17:10:09.758 2878 2878 D NearFieldUtils: checkSystemProperty in
05-29 17:10:09.758 2878 2878 D NearFieldUtils: checkSystemProperty: systemProperties:
05-29 17:10:09.758 2878 2878 E NearFieldUtils: validProperty: priority is null
05-29 17:10:09.761 1099 1121 I OpenGLRenderer: Davey! duration=9223371935343ms; Flags=0, FrameTimelineVsyncId=4356, IntendedVsync=101511277348, Vsync=101511277348, InputEventId=0, HandleInputStart=101522270797, AnimationStart=101522276880, PerformTraversalsStart=101522280630, DrawStart=101522559880, FrameDeadline=101544610680, FrameInterval=101522257797, FrameStartTime=16666666, SyncQueued=101522897880, SyncStart=101523377089, IssueDrawCommandsStart=101524671839, SwapBuffers=101541378380, FrameCompleted=9223372036854775807, DequeueBufferDuration=83375, QueueBufferDuration=1807541, GpuCompleted=9223372036854775807, SwapBuffersCompleted=101544625172, DisplayPresentTime=0,
05-29 17:10:09.763 2746 2746 D NearFieldManager: service connected.
05-29 17:10:09.765 2746 2746 D HiSight-Discovery: eventId: 4001
05-29 17:10:09.765 2746 2877 D HiSight-Discovery: msg 4001
05-29 17:10:09.766 2746 2877 D HiSight-Discovery: bind success, status Ready
05-29 17:10:09.766 2746 2877 D HiSight-Discovery: startAdvertise 2
05-29 17:10:09.766 2746 2877 D HiSight-Discovery: stopAdvertise.
05-29 17:10:09.767 2746 2877 D HiSight-Discovery: nearFieldStartListen deviceType 46
05-29 17:10:09.768 2878 2893 I NearFieldManagerImpl: setDeviceInfo, sDeviceId changes
05-29 17:10:09.768 2878 2893 I NearFieldManagerImpl: setDeviceInfo, sDeviceName changes
05-29 17:10:09.768 2878 2893 D NearFieldManagerImpl: setServiceData, sServiceData=[], serviceData=[32]
05-29 17:10:09.768 2746 2877 E NearFieldManager: setIdnNetworkPriority: networkPortPriority is empty
05-29 17:10:09.769 2746 2877 D NearFieldManager: StartListen moduleId: CastPlusDiscoveryModule
05-29 17:10:09.769 2878 2893 D NearFieldManagerImpl: startListen: moduleId: CastPlusDiscoveryModule
05-29 17:10:09.769 2878 2893 D NearFieldUtils: getPreferredIpAddress exec
05-29 17:10:09.769 2878 2893 D NearFieldUtils: getPreferredIpAddress by custom priority
05-29 17:10:09.769 2878 2893 D NearFieldUtils: getIpByInterfaceSetting customIdnNetworkPriority:[]
05-29 17:10:09.769 2878 2893 D NearFieldUtils: getPreferredIpAddress by default priority
05-29 17:10:09.782 2878 2878 I crashsdk: Catcher mask: 5000, 20480
05-29 17:10:09.786 2878 2878 I crashsdk: Catcher thread 2883
05-29 17:10:09.786 2878 2878 D crashsdk: Register ANR handler ...
05-29 17:10:09.787 2878 2878 D NearFieldManagerImpl: onReceive action get:android.net.conn.CONNECTIVITY_CHANGE
05-29 17:10:09.788 2878 2928 W efs.info.manager: network change: wifi
05-29 17:10:09.790 2878 2878 D NearFieldUtils: getPreferredIpAddress exec
05-29 17:10:09.790 2878 2878 D NearFieldUtils: getPreferredIpAddress by custom priority
05-29 17:10:09.790 2878 2878 D NearFieldUtils: getIpByInterfaceSetting customIdnNetworkPriority:[]
05-29 17:10:09.790 2878 2878 D NearFieldUtils: getPreferredIpAddress by default priority
05-29 17:10:09.792 476 500 W ServiceManager: Permission failure: android.permission.HIGH_SAMPLING_RATE_SENSORS from uid=10022 pid=2878
05-29 17:10:09.794 2878 2901 I TDLog : TalkingData SDK init...
05-29 17:10:09.794 2878 2901 I TDLog : SDK_VERSION is: Android+TD+V5.0.7 gp Type:Native Build_Num:2141
05-29 17:10:09.794 2878 2901 I TDLog : App ID is: B9D7815EC975466AB1332111FCE62DF5
05-29 17:10:09.794 2878 2901 I TDLog : App Channel is: os
05-29 17:10:09.794 2878 2901 I TDLog : App Custom is:
05-29 17:10:09.794 2878 2901 I TDLog : SDK_OVC is: TDOVC+a3bb7754719798526508b6caad480dd7+SaaS
05-29 17:10:09.813 2878 2893 D NearFieldUtils: to get wlan0 ip address
05-29 17:10:09.813 2878 2893 D NearFieldUtils: get wlan0 IP succeed.
05-29 17:10:09.814 2878 2893 D NearFieldManagerImpl: sDeviceType: 46
05-29 17:10:09.814 2878 2893 D NearFieldManagerImpl: registerDevice() is called.
05-29 17:10:09.814 2878 2893 E NearFieldManagerUtilsNative: Begin System.loadLibrary()
05-29 17:10:09.821 2878 2878 D NearFieldUtils: to get wlan0 ip address
05-29 17:10:09.821 2878 2878 D NearFieldUtils: get wlan0 IP succeed.
05-29 17:10:09.821 2878 2878 E NearFieldManagerImpl: notifyByPriority: interfaceNameInUse is null
05-29 17:10:09.821 2878 2878 D NearFieldManagerImpl: handleConnectivityAction: notified by default
05-29 17:10:09.825 2878 2893 I HicomNfTimerManager: epoll fd:129 create success
05-29 17:10:09.826 2878 2893 I HicomNfTimerManager: epoll add fd:133--->129 success
05-29 17:10:09.826 2878 2893 I HicomNfTimerManager: time fd:133 add to epoll success
05-29 17:10:09.840 2878 2878 D NearFieldUtils: to get wlan0 ip address
05-29 17:10:09.840 2878 2878 D NearFieldUtils: get wlan0 IP succeed.
05-29 17:10:09.840 2878 2878 I NearFieldManagerImpl: wlan Connected
05-29 17:10:09.844 2878 2893 D nStackXDFinder: NSTACKX_Init:[146] :nstack ctrl creat epollfd 132
05-29 17:10:09.845 2878 2878 I HicomNf_java_to_c: notifyNetworkStateChanged with maskStr, networkType: 0, networkState: 0, mask:
05-29 17:10:09.845 2878 2878 I HicomNfMainCtrlManager: NotifyNetworkStateChanged is called with networkState: 0
05-29 17:10:09.845 2878 2878 I HicomNfMainCtrlManager: P2P and USB are both disconnected
05-29 17:10:09.845 2878 2878 I HicomNfSecureManager: stop listening
05-29 17:10:09.845 2878 2878 I HicomNfSecureManager: StopListening, m_sessionInfoLock out, before calling NSTACKX_DMsgClose 2
05-29 17:10:09.845 2878 2878 I HicomNfSecureManager: StopListening, after calling NSTACKX_DMsgClose 2
05-29 17:10:09.845 2878 2893 I nStackXDFinder: InitDefaultInterfaceName:[779] :InitDefaultInterfaceName exec
05-29 17:10:09.845 2878 2893 D nStackXCoAP: CoapServerInit:[174] :CoapServerInit is called
05-29 17:10:09.845 2878 2893 E nStackXDFinder: GetLocalIp:[401] :GetLocalIp exec
05-29 17:10:09.845 2878 2893 E nStackXDFinder: GetLocalIp:[407] :GetLocalIp, ifInfo is null
05-29 17:10:09.846 2878 2893 I HicomNfMainCtrlManager: NSTACKX_RegisterDevice is called
05-29 17:10:09.846 2878 2893 D NearFieldManagerImpl: Register device success.
05-29 17:10:09.846 2878 2893 I NearFieldManagerImpl: serviceName is castPlus
05-29 17:10:09.846 2878 2893 D NearFieldManagerImpl: registerCapability() called with: capabilityBitmapNum = 1, capabilityBitmap = [8]
05-29 17:10:09.846 2878 2893 I HicomNf_java_to_c: registerCapability, capabilityBitmapNum: 1
05-29 17:10:09.846 2878 2893 I HicomNfMainCtrlManager: RegisterCapability: 1, 8
05-29 17:10:09.846 2878 2893 D NearFieldManagerImpl: Register capability succeed with capabilityBitmapNum = 1, capabilityBitmap = [8]
05-29 17:10:09.847 2878 2893 D NearFieldManagerImpl: registerServiceData() called with: serviceData = 32
05-29 17:10:09.847 2878 2893 D NearFieldManagerImpl: registerModule() called with: packageModuleName = com.huawei.connection+CastPlusDiscoveryModule
05-29 17:10:09.847 2878 2893 I HicomNf_java_to_c: registerModule, moduleName: com.huawei.connection+CastPlusDiscoveryModule
05-29 17:10:09.847 2878 2893 I HicomNfMainCtrlManager: Enter RegisterModule
05-29 17:10:09.847 2878 2893 I HicomNfRegManager: RegisterModule OK, add module name com.huawei.connection+CastPlusDiscoveryModule
05-29 17:10:09.850 2746 2877 I Hisight-DeviceListManager: init DeviceListManager.
05-29 17:10:09.851 2878 2947 I nStackXDFinder: UpdateLocalNetworkInterface:[472] :UpdateLocalNetworkInterface exec,initerfaceName:wlan0
05-29 17:10:09.852 2878 2947 E nStackXDFinder: GetLocalIp:[401] :GetLocalIp exec
05-29 17:10:09.852 2878 2947 E nStackXDFinder: GetLocalIp:[407] :GetLocalIp, ifInfo is null
05-29 17:10:09.852 2878 2947 I nStackXDFinder: UpdateLocalNetworkInterface:[498] :UpdateLocalNetworkInterface copy ip value in default process
05-29 17:10:09.852 2878 2947 E nStackXDFinder: GetLocalIp:[401] :GetLocalIp exec
05-29 17:10:09.852 2878 2947 D nStackXCoAP: CoapServerInit:[174] :CoapServerInit is called
05-29 17:10:09.852 2878 2947 E nStackXDFinder: GetLocalIp:[401] :GetLocalIp exec
05-29 17:10:09.853 2878 2947 I nStackXUtil: BindToDevice:[352] :BindToDevice exec
05-29 17:10:09.853 2878 2947 I nStackXUtil: GetInterfaceByPriority:[279] :GetInterfaceByPriority exec
05-29 17:10:09.853 2878 2947 I nStackXUtil: GetInterfaceByDefault:[309] :GetInterfaceByDefault exec
05-29 17:10:09.853 2878 2947 I nStackXUtil: GetInterfaceByDefault:[316] :GetInterfaceByDefault, ndevice name: lo
05-29 17:10:09.853 2878 2947 I nStackXUtil: GetInterfaceByDefault:[316] :GetInterfaceByDefault, ndevice name: wlan0
05-29 17:10:09.854 2878 2947 I nStackXUtil: BindToDevice:[374] :BindToDevice, Bind localAddr name: wlan0
05-29 17:10:09.855 2878 2947 E nStackXUtil: BindToDeviceInner:[188] :setsockopt fail, errno = 1
05-29 17:10:09.855 2878 2947 E nStackXCoAP: CoapGetContext:[250] :bind to device fail
05-29 17:10:09.855 2878 2947 D nStackXCoAP: CoapInitResources:[744] :CoapInitResources g_wlanOrEthContext update
05-29 17:10:09.855 2878 2947 I nStackXDFinder: RegisterServiceData:[728] :RegisterServiceData, serviceData=[32]
05-29 17:10:09.870 2746 2877 D Hisight-DeviceListManager: get old secret key
01-01 08:01:43.738 759 759 E sprdwl : sprdwl_rx_rsp_process ctx_id 0 recv rsp[WIFI_CMD_TX_DATA] status[SPRDWL_CMD_STATUS_ERROR]
05-29 17:10:09.882 2878 2878 I awei.connection: type=1400 audit(0.0:1098): avc: denied { search } for name="net" dev="sysfs" ino=10442 scontext=u:r:platform_app:s0:c512,c768 tcontext=u:object_r:sysfs_net:s0 tclass=dir permissive=1 app=com.dangbei.screencast
05-29 17:10:09.886 2746 2746 I HiSight-Discove: type=1400 audit(0.0:1099): avc: denied { search } for name="com.dangbei.screencast" dev="mmcblk0p25" ino=891 scontext=u:r:platform_app:s0:c512,c768 tcontext=u:object_r:app_data_file:s0:c512,c768 tclass=dir permissive=1 app=com.dangbei.screencast
05-29 17:10:09.891 2746 2877 E Hisight-ConnectAuthCallBack: readSecureFile failed, no such file
05-29 17:10:09.891 2746 2877 W Hisight-DeviceListManager: deviceRecords is empty
05-29 17:10:09.891 2746 2877 W Hisight-DeviceListManager: occur error, clear all the list
05-29 17:10:09.892 2746 2877 D Hisight-HiChainAuthControl: start HiChainAuthControl
05-29 17:10:09.897 2746 2877 I ConnectAuthJNI: JNI_OnLoad begin load
05-29 17:10:09.897 2746 2877 I ConnectAuthJNI: RegisterNativeMethod begin
05-29 17:10:09.897 2746 2877 I ConnectAuthJNI: RegisterNativeMethod end
05-29 17:10:09.897 2746 2877 I ConnectAuthJNI: RegisterNativeMethod 1004 methodLen=10
05-29 17:10:09.897 2746 2877 I ConnectAuthJNI: RegisterNativeMethod 1007 RegisterNatives=0
05-29 17:10:09.898 2746 2877 I ConnectAuthJNI: InitArraylist 1013
05-29 17:10:09.898 2746 2877 I ConnectAuthJNI: InitConnectAuthStaticJNIMethod 1114 methodRet=0
05-29 17:10:09.898 2746 2877 E ConnectAuthJNI: JNI_OnLoad finish....1138
05-29 17:10:09.898 2746 2877 D Hisight-HiChainAuthControl: setupAuthIfNeeded, HiChainInstance hasn't been initialized
05-29 17:10:09.898 2746 2877 I ConnectAuthJNI: Java_com_huawei_hisight_security_ConnectAuthNative_nativeSetup 795 call HiChainNativeSetup
05-29 17:10:09.898 2746 2877 I ConnectAuthJNI: HiChainNativeSetup 565 registe_log
05-29 17:10:09.898 2746 2877 I ConnectAuthJNI: HksStorageRegisterFileCallbacks 245 register hks file callback status =0
05-29 17:10:09.898 2746 2877 I ConnectAuthJNI: HksRegisterGetDeviceIdCallback 268 register hks get hardware udid callback status =0
05-29 17:10:09.899 2746 2877 D ConnectAuthJNI: [HiChain] get_instance Begin get instance
05-29 17:10:09.899 2746 2877 I ConnectAuthJNI: [HKS] hks_service_key_info_init hks init : begin
05-29 17:10:09.899 2746 2877 I ConnectAuthJNI: FileRead 113 FileRead
05-29 17:10:09.899 2746 2877 I ConnectAuthJNI: FileRead 122 FileRead call readSecureFile begin
05-29 17:10:09.900 2746 2877 E Hisight-ConnectAuthCallBack: readSecureFile failed, no such file
05-29 17:10:09.900 2746 2877 W ConnectAuthJNI: FileRead 132 FileRead call readSecureFile byteArray is null
05-29 17:10:09.900 2746 2877 I ConnectAuthJNI: [HKS] hks_rkc_init RKC init:begin, is_key_info_exist=0
05-29 17:10:09.900 2746 2877 I ConnectAuthJNI: [HKS] hks_rkc_init_entropy the entropy is empty
05-29 17:10:09.900 2746 2877 I ConnectAuthJNI: FileSize 214 FileSize
05-29 17:10:09.900 2746 2877 I ConnectAuthJNI: FileSize 230 fileSize=258
05-29 17:10:09.901 2746 2877 I ConnectAuthJNI: FileRead 113 FileRead
05-29 17:10:09.901 2746 2877 I ConnectAuthJNI: FileRead 122 FileRead call readSecureFile begin
05-29 17:10:09.901 2746 2877 I ConnectAuthJNI: FileRead 135 FileRead call readSecureFile end
05-29 17:10:09.901 2746 2877 I ConnectAuthJNI: FileRead 150 fileBuff size 258, buf len 258
05-29 17:10:09.901 2746 2877 I ConnectAuthJNI: FileSize 214 FileSize
05-29 17:10:09.901 2746 2877 I ConnectAuthJNI: FileSize 230 fileSize=258
05-29 17:10:09.901 2746 2877 I ConnectAuthJNI: FileRead 113 FileRead
05-29 17:10:09.901 2746 2877 I ConnectAuthJNI: FileRead 122 FileRead call readSecureFile begin
05-29 17:10:09.901 2746 2877 I ConnectAuthJNI: FileRead 135 FileRead call readSecureFile end
05-29 17:10:09.902 2746 2877 I ConnectAuthJNI: FileRead 150 fileBuff size 258, buf len 258
05-29 17:10:09.902 2746 2877 I ConnectAuthJNI: [HKS] hks_rkc_load_ksf load ksf success
05-29 17:10:09.902 2746 2877 I ConnectAuthJNI: [HKS] hks_rkc_init root key component init success
05-29 17:10:09.902 2746 2877 I ConnectAuthJNI: [HKS] hks_rkc_init RKC init:end,rc=0
05-29 17:10:09.902 2746 2877 I ConnectAuthJNI: [HKS] hks_service_key_info_init hks init : end
05-29 17:10:09.902 2746 2877 I ConnectAuthJNI: GetHiChainProtocolParamsCallback 371 GetHiChainProtocolParamsCallback operation_code= 99
05-29 17:10:09.902 2746 2877 I ConnectAuthJNI: paramLen is ,=0
05-29 17:10:09.902 2746 2877 I ConnectAuthJNI: paramLen is ,=0
05-29 17:10:09.902 2746 2877 I ConnectAuthJNI: GetHiChainProtocolParamsCallback 402 GetHiChainProtocolParamsCallback end
05-29 17:10:09.902 2746 2877 I ConnectAuthJNI: [HiChain] get_instance Get instance success
05-29 17:10:09.902 2746 2877 I ConnectAuthJNI: Java_com_huawei_hisight_security_ConnectAuthNative_nativeGetHiChainInstance 598 get instance success
05-29 17:10:09.903 2746 2877 D Hisight-HiChainAuthControl: destroyAuth
05-29 17:10:09.903 2746 2877 I ConnectAuthJNI: Java_com_huawei_hisight_security_ConnectAuthNative_nativeDestroy 603 destroy
05-29 17:10:09.903 2746 2877 D Hisight-HiChainAuthControl: setupAuthIfNeeded, HiChainInstance hasn't been initialized
05-29 17:10:09.903 2746 2877 I ConnectAuthJNI: Java_com_huawei_hisight_security_ConnectAuthNative_nativeSetup 795 call HiChainNativeSetup
05-29 17:10:09.903 2746 2877 I ConnectAuthJNI: HiChainNativeSetup 565 registe_log
05-29 17:10:09.903 2746 2877 I ConnectAuthJNI: HksStorageRegisterFileCallbacks 245 register hks file callback status =0
05-29 17:10:09.903 2746 2877 I ConnectAuthJNI: HksRegisterGetDeviceIdCallback 268 register hks get hardware udid callback status =0
01-01 08:01:43.758 759 759 E sprdwl : sprdwl_rx_rsp_process ctx_id 0 recv rsp[WIFI_CMD_TX_DATA] status[SPRDWL_CMD_STATUS_ERROR]
05-29 17:10:09.904 2746 2877 D ConnectAuthJNI: [HiChain] get_instance Begin get instance
05-29 17:10:09.904 2746 2877 I ConnectAuthJNI: [HKS] hks_service_key_info_init hks init : begin
05-29 17:10:09.904 2746 2877 I ConnectAuthJNI: [HKS] hks_service_key_info_init hks init : end
05-29 17:10:09.904 2746 2877 I ConnectAuthJNI: GetHiChainProtocolParamsCallback 371 GetHiChainProtocolParamsCallback operation_code= 99
05-29 17:10:09.904 2746 2877 I ConnectAuthJNI: paramLen is ,=0
05-29 17:10:09.904 2746 2877 I ConnectAuthJNI: paramLen is ,=0
05-29 17:10:09.904 2746 2877 I ConnectAuthJNI: GetHiChainProtocolParamsCallback 402 GetHiChainProtocolParamsCallback end
05-29 17:10:09.904 2746 2877 I ConnectAuthJNI: [HiChain] get_instance Get instance success
05-29 17:10:09.904 2746 2877 I ConnectAuthJNI: Java_com_huawei_hisight_security_ConnectAuthNative_nativeGetHiChainInstance 598 get instance success
05-29 17:10:09.904 2746 2877 W ConnectAuthJNI: GetListTrustPeers 899 trustPeerSize=0
05-29 17:10:09.904 2746 2877 D Hisight-HiChainAuthControl: destroyAuth
05-29 17:10:09.904 2746 2877 I ConnectAuthJNI: Java_com_huawei_hisight_security_ConnectAuthNative_nativeDestroy 603 destroy
05-29 17:10:09.904 2746 2877 D Hisight-HiChainAuthControl: setupAuthIfNeeded, HiChainInstance hasn't been initialized
05-29 17:10:09.904 2746 2877 I ConnectAuthJNI: Java_com_huawei_hisight_security_ConnectAuthNative_nativeSetup 795 call HiChainNativeSetup
05-29 17:10:09.904 2746 2877 I ConnectAuthJNI: HiChainNativeSetup 565 registe_log
05-29 17:10:09.905 2746 2877 I ConnectAuthJNI: HksStorageRegisterFileCallbacks 245 register hks file callback status =0
05-29 17:10:09.905 2746 2877 I ConnectAuthJNI: HksRegisterGetDeviceIdCallback 268 register hks get hardware udid callback status =0
05-29 17:10:09.905 2746 2877 D ConnectAuthJNI: [HiChain] get_instance Begin get instance
05-29 17:10:09.905 2746 2877 I ConnectAuthJNI: [HKS] hks_service_key_info_init hks init : begin
05-29 17:10:09.905 2746 2877 I ConnectAuthJNI: [HKS] hks_service_key_info_init hks init : end
05-29 17:10:09.905 2746 2877 I ConnectAuthJNI: GetHiChainProtocolParamsCallback 371 GetHiChainProtocolParamsCallback operation_code= 99
05-29 17:10:09.905 2746 2877 I ConnectAuthJNI: paramLen is ,=0
05-29 17:10:09.905 2746 2877 I ConnectAuthJNI: paramLen is ,=0
05-29 17:10:09.905 2746 2877 I ConnectAuthJNI: GetHiChainProtocolParamsCallback 402 GetHiChainProtocolParamsCallback end
05-29 17:10:09.905 2746 2877 I ConnectAuthJNI: [HiChain] get_instance Get instance success
05-29 17:10:09.905 2746 2877 I ConnectAuthJNI: Java_com_huawei_hisight_security_ConnectAuthNative_nativeGetHiChainInstance 598 get instance success
05-29 17:10:09.905 2746 2877 W ConnectAuthJNI: GetListTrustPeers 899 trustPeerSize=0
05-29 17:10:09.906 2746 2877 D Hisight-DeviceListManager: init trusted list size: 0
05-29 17:10:09.907 2746 2877 D HiSight-ConnectionManager: setAuthInfo, authMode: 1
05-29 17:10:09.908 2878 2878 I HicomNf_java_to_c: notifyNetworkStateChanged with maskStr, networkType: 0, networkState: 1, mask: 255.255.254.0
05-29 17:10:09.909 2878 2878 I HicomNfMainCtrlManager: NotifyNetworkStateChanged is called with networkState: 1
05-29 17:10:09.909 2878 2878 I HicomNfSecureManager: StartListening, before calling NSTACKX_DMsgServer
05-29 17:10:09.909 2878 2878 I nStackXDMsg: NSTACKX_DMsgServer:[1335] :msgReceiver is not NULL
05-29 17:10:09.910 2878 2878 D nStackXDMsg: StartDMsgMainThread:[1274] :pthread_create
05-29 17:10:09.910 2878 2878 I HicomNfSecureManager: StartListening, after calling NSTACKX_DMsgServer
05-29 17:10:09.910 2878 2878 I HicomNfSecureManager: OnehopSecureCtrlManager: succeeded to StartListening with type 0
01-01 08:01:43.779 759 759 E sprdwl : sprdwl_rx_rsp_process ctx_id 0 recv rsp[WIFI_CMD_TX_DATA] status[SPRDWL_CMD_STATUS_ERROR]
05-29 17:10:09.940 476 494 I system_server: Background young concurrent copying GC freed 269065(10MB) AllocSpace objects, 44(1088KB) LOS objects, 46% free, 13MB/24MB, paused 637us total 284.139ms
05-29 17:10:09.949 476 496 W System : A resource failed to call release.
05-29 17:10:09.975 476 521 W IorapForwardingService: No service published for: iorapd
05-29 17:10:09.994 2878 2947 D nStackXCoAP: IsInSameNetwork:[276] :IsInSameNetwork exec
05-29 17:10:09.994 2878 2947 I nStackXDFinder: GetLocalInterfaceDetail:[461] :GetLocalInterfaceDetail in
05-29 17:10:09.994 2878 2947 E nStackXCoAP: IsInSameNetwork:[281] :IsInSameNetwork: not priority process
05-29 17:10:09.994 2878 2947 D nStackXCoAP: ParseServiceDiscover:[330] :new device join
05-29 17:10:09.994 2878 2947 I nStackXDFinder: NotifyDeviceListChanged:[540] :notify callback: device list changed callback is null
05-29 17:10:09.994 2878 2947 E nStackXDFinder: GetLocalIp:[401] :GetLocalIp exec
05-29 17:10:10.030 2746 2746 I pool-5-thread-1: type=1400 audit(0.0:1100): avc: denied { getattr } for path="/data/user/0/com.dangbei.screencast/files/__database_reborn_January_one__/td_database99SaaS" dev="mmcblk0p25" ino=2451 scontext=u:r:platform_app:s0:c512,c768 tcontext=u:object_r:app_data_file:s0:c512,c768 tclass=dir permissive=1 app=com.dangbei.screencast
05-29 17:10:10.030 2746 2746 I pool-5-thread-1: type=1400 audit(0.0:1101): avc: denied { read } for name="td_database99SaaS" dev="mmcblk0p25" ino=2451 scontext=u:r:platform_app:s0:c512,c768 tcontext=u:object_r:app_data_file:s0:c512,c768 tclass=dir permissive=1 app=com.dangbei.screencast
05-29 17:10:10.030 2746 2746 I pool-5-thread-1: type=1400 audit(0.0:1102): avc: denied { open } for path="/data/user/0/com.dangbei.screencast/files/__database_reborn_January_one__/td_database99SaaS" dev="mmcblk0p25" ino=2451 scontext=u:r:platform_app:s0:c512,c768 tcontext=u:object_r:app_data_file:s0:c512,c768 tclass=dir permissive=1 app=com.dangbei.screencast
01-01 08:01:43.903 2952 2952 W audit : audit_lost=557 audit_rate_limit=5 audit_backlog_limit=64
01-01 08:01:43.903 2952 2952 E audit : rate limit exceeded
05-29 17:10:10.050 2878 2947 D nStackXCoAP: IsInSameNetwork:[276] :IsInSameNetwork exec
05-29 17:10:10.050 2878 2947 I nStackXDFinder: GetLocalInterfaceDetail:[461] :GetLocalInterfaceDetail in
05-29 17:10:10.050 2878 2947 E nStackXCoAP: IsInSameNetwork:[281] :IsInSameNetwork: not priority process
05-29 17:10:10.051 2878 2947 D nStackXCoAP: ParseServiceDiscover:[330] :new device join
05-29 17:10:10.051 2878 2947 E nStackXDFinder: GetLocalIp:[401] :GetLocalIp exec
05-29 17:10:10.103 2878 2947 D nStackXCoAP: CoapMessageHandler:[133] :2.01
05-29 17:10:10.104 2878 2947 D nStackXCoAP: CoapMessageHandler:[133] :2.01
05-29 17:10:10.176 2669 2669 E GuardService: killMyselfRunnable:
05-29 17:10:10.177 2669 2669 I crashsdk: android_os_Process_sendSignal. PID: 2669 SIG: 9
05-29 17:10:10.177 2669 2669 I crashsdk: onKillProcess. SIG: 9
05-29 17:10:10.180 2669 2669 I crashsdk: Kill PID: 2669 (com.dangbei.screencast:bg_guard) by pid: 2669 (com.dangbei.screencast:bg_guard) tid: 2669 (main)
05-29 17:10:10.180 2669 2669 I crashsdk: SIG: 9, fg: false, exiting: false, main process: false, time: 20250529171010
05-29 17:10:10.180 2669 2669 I crashsdk: State in disk: 'b'
05-29 17:10:10.180 2669 2669 I crashsdk: at android.os.Process.sendSignal(Native Method)
05-29 17:10:10.180 2669 2669 I crashsdk: at android.os.Process.killProcess(Process.java:1153)
05-29 17:10:10.180 2669 2669 I crashsdk: at com.dangbei.screencast.startup.GuardService$a.run(:2)
05-29 17:10:10.180 2669 2669 I crashsdk: at android.os.Handler.handleCallback(Handler.java:938)
05-29 17:10:10.180 2669 2669 I crashsdk: at android.os.Handler.dispatchMessage(Handler.java:99)
05-29 17:10:10.180 2669 2669 I crashsdk: at android.os.Looper.loopOnce(Looper.java:201)
05-29 17:10:10.180 2669 2669 I crashsdk: at android.os.Looper.loop(Looper.java:288)
05-29 17:10:10.180 2669 2669 I crashsdk: at android.app.ActivityThread.main(ActivityThread.java:7854)
05-29 17:10:10.180 2669 2669 I crashsdk: at java.lang.reflect.Method.invoke(Native Method)
05-29 17:10:10.180 2669 2669 I crashsdk: at com.android.internal.os.RuntimeInit$MethodAndArgsCaller.run(RuntimeInit.java:548)
05-29 17:10:10.180 2669 2669 I crashsdk: at com.android.internal.os.ZygoteInit.main(ZygoteInit.java:1182)
05-29 17:10:10.181 2669 2669 I Process : Sending signal. PID: 2669 SIG: 9
05-29 17:10:10.213 2878 2947 D nStackXCoAP: IsInSameNetwork:[276] :IsInSameNetwork exec
05-29 17:10:10.214 2878 2947 I nStackXDFinder: GetLocalInterfaceDetail:[461] :GetLocalInterfaceDetail in
05-29 17:10:10.214 2878 2947 E nStackXCoAP: IsInSameNetwork:[281] :IsInSameNetwork: not priority process
05-29 17:10:10.214 2878 2947 D nStackXCoAP: ParseServiceDiscover:[330] :new device join
05-29 17:10:10.214 2878 2947 E nStackXDFinder: GetLocalIp:[401] :GetLocalIp exec
05-29 17:10:10.235 2746 2798 W efs.send_log: tryFileLock sendlock sucess! processname: com.dangbei.screencast
05-29 17:10:10.237 476 579 I ActivityManager: Process com.dangbei.screencast:bg_guard (pid 2669) has died: prcp FGS
05-29 17:10:10.237 476 541 I libprocessgroup: Successfully killed process cgroup uid 10022 pid 2669 in 0ms
01-01 08:01:44.106 1 1 I init : Untracked pid 2735 exited with status 0
05-29 17:10:10.240 247 247 I Zygote : Process 2669 exited due to signal 9 (Killed)
05-29 17:10:10.266 2878 2947 D nStackXCoAP: CoapMessageHandler:[133] :2.01
05-29 17:10:10.290 2878 2947 D nStackXCoAP: IsInSameNetwork:[276] :IsInSameNetwork exec
05-29 17:10:10.290 2878 2947 I nStackXDFinder: GetLocalInterfaceDetail:[461] :GetLocalInterfaceDetail in
05-29 17:10:10.290 2878 2947 E nStackXCoAP: IsInSameNetwork:[281] :IsInSameNetwork: not priority process
05-29 17:10:10.290 2878 2947 D nStackXCoAP: ParseServiceDiscover:[330] :new device join
05-29 17:10:10.290 2878 2947 E nStackXDFinder: GetLocalIp:[401] :GetLocalIp exec
05-29 17:10:10.434 2878 2947 D nStackXCoAP: IsInSameNetwork:[276] :IsInSameNetwork exec
05-29 17:10:10.434 2878 2947 I nStackXDFinder: GetLocalInterfaceDetail:[461] :GetLocalInterfaceDetail in
05-29 17:10:10.434 2878 2947 E nStackXCoAP: IsInSameNetwork:[281] :IsInSameNetwork: not priority process
05-29 17:10:10.434 2878 2947 D nStackXCoAP: ParseServiceDiscover:[330] :new device join
05-29 17:10:10.434 2878 2947 E nStackXDFinder: GetLocalIp:[401] :GetLocalIp exec
05-29 17:10:10.452 2878 2947 D nStackXCoAP: CoapMessageHandler:[133] :2.01
05-29 17:10:10.542 2878 2947 D nStackXCoAP: IsInSameNetwork:[276] :IsInSameNetwork exec
05-29 17:10:10.542 2878 2947 I nStackXDFinder: GetLocalInterfaceDetail:[461] :GetLocalInterfaceDetail in
05-29 17:10:10.542 2878 2947 E nStackXCoAP: IsInSameNetwork:[281] :IsInSameNetwork: not priority process
05-29 17:10:10.542 2878 2947 D nStackXCoAP: ParseServiceDiscover:[330] :new device join
05-29 17:10:10.543 2878 2947 E nStackXDFinder: GetLocalIp:[401] :GetLocalIp exec
05-29 17:10:10.559 2878 2947 D nStackXCoAP: CoapMessageHandler:[133] :2.01
05-29 17:10:10.613 2878 2947 D nStackXCoAP: CoapMessageHandler:[133] :2.01
05-29 17:10:10.704 2878 2947 D nStackXCoAP: IsInSameNetwork:[276] :IsInSameNetwork exec
05-29 17:10:10.704 2878 2947 I nStackXDFinder: GetLocalInterfaceDetail:[461] :GetLocalInterfaceDetail in
05-29 17:10:10.704 2878 2947 E nStackXCoAP: IsInSameNetwork:[281] :IsInSameNetwork: not priority process
05-29 17:10:10.704 2878 2947 D nStackXCoAP: ParseServiceDiscover:[330] :new device join
05-29 17:10:10.705 2878 2947 E nStackXDFinder: GetLocalIp:[401] :GetLocalIp exec
05-29 17:10:10.722 2878 2947 D nStackXCoAP: CoapMessageHandler:[133] :2.01
05-29 17:10:10.804 2878 2947 D nStackXCoAP: IsInSameNetwork:[276] :IsInSameNetwork exec
05-29 17:10:10.804 2878 2947 I nStackXDFinder: GetLocalInterfaceDetail:[461] :GetLocalInterfaceDetail in
05-29 17:10:10.805 2878 2947 E nStackXCoAP: IsInSameNetwork:[281] :IsInSameNetwork: not priority process
05-29 17:10:10.805 2878 2947 D nStackXCoAP: ParseServiceDiscover:[330] :new device join
05-29 17:10:10.805 2878 2947 E nStackXDFinder: GetLocalIp:[401] :GetLocalIp exec
05-29 17:10:10.824 2878 2947 D nStackXCoAP: CoapMessageHandler:[133] :2.01
01-01 08:01:44.741 759 759 E sprdwl : sprdwl_rx_rsp_process ctx_id 0 recv rsp[WIFI_CMD_TX_DATA] status[SPRDWL_CMD_STATUS_ERROR]
01-01 08:01:44.791 759 759 E sprdwl : sprdwl_rx_rsp_process ctx_id 0 recv rsp[WIFI_CMD_TX_DATA] status[SPRDWL_CMD_STATUS_ERROR]
05-29 17:10:10.935 2878 2947 D nStackXCoAP: IsInSameNetwork:[276] :IsInSameNetwork exec
05-29 17:10:10.935 2878 2947 I nStackXDFinder: GetLocalInterfaceDetail:[461] :GetLocalInterfaceDetail in
05-29 17:10:10.935 2878 2947 E nStackXCoAP: IsInSameNetwork:[281] :IsInSameNetwork: not priority process
05-29 17:10:10.935 2878 2947 D nStackXCoAP: ParseServiceDiscover:[330] :new device join
05-29 17:10:10.936 2878 2947 E nStackXDFinder: GetLocalIp:[401] :GetLocalIp exec
05-29 17:10:10.957 2878 2947 D nStackXCoAP: CoapMessageHandler:[133] :2.01
05-29 17:10:10.976 476 521 W IorapForwardingService: No service published for: iorapd
05-29 17:10:11.108 2878 2947 D nStackXCoAP: IsInSameNetwork:[276] :IsInSameNetwork exec
05-29 17:10:11.108 2878 2947 I nStackXDFinder: GetLocalInterfaceDetail:[461] :GetLocalInterfaceDetail in
05-29 17:10:11.108 2878 2947 E nStackXCoAP: IsInSameNetwork:[281] :IsInSameNetwork: not priority process
05-29 17:10:11.108 2878 2947 D nStackXCoAP: ParseServiceDiscover:[330] :new device join
05-29 17:10:11.109 2878 2947 E nStackXDFinder: GetLocalIp:[401] :GetLocalIp exec
05-29 17:10:11.157 2878 2947 D nStackXCoAP: CoapMessageHandler:[133] :2.01
05-29 17:10:11.236 2878 2947 D nStackXCoAP: IsInSameNetwork:[276] :IsInSameNetwork exec
05-29 17:10:11.236 2878 2947 I nStackXDFinder: GetLocalInterfaceDetail:[461] :GetLocalInterfaceDetail in
05-29 17:10:11.236 2878 2947 E nStackXCoAP: IsInSameNetwork:[281] :IsInSameNetwork: not priority process
05-29 17:10:11.237 2878 2947 D nStackXCoAP: ParseServiceDiscover:[330] :new device join
05-29 17:10:11.237 2878 2947 E nStackXDFinder: GetLocalIp:[401] :GetLocalIp exec
05-29 17:10:11.293 2878 2947 D nStackXCoAP: CoapMessageHandler:[133] :2.01
05-29 17:10:11.330 1099 1121 I OpenGLRenderer: Davey! duration=9223371933775ms; Flags=0, FrameTimelineVsyncId=4359, IntendedVsync=103078380283, Vsync=103078380283, InputEventId=0, HandleInputStart=103079110923, AnimationStart=103079116173, PerformTraversalsStart=103079342839, DrawStart=103080226298, FrameDeadline=103111713615, FrameInterval=103079099339, FrameStartTime=16666666, SyncQueued=103082012923, SyncStart=103082434631, IssueDrawCommandsStart=103083586548, SwapBuffers=103105460465, FrameCompleted=9223372036854775807, DequeueBufferDuration=61250, QueueBufferDuration=2422583, GpuCompleted=9223372036854775807, SwapBuffersCompleted=103109597215, DisplayPresentTime=0,
05-29 17:10:11.364 1099 1121 I OpenGLRenderer: Davey! duration=9223371933750ms; Flags=0, FrameTimelineVsyncId=4360, IntendedVsync=103095046949, Vsync=103095046949, InputEventId=0, HandleInputStart=103095802590, AnimationStart=103095809090, PerformTraversalsStart=103096180090, DrawStart=103096780715, FrameDeadline=103128380281, FrameInterval=103095790965, FrameStartTime=16666666, SyncQueued=103101052465, SyncStart=103110113340, IssueDrawCommandsStart=103112171923, SwapBuffers=103128845298, FrameCompleted=9223372036854775807, DequeueBufferDuration=63375, QueueBufferDuration=2039000, GpuCompleted=9223372036854775807, SwapBuffersCompleted=103132095215, DisplayPresentTime=0,
05-29 17:10:11.377 1099 1121 I OpenGLRenderer: Davey! duration=9223371933724ms; Flags=0, FrameTimelineVsyncId=4362, IntendedVsync=103111714134, Vsync=103111714134, InputEventId=0, HandleInputStart=103113171381, AnimationStart=103113175798, PerformTraversalsStart=103113795631, DrawStart=103114058506, FrameDeadline=103145047466, FrameInterval=103113159006, FrameStartTime=16666666, SyncQueued=103114191340, SyncStart=103132583298, IssueDrawCommandsStart=103134150173, SwapBuffers=103142914381, FrameCompleted=9223372036854775807, DequeueBufferDuration=58292, QueueBufferDuration=2261083, GpuCompleted=9223372036854775807, SwapBuffersCompleted=103146268173, DisplayPresentTime=0,
05-29 17:10:11.394 1099 1121 I OpenGLRenderer: Davey! duration=9223371933714ms; Flags=0, FrameTimelineVsyncId=4363, IntendedVsync=103128380800, Vsync=103128380800, InputEventId=0, HandleInputStart=103134622006, AnimationStart=103134626548, PerformTraversalsStart=103135082965, DrawStart=103135314090, FrameDeadline=103161714132, FrameInterval=103134612715, FrameStartTime=16666666, SyncQueued=103135415673, SyncStart=103146817631, IssueDrawCommandsStart=103150226048, SwapBuffers=103164919840, FrameCompleted=9223372036854775807, DequeueBufferDuration=696875, QueueBufferDuration=925875, GpuCompleted=9223372036854775807, SwapBuffersCompleted=103167733548, DisplayPresentTime=0,
05-29 17:10:11.442 2878 2947 D nStackXCoAP: IsInSameNetwork:[276] :IsInSameNetwork exec
05-29 17:10:11.443 2878 2947 I nStackXDFinder: GetLocalInterfaceDetail:[461] :GetLocalInterfaceDetail in
05-29 17:10:11.443 2878 2947 E nStackXCoAP: IsInSameNetwork:[281] :IsInSameNetwork: not priority process
05-29 17:10:11.443 2878 2947 D nStackXCoAP: ParseServiceDiscover:[330] :new device join
05-29 17:10:11.444 2878 2947 E nStackXDFinder: GetLocalIp:[401] :GetLocalIp exec
05-29 17:10:11.444 1099 1121 I OpenGLRenderer: Davey! duration=9223371933661ms; Flags=0, FrameTimelineVsyncId=4369, IntendedVsync=103178386492, Vsync=103178386492, InputEventId=0, HandleInputStart=103190591590, AnimationStart=103190593965, PerformTraversalsStart=103191302423, DrawStart=103191809715, FrameDeadline=103211719824, FrameInterval=103190584006, FrameStartTime=16666666, SyncQueued=103192360423, SyncStart=103206798923, IssueDrawCommandsStart=103207988298, SwapBuffers=103219366256, FrameCompleted=9223372036854775807, DequeueBufferDuration=35166, QueueBufferDuration=1404125, GpuCompleted=9223372036854775807, SwapBuffersCompleted=103226227923, DisplayPresentTime=0,
05-29 17:10:11.494 1099 1121 I OpenGLRenderer: Davey! duration=9223371933630ms; Flags=0, FrameTimelineVsyncId=4373, IntendedVsync=103211332470, Vsync=103227999136, InputEventId=0, HandleInputStart=103229164506, AnimationStart=103229167381, PerformTraversalsStart=103229715048, DrawStart=103230012881, FrameDeadline=103244665802, FrameInterval=103229148048, FrameStartTime=16666666, SyncQueued=103230180340, SyncStart=103243571673, IssueDrawCommandsStart=103245040923, SwapBuffers=103251428090, FrameCompleted=9223372036854775807, DequeueBufferDuration=46833, QueueBufferDuration=6799334, GpuCompleted=9223372036854775807, SwapBuffersCompleted=103259426423, DisplayPresentTime=0,
05-29 17:10:11.526 2878 2947 D nStackXCoAP: IsInSameNetwork:[276] :IsInSameNetwork exec
05-29 17:10:11.527 2878 2947 I nStackXDFinder: GetLocalInterfaceDetail:[461] :GetLocalInterfaceDetail in
05-29 17:10:11.527 2878 2947 E nStackXCoAP: IsInSameNetwork:[281] :IsInSameNetwork: not priority process
05-29 17:10:11.527 2878 2947 D nStackXCoAP: ParseServiceDiscover:[330] :new device join
05-29 17:10:11.527 2878 2947 E nStackXDFinder: GetLocalIp:[401] :GetLocalIp exec
05-29 17:10:11.551 2878 2947 D nStackXCoAP: CoapMessageHandler:[133] :2.01
05-29 17:10:11.576 2878 2947 D nStackXCoAP: CoapMessageHandler:[133] :2.01
05-29 17:10:11.618 2878 2947 D nStackXCoAP: IsInSameNetwork:[276] :IsInSameNetwork exec
05-29 17:10:11.618 2878 2947 I nStackXDFinder: GetLocalInterfaceDetail:[461] :GetLocalInterfaceDetail in
05-29 17:10:11.618 2878 2947 E nStackXCoAP: IsInSameNetwork:[281] :IsInSameNetwork: not priority process
05-29 17:10:11.618 2878 2947 D nStackXCoAP: ParseServiceDiscover:[330] :new device join
05-29 17:10:11.618 2878 2947 E nStackXDFinder: GetLocalIp:[401] :GetLocalIp exec
05-29 17:10:11.675 2746 2957 I PlatformDependent: Your platform does not provide complete low-level API for accessing direct buffers reliably. Unless explicitly requested, heap buffer will always be preferred to avoid potential system instability.
05-29 17:10:11.691 2878 2947 D nStackXCoAP: CoapMessageHandler:[133] :2.01
05-29 17:10:11.730 2746 2819 W VideoCapabilities: Unrecognized profile/level 0/3 for video/mpeg2
05-29 17:10:11.747 476 620 D NsdService: Register service
05-29 17:10:11.747 476 620 D NsdService: registerService: 6 name: 当贝投屏A9, type: _airplay._tcp, host: null, port: 41017, txtRecord: srcvers=220.68features=0x527FFFF7,0x1E'pi=2e388006-13ba-4041-9a67-25dd4a43d536Cpk=b07727d6f6cd6e08b58ede525ec3cdeaa252ad9f683feb212ef8a205246554e7vv=2 flags=0x4model=AppleTV2,1deviceid=b4:2f:03:16:18:c0
05-29 17:10:11.748 476 620 D NsdService: mdnssd [register, 6, 当贝投屏A9, _airplay._tcp, 41017, DnNyY3ZlcnM9MjIwLjY4GGZlYXR1cmVzPTB4NTI3RkZGRjcsMHgxRSdwaT0yZTM4ODAwNi0xM2JhLTQwNDEtOWE2Ny0yNWRkNGE0M2Q1MzZDcGs9YjA3NzI3ZDZmNmNkNmUwOGI1OGVkZTUyNWVjM2NkZWFhMjUyYWQ5ZjY4M2ZlYjIxMmVmOGEyMDUyNDY1NTRlNwR2dj0yCWZsYWdzPTB4NBBtb2RlbD1BcHBsZVRWMiwxGmRldmljZWlkPWI0OjJmOjAzOjE2OjE4OmMw]
05-29 17:10:11.750 476 620 D NsdService: Register 2 6
05-29 17:10:11.760 476 620 D NsdService: Register service
05-29 17:10:11.761 476 620 D NsdService: registerService: 7 name: b42f031618c0@当贝投屏A9, type: _raop._tcp, host: null, port: 35273, txtRecord: txtvers=1 am=AppleTV2,1ch=2
05-29 17:10:11.761 476 620 D NsdService: cn=0,1,2,3da=trueet=0,3,5ft=0x527FFFF7,0x1Emd=0,1,2Cpk=b07727d6f6cd6e08b58ede525ec3cdeaa252ad9f683feb212ef8a205246554e7pw=falsesf=0x4sr=44100ss=16sv=falsetp=UDPvn=65537 vs=220.68vv=2 rhd=5.6.0.0
