05-29 10:19:56.777 476 476 D ConditionProviders: Subscribing to condition://android/event?userId=-10000&calendar=&reply=1 with ComponentInfo{android/com.android.server.notification.EventConditionProvider}
05-29 10:19:56.779 669 669 I droid.bluetoot: [0529/101956.779470:INFO:com_android_bluetooth_btservice_BluetoothKeystore.cpp(97)] classInitNative: succeeds
05-29 10:19:56.779 476 476 D ConditionProviders: Subscribing to condition://android/schedule?days=1.2.3.4.5.6.7&start=22.0&end=7.0&exitAtAlarm=true with ComponentInfo{android/com.android.server.notification.ScheduleConditionProvider}
05-29 10:19:56.780 669 669 D BluetoothKeystoreService: setBluetoothKeystoreService(): set to: com.android.bluetooth.btservice.bluetoothkeystore.BluetoothKeystoreService@593d4e6
05-29 10:19:56.780 476 538 W BestClock: java.time.DateTimeException: Missing NTP fix
05-29 10:19:56.783 476 608 W BestClock: java.time.DateTimeException: Missing NTP fix
05-29 10:19:56.783 364 473 I Codec2InfoBuilder: adding type 'audio/mp4a-latm'
05-29 10:19:56.784 476 538 D CountryDetector: Using custom country detector class: com.android.server.location.ComprehensiveCountryDetector
05-29 10:19:56.785 476 538 E CountryDetector: Could not instantiate the custom country detector class
05-29 10:19:56.785 476 538 D CountryDetector: Using default country detector
05-29 10:19:56.785 476 608 W BestClock: java.time.DateTimeException: Missing NTP fix
05-29 10:19:56.788 776 776 V GraphicsEnvironment: ANGLE Developer option for 'com.android.se' set to: 'default'
05-29 10:19:56.789 776 776 V GraphicsEnvironment: Neither updatable production driver nor prerelease driver is supported.
05-29 10:19:56.791 476 608 W BestClock: java.time.DateTimeException: Missing NTP fix
05-29 10:19:56.791 776 776 D NetworkSecurityConfig: No Network Security Config specified, using platform default
05-29 10:19:56.795 376 419 V C2Store : in init
05-29 10:19:56.795 376 419 V C2Store : loading dll
05-29 10:19:56.795 376 417 V C2Store : in ~ComponentModule
05-29 10:19:56.795 376 417 V C2Store : unloading dll
05-29 10:19:56.798 776 776 D NetworkSecurityConfig: No Network Security Config specified, using platform default
05-29 10:19:56.798 669 669 D BluetoothKeystoreService: loadConfigData
05-29 10:19:56.798 476 579 D CompatibilityChangeReporter: Compat change id reported: 181136395; UID 1000; state: DISABLED
05-29 10:19:56.802 476 579 D CompatibilityChangeReporter: Compat change id reported: 174042936; UID 1000; state: DISABLED
05-29 10:19:56.805 476 608 W BestClock: java.time.DateTimeException: Missing NTP fix
05-29 10:19:56.805 265 265 D hdmi-cec: reset logical address to broadcast
05-29 10:19:56.806 476 608 W BestClock: java.time.DateTimeException: Missing NTP fix
05-29 10:19:56.808 476 608 W BestClock: java.time.DateTimeException: Missing NTP fix
05-29 10:19:56.808 364 473 I Codec2InfoBuilder: adding type 'audio/3gpp'
05-29 10:19:56.809 376 376 V C2Store : in init
05-29 10:19:56.810 376 376 V C2Store : loading dll
05-29 10:19:56.811 376 419 V C2Store : in ~ComponentModule
05-29 10:19:56.811 376 419 V C2Store : unloading dll
05-29 10:19:56.814 476 608 W BestClock: java.time.DateTimeException: Missing NTP fix
05-29 10:19:56.817 476 608 W BestClock: java.time.DateTimeException: Missing NTP fix
05-29 10:19:56.818 364 473 I Codec2InfoBuilder: adding type 'audio/3gpp'
05-29 10:19:56.819 376 417 V C2Store : in init
05-29 10:19:56.819 376 417 V C2Store : loading dll
05-29 10:19:56.820 476 608 W BestClock: java.time.DateTimeException: Missing NTP fix
05-29 10:19:56.822 476 608 W BestClock: java.time.DateTimeException: Missing NTP fix
05-29 10:19:56.823 476 608 W BestClock: java.time.DateTimeException: Missing NTP fix
05-29 10:19:56.824 376 843 V C2Store : in ~ComponentModule
05-29 10:19:56.824 669 669 I droid.bluetoot: [0529/101956.824534:INFO:com_android_bluetooth_btservice_ActivityAttribution.cpp(96)] classInitNative: succeeds
05-29 10:19:56.824 376 843 V C2Store : unloading dll
05-29 10:19:56.824 669 669 D BluetoothKeystoreService: getCompareResult: 0
05-29 10:19:56.826 364 473 I Codec2InfoBuilder: adding type 'audio/amr-wb'
05-29 10:19:56.826 376 376 V C2Store : in init
05-29 10:19:56.826 376 376 V C2Store : loading dll
05-29 10:19:56.826 376 417 V C2Store : in ~ComponentModule
05-29 10:19:56.826 376 417 V C2Store : unloading dll
05-29 10:19:56.831 364 473 I Codec2InfoBuilder: adding type 'audio/amr-wb'
05-29 10:19:56.832 376 840 V C2Store : in init
05-29 10:19:56.832 376 840 V C2Store : loading dll
05-29 10:19:56.832 376 845 V C2Store : in ~ComponentModule
05-29 10:19:56.832 376 845 V C2Store : unloading dll
05-29 10:19:56.837 364 473 D Codec2InfoBuilder: component 'c2.android.av1.decoder' not found in xml
05-29 10:19:56.838 376 419 V C2Store : in init
05-29 10:19:56.838 376 419 V C2Store : loading dll
05-29 10:19:56.841 376 840 V C2Store : in ~ComponentModule
05-29 10:19:56.842 376 840 V C2Store : unloading dll
05-29 10:19:56.844 364 473 I Codec2InfoBuilder: adding type 'video/avc'
05-29 10:19:56.847 476 579 W ActivityManager: Slow operation: 76ms so far, now at attachApplicationLocked: after mServices.attachApplicationLocked
05-29 10:19:56.854 669 669 I bt_btif : system/bt/btif/src/bluetooth.cc:162 init: init: start restricted = 0 ; common criteria mode = 0, config compare result = 0
05-29 10:19:56.857 820 820 D CompatibilityChangeReporter: Compat change id reported: 171979766; UID 1000; state: ENABLED
05-29 10:19:56.858 376 376 V C2Store : in ~ComponentModule
05-29 10:19:56.858 376 376 V C2Store : unloading dll
05-29 10:19:56.858 376 419 V C2Store : in init
05-29 10:19:56.858 376 419 V C2Store : loading dll
05-29 10:19:56.861 669 669 I bt : bt_common::init_flags: Flags loaded: gd_core=false gd_advertising=false gd_scanning=false gd_security=false gd_acl=false gd_l2cap=false gd_hci=false gd_controller=false gatt_robust_caching=false btaa_hci=false gd_rust=false gd_link_policy=false
05-29 10:19:56.861 476 608 W BestClock: java.time.DateTimeException: Missing NTP fix
05-29 10:19:56.862 476 608 W BestClock: java.time.DateTimeException: Missing NTP fix
05-29 10:19:56.863 669 847 I droid.bluetoot: [0529/101956.863206:INFO:message_loop_thread.cc(224)] Run: message loop starting for thread bt_stack_manager_thread
05-29 10:19:56.863 476 476 D CompatibilityChangeReporter: Compat change id reported: 135634846; UID 10075; state: DISABLED
05-29 10:19:56.864 476 540 D CompatibilityChangeReporter: Compat change id reported: 143937733; UID 10075; state: ENABLED
05-29 10:19:56.864 756 756 D ApplicationLoaders: Returning zygote-cached class loader: /system/framework/android.test.base.jar
05-29 10:19:56.872 376 419 I mediaswcodec: missing struct descriptor #Param::CoreIndex(--004) for field values of struct #Param::CoreIndex(F-12004)
05-29 10:19:56.872 376 419 I mediaswcodec: missing struct descriptor #Param::CoreIndex(--1812) for field values of struct #Param::CoreIndex(F-11812)
05-29 10:19:56.872 669 847 I bt_stack_manager: system/bt/btif/src/stack_manager.cc:200 event_init_stack: is initializing the stack
05-29 10:19:56.876 376 419 I mediaswcodec: missing struct descriptor #Param::CoreIndex(--004) for field values of struct #Param::CoreIndex(F-12004)
05-29 10:19:56.876 376 419 I mediaswcodec: missing struct descriptor #Param::CoreIndex(--1812) for field values of struct #Param::CoreIndex(F-11812)
05-29 10:19:56.879 364 473 I Codec2InfoBuilder: adding type 'video/avc'
05-29 10:19:56.882 776 776 I SecureElementService: main onCreate
01-01 08:00:19.157 832 832 I capability: warning: `wpa_supplicant' uses 32-bit capabilities (legacy support in use)
05-29 10:19:56.886 376 376 V C2Store : in init
05-29 10:19:56.886 376 376 V C2Store : loading dll
05-29 10:19:56.888 247 247 D Zygote : Forked child process 851
05-29 10:19:56.890 832 832 D wpa_supplicant: wpa_supplicant v2.10-devel-12
05-29 10:19:56.891 364 473 I Codec2InfoBuilder: adding type 'audio/flac'
05-29 10:19:56.891 476 540 I ActivityManager: app.processName = android.ext.services
05-29 10:19:56.891 476 540 I ActivityManager: Start proc 851:android.ext.services/u0a75 for service {android.ext.services/android.ext.services.autofill.InlineSuggestionRenderServiceImpl}
05-29 10:19:56.892 376 845 V C2Store : in init
05-29 10:19:56.892 376 845 V C2Store : loading dll
05-29 10:19:56.892 832 832 D wpa_supplicant: Global control interface '@android:wpa_wlan0'
05-29 10:19:56.892 832 832 D wpa_supplicant: Using Android control socket 'wpa_wlan0'
05-29 10:19:56.892 832 832 D wpa_supplicant: Initing hidl control
05-29 10:19:56.893 832 832 I wpa_supplicant: Processing hidl events on FD 4
05-29 10:19:56.893 832 832 E cutils-trace: Error opening trace file: No such file or directory (2)
05-29 10:19:56.894 776 776 I SecureElementService: Check if terminal eSE1 is available.
05-29 10:19:56.897 669 850 I bt_osi_thread: system/bt/osi/src/thread.cc:209 run_thread: run_thread: thread id 850, thread name alarm_default_ca started
05-29 10:19:56.898 832 832 I HidlServiceManagement: Registered android.hardware.wifi.supplicant@1.4::ISupplicant/default
05-29 10:19:56.898 186 186 I hwservicemanager: getTransport: Cannot find entry android.hardware.secure_element@1.2::ISecureElement/eSE1 in either framework or device VINTF manifest.
05-29 10:19:56.899 832 832 I wpa_supplicant: Successfully initialized wpa_supplicant
05-29 10:19:56.901 376 376 V C2Store : in ~ComponentModule
05-29 10:19:56.901 376 376 V C2Store : unloading dll
05-29 10:19:56.905 851 851 I Zygote : seccomp disabled by setenforce 0
05-29 10:19:56.905 364 473 I Codec2InfoBuilder: adding type 'audio/flac'
05-29 10:19:56.907 669 852 I bt_osi_thread: system/bt/osi/src/thread.cc:209 run_thread: run_thread: thread id 852, thread name alarm_dispatcher started
05-29 10:19:56.908 476 638 I android_os_HwBinder: HwBinder: Starting thread pool for getting: android.hardware.wifi.supplicant@1.0::ISupplicant/default
05-29 10:19:56.908 669 847 I bt_btif_core: system/bt/btif/src/btif_core.cc:235 btif_init_bluetooth: btif_init_bluetooth entered
05-29 10:19:56.909 476 476 D CompatibilityChangeReporter: Compat change id reported: 150939131; UID 1000; state: ENABLED
05-29 10:19:56.910 476 638 I SupplicantStaIfaceHal: Completed initialization of ISupplicant.
05-29 10:19:56.910 476 519 D AdbService: setAdbEnabled(true), mIsAdbUsbEnabled=true, mIsAdbWifiEnabled=true, transportType=1
05-29 10:19:56.911 669 854 I droid.bluetoot: [0529/101956.910985:INFO:message_loop_thread.cc(224)] Run: message loop starting for thread bt_jni_thread
05-29 10:19:56.911 376 419 V C2Store : in ~ComponentModule
05-29 10:19:56.911 376 419 V C2Store : unloading dll
05-29 10:19:56.912 376 417 V C2Store : in init
05-29 10:19:56.912 376 417 V C2Store : loading dll
05-29 10:19:56.912 776 776 D SecureElement-Terminal-eSE1: SE Hal V1.2 is not supported
05-29 10:19:56.912 376 840 V C2Store : in ~ComponentModule
05-29 10:19:56.912 376 840 V C2Store : unloading dll
05-29 10:19:56.914 186 186 I hwservicemanager: getTransport: Cannot find entry android.hardware.secure_element@1.1::ISecureElement/eSE1 in either framework or device VINTF manifest.
05-29 10:19:56.915 669 847 I bt_btif_core: system/bt/btif/src/btif_core.cc:239 btif_init_bluetooth: btif_init_bluetooth finished
05-29 10:19:56.917 669 847 I bt_stack_config: system/bt/main/stack_config.cc:51 init: init attempt to load stack conf from /etc/bluetooth/bt_stack.conf
05-29 10:19:56.919 669 847 I bt_stack_manager: system/bt/btif/src/stack_manager.cc:223 event_init_stack: finished
05-29 10:19:56.920 669 669 I bt_osi_wakelock: system/bt/osi/src/wakelock.cc:98 wakelock_set_os_callouts: wakelock_set_os_callouts set to non-native
05-29 10:19:56.920 669 669 I bt_btif : system/bt/btif/src/bluetooth.cc:417 get_profile_interface: get_profile_interface: id = socket
05-29 10:19:56.921 669 669 E droid.bluetoot: [0529/101956.921109:ERROR:message_loop_thread.cc(102)] DoInThreadDelayed: message loop is null for thread bt_main_thread(-1), from pc:0xbc0393bb
05-29 10:19:56.921 669 669 E droid.bluetoot: [0529/101956.921467:ERROR:btu_task.cc(94)] do_in_main_thread: failed from pc:0xbc0393bb
05-29 10:19:56.921 669 669 E droid.bluetoot: [0529/101956.921588:ERROR:message_loop_thread.cc(102)] DoInThreadDelayed: message loop is null for thread bt_main_thread(-1), from pc:0xbc0393bb
05-29 10:19:56.921 669 669 E droid.bluetoot: [0529/101956.921681:ERROR:btu_task.cc(94)] do_in_main_thread: failed from pc:0xbc0393bb
05-29 10:19:56.921 776 776 D SecureElement-Terminal-eSE1: SE Hal V1.1 is not supported
05-29 10:19:56.921 669 669 E droid.bluetoot: [0529/101956.921791:ERROR:message_loop_thread.cc(102)] DoInThreadDelayed: message loop is null for thread bt_main_thread(-1), from pc:0xbc0393bb
05-29 10:19:56.921 669 669 E droid.bluetoot: [0529/101956.921883:ERROR:btu_task.cc(94)] do_in_main_thread: failed from pc:0xbc0393bb
05-29 10:19:56.922 186 186 I hwservicemanager: getTransport: Cannot find entry android.hardware.secure_element@1.0::ISecureElement/eSE1 in either framework or device VINTF manifest.
05-29 10:19:56.923 776 776 I SecureElementService: No HAL implementation for eSE1
05-29 10:19:56.923 776 776 I SecureElementService: Check if terminal SIM1 is available.
05-29 10:19:56.923 186 186 I hwservicemanager: getTransport: Cannot find entry android.hardware.secure_element@1.2::ISecureElement/SIM1 in either framework or device VINTF manifest.
05-29 10:19:56.923 364 473 I Codec2InfoBuilder: adding type 'audio/g711-alaw'
05-29 10:19:56.924 776 776 D SecureElement-Terminal-SIM1: SE Hal V1.2 is not supported
05-29 10:19:56.924 186 186 I hwservicemanager: getTransport: Cannot find entry android.hardware.secure_element@1.1::ISecureElement/SIM1 in either framework or device VINTF manifest.
05-29 10:19:56.924 776 776 D SecureElement-Terminal-SIM1: SE Hal V1.1 is not supported
05-29 10:19:56.924 376 840 V C2Store : in ~ComponentModule
05-29 10:19:56.924 376 840 V C2Store : unloading dll
05-29 10:19:56.924 476 494 I system_server: Background concurrent copying GC freed 61154(4161KB) AllocSpace objects, 18(1028KB) LOS objects, 49% free, 9494KB/18MB, paused 354us total 648.330ms
05-29 10:19:56.924 186 186 I hwservicemanager: getTransport: Cannot find entry android.hardware.secure_element@1.0::ISecureElement/SIM1 in either framework or device VINTF manifest.
05-29 10:19:56.925 776 776 I SecureElementService: No HAL implementation for SIM1
05-29 10:19:56.925 376 376 V C2Store : in init
05-29 10:19:56.925 376 376 V C2Store : loading dll
05-29 10:19:56.925 288 328 D PermissionCache: checking android.permission.ACCESS_SURFACE_FLINGER for uid=10067 => granted (2357 us)
05-29 10:19:56.928 669 669 D BluetoothKeystoreService: initJni()
05-29 10:19:56.929 669 669 I bt_btif : system/bt/btif/src/bluetooth.cc:417 get_profile_interface: get_profile_interface: id = bluetooth_keystore
05-29 10:19:56.930 669 669 I bt_btif : system/bt/btif/src/bluetooth.cc:417 get_profile_interface: get_profile_interface: id = sdp
05-29 10:19:56.933 364 473 I Codec2InfoBuilder: adding type 'audio/g711-mlaw'
05-29 10:19:56.935 376 419 V C2Store : in init
05-29 10:19:56.935 756 756 D NetworkSecurityConfig: No Network Security Config specified, using platform default
05-29 10:19:56.936 376 419 V C2Store : loading dll
05-29 10:19:56.937 388 412 I adbd : jdwp connection from 851
05-29 10:19:56.938 376 376 V C2Store : in ~ComponentModule
05-29 10:19:56.938 376 376 V C2Store : unloading dll
05-29 10:19:56.942 364 473 D Codec2InfoBuilder: codec entry for 'c2.android.gsm.decoder' is disabled
05-29 10:19:56.942 376 417 V C2Store : in init
05-29 10:19:56.943 376 840 V C2Store : in ~ComponentModule
05-29 10:19:56.943 376 417 V C2Store : loading dll
05-29 10:19:56.946 376 840 V C2Store : unloading dll
05-29 10:19:56.959 669 669 D BluetoothDatabase: start()
05-29 10:19:56.960 265 265 I EventThread: type=1400 audit(0.0:356): avc: denied { search } for name="extcon" dev="sysfs" ino=18109 scontext=u:r:hal_tv_cec_default:s0 tcontext=u:object_r:sysfs_extcon:s0 tclass=dir permissive=1
05-29 10:19:56.963 476 811 D CompatibilityChangeReporter: Compat change id reported: 168419799; UID 10075; state: DISABLED
05-29 10:19:56.963 476 476 I PackageWatchdog: Syncing health check requests for packages: {}
05-29 10:19:56.964 476 476 I ExplicitHealthCheckController: Service not ready to get health check supported packages. Binding...
05-29 10:19:56.969 820 820 V GraphicsEnvironment: ANGLE Developer option for 'com.android.tv.settings' set to: 'default'
05-29 10:19:56.970 820 820 V GraphicsEnvironment: Neither updatable production driver nor prerelease driver is supported.
05-29 10:19:56.972 820 820 D NetworkSecurityConfig: No Network Security Config specified, using platform default
05-29 10:19:56.973 820 820 D NetworkSecurityConfig: No Network Security Config specified, using platform default
05-29 10:19:56.974 364 473 I Codec2InfoBuilder: adding type 'video/3gpp'
05-29 10:19:56.978 476 812 D NetworkStats: registerNetworkStatsProvider from OffloadController uid/pid=1073/756
05-29 10:19:56.982 376 419 V C2Store : in init
05-29 10:19:56.982 376 419 V C2Store : loading dll
05-29 10:19:56.983 376 840 V C2Store : in ~ComponentModule
05-29 10:19:56.983 376 840 V C2Store : unloading dll
05-29 10:19:56.986 476 476 I ExplicitHealthCheckController: Explicit health check service is bound
05-29 10:19:56.987 851 851 D CompatibilityChangeReporter: Compat change id reported: 171979766; UID 10075; state: DISABLED
05-29 10:19:56.989 669 669 D BluetoothDatabase: Load Database
05-29 10:19:56.989 669 669 I BluetoothAdapterService: Phone policy enabled
05-29 10:19:56.992 669 669 D BluetoothActiveDeviceManager: start()
05-29 10:19:57.004 683 683 D CompatibilityChangeReporter: Compat change id reported: 160794467; UID 10067; state: ENABLED
05-29 10:19:57.000 332 332 I rainbow_flow: type=1400 audit(0.0:357): avc: denied { ioctl } for path="/dev/spidev1.0" dev="tmpfs" ino=2489 ioctlcmd=0x6b00 scontext=u:r:init:s0 tcontext=u:object_r:device:s0 tclass=chr_file permissive=1
05-29 10:19:57.006 476 610 E SupplicantStaIfaceHal: Can't call setupIface, ISupplicantStaIface is null for iface=wlan0
05-29 10:19:57.007 364 473 I Codec2InfoBuilder: adding type 'video/3gpp'
05-29 10:19:57.008 476 610 I android_os_HwBinder: HwBinder: Starting thread pool for getting: android.hardware.wifi.supplicant@1.0::ISupplicant/default
05-29 10:19:57.009 376 417 V C2Store : in init
05-29 10:19:57.009 376 417 V C2Store : loading dll
05-29 10:19:57.010 376 840 V C2Store : in ~ComponentModule
05-29 10:19:57.010 376 840 V C2Store : unloading dll
05-29 10:19:57.012 669 877 D BluetoothActiveDeviceManager: onAudioDevicesAdded
05-29 10:19:57.012 669 877 D BluetoothActiveDeviceManager: Audio device added: DBBOX-A2 type: 2
05-29 10:19:57.012 669 877 D BluetoothActiveDeviceManager: Audio device added: DBBOX-A2 type: 15
05-29 10:19:57.012 669 877 D BluetoothActiveDeviceManager: Audio device added: DBBOX-A2 type: 25
05-29 10:19:57.013 669 669 D BluetoothAdapterService: setAdapterService() - trying to set service to com.android.bluetooth.btservice.AdapterService@416fdd3
05-29 10:19:57.018 832 832 D wpa_supplicant: Override interface parameter: ctrl_interface ('(null)' -> '/data/vendor/wifi/wpa/sockets')
05-29 10:19:57.018 832 832 D wpa_supplicant: Initializing interface 'wlan0' conf '/data/vendor/wifi/wpa/wpa_supplicant.conf' driver 'nl80211' ctrl_interface '/data/vendor/wifi/wpa/sockets' bridge 'N/A'
05-29 10:19:57.018 832 832 D wpa_supplicant: Configuration file '/data/vendor/wifi/wpa/wpa_supplicant.conf' -> '/data/vendor/wifi/wpa/wpa_supplicant.conf'
05-29 10:19:57.018 832 832 D wpa_supplicant: Reading configuration file '/data/vendor/wifi/wpa/wpa_supplicant.conf'
05-29 10:19:57.018 832 832 D wpa_supplicant: update_config=1
05-29 10:19:57.018 832 832 D wpa_supplicant: eapol_version=1
05-29 10:19:57.018 832 832 D wpa_supplicant: ap_scan=1
05-29 10:19:57.018 832 832 D wpa_supplicant: fast_reauth=1
05-29 10:19:57.018 832 832 D wpa_supplicant: pmf=1
05-29 10:19:57.018 832 832 D wpa_supplicant: p2p_add_cli_chan=1
05-29 10:19:57.018 832 832 D wpa_supplicant: oce=1
05-29 10:19:57.018 832 832 D wpa_supplicant: sae_pwe=2
05-29 10:19:57.018 832 832 D wpa_supplicant: Reading configuration file '/vendor/etc/wifi/wpa_supplicant_overlay.conf'
05-29 10:19:57.019 832 832 D wpa_supplicant: disable_scan_offload=1
05-29 10:19:57.019 832 832 D wpa_supplicant: wowlan_triggers='any'
05-29 10:19:57.019 832 832 D wpa_supplicant: p2p_disabled=0
05-29 10:19:57.019 832 832 D wpa_supplicant: filter_rssi=-75
05-29 10:19:57.019 832 832 D wpa_supplicant: no_ctrl_interface -> ctrl_interface=NULL
05-29 10:19:57.022 832 832 D wpa_supplicant: nl80211: Supported cipher 00-0f-ac:1
05-29 10:19:57.022 832 832 D wpa_supplicant: nl80211: Supported cipher 00-0f-ac:5
05-29 10:19:57.022 832 832 D wpa_supplicant: nl80211: Supported cipher 00-0f-ac:2
05-29 10:19:57.022 832 832 D wpa_supplicant: nl80211: Supported cipher 00-0f-ac:4
05-29 10:19:57.022 832 832 D wpa_supplicant: nl80211: Supported cipher 00-14-72:1
05-29 10:19:57.022 832 832 D wpa_supplicant: nl80211: Supported cipher 00-0f-ac:6
05-29 10:19:57.022 832 832 D wpa_supplicant: nl80211: Supported cipher 00-0f-ac:255
05-29 10:19:57.023 832 832 D wpa_supplicant: nl80211: Supported vendor command: vendor_id=0x1374 subcmd=9
05-29 10:19:57.023 832 832 D wpa_supplicant: nl80211: Supported vendor command: vendor_id=0x1374 subcmd=12
05-29 10:19:57.023 832 832 D wpa_supplicant: nl80211: Supported vendor command: vendor_id=0x1374 subcmd=14
05-29 10:19:57.023 832 832 D wpa_supplicant: nl80211: Supported vendor command: vendor_id=0x1374 subcmd=15
05-29 10:19:57.023 832 832 D wpa_supplicant: nl80211: Supported vendor command: vendor_id=0x1374 subcmd=16
05-29 10:19:57.023 832 832 D wpa_supplicant: nl80211: Supported vendor command: vendor_id=0x1374 subcmd=20
05-29 10:19:57.023 832 832 D wpa_supplicant: nl80211: Supported vendor command: vendor_id=0x1a11 subcmd=6
05-29 10:19:57.023 832 832 D wpa_supplicant: nl80211: Supported vendor command: vendor_id=0x1374 subcmd=21
05-29 10:19:57.023 832 832 D wpa_supplicant: nl80211: Supported vendor command: vendor_id=0x1374 subcmd=22
05-29 10:19:57.023 832 832 D wpa_supplicant: nl80211: Supported vendor command: vendor_id=0x1374 subcmd=23
05-29 10:19:57.023 832 832 D wpa_supplicant: nl80211: Supported vendor command: vendor_id=0x1374 subcmd=24
05-29 10:19:57.023 832 832 D wpa_supplicant: nl80211: Supported vendor command: vendor_id=0x1374 subcmd=29
05-29 10:19:57.023 832 832 D wpa_supplicant: nl80211: Supported vendor command: vendor_id=0x1374 subcmd=30
05-29 10:19:57.023 832 832 D wpa_supplicant: nl80211: Supported vendor command: vendor_id=0x1374 subcmd=32
05-29 10:19:57.023 832 832 D wpa_supplicant: nl80211: Supported vendor command: vendor_id=0x1374 subcmd=33
05-29 10:19:57.023 832 832 D wpa_supplicant: nl80211: Supported vendor command: vendor_id=0x1374 subcmd=38
05-29 10:19:57.023 832 832 D wpa_supplicant: nl80211: Supported vendor command: vendor_id=0x1374 subcmd=39
05-29 10:19:57.023 832 832 D wpa_supplicant: nl80211: Supported vendor command: vendor_id=0x1374 subcmd=42
05-29 10:19:57.023 832 832 D wpa_supplicant: nl80211: Supported vendor command: vendor_id=0x1374 subcmd=55
05-29 10:19:57.023 832 832 D wpa_supplicant: nl80211: Supported vendor command: vendor_id=0x1374 subcmd=61
05-29 10:19:57.023 832 832 D wpa_supplicant: nl80211: Supported vendor command: vendor_id=0x1374 subcmd=62
05-29 10:19:57.023 832 832 D wpa_supplicant: nl80211: Supported vendor command: vendor_id=0x1374 subcmd=63
05-29 10:19:57.023 832 832 D wpa_supplicant: nl80211: Supported vendor command: vendor_id=0x1374 subcmd=64
05-29 10:19:57.023 832 832 D wpa_supplicant: nl80211: Supported vendor command: vendor_id=0x1374 subcmd=65
05-29 10:19:57.023 832 832 D wpa_supplicant: nl80211: Supported vendor command: vendor_id=0x1374 subcmd=66
05-29 10:19:57.023 832 832 D wpa_supplicant: nl80211: Supported vendor command: vendor_id=0x1374 subcmd=69
05-29 10:19:57.023 832 832 D wpa_supplicant: nl80211: Supported vendor command: vendor_id=0x1374 subcmd=70
05-29 10:19:57.023 832 832 D wpa_supplicant: nl80211: Supported vendor command: vendor_id=0x1374 subcmd=71
05-29 10:19:57.023 832 832 D wpa_supplicant: nl80211: Supported vendor command: vendor_id=0x1374 subcmd=76
05-29 10:19:57.023 832 832 D wpa_supplicant: nl80211: Supported vendor command: vendor_id=0x1374 subcmd=77
05-29 10:19:57.023 832 832 D wpa_supplicant: nl80211: Supported vendor command: vendor_id=0x1374 subcmd=79
05-29 10:19:57.023 832 832 D wpa_supplicant: nl80211: Supported vendor command: vendor_id=0x1374 subcmd=80
05-29 10:19:57.023 832 832 D wpa_supplicant: nl80211: Supported vendor command: vendor_id=0x1374 subcmd=82
05-29 10:19:57.023 832 832 D wpa_supplicant: nl80211: Supported vendor command: vendor_id=0x1374 subcmd=85
05-29 10:19:57.023 832 832 D wpa_supplicant: nl80211: Supported vendor command: vendor_id=0x1374 subcmd=146
05-29 10:19:57.023 832 832 D wpa_supplicant: nl80211: Supported vendor command: vendor_id=0x1374 subcmd=12
05-29 10:19:57.023 832 832 D wpa_supplicant: nl80211: Supported vendor command: vendor_id=0x1374 subcmd=128
05-29 10:19:57.023 832 832 D wpa_supplicant: nl80211: Supported vendor command: vendor_id=0x1374 subcmd=129
05-29 10:19:57.023 832 832 D wpa_supplicant: nl80211: Supported vendor command: vendor_id=0x1374 subcmd=130
05-29 10:19:57.023 832 832 D wpa_supplicant: nl80211: Supported vendor command: vendor_id=0x1374 subcmd=133
05-29 10:19:57.023 832 832 D wpa_supplicant: nl80211: Supported vendor command: vendor_id=0x1374 subcmd=176
05-29 10:19:57.023 832 832 D wpa_supplicant: nl80211: Supported vendor event: vendor_id=0x1374 subcmd=80
05-29 10:19:57.023 832 832 D wpa_supplicant: nl80211: Supported vendor event: vendor_id=0x1374 subcmd=1
05-29 10:19:57.023 832 832 D wpa_supplicant: nl80211: Supported vendor event: vendor_id=0x1374 subcmd=1
05-29 10:19:57.023 832 832 D wpa_supplicant: nl80211: Supported vendor event: vendor_id=0x1374 subcmd=1
05-29 10:19:57.023 832 832 D wpa_supplicant: nl80211: Supported vendor event: vendor_id=0x1374 subcmd=1
05-29 10:19:57.023 832 832 D wpa_supplicant: nl80211: Supported vendor event: vendor_id=0x1374 subcmd=1
05-29 10:19:57.023 832 832 D wpa_supplicant: nl80211: Supported vendor event: vendor_id=0x1374 subcmd=20
05-29 10:19:57.023 832 832 D wpa_supplicant: nl80211: Supported vendor event: vendor_id=0x1374 subcmd=21
05-29 10:19:57.023 832 832 D wpa_supplicant: nl80211: Supported vendor event: vendor_id=0x1374 subcmd=23
05-29 10:19:57.023 832 832 D wpa_supplicant: nl80211: Supported vendor event: vendor_id=0x1374 subcmd=24
05-29 10:19:57.023 832 832 D wpa_supplicant: nl80211: Supported vendor event: vendor_id=0x1374 subcmd=25
05-29 10:19:57.023 832 832 D wpa_supplicant: nl80211: Supported vendor event: vendor_id=0x1374 subcmd=26
05-29 10:19:57.023 832 832 D wpa_supplicant: nl80211: Supported vendor event: vendor_id=0x1374 subcmd=27
05-29 10:19:57.023 832 832 D wpa_supplicant: nl80211: Supported vendor event: vendor_id=0x1374 subcmd=28
05-29 10:19:57.023 832 832 D wpa_supplicant: nl80211: Supported vendor event: vendor_id=0x1374 subcmd=41
05-29 10:19:57.023 832 832 D wpa_supplicant: nl80211: Supported vendor event: vendor_id=0x1374 subcmd=29
05-29 10:19:57.023 832 832 D wpa_supplicant: nl80211: Supported vendor event: vendor_id=0x1374 subcmd=30
05-29 10:19:57.023 832 832 D wpa_supplicant: nl80211: Supported vendor event: vendor_id=0x1374 subcmd=31
05-29 10:19:57.023 832 832 D wpa_supplicant: nl80211: Supported vendor event: vendor_id=0x1374 subcmd=32
05-29 10:19:57.023 832 832 D wpa_supplicant: nl80211: Supported vendor event: vendor_id=0x1374 subcmd=33
05-29 10:19:57.023 832 832 D wpa_supplicant: nl80211: Supported vendor event: vendor_id=0x0 subcmd=0
05-29 10:19:57.023 832 832 D wpa_supplicant: nl80211: Supported vendor event: vendor_id=0x0 subcmd=0
05-29 10:19:57.023 832 832 D wpa_supplicant: nl80211: Supported vendor event: vendor_id=0x0 subcmd=0
05-29 10:19:57.023 832 832 D wpa_supplicant: nl80211: Supported vendor event: vendor_id=0x0 subcmd=0
05-29 10:19:57.023 832 832 D wpa_supplicant: nl80211: Supported vendor event: vendor_id=0x0 subcmd=0
05-29 10:19:57.023 832 832 D wpa_supplicant: nl80211: Supported vendor event: vendor_id=0x0 subcmd=0
05-29 10:19:57.023 832 832 D wpa_supplicant: nl80211: Supported vendor event: vendor_id=0x0 subcmd=0
05-29 10:19:57.023 832 832 D wpa_supplicant: nl80211: Supported vendor event: vendor_id=0x0 subcmd=0
05-29 10:19:57.023 832 832 D wpa_supplicant: nl80211: Supported vendor event: vendor_id=0x0 subcmd=0
05-29 10:19:57.023 832 832 D wpa_supplicant: nl80211: Supported vendor event: vendor_id=0x0 subcmd=0
05-29 10:19:57.023 832 832 D wpa_supplicant: nl80211: Supported vendor event: vendor_id=0x0 subcmd=0
05-29 10:19:57.023 832 832 D wpa_supplicant: nl80211: Supported vendor event: vendor_id=0x0 subcmd=0
05-29 10:19:57.023 832 832 D wpa_supplicant: nl80211: Supported vendor event: vendor_id=0x1374 subcmd=5120
05-29 10:19:57.023 832 832 D wpa_supplicant: nl80211: Supported vendor event: vendor_id=0x0 subcmd=0
05-29 10:19:57.023 832 832 D wpa_supplicant: nl80211: Supported vendor event: vendor_id=0x0 subcmd=0
05-29 10:19:57.023 832 832 D wpa_supplicant: nl80211: Supported vendor event: vendor_id=0x0 subcmd=0
05-29 10:19:57.023 832 832 D wpa_supplicant: nl80211: Supported vendor event: vendor_id=0x0 subcmd=0
05-29 10:19:57.023 832 832 D wpa_supplicant: nl80211: Supported vendor event: vendor_id=0x0 subcmd=0
05-29 10:19:57.023 832 832 D wpa_supplicant: nl80211: Supported vendor event: vendor_id=0x0 subcmd=0
05-29 10:19:57.023 832 832 D wpa_supplicant: nl80211: Supported vendor event: vendor_id=0x0 subcmd=0
05-29 10:19:57.024 832 832 D wpa_supplicant: nl80211: Supported vendor event: vendor_id=0x0 subcmd=0
05-29 10:19:57.024 832 832 D wpa_supplicant: nl80211: Supported vendor event: vendor_id=0x0 subcmd=0
05-29 10:19:57.024 832 832 D wpa_supplicant: nl80211: Supported vendor event: vendor_id=0x0 subcmd=0
05-29 10:19:57.024 832 832 D wpa_supplicant: nl80211: Supported vendor event: vendor_id=0x0 subcmd=0
05-29 10:19:57.024 832 832 D wpa_supplicant: nl80211: Supported vendor event: vendor_id=0x0 subcmd=0
05-29 10:19:57.024 832 832 D wpa_supplicant: nl80211: Supported vendor event: vendor_id=0x0 subcmd=0
05-29 10:19:57.024 832 832 D wpa_supplicant: nl80211: Supported vendor event: vendor_id=0x0 subcmd=0
05-29 10:19:57.024 832 832 D wpa_supplicant: nl80211: Supported vendor event: vendor_id=0x0 subcmd=0
05-29 10:19:57.024 832 832 D wpa_supplicant: nl80211: Supported vendor event: vendor_id=0x0 subcmd=0
05-29 10:19:57.024 832 832 D wpa_supplicant: nl80211: Supported vendor event: vendor_id=0x0 subcmd=0
05-29 10:19:57.024 832 832 D wpa_supplicant: nl80211: Supported vendor event: vendor_id=0x0 subcmd=0
05-29 10:19:57.024 832 832 D wpa_supplicant: nl80211: Supported vendor event: vendor_id=0x0 subcmd=0
05-29 10:19:57.024 832 832 D wpa_supplicant: nl80211: Supported vendor event: vendor_id=0x0 subcmd=0
05-29 10:19:57.024 832 832 D wpa_supplicant: nl80211: Supported vendor event: vendor_id=0x0 subcmd=0
05-29 10:19:57.024 832 832 D wpa_supplicant: nl80211: Supported vendor event: vendor_id=0x0 subcmd=0
05-29 10:19:57.024 832 832 D wpa_supplicant: nl80211: Supported vendor event: vendor_id=0x0 subcmd=0
05-29 10:19:57.024 832 832 D wpa_supplicant: nl80211: Supported vendor event: vendor_id=0x0 subcmd=0
05-29 10:19:57.024 832 832 D wpa_supplicant: nl80211: Supported vendor event: vendor_id=0x0 subcmd=0
05-29 10:19:57.024 832 832 D wpa_supplicant: nl80211: Supported vendor event: vendor_id=0x0 subcmd=0
05-29 10:19:57.024 832 832 D wpa_supplicant: nl80211: Supported vendor event: vendor_id=0x0 subcmd=0
05-29 10:19:57.024 832 832 D wpa_supplicant: nl80211: Supported vendor event: vendor_id=0x0 subcmd=0
05-29 10:19:57.024 832 832 D wpa_supplicant: nl80211: Supported vendor event: vendor_id=0x0 subcmd=0
05-29 10:19:57.024 832 832 D wpa_supplicant: nl80211: Supported vendor event: vendor_id=0x0 subcmd=0
05-29 10:19:57.024 832 832 D wpa_supplicant: nl80211: Supported vendor event: vendor_id=0x0 subcmd=0
05-29 10:19:57.024 832 832 D wpa_supplicant: nl80211: Supported vendor event: vendor_id=0x1374 subcmd=131
05-29 10:19:57.024 832 832 D wpa_supplicant: nl80211: Supported vendor event: vendor_id=0x1374 subcmd=132
05-29 10:19:57.024 832 832 D wpa_supplicant: nl80211: Supported vendor event: vendor_id=0x0 subcmd=0
05-29 10:19:57.024 832 832 D wpa_supplicant: nl80211: Supported vendor event: vendor_id=0x0 subcmd=0
05-29 10:19:57.024 832 832 D wpa_supplicant: nl80211: Supported vendor event: vendor_id=0x0 subcmd=0
05-29 10:19:57.024 832 832 D wpa_supplicant: nl80211: Supported vendor event: vendor_id=0x0 subcmd=0
05-29 10:19:57.024 832 832 D wpa_supplicant: nl80211: Supported vendor event: vendor_id=0x0 subcmd=0
05-29 10:19:57.024 832 832 D wpa_supplicant: nl80211: Supported vendor event: vendor_id=0x0 subcmd=0
05-29 10:19:57.024 832 832 D wpa_supplicant: nl80211: Supported vendor event: vendor_id=0x1374 subcmd=72
05-29 10:19:57.024 832 832 D wpa_supplicant: nl80211: Use separate P2P group interface (driver advertised support)
05-29 10:19:57.024 832 832 D wpa_supplicant: nl80211: Enable multi-channel concurrent (driver advertised support)
05-29 10:19:57.024 832 832 D wpa_supplicant: nl80211: use P2P_DEVICE support
05-29 10:19:57.024 832 832 D wpa_supplicant: nl80211: key_mgmt=0xd0f enc=0x10f auth=0x7 flags=0x100100007a007ac0 rrm_flags=0x0 probe_resp_offloads=0x0 max_stations=10 max_remain_on_chan=5000 max_scan_ssids=12
05-29 10:19:57.025 669 669 D BluetoothAdapterService: onBind()
05-29 10:19:57.029 832 832 D wpa_supplicant: nl80211: interface wlan0 in phy phy0
05-29 10:19:57.030 832 832 D wpa_supplicant: nl80211: Set mode ifindex 14 iftype 2 (STATION)
05-29 10:19:57.030 832 832 D wpa_supplicant: nl80211: Subscribe to mgmt frames with non-AP handle 0xec08d7a0
05-29 10:19:57.030 832 832 D wpa_supplicant: nl80211: Register frame type=0xb0 (WLAN_FC_STYPE_AUTH) nl_handle=0xec08d7a0 match=0300 multicast=0
05-29 10:19:57.030 832 832 D wpa_supplicant: nl80211: Register frame command failed (type=176): ret=-22 (Invalid argument)
05-29 10:19:57.030 832 832 D wpa_supplicant: nl80211: Register frame match - hexdump(len=2): 03 00
05-29 10:19:57.030 832 832 D wpa_supplicant: nl80211: Register frame type=0xd0 (WLAN_FC_STYPE_ACTION) nl_handle=0xec08d7a0 match=0104 multicast=0
05-29 10:19:57.031 832 832 D wpa_supplicant: nl80211: Register frame type=0xd0 (WLAN_FC_STYPE_ACTION) nl_handle=0xec08d7a0 match=040a multicast=0
05-29 10:19:57.031 832 832 D wpa_supplicant: nl80211: Register frame type=0xd0 (WLAN_FC_STYPE_ACTION) nl_handle=0xec08d7a0 match=040b multicast=0
05-29 10:19:57.031 832 832 D wpa_supplicant: nl80211: Register frame type=0xd0 (WLAN_FC_STYPE_ACTION) nl_handle=0xec08d7a0 match=040c multicast=0
05-29 10:19:57.031 832 832 D wpa_supplicant: nl80211: Register frame type=0xd0 (WLAN_FC_STYPE_ACTION) nl_handle=0xec08d7a0 match=040d multicast=0
05-29 10:19:57.031 832 832 D wpa_supplicant: nl80211: Register frame type=0xd0 (WLAN_FC_STYPE_ACTION) nl_handle=0xec08d7a0 match=090a multicast=0
05-29 10:19:57.031 832 832 D wpa_supplicant: nl80211: Register frame type=0xd0 (WLAN_FC_STYPE_ACTION) nl_handle=0xec08d7a0 match=090b multicast=0
05-29 10:19:57.031 832 832 D wpa_supplicant: nl80211: Register frame type=0xd0 (WLAN_FC_STYPE_ACTION) nl_handle=0xec08d7a0 match=090c multicast=0
05-29 10:19:57.032 832 832 D wpa_supplicant: nl80211: Register frame type=0xd0 (WLAN_FC_STYPE_ACTION) nl_handle=0xec08d7a0 match=090d multicast=0
05-29 10:19:57.032 832 832 D wpa_supplicant: nl80211: Register frame type=0xd0 (WLAN_FC_STYPE_ACTION) nl_handle=0xec08d7a0 match=0409506f9a09 multicast=0
05-29 10:19:57.032 832 832 D wpa_supplicant: nl80211: Register frame type=0xd0 (WLAN_FC_STYPE_ACTION) nl_handle=0xec08d7a0 match=7f506f9a09 multicast=0
05-29 10:19:57.032 832 832 D wpa_supplicant: nl80211: Register frame type=0xd0 (WLAN_FC_STYPE_ACTION) nl_handle=0xec08d7a0 match=0409506f9a1a multicast=0
05-29 10:19:57.032 832 832 D wpa_supplicant: nl80211: Register frame type=0xd0 (WLAN_FC_STYPE_ACTION) nl_handle=0xec08d7a0 match=0801 multicast=0
05-29 10:19:57.032 832 832 D wpa_supplicant: nl80211: Register frame type=0xd0 (WLAN_FC_STYPE_ACTION) nl_handle=0xec08d7a0 match=06 multicast=0
05-29 10:19:57.032 832 832 D wpa_supplicant: nl80211: Register frame type=0xd0 (WLAN_FC_STYPE_ACTION) nl_handle=0xec08d7a0 match=0a07 multicast=0
05-29 10:19:57.033 832 832 D wpa_supplicant: nl80211: Register frame type=0xd0 (WLAN_FC_STYPE_ACTION) nl_handle=0xec08d7a0 match=0a11 multicast=0
05-29 10:19:57.034 832 832 D wpa_supplicant: nl80211: Register frame type=0xd0 (WLAN_FC_STYPE_ACTION) nl_handle=0xec08d7a0 match=0a0b multicast=0
05-29 10:19:57.035 832 832 D wpa_supplicant: nl80211: Register frame type=0xd0 (WLAN_FC_STYPE_ACTION) nl_handle=0xec08d7a0 match=0a1a multicast=0
05-29 10:19:57.036 832 832 D wpa_supplicant: nl80211: Register frame type=0xd0 (WLAN_FC_STYPE_ACTION) nl_handle=0xec08d7a0 match=1101 multicast=0
05-29 10:19:57.037 832 832 D wpa_supplicant: nl80211: Register frame type=0xd0 (WLAN_FC_STYPE_ACTION) nl_handle=0xec08d7a0 match=1102 multicast=0
05-29 10:19:57.037 832 832 D wpa_supplicant: nl80211: Register frame type=0xd0 (WLAN_FC_STYPE_ACTION) nl_handle=0xec08d7a0 match=0505 multicast=0
05-29 10:19:57.038 832 832 D wpa_supplicant: nl80211: Register frame type=0xd0 (WLAN_FC_STYPE_ACTION) nl_handle=0xec08d7a0 match=0500 multicast=0
05-29 10:19:57.038 832 832 D wpa_supplicant: nl80211: Register frame type=0xd0 (WLAN_FC_STYPE_ACTION) nl_handle=0xec08d7a0 match=1305 multicast=0
05-29 10:19:57.038 832 832 I wpa_supplicant: rfkill: Cannot open RFKILL control device
05-29 10:19:57.038 832 832 D wpa_supplicant: nl80211: RFKILL status not available
05-29 10:19:57.039 832 832 D wpa_supplicant: netlink: Operstate: ifindex=14 linkmode=1 (userspace-control), operstate=5 (IF_OPER_DORMANT)
05-29 10:19:57.040 364 473 I Codec2InfoBuilder: adding type 'video/hevc'
05-29 10:19:57.041 683 683 D TvPipMenuController: onMediaActionsChanged()
05-29 10:19:57.042 476 519 I EthernetTracker: interfaceLinkStateChanged, iface: wlan0, up: true
05-29 10:19:57.042 476 519 W PppoeNetworkFactory: interfaceLinkStateChanged
05-29 10:19:57.042 476 519 D PppoeNetworkFactory: updateInterface: mIface: mPhyIface:eth0 iface:wlan0 link:up
05-29 10:19:57.042 476 519 D PppoeNetworkFactory: not tracker interface
05-29 10:19:57.043 476 519 I EthernetTracker: interfaceLinkStateChanged, iface: wlan0, up: true
05-29 10:19:57.043 376 840 V C2Store : in init
05-29 10:19:57.043 376 840 V C2Store : loading dll
05-29 10:19:57.044 476 519 W PppoeNetworkFactory: interfaceLinkStateChanged
05-29 10:19:57.044 476 519 D PppoeNetworkFactory: updateInterface: mIface: mPhyIface:eth0 iface:wlan0 link:up
05-29 10:19:57.044 476 519 D PppoeNetworkFactory: not tracker interface
05-29 10:19:57.046 376 840 I mediaswcodec: missing struct descriptor #Param::CoreIndex(--004) for field values of struct #Param::CoreIndex(F-12004)
05-29 10:19:57.048 683 683 D TvPipNotification: setDelegate(), delegate=com.android.wm.shell.pip.tv.TvPipController@416fdd3
05-29 10:19:57.048 683 683 D TvPipMenuController: setDelegate(), delegate=com.android.wm.shell.pip.tv.TvPipController@416fdd3
05-29 10:19:57.048 376 840 D C2SoftHevcEnc: Given level 6000 does not cover current configuration: adjusting to 6001
05-29 10:19:57.048 832 832 D wpa_supplicant: Add interface wlan0 to a new radio phy0
05-29 10:19:57.051 376 840 I mediaswcodec: missing struct descriptor #Param::CoreIndex(--004) for field values of struct #Param::CoreIndex(F-12004)
05-29 10:19:57.051 832 832 D wpa_supplicant: nl80211: No channel number found for frequency 5920 MHz
05-29 10:19:57.051 832 832 D wpa_supplicant: nl80211: No channel number found for frequency 5940 MHz
05-29 10:19:57.052 376 419 V C2Store : in ~ComponentModule
05-29 10:19:57.052 376 419 V C2Store : unloading dll
05-29 10:19:57.052 832 832 D wpa_supplicant: nl80211: Regulatory information - country=CN (DFS-FCC)
05-29 10:19:57.052 832 832 D wpa_supplicant: nl80211: 2400-2483 @ 40 MHz 20 mBm
05-29 10:19:57.052 832 832 D wpa_supplicant: nl80211: 5150-5350 @ 80 MHz 20 mBm (DFS)
05-29 10:19:57.052 832 832 D wpa_supplicant: nl80211: 5725-5850 @ 80 MHz 33 mBm
05-29 10:19:57.052 832 832 D wpa_supplicant: nl80211: 57240-59400 @ 2160 MHz 28 mBm
05-29 10:19:57.052 832 832 D wpa_supplicant: nl80211: 59400-63720 @ 2160 MHz 44 mBm
05-29 10:19:57.052 832 832 D wpa_supplicant: nl80211: 63720-65880 @ 2160 MHz 28 mBm
05-29 10:19:57.053 832 832 D wpa_supplicant: nl80211: Added 802.11b mode based on 802.11g information
05-29 10:19:57.053 832 832 D wpa_supplicant: nl80211: Mode IEEE 802.11g: 2412 2417 2422 2427 2432 2437 2442 2447 2452 2457 2462 2467 2472 2484[DISABLED]
05-29 10:19:57.053 832 832 D wpa_supplicant: nl80211: Mode IEEE 802.11a: 5170[DISABLED] 5180 5200 5220 5240 5260[RADAR] 5280[RADAR] 5300[RADAR] 5320[RADAR] 5500[DISABLED][RADAR] 5520[DISABLED][RADAR] 5540[DISABLED][RADAR] 5560[DISABLED][RADAR] 5580[DISABLED][RADAR]
05-29 10:19:57.053 832 832 D wpa_supplicant: nl80211: Mode IEEE 802.11b: 2412 2417 2422 2427 2432 2437 2442 2447 2452 2457 2462 2467 2472 2484[DISABLED]
05-29 10:19:57.054 376 840 D C2SoftHevcEnc: Given level 6000 does not cover current configuration: adjusting to 6001
05-29 10:19:57.055 364 473 D Codec2InfoBuilder: codec entry for 'c2.android.hevc.encoder' is disabled
05-29 10:19:57.055 376 419 V C2Store : in init
05-29 10:19:57.055 376 419 V C2Store : loading dll
05-29 10:19:57.057 376 840 V C2Store : in ~ComponentModule
05-29 10:19:57.057 376 840 V C2Store : unloading dll
05-29 10:19:57.058 683 683 W OneHandedController: Device doesn't support OneHanded feature
05-29 10:19:57.059 669 875 D BluetoothDatabase: compactLastConnectionTime: Compacting metadata after load
05-29 10:19:57.059 669 875 D BluetoothDatabase: compactLastConnectionTime: Setting last_active_item for device: E4:BB:D3:57:C0:69 from 2 to 0
05-29 10:19:57.059 669 875 D BluetoothDatabase: updateDatabase E4:BB:D3:57:C0:69
05-29 10:19:57.059 669 875 I BluetoothDatabase: cacheMetadata
05-29 10:19:57.059 669 875 V BluetoothDatabase: cacheMetadata: found device E4:BB:D3:57:C0:69
05-29 10:19:57.059 669 875 V BluetoothDatabase: cacheMetadata: found device LocalStorage
05-29 10:19:57.059 669 875 I BluetoothDatabase: cacheMetadata: Database is ready
05-29 10:19:57.060 476 476 D NetworkSecurityConfig: No Network Security Config specified, using platform default
05-29 10:19:57.061 476 476 D NetworkSecurityConfig: No Network Security Config specified, using platform default
05-29 10:19:57.061 364 473 I Codec2InfoBuilder: adding type 'audio/mpeg'
05-29 10:19:57.062 376 417 V C2Store : in init
05-29 10:19:57.062 376 417 V C2Store : loading dll
05-29 10:19:57.066 476 519 I ServiceWatcher: [fused] connected to {com.android.location.fused/com.android.location.fused.FusedLocationService}
05-29 10:19:57.070 376 419 V C2Store : in ~ComponentModule
05-29 10:19:57.070 376 419 V C2Store : unloading dll
05-29 10:19:57.071 280 314 E cutils-trace: Error opening trace file: No such file or directory (2)
05-29 10:19:57.076 476 476 E WiredAccessoryManager: No state change.
05-29 10:19:57.076 476 476 W WiredAccessoryManager: Both input event and extcon are used for audio jack, please just choose one.
05-29 10:19:57.072 851 851 I id.ext.services: type=1400 audit(0.0:358): avc: denied { getattr } for path="/data/data/android.ext.services" dev="mmcblk0p25" ino=439 scontext=u:r:platform_app:s0:c512,c768 tcontext=u:object_r:app_data_file:s0:c512,c768 tclass=dir permissive=1 app=android.ext.services
05-29 10:19:57.081 364 473 D Codec2InfoBuilder: codec entry for 'c2.android.mpeg2.decoder' is disabled
05-29 10:19:57.082 376 419 V C2Store : in ~ComponentModule
05-29 10:19:57.082 376 419 V C2Store : unloading dll
05-29 10:19:57.082 476 476 W TrustManagerService: EXTRA_USER_HANDLE missing or invalid, value=0
05-29 10:19:57.082 376 376 V C2Store : in init
05-29 10:19:57.082 376 376 V C2Store : loading dll
05-29 10:19:57.082 476 500 D NetworkStats: registerNetworkStatsProvider from BpfCoordinator uid/pid=1073/756
05-29 10:19:57.085 832 832 D wpa_supplicant: wlan0: Own MAC address: b4:2f:03:16:18:c0
05-29 10:19:57.085 832 832 D wpa_supplicant: wpa_driver_nl80211_set_key: ifindex=14 (wlan0) alg=0 addr=0x0 key_idx=0 set_tx=0 seq_len=0 key_len=0 key_flag=0x10
05-29 10:19:57.085 832 832 D wpa_supplicant: nl80211: DEL_KEY
05-29 10:19:57.086 832 832 D wpa_supplicant: broadcast key
05-29 10:19:57.087 832 832 D wpa_supplicant: wpa_driver_nl80211_set_key: ifindex=14 (wlan0) alg=0 addr=0x0 key_idx=1 set_tx=0 seq_len=0 key_len=0 key_flag=0x10
05-29 10:19:57.087 832 832 D wpa_supplicant: nl80211: DEL_KEY
05-29 10:19:57.087 832 832 D wpa_supplicant: broadcast key
05-29 10:19:57.088 832 832 D wpa_supplicant: wpa_driver_nl80211_set_key: ifindex=14 (wlan0) alg=0 addr=0x0 key_idx=2 set_tx=0 seq_len=0 key_len=0 key_flag=0x10
05-29 10:19:57.088 832 832 D wpa_supplicant: nl80211: DEL_KEY
05-29 10:19:57.088 832 832 D wpa_supplicant: broadcast key
05-29 10:19:57.088 832 832 D wpa_supplicant: wpa_driver_nl80211_set_key: ifindex=14 (wlan0) alg=0 addr=0x0 key_idx=3 set_tx=0 seq_len=0 key_len=0 key_flag=0x10
05-29 10:19:57.088 832 832 D wpa_supplicant: nl80211: DEL_KEY
05-29 10:19:57.088 832 832 D wpa_supplicant: broadcast key
05-29 10:19:57.088 832 832 D wpa_supplicant: wpa_driver_nl80211_set_key: ifindex=14 (wlan0) alg=0 addr=0x0 key_idx=4 set_tx=0 seq_len=0 key_len=0 key_flag=0x10
05-29 10:19:57.088 832 832 D wpa_supplicant: nl80211: DEL_KEY
05-29 10:19:57.088 832 832 D wpa_supplicant: broadcast key
05-29 10:19:57.088 832 832 D wpa_supplicant: wpa_driver_nl80211_set_key: ifindex=14 (wlan0) alg=0 addr=0x0 key_idx=5 set_tx=0 seq_len=0 key_len=0 key_flag=0x10
05-29 10:19:57.088 832 832 D wpa_supplicant: nl80211: DEL_KEY
05-29 10:19:57.088 832 832 D wpa_supplicant: broadcast key
05-29 10:19:57.088 832 832 D wpa_supplicant: wlan0: RSN: flushing PMKID list in the driver
05-29 10:19:57.089 832 832 D wpa_supplicant: nl80211: Flush PMKIDs
05-29 10:19:57.091 832 832 D wpa_supplicant: wlan0: State: DISCONNECTED -> INACTIVE
05-29 10:19:57.091 832 832 D wpa_supplicant: Notifying state change event to hidl control: 2
05-29 10:19:57.092 364 473 I Codec2InfoBuilder: adding type 'video/mp4v-es'
05-29 10:19:57.093 476 476 I SystemServerTiming: ManagedServices.unbindOtherUserServices_current0
05-29 10:19:57.093 476 476 I SystemServerTiming: ManagedServices.unbindOtherUserServices_current0
05-29 10:19:57.093 476 476 I SystemServerTiming: ManagedServices.unbindOtherUserServices_current0
05-29 10:19:57.093 476 476 V NotificationAssistants: enabling notification assistant for 0: ComponentInfo{android.ext.services/android.ext.services.notification.Assistant}
05-29 10:19:57.094 476 476 V NotificationAssistants: binding: Intent { act=android.service.notification.NotificationAssistantService cmp=android.ext.services/.notification.Assistant (has extras) }
05-29 10:19:57.094 376 417 V C2Store : in init
05-29 10:19:57.094 376 417 V C2Store : loading dll
05-29 10:19:57.095 376 376 V C2Store : in ~ComponentModule
05-29 10:19:57.095 376 376 V C2Store : unloading dll
05-29 10:19:57.106 364 473 I Codec2InfoBuilder: adding type 'video/mp4v-es'
05-29 10:19:57.111 756 756 D CompatibilityChangeReporter: Compat change id reported: 147600208; UID 1073; state: ENABLED
05-29 10:19:57.113 376 845 V C2Store : in init
05-29 10:19:57.113 376 845 V C2Store : loading dll
05-29 10:19:57.116 476 500 D CompatibilityChangeReporter: Compat change id reported: 182478738; UID 1073; state: DISABLED
05-29 10:19:57.117 832 832 D wpa_supplicant: TDLS: TDLS operation not supported by driver
05-29 10:19:57.117 832 832 D wpa_supplicant: TDLS: Driver uses internal link setup
05-29 10:19:57.117 832 832 D wpa_supplicant: TDLS: Driver does not support TDLS channel switching
05-29 10:19:57.119 832 832 D wpa_supplicant: wlan0: WPS: UUID based on MAC address: 7f8bc6c4-f711-5c9d-b18e-69d5dabb2af9
05-29 10:19:57.120 832 832 D wpa_supplicant: EAPOL: SUPP_PAE entering state DISCONNECTED
05-29 10:19:57.120 832 832 D wpa_supplicant: EAPOL: Supplicant port status: Unauthorized
05-29 10:19:57.120 832 832 D wpa_supplicant: nl80211: Skip set_supp_port(unauthorized) while not associated
05-29 10:19:57.120 832 832 D wpa_supplicant: EAPOL: KEY_RX entering state NO_KEY_RECEIVE
05-29 10:19:57.120 832 832 D wpa_supplicant: EAPOL: SUPP_BE entering state INITIALIZE
05-29 10:19:57.120 832 832 D wpa_supplicant: EAP: EAP entering state DISABLED
05-29 10:19:57.120 832 832 D wpa_supplicant: Using existing control interface directory.
05-29 10:19:57.121 832 832 D wpa_supplicant: ctrl_iface bind(PF_UNIX) failed: Address already in use
05-29 10:19:57.121 364 473 I Codec2InfoBuilder: adding type 'audio/opus'
05-29 10:19:57.121 832 832 D wpa_supplicant: ctrl_iface exists, but does not allow connections - assuming it was leftover from forced program termination
05-29 10:19:57.122 832 832 D wpa_supplicant: Successfully replaced leftover ctrl_iface socket '/data/vendor/wifi/wpa/sockets/wlan0'
05-29 10:19:57.122 376 419 V C2Store : in init
05-29 10:19:57.122 376 419 V C2Store : loading dll
05-29 10:19:57.122 832 832 D wpa_supplicant: nl80211: Setting wowlan
05-29 10:19:57.125 832 832 D wpa_supplicant: MBO: Update non-preferred channels, non_pref_chan=N/A
05-29 10:19:57.125 832 832 D wpa_supplicant: Registering interface to hidl control: wlan0
05-29 10:19:57.125 832 832 D wpa_supplicant: wlan0: Added interface wlan0
05-29 10:19:57.125 832 832 D wpa_supplicant: wlan0: State: INACTIVE -> DISCONNECTED
05-29 10:19:57.125 832 832 D wpa_supplicant: nl80211: Set wlan0 operstate 0->0 (DORMANT)
05-29 10:19:57.125 832 832 D wpa_supplicant: netlink: Operstate: ifindex=14 linkmode=-1 (no change), operstate=5 (IF_OPER_DORMANT)
05-29 10:19:57.125 832 832 D wpa_supplicant: Notifying state change event to hidl control: 0
