05-29 10:20:10.251 476 540 I ActivityManager: Start proc 2197:com.softwinner.timerswitch/u0a54 for broadcast {com.softwinner.timerswitch/com.softwinner.timerswitch.AlarmReceiver}
05-29 10:20:10.256 1272 1483 E efs.config: updateConfigCond error
05-29 10:20:10.256 1272 1483 E efs.config: java.lang.NumberFormatException: For input string: "v2"
05-29 10:20:10.256 1272 1483 E efs.config: at java.lang.Integer.parseInt(Integer.java:615)
05-29 10:20:10.256 1272 1483 E efs.config: at java.lang.Integer.parseInt(Integer.java:650)
05-29 10:20:10.256 1272 1483 E efs.config: at com.efs.sdk.base.core.config.a.d.a(Unknown Source:33)
05-29 10:20:10.256 1272 1483 E efs.config: at com.efs.sdk.base.core.config.a.d.a(Unknown Source:8)
05-29 10:20:10.256 1272 1483 E efs.config: at com.efs.sdk.base.core.config.a.d.a(Unknown Source:404)
05-29 10:20:10.256 1272 1483 E efs.config: at com.efs.sdk.base.core.config.a.d.a(Unknown Source:129)
05-29 10:20:10.256 1272 1483 E efs.config: at com.efs.sdk.base.core.config.a.c.a(Unknown Source:4)
05-29 10:20:10.256 1272 1483 E efs.config: at com.efs.sdk.base.core.config.a.c.e(Unknown Source:53)
05-29 10:20:10.256 1272 1483 E efs.config: at com.efs.sdk.base.core.config.a.c.handleMessage(Unknown Source:105)
05-29 10:20:10.256 1272 1483 E efs.config: at android.os.Handler.dispatchMessage(Handler.java:102)
05-29 10:20:10.256 1272 1483 E efs.config: at android.os.Looper.loopOnce(Looper.java:201)
05-29 10:20:10.256 1272 1483 E efs.config: at android.os.Looper.loop(Looper.java:288)
05-29 10:20:10.256 1272 1483 E efs.config: at android.os.HandlerThread.run(HandlerThread.java:67)
05-29 10:20:10.268 2197 2197 I Zygote : seccomp disabled by setenforce 0
05-29 10:20:10.274 2121 2178 I TDLog : TalkingData App Analytics SDK init...
05-29 10:20:10.274 2121 2178 I TDLog : SDK_VERSION is: Android+TD+V4.0.22 gp Type:Native Build_Num:712
05-29 10:20:10.274 2121 2178 I TDLog : App ID is: 219DEBE67C3B47D799EED1190DEACA09
05-29 10:20:10.274 2121 2178 I TDLog : App Channel is: statisticSDK
05-29 10:20:10.274 2121 2178 I TDLog : SDK_OVC is: TDOVC+a004ba0d7e569531a3ac013fd19b4443+SaaS
05-29 10:20:10.286 1099 1117 I d.leradlaunche: Background young concurrent copying GC freed 56364(4034KB) AllocSpace objects, 77(2376KB) LOS objects, 0% free, 19MB/19MB, paused 2.738ms total 432.021ms
05-29 10:20:10.304 388 412 I adbd : jdwp connection from 2197
05-29 10:20:10.313 476 1390 D CompatibilityChangeReporter: Compat change id reported: 168419799; UID 10054; state: DISABLED
05-29 10:20:10.337 1099 1122 I OpenGLRenderer: Davey! duration=9223372006343ms; Flags=0, FrameTimelineVsyncId=925, IntendedVsync=30511287654, Vsync=30511287654, InputEventId=0, HandleInputStart=30511884805, AnimationStart=30511888680, PerformTraversalsStart=30511892472, DrawStart=30513095139, FrameDeadline=30544620986, FrameInterval=30511874264, FrameStartTime=16666666, SyncQueued=30513766264, SyncStart=30514079055, IssueDrawCommandsStart=30515174972, SwapBuffers=30522621597, FrameCompleted=9223372036854775807, DequeueBufferDuration=62541, QueueBufferDuration=1875167, GpuCompleted=9223372036854775807, SwapBuffersCompleted=30525954139, DisplayPresentTime=0,
05-29 10:20:10.363 2197 2197 D CompatibilityChangeReporter: Compat change id reported: 171979766; UID 10054; state: ENABLED
05-29 10:20:10.363 476 521 W IorapForwardingService: No service published for: iorapd
05-29 10:20:10.446 2121 2178 V NFC : this device does not have NFC support
05-29 10:20:10.483 1099 1439 E hq : ErrorCoroutineExceptionHandler:::runTry error:com.dangbei.leard.base.proider.error.EmptyApiException: 数据为空 from=requestMessageDialog from=requestMessageDialog
05-29 10:20:10.552 2197 2197 I ner.timerswitch: type=1400 audit(0.0:809): avc: denied { search } for name="com.softwinner.timerswitch" dev="mmcblk0p25" ino=875 scontext=u:r:platform_app:s0:c512,c768 tcontext=u:object_r:app_data_file:s0:c512,c768 tclass=dir permissive=1 app=com.softwinner.timerswitch
05-29 10:20:10.560 2121 2121 I ThreadPoolUtils: type=1400 audit(0.0:810): avc: denied { getattr } for path="/system/etc/cgroups.json" dev="dm-0" ino=1321 scontext=u:r:system_app:s0 tcontext=u:object_r:cgroup_desc_file:s0 tclass=file permissive=1
05-29 10:20:10.560 2121 2121 I ThreadPoolUtils: type=1400 audit(0.0:811): avc: denied { read } for name="/" dev="tmpfs" ino=2327 scontext=u:r:system_app:s0 tcontext=u:object_r:apex_mnt_dir:s0 tclass=dir permissive=1
05-29 10:20:10.560 2121 2121 I ThreadPoolUtils: type=1400 audit(0.0:812): avc: denied { open } for path="/apex" dev="tmpfs" ino=2327 scontext=u:r:system_app:s0 tcontext=u:object_r:apex_mnt_dir:s0 tclass=dir permissive=1
05-29 10:20:10.572 2121 2121 I ThreadPoolUtils: type=1400 audit(0.0:813): avc: denied { getattr } for path="/apex/apex-info-list.xml" dev="tmpfs" ino=2368 scontext=u:r:system_app:s0 tcontext=u:object_r:apex_info_file:s0 tclass=file permissive=1
05-29 10:20:10.569 2197 2197 V GraphicsEnvironment: Neither updatable production driver nor prerelease driver is supported.
05-29 10:20:10.577 2197 2197 D NetworkSecurityConfig: No Network Security Config specified, using platform default
05-29 10:20:10.578 2197 2197 D NetworkSecurityConfig: No Network Security Config specified, using platform default
05-29 10:20:10.620 2197 2197 D TAG_AlarmReceiver: receive broadcast, curTime : 2025-05-29 10:20:10
05-29 10:20:10.620 2197 2197 D TAG_AlarmReceiver: ********receive system bootUp broadcast*********
05-29 10:20:10.633 2121 2170 I CameraManagerGlobal: Connecting to camera service
05-29 10:20:10.725 476 1390 I ActivityManager: Finished processing BOOT_COMPLETED for u0
05-29 10:20:10.728 476 1390 W BroadcastQueue: Background execution not allowed: receiving Intent { act=android.bluetooth.adapter.action.STATE_CHANGED flg=0x4000010 (has extras) } to com.dangbei.lerad.etna.haqu/com.dangbei.remotecontroller.RemoteControllerReceiver
05-29 10:20:10.734 476 539 W BroadcastQueue: Background execution not allowed: receiving Intent { act=android.bluetooth.adapter.action.STATE_CHANGED flg=0x4000010 (has extras) } to com.dangbei.lerad.etna.haqu/com.dangbei.remotecontroller.RemoteControllerReceiver
05-29 10:20:10.738 476 539 D CompatibilityChangeReporter: Compat change id reported: 168419799; UID 10022; state: DISABLED
01-01 08:00:33.057 2196 2196 W audit : audit_lost=432 audit_rate_limit=5 audit_backlog_limit=64
01-01 08:00:33.057 2196 2196 E audit : rate limit exceeded
05-29 10:20:10.800 476 816 I WifiService: startScan uid=10022
05-29 10:20:10.810 476 1390 I ActivityManager: Background started FGS: Allowed [callingPackage: com.dangbei.screencast; callingUid: 10022; uidState: RCVR; intent: Intent { act=com.dangbei.screencast.STARTUP pkg=com.dangbei.screencast }; code:SYSTEM_ALERT_WINDOW_PERMISSION; tempAllowListReason:; targetSdkVersion:28; callerTargetSdkVersion:28; startForegroundCount:0; bindFromPackage:null]
05-29 10:20:10.812 476 539 I DropBoxManagerService: add tag=system_server_wtf isTagEnabled=true flags=0x2
05-29 10:20:10.816 1099 1121 I OpenGLRenderer: Davey! duration=9223372005893ms; Flags=0, FrameTimelineVsyncId=928, IntendedVsync=30961285129, Vsync=30961285129, InputEventId=0, HandleInputStart=30966058930, AnimationStart=30966063430, PerformTraversalsStart=30966312930, DrawStart=30966827722, FrameDeadline=30994618461, FrameInterval=30966050264, FrameStartTime=16666666, SyncQueued=30967818305, SyncStart=30968244389, IssueDrawCommandsStart=30969294097, SwapBuffers=30978641972, FrameCompleted=9223372036854775807, DequeueBufferDuration=49291, QueueBufferDuration=3971500, GpuCompleted=9223372036854775807, SwapBuffersCompleted=30984413681, DisplayPresentTime=0,
05-29 10:20:10.868 476 1390 W ActivityManager: Foreground service started from background can not have location/camera/microphone access: service com.dangbei.screencast/.startup.StartupService
05-29 10:20:10.874 476 539 I ActivityManager: Deferring FGS notification in legacy app com.dangbei.screencast/u0a22 : Notification(channel=channel_record shortcut=null contentView=null vibrate=null sound=null defaults=0x0 flags=0x60 color=0x00000000 category=transport vis=PUBLIC)
05-29 10:20:10.928 1272 1272 E raop : *********************AirplayBroadcastServer+++++++++
05-29 10:20:10.929 2121 2191 I UtilCommon: bluetoothMac=B4:2F:03:15:A3:36
05-29 10:20:10.932 2121 2191 D UtilLog : key=deviceid
05-29 10:20:10.941 2121 2191 D UtilLog : values=2a29a1009651753de55301e19d1ff223
05-29 10:20:10.941 2121 2191 D UtilLog : DesValues=tCuyrz2DhRbknQPdL0fwq/LiF6SRmYweDYZq2sUraZwPB58o5PWrCg==
05-29 10:20:10.941 2121 2191 D UtilLog :
05-29 10:20:10.941 2121 2191 D UtilLog : key=dev_uuid
05-29 10:20:10.942 2121 2191 D UtilLog : values=a44d64b0-a756-45a9-a4ab-05f0fa399011
05-29 10:20:10.942 2121 2191 D UtilLog : DesValues=Tg33WgX84FsHBR6Dhs37oC3fVtMXtbpaRHdaD+q+O6Q8d3qI6AlbxQ==
05-29 10:20:10.942 2121 2191 D UtilLog :
05-29 10:20:10.942 2121 2191 D UtilLog : key=channel
05-29 10:20:10.942 2121 2191 D UtilLog : values=DBOS_DBBOX-A2
05-29 10:20:10.942 2121 2191 D UtilLog : DesValues=U2rMDSNEX4hlxebfMfvE5w==
05-29 10:20:10.942 2121 2191 D UtilLog :
05-29 10:20:10.942 2121 2191 D UtilLog : key=packagelist
05-29 10:20:10.943 2121 2191 D UtilLog : values=com.dangbei.lerad.rocky;com.dangbei.leard.leradlauncher;com.dangbei.zhushou.os;com.dangbei.lerad.leradwatcher
05-29 10:20:10.943 2121 2191 D UtilLog : DesValues=byaAjpuYP7Md9ImftnY6oL+u5Tex4kQ5jeOCkuyRk9SkGPr4UI1BJNL8hrF+2ShyB2oVVKVfAi8PlHx6PKeqfviwQR31zZWiutQ4uv9uOzMk4hV4bCp4ke5dnZ39kxd9UZG/Y45KL29MEmA74Oe5eQ==
05-29 10:20:10.943 2121 2191 D UtilLog :
05-29 10:20:10.943 2121 2191 D UtilLog : key=mac
05-29 10:20:10.943 2121 2191 D UtilLog : values=20:02:FE:19:C1:FD
05-29 10:20:10.943 2121 2191 D UtilLog : DesValues=nYMpcx8K3oP+WR57bGh/3iOHqoo5UJ7s
05-29 10:20:10.943 2121 2191 D UtilLog :
05-29 10:20:10.943 2121 2191 D UtilLog : key=wifimac
05-29 10:20:10.943 2121 2191 D UtilLog : values=B4:2F:03:16:18:C0
05-29 10:20:10.943 2121 2191 D UtilLog : DesValues=GtiP38bn9GKlqee/5AjrHwo2HIgJ4oF7
05-29 10:20:10.943 2121 2191 D UtilLog :
05-29 10:20:10.943 2121 2191 D UtilLog : key=uuid
05-29 10:20:10.944 2121 2191 D UtilLog : values=de1e8721-e325-4d3d-aab3-efff00c3f1db
05-29 10:20:10.944 2121 2191 D UtilLog : DesValues=HDfng34RskEp7gHlb+addUhvasPGEYG9AVT5gEc2Xcx6SewHb99HUg==
05-29 10:20:10.944 2121 2191 D UtilLog :
05-29 10:20:10.944 2121 2191 D UtilLog : key=appname
05-29 10:20:10.944 2121 2191 D UtilLog : values=电视管家
05-29 10:20:10.944 2121 2191 D UtilLog : DesValues=iqL5Rox+365YgqkQrzmGew==
05-29 10:20:10.944 2121 2191 D UtilLog :
05-29 10:20:10.944 2121 2191 D UtilLog : key=packagename
05-29 10:20:10.944 2121 2191 D UtilLog : values=com.dangbei.zhushou.os
05-29 10:20:10.944 2121 2191 D UtilLog : DesValues=byaAjpuYP7N/v7Z6kyOIN8JduvsEBDYD
05-29 10:20:10.944 2121 2191 D UtilLog :
05-29 10:20:10.944 2121 2191 D UtilLog : key=vname
05-29 10:20:10.949 476 620 D NsdService: New client listening to asynchronous messages
05-29 10:20:10.949 476 620 D NsdService: New client, channel: com.android.internal.util.AsyncChannel@f6f07cc messenger: android.os.Messenger@a6eaa15
05-29 10:20:10.953 1272 1272 D CompatibilityChangeReporter: Compat change id reported: 191844585; UID 10022; state: DISABLED
05-29 10:20:10.960 2121 2191 D UtilLog : values=4.0.0.0.1
05-29 10:20:10.960 2121 2191 D UtilLog : DesValues=ZmbdbetpP3xQfy8gEtIzGg==
05-29 10:20:10.960 2121 2191 D UtilLog :
05-29 10:20:10.960 2121 2191 D UtilLog : key=vcode
05-29 10:20:10.960 2121 2191 D UtilLog : values=40001
05-29 10:20:10.960 2121 2191 D UtilLog : DesValues=xHelLudSdno=
05-29 10:20:10.960 2121 2191 D UtilLog :
05-29 10:20:10.960 2121 2191 D UtilLog : key=brand
05-29 10:20:10.961 2121 2191 D UtilLog : values=Dangbei
05-29 10:20:10.961 2121 2191 D UtilLog : DesValues=w3F/S11z4cQ=
05-29 10:20:10.961 2121 2191 D UtilLog :
05-29 10:20:10.961 2121 2191 D UtilLog : key=boxfactory
05-29 10:20:10.961 2121 2191 D UtilLog : values=Allwinner
05-29 10:20:10.963 2121 2191 D UtilLog : DesValues=Z82sBMOvjTwCcRqjeHOwaQ==
05-29 10:20:10.963 2121 2191 D UtilLog :
05-29 10:20:10.963 2121 2191 D UtilLog : key=rommodel
05-29 10:20:10.966 2121 2191 D UtilLog : values=DBBOX-A2
05-29 10:20:10.966 2121 2191 D UtilLog : DesValues=Cp0N6KH6T4JIJBzkJvj0FQ==
05-29 10:20:10.966 2121 2191 D UtilLog :
05-29 10:20:10.966 2121 2191 D UtilLog : key=cpuserial
05-29 10:20:10.971 2121 2191 D UtilLog : values=0000000000000000
05-29 10:20:10.971 2121 2191 D UtilLog : DesValues=nNQaqXf/biPbsaIvekQHd7yInvBfbZxz
05-29 10:20:10.971 2121 2191 D UtilLog :
05-29 10:20:10.971 2121 2191 D UtilLog : key=cpuimei
05-29 10:20:10.983 2121 2191 D UtilLog : values=armeabi-v7a
05-29 10:20:10.983 2121 2191 D UtilLog : DesValues=eB2sQ5wFJ4fV9rAgxgt0kQ==
05-29 10:20:10.983 2121 2191 D UtilLog :
05-29 10:20:10.983 2121 2191 D UtilLog : key=sn
05-29 10:20:10.984 2121 2191 D UtilLog : values=DZOH58251929088
05-29 10:20:10.984 2121 2191 D UtilLog : DesValues=DRq9pIo+PTznTckjOi2hMg==
05-29 10:20:10.984 2121 2191 D UtilLog :
05-29 10:20:10.984 2121 2191 D UtilLog : key=osversion
05-29 10:20:10.984 2121 2191 D UtilLog : values=12
05-29 10:20:10.984 2121 2191 D UtilLog : DesValues=z4Vde2HU9Lg=
05-29 10:20:10.984 2121 2191 D UtilLog :
05-29 10:20:10.984 2121 2191 D UtilLog : key=oscode
05-29 10:20:10.984 2121 2191 D UtilLog : values=31
05-29 10:20:10.984 2121 2191 D UtilLog : DesValues=uYf7cxwIekI=
05-29 10:20:10.984 2121 2191 D UtilLog :
05-29 10:20:10.985 2121 2191 D UtilLog : key=is_write
05-29 10:20:10.985 2121 2191 D UtilLog : values=0
05-29 10:20:10.985 2121 2191 D UtilLog : DesValues=fhgfj/J6fiI=
05-29 10:20:10.985 2121 2191 D UtilLog :
05-29 10:20:10.985 2121 2191 D UtilLog : key=romvername
05-29 10:20:10.985 2121 2191 D UtilLog : values=5.0.0.7
05-29 10:20:10.985 2121 2191 D UtilLog : DesValues=dPhaGfSld/c=
05-29 10:20:10.985 2121 2191 D UtilLog :
05-29 10:20:10.985 2121 2191 D UtilLog : key=romvercode
05-29 10:20:10.985 2121 2191 D UtilLog : values=5007
05-29 10:20:10.985 2121 2191 D UtilLog : DesValues=Qm6eAfv2j98=
05-29 10:20:10.985 2121 2191 D UtilLog :
05-29 10:20:10.985 2121 2191 D UtilLog : key=bluetoothmac
05-29 10:20:10.986 2121 2191 D UtilLog : values=B4:2F:03:15:A3:36
05-29 10:20:10.986 2121 2191 D UtilLog : DesValues=GtiP38bn9GJ/YtwiMwRcSyDuRny5iZHd
05-29 10:20:10.986 2121 2191 D UtilLog :
05-29 10:20:10.986 2121 2191 D UtilLog : key=rommodelnumber
05-29 10:20:10.986 2121 2191 D UtilLog : values=H5232
05-29 10:20:10.986 2121 2191 D UtilLog : DesValues=FkBqlkWzuas=
05-29 10:20:10.986 2121 2191 D UtilLog :
05-29 10:20:10.986 2121 2191 D UtilLog : key=userid
05-29 10:20:10.986 2121 2191 D UtilLog : values=-1
05-29 10:20:10.986 2121 2191 D UtilLog : DesValues=U8kqhGxUlIA=
05-29 10:20:10.986 2121 2191 D UtilLog :
05-29 10:20:10.986 2121 2191 D UtilLog : key=ip
05-29 10:20:10.987 2121 2191 D UtilLog : values=
05-29 10:20:10.987 2121 2191 D UtilLog : DesValues=gKen3SyYFuE=
05-29 10:20:10.987 2121 2191 D UtilLog :
05-29 10:20:11.006 476 1390 I ActivityManager: Background started FGS: Allowed [callingPackage: com.dangbei.screencast; callingUid: 10022; uidState: FGS ; intent: Intent { cmp=com.dangbei.screencast/.huaweicast.service.HuaweiCastService }; code:PROC_STATE_FGS; tempAllowListReason:; targetSdkVersion:28; callerTargetSdkVersion:28; startForegroundCount:0; bindFromPackage:null]
05-29 10:20:11.008 476 539 I DropBoxManagerService: add tag=system_server_wtf isTagEnabled=true flags=0x2
05-29 10:20:11.016 1272 1272 E H264FrameQueue: H264FrameQueue: mFullQueueCount:200
05-29 10:20:11.017 476 500 I WifiService: startScan uid=1000
05-29 10:20:11.046 1099 1972 D wenhc : getScreenInfo uri = content://com.dangbei.screencast.parts.info/screen_cast
05-29 10:20:11.142 2121 2241 I System.out: true
05-29 10:20:11.159 1272 1283 I gbei.screencas: Background concurrent copying GC freed 6590(511KB) AllocSpace objects, 6(120KB) LOS objects, 49% free, 4334KB/8669KB, paused 213us total 562.914ms
05-29 10:20:11.164 1272 1272 E HuaweiCastService: onCreate called().
05-29 10:20:11.170 1099 1121 I OpenGLRenderer: Davey! duration=9223372005526ms; Flags=0, FrameTimelineVsyncId=951, IntendedVsync=31327951416, Vsync=31327951416, InputEventId=0, HandleInputStart=31335996139, AnimationStart=31336137597, PerformTraversalsStart=31336385014, DrawStart=31336865556, FrameDeadline=31361284748, FrameInterval=31335986806, FrameStartTime=16666666, SyncQueued=31337305264, SyncStart=31337648681, IssueDrawCommandsStart=31338767972, SwapBuffers=31347227597, FrameCompleted=9223372036854775807, DequeueBufferDuration=59250, QueueBufferDuration=2124583, GpuCompleted=9223372036854775807, SwapBuffersCompleted=31351350347, DisplayPresentTime=0,
05-29 10:20:11.174 476 816 D CompatibilityChangeReporter: Compat change id reported: 168419799; UID 1000; state: DISABLED
05-29 10:20:11.178 1327 1327 D RockyVoice: RestartReceiver onReceive
05-29 10:20:11.183 1327 1327 D RockyVoice: RestartReceiver onReceive
05-29 10:20:11.186 1272 1272 E PlayerClient: registerCallback com.dangbei.screencast.huaweicast.service.HuaweiCastService$a@1bc1ec4
05-29 10:20:11.186 1272 1272 D PlayerClient: registerCallback true
05-29 10:20:11.186 1272 1272 D PlayerClient: init.
05-29 10:20:11.189 476 1390 I WifiService: acquireMulticastLock uid=10022
05-29 10:20:11.190 1272 1272 W KIT_FWK_a: KitFwk is not installed, pls do not use related interfaces.
05-29 10:20:11.193 476 815 I WifiService: acquireMulticastLock uid=10022
05-29 10:20:11.193 476 816 D CompatibilityChangeReporter: Compat change id reported: 135634846; UID 10024; state: DISABLED
05-29 10:20:11.194 1272 1272 W KIT_FWK_a: KitFwk is not installed, pls do not use related interfaces.
05-29 10:20:11.194 476 816 D CompatibilityChangeReporter: Compat change id reported: 177438394; UID 10024; state: DISABLED
05-29 10:20:11.194 476 816 D CompatibilityChangeReporter: Compat change id reported: 135772972; UID 10024; state: DISABLED
05-29 10:20:11.198 2121 2171 I System.out: true
05-29 10:20:11.206 1272 1272 E PlayerClient: bind player service by aar.
05-29 10:20:11.209 476 816 D CompatibilityChangeReporter: Compat change id reported: 135754954; UID 10024; state: ENABLED
05-29 10:20:11.210 476 540 D CompatibilityChangeReporter: Compat change id reported: 143937733; UID 10024; state: ENABLED
05-29 10:20:11.237 1272 1272 D PlayerClient: bind player sink service true
05-29 10:20:11.240 247 247 D Zygote : Forked child process 2257
05-29 10:20:11.242 476 540 I ActivityManager: app.processName = com.android.externalstorage
05-29 10:20:11.242 476 540 I ActivityManager: Start proc 2257:com.android.externalstorage/u0a24 for broadcast {com.android.externalstorage/com.android.externalstorage.MountReceiver}
05-29 10:20:11.243 476 579 W ActivityManager: Foreground service started from background can not have location/camera/microphone access: service com.dangbei.screencast/.huaweicast.service.HuaweiCastService
05-29 10:20:11.245 1272 1272 E HuaweiCastService: startForeground!
05-29 10:20:11.254 1272 1272 E HuaweiCastService: onStartCommand in 0
05-29 10:20:11.263 2257 2257 I Zygote : seccomp disabled by setenforce 0
05-29 10:20:11.279 1272 1272 D HiSight-SinkService: onCreate.
05-29 10:20:11.286 1272 1272 D HiSight-ConnectionManager: start ConnectionManager
05-29 10:20:11.293 1272 1272 D HiSight-SinkService: onBind.
05-29 10:20:11.302 388 412 I adbd : jdwp connection from 2257
05-29 10:20:11.309 1099 1117 I d.leradlaunche: Background concurrent copying GC freed 63994(3027KB) AllocSpace objects, 196(6352KB) LOS objects, 50% free, 23MB/47MB, paused 2.500ms total 1.017s
05-29 10:20:11.309 1272 1272 D PlayerClient: service connected.
05-29 10:20:11.310 1272 1272 D HiSight-SinkService: ITaskBinder registerCallback: true
05-29 10:20:11.310 1272 1272 D HiSight-HiSightManager: ITaskBinder registerCallback.
05-29 10:20:11.310 1272 1272 D HiSight-CallbackManager: addNewCallback. com.dangbei.screencast.huaweicast.service.HuaweiCastService$a@1bc1ec4
05-29 10:20:11.311 1272 1272 E HuaweiCastService: eventId: 4001
05-29 10:20:11.311 1272 1272 E HuaweiCastService: mPlayerClient is null.
05-29 10:20:11.312 1272 1272 D HiSight-HiSightManager: check capability vbr range not setting, using default value
05-29 10:20:11.312 1272 1272 E HuaweiCastService: mPlayerClient is null.
05-29 10:20:11.312 1272 1272 D HiSight-SinkService: setAuthMode
05-29 10:20:11.313 1272 1272 W HiSight-ConnectionManager: mSinkId is empty
05-29 10:20:11.324 476 1390 D CompatibilityChangeReporter: Compat change id reported: 168419799; UID 10024; state: DISABLED
05-29 10:20:11.334 2257 2257 D CompatibilityChangeReporter: Compat change id reported: 171979766; UID 10024; state: ENABLED
05-29 10:20:11.362 2257 2257 V GraphicsEnvironment: ANGLE Developer option for 'com.android.externalstorage' set to: 'default'
05-29 10:20:11.363 2257 2257 V GraphicsEnvironment: Neither updatable production driver nor prerelease driver is supported.
05-29 10:20:11.363 2257 2257 D NetworkSecurityConfig: No Network Security Config specified, using platform default
05-29 10:20:11.364 2257 2257 D NetworkSecurityConfig: No Network Security Config specified, using platform default
05-29 10:20:11.365 476 521 W IorapForwardingService: No service published for: iorapd
05-29 10:20:11.374 2257 2257 D ExternalStorage: After updating volumes, found 1 active roots
05-29 10:20:11.378 2257 2257 D ExternalStorage: After updating volumes, found 1 active roots
05-29 10:20:11.386 820 820 E DiskReceiver: Missing fsUuid, not launching activity.
05-29 10:20:11.388 476 1390 I ActivityManager: com.tv.filemanager.os is exempt from freezer
05-29 10:20:11.388 476 1390 D CompatibilityChangeReporter: Compat change id reported: 135634846; UID 10051; state: DISABLED
05-29 10:20:11.388 476 1390 D CompatibilityChangeReporter: Compat change id reported: 177438394; UID 10051; state: DISABLED
05-29 10:20:11.388 476 1390 D CompatibilityChangeReporter: Compat change id reported: 135772972; UID 10051; state: DISABLED
05-29 10:20:11.388 476 1390 D CompatibilityChangeReporter: Compat change id reported: 135754954; UID 10051; state: DISABLED
05-29 10:20:11.389 476 540 D CompatibilityChangeReporter: Compat change id reported: 143937733; UID 10051; state: DISABLED
05-29 10:20:11.404 247 247 D Zygote : Forked child process 2275
05-29 10:20:11.405 476 540 I ActivityManager: app.processName = com.tv.filemanager.os
05-29 10:20:11.405 476 540 I ActivityManager: Start proc 2275:com.tv.filemanager.os/u0a51 for broadcast {com.tv.filemanager.os/com.dangbei.lerad.filemanager.receives.USBReceiver}
05-29 10:20:11.414 2275 2275 I Zygote : seccomp disabled by setenforce 0
05-29 10:20:11.436 388 412 I adbd : jdwp connection from 2275
05-29 10:20:11.454 476 1390 D CompatibilityChangeReporter: Compat change id reported: 168419799; UID 10051; state: DISABLED
05-29 10:20:11.462 2275 2275 D CompatibilityChangeReporter: Compat change id reported: 171979766; UID 10051; state: DISABLED
05-29 10:20:11.471 2275 2275 D ApplicationLoaders: Returning zygote-cached class loader: /system/framework/android.test.base.jar
05-29 10:20:11.509 664 664 E WifiHAL : wifi_get_link_stats: requestResponse Error:-5
05-29 10:20:11.510 476 610 E WifiVendorHal: getWifiLinkLayerStats_1_5_Internal(l.1191) failed {.code = ERROR_INVALID_ARGS, .description = }
05-29 10:20:11.564 1272 1272 I CrashSDKNormalH: type=1400 audit(0.0:971): avc: denied { search } for name="com.dangbei.screencast" dev="mmcblk0p25" ino=891 scontext=u:r:platform_app:s0:c512,c768 tcontext=u:object_r:app_data_file:s0:c512,c768 tclass=dir permissive=1 app=com.dangbei.screencast
05-29 10:20:11.564 1272 1272 I CrashSDKNormalH: type=1400 audit(0.0:972): avc: denied { read } for name="tags" dev="mmcblk0p25" ino=2361 scontext=u:r:platform_app:s0:c512,c768 tcontext=u:object_r:app_data_file:s0:c512,c768 tclass=dir permissive=1 app=com.dangbei.screencast
05-29 10:20:11.564 1272 1272 I CrashSDKNormalH: type=1400 audit(0.0:973): avc: denied { open } for path="/data/user/0/com.dangbei.screencast/crashsdk/tags" dev="mmcblk0p25" ino=2361 scontext=u:r:platform_app:s0:c512,c768 tcontext=u:object_r:app_data_file:s0:c512,c768 tclass=dir permissive=1 app=com.dangbei.screencast
05-29 10:20:11.642 2275 2275 V GraphicsEnvironment: ANGLE Developer option for 'com.tv.filemanager.os' set to: 'default'
05-29 10:20:11.642 2275 2275 V GraphicsEnvironment: Neither updatable production driver nor prerelease driver is supported.
05-29 10:20:11.644 2275 2275 D NetworkSecurityConfig: No Network Security Config specified, using platform default
05-29 10:20:11.644 2275 2275 D NetworkSecurityConfig: No Network Security Config specified, using platform default
05-29 10:20:11.647 2275 2275 I MultiDex: VM with version 2.1.0 has multidex support
05-29 10:20:11.647 2275 2275 I MultiDex: Installing application
05-29 10:20:11.647 2275 2275 I MultiDex: VM has multidex support, MultiDex support library is disabled.
05-29 10:20:11.668 2121 2136 W System : A resource failed to call close.
05-29 10:20:11.678 2275 2275 I MultiDex: Installing application
05-29 10:20:11.678 2275 2275 I MultiDex: VM has multidex support, MultiDex support library is disabled.
05-29 10:20:11.680 2275 2275 W .filemanager.o: Accessing hidden field Landroid/app/ActivityThread;->mHiddenApiWarningShown:Z (max-target-o, reflection, denied)
05-29 10:20:11.681 2275 2275 W System.err: java.lang.NoSuchFieldException: No field mHiddenApiWarningShown in class Landroid/app/ActivityThread; (declaration of 'android.app.ActivityThread' appears in /system/framework/framework.jar)
05-29 10:20:11.681 2275 2275 W System.err: at java.lang.Class.getDeclaredField(Native Method)
05-29 10:20:11.681 2275 2275 W System.err: at com.dangbei.lerad.filemanager.application.App.disableAPIDialog(App.java:166)
05-29 10:20:11.681 2275 2275 W System.err: at com.dangbei.lerad.filemanager.application.App.onCreate(App.java:95)
05-29 10:20:11.681 2275 2275 W System.err: at android.app.Instrumentation.callApplicationOnCreate(Instrumentation.java:1211)
05-29 10:20:11.681 2275 2275 W System.err: at android.app.ActivityThread.handleBindApplication(ActivityThread.java:6740)
05-29 10:20:11.681 2275 2275 W System.err: at android.app.ActivityThread.access$1500(ActivityThread.java:247)
05-29 10:20:11.681 2275 2275 W System.err: at android.app.ActivityThread$H.handleMessage(ActivityThread.java:2053)
05-29 10:20:11.681 2275 2275 W System.err: at android.os.Handler.dispatchMessage(Handler.java:106)
05-29 10:20:11.681 2275 2275 W System.err: at android.os.Looper.loopOnce(Looper.java:201)
05-29 10:20:11.681 2275 2275 W System.err: at android.os.Looper.loop(Looper.java:288)
05-29 10:20:11.681 2275 2275 W System.err: at android.app.ActivityThread.main(ActivityThread.java:7854)
05-29 10:20:11.681 2275 2275 W System.err: at java.lang.reflect.Method.invoke(Native Method)
05-29 10:20:11.681 2275 2275 W System.err: at com.android.internal.os.RuntimeInit$MethodAndArgsCaller.run(RuntimeInit.java:548)
05-29 10:20:11.681 2275 2275 W System.err: at com.android.internal.os.ZygoteInit.main(ZygoteInit.java:1182)
05-29 10:20:11.689 2275 2275 E ActivityThread: Failed to find provider info for lerad.provider.etna
05-29 10:20:11.715 2275 2275 D USBReceiver: usb > onReceive: action = android.intent.action.MEDIA_MOUNTED
05-29 10:20:11.718 476 579 I ActivityManager: Killing 1067:com.android.traceur/u0a19 (adj 975): empty #17
05-29 10:20:11.722 476 541 I libprocessgroup: Successfully killed process cgroup uid 10019 pid 1067 in 0ms
05-29 10:20:11.742 476 755 D SntpClient: request time failed: java.net.SocketTimeoutException: Poll timed out
05-29 10:20:11.744 265 265 I EventThread: type=1400 audit(0.0:974): avc: denied { search } for name="extcon" dev="sysfs" ino=18109 scontext=u:r:hal_tv_cec_default:s0 tcontext=u:object_r:sysfs_extcon:s0 tclass=dir permissive=1
05-29 10:20:11.753 476 579 I ActivityManager: com.oranth.usbopenft is exempt from freezer
05-29 10:20:11.754 476 579 D CompatibilityChangeReporter: Compat change id reported: 135634846; UID 1000; state: DISABLED
05-29 10:20:11.763 1033 1356 I MediaProvider: Begin Intent { act=android.intent.action.MEDIA_MOUNTED dat=file:///storage/emulated/0 flg=0x5000010 cmp=com.android.providers.media.module/com.android.providers.media.MediaService (has extras) }
05-29 10:20:11.766 1033 1356 I MediaProvider: Volume MediaVolume name: [external_primary] id: [emulated;0] user: [UserHandle{0}] path: [/storage/emulated/0] already attached
05-29 10:20:11.766 1033 1356 I MediaProvider: End Intent { act=android.intent.action.MEDIA_MOUNTED dat=file:///storage/emulated/0 flg=0x5000010 cmp=com.android.providers.media.module/com.android.providers.media.MediaService (has extras) }
05-29 10:20:11.778 247 247 D Zygote : Forked child process 2301
05-29 10:20:11.778 247 247 I Zygote : Process 1067 exited due to signal 9 (Killed)
05-29 10:20:11.779 476 540 I ActivityManager: app.processName = com.oranth.usbopenft
05-29 10:20:11.779 476 540 I ActivityManager: Start proc 2301:com.oranth.usbopenft/1000 for broadcast {com.oranth.usbopenft/com.oranth.usbopenft.UsbReceiver}
05-29 10:20:11.788 2301 2301 I Zygote : seccomp disabled by setenforce 0
05-29 10:20:11.789 1049 1303 E dangbei111: cccccc 检查遥控器是否连接: Dangbei E4:BB:D3:57:C0:69
05-29 10:20:11.793 1049 1303 E dangbei111: cccccc 检查遥控器是否连接: 蓝牙的结果 Dangbei E4:BB:D3:57:C0:69 false
05-29 10:20:11.796 1049 1303 E dangbei111: cccccc input中没有遥控器 存在 先什么都不操作 返回false
05-29 10:20:11.799 1049 1303 E dangbei111: cccccc 开始扫描
05-29 10:20:11.799 1049 1303 D BluetoothAdapter: isLeEnabled(): ON
05-29 10:20:11.804 669 959 I bluetooth: system/bt/stack/gatt/gatt_api.cc:1019 GATT_Register: Allocated name:GattClient uuid:487a31a4-84ea-7eaf-b6cd-7b07d69f8268 gatt_if:5 eatt_support:0
05-29 10:20:11.800 1940 1940 I rainbow_flow: type=1400 audit(0.0:975): avc: denied { ioctl } for path="/dev/spidev1.0" dev="tmpfs" ino=2489 ioctlcmd=0x6b00 scontext=u:r:init:s0 tcontext=u:object_r:device:s0 tclass=chr_file permissive=1
05-29 10:20:11.805 1049 1063 D BluetoothLeScanner: onScannerRegistered() - status=0 scannerId=5 mScannerId=0
05-29 10:20:11.810 388 412 I adbd : jdwp connection from 2301
05-29 10:20:11.827 2301 2301 D CompatibilityChangeReporter: Compat change id reported: 171979766; UID 1000; state: ENABLED
05-29 10:20:11.827 669 943 W UnsafeUtil: platform method missing - proto runtime falling back to safer methods: java.lang.NoSuchMethodException: sun.misc.Unsafe.copyMemory [class java.lang.Object, long, class java.lang.Object, long, long]
05-29 10:20:11.831 253 253 E bt_upio : upio_set : /proc/bluetooth/sleep/btwrite(-1) incorrent
05-29 10:20:11.833 1049 1303 E dangbei111: cccccc 开始扫描
05-29 10:20:11.833 1049 1303 D BluetoothAdapter: isLeEnabled(): ON
05-29 10:20:11.865 2301 2301 V GraphicsEnvironment: ANGLE Developer option for 'com.oranth.usbopenft' set to: 'default'
05-29 10:20:11.865 2301 2301 V GraphicsEnvironment: Neither updatable production driver nor prerelease driver is supported.
05-29 10:20:11.866 2301 2301 D NetworkSecurityConfig: No Network Security Config specified, using platform default
05-29 10:20:11.867 2301 2301 D NetworkSecurityConfig: No Network Security Config specified, using platform default
05-29 10:20:11.873 2257 2257 D ExternalStorage: After updating volumes, found 1 active roots
05-29 10:20:11.875 476 814 I ActivityManager: Killing 1091:com.android.keychain/1000 (adj 985): empty #17
05-29 10:20:11.881 820 820 D DiskReceiver: Scanning volume: VolumeInfo{emulated;0}:
05-29 10:20:11.881 820 820 D DiskReceiver: type=EMULATED diskId=null partGuid= mountFlags=PRIMARY|VISIBLE
05-29 10:20:11.881 820 820 D DiskReceiver: mountUserId=0 state=MOUNTED
05-29 10:20:11.881 820 820 D DiskReceiver: fsType=null fsUuid=null fsLabel=null
05-29 10:20:11.881 820 820 D DiskReceiver: path=/storage/emulated internalPath=/data/media
05-29 10:20:11.884 2275 2275 D USBReceiver: usb > onReceive: action = android.intent.action.MEDIA_MOUNTED
05-29 10:20:11.903 247 247 I Zygote : Process 1091 exited due to signal 9 (Killed)
05-29 10:20:11.913 476 660 W BroadcastQueue: Target SDK mismatch: receiver ActivityInfo{971088e com.dangbei.screencast.startup.BootReceiver} targets 28 but delivery restricted to [0, 23] broadcasting Intent { act=android.net.conn.CONNECTIVITY_CHANGE flg=0x4200010 (has extras) } from android (pid=476, uid=1000) to com.dangbei.screencast/.startup.BootReceiver
05-29 10:20:11.913 1033 1356 I MediaProvider: Begin Intent { act=android.intent.action.MEDIA_MOUNTED dat=file:///storage/emulated/0 flg=0x5000010 cmp=com.android.providers.media.module/com.android.providers.media.MediaService (has extras) }
05-29 10:20:11.913 1033 1356 I MediaProvider: Volume MediaVolume name: [external_primary] id: [emulated;0] user: [UserHandle{0}] path: [/storage/emulated/0] already attached
05-29 10:20:11.913 1033 1356 I MediaProvider: End Intent { act=android.intent.action.MEDIA_MOUNTED dat=file:///storage/emulated/0 flg=0x5000010 cmp=com.android.providers.media.module/com.android.providers.media.MediaService (has extras) }
05-29 10:20:11.915 476 539 W BroadcastQueue: Target SDK mismatch: receiver ActivityInfo{19018af com.dangbei.euthenia.receiver.NetworkChangeReceiver} targets 26 but delivery restricted to [0, 23] broadcasting Intent { act=android.net.conn.CONNECTIVITY_CHANGE flg=0x4200010 (has extras) } from android (pid=476, uid=1000) to com.dangbei.lerad.videoposter/com.dangbei.euthenia.receiver.NetworkChangeReceiver
05-29 10:20:11.915 476 539 W BroadcastQueue: Target SDK mismatch: receiver ActivityInfo{83a04bc com.dangbei.screencast.startup.BootReceiver} targets 28 but delivery restricted to [0, 23] broadcasting Intent { act=android.net.conn.CONNECTIVITY_CHANGE flg=0x4200010 (has extras) } from android (pid=476, uid=1000) to com.dangbei.screencast/.startup.BootReceiver
05-29 10:20:11.917 476 539 W BroadcastQueue: Target SDK mismatch: receiver ActivityInfo{38d7c45 com.dangbei.euthenia.receiver.NetworkChangeReceiver} targets 26 but delivery restricted to [0, 23] broadcasting Intent { act=android.net.conn.CONNECTIVITY_CHANGE flg=0x4200010 (has extras) } from android (pid=476, uid=1000) to com.dangbei.lerad.videoposter/com.dangbei.euthenia.receiver.NetworkChangeReceiver
05-29 10:20:11.921 476 541 I libprocessgroup: Successfully killed process cgroup uid 1000 pid 1091 in 45ms
05-29 10:20:11.924 476 539 D CompatibilityChangeReporter: Compat change id reported: 168419799; UID 10025; state: DISABLED
01-01 08:00:34.521 291 291 W audit : audit_lost=515 audit_rate_limit=5 audit_backlog_limit=64
01-01 08:00:34.521 291 291 E audit : rate limit exceeded
05-29 10:20:12.360 2197 2211 W System : A resource failed to call close.
05-29 10:20:12.362 2197 2211 W System : A resource failed to call close.
05-29 10:20:12.367 476 521 W IorapForwardingService: No service published for: iorapd
05-29 10:20:12.650 1099 1206 E hq : ErrorCoroutineExceptionHandler:::runTry error:com.dangbei.leard.base.proider.error.EmptyApiException: 数据为空 from=requestMessageDialog from=requestMessageDialog
05-29 10:20:12.859 1099 1206 E hq : Etna:::getFindLookupControllerState isConnect=true
05-29 10:20:12.860 1099 1206 E Etna : getFindLookupControllerState1111111
05-29 10:20:12.862 1099 1206 E hq : Etna:::getFindLookupControllerState valueStr=1
05-29 10:20:12.863 1099 1206 E hq : LookupControler:::isLookupController=true
05-29 10:20:12.863 1099 1206 I hq : LookupControler:::time=110000
05-29 10:20:12.880 1272 1272 I Timer-1 : type=1400 audit(0.0:977): avc: denied { write } for name="files" dev="mmcblk0p25" ino=2347 scontext=u:r:platform_app:s0:c512,c768 tcontext=u:object_r:app_data_file:s0:c512,c768 tclass=dir permissive=1 app=com.dangbei.screencast
05-29 10:20:12.880 1272 1272 I Timer-1 : type=1400 audit(0.0:978): avc: denied { add_name } for name="TD_AES_DATA_LOCK" scontext=u:r:platform_app:s0:c512,c768 tcontext=u:object_r:app_data_file:s0:c512,c768 tclass=dir permissive=1 app=com.dangbei.screencast
05-29 10:20:13.184 1272 1272 I pool-5-thread-1: type=1400 audit(0.0:979): avc: denied { getattr } for path="/data/user/0/com.dangbei.screencast/files/__database_reborn_January_one__/td_database99SaaS" dev="mmcblk0p25" ino=2451 scontext=u:r:platform_app:s0:c512,c768 tcontext=u:object_r:app_data_file:s0:c512,c768 tclass=dir permissive=1 app=com.dangbei.screencast
05-29 10:20:13.300 2326 2326 I Thread-2: type=1400 audit(0.0:980): avc: denied { execute } for name="am" dev="dm-1" ino=1160 scontext=u:r:system_app:s0 tcontext=u:object_r:vendor_file:s0 tclass=file permissive=1
01-01 08:00:35.579 2326 2326 W audit : audit_lost=516 audit_rate_limit=5 audit_backlog_limit=64
01-01 08:00:35.579 2326 2326 E audit : rate limit exceeded
05-29 10:20:13.300 2326 2326 I Thread-2: type=1400 audit(0.0:981): avc: denied { read open } for path="/vendor/xbin/am" dev="dm-1" ino=1160 scontext=u:r:system_app:s0 tcontext=u:object_r:vendor_file:s0 tclass=file permissive=1
05-29 10:20:13.378 476 521 W IorapForwardingService: No service published for: iorapd
05-29 10:20:13.393 1128 1128 D aaa : LedStatusService onStartCommand begin
05-29 10:20:13.394 1128 2333 D aaa : topPkg is -------------- :com.dangbei.leard.leradlauncher
05-29 10:20:13.404 1128 2333 D aaa : WiFi is connect
05-29 10:20:13.409 1186 1186 D bbb : onStartCommand begin !!!!!!! data分区剩余 24603MB
05-29 10:20:13.413 476 660 D CompatibilityChangeReporter: Compat change id reported: 171306433; UID 1000; state: ENABLED
05-29 10:20:13.821 1099 1122 I OpenGLRenderer: Davey! duration=9223372002876ms; Flags=0, FrameTimelineVsyncId=969, IntendedVsync=33977952312, Vsync=33977952312, InputEventId=0, HandleInputStart=33978435349, AnimationStart=33978438890, PerformTraversalsStart=33978634390, DrawStart=33986068432, FrameDeadline=34011285644, FrameInterval=33978426974, FrameStartTime=16666666, SyncQueued=33986884599, SyncStart=33987121307, IssueDrawCommandsStart=33988217307, SwapBuffers=33995760807, FrameCompleted=9223372036854775807, DequeueBufferDuration=46375, QueueBufferDuration=2287500, GpuCompleted=9223372036854775807, SwapBuffersCompleted=33999942182, DisplayPresentTime=0,
05-29 10:20:13.836 1099 1121 I OpenGLRenderer: Davey! duration=9223372002859ms; Flags=0, FrameTimelineVsyncId=970, IntendedVsync=33994618978, Vsync=33994618978, InputEventId=0, HandleInputStart=33995312099, AnimationStart=33995321224, PerformTraversalsStart=33995821099, DrawStart=33997496807, FrameDeadline=34027952310, FrameInterval=33995301099, FrameStartTime=16666666, SyncQueued=33999380974, SyncStart=34000331765, IssueDrawCommandsStart=34001888182, SwapBuffers=34023532724, FrameCompleted=9223372036854775807, DequeueBufferDuration=56333, QueueBufferDuration=1749959, GpuCompleted=9223372036854775807, SwapBuffersCompleted=34026310099, DisplayPresentTime=0,
05-29 10:20:13.857 1099 1121 I OpenGLRenderer: Davey! duration=9223372002832ms; Flags=0, FrameTimelineVsyncId=972, IntendedVsync=34011724875, Vsync=34011724875, InputEventId=0, HandleInputStart=34012865182, AnimationStart=34012871349, PerformTraversalsStart=34014338224, DrawStart=34014923015, FrameDeadline=34045058207, FrameInterval=34012846349, FrameStartTime=16666666, SyncQueued=34015782182, SyncStart=34026567224, IssueDrawCommandsStart=34027775807, SwapBuffers=34038114432, FrameCompleted=9223372036854775807, DequeueBufferDuration=46500, QueueBufferDuration=1814791, GpuCompleted=9223372036854775807, SwapBuffersCompleted=34040865349, DisplayPresentTime=0,
05-29 10:20:13.870 1099 1121 I OpenGLRenderer: Davey! duration=9223372002811ms; Flags=0, FrameTimelineVsyncId=974, IntendedVsync=34028391541, Vsync=34028391541, InputEventId=0, HandleInputStart=34028901057, AnimationStart=34028904474, PerformTraversalsStart=34029153265, DrawStart=34029659557, FrameDeadline=34061724873, FrameInterval=34028893265, FrameStartTime=16666666, SyncQueued=34030145515, SyncStart=34044878349, IssueDrawCommandsStart=34046124849, SwapBuffers=34053795099, FrameCompleted=9223372036854775807, DequeueBufferDuration=56750, QueueBufferDuration=2078000, GpuCompleted=9223372036854775807, SwapBuffersCompleted=34056606474, DisplayPresentTime=0,
05-29 10:20:13.888 1099 1121 I OpenGLRenderer: Davey! duration=9223372002800ms; Flags=0, FrameTimelineVsyncId=976, IntendedVsync=34045058207, Vsync=34045058207, InputEventId=0, HandleInputStart=34046650557, AnimationStart=34046652724, PerformTraversalsStart=34046987224, DrawStart=34047174515, FrameDeadline=34078391539, FrameInterval=34046643140, FrameStartTime=16666666, SyncQueued=34047257599, SyncStart=34056905224, IssueDrawCommandsStart=34057968724, SwapBuffers=34064464682, FrameCompleted=9223372036854775807, DequeueBufferDuration=62167, QueueBufferDuration=8600917, GpuCompleted=9223372036854775807, SwapBuffersCompleted=34073936140, DisplayPresentTime=0,
05-29 10:20:13.903 1099 1122 I OpenGLRenderer: Davey! duration=9223372002781ms; Flags=0, FrameTimelineVsyncId=978, IntendedVsync=34061724873, Vsync=34061724873, InputEventId=0, HandleInputStart=34062346140, AnimationStart=34062351640, PerformTraversalsStart=34062832099, DrawStart=34063020015, FrameDeadline=34095058205, FrameInterval=34062334765, FrameStartTime=16666666, SyncQueued=34063107265, SyncStart=34074335890, IssueDrawCommandsStart=34075384224, SwapBuffers=34083098765, FrameCompleted=9223372036854775807, DequeueBufferDuration=59417, QueueBufferDuration=4969292, GpuCompleted=9223372036854775807, SwapBuffersCompleted=34089079807, DisplayPresentTime=0,
05-29 10:20:14.172 1272 1272 I efs-base: type=1400 audit(0.0:983): avc: denied { search } for name="com.dangbei.screencast" dev="mmcblk0p25" ino=891 scontext=u:r:platform_app:s0:c512,c768 tcontext=u:object_r:app_data_file:s0:c512,c768 tclass=dir permissive=1 app=com.dangbei.screencast
05-29 10:20:14.172 1272 1272 I efs-base: type=1400 audit(0.0:984): avc: denied { getattr } for path="/data/user/0/com.dangbei.screencast/app_UApm/5fc60c21094d637f3130af19/ready" dev="mmcblk0p25" ino=2380 scontext=u:r:platform_app:s0:c512,c768 tcontext=u:object_r:app_data_file:s0:c512,c768 tclass=dir permissive=1 app=com.dangbei.screencast
05-29 10:20:14.172 1272 1272 I efs-base: type=1400 audit(0.0:985): avc: denied { read } for name="ready" dev="mmcblk0p25" ino=2380 scontext=u:r:platform_app:s0:c512,c768 tcontext=u:object_r:app_data_file:s0:c512,c768 tclass=dir permissive=1 app=com.dangbei.screencast
05-29 10:20:14.172 1272 1272 I efs-base: type=1400 audit(0.0:986): avc: denied { open } for path="/data/user/0/com.dangbei.screencast/app_UApm/5fc60c21094d637f3130af19/ready" dev="mmcblk0p25" ino=2380 scontext=u:r:platform_app:s0:c512,c768 tcontext=u:object_r:app_data_file:s0:c512,c768 tclass=dir permissive=1 app=com.dangbei.screencast
05-29 10:20:14.180 1272 1272 I efs-base: type=1400 audit(0.0:987): avc: denied { write } for name="upload" dev="mmcblk0p25" ino=2792 scontext=u:r:platform_app:s0:c512,c768 tcontext=u:object_r:app_data_file:s0:c512,c768 tclass=dir permissive=1 app=com.dangbei.screencast
05-29 10:20:14.189 1272 1565 I efs.base: lt=event`ev_ct=efs_core`ev_ac=log_lag`tm=2025-05-29 17:09:99`dn=814a6c1f-a914-45e0-9441-173ac17d88d0`ps=com.dangbei.screencast`um_os=android`stime=1748485203355`pid=1272`fr=android`pkg=com.dangbei.screencast`vcode=20830`dsp_w=1920`uid=814a6c1f-a914-45e0-9441-173ac17d88d0`rom=12`wid=814a6c1f-a914-45e0-9441-173ac17d88d0`um_app_carrier=`um_access=unknow`um_app_channel=os`um_crash_sdk_version=1.4.0`ctime=1748509741`model=dbbox-a2`lang=zh`net=wifi`brand=dangbei`dsp_h=1080`um_network_type=0`ver=v2.8.3`cnt=2`build_model=DBBOX-A2`w_tm=1748509741`appid=5fc60c21094d637f3130af19`um_umid_header=ai536d652a62b80cf12a583dbdbfe77cd5`sdk=31`tzone=Asia/Shanghai`sdk_ver=1.3.6.umeng
05-29 10:20:14.380 476 521 W IorapForwardingService: No service published for: iorapd
05-29 10:20:14.521 664 664 E WifiHAL : wifi_get_link_stats: requestResponse Error:-5
05-29 10:20:14.522 476 610 E WifiVendorHal: getWifiLinkLayerStats_1_5_Internal(l.1191) failed {.code = ERROR_INVALID_ARGS, .description = }
05-29 10:20:14.702 1272 1566 I efs.base: wa upload succ, HttpResponse {succ=true, code=200, data='暂不支持该服务', extra={req_url=https://errlog.umeng.com/api/crashsdk/logcollect}}
05-29 10:20:14.878 476 814 D WifiNl80211Manager: Scan result ready event
05-29 10:20:14.879 476 814 D WifiNative: Scan result ready event
05-29 10:20:14.910 253 958 E bt_upio : upio_set : /proc/bluetooth/sleep/btwrite(-1) incorrent
05-29 10:20:14.917 476 614 D WificondScannerImpl: Filtering out 11 scan results.
05-29 10:20:14.932 1099 1099 E hq : NetWorkStateReceiver:::NetWorkStateReceiver onReceive: 网络变化广播 >>>> intent.action=android.net.wifi.SCAN_RESULTS
05-29 10:20:14.943 664 664 E WifiHAL : wifi_get_link_stats: requestResponse Error:-5
05-29 10:20:14.946 476 610 E WifiVendorHal: getWifiLinkLayerStats_1_5_Internal(l.1191) failed {.code = ERROR_INVALID_ARGS, .description = }
05-29 10:20:14.972 1099 1099 W eventbuscore: post Event:com.dangbei.leard.base.entity.event.NetWifiRssiEvent
05-29 10:20:15.020 1099 1122 I OpenGLRenderer: Davey! duration=9223372001659ms; Flags=0, FrameTimelineVsyncId=1045, IntendedVsync=35194628095, Vsync=35194628095, InputEventId=0, HandleInputStart=35195195141, AnimationStart=35195199516, PerformTraversalsStart=35195202558, DrawStart=35195355474, FrameDeadline=35227961427, FrameInterval=35195187058, FrameStartTime=16666666, SyncQueued=35195513933, SyncStart=35195753849, IssueDrawCommandsStart=35196539974, SwapBuffers=35203699058, FrameCompleted=9223372036854775807, DequeueBufferDuration=43000, QueueBufferDuration=1656917, GpuCompleted=9223372036854775807, SwapBuffersCompleted=35206927683, DisplayPresentTime=0,
05-29 10:20:15.382 476 521 W IorapForwardingService: No service published for: iorapd
05-29 10:20:15.624 1272 1565 I efs.base: wa upload succ, HttpResponse {succ=true, code=200, data='暂不支持该服务', extra={req_url=https://errlog.umeng.com/api/crashsdk/logcollect}}
05-29 10:20:15.971 476 811 I WifiService: releaseMulticastLock uid=10022
05-29 10:20:15.972 476 811 I WifiService: releaseMulticastLock uid=10022
05-29 10:20:15.993 1272 1272 D HiSight-SinkService: setDiscoverable true
05-29 10:20:15.994 1099 1439 D wenhc : getScreenInfo uri = content://com.dangbei.screencast.parts.info/screen_cast
05-29 10:20:15.995 1272 1272 D NearFieldManager: init.
05-29 10:20:15.995 1272 1272 D NearFieldManager: try check dmsdp
05-29 10:20:16.006 1272 1272 D NearFieldManager: package not exist
05-29 10:20:16.009 476 811 D CompatibilityChangeReporter: Compat change id reported: 135634846; UID 10022; state: DISABLED
05-29 10:20:16.009 476 540 D CompatibilityChangeReporter: Compat change id reported: 143937733; UID 10022; state: DISABLED
05-29 10:20:16.010 1272 1272 D NearFieldManager: bind nearfield service true
05-29 10:20:16.011 1272 1272 D NearFieldManager: registerCallback true
05-29 10:20:16.011 1272 1272 D HiSight-Discovery: set deviceInfo type:46
05-29 10:20:16.011 1272 1272 D HiSight-Discovery: startAdvertise 1
05-29 10:20:16.025 247 247 D Zygote : Forked child process 2344
05-29 10:20:16.026 476 540 I ActivityManager: app.processName = com.huawei.connection
05-29 10:20:16.026 476 540 I ActivityManager: Start proc 2344:com.huawei.connection/u0a22 for service {com.dangbei.screencast/com.huawei.connection.service.NearFieldManagerService}
05-29 10:20:16.032 2344 2344 I Zygote : seccomp disabled by setenforce 0
05-29 10:20:16.050 388 412 I adbd : jdwp connection from 2344
05-29 10:20:16.065 2344 2344 D CompatibilityChangeReporter: Compat change id reported: 171979766; UID 10022; state: DISABLED
05-29 10:20:16.072 2344 2344 D ApplicationLoaders: Returning zygote-cached class loader: /system/framework/android.test.base.jar
05-29 10:20:16.072 2344 2344 D ApplicationLoaders: Returning zygote-cached class loader: /system/framework/android.hidl.manager-V1.0-java.jar
05-29 10:20:16.072 2344 2344 D ApplicationLoaders: Returning zygote-cached class loader: /system/framework/android.hidl.base-V1.0-java.jar
05-29 10:20:16.088 1940 1940 I rainbow_flow: type=1400 audit(0.0:991): avc: denied { ioctl } for path="/dev/spidev1.0" dev="tmpfs" ino=2489 ioctlcmd=0x6b00 scontext=u:r:init:s0 tcontext=u:object_r:device:s0 tclass=chr_file permissive=1
05-29 10:20:16.106 2344 2344 V GraphicsEnvironment: ANGLE Developer option for 'com.dangbei.screencast' set to: 'default'
05-29 10:20:16.106 2344 2344 V GraphicsEnvironment: Neither updatable production driver nor prerelease driver is supported.
05-29 10:20:16.107 2344 2344 D NetworkSecurityConfig: Using Network Security Config from resource network_security_config debugBuild: false
05-29 10:20:16.109 2344 2344 D NetworkSecurityConfig: Using Network Security Config from resource network_security_config debugBuild: false
05-29 10:20:16.110 2344 2344 I MultiDex: VM with version 2.1.0 has multidex support
05-29 10:20:16.110 2344 2344 I MultiDex: Installing application
05-29 10:20:16.110 2344 2344 I MultiDex: VM has multidex support, MultiDex support library is disabled.
05-29 10:20:16.116 2344 2344 I SharedPreferenc: type=1400 audit(0.0:992): avc: denied { open } for path="/data/user/0/com.dangbei.screencast/shared_prefs/DEVICE_ID.xml" dev="mmcblk0p25" ino=2955 scontext=u:r:platform_app:s0:c512,c768 tcontext=u:object_r:app_data_file:s0:c512,c768 tclass=file permissive=1 app=com.dangbei.screencast
05-29 10:20:16.120 2344 2344 I Thread-3: type=1400 audit(0.0:993): avc: denied { lock } for path="/data/user/0/com.dangbei.screencast/files/.imprint" dev="mmcblk0p25" ino=2973 scontext=u:r:platform_app:s0:c512,c768 tcontext=u:object_r:app_data_file:s0:c512,c768 tclass=file permissive=1 app=com.dangbei.screencast
01-01 08:00:38.418 2344 2344 W audit : audit_lost=520 audit_rate_limit=5 audit_backlog_limit=64
01-01 08:00:38.418 2344 2344 E audit : rate limit exceeded
05-29 10:20:16.140 2344 2344 I awei.connection: type=1400 audit(0.0:994): avc: denied { search } for name="net" dev="sysfs" ino=10442 scontext=u:r:platform_app:s0:c512,c768 tcontext=u:object_r:sysfs_net:s0 tclass=dir permissive=1 app=com.dangbei.screencast
