05-29 17:11:32.577 1099 1351 I OpenGLRenderer: Davey! duration=9223371852528ms; Flags=0, FrameTimelineVsyncId=7613, IntendedVsync=184311724944, Vsync=184311724944, InputEventId=0, HandleInputStart=184321274087, AnimationStart=184321278628, PerformTraversalsStart=184321656087, DrawStart=184321812128, FrameDeadline=184345058276, FrameInterval=184321264837, FrameStartTime=16666666, SyncQueued=184321887420, SyncStart=184336645837, IssueDrawCommandsStart=184337969837, SwapBuffers=184346469212, FrameCompleted=9223372036854775807, DequeueBufferDuration=47708, QueueBufferDuration=2933083, GpuCompleted=9223372036854775807, SwapBuffersCompleted=184351336420, DisplayPresentTime=0,
05-29 17:11:32.592 1099 1351 I OpenGLRenderer: Davey! duration=9223371852514ms; Flags=0, FrameTimelineVsyncId=7615, IntendedVsync=184328392146, Vsync=184328392146, InputEventId=0, HandleInputStart=184338506378, AnimationStart=184338510920, PerformTraversalsStart=184339044962, DrawStart=184339313420, FrameDeadline=184361725478, FrameInterval=184338491420, FrameStartTime=16666666, SyncQueued=184339421087, SyncStart=184351715837, IssueDrawCommandsStart=184353137170, SwapBuffers=184359280337, FrameCompleted=9223372036854775807, DequeueBufferDuration=55166, QueueBufferDuration=7524791, GpuCompleted=9223372036854775807, SwapBuffersCompleted=184367888670, DisplayPresentTime=0,
05-29 17:11:33.094 1099 1351 I OpenGLRenderer: Davey! duration=9223371852018ms; Flags=0, FrameTimelineVsyncId=7673, IntendedVsync=184811290782, Vsync=184811290782, InputEventId=0, HandleInputStart=184813574253, AnimationStart=184813583295, PerformTraversalsStart=184815369878, DrawStart=184818100920, FrameDeadline=184844624114, FrameInterval=184813559045, FrameStartTime=16666666, SyncQueued=184818457628, SyncStart=184843604128, IssueDrawCommandsStart=184847233587, SwapBuffers=184858095712, FrameCompleted=9223372036854775807, DequeueBufferDuration=72542, QueueBufferDuration=1678084, GpuCompleted=9223372036854775807, SwapBuffersCompleted=184870471378, DisplayPresentTime=0,
05-29 17:11:33.174 476 521 W IorapForwardingService: No service published for: iorapd
05-29 17:11:33.802 664 664 E WifiHAL : wifi_get_link_stats: requestResponse Error:-5
05-29 17:11:33.804 476 610 E WifiVendorHal: getWifiLinkLayerStats_1_5_Internal(l.1191) failed {.code = ERROR_INVALID_ARGS, .description = }
05-29 17:11:34.177 476 521 W IorapForwardingService: No service published for: iorapd
05-29 17:11:34.532 1128 1128 D aaa : LedStatusService onStartCommand begin
05-29 17:11:34.534 1128 3160 D aaa : topPkg is -------------- :com.dangbei.haqusetting
05-29 17:11:34.537 1186 1186 D bbb : onStartCommand begin !!!!!!! data分区剩余 24603MB
05-29 17:11:35.178 476 521 W IorapForwardingService: No service published for: iorapd
05-29 17:11:35.482 1099 1351 I OpenGLRenderer: Davey! duration=9223371849626ms; Flags=0, FrameTimelineVsyncId=7679, IntendedVsync=187227953200, Vsync=187227953200, InputEventId=0, HandleInputStart=187228643838, AnimationStart=187228649880, PerformTraversalsStart=187228933213, DrawStart=187229924255, FrameDeadline=187261286532, FrameInterval=187228631671, FrameStartTime=16666666, SyncQueued=187231492005, SyncStart=187231908588, IssueDrawCommandsStart=187233016963, SwapBuffers=187257780005, FrameCompleted=9223372036854775807, DequeueBufferDuration=58458, QueueBufferDuration=1781250, GpuCompleted=9223372036854775807, SwapBuffersCompleted=187260698838, DisplayPresentTime=0,
05-29 17:11:35.512 1099 1122 I OpenGLRenderer: Davey! duration=9223371849596ms; Flags=0, FrameTimelineVsyncId=7680, IntendedVsync=187244619866, Vsync=187244619866, InputEventId=0, HandleInputStart=187245502588, AnimationStart=187245509880, PerformTraversalsStart=187245866671, DrawStart=187246717255, FrameDeadline=187277953198, FrameInterval=187245489505, FrameStartTime=16666666, SyncQueued=187247268838, SyncStart=187260995796, IssueDrawCommandsStart=187263667671, SwapBuffers=187280789755, FrameCompleted=9223372036854775807, DequeueBufferDuration=68958, QueueBufferDuration=1702250, GpuCompleted=9223372036854775807, SwapBuffersCompleted=187283768171, DisplayPresentTime=0,
05-29 17:11:35.528 1099 1122 I OpenGLRenderer: Davey! duration=9223371849578ms; Flags=0, FrameTimelineVsyncId=7682, IntendedVsync=187261715757, Vsync=187261715757, InputEventId=0, HandleInputStart=187268166546, AnimationStart=187268173755, PerformTraversalsStart=187268946255, DrawStart=187269243213, FrameDeadline=187295049089, FrameInterval=187268147671, FrameStartTime=16666666, SyncQueued=187269379838, SyncStart=187284365963, IssueDrawCommandsStart=187286004380, SwapBuffers=187296391713, FrameCompleted=9223372036854775807, DequeueBufferDuration=62792, QueueBufferDuration=1818209, GpuCompleted=9223372036854775807, SwapBuffersCompleted=187300503588, DisplayPresentTime=0,
05-29 17:11:35.545 1099 1121 I OpenGLRenderer: Davey! duration=9223371849558ms; Flags=0, FrameTimelineVsyncId=7683, IntendedVsync=187278382423, Vsync=187278382423, InputEventId=0, HandleInputStart=187286480755, AnimationStart=187286485755, PerformTraversalsStart=187286955755, DrawStart=187287160921, FrameDeadline=187311715755, FrameInterval=187286471130, FrameStartTime=16666666, SyncQueued=187287256713, SyncStart=187304825838, IssueDrawCommandsStart=187305914088, SwapBuffers=187317540588, FrameCompleted=9223372036854775807, DequeueBufferDuration=68417, QueueBufferDuration=1146583, GpuCompleted=9223372036854775807, SwapBuffersCompleted=187319507213, DisplayPresentTime=0,
05-29 17:11:35.561 1099 1121 I OpenGLRenderer: Davey! duration=9223371849548ms; Flags=0, FrameTimelineVsyncId=7685, IntendedVsync=187295049089, Vsync=187295049089, InputEventId=0, HandleInputStart=187306848213, AnimationStart=187306854005, PerformTraversalsStart=187307256880, DrawStart=187307982463, FrameDeadline=187328382421, FrameInterval=187306835046, FrameStartTime=16666666, SyncQueued=187308695046, SyncStart=187319817921, IssueDrawCommandsStart=187321124338, SwapBuffers=187330293255, FrameCompleted=9223372036854775807, DequeueBufferDuration=31125, QueueBufferDuration=4147958, GpuCompleted=9223372036854775807, SwapBuffersCompleted=187335629005, DisplayPresentTime=0,
05-29 17:11:35.576 1099 1121 I OpenGLRenderer: Davey! duration=9223371849529ms; Flags=0, FrameTimelineVsyncId=7687, IntendedVsync=187311715755, Vsync=187311715755, InputEventId=0, HandleInputStart=187321578755, AnimationStart=187321582421, PerformTraversalsStart=187321939005, DrawStart=187322136130, FrameDeadline=187345049087, FrameInterval=187321570338, FrameStartTime=16666666, SyncQueued=187322234588, SyncStart=187336199463, IssueDrawCommandsStart=187337823880, SwapBuffers=187343846796, FrameCompleted=9223372036854775807, DequeueBufferDuration=83458, QueueBufferDuration=9114000, GpuCompleted=9223372036854775807, SwapBuffersCompleted=187353815671, DisplayPresentTime=0,
05-29 17:11:35.594 1099 1121 I OpenGLRenderer: Davey! duration=9223371849511ms; Flags=0, FrameTimelineVsyncId=7689, IntendedVsync=187328392162, Vsync=187328392162, InputEventId=0, HandleInputStart=187338440671, AnimationStart=187338445338, PerformTraversalsStart=187339007421, DrawStart=187339227630, FrameDeadline=187361725494, FrameInterval=187338430296, FrameStartTime=16666666, SyncQueued=187339315380, SyncStart=187354352505, IssueDrawCommandsStart=187355976630, SwapBuffers=187362353838, FrameCompleted=9223372036854775807, DequeueBufferDuration=55167, QueueBufferDuration=7093209, GpuCompleted=9223372036854775807, SwapBuffersCompleted=187370474463, DisplayPresentTime=0,
05-29 17:11:35.793 2878 2947 D nStackXCoAP: IsInSameNetwork:[276] :IsInSameNetwork exec
05-29 17:11:35.793 2878 2947 I nStackXDFinder: GetLocalInterfaceDetail:[461] :GetLocalInterfaceDetail in
05-29 17:11:35.793 2878 2947 E nStackXCoAP: IsInSameNetwork:[281] :IsInSameNetwork: not priority process
05-29 17:11:35.793 2878 2947 D nStackXCoAP: ParseServiceDiscover:[330] :new device join
05-29 17:11:35.794 2878 2947 I nStackXDFinder: NotifyDeviceListChanged:[540] :notify callback: device list changed callback is null
05-29 17:11:35.794 2878 2947 E nStackXDFinder: GetLocalIp:[401] :GetLocalIp exec
05-29 17:11:36.142 2878 2947 D nStackXCoAP: IsInSameNetwork:[276] :IsInSameNetwork exec
05-29 17:11:36.142 2878 2947 I nStackXDFinder: GetLocalInterfaceDetail:[461] :GetLocalInterfaceDetail in
05-29 17:11:36.142 2878 2947 E nStackXCoAP: IsInSameNetwork:[281] :IsInSameNetwork: not priority process
05-29 17:11:36.142 2878 2947 D nStackXCoAP: ParseServiceDiscover:[330] :new device join
05-29 17:11:36.142 2878 2947 E nStackXDFinder: GetLocalIp:[401] :GetLocalIp exec
05-29 17:11:36.145 2878 2947 D nStackXCoAP: IsInSameNetwork:[276] :IsInSameNetwork exec
05-29 17:11:36.145 2878 2947 I nStackXDFinder: GetLocalInterfaceDetail:[461] :GetLocalInterfaceDetail in
05-29 17:11:36.145 2878 2947 E nStackXCoAP: IsInSameNetwork:[281] :IsInSameNetwork: not priority process
05-29 17:11:36.145 2878 2947 D nStackXCoAP: ParseServiceDiscover:[330] :new device join
05-29 17:11:36.145 2878 2947 E nStackXDFinder: GetLocalIp:[401] :GetLocalIp exec
05-29 17:11:36.180 476 521 W IorapForwardingService: No service published for: iorapd
05-29 17:11:36.518 2878 2947 D nStackXCoAP: IsInSameNetwork:[276] :IsInSameNetwork exec
05-29 17:11:36.518 2878 2947 I nStackXDFinder: GetLocalInterfaceDetail:[461] :GetLocalInterfaceDetail in
05-29 17:11:36.518 2878 2947 E nStackXCoAP: IsInSameNetwork:[281] :IsInSameNetwork: not priority process
05-29 17:11:36.518 2878 2947 D nStackXCoAP: ParseServiceDiscover:[330] :new device join
05-29 17:11:36.518 2878 2947 E nStackXDFinder: GetLocalIp:[401] :GetLocalIp exec
05-29 17:11:36.520 2878 2947 D nStackXCoAP: IsInSameNetwork:[276] :IsInSameNetwork exec
05-29 17:11:36.520 2878 2947 I nStackXDFinder: GetLocalInterfaceDetail:[461] :GetLocalInterfaceDetail in
05-29 17:11:36.520 2878 2947 E nStackXCoAP: IsInSameNetwork:[281] :IsInSameNetwork: not priority process
05-29 17:11:36.520 2878 2947 D nStackXCoAP: ParseServiceDiscover:[330] :new device join
05-29 17:11:36.520 2878 2947 E nStackXDFinder: GetLocalIp:[401] :GetLocalIp exec
05-29 17:11:36.535 2878 2947 D nStackXCoAP: IsInSameNetwork:[276] :IsInSameNetwork exec
05-29 17:11:36.535 2878 2947 I nStackXDFinder: GetLocalInterfaceDetail:[461] :GetLocalInterfaceDetail in
05-29 17:11:36.535 2878 2947 E nStackXCoAP: IsInSameNetwork:[281] :IsInSameNetwork: not priority process
05-29 17:11:36.535 2878 2947 D nStackXCoAP: ParseServiceDiscover:[330] :new device join
05-29 17:11:36.535 2878 2947 E nStackXDFinder: GetLocalIp:[401] :GetLocalIp exec
05-29 17:11:36.716 2878 2947 D nStackXCoAP: IsInSameNetwork:[276] :IsInSameNetwork exec
05-29 17:11:36.716 2878 2947 I nStackXDFinder: GetLocalInterfaceDetail:[461] :GetLocalInterfaceDetail in
05-29 17:11:36.716 2878 2947 E nStackXCoAP: IsInSameNetwork:[281] :IsInSameNetwork: not priority process
05-29 17:11:36.716 2878 2947 D nStackXCoAP: ParseServiceDiscover:[330] :new device join
05-29 17:11:36.716 2878 2947 E nStackXDFinder: GetLocalIp:[401] :GetLocalIp exec
05-29 17:11:36.820 664 664 E WifiHAL : wifi_get_link_stats: requestResponse Error:-5
05-29 17:11:36.822 476 610 E WifiVendorHal: getWifiLinkLayerStats_1_5_Internal(l.1191) failed {.code = ERROR_INVALID_ARGS, .description = }
05-29 17:11:36.912 2878 2947 D nStackXCoAP: CoapMessageHandler:[133] :2.01
05-29 17:11:36.913 2878 2947 D nStackXCoAP: CoapMessageHandler:[133] :2.01
05-29 17:11:36.927 2878 2947 D nStackXCoAP: IsInSameNetwork:[276] :IsInSameNetwork exec
05-29 17:11:36.927 2878 2947 I nStackXDFinder: GetLocalInterfaceDetail:[461] :GetLocalInterfaceDetail in
05-29 17:11:36.927 2878 2947 E nStackXCoAP: IsInSameNetwork:[281] :IsInSameNetwork: not priority process
05-29 17:11:36.927 2878 2947 D nStackXCoAP: ParseServiceDiscover:[330] :new device join
05-29 17:11:36.927 2878 2947 E nStackXDFinder: GetLocalIp:[401] :GetLocalIp exec
05-29 17:11:36.929 2878 2947 D nStackXCoAP: IsInSameNetwork:[276] :IsInSameNetwork exec
05-29 17:11:36.929 2878 2947 I nStackXDFinder: GetLocalInterfaceDetail:[461] :GetLocalInterfaceDetail in
05-29 17:11:36.929 2878 2947 E nStackXCoAP: IsInSameNetwork:[281] :IsInSameNetwork: not priority process
05-29 17:11:36.929 2878 2947 D nStackXCoAP: ParseServiceDiscover:[330] :new device join
05-29 17:11:36.929 2878 2947 E nStackXDFinder: GetLocalIp:[401] :GetLocalIp exec
05-29 17:11:36.933 2878 2947 D nStackXCoAP: CoapMessageHandler:[133] :2.01
05-29 17:11:36.934 2878 2947 D nStackXCoAP: CoapMessageHandler:[133] :2.01
05-29 17:11:36.935 2878 2947 D nStackXCoAP: CoapMessageHandler:[133] :2.01
05-29 17:11:36.935 2878 2947 D nStackXCoAP: CoapMessageHandler:[133] :2.01
05-29 17:11:36.935 2878 2947 D nStackXCoAP: CoapMessageHandler:[133] :2.01
05-29 17:11:36.935 2878 2947 D nStackXCoAP: CoapMessageHandler:[133] :2.01
05-29 17:11:36.941 2878 2947 D nStackXCoAP: CoapMessageHandler:[133] :2.01
05-29 17:11:37.183 476 521 W IorapForwardingService: No service published for: iorapd
05-29 17:11:37.467 2878 2947 D nStackXCoAP: IsInSameNetwork:[276] :IsInSameNetwork exec
05-29 17:11:37.467 2878 2947 I nStackXDFinder: GetLocalInterfaceDetail:[461] :GetLocalInterfaceDetail in
05-29 17:11:37.467 2878 2947 E nStackXCoAP: IsInSameNetwork:[281] :IsInSameNetwork: not priority process
05-29 17:11:37.467 2878 2947 D nStackXCoAP: ParseServiceDiscover:[330] :new device join
05-29 17:11:37.467 2878 2947 E nStackXDFinder: GetLocalIp:[401] :GetLocalIp exec
05-29 17:11:37.470 2878 2947 D nStackXCoAP: IsInSameNetwork:[276] :IsInSameNetwork exec
05-29 17:11:37.470 2878 2947 I nStackXDFinder: GetLocalInterfaceDetail:[461] :GetLocalInterfaceDetail in
05-29 17:11:37.470 2878 2947 E nStackXCoAP: IsInSameNetwork:[281] :IsInSameNetwork: not priority process
05-29 17:11:37.470 2878 2947 D nStackXCoAP: ParseServiceDiscover:[330] :new device join
05-29 17:11:37.471 2878 2947 E nStackXDFinder: GetLocalIp:[401] :GetLocalIp exec
05-29 17:11:37.579 2878 2947 D nStackXCoAP: IsInSameNetwork:[276] :IsInSameNetwork exec
05-29 17:11:37.579 2878 2947 I nStackXDFinder: GetLocalInterfaceDetail:[461] :GetLocalInterfaceDetail in
05-29 17:11:37.579 2878 2947 E nStackXCoAP: IsInSameNetwork:[281] :IsInSameNetwork: not priority process
05-29 17:11:37.580 2878 2947 D nStackXCoAP: ParseServiceDiscover:[330] :new device join
05-29 17:11:37.580 2878 2947 E nStackXDFinder: GetLocalIp:[401] :GetLocalIp exec
05-29 17:11:37.610 2878 2947 D nStackXCoAP: IsInSameNetwork:[276] :IsInSameNetwork exec
05-29 17:11:37.610 2878 2947 I nStackXDFinder: GetLocalInterfaceDetail:[461] :GetLocalInterfaceDetail in
05-29 17:11:37.610 2878 2947 E nStackXCoAP: IsInSameNetwork:[281] :IsInSameNetwork: not priority process
05-29 17:11:37.610 2878 2947 D nStackXCoAP: ParseServiceDiscover:[330] :new device join
05-29 17:11:37.610 2878 2947 E nStackXDFinder: GetLocalIp:[401] :GetLocalIp exec
05-29 17:11:37.681 2878 2947 D nStackXCoAP: IsInSameNetwork:[276] :IsInSameNetwork exec
05-29 17:11:37.681 2878 2947 I nStackXDFinder: GetLocalInterfaceDetail:[461] :GetLocalInterfaceDetail in
05-29 17:11:37.681 2878 2947 E nStackXCoAP: IsInSameNetwork:[281] :IsInSameNetwork: not priority process
05-29 17:11:37.681 2878 2947 D nStackXCoAP: ParseServiceDiscover:[330] :new device join
05-29 17:11:37.682 2878 2947 E nStackXDFinder: GetLocalIp:[401] :GetLocalIp exec
05-29 17:11:37.697 2878 2947 D nStackXCoAP: CoapMessageHandler:[133] :2.01
05-29 17:11:37.697 2878 2947 D nStackXCoAP: CoapMessageHandler:[133] :2.01
05-29 17:11:37.710 2878 2947 D nStackXCoAP: CoapMessageHandler:[133] :2.01
05-29 17:11:37.821 2878 2947 D nStackXCoAP: CoapMessageHandler:[133] :2.01
05-29 17:11:37.849 2878 2947 D nStackXCoAP: IsInSameNetwork:[276] :IsInSameNetwork exec
05-29 17:11:37.849 2878 2947 I nStackXDFinder: GetLocalInterfaceDetail:[461] :GetLocalInterfaceDetail in
05-29 17:11:37.849 2878 2947 E nStackXCoAP: IsInSameNetwork:[281] :IsInSameNetwork: not priority process
05-29 17:11:37.849 2878 2947 D nStackXCoAP: ParseServiceDiscover:[330] :new device join
05-29 17:11:37.850 2878 2947 E nStackXDFinder: GetLocalIp:[401] :GetLocalIp exec
05-29 17:11:37.872 2878 2947 D nStackXCoAP: CoapMessageHandler:[133] :2.01
05-29 17:11:37.948 2878 2947 D nStackXCoAP: IsInSameNetwork:[276] :IsInSameNetwork exec
05-29 17:11:37.948 2878 2947 I nStackXDFinder: GetLocalInterfaceDetail:[461] :GetLocalInterfaceDetail in
05-29 17:11:37.949 2878 2947 E nStackXCoAP: IsInSameNetwork:[281] :IsInSameNetwork: not priority process
05-29 17:11:37.949 2878 2947 D nStackXCoAP: ParseServiceDiscover:[330] :new device join
05-29 17:11:37.949 2878 2947 E nStackXDFinder: GetLocalIp:[401] :GetLocalIp exec
05-29 17:11:37.984 265 291 D hdmi-cec: receive invalid cec message!
05-29 17:11:37.984 265 291 D hdmi-cec: receive poll message [04], skip!
05-29 17:11:38.034 2878 2947 D nStackXCoAP: CoapMessageHandler:[133] :2.01
05-29 17:11:38.186 476 521 W IorapForwardingService: No service published for: iorapd
05-29 17:11:38.248 2878 2947 D nStackXCoAP: IsInSameNetwork:[276] :IsInSameNetwork exec
05-29 17:11:38.248 2878 2947 I nStackXDFinder: GetLocalInterfaceDetail:[461] :GetLocalInterfaceDetail in
05-29 17:11:38.248 2878 2947 E nStackXCoAP: IsInSameNetwork:[281] :IsInSameNetwork: not priority process
05-29 17:11:38.248 2878 2947 D nStackXCoAP: ParseServiceDiscover:[330] :new device join
05-29 17:11:38.248 2878 2947 E nStackXDFinder: GetLocalIp:[401] :GetLocalIp exec
05-29 17:11:38.407 2878 2947 D nStackXCoAP: IsInSameNetwork:[276] :IsInSameNetwork exec
05-29 17:11:38.407 2878 2947 I nStackXDFinder: GetLocalInterfaceDetail:[461] :GetLocalInterfaceDetail in
05-29 17:11:38.407 2878 2947 E nStackXCoAP: IsInSameNetwork:[281] :IsInSameNetwork: not priority process
05-29 17:11:38.407 2878 2947 D nStackXCoAP: ParseServiceDiscover:[330] :new device join
05-29 17:11:38.407 2878 2947 E nStackXDFinder: GetLocalIp:[401] :GetLocalIp exec
05-29 17:11:38.409 2878 2947 D nStackXCoAP: CoapMessageHandler:[133] :2.01
05-29 17:11:38.481 1099 1121 I OpenGLRenderer: Davey! duration=9223371846626ms; Flags=0, FrameTimelineVsyncId=7755, IntendedVsync=190227949994, Vsync=190227949994, InputEventId=0, HandleInputStart=190228617298, AnimationStart=190228622631, PerformTraversalsStart=190228845964, DrawStart=190229642798, FrameDeadline=190244616660, FrameInterval=190228605714, FrameStartTime=16666666, SyncQueued=190231029173, SyncStart=190231508756, IssueDrawCommandsStart=190232708006, SwapBuffers=190242670006, FrameCompleted=9223372036854775807, DequeueBufferDuration=67666, QueueBufferDuration=3465416, GpuCompleted=9223372036854775807, SwapBuffersCompleted=190248776214, DisplayPresentTime=0,
05-29 17:11:38.496 1099 1351 I OpenGLRenderer: Davey! duration=9223371846609ms; Flags=0, FrameTimelineVsyncId=7756, IntendedVsync=190244616660, Vsync=190244616660, InputEventId=0, HandleInputStart=190246562214, AnimationStart=190246571964, PerformTraversalsStart=190247203756, DrawStart=190248361256, FrameDeadline=190277949992, FrameInterval=190246535673, FrameStartTime=16666666, SyncQueued=190249111381, SyncStart=190249525756, IssueDrawCommandsStart=190251973464, SwapBuffers=190264952464, FrameCompleted=9223372036854775807, DequeueBufferDuration=66209, QueueBufferDuration=3104958, GpuCompleted=9223372036854775807, SwapBuffersCompleted=190269196714, DisplayPresentTime=0,
05-29 17:11:38.512 1099 1351 I OpenGLRenderer: Davey! duration=9223371846586ms; Flags=0, FrameTimelineVsyncId=7758, IntendedVsync=190261715842, Vsync=190261715842, InputEventId=0, HandleInputStart=190262679381, AnimationStart=190262687839, PerformTraversalsStart=190263232756, DrawStart=190264095173, FrameDeadline=190295049174, FrameInterval=190262657923, FrameStartTime=16666666, SyncQueued=190264231423, SyncStart=190270328881, IssueDrawCommandsStart=190271710298, SwapBuffers=190281264923, FrameCompleted=9223372036854775807, DequeueBufferDuration=65125, QueueBufferDuration=2196875, GpuCompleted=9223372036854775807, SwapBuffersCompleted=190284786881, DisplayPresentTime=0,
05-29 17:11:38.528 1099 1121 I OpenGLRenderer: Davey! duration=9223371846573ms; Flags=0, FrameTimelineVsyncId=7760, IntendedVsync=190278382508, Vsync=190278382508, InputEventId=0, HandleInputStart=190280389589, AnimationStart=190280400089, PerformTraversalsStart=190282477214, DrawStart=190282892173, FrameDeadline=190311715840, FrameInterval=190280374798, FrameStartTime=16666666, SyncQueued=190283052881, SyncStart=190285874631, IssueDrawCommandsStart=190287814339, SwapBuffers=190299374048, FrameCompleted=9223372036854775807, DequeueBufferDuration=268291, QueueBufferDuration=1177292, GpuCompleted=9223372036854775807, SwapBuffersCompleted=190302472589, DisplayPresentTime=0,
05-29 17:11:38.545 1099 1122 I OpenGLRenderer: Davey! duration=9223371846552ms; Flags=0, FrameTimelineVsyncId=7762, IntendedVsync=190295049174, Vsync=190295049174, InputEventId=0, HandleInputStart=190295980464, AnimationStart=190295988048, PerformTraversalsStart=190297036214, DrawStart=190298971048, FrameDeadline=190328382506, FrameInterval=190295960131, FrameStartTime=16666666, SyncQueued=190299912464, SyncStart=190307565589, IssueDrawCommandsStart=190309179298, SwapBuffers=190322586048, FrameCompleted=9223372036854775807, DequeueBufferDuration=69917, QueueBufferDuration=1707834, GpuCompleted=9223372036854775807, SwapBuffersCompleted=190325145548, DisplayPresentTime=0,
05-29 17:11:38.548 2878 2947 D nStackXCoAP: CoapMessageHandler:[133] :2.01
05-29 17:11:38.559 2878 2947 D nStackXCoAP: IsInSameNetwork:[276] :IsInSameNetwork exec
05-29 17:11:38.560 2878 2947 I nStackXDFinder: GetLocalInterfaceDetail:[461] :GetLocalInterfaceDetail in
05-29 17:11:38.560 2878 2947 E nStackXCoAP: IsInSameNetwork:[281] :IsInSameNetwork: not priority process
05-29 17:11:38.560 2878 2947 D nStackXCoAP: ParseServiceDiscover:[330] :new device join
05-29 17:11:38.560 2878 2947 E nStackXDFinder: GetLocalIp:[401] :GetLocalIp exec
05-29 17:11:38.562 1099 1121 I OpenGLRenderer: Davey! duration=9223371846531ms; Flags=0, FrameTimelineVsyncId=7764, IntendedVsync=190311715840, Vsync=190311715840, InputEventId=0, HandleInputStart=190313003839, AnimationStart=190313011923, PerformTraversalsStart=190313538173, DrawStart=190313835964, FrameDeadline=190345049172, FrameInterval=190312982006, FrameStartTime=16666666, SyncQueued=190313959173, SyncStart=190325588131, IssueDrawCommandsStart=190326888881, SwapBuffers=190336882464, FrameCompleted=9223372036854775807, DequeueBufferDuration=44167, QueueBufferDuration=2216250, GpuCompleted=9223372036854775807, SwapBuffersCompleted=190340196256, DisplayPresentTime=0,
05-29 17:11:38.577 1099 1121 I OpenGLRenderer: Davey! duration=9223371846515ms; Flags=0, FrameTimelineVsyncId=7766, IntendedVsync=190328382139, Vsync=190328382139, InputEventId=0, HandleInputStart=190329136048, AnimationStart=190329141548, PerformTraversalsStart=190329577006, DrawStart=190329822298, FrameDeadline=190361715471, FrameInterval=190329124298, FrameStartTime=16666666, SyncQueued=190329941381, SyncStart=190340530464, IssueDrawCommandsStart=190341839756, SwapBuffers=190348520131, FrameCompleted=9223372036854775807, DequeueBufferDuration=49125, QueueBufferDuration=6997166, GpuCompleted=9223372036854775807, SwapBuffersCompleted=190357009339, DisplayPresentTime=0,
05-29 17:11:38.603 2878 2947 D nStackXCoAP: CoapMessageHandler:[133] :2.01
05-29 17:11:38.664 2121 2188 D UtilLog : 日志批量上报 进行正常循环 !!!!!!本次有0次请求,共0条数据
05-29 17:11:38.687 2878 2947 D nStackXCoAP: IsInSameNetwork:[276] :IsInSameNetwork exec
05-29 17:11:38.687 2878 2947 I nStackXDFinder: GetLocalInterfaceDetail:[461] :GetLocalInterfaceDetail in
05-29 17:11:38.687 2878 2947 E nStackXCoAP: IsInSameNetwork:[281] :IsInSameNetwork: not priority process
05-29 17:11:38.687 2878 2947 D nStackXCoAP: ParseServiceDiscover:[330] :new device join
05-29 17:11:38.688 2878 2947 E nStackXDFinder: GetLocalIp:[401] :GetLocalIp exec
05-29 17:11:38.778 2878 2947 D nStackXCoAP: IsInSameNetwork:[276] :IsInSameNetwork exec
05-29 17:11:38.778 2878 2947 I nStackXDFinder: GetLocalInterfaceDetail:[461] :GetLocalInterfaceDetail in
05-29 17:11:38.778 2878 2947 E nStackXCoAP: IsInSameNetwork:[281] :IsInSameNetwork: not priority process
05-29 17:11:38.778 2878 2947 D nStackXCoAP: ParseServiceDiscover:[330] :new device join
05-29 17:11:38.778 2878 2947 E nStackXDFinder: GetLocalIp:[401] :GetLocalIp exec
05-29 17:11:38.821 2878 2947 D nStackXCoAP: CoapMessageHandler:[133] :2.01
05-29 17:11:38.964 2878 2947 D nStackXCoAP: IsInSameNetwork:[276] :IsInSameNetwork exec
05-29 17:11:38.964 2878 2947 I nStackXDFinder: GetLocalInterfaceDetail:[461] :GetLocalInterfaceDetail in
05-29 17:11:38.964 2878 2947 E nStackXCoAP: IsInSameNetwork:[281] :IsInSameNetwork: not priority process
05-29 17:11:38.964 2878 2947 D nStackXCoAP: ParseServiceDiscover:[330] :new device join
05-29 17:11:38.965 2878 2947 E nStackXDFinder: GetLocalIp:[401] :GetLocalIp exec
05-29 17:11:39.063 2878 2947 D nStackXCoAP: CoapMessageHandler:[133] :2.01
05-29 17:11:39.077 1099 1122 I OpenGLRenderer: Davey! duration=9223371846026ms; Flags=0, FrameTimelineVsyncId=7826, IntendedVsync=190827951801, Vsync=190827951801, InputEventId=0, HandleInputStart=190829767965, AnimationStart=190829778798, PerformTraversalsStart=190831630090, DrawStart=190832230673, FrameDeadline=190861285133, FrameInterval=190829747340, FrameStartTime=16666666, SyncQueued=190832583048, SyncStart=190832832881, IssueDrawCommandsStart=190833879173, SwapBuffers=190840274256, FrameCompleted=9223372036854775807, DequeueBufferDuration=38542, QueueBufferDuration=1194667, GpuCompleted=9223372036854775807, SwapBuffersCompleted=190850347340, DisplayPresentTime=0,
05-29 17:11:39.106 2878 2947 D nStackXCoAP: IsInSameNetwork:[276] :IsInSameNetwork exec
05-29 17:11:39.106 2878 2947 I nStackXDFinder: GetLocalInterfaceDetail:[461] :GetLocalInterfaceDetail in
05-29 17:11:39.106 2878 2947 E nStackXCoAP: IsInSameNetwork:[281] :IsInSameNetwork: not priority process
05-29 17:11:39.106 2878 2947 D nStackXCoAP: ParseServiceDiscover:[330] :new device join
05-29 17:11:39.107 2878 2947 E nStackXDFinder: GetLocalIp:[401] :GetLocalIp exec
05-29 17:11:39.188 476 521 W IorapForwardingService: No service published for: iorapd
05-29 17:11:39.212 2878 2947 D nStackXCoAP: IsInSameNetwork:[276] :IsInSameNetwork exec
05-29 17:11:39.212 2878 2947 I nStackXDFinder: GetLocalInterfaceDetail:[461] :GetLocalInterfaceDetail in
05-29 17:11:39.212 2878 2947 E nStackXCoAP: IsInSameNetwork:[281] :IsInSameNetwork: not priority process
05-29 17:11:39.212 2878 2947 D nStackXCoAP: ParseServiceDiscover:[330] :new device join
05-29 17:11:39.212 2878 2947 E nStackXDFinder: GetLocalIp:[401] :GetLocalIp exec
05-29 17:11:39.251 2878 2947 D nStackXCoAP: CoapMessageHandler:[133] :2.01
05-29 17:11:39.380 2878 2947 D nStackXCoAP: IsInSameNetwork:[276] :IsInSameNetwork exec
05-29 17:11:39.380 2878 2947 I nStackXDFinder: GetLocalInterfaceDetail:[461] :GetLocalInterfaceDetail in
05-29 17:11:39.380 2878 2947 E nStackXCoAP: IsInSameNetwork:[281] :IsInSameNetwork: not priority process
05-29 17:11:39.380 2878 2947 D nStackXCoAP: ParseServiceDiscover:[330] :new device join
05-29 17:11:39.380 2878 2947 E nStackXDFinder: GetLocalIp:[401] :GetLocalIp exec
05-29 17:11:39.477 2878 2947 D nStackXCoAP: IsInSameNetwork:[276] :IsInSameNetwork exec
05-29 17:11:39.477 2878 2947 I nStackXDFinder: GetLocalInterfaceDetail:[461] :GetLocalInterfaceDetail in
05-29 17:11:39.477 2878 2947 E nStackXCoAP: IsInSameNetwork:[281] :IsInSameNetwork: not priority process
05-29 17:11:39.477 2878 2947 D nStackXCoAP: ParseServiceDiscover:[330] :new device join
05-29 17:11:39.477 2878 2947 E nStackXDFinder: GetLocalIp:[401] :GetLocalIp exec
05-29 17:11:39.598 2878 2947 D nStackXCoAP: CoapMessageHandler:[133] :2.01
05-29 17:11:39.599 2878 2947 D nStackXCoAP: CoapMessageHandler:[133] :2.01
05-29 17:11:39.681 2878 2947 D nStackXCoAP: IsInSameNetwork:[276] :IsInSameNetwork exec
05-29 17:11:39.681 2878 2947 I nStackXDFinder: GetLocalInterfaceDetail:[461] :GetLocalInterfaceDetail in
05-29 17:11:39.681 2878 2947 E nStackXCoAP: IsInSameNetwork:[281] :IsInSameNetwork: not priority process
05-29 17:11:39.681 2878 2947 D nStackXCoAP: ParseServiceDiscover:[330] :new device join
05-29 17:11:39.682 2878 2947 E nStackXDFinder: GetLocalIp:[401] :GetLocalIp exec
05-29 17:11:39.718 2878 2947 D nStackXCoAP: CoapMessageHandler:[133] :2.01
05-29 17:11:39.798 2878 2947 D nStackXCoAP: IsInSameNetwork:[276] :IsInSameNetwork exec
05-29 17:11:39.798 2878 2947 I nStackXDFinder: GetLocalInterfaceDetail:[461] :GetLocalInterfaceDetail in
05-29 17:11:39.798 2878 2947 E nStackXCoAP: IsInSameNetwork:[281] :IsInSameNetwork: not priority process
05-29 17:11:39.798 2878 2947 D nStackXCoAP: ParseServiceDiscover:[330] :new device join
05-29 17:11:39.798 2878 2947 E nStackXDFinder: GetLocalIp:[401] :GetLocalIp exec
05-29 17:11:39.828 2878 2947 D nStackXCoAP: CoapMessageHandler:[133] :2.01
05-29 17:11:39.834 664 664 E WifiHAL : wifi_get_link_stats: requestResponse Error:-5
05-29 17:11:39.836 476 610 E WifiVendorHal: getWifiLinkLayerStats_1_5_Internal(l.1191) failed {.code = ERROR_INVALID_ARGS, .description = }
05-29 17:11:39.913 2878 2947 D nStackXCoAP: IsInSameNetwork:[276] :IsInSameNetwork exec
05-29 17:11:39.913 2878 2947 I nStackXDFinder: GetLocalInterfaceDetail:[461] :GetLocalInterfaceDetail in
05-29 17:11:39.913 2878 2947 E nStackXCoAP: IsInSameNetwork:[281] :IsInSameNetwork: not priority process
05-29 17:11:39.913 2878 2947 D nStackXCoAP: ParseServiceDiscover:[330] :new device join
05-29 17:11:39.913 2878 2947 E nStackXDFinder: GetLocalIp:[401] :GetLocalIp exec
05-29 17:11:39.955 2878 2947 D nStackXCoAP: CoapMessageHandler:[133] :2.01
05-29 17:11:40.092 2878 2947 D nStackXCoAP: IsInSameNetwork:[276] :IsInSameNetwork exec
05-29 17:11:40.092 2878 2947 I nStackXDFinder: GetLocalInterfaceDetail:[461] :GetLocalInterfaceDetail in
05-29 17:11:40.092 2878 2947 E nStackXCoAP: IsInSameNetwork:[281] :IsInSameNetwork: not priority process
05-29 17:11:40.092 2878 2947 D nStackXCoAP: ParseServiceDiscover:[330] :new device join
05-29 17:11:40.092 2878 2947 E nStackXDFinder: GetLocalIp:[401] :GetLocalIp exec
05-29 17:11:40.108 2878 2947 D nStackXCoAP: CoapMessageHandler:[133] :2.01
05-29 17:11:40.191 476 521 W IorapForwardingService: No service published for: iorapd
05-29 17:11:40.343 2878 2947 D nStackXCoAP: IsInSameNetwork:[276] :IsInSameNetwork exec
05-29 17:11:40.343 2878 2947 I nStackXDFinder: GetLocalInterfaceDetail:[461] :GetLocalInterfaceDetail in
05-29 17:11:40.343 2878 2947 E nStackXCoAP: IsInSameNetwork:[281] :IsInSameNetwork: not priority process
05-29 17:11:40.343 2878 2947 D nStackXCoAP: ParseServiceDiscover:[330] :new device join
05-29 17:11:40.343 2878 2947 E nStackXDFinder: GetLocalIp:[401] :GetLocalIp exec
05-29 17:11:40.450 2878 2947 D nStackXCoAP: CoapMessageHandler:[133] :2.01
05-29 17:11:40.508 2878 2947 D nStackXCoAP: IsInSameNetwork:[276] :IsInSameNetwork exec
05-29 17:11:40.508 2878 2947 I nStackXDFinder: GetLocalInterfaceDetail:[461] :GetLocalInterfaceDetail in
05-29 17:11:40.508 2878 2947 E nStackXCoAP: IsInSameNetwork:[281] :IsInSameNetwork: not priority process
05-29 17:11:40.508 2878 2947 D nStackXCoAP: ParseServiceDiscover:[330] :new device join
05-29 17:11:40.509 2878 2947 E nStackXDFinder: GetLocalIp:[401] :GetLocalIp exec
05-29 17:11:40.543 2878 2947 D nStackXCoAP: CoapMessageHandler:[133] :2.01
05-29 17:11:40.740 2878 2947 D nStackXCoAP: IsInSameNetwork:[276] :IsInSameNetwork exec
05-29 17:11:40.740 2878 2947 I nStackXDFinder: GetLocalInterfaceDetail:[461] :GetLocalInterfaceDetail in
05-29 17:11:40.740 2878 2947 E nStackXCoAP: IsInSameNetwork:[281] :IsInSameNetwork: not priority process
05-29 17:11:40.740 2878 2947 D nStackXCoAP: ParseServiceDiscover:[330] :new device join
05-29 17:11:40.740 2878 2947 E nStackXDFinder: GetLocalIp:[401] :GetLocalIp exec
05-29 17:11:40.836 2878 2947 D nStackXCoAP: IsInSameNetwork:[276] :IsInSameNetwork exec
05-29 17:11:40.836 2878 2947 I nStackXDFinder: GetLocalInterfaceDetail:[461] :GetLocalInterfaceDetail in
05-29 17:11:40.836 2878 2947 E nStackXCoAP: IsInSameNetwork:[281] :IsInSameNetwork: not priority process
05-29 17:11:40.836 2878 2947 D nStackXCoAP: ParseServiceDiscover:[330] :new device join
05-29 17:11:40.836 2878 2947 E nStackXDFinder: GetLocalIp:[401] :GetLocalIp exec
05-29 17:11:40.879 2878 2947 D nStackXCoAP: CoapMessageHandler:[133] :2.01
05-29 17:11:40.892 2878 2947 D nStackXCoAP: CoapMessageHandler:[133] :2.01
05-29 17:11:41.194 476 521 W IorapForwardingService: No service published for: iorapd
05-29 17:11:41.405 2878 2947 D nStackXCoAP: CoapMessageHandler:[133] :2.01
05-29 17:11:41.481 1099 1351 I OpenGLRenderer: Davey! duration=9223371843626ms; Flags=0, FrameTimelineVsyncId=7831, IntendedVsync=193227946703, Vsync=193227946703, InputEventId=0, HandleInputStart=193228816466, AnimationStart=193228824257, PerformTraversalsStart=193229143382, DrawStart=193230065716, FrameDeadline=193261280035, FrameInterval=193228802966, FrameStartTime=16666666, SyncQueued=193231941466, SyncStart=193232513216, IssueDrawCommandsStart=193234035341, SwapBuffers=193249827382, FrameCompleted=9223372036854775807, DequeueBufferDuration=76417, QueueBufferDuration=2000417, GpuCompleted=9223372036854775807, SwapBuffersCompleted=193253017716, DisplayPresentTime=0,
05-29 17:11:41.497 1099 1351 I OpenGLRenderer: Davey! duration=9223371843604ms; Flags=0, FrameTimelineVsyncId=7832, IntendedVsync=193244613369, Vsync=193244613369, InputEventId=0, HandleInputStart=193245588132, AnimationStart=193245593466, PerformTraversalsStart=193246049882, DrawStart=193246813007, FrameDeadline=193277946701, FrameInterval=193245571924, FrameStartTime=16666666, SyncQueued=193247380674, SyncStart=193253408674, IssueDrawCommandsStart=193254967674, SwapBuffers=193268433133, FrameCompleted=9223372036854775807, DequeueBufferDuration=73750, QueueBufferDuration=1821625, GpuCompleted=9223372036854775807, SwapBuffersCompleted=193272504341, DisplayPresentTime=0,
05-29 17:11:41.512 1099 1122 I OpenGLRenderer: Davey! duration=9223371843584ms; Flags=0, FrameTimelineVsyncId=7834, IntendedVsync=193261715010, Vsync=193261715010, InputEventId=0, HandleInputStart=193262652383, AnimationStart=193262662424, PerformTraversalsStart=193263172799, DrawStart=193263450633, FrameDeadline=193295048342, FrameInterval=193262635883, FrameStartTime=16666666, SyncQueued=193263964633, SyncStart=193273016049, IssueDrawCommandsStart=193274572174, SwapBuffers=193282455799, FrameCompleted=9223372036854775807, DequeueBufferDuration=51583, QueueBufferDuration=3224125, GpuCompleted=9223372036854775807, SwapBuffersCompleted=193287276591, DisplayPresentTime=0,
05-29 17:11:41.528 1099 1122 I OpenGLRenderer: Davey! duration=9223371843568ms; Flags=0, FrameTimelineVsyncId=7836, IntendedVsync=193278381676, Vsync=193278381676, InputEventId=0, HandleInputStart=193279354174, AnimationStart=193279359008, PerformTraversalsStart=193280215758, DrawStart=193280499091, FrameDeadline=193311715008, FrameInterval=193279340799, FrameStartTime=16666666, SyncQueued=193280605591, SyncStart=193288285133, IssueDrawCommandsStart=193290061466, SwapBuffers=193300283049, FrameCompleted=9223372036854775807, DequeueBufferDuration=103333, QueueBufferDuration=2713833, GpuCompleted=9223372036854775807, SwapBuffersCompleted=193303995383, DisplayPresentTime=0,
05-29 17:11:41.562 1099 1122 I OpenGLRenderer: Davey! duration=9223371843532ms; Flags=0, FrameTimelineVsyncId=7840, IntendedVsync=193311715008, Vsync=193311715008, InputEventId=0, HandleInputStart=193312716716, AnimationStart=193312726883, PerformTraversalsStart=193313150383, DrawStart=193314107341, FrameDeadline=193345048340, FrameInterval=193312689383, FrameStartTime=16666666, SyncQueued=193315290091, SyncStart=193325557924, IssueDrawCommandsStart=193326693799, SwapBuffers=193339629466, FrameCompleted=9223372036854775807, DequeueBufferDuration=54083, QueueBufferDuration=1585958, GpuCompleted=9223372036854775807, SwapBuffersCompleted=193342398883, DisplayPresentTime=0,
05-29 17:11:41.577 1099 1122 I OpenGLRenderer: Davey! duration=9223371843513ms; Flags=0, FrameTimelineVsyncId=7842, IntendedVsync=193328390060, Vsync=193328390060, InputEventId=0, HandleInputStart=193329202674, AnimationStart=193329208716, PerformTraversalsStart=193329722716, DrawStart=193329924674, FrameDeadline=193361723392, FrameInterval=193329187924, FrameStartTime=16666666, SyncQueued=193330019591, SyncStart=193342742133, IssueDrawCommandsStart=193343769633, SwapBuffers=193355592299, FrameCompleted=9223372036854775807, DequeueBufferDuration=26583, QueueBufferDuration=2069083, GpuCompleted=9223372036854775807, SwapBuffersCompleted=193359126091, DisplayPresentTime=0,
05-29 17:11:41.593 1099 1122 I OpenGLRenderer: Davey! duration=9223371843498ms; Flags=0, FrameTimelineVsyncId=7844, IntendedVsync=193345057795, Vsync=193345057795, InputEventId=0, HandleInputStart=193345895758, AnimationStart=193345903091, PerformTraversalsStart=193347135133, DrawStart=193347432258, FrameDeadline=193378391127, FrameInterval=193345878716, FrameStartTime=16666666, SyncQueued=193348352091, SyncStart=193359600508, IssueDrawCommandsStart=193360695383, SwapBuffers=193368432008, FrameCompleted=9223372036854775807, DequeueBufferDuration=51541, QueueBufferDuration=4480000, GpuCompleted=9223372036854775807, SwapBuffersCompleted=193374162091, DisplayPresentTime=0,
05-29 17:11:42.076 1099 1121 I OpenGLRenderer: Davey! duration=9223371843023ms; Flags=0, FrameTimelineVsyncId=7902, IntendedVsync=193827949637, Vsync=193827949637, InputEventId=0, HandleInputStart=193829013508, AnimationStart=193829056466, PerformTraversalsStart=193829834424, DrawStart=193831733716, FrameDeadline=193861282969, FrameInterval=193828998758, FrameStartTime=16666666, SyncQueued=193832388966, SyncStart=193835332341, IssueDrawCommandsStart=193836568466, SwapBuffers=193843148883, FrameCompleted=9223372036854775807, DequeueBufferDuration=36708, QueueBufferDuration=1463875, GpuCompleted=9223372036854775807, SwapBuffersCompleted=193858179799, DisplayPresentTime=0,
05-29 17:11:42.196 476 521 W IorapForwardingService: No service published for: iorapd
05-29 17:11:42.578 1128 1128 D aaa : LedStatusService onStartCommand begin
05-29 17:11:42.581 1186 1186 D bbb : onStartCommand begin !!!!!!! data分区剩余 24603MB
05-29 17:11:42.582 1128 3172 D aaa : topPkg is -------------- :com.dangbei.haqusetting
05-29 17:11:42.845 664 664 E WifiHAL : wifi_get_link_stats: requestResponse Error:-5
05-29 17:11:42.847 476 610 E WifiVendorHal: getWifiLinkLayerStats_1_5_Internal(l.1191) failed {.code = ERROR_INVALID_ARGS, .description = }
05-29 17:11:42.945 2746 2755 I gbei.screencas: Background concurrent copying GC freed 57234(6276KB) AllocSpace objects, 0(0B) LOS objects, 49% free, 6108KB/11MB, paused 250us total 162.316ms
05-29 17:11:43.197 476 521 W IorapForwardingService: No service published for: iorapd
05-29 17:11:44.200 476 521 W IorapForwardingService: No service published for: iorapd
05-29 17:11:44.497 1099 1122 I OpenGLRenderer: Davey! duration=9223371840609ms; Flags=0, FrameTimelineVsyncId=7907, IntendedVsync=196244617162, Vsync=196244617162, InputEventId=0, HandleInputStart=196245331092, AnimationStart=196245336301, PerformTraversalsStart=196245556967, DrawStart=196246309467, FrameDeadline=196277950494, FrameInterval=196245320509, FrameStartTime=16666666, SyncQueued=196247584801, SyncStart=196248035967, IssueDrawCommandsStart=196249224967, SwapBuffers=196266053259, FrameCompleted=9223372036854775807, DequeueBufferDuration=55083, QueueBufferDuration=2522083, GpuCompleted=9223372036854775807, SwapBuffersCompleted=196270105634, DisplayPresentTime=0,
05-29 17:11:44.529 1099 1121 I OpenGLRenderer: Davey! duration=9223371840587ms; Flags=0, FrameTimelineVsyncId=7908, IntendedVsync=196261283828, Vsync=196261283828, InputEventId=0, HandleInputStart=196262318259, AnimationStart=196262325509, PerformTraversalsStart=196262801884, DrawStart=196263558134, FrameDeadline=196294617160, FrameInterval=196262306592, FrameStartTime=16666666, SyncQueued=196264227217, SyncStart=196270550967, IssueDrawCommandsStart=196272640509, SwapBuffers=196292591592, FrameCompleted=9223372036854775807, DequeueBufferDuration=57458, QueueBufferDuration=2040625, GpuCompleted=9223372036854775807, SwapBuffersCompleted=196303261801, DisplayPresentTime=0,
05-29 17:11:44.546 1099 1121 I OpenGLRenderer: Davey! duration=9223371840553ms; Flags=0, FrameTimelineVsyncId=7910, IntendedVsync=196278390193, Vsync=196278390193, InputEventId=0, HandleInputStart=196279480509, AnimationStart=196279491592, PerformTraversalsStart=196280282176, DrawStart=196280547842, FrameDeadline=196311723525, FrameInterval=196279463801, FrameStartTime=16666666, SyncQueued=196280652634, SyncStart=196303957467, IssueDrawCommandsStart=196305681217, SwapBuffers=196318715009, FrameCompleted=9223372036854775807, DequeueBufferDuration=67417, QueueBufferDuration=1622666, GpuCompleted=9223372036854775807, SwapBuffersCompleted=196322792676, DisplayPresentTime=0,
05-29 17:11:44.580 1099 1121 I OpenGLRenderer: Davey! duration=9223371840537ms; Flags=0, FrameTimelineVsyncId=7911, IntendedVsync=196295056859, Vsync=196295056859, InputEventId=0, HandleInputStart=196306344009, AnimationStart=196306348801, PerformTraversalsStart=196306935342, DrawStart=196307160509, FrameDeadline=196328390191, FrameInterval=196306329967, FrameStartTime=16666666, SyncQueued=196307275217, SyncStart=196328999884, IssueDrawCommandsStart=196330764467, SwapBuffers=196345989051, FrameCompleted=9223372036854775807, DequeueBufferDuration=133000, QueueBufferDuration=1508709, GpuCompleted=9223372036854775807, SwapBuffersCompleted=196348371259, DisplayPresentTime=0,
05-29 17:11:44.595 1099 1121 I OpenGLRenderer: Davey! duration=9223371840529ms; Flags=0, FrameTimelineVsyncId=7913, IntendedVsync=196311723525, Vsync=196328390191, InputEventId=0, HandleInputStart=196332328717, AnimationStart=196332336884, PerformTraversalsStart=196333048134, DrawStart=196333952259, FrameDeadline=196345056857, FrameInterval=196332303717, FrameStartTime=16666666, SyncQueued=196334751634, SyncStart=196348759551, IssueDrawCommandsStart=196349931092, SwapBuffers=196361825176, FrameCompleted=9223372036854775807, DequeueBufferDuration=44875, QueueBufferDuration=2313792, GpuCompleted=9223372036854775807, SwapBuffersCompleted=196365396801, DisplayPresentTime=0,
05-29 17:11:44.611 1099 1121 I OpenGLRenderer: Davey! duration=9223371840495ms; Flags=0, FrameTimelineVsyncId=7916, IntendedVsync=196345056354, Vsync=196345056354, InputEventId=0, HandleInputStart=196350434009, AnimationStart=196350436426, PerformTraversalsStart=196350879717, DrawStart=196351110467, FrameDeadline=196378389686, FrameInterval=196350426676, FrameStartTime=16666666, SyncQueued=196351233842, SyncStart=196365885801, IssueDrawCommandsStart=196367702676, SwapBuffers=196375710426, FrameCompleted=9223372036854775807, DequeueBufferDuration=452416, QueueBufferDuration=5419458, GpuCompleted=9223372036854775807, SwapBuffersCompleted=196382466092, DisplayPresentTime=0,
05-29 17:11:44.628 1099 1121 I OpenGLRenderer: Davey! duration=9223371840479ms; Flags=0, FrameTimelineVsyncId=7918, IntendedVsync=196361723551, Vsync=196361723551, InputEventId=0, HandleInputStart=196368422259, AnimationStart=196368426301, PerformTraversalsStart=196368817426, DrawStart=196369059217, FrameDeadline=196395056883, FrameInterval=196368414134, FrameStartTime=16666666, SyncQueued=196369170259, SyncStart=196383077759, IssueDrawCommandsStart=196385472092, SwapBuffers=196392298301, FrameCompleted=9223372036854775807, DequeueBufferDuration=72833, QueueBufferDuration=6450208, GpuCompleted=9223372036854775807, SwapBuffersCompleted=196400454676, DisplayPresentTime=0,
05-29 17:11:44.704 2878 2947 D nStackXCoAP: IsInSameNetwork:[276] :IsInSameNetwork exec
05-29 17:11:44.704 2878 2947 I nStackXDFinder: GetLocalInterfaceDetail:[461] :GetLocalInterfaceDetail in
05-29 17:11:44.704 2878 2947 E nStackXCoAP: IsInSameNetwork:[281] :IsInSameNetwork: not priority process
05-29 17:11:44.704 2878 2947 D nStackXCoAP: ParseServiceDiscover:[330] :new device join
05-29 17:11:44.704 2878 2947 I nStackXDFinder: NotifyDeviceListChanged:[540] :notify callback: device list changed callback is null
05-29 17:11:44.704 2878 2947 E nStackXDFinder: GetLocalIp:[401] :GetLocalIp exec
05-29 17:11:44.813 2878 2947 D nStackXCoAP: IsInSameNetwork:[276] :IsInSameNetwork exec
05-29 17:11:44.813 2878 2947 I nStackXDFinder: GetLocalInterfaceDetail:[461] :GetLocalInterfaceDetail in
05-29 17:11:44.813 2878 2947 E nStackXCoAP: IsInSameNetwork:[281] :IsInSameNetwork: not priority process
05-29 17:11:44.813 2878 2947 D nStackXCoAP: ParseServiceDiscover:[330] :new device join
05-29 17:11:44.814 2878 2947 E nStackXDFinder: GetLocalIp:[401] :GetLocalIp exec
05-29 17:11:44.920 2878 2947 D nStackXCoAP: IsInSameNetwork:[276] :IsInSameNetwork exec
05-29 17:11:44.920 2878 2947 I nStackXDFinder: GetLocalInterfaceDetail:[461] :GetLocalInterfaceDetail in
05-29 17:11:44.920 2878 2947 E nStackXCoAP: IsInSameNetwork:[281] :IsInSameNetwork: not priority process
05-29 17:11:44.920 2878 2947 D nStackXCoAP: ParseServiceDiscover:[330] :new device join
05-29 17:11:44.920 2878 2947 E nStackXDFinder: GetLocalIp:[401] :GetLocalIp exec
05-29 17:11:45.112 1099 1122 I OpenGLRenderer: Davey! duration=9223371839990ms; Flags=0, FrameTimelineVsyncId=7976, IntendedVsync=196844618058, Vsync=196844618058, InputEventId=0, HandleInputStart=196845563009, AnimationStart=196845571259, PerformTraversalsStart=196846626343, DrawStart=196847104843, FrameDeadline=196877951390, FrameInterval=196845545926, FrameStartTime=16666666, SyncQueued=196847440384, SyncStart=196866962801, IssueDrawCommandsStart=196868245843, SwapBuffers=196877532343, FrameCompleted=9223372036854775807, DequeueBufferDuration=53583, QueueBufferDuration=3264708, GpuCompleted=9223372036854775807, SwapBuffersCompleted=196884441301, DisplayPresentTime=0,
05-29 17:11:45.154 2878 2947 D nStackXCoAP: IsInSameNetwork:[276] :IsInSameNetwork exec
05-29 17:11:45.155 2878 2947 I nStackXDFinder: GetLocalInterfaceDetail:[461] :GetLocalInterfaceDetail in
05-29 17:11:45.155 2878 2947 E nStackXCoAP: IsInSameNetwork:[281] :IsInSameNetwork: not priority process
05-29 17:11:45.155 2878 2947 D nStackXCoAP: ParseServiceDiscover:[330] :new device join
05-29 17:11:45.155 2878 2947 E nStackXDFinder: GetLocalIp:[401] :GetLocalIp exec
05-29 17:11:45.202 476 521 W IorapForwardingService: No service published for: iorapd
05-29 17:11:45.653 2878 2947 D nStackXCoAP: IsInSameNetwork:[276] :IsInSameNetwork exec
05-29 17:11:45.653 2878 2947 I nStackXDFinder: GetLocalInterfaceDetail:[461] :GetLocalInterfaceDetail in
05-29 17:11:45.653 2878 2947 E nStackXCoAP: IsInSameNetwork:[281] :IsInSameNetwork: not priority process
05-29 17:11:45.653 2878 2947 D nStackXCoAP: ParseServiceDiscover:[330] :new device join
05-29 17:11:45.653 2878 2947 E nStackXDFinder: GetLocalIp:[401] :GetLocalIp exec
05-29 17:11:45.863 664 664 E WifiHAL : wifi_get_link_stats: requestResponse Error:-5
05-29 17:11:45.865 476 610 E WifiVendorHal: getWifiLinkLayerStats_1_5_Internal(l.1191) failed {.code = ERROR_INVALID_ARGS, .description = }
05-29 17:11:46.144 2878 2947 D nStackXCoAP: IsInSameNetwork:[276] :IsInSameNetwork exec
05-29 17:11:46.144 2878 2947 I nStackXDFinder: GetLocalInterfaceDetail:[461] :GetLocalInterfaceDetail in
05-29 17:11:46.144 2878 2947 E nStackXCoAP: IsInSameNetwork:[281] :IsInSameNetwork: not priority process
05-29 17:11:46.144 2878 2947 D nStackXCoAP: ParseServiceDiscover:[330] :new device join
05-29 17:11:46.144 2878 2947 E nStackXDFinder: GetLocalIp:[401] :GetLocalIp exec
05-29 17:11:46.204 476 521 W IorapForwardingService: No service published for: iorapd
05-29 17:11:46.536 669 959 W bt_btm : system/bt/main/bte_logmsg.cc:194 LogMsg: btm_sec_pairing_timeout not processed state: IDLE
05-29 17:11:46.648 2878 2947 D nStackXCoAP: IsInSameNetwork:[276] :IsInSameNetwork exec
05-29 17:11:46.648 2878 2947 I nStackXDFinder: GetLocalInterfaceDetail:[461] :GetLocalInterfaceDetail in
05-29 17:11:46.648 2878 2947 E nStackXCoAP: IsInSameNetwork:[281] :IsInSameNetwork: not priority process
05-29 17:11:46.649 2878 2947 D nStackXCoAP: ParseServiceDiscover:[330] :new device join
05-29 17:11:46.649 2878 2947 E nStackXDFinder: GetLocalIp:[401] :GetLocalIp exec
05-29 17:11:46.993 476 1004 W ZramWriteback: Writeback device is not set
05-29 17:11:46.993 476 1004 D ZramWriteback: wait to flush
05-29 17:11:47.207 476 521 W IorapForwardingService: No service published for: iorapd
05-29 17:11:47.496 1099 1122 I OpenGLRenderer: Davey! duration=9223371837609ms; Flags=0, FrameTimelineVsyncId=8035, IntendedVsync=199244611766, Vsync=199244611766, InputEventId=0, HandleInputStart=199245047052, AnimationStart=199245051385, PerformTraversalsStart=199245234844, DrawStart=199245928802, FrameDeadline=199277945098, FrameInterval=199245037594, FrameStartTime=16666666, SyncQueued=199247010469, SyncStart=199247291510, IssueDrawCommandsStart=199248339469, SwapBuffers=199268780219, FrameCompleted=9223372036854775807, DequeueBufferDuration=53625, QueueBufferDuration=2475584, GpuCompleted=9223372036854775807, SwapBuffersCompleted=199273006927, DisplayPresentTime=0,
05-29 17:11:47.594 1099 1122 I OpenGLRenderer: Davey! duration=9223371837517ms; Flags=0, FrameTimelineVsyncId=8043, IntendedVsync=199328381344, Vsync=199328381344, InputEventId=0, HandleInputStart=199335010260, AnimationStart=199335012427, PerformTraversalsStart=199335361719, DrawStart=199335547469, FrameDeadline=199361714676, FrameInterval=199335001594, FrameStartTime=16666666, SyncQueued=199335629885, SyncStart=199344343094, IssueDrawCommandsStart=199346532844, SwapBuffers=199360496135, FrameCompleted=9223372036854775807, DequeueBufferDuration=4013375, QueueBufferDuration=1553375, GpuCompleted=9223372036854775807, SwapBuffersCompleted=199362946052, DisplayPresentTime=0,
