01-01 08:00:10.037 246 246 D XfrmController: XfrmController::ipSecAddXfrmInterface, line=1479
01-01 08:00:10.043 246 246 D XfrmController: XfrmController::ipSecRemoveTunnelInterface, line=1692
01-01 08:00:10.043 246 246 D XfrmController: deviceName=ipsec_test
01-01 08:00:10.064 260 260 E cutils-trace: Error opening trace file: No such file or directory (2)
01-01 08:00:10.071 258 258 E cutils-trace: Error opening trace file: No such file or directory (2)
01-01 08:00:10.085 259 259 E cutils-trace: Error opening trace file: No such file or directory (2)
01-01 08:00:10.090 246 246 D XfrmController: Sending Netlink XFRM Message: XFRM_MSG_FLUSHSA
01-01 08:00:10.091 258 258 I HidlServiceManagement: Registered android.hardware.cas@1.2::IMediaCasService/default
01-01 08:00:10.091 246 246 D XfrmController: Sending Netlink XFRM Message: XFRM_MSG_FLUSHPOLICY
01-01 08:00:10.091 246 246 I netd : Initializing XfrmController: 54582us
01-01 08:00:10.091 258 258 I HidlServiceManagement: Removing namespace from process name android.hardware.cas@1.2-service to cas@1.2-service.
01-01 08:00:10.093 253 253 E cutils-trace: Error opening trace file: No such file or directory (2)
01-01 08:00:10.107 259 259 D Module_SUNXI: hardware/aw/gatekeeper/teeGateKeeper/module_sunxi.cpp 34, trusty_gatekeeper_open
01-01 08:00:10.107 259 259 V SUNXI_TrustyGateKeeper: Gatekeeper_Initialize
01-01 08:00:10.108 212 212 D tee_supplicant: Spawning a new thread
01-01 08:00:10.107 254 254 I android.hardware.camera.provider@2.4-external-service: External camera provider service is starting.
01-01 08:00:10.109 212 212 D tee_supplicant: failed to open the ta /vendor/lib/optee_armtz/2233b43b-cec6-449a-9509-469f5023e425.ta TA-file
01-01 08:00:10.109 212 212 D tee_supplicant: looping
01-01 08:00:10.110 254 254 E cutils-trace: Error opening trace file: No such file or directory (2)
01-01 08:00:10.106 262 262 E cutils-trace: Error opening trace file: No such file or directory (2)
01-01 08:00:10.113 212 212 D tee_supplicant: looping
01-01 08:00:10.113 212 212 D tee_supplicant: failed to open the ta /vendor/lib/optee_armtz/2233b43b-cec6-449a-9509-469f5023e425.ta TA-file
01-01 08:00:10.115 246 246 E cutils-trace: Error opening trace file: No such file or directory (2)
01-01 08:00:10.116 212 212 D tee_supplicant: looping
01-01 08:00:10.117 212 279 D tee_supplicant: looping
01-01 08:00:10.128 262 262 W healthd : No battery devices found
01-01 08:00:10.128 262 262 I android.hardware.health@2.1-service: default instance initializing with healthd_config...
01-01 08:00:10.143 263 263 I android.hardware.lights-service: Light Hal current version V2.0.0
01-01 08:00:10.144 263 263 D lights_device: success open disp device type=0.
01-01 08:00:10.145 185 185 I servicemanager: Found android.hardware.light.ILights/default in device VINTF manifest.
01-01 08:00:10.154 264 264 I AW_PowerHAL: AW Power HAL AIDL Service is starting.
01-01 08:00:10.155 264 264 I AW_PowerHAL: PowerHAL initiated
01-01 08:00:10.157 185 185 I servicemanager: Found android.hardware.power.IPower/default in device VINTF manifest.
01-01 08:00:10.159 265 265 E cutils-trace: Error opening trace file: No such file or directory (2)
01-01 08:00:10.159 262 262 I HidlServiceManagement: Registered android.hardware.health@2.1::IHealth/default
01-01 08:00:10.160 262 262 I HidlServiceManagement: Removing namespace from process name android.hardware.health@2.1-service to health@2.1-service.
01-01 08:00:10.160 262 262 I android.hardware.health@2.1-service: default: Hal init done
01-01 08:00:10.167 262 262 W healthd : battery none chg=
01-01 08:00:10.176 185 185 I servicemanager: Found android.hardware.rebootescrow.IRebootEscrow/default in device VINTF manifest.
01-01 08:00:10.183 1 1 I init : Command 'class_start core' action=boot (/system/etc/init/hw/init.rc:1087) took 125ms and succeeded
01-01 08:00:10.183 1 1 I init : processing action (persist.sys.usb.config=* && boot) from (/system/etc/init/hw/init.usb.rc:108)
01-01 08:00:10.184 1 1 I init : processing action (boot) from (/vendor/etc/init/hw/init.sun50iw9p1.rc:62)
01-01 08:00:10.176 169 169 I init : type=1400 audit(0.0:14): avc: denied { add_name } for name="runtime_enable" scontext=u:r:vendor_init:s0 tcontext=u:object_r:sysfs_disp:s0 tclass=dir permissive=1
01-01 08:00:10.185 1 1 I init : processing action (boot) from (/vendor/etc/init/hw/init.sun50iw9p1.rc:92)
01-01 08:00:10.181 212 212 D tee_supplicant: looping
01-01 08:00:10.180 169 169 I init : type=1400 audit(0.0:15): avc: denied { create } for name="runtime_enable" scontext=u:r:vendor_init:s0 tcontext=u:object_r:sysfs_disp:s0 tclass=file permissive=1
01-01 08:00:10.191 1 1 I init : processing action (boot) from (/vendor/etc/init/hw/init.ram.rc:1)
01-01 08:00:10.193 1 1 I init : processing action (boot) from (/vendor/etc/init/hw/init.sun50iw9p1.usb.rc:1)
01-01 08:00:10.194 1 1 I init : Command 'mount configfs none /config' action=boot (/vendor/etc/init/hw/init.sun50iw9p1.usb.rc:2) took 0ms and failed: mount() failed: Device or resource busy
01-01 08:00:10.196 265 265 D hdmi-cec: Loading: sunxi HDMI CEC module
01-01 08:00:10.202 265 291 I hdmi-cec: HDMI-CEC EventThread start
01-01 08:00:10.205 265 265 I HidlServiceManagement: Registered android.hardware.tv.cec@1.0::IHdmiCec/default
01-01 08:00:10.206 265 265 I HidlServiceManagement: Removing namespace from process name android.hardware.tv.cec@1.0-service to cec@1.0-service.
01-01 08:00:10.206 265 265 I LegacySupport: Registration complete for android.hardware.tv.cec@1.0::IHdmiCec/default.
01-01 08:00:10.216 169 169 I : file system registered
01-01 08:00:10.227 289 289 D Sunxi_PQ: ic_id=2, de_version=201 0x2
01-01 08:00:10.227 289 289 D Sunxi_PQ: /vendor/lib/libde201.so
01-01 08:00:10.216 252 252 E cutils-trace: Error opening trace file: No such file or directory (2)
01-01 08:00:10.229 272 272 I credstore: Registered binder service
01-01 08:00:10.231 259 259 I HidlServiceManagement: Registered android.hardware.gatekeeper@1.0::IGatekeeper/default
01-01 08:00:10.231 259 259 I HidlServiceManagement: Removing namespace from process name android.hardware.gatekeeper@1.0-service-aw to gatekeeper@1.0-service-aw.
01-01 08:00:10.231 259 259 I LegacySupport: Registration complete for android.hardware.gatekeeper@1.0::IGatekeeper/default.
01-01 08:00:10.232 289 289 D Sunxi_PQ: maybe /vendor/etc/firmware/disp_firmware, fd:-1 @O_RDONLY.
01-01 08:00:10.234 253 253 I HidlServiceManagement: Registered android.hardware.bluetooth@1.0::IBluetoothHci/default
01-01 08:00:10.235 253 253 I HidlServiceManagement: Removing namespace from process name android.hardware.bluetooth@1.0-service to bluetooth@1.0-service.
01-01 08:00:10.235 253 253 I LegacySupport: Registration complete for android.hardware.bluetooth@1.0::IBluetoothHci/default.
01-01 08:00:10.238 260 260 E gralloc : Arm Module v1.0
01-01 08:00:10.240 260 260 I HidlServiceManagement: Registered android.hardware.graphics.allocator@2.0::IAllocator/default
01-01 08:00:10.240 260 260 I HidlServiceManagement: Removing namespace from process name android.hardware.graphics.allocator@2.0-service to allocator@2.0-service.
01-01 08:00:10.241 260 260 I LegacySupport: Registration complete for android.hardware.graphics.allocator@2.0::IAllocator/default.
01-01 08:00:10.250 267 267 E android.hardware.usb.gadget@1.1-service.aw: configfs setup not done yet
01-01 08:00:10.251 267 267 E cutils-trace: Error opening trace file: No such file or directory (2)
01-01 08:00:10.253 268 268 I display.output-service: DisplayOutputManagerService is started
01-01 08:00:10.254 268 268 I display.output-service: DisplayOutputManagerService current version V2.2.0
01-01 08:00:10.259 1 1 I init : processing action (boot) from (/vendor/etc/init/hw/init.oranth.rc:12)
01-01 08:00:10.254 268 268 E cutils-trace: Error opening trace file: No such file or directory (2)
01-01 08:00:10.255 267 267 I HidlServiceManagement: Registered android.hardware.usb@1.0::IUsb/default
01-01 08:00:10.255 267 267 I HidlServiceManagement: Removing namespace from process name android.hardware.usb@1.0-service.aw to usb@1.0-service.aw.
01-01 08:00:10.256 186 186 I hwservicemanager: Since vendor.display.config@1.0::IDisplayConfig/default is not registered, trying to start it as a lazy HAL.
01-01 08:00:10.257 267 267 I HidlServiceManagement: Registered android.hardware.usb.gadget@1.1::IUsbGadget/default
01-01 08:00:10.257 267 267 I android.hardware.usb@1.0-service: USB HAL Ready.
01-01 08:00:10.260 1 1 I init : starting service 'onstartup'...
01-01 08:00:10.259 186 186 I hwservicemanager: Since vendor.display.config@1.0::IDisplayConfig/default is not registered, trying to start it as a lazy HAL.
01-01 08:00:10.259 268 268 I HidlServiceManagement: getService: Trying again for vendor.display.config@1.0::IDisplayConfig/default...
01-01 08:00:10.262 289 289 D Sunxi_PQ: config display firmware completed...
01-01 08:00:10.262 289 289 D Sunxi_PQ: There is not the /vendor/etc/firmware/disp_firmware, creat it.
01-01 08:00:10.256 289 289 I pqd : type=1400 audit(0.0:16): avc: denied { read write } for name="disp_firmware" dev="mmcblk0p25" ino=218 scontext=u:r:pqd:s0 tcontext=u:object_r:system_data_root_file:s0 tclass=file permissive=1
01-01 08:00:10.256 289 289 I pqd : type=1400 audit(0.0:17): avc: denied { open } for path="/data/disp_firmware" dev="mmcblk0p25" ino=218 scontext=u:r:pqd:s0 tcontext=u:object_r:system_data_root_file:s0 tclass=file permissive=1
01-01 08:00:10.256 289 289 I pqd : type=1400 audit(0.0:18): avc: denied { map } for path="/data/disp_firmware" dev="mmcblk0p25" ino=218 scontext=u:r:pqd:s0 tcontext=u:object_r:system_data_root_file:s0 tclass=file permissive=1
01-01 08:00:10.262 289 303 D Sunxi_PQ: Sunxi PQ entry tanslate thread.
01-01 08:00:10.262 289 304 D Sunxi_PQ: creat a connect thread to deal the socket.
01-01 08:00:10.262 289 289 D Sunxi_PQ: sunxi PQ wait for client connect from tcp port:5005...
01-01 08:00:10.263 261 261 I sunxihwc: open: Loading: sunxi hwcomposer module
01-01 08:00:10.264 261 261 E cutils-trace: Error opening trace file: No such file or directory (2)
01-01 08:00:10.266 261 261 I HidlServiceManagement: Registered android.hardware.graphics.composer@2.2::IComposer/default
01-01 08:00:10.266 261 261 I HidlServiceManagement: Removing namespace from process name android.hardware.graphics.composer@2.2-service to composer@2.2-service.
01-01 08:00:10.278 186 300 W libc : Unable to set property "ctl.interface_start" to "vendor.display.config@1.0::IDisplayConfig/default": error code: 0x20
01-01 08:00:10.279 186 300 I hwservicemanager: Tried to start vendor.display.config@1.0::IDisplayConfig/default as a lazy service, but was unable to. Usually this happens when a service is not installed, but if the service is intended to be used as a lazy service, then it may be configured incorrectly.
01-01 08:00:10.266 1 1 E init : Control message: Could not find 'vendor.display.config@1.0::IDisplayConfig/default' for ctl.interface_start from pid: 186 (/system/bin/hwservicemanager)
01-01 08:00:10.280 307 307 I init : type=1400 audit(0.0:19): avc: denied { execute_no_trans } for path="/system/bin/xiriservice.sh" dev="dm-0" ino=1296 scontext=u:r:init:s0 tcontext=u:object_r:system_file:s0 tclass=file permissive=1
01-01 08:00:10.280 299 299 I onstartup.sh: type=1400 audit(0.0:20): avc: denied { write search } for name="tmp" dev="mmcblk0p25" ino=85 scontext=u:r:onstartup:s0 tcontext=u:object_r:shell_data_file:s0 tclass=dir permissive=1
01-01 08:00:10.286 186 302 W libc : Unable to set property "ctl.interface_start" to "vendor.display.config@1.0::IDisplayConfig/default": error code: 0x20
01-01 08:00:10.286 186 302 I hwservicemanager: Tried to start vendor.display.config@1.0::IDisplayConfig/default as a lazy service, but was unable to. Usually this happens when a service is not installed, but if the service is intended to be used as a lazy service, then it may be configured incorrectly.
01-01 08:00:10.284 299 299 I onstartup.sh: type=1400 audit(0.0:21): avc: denied { getattr } for path="/data/local/tmp" dev="mmcblk0p25" ino=85 scontext=u:r:onstartup:s0 tcontext=u:object_r:shell_data_file:s0 tclass=dir permissive=1
01-01 08:00:10.292 1 1 I init : type=1400 audit(0.0:22): avc: denied { setattr } for name="ext_csd" dev="debugfs" ino=6205 scontext=u:r:init:s0 tcontext=u:object_r:debugfs_mmc:s0 tclass=file permissive=1
01-01 08:00:10.316 308 308 I check_xm_hidraw: type=1400 audit(0.0:23): avc: denied { write } for name="tmp" dev="mmcblk0p25" ino=85 scontext=u:r:init:s0 tcontext=u:object_r:shell_data_file:s0 tclass=dir permissive=1 bug=b/77873135
01-01 08:00:10.333 169 169 I sunxi-rfkill soc@3000000: rfkill: set block: 0
01-01 08:00:10.333 169 169 I sunxi-rfkill soc@3000000: rfkill: bt power on success
01-01 08:00:10.348 312 312 I init : type=1400 audit(0.0:24): avc: denied { write } for name="kmsg_debug" dev="tmpfs" ino=1723 scontext=u:r:init:s0 tcontext=u:object_r:kmsg_debug_device:s0 tclass=chr_file permissive=1
01-01 08:00:10.348 312 312 I init : type=1400 audit(0.0:25): avc: denied { open } for path="/dev/kmsg_debug" dev="tmpfs" ino=1723 scontext=u:r:init:s0 tcontext=u:object_r:kmsg_debug_device:s0 tclass=chr_file permissive=1
01-01 08:00:10.357 280 313 E GpuMem : Failed to retrieve pinned program from /sys/fs/bpf/prog_gpu_mem_tracepoint_gpu_mem_gpu_mem_total [2(No such file or directory)]
01-01 08:00:10.359 280 313 E GpuMemTracer: Cannot initialize GpuMemTracer before GpuMem
01-01 08:00:10.360 299 299 I onstartup.sh: type=1400 audit(0.0:26): avc: denied { getattr } for path="/data/local/fast_apks_installed" dev="mmcblk0p25" ino=222 scontext=u:r:onstartup:s0 tcontext=u:object_r:onstartup_system_file:s0 tclass=file permissive=1
01-01 08:00:10.397 252 252 I HidlServiceManagement: Registered android.hardware.audio@7.0::IDevicesFactory/default
01-01 08:00:10.398 252 252 I HidlServiceManagement: Removing namespace from process name android.hardware.audio.service to audio.service.
01-01 08:00:10.399 252 252 I LegacySupport: Registration complete for android.hardware.audio@7.0::IDevicesFactory/default.
01-01 08:00:10.396 311 311 I pgrep : type=1400 audit(0.0:27): avc: denied { read } for scontext=u:r:toolbox:s0 tcontext=u:r:init:s0 tclass=file permissive=1
01-01 08:00:10.400 311 311 I pgrep : type=1400 audit(0.0:28): avc: denied { read } for scontext=u:r:toolbox:s0 tcontext=u:r:kernel:s0 tclass=file permissive=1
01-01 08:00:10.411 315 315 D XiriService: XiriService version 2.5.0.11258
01-01 08:00:10.412 311 311 I pgrep : type=1400 audit(0.0:29): avc: denied { read } for scontext=u:r:toolbox:s0 tcontext=u:r:vendor_init:s0 tclass=file permissive=1
01-01 08:00:10.412 311 311 I pgrep : type=1400 audit(0.0:30): avc: denied { getattr } for path="/proc/1" dev="proc" ino=1737 scontext=u:r:toolbox:s0 tcontext=u:r:init:s0 tclass=dir permissive=1
01-01 08:00:10.412 311 311 I pgrep : type=1400 audit(0.0:31): avc: denied { search } for name="1" dev="proc" ino=1737 scontext=u:r:toolbox:s0 tcontext=u:r:init:s0 tclass=dir permissive=1
01-01 08:00:10.412 311 311 I pgrep : type=1400 audit(0.0:32): avc: denied { open } for path="/proc/1/stat" dev="proc" ino=7973 scontext=u:r:toolbox:s0 tcontext=u:r:init:s0 tclass=file permissive=1
01-01 08:00:10.412 311 311 I pgrep : type=1400 audit(0.0:33): avc: denied { getattr } for path="/proc/2" dev="proc" ino=7884 scontext=u:r:toolbox:s0 tcontext=u:r:kernel:s0 tclass=dir permissive=1
01-01 08:00:10.412 311 311 I pgrep : type=1400 audit(0.0:34): avc: denied { search } for name="2" dev="proc" ino=7884 scontext=u:r:toolbox:s0 tcontext=u:r:kernel:s0 tclass=dir permissive=1
01-01 08:00:10.412 311 311 I pgrep : type=1400 audit(0.0:35): avc: denied { open } for path="/proc/2/stat" dev="proc" ino=7974 scontext=u:r:toolbox:s0 tcontext=u:r:kernel:s0 tclass=file permissive=1
01-01 08:00:10.423 252 252 I HidlServiceManagement: Registered android.hardware.audio.effect@7.0::IEffectsFactory/default
01-01 08:00:10.425 252 252 I LegacySupport: Registration complete for android.hardware.audio.effect@7.0::IEffectsFactory/default.
01-01 08:00:10.425 186 186 I hwservicemanager: getTransport: Cannot find entry android.hardware.soundtrigger@2.3::ISoundTriggerHw/default in either framework or device VINTF manifest.
01-01 08:00:10.431 310 310 I gsid : no DSU: No such file or directory
01-01 08:00:10.428 311 311 I pgrep : type=1400 audit(0.0:36): avc: denied { getattr } for path="/proc/141" dev="proc" ino=7954 scontext=u:r:toolbox:s0 tcontext=u:r:kernel:s0 tclass=dir permissive=1
01-01 08:00:10.428 311 311 I pgrep : type=1400 audit(0.0:37): avc: denied { search } for name="141" dev="proc" ino=7954 scontext=u:r:toolbox:s0 tcontext=u:r:kernel:s0 tclass=dir permissive=1
01-01 08:00:10.432 311 311 I pgrep : type=1400 audit(0.0:38): avc: denied { sys_ptrace } for capability=19 scontext=u:r:toolbox:s0 tcontext=u:r:toolbox:s0 tclass=capability permissive=1
01-01 08:00:10.432 311 311 I pgrep : type=1400 audit(0.0:39): avc: denied { read } for scontext=u:r:toolbox:s0 tcontext=u:r:ueventd:s0 tclass=file permissive=1
01-01 08:00:10.432 311 311 I pgrep : type=1400 audit(0.0:40): avc: denied { read } for scontext=u:r:toolbox:s0 tcontext=u:r:logd:s0 tclass=file permissive=1
01-01 08:00:10.432 311 311 I pgrep : type=1400 audit(0.0:41): avc: denied { read } for scontext=u:r:toolbox:s0 tcontext=u:r:lmkd:s0 tclass=file permissive=1
01-01 08:00:10.432 315 315 I xiriservice_All: type=1400 audit(0.0:42): avc: denied { search } for name="com.android.connectivity.resources" dev="mmcblk0p25" ino=503 scontext=u:r:init:s0 tcontext=u:object_r:privapp_data_file:s0:c512,c768 tclass=dir permissive=1
01-01 08:00:10.432 311 311 I pgrep : type=1400 audit(0.0:43): avc: denied { read } for scontext=u:r:toolbox:s0 tcontext=u:r:servicemanager:s0 tclass=file permissive=1
01-01 08:00:10.432 311 311 I pgrep : type=1400 audit(0.0:44): avc: denied { read } for scontext=u:r:toolbox:s0 tcontext=u:r:hwservicemanager:s0 tclass=file permissive=1
01-01 08:00:10.432 311 311 I pgrep : type=1400 audit(0.0:45): avc: denied { read } for scontext=u:r:toolbox:s0 tcontext=u:r:vndservicemanager:s0 tclass=file permissive=1
01-01 08:00:10.432 315 315 I xiriservice_All: type=1400 audit(0.0:46): avc: denied { search } for name="android" dev="mmcblk0p25" ino=507 scontext=u:r:init:s0 tcontext=u:object_r:system_app_data_file:s0 tclass=dir permissive=1
01-01 08:00:10.432 311 311 I pgrep : type=1400 audit(0.0:47): avc: denied { read } for scontext=u:r:toolbox:s0 tcontext=u:r:shell:s0 tclass=file permissive=1
01-01 08:00:10.432 311 311 I pgrep : type=1400 audit(0.0:48): avc: denied { read } for scontext=u:r:toolbox:s0 tcontext=u:r:vold:s0 tclass=file permissive=1
01-01 08:00:10.432 311 311 I pgrep : type=1400 audit(0.0:49): avc: denied { read } for scontext=u:r:toolbox:s0 tcontext=u:r:system_suspend:s0 tclass=file permissive=1
01-01 08:00:10.432 311 311 I pgrep : type=1400 audit(0.0:50): avc: denied { read } for scontext=u:r:toolbox:s0 tcontext=u:r:keystore:s0 tclass=file permissive=1
01-01 08:00:10.432 311 311 I pgrep : type=1400 audit(0.0:51): avc: denied { read } for scontext=u:r:toolbox:s0 tcontext=u:r:hal_bootctl_default:s0 tclass=file permissive=1
01-01 08:00:10.432 311 311 I pgrep : type=1400 audit(0.0:52): avc: denied { read } for scontext=u:r:toolbox:s0 tcontext=u:r:hal_keymint_default:s0 tclass=file permissive=1
01-01 08:00:10.432 311 311 I pgrep : type=1400 audit(0.0:53): avc: denied { read } for scontext=u:r:toolbox:s0 tcontext=u:r:tee:s0 tclass=file permissive=1
01-01 08:00:10.432 311 311 I pgrep : type=1400 audit(0.0:54): avc: denied { read } for scontext=u:r:toolbox:s0 tcontext=u:r:tombstoned:s0 tclass=file permissive=1
01-01 08:00:10.432 311 311 I pgrep : type=1400 audit(0.0:55): avc: denied { read } for scontext=u:r:toolbox:s0 tcontext=u:r:statsd:s0 tclass=file permissive=1
01-01 08:00:10.432 311 311 I pgrep : type=1400 audit(0.0:56): avc: denied { read } for scontext=u:r:toolbox:s0 tcontext=u:r:netd:s0 tclass=file permissive=1
01-01 08:00:10.432 311 311 I pgrep : type=1400 audit(0.0:57): avc: denied { read } for scontext=u:r:toolbox:s0 tcontext=u:r:zygote:s0 tclass=file permissive=1
01-01 08:00:10.432 311 311 I pgrep : type=1400 audit(0.0:58): avc: denied { read } for scontext=u:r:toolbox:s0 tcontext=u:r:hal_allocator_default:s0 tclass=file permissive=1
01-01 08:00:10.432 311 311 I pgrep : type=1400 audit(0.0:59): avc: denied { read } for scontext=u:r:toolbox:s0 tcontext=u:r:hal_audio_default:s0 tclass=file permissive=1
01-01 08:00:10.432 311 311 I pgrep : type=1400 audit(0.0:60): avc: denied { read } for scontext=u:r:toolbox:s0 tcontext=u:r:hal_bluetooth_default:s0 tclass=file permissive=1
01-01 08:00:10.432 311 311 I pgrep : type=1400 audit(0.0:61): avc: denied { read } for scontext=u:r:toolbox:s0 tcontext=u:r:hal_camera_default:s0 tclass=file permissive=1
01-01 08:00:10.432 311 311 I pgrep : type=1400 audit(0.0:62): avc: denied { read } for scontext=u:r:toolbox:s0 tcontext=u:r:hal_cas_default:s0 tclass=file permissive=1
01-01 08:00:10.432 311 311 I pgrep : type=1400 audit(0.0:63): avc: denied { read } for scontext=u:r:toolbox:s0 tcontext=u:r:hal_gatekeeper_default:s0 tclass=file permissive=1
01-01 08:00:10.432 311 311 I pgrep : type=1400 audit(0.0:64): avc: denied { read } for scontext=u:r:toolbox:s0 tcontext=u:r:hal_graphics_allocator_default:s0 tclass=file permissive=1
01-01 08:00:10.432 311 311 I pgrep : type=1400 audit(0.0:65): avc: denied { read } for scontext=u:r:toolbox:s0 tcontext=u:r:hal_graphics_composer_default:s0 tclass=file permissive=1
01-01 08:00:10.432 311 311 I pgrep : type=1400 audit(0.0:66): avc: denied { read } for scontext=u:r:toolbox:s0 tcontext=u:r:hal_health_default:s0 tclass=file permissive=1
01-01 08:00:10.432 311 311 I pgrep : type=1400 audit(0.0:67): avc: denied { read } for scontext=u:r:toolbox:s0 tcontext=u:r:hal_light_default:s0 tclass=file permissive=1
01-01 08:00:10.432 311 311 I pgrep : type=1400 audit(0.0:68): avc: denied { read } for scontext=u:r:toolbox:s0 tcontext=u:r:hal_power_default:s0 tclass=file permissive=1
01-01 08:00:10.432 311 311 I pgrep : type=1400 audit(0.0:69): avc: denied { read } for scontext=u:r:toolbox:s0 tcontext=u:r:hal_tv_cec_default:s0 tclass=file permissive=1
01-01 08:00:10.432 311 311 I pgrep : type=1400 audit(0.0:70): avc: denied { read } for scontext=u:r:toolbox:s0 tcontext=u:r:hal_usb_impl:s0 tclass=file permissive=1
01-01 08:00:10.432 311 311 I pgrep : type=1400 audit(0.0:71): avc: denied { read } for scontext=u:r:toolbox:s0 tcontext=u:r:hal_awdisplayoutput_default:s0 tclass=file permissive=1
01-01 08:00:10.432 311 311 I pgrep : type=1400 audit(0.0:72): avc: denied { read } for scontext=u:r:toolbox:s0 tcontext=u:r:hal_rebootescrow_default:s0 tclass=file permissive=1
01-01 08:00:10.432 311 311 I pgrep : type=1400 audit(0.0:73): avc: denied { read } for scontext=u:r:toolbox:s0 tcontext=u:r:audioserver:s0 tclass=file permissive=1
01-01 08:00:10.432 311 311 I pgrep : type=1400 audit(0.0:74): avc: denied { read } for scontext=u:r:toolbox:s0 tcontext=u:r:credstore:s0 tclass=file permissive=1
01-01 08:00:10.432 311 311 I pgrep : type=1400 audit(0.0:75): avc: denied { read } for scontext=u:r:toolbox:s0 tcontext=u:r:gpuservice:s0 tclass=file permissive=1
01-01 08:00:10.432 311 311 I pgrep : type=1400 audit(0.0:76): avc: denied { read } for scontext=u:r:toolbox:s0 tcontext=u:r:surfaceflinger:s0 tclass=file permissive=1
01-01 08:00:10.432 311 311 I pgrep : type=1400 audit(0.0:77): avc: denied { read } for scontext=u:r:toolbox:s0 tcontext=u:r:pqd:s0 tclass=file permissive=1
01-01 08:00:10.432 311 311 I pgrep : type=1400 audit(0.0:78): avc: denied { read } for scontext=u:r:toolbox:s0 tcontext=u:r:boringssl_self_test:s0 tclass=file permissive=1
01-01 08:00:10.432 311 311 I pgrep : type=1400 audit(0.0:79): avc: denied { getattr } for path="/proc/169" dev="proc" ino=1798 scontext=u:r:toolbox:s0 tcontext=u:r:vendor_init:s0 tclass=dir permissive=1
01-01 08:00:10.432 311 311 I pgrep : type=1400 audit(0.0:80): avc: denied { search } for name="169" dev="proc" ino=1798 scontext=u:r:toolbox:s0 tcontext=u:r:vendor_init:s0 tclass=dir permissive=1
01-01 08:00:10.432 311 311 I pgrep : type=1400 audit(0.0:81): avc: denied { open } for path="/proc/169/stat" dev="proc" ino=8080 scontext=u:r:toolbox:s0 tcontext=u:r:vendor_init:s0 tclass=file permissive=1
01-01 08:00:10.432 311 311 I pgrep : type=1400 audit(0.0:82): avc: denied { getattr } for path="/proc/172" dev="proc" ino=1840 scontext=u:r:toolbox:s0 tcontext=u:r:ueventd:s0 tclass=dir permissive=1
01-01 08:00:10.432 311 311 I pgrep : type=1400 audit(0.0:83): avc: denied { search } for name="172" dev="proc" ino=1840 scontext=u:r:toolbox:s0 tcontext=u:r:ueventd:s0 tclass=dir permissive=1
01-01 08:00:10.432 311 311 I pgrep : type=1400 audit(0.0:84): avc: denied { open } for path="/proc/172/stat" dev="proc" ino=8081 scontext=u:r:toolbox:s0 tcontext=u:r:ueventd:s0 tclass=file permissive=1
01-01 08:00:10.432 311 311 I pgrep : type=1400 audit(0.0:85): avc: denied { getattr } for path="/proc/183" dev="proc" ino=1940 scontext=u:r:toolbox:s0 tcontext=u:r:logd:s0 tclass=dir permissive=1
01-01 08:00:10.453 252 252 E LegacySupport: Could not get passthrough implementation for android.hardware.soundtrigger@2.3::ISoundTriggerHw/default.
01-01 08:00:10.455 186 186 I hwservicemanager: getTransport: Cannot find entry android.hardware.soundtrigger@2.2::ISoundTriggerHw/default in either framework or device VINTF manifest.
01-01 08:00:10.432 311 311 I pgrep : type=1400 audit(0.0:86): avc: denied { read } for scontext=u:r:toolbox:s0 tcontext=u:r:logd:s0 tclass=file permissive=1
01-01 08:00:10.432 311 311 I pgrep : type=1400 audit(0.0:87): avc: denied { search } for name="183" dev="proc" ino=1940 scontext=u:r:toolbox:s0 tcontext=u:r:logd:s0 tclass=dir permissive=1
01-01 08:00:10.432 311 311 I pgrep : type=1400 audit(0.0:88): avc: denied { open } for path="/proc/183/stat" dev="proc" ino=8083 scontext=u:r:toolbox:s0 tcontext=u:r:logd:s0 tclass=file permissive=1
01-01 08:00:10.436 311 311 I pgrep : type=1400 audit(0.0:89): avc: denied { getattr } for path="/proc/184" dev="proc" ino=6346 scontext=u:r:toolbox:s0 tcontext=u:r:lmkd:s0 tclass=dir permissive=1
01-01 08:00:10.436 311 311 I pgrep : type=1400 audit(0.0:90): avc: denied { search } for name="184" dev="proc" ino=6346 scontext=u:r:toolbox:s0 tcontext=u:r:lmkd:s0 tclass=dir permissive=1
01-01 08:00:10.436 311 311 I pgrep : type=1400 audit(0.0:91): avc: denied { open } for path="/proc/184/stat" dev="proc" ino=8084 scontext=u:r:toolbox:s0 tcontext=u:r:lmkd:s0 tclass=file permissive=1
01-01 08:00:10.436 311 311 I pgrep : type=1400 audit(0.0:92): avc: denied { getattr } for path="/proc/185" dev="proc" ino=6353 scontext=u:r:toolbox:s0 tcontext=u:r:servicemanager:s0 tclass=dir permissive=1
01-01 08:00:10.436 311 311 I pgrep : type=1400 audit(0.0:93): avc: denied { search } for name="185" dev="proc" ino=6353 scontext=u:r:toolbox:s0 tcontext=u:r:servicemanager:s0 tclass=dir permissive=1
01-01 08:00:10.436 311 311 I pgrep : type=1400 audit(0.0:94): avc: denied { open } for path="/proc/185/stat" dev="proc" ino=8085 scontext=u:r:toolbox:s0 tcontext=u:r:servicemanager:s0 tclass=file permissive=1
01-01 08:00:10.436 311 311 I pgrep : type=1400 audit(0.0:95): avc: denied { getattr } for path="/proc/186" dev="proc" ino=6357 scontext=u:r:toolbox:s0 tcontext=u:r:hwservicemanager:s0 tclass=dir permissive=1
01-01 08:00:10.436 311 311 I pgrep : type=1400 audit(0.0:96): avc: denied { read } for scontext=u:r:toolbox:s0 tcontext=u:r:hwservicemanager:s0 tclass=file permissive=1
01-01 08:00:10.436 311 311 I pgrep : type=1400 audit(0.0:97): avc: denied { search } for name="186" dev="proc" ino=6357 scontext=u:r:toolbox:s0 tcontext=u:r:hwservicemanager:s0 tclass=dir permissive=1
01-01 08:00:10.436 311 311 I pgrep : type=1400 audit(0.0:98): avc: denied { open } for path="/proc/186/stat" dev="proc" ino=8086 scontext=u:r:toolbox:s0 tcontext=u:r:hwservicemanager:s0 tclass=file permissive=1
01-01 08:00:10.436 315 315 I xiriservice_All: type=1400 audit(0.0:99): avc: denied { read } for name="lib" dev="mmcblk0p25" ino=19322 scontext=u:r:init:s0 tcontext=u:object_r:system_app_data_file:s0 tclass=lnk_file permissive=1
01-01 08:00:10.461 252 252 E LegacySupport: Could not get passthrough implementation for android.hardware.soundtrigger@2.2::ISoundTriggerHw/default.
01-01 08:00:10.462 186 186 I hwservicemanager: getTransport: Cannot find entry android.hardware.soundtrigger@2.1::ISoundTriggerHw/default in either framework or device VINTF manifest.
01-01 08:00:10.436 311 311 I pgrep : type=1400 audit(0.0:100): avc: denied { getattr } for path="/proc/187" dev="proc" ino=1954 scontext=u:r:toolbox:s0 tcontext=u:r:vndservicemanager:s0 tclass=dir permissive=1
01-01 08:00:10.436 311 311 I pgrep : type=1400 audit(0.0:101): avc: denied { search } for name="187" dev="proc" ino=1954 scontext=u:r:toolbox:s0 tcontext=u:r:vndservicemanager:s0 tclass=dir permissive=1
01-01 08:00:10.436 311 311 I pgrep : type=1400 audit(0.0:102): avc: denied { open } for path="/proc/187/stat" dev="proc" ino=8087 scontext=u:r:toolbox:s0 tcontext=u:r:vndservicemanager:s0 tclass=file permissive=1
01-01 08:00:10.436 311 311 I pgrep : type=1400 audit(0.0:103): avc: denied { getattr } for path="/proc/188" dev="proc" ino=2613 scontext=u:r:toolbox:s0 tcontext=u:r:shell:s0 tclass=dir permissive=1
01-01 08:00:10.436 311 311 I pgrep : type=1400 audit(0.0:104): avc: denied { search } for name="188" dev="proc" ino=2613 scontext=u:r:toolbox:s0 tcontext=u:r:shell:s0 tclass=dir permissive=1
01-01 08:00:10.436 311 311 I pgrep : type=1400 audit(0.0:105): avc: denied { open } for path="/proc/188/stat" dev="proc" ino=8088 scontext=u:r:toolbox:s0 tcontext=u:r:shell:s0 tclass=file permissive=1
01-01 08:00:10.436 311 311 I pgrep : type=1400 audit(0.0:106): avc: denied { getattr } for path="/proc/191" dev="proc" ino=2649 scontext=u:r:toolbox:s0 tcontext=u:r:vold:s0 tclass=dir permissive=1
01-01 08:00:10.436 311 311 I pgrep : type=1400 audit(0.0:107): avc: denied { search } for name="191" dev="proc" ino=2649 scontext=u:r:toolbox:s0 tcontext=u:r:vold:s0 tclass=dir permissive=1
01-01 08:00:10.436 311 311 I pgrep : type=1400 audit(0.0:108): avc: denied { open } for path="/proc/191/stat" dev="proc" ino=8091 scontext=u:r:toolbox:s0 tcontext=u:r:vold:s0 tclass=file permissive=1
01-01 08:00:10.436 311 311 I pgrep : type=1400 audit(0.0:109): avc: denied { getattr } for path="/proc/208" dev="proc" ino=6419 scontext=u:r:toolbox:s0 tcontext=u:r:system_suspend:s0 tclass=dir permissive=1
01-01 08:00:10.436 311 311 I pgrep : type=1400 audit(0.0:110): avc: denied { search } for name="208" dev="proc" ino=6419 scontext=u:r:toolbox:s0 tcontext=u:r:system_suspend:s0 tclass=dir permissive=1
01-01 08:00:10.436 311 311 I pgrep : type=1400 audit(0.0:111): avc: denied { open } for path="/proc/208/stat" dev="proc" ino=8096 scontext=u:r:toolbox:s0 tcontext=u:r:system_suspend:s0 tclass=file permissive=1
01-01 08:00:10.436 311 311 I pgrep : type=1400 audit(0.0:112): avc: denied { getattr } for path="/proc/209" dev="proc" ino=2710 scontext=u:r:toolbox:s0 tcontext=u:r:keystore:s0 tclass=dir permissive=1
01-01 08:00:10.436 311 311 I pgrep : type=1400 audit(0.0:113): avc: denied { search } for name="209" dev="proc" ino=2710 scontext=u:r:toolbox:s0 tcontext=u:r:keystore:s0 tclass=dir permissive=1
01-01 08:00:10.436 311 311 I pgrep : type=1400 audit(0.0:114): avc: denied { open } for path="/proc/209/stat" dev="proc" ino=8097 scontext=u:r:toolbox:s0 tcontext=u:r:keystore:s0 tclass=file permissive=1
01-01 08:00:10.436 311 311 I pgrep : type=1400 audit(0.0:115): avc: denied { getattr } for path="/proc/210" dev="proc" ino=6429 scontext=u:r:toolbox:s0 tcontext=u:r:hal_bootctl_default:s0 tclass=dir permissive=1
01-01 08:00:10.436 311 311 I pgrep : type=1400 audit(0.0:116): avc: denied { search } for name="210" dev="proc" ino=6429 scontext=u:r:toolbox:s0 tcontext=u:r:hal_bootctl_default:s0 tclass=dir permissive=1
01-01 08:00:10.436 311 311 I pgrep : type=1400 audit(0.0:117): avc: denied { open } for path="/proc/210/stat" dev="proc" ino=8098 scontext=u:r:toolbox:s0 tcontext=u:r:hal_bootctl_default:s0 tclass=file permissive=1
01-01 08:00:10.436 315 315 I xiriservice_All: type=1400 audit(0.0:118): avc: denied { search } for name="android.ext.shared" dev="mmcblk0p25" ino=524 scontext=u:r:init:s0 tcontext=u:object_r:app_data_file:s0:c512,c768 tclass=dir permissive=1
01-01 08:00:10.436 311 311 I pgrep : type=1400 audit(0.0:119): avc: denied { getattr } for path="/proc/211" dev="proc" ino=6435 scontext=u:r:toolbox:s0 tcontext=u:r:hal_keymint_default:s0 tclass=dir permissive=1
01-01 08:00:10.436 311 311 I pgrep : type=1400 audit(0.0:120): avc: denied { search } for name="211" dev="proc" ino=6435 scontext=u:r:toolbox:s0 tcontext=u:r:hal_keymint_default:s0 tclass=dir permissive=1
01-01 08:00:10.436 311 311 I pgrep : type=1400 audit(0.0:121): avc: denied { open } for path="/proc/211/stat" dev="proc" ino=8099 scontext=u:r:toolbox:s0 tcontext=u:r:hal_keymint_default:s0 tclass=file permissive=1
01-01 08:00:10.436 311 311 I pgrep : type=1400 audit(0.0:122): avc: denied { getattr } for path="/proc/212" dev="proc" ino=2038 scontext=u:r:toolbox:s0 tcontext=u:r:tee:s0 tclass=dir permissive=1
01-01 08:00:10.436 311 311 I pgrep : type=1400 audit(0.0:123): avc: denied { search } for name="212" dev="proc" ino=2038 scontext=u:r:toolbox:s0 tcontext=u:r:tee:s0 tclass=dir permissive=1
01-01 08:00:10.436 311 311 I pgrep : type=1400 audit(0.0:124): avc: denied { open } for path="/proc/212/stat" dev="proc" ino=8100 scontext=u:r:toolbox:s0 tcontext=u:r:tee:s0 tclass=file permissive=1
01-01 08:00:10.436 315 315 I xiriservice_All: type=1400 audit(0.0:125): avc: denied { read } for name="lib" dev="mmcblk0p25" ino=19348 scontext=u:r:init:s0 tcontext=u:object_r:app_data_file:s0:c512,c768 tclass=lnk_file permissive=1
01-01 08:00:10.436 311 311 I pgrep : type=1400 audit(0.0:126): avc: denied { getattr } for path="/proc/224" dev="proc" ino=7189 scontext=u:r:toolbox:s0 tcontext=u:r:tombstoned:s0 tclass=dir permissive=1
01-01 08:00:10.436 311 311 I pgrep : type=1400 audit(0.0:127): avc: denied { search } for name="224" dev="proc" ino=7189 scontext=u:r:toolbox:s0 tcontext=u:r:tombstoned:s0 tclass=dir permissive=1
01-01 08:00:10.436 311 311 I pgrep : type=1400 audit(0.0:128): avc: denied { open } for path="/proc/224/stat" dev="proc" ino=8104 scontext=u:r:toolbox:s0 tcontext=u:r:tombstoned:s0 tclass=file permissive=1
01-01 08:00:10.436 311 311 I pgrep : type=1400 audit(0.0:129): avc: denied { getattr } for path="/proc/245" dev="proc" ino=2985 scontext=u:r:toolbox:s0 tcontext=u:r:statsd:s0 tclass=dir permissive=1
01-01 08:00:10.436 311 311 I pgrep : type=1400 audit(0.0:130): avc: denied { search } for name="245" dev="proc" ino=2985 scontext=u:r:toolbox:s0 tcontext=u:r:statsd:s0 tclass=dir permissive=1
01-01 08:00:10.436 311 311 I pgrep : type=1400 audit(0.0:131): avc: denied { open } for path="/proc/245/stat" dev="proc" ino=8105 scontext=u:r:toolbox:s0 tcontext=u:r:statsd:s0 tclass=file permissive=1
01-01 08:00:10.436 311 311 I pgrep : type=1400 audit(0.0:132): avc: denied { getattr } for path="/proc/246" dev="proc" ino=646 scontext=u:r:toolbox:s0 tcontext=u:r:netd:s0 tclass=dir permissive=1
01-01 08:00:10.440 311 311 I pgrep : type=1400 audit(0.0:133): avc: denied { search } for name="246" dev="proc" ino=646 scontext=u:r:toolbox:s0 tcontext=u:r:netd:s0 tclass=dir permissive=1
01-01 08:00:10.467 252 252 E LegacySupport: Could not get passthrough implementation for android.hardware.soundtrigger@2.1::ISoundTriggerHw/default.
01-01 08:00:10.440 311 311 I pgrep : type=1400 audit(0.0:134): avc: denied { open } for path="/proc/246/stat" dev="proc" ino=8106 scontext=u:r:toolbox:s0 tcontext=u:r:netd:s0 tclass=file permissive=1
01-01 08:00:10.440 311 311 I pgrep : type=1400 audit(0.0:135): avc: denied { getattr } for path="/proc/247" dev="proc" ino=6588 scontext=u:r:toolbox:s0 tcontext=u:r:zygote:s0 tclass=dir permissive=1
01-01 08:00:10.440 311 311 I pgrep : type=1400 audit(0.0:136): avc: denied { search } for name="247" dev="proc" ino=6588 scontext=u:r:toolbox:s0 tcontext=u:r:zygote:s0 tclass=dir permissive=1
01-01 08:00:10.440 311 311 I pgrep : type=1400 audit(0.0:137): avc: denied { open } for path="/proc/247/stat" dev="proc" ino=8107 scontext=u:r:toolbox:s0 tcontext=u:r:zygote:s0 tclass=file permissive=1
01-01 08:00:10.440 315 315 I xiriservice_All: type=1400 audit(0.0:138): avc: denied { search } for name="com.android.permissioncontroller" dev="mmcblk0p25" ino=553 scontext=u:r:init:s0 tcontext=u:object_r:privapp_data_file:s0:c73,c256,c512,c768 tclass=dir permissive=1
01-01 08:00:10.440 311 311 I pgrep : type=1400 audit(0.0:139): avc: denied { getattr } for path="/proc/251" dev="proc" ino=672 scontext=u:r:toolbox:s0 tcontext=u:r:hal_allocator_default:s0 tclass=dir permissive=1
01-01 08:00:10.440 311 311 I pgrep : type=1400 audit(0.0:140): avc: denied { search } for name="251" dev="proc" ino=672 scontext=u:r:toolbox:s0 tcontext=u:r:hal_allocator_default:s0 tclass=dir permissive=1
01-01 08:00:10.440 311 311 I pgrep : type=1400 audit(0.0:141): avc: denied { open } for path="/proc/251/stat" dev="proc" ino=8108 scontext=u:r:toolbox:s0 tcontext=u:r:hal_allocator_default:s0 tclass=file permissive=1
01-01 08:00:10.440 311 311 I pgrep : type=1400 audit(0.0:142): avc: denied { getattr } for path="/proc/252" dev="proc" ino=682 scontext=u:r:toolbox:s0 tcontext=u:r:hal_audio_default:s0 tclass=dir permissive=1
01-01 08:00:10.440 311 311 I pgrep : type=1400 audit(0.0:143): avc: denied { search } for name="252" dev="proc" ino=682 scontext=u:r:toolbox:s0 tcontext=u:r:hal_audio_default:s0 tclass=dir permissive=1
01-01 08:00:10.440 311 311 I pgrep : type=1400 audit(0.0:144): avc: denied { open } for path="/proc/252/stat" dev="proc" ino=8109 scontext=u:r:toolbox:s0 tcontext=u:r:hal_audio_default:s0 tclass=file permissive=1
01-01 08:00:10.440 315 315 I xiriservice_All: type=1400 audit(0.0:145): avc: denied { read } for name="lib" dev="mmcblk0p25" ino=19307 scontext=u:r:init:s0 tcontext=u:object_r:privapp_data_file:s0:c512,c768 tclass=lnk_file permissive=1
01-01 08:00:10.440 311 311 I pgrep : type=1400 audit(0.0:146): avc: denied { getattr } for path="/proc/253" dev="proc" ino=3018 scontext=u:r:toolbox:s0 tcontext=u:r:hal_bluetooth_default:s0 tclass=dir permissive=1
01-01 08:00:10.468 186 186 I hwservicemanager: getTransport: Cannot find entry android.hardware.soundtrigger@2.0::ISoundTriggerHw/default in either framework or device VINTF manifest.
01-01 08:00:10.440 311 311 I pgrep : type=1400 audit(0.0:147): avc: denied { search } for name="253" dev="proc" ino=3018 scontext=u:r:toolbox:s0 tcontext=u:r:hal_bluetooth_default:s0 tclass=dir permissive=1
01-01 08:00:10.440 311 311 I pgrep : type=1400 audit(0.0:148): avc: denied { open } for path="/proc/253/stat" dev="proc" ino=8110 scontext=u:r:toolbox:s0 tcontext=u:r:hal_bluetooth_default:s0 tclass=file permissive=1
01-01 08:00:10.440 311 311 I pgrep : type=1400 audit(0.0:149): avc: denied { getattr } for path="/proc/254" dev="proc" ino=3020 scontext=u:r:toolbox:s0 tcontext=u:r:hal_camera_default:s0 tclass=dir permissive=1
01-01 08:00:10.440 311 311 I pgrep : type=1400 audit(0.0:150): avc: denied { search } for name="254" dev="proc" ino=3020 scontext=u:r:toolbox:s0 tcontext=u:r:hal_camera_default:s0 tclass=dir permissive=1
01-01 08:00:10.440 311 311 I pgrep : type=1400 audit(0.0:151): avc: denied { open } for path="/proc/254/stat" dev="proc" ino=8111 scontext=u:r:toolbox:s0 tcontext=u:r:hal_camera_default:s0 tclass=file permissive=1
01-01 08:00:10.440 311 311 I pgrep : type=1400 audit(0.0:152): avc: denied { getattr } for path="/proc/258" dev="proc" ino=704 scontext=u:r:toolbox:s0 tcontext=u:r:hal_cas_default:s0 tclass=dir permissive=1
01-01 08:00:10.440 311 311 I pgrep : type=1400 audit(0.0:153): avc: denied { search } for name="258" dev="proc" ino=704 scontext=u:r:toolbox:s0 tcontext=u:r:hal_cas_default:s0 tclass=dir permissive=1
01-01 08:00:10.440 311 311 I pgrep : type=1400 audit(0.0:154): avc: denied { open } for path="/proc/258/stat" dev="proc" ino=8114 scontext=u:r:toolbox:s0 tcontext=u:r:hal_cas_default:s0 tclass=file permissive=1
01-01 08:00:10.440 311 311 I pgrep : type=1400 audit(0.0:155): avc: denied { getattr } for path="/proc/259" dev="proc" ino=3036 scontext=u:r:toolbox:s0 tcontext=u:r:hal_gatekeeper_default:s0 tclass=dir permissive=1
01-01 08:00:10.440 311 311 I pgrep : type=1400 audit(0.0:156): avc: denied { search } for name="259" dev="proc" ino=3036 scontext=u:r:toolbox:s0 tcontext=u:r:hal_gatekeeper_default:s0 tclass=dir permissive=1
01-01 08:00:10.469 252 252 E LegacySupport: Could not get passthrough implementation for android.hardware.soundtrigger@2.0::ISoundTriggerHw/default.
01-01 08:00:10.440 311 311 I pgrep : type=1400 audit(0.0:157): avc: denied { open } for path="/proc/259/stat" dev="proc" ino=8115 scontext=u:r:toolbox:s0 tcontext=u:r:hal_gatekeeper_default:s0 tclass=file permissive=1
01-01 08:00:10.470 252 252 W audiohalservice: Could not register Soundtrigger API
01-01 08:00:10.440 311 311 I pgrep : type=1400 audit(0.0:158): avc: denied { getattr } for path="/proc/260" dev="proc" ino=3034 scontext=u:r:toolbox:s0 tcontext=u:r:hal_graphics_allocator_default:s0 tclass=dir permissive=1
01-01 08:00:10.440 311 311 I pgrep : type=1400 audit(0.0:159): avc: denied { search } for name="260" dev="proc" ino=3034 scontext=u:r:toolbox:s0 tcontext=u:r:hal_graphics_allocator_default:s0 tclass=dir permissive=1
01-01 08:00:10.470 254 254 I ExtCamUtils@3.4: loadFromCfg: load external camera config succeed!
01-01 08:00:10.470 254 254 I ExtCamUtils@3.4: loadFromCfg: no internal ignored device specified
01-01 08:00:10.471 254 254 V CamPrvdr@2.4-external: Preferred HAL 3 minor version is 4
01-01 08:00:10.440 311 311 I pgrep : type=1400 audit(0.0:160): avc: denied { open } for path="/proc/260/stat" dev="proc" ino=8116 scontext=u:r:toolbox:s0 tcontext=u:r:hal_graphics_allocator_default:s0 tclass=file permissive=1
01-01 08:00:10.440 311 311 I pgrep : type=1400 audit(0.0:161): avc: denied { getattr } for path="/proc/261" dev="proc" ino=3067 scontext=u:r:toolbox:s0 tcontext=u:r:hal_graphics_composer_default:s0 tclass=dir permissive=1
01-01 08:00:10.440 311 311 I pgrep : type=1400 audit(0.0:162): avc: denied { search } for name="261" dev="proc" ino=3067 scontext=u:r:toolbox:s0 tcontext=u:r:hal_graphics_composer_default:s0 tclass=dir permissive=1
01-01 08:00:10.440 311 311 I pgrep : type=1400 audit(0.0:163): avc: denied { open } for path="/proc/261/stat" dev="proc" ino=8117 scontext=u:r:toolbox:s0 tcontext=u:r:hal_graphics_composer_default:s0 tclass=file permissive=1
01-01 08:00:10.440 311 311 I pgrep : type=1400 audit(0.0:164): avc: denied { getattr } for path="/proc/262" dev="proc" ino=3060 scontext=u:r:toolbox:s0 tcontext=u:r:hal_health_default:s0 tclass=dir permissive=1
01-01 08:00:10.440 311 311 I pgrep : type=1400 audit(0.0:165): avc: denied { search } for name="262" dev="proc" ino=3060 scontext=u:r:toolbox:s0 tcontext=u:r:hal_health_default:s0 tclass=dir permissive=1
01-01 08:00:10.440 311 311 I pgrep : type=1400 audit(0.0:166): avc: denied { open } for path="/proc/262/stat" dev="proc" ino=8118 scontext=u:r:toolbox:s0 tcontext=u:r:hal_health_default:s0 tclass=file permissive=1
01-01 08:00:10.440 311 311 I pgrep : type=1400 audit(0.0:167): avc: denied { getattr } for path="/proc/263" dev="proc" ino=3058 scontext=u:r:toolbox:s0 tcontext=u:r:hal_light_default:s0 tclass=dir permissive=1
01-01 08:00:10.440 311 311 I pgrep : type=1400 audit(0.0:168): avc: denied { search } for name="263" dev="proc" ino=3058 scontext=u:r:toolbox:s0 tcontext=u:r:hal_light_default:s0 tclass=dir permissive=1
01-01 08:00:10.440 311 311 I pgrep : type=1400 audit(0.0:169): avc: denied { open } for path="/proc/263/stat" dev="proc" ino=8119 scontext=u:r:toolbox:s0 tcontext=u:r:hal_light_default:s0 tclass=file permissive=1
01-01 08:00:10.440 311 311 I pgrep : type=1400 audit(0.0:170): avc: denied { getattr } for path="/proc/264" dev="proc" ino=8206 scontext=u:r:toolbox:s0 tcontext=u:r:hal_power_default:s0 tclass=dir permissive=1
01-01 08:00:10.440 311 311 I pgrep : type=1400 audit(0.0:171): avc: denied { search } for name="264" dev="proc" ino=8206 scontext=u:r:toolbox:s0 tcontext=u:r:hal_power_default:s0 tclass=dir permissive=1
01-01 08:00:10.472 186 186 I hwservicemanager: getTransport: Cannot find entry android.hardware.bluetooth.audio@2.1::IBluetoothAudioProvidersFactory/default in either framework or device VINTF manifest.
01-01 08:00:10.440 311 311 I pgrep : type=1400 audit(0.0:172): avc: denied { open } for path="/proc/264/stat" dev="proc" ino=8120 scontext=u:r:toolbox:s0 tcontext=u:r:hal_power_default:s0 tclass=file permissive=1
01-01 08:00:10.440 311 311 I pgrep : type=1400 audit(0.0:173): avc: denied { getattr } for path="/proc/265" dev="proc" ino=774 scontext=u:r:toolbox:s0 tcontext=u:r:hal_tv_cec_default:s0 tclass=dir permissive=1
01-01 08:00:10.440 311 311 I pgrep : type=1400 audit(0.0:174): avc: denied { search } for name="265" dev="proc" ino=774 scontext=u:r:toolbox:s0 tcontext=u:r:hal_tv_cec_default:s0 tclass=dir permissive=1
01-01 08:00:10.440 311 311 I pgrep : type=1400 audit(0.0:175): avc: denied { open } for path="/proc/265/stat" dev="proc" ino=8121 scontext=u:r:toolbox:s0 tcontext=u:r:hal_tv_cec_default:s0 tclass=file permissive=1
01-01 08:00:10.444 311 311 I pgrep : type=1400 audit(0.0:176): avc: denied { getattr } for path="/proc/267" dev="proc" ino=7019 scontext=u:r:toolbox:s0 tcontext=u:r:hal_usb_impl:s0 tclass=dir permissive=1
01-01 08:00:10.444 311 311 I pgrep : type=1400 audit(0.0:177): avc: denied { search } for name="267" dev="proc" ino=7019 scontext=u:r:toolbox:s0 tcontext=u:r:hal_usb_impl:s0 tclass=dir permissive=1
01-01 08:00:10.444 311 311 I pgrep : type=1400 audit(0.0:178): avc: denied { open } for path="/proc/267/stat" dev="proc" ino=8122 scontext=u:r:toolbox:s0 tcontext=u:r:hal_usb_impl:s0 tclass=file permissive=1
01-01 08:00:10.444 311 311 I pgrep : type=1400 audit(0.0:179): avc: denied { getattr } for path="/proc/268" dev="proc" ino=7023 scontext=u:r:toolbox:s0 tcontext=u:r:hal_awdisplayoutput_default:s0 tclass=dir permissive=1
01-01 08:00:10.444 311 311 I pgrep : type=1400 audit(0.0:180): avc: denied { search } for name="268" dev="proc" ino=7023 scontext=u:r:toolbox:s0 tcontext=u:r:hal_awdisplayoutput_default:s0 tclass=dir permissive=1
01-01 08:00:10.444 311 311 I pgrep : type=1400 audit(0.0:181): avc: denied { open } for path="/proc/268/stat" dev="proc" ino=8123 scontext=u:r:toolbox:s0 tcontext=u:r:hal_awdisplayoutput_default:s0 tclass=file permissive=1
01-01 08:00:10.444 315 315 I xiriservice_All: type=1400 audit(0.0:182): avc: denied { search } for name="com.android.internal.systemui.navbar.gestural_wide_back" dev="mmcblk0p25" ino=628 scontext=u:r:init:s0 tcontext=u:object_r:app_data_file:s0:c1,c256,c512,c768 tclass=dir permissive=1
01-01 08:00:10.444 311 311 I pgrep : type=1400 audit(0.0:183): avc: denied { getattr } for path="/proc/269" dev="proc" ino=8212 scontext=u:r:toolbox:s0 tcontext=u:r:hal_rebootescrow_default:s0 tclass=dir permissive=1
01-01 08:00:10.444 311 311 I pgrep : type=1400 audit(0.0:184): avc: denied { read } for scontext=u:r:toolbox:s0 tcontext=u:r:hal_rebootescrow_default:s0 tclass=file permissive=1
01-01 08:00:10.444 311 311 I pgrep : type=1400 audit(0.0:185): avc: denied { search } for name="269" dev="proc" ino=8212 scontext=u:r:toolbox:s0 tcontext=u:r:hal_rebootescrow_default:s0 tclass=dir permissive=1
01-01 08:00:10.444 311 311 I pgrep : type=1400 audit(0.0:186): avc: denied { open } for path="/proc/269/stat" dev="proc" ino=8124 scontext=u:r:toolbox:s0 tcontext=u:r:hal_rebootescrow_default:s0 tclass=file permissive=1
01-01 08:00:10.444 311 311 I pgrep : type=1400 audit(0.0:187): avc: denied { getattr } for path="/proc/270" dev="proc" ino=8289 scontext=u:r:toolbox:s0 tcontext=u:r:audioserver:s0 tclass=dir permissive=1
01-01 08:00:10.474 252 252 E LegacySupport: Could not get passthrough implementation for android.hardware.bluetooth.audio@2.1::IBluetoothAudioProvidersFactory/default.
01-01 08:00:10.444 311 311 I pgrep : type=1400 audit(0.0:188): avc: denied { search } for name="270" dev="proc" ino=8289 scontext=u:r:toolbox:s0 tcontext=u:r:audioserver:s0 tclass=dir permissive=1
01-01 08:00:10.444 311 311 I pgrep : type=1400 audit(0.0:189): avc: denied { open } for path="/proc/270/stat" dev="proc" ino=8125 scontext=u:r:toolbox:s0 tcontext=u:r:audioserver:s0 tclass=file permissive=1
01-01 08:00:10.444 311 311 I pgrep : type=1400 audit(0.0:190): avc: denied { getattr } for path="/proc/272" dev="proc" ino=8291 scontext=u:r:toolbox:s0 tcontext=u:r:credstore:s0 tclass=dir permissive=1
01-01 08:00:10.444 311 311 I pgrep : type=1400 audit(0.0:191): avc: denied { search } for name="272" dev="proc" ino=8291 scontext=u:r:toolbox:s0 tcontext=u:r:credstore:s0 tclass=dir permissive=1
01-01 08:00:10.444 311 311 I pgrep : type=1400 audit(0.0:192): avc: denied { open } for path="/proc/272/stat" dev="proc" ino=8126 scontext=u:r:toolbox:s0 tcontext=u:r:credstore:s0 tclass=file permissive=1
01-01 08:00:10.444 311 311 I pgrep : type=1400 audit(0.0:193): avc: denied { getattr } for path="/proc/280" dev="proc" ino=7095 scontext=u:r:toolbox:s0 tcontext=u:r:gpuservice:s0 tclass=dir permissive=1
01-01 08:00:10.444 315 315 I xiriservice_All: type=1400 audit(0.0:194): avc: denied { search } for name="com.sohu.inputmethod.sogou.tv" dev="mmcblk0p25" ino=1409 scontext=u:r:init:s0 tcontext=u:object_r:app_data_file:s0:c39,c256,c512,c768 tclass=dir permissive=1
01-01 08:00:10.444 311 311 I pgrep : type=1400 audit(0.0:195): avc: denied { read } for scontext=u:r:toolbox:s0 tcontext=u:r:gpuservice:s0 tclass=file permissive=1
01-01 08:00:10.444 311 311 I pgrep : type=1400 audit(0.0:196): avc: denied { search } for name="280" dev="proc" ino=7095 scontext=u:r:toolbox:s0 tcontext=u:r:gpuservice:s0 tclass=dir permissive=1
