05-29 10:20:21.668 2344 2344 I pool-4-thread-1: type=1400 audit(0.0:1022): avc: denied { read } for name="td_database2SaaS" dev="mmcblk0p25" ino=2448 scontext=u:r:platform_app:s0:c512,c768 tcontext=u:object_r:app_data_file:s0:c512,c768 tclass=dir permissive=1 app=com.dangbei.screencast
05-29 10:20:21.668 2344 2344 I pool-4-thread-1: type=1400 audit(0.0:1023): avc: denied { open } for path="/data/user/0/com.dangbei.screencast/files/__database_reborn_January_one__/td_database2SaaS" dev="mmcblk0p25" ino=2448 scontext=u:r:platform_app:s0:c512,c768 tcontext=u:object_r:app_data_file:s0:c512,c768 tclass=dir permissive=1 app=com.dangbei.screencast
05-29 10:20:21.668 2344 2344 I pool-4-thread-1: type=1400 audit(0.0:1024): avc: denied { write } for name="td_database2SaaS" dev="mmcblk0p25" ino=2448 scontext=u:r:platform_app:s0:c512,c768 tcontext=u:object_r:app_data_file:s0:c512,c768 tclass=dir permissive=1 app=com.dangbei.screencast
05-29 10:20:21.668 2344 2344 I pool-4-thread-1: type=1400 audit(0.0:1025): avc: denied { add_name } for name="1748485221664_2344" scontext=u:r:platform_app:s0:c512,c768 tcontext=u:object_r:app_data_file:s0:c512,c768 tclass=dir permissive=1 app=com.dangbei.screencast
05-29 10:20:21.761 476 755 D SntpClient: request time failed: java.net.SocketTimeoutException: Poll timed out
05-29 10:20:22.420 476 521 W IorapForwardingService: No service published for: iorapd
01-01 08:00:44.870 2388 2388 W audit : audit_lost=535 audit_rate_limit=5 audit_backlog_limit=64
01-01 08:00:44.870 2388 2388 E audit : rate limit exceeded
05-29 10:20:22.822 1099 1122 I OpenGLRenderer: Davey! duration=9223371993876ms; Flags=0, FrameTimelineVsyncId=1342, IntendedVsync=42978388782, Vsync=42978388782, InputEventId=0, HandleInputStart=42978931186, AnimationStart=42978938353, PerformTraversalsStart=42980106978, DrawStart=42980764353, FrameDeadline=43011722114, FrameInterval=42978918645, FrameStartTime=16666666, SyncQueued=42981758145, SyncStart=42982031645, IssueDrawCommandsStart=42982877728, SwapBuffers=42990615728, FrameCompleted=9223372036854775807, DequeueBufferDuration=51500, QueueBufferDuration=1476625, GpuCompleted=9223372036854775807, SwapBuffersCompleted=43006817270, DisplayPresentTime=0,
05-29 10:20:22.837 1099 1122 I OpenGLRenderer: Davey! duration=9223371993850ms; Flags=0, FrameTimelineVsyncId=1343, IntendedVsync=42995055274, Vsync=42995055274, InputEventId=0, HandleInputStart=42995738853, AnimationStart=42995745186, PerformTraversalsStart=42997018686, DrawStart=42997575353, FrameDeadline=43028388606, FrameInterval=42995724686, FrameStartTime=16666666, SyncQueued=42998034061, SyncStart=43007134770, IssueDrawCommandsStart=43008402686, SwapBuffers=43023009561, FrameCompleted=9223372036854775807, DequeueBufferDuration=42708, QueueBufferDuration=2015542, GpuCompleted=9223372036854775807, SwapBuffersCompleted=43026009603, DisplayPresentTime=0,
05-29 10:20:22.854 1099 1121 I OpenGLRenderer: Davey! duration=9223371993830ms; Flags=0, FrameTimelineVsyncId=1345, IntendedVsync=43011721766, Vsync=43011721766, InputEventId=0, HandleInputStart=43012537186, AnimationStart=43012543061, PerformTraversalsStart=43013990103, DrawStart=43014217186, FrameDeadline=43045055098, FrameInterval=43012524561, FrameStartTime=16666666, SyncQueued=43014320645, SyncStart=43026410936, IssueDrawCommandsStart=43027916395, SwapBuffers=43035203270, FrameCompleted=9223372036854775807, DequeueBufferDuration=103042, QueueBufferDuration=2795875, GpuCompleted=9223372036854775807, SwapBuffersCompleted=43039232103, DisplayPresentTime=0,
05-29 10:20:22.871 1099 1121 I OpenGLRenderer: Davey! duration=9223371993817ms; Flags=0, FrameTimelineVsyncId=1347, IntendedVsync=43028388258, Vsync=43028388258, InputEventId=0, HandleInputStart=43029057853, AnimationStart=43029060770, PerformTraversalsStart=43030534186, DrawStart=43030761603, FrameDeadline=43061721590, FrameInterval=43029047353, FrameStartTime=16666666, SyncQueued=43030852436, SyncStart=43039689686, IssueDrawCommandsStart=43041145478, SwapBuffers=43048692520, FrameCompleted=9223372036854775807, DequeueBufferDuration=44750, QueueBufferDuration=4925208, GpuCompleted=9223372036854775807, SwapBuffersCompleted=43054557853, DisplayPresentTime=0,
05-29 10:20:22.887 1099 1121 I OpenGLRenderer: Davey! duration=9223371993797ms; Flags=0, FrameTimelineVsyncId=1349, IntendedVsync=43045054750, Vsync=43045054750, InputEventId=0, HandleInputStart=43045684561, AnimationStart=43045688811, PerformTraversalsStart=43046774353, DrawStart=43047374061, FrameDeadline=43078388082, FrameInterval=43045672686, FrameStartTime=16666666, SyncQueued=43047909145, SyncStart=43059687395, IssueDrawCommandsStart=43061114978, SwapBuffers=43071305436, FrameCompleted=9223372036854775807, DequeueBufferDuration=54417, QueueBufferDuration=1305625, GpuCompleted=9223372036854775807, SwapBuffersCompleted=43073287270, DisplayPresentTime=0,
05-29 10:20:22.904 1099 1121 I OpenGLRenderer: Davey! duration=9223371993784ms; Flags=0, FrameTimelineVsyncId=1351, IntendedVsync=43061226340, Vsync=43061226340, InputEventId=0, HandleInputStart=43062978603, AnimationStart=43062984895, PerformTraversalsStart=43064658478, DrawStart=43064866978, FrameDeadline=43094559672, FrameInterval=43062963186, FrameStartTime=16666666, SyncQueued=43064955603, SyncStart=43073620478, IssueDrawCommandsStart=43074634686, SwapBuffers=43085525936, FrameCompleted=9223372036854775807, DequeueBufferDuration=45792, QueueBufferDuration=1586875, GpuCompleted=9223372036854775807, SwapBuffersCompleted=43088334936, DisplayPresentTime=0,
05-29 10:20:22.919 1099 1121 I OpenGLRenderer: Davey! duration=9223371993769ms; Flags=0, FrameTimelineVsyncId=1353, IntendedVsync=43077843188, Vsync=43077843188, InputEventId=0, HandleInputStart=43078600436, AnimationStart=43078607728, PerformTraversalsStart=43079870478, DrawStart=43081402061, FrameDeadline=43111176520, FrameInterval=43078588061, FrameStartTime=16666666, SyncQueued=43081517395, SyncStart=43088791686, IssueDrawCommandsStart=43090138936, SwapBuffers=43098004645, FrameCompleted=9223372036854775807, DequeueBufferDuration=40375, QueueBufferDuration=3937000, GpuCompleted=9223372036854775807, SwapBuffersCompleted=43103741228, DisplayPresentTime=0,
05-29 10:20:22.988 476 660 D WifiNl80211Manager: Scan result ready event
05-29 10:20:22.988 476 660 D WifiNative: Scan result ready event
05-29 10:20:23.077 476 614 D WificondScannerImpl: Filtering out 25 scan results.
05-29 10:20:23.076 1272 1272 I cling--ap-1: type=1400 audit(0.0:1027): avc: denied { search } for name="net" dev="sysfs" ino=10442 scontext=u:r:platform_app:s0:c512,c768 tcontext=u:object_r:sysfs_net:s0 tclass=dir permissive=1 app=com.dangbei.screencast
05-29 10:20:23.108 1099 1099 E hq : NetWorkStateReceiver:::NetWorkStateReceiver onReceive: 网络变化广播 >>>> intent.action=android.net.wifi.SCAN_RESULTS
05-29 10:20:23.119 664 664 E WifiHAL : wifi_get_link_stats: requestResponse Error:-5
05-29 10:20:23.121 476 610 E WifiVendorHal: getWifiLinkLayerStats_1_5_Internal(l.1191) failed {.code = ERROR_INVALID_ARGS, .description = }
05-29 10:20:23.150 1099 1099 W eventbuscore: post Event:com.dangbei.leard.base.entity.event.NetWifiRssiEvent
05-29 10:20:23.220 1099 1121 I OpenGLRenderer: Davey! duration=9223371993456ms; Flags=0, FrameTimelineVsyncId=1387, IntendedVsync=43394499986, Vsync=43394499986, InputEventId=0, HandleInputStart=43395516311, AnimationStart=43395521478, PerformTraversalsStart=43396653520, DrawStart=43396800353, FrameDeadline=43411166652, FrameInterval=43395506686, FrameStartTime=16666666, SyncQueued=43396871895, SyncStart=43400500645, IssueDrawCommandsStart=43401402061, SwapBuffers=43405393561, FrameCompleted=9223372036854775807, DequeueBufferDuration=44834, QueueBufferDuration=1337333, GpuCompleted=9223372036854775807, SwapBuffersCompleted=43407796061, DisplayPresentTime=0,
05-29 10:20:23.422 476 521 W IorapForwardingService: No service published for: iorapd
05-29 10:20:23.437 1099 1121 I OpenGLRenderer: Davey! duration=9223371993259ms; Flags=0, FrameTimelineVsyncId=1411, IntendedVsync=43594613934, Vsync=43594613934, InputEventId=0, HandleInputStart=43595243228, AnimationStart=43595249187, PerformTraversalsStart=43597284728, DrawStart=43597814603, FrameDeadline=43627947266, FrameInterval=43595228853, FrameStartTime=16666666, SyncQueued=43598172895, SyncStart=43598528187, IssueDrawCommandsStart=43599726270, SwapBuffers=43604724603, FrameCompleted=9223372036854775807, DequeueBufferDuration=43750, QueueBufferDuration=1665166, GpuCompleted=9223372036854775807, SwapBuffersCompleted=43618491937, DisplayPresentTime=0,
05-29 10:20:23.569 664 664 E WifiHAL : wifi_get_link_stats: requestResponse Error:-5
05-29 10:20:23.570 476 610 E WifiVendorHal: getWifiLinkLayerStats_1_5_Internal(l.1191) failed {.code = ERROR_INVALID_ARGS, .description = }
05-29 10:20:24.389 476 521 D CompatibilityChangeReporter: Compat change id reported: 168419799; UID 10075; state: DISABLED
05-29 10:20:24.423 476 521 W IorapForwardingService: No service published for: iorapd
05-29 10:20:25.426 476 521 W IorapForwardingService: No service published for: iorapd
05-29 10:20:25.676 1272 1272 I efs-base: type=1400 audit(0.0:1028): avc: denied { rmdir } for name="2344" dev="mmcblk0p25" ino=19873 scontext=u:r:platform_app:s0:c512,c768 tcontext=u:object_r:app_data_file:s0:c512,c768 tclass=dir permissive=1 app=com.dangbei.screencast
05-29 10:20:25.821 1099 1121 I OpenGLRenderer: Davey! duration=9223371990859ms; Flags=0, FrameTimelineVsyncId=1454, IntendedVsync=45994619716, Vsync=45994619716, InputEventId=0, HandleInputStart=45995307188, AnimationStart=45995312438, PerformTraversalsStart=45995557229, DrawStart=45996364146, FrameDeadline=46027953048, FrameInterval=45995296813, FrameStartTime=16666666, SyncQueued=45997682979, SyncStart=45998136521, IssueDrawCommandsStart=45999314396, SwapBuffers=46008462896, FrameCompleted=9223372036854775807, DequeueBufferDuration=57083, QueueBufferDuration=2404542, GpuCompleted=9223372036854775807, SwapBuffersCompleted=46012348479, DisplayPresentTime=0,
05-29 10:20:25.855 1099 1121 I OpenGLRenderer: Davey! duration=9223371990842ms; Flags=0, FrameTimelineVsyncId=1456, IntendedVsync=46011286382, Vsync=46011286382, InputEventId=0, HandleInputStart=46012300188, AnimationStart=46012310479, PerformTraversalsStart=46012683313, DrawStart=46013448146, FrameDeadline=46044619714, FrameInterval=46012283146, FrameStartTime=16666666, SyncQueued=46014123021, SyncStart=46014623229, IssueDrawCommandsStart=46016632604, SwapBuffers=46030020188, FrameCompleted=9223372036854775807, DequeueBufferDuration=54875, QueueBufferDuration=1489000, GpuCompleted=9223372036854775807, SwapBuffersCompleted=46032451854, DisplayPresentTime=0,
05-29 10:20:25.902 1272 1566 I efs.base: wa upload succ, HttpResponse {succ=true, code=200, data='暂不支持该服务', extra={req_url=https://errlog.umeng.com/api/crashsdk/logcollect}}
05-29 10:20:25.903 1099 1121 I OpenGLRenderer: Davey! duration=9223371990791ms; Flags=0, FrameTimelineVsyncId=1461, IntendedVsync=46061717638, Vsync=46061717638, InputEventId=0, HandleInputStart=46062713854, AnimationStart=46062720979, PerformTraversalsStart=46063358604, DrawStart=46065040104, FrameDeadline=46095050970, FrameInterval=46062690979, FrameStartTime=16666666, SyncQueued=46066838063, SyncStart=46068475938, IssueDrawCommandsStart=46069861188, SwapBuffers=46081913854, FrameCompleted=9223372036854775807, DequeueBufferDuration=57167, QueueBufferDuration=1548459, GpuCompleted=9223372036854775807, SwapBuffersCompleted=46094305146, DisplayPresentTime=0,
05-29 10:20:25.921 1099 1121 I OpenGLRenderer: Davey! duration=9223371990762ms; Flags=0, FrameTimelineVsyncId=1463, IntendedVsync=46078384304, Vsync=46078384304, InputEventId=0, HandleInputStart=46079123104, AnimationStart=46079129438, PerformTraversalsStart=46080092854, DrawStart=46080690438, FrameDeadline=46111717636, FrameInterval=46079108563, FrameStartTime=16666666, SyncQueued=46080814979, SyncStart=46094598521, IssueDrawCommandsStart=46095691438, SwapBuffers=46101449896, FrameCompleted=9223372036854775807, DequeueBufferDuration=47250, QueueBufferDuration=5989792, GpuCompleted=9223372036854775807, SwapBuffersCompleted=46108401854, DisplayPresentTime=0,
05-29 10:20:25.937 1099 1121 I OpenGLRenderer: Davey! duration=9223371990747ms; Flags=0, FrameTimelineVsyncId=1465, IntendedVsync=46095051716, Vsync=46095051716, InputEventId=0, HandleInputStart=46096210063, AnimationStart=46096213688, PerformTraversalsStart=46096645146, DrawStart=46096839563, FrameDeadline=46128385048, FrameInterval=46096195438, FrameStartTime=16666666, SyncQueued=46096922896, SyncStart=46108845271, IssueDrawCommandsStart=46110177229, SwapBuffers=46117318771, FrameCompleted=9223372036854775807, DequeueBufferDuration=38125, QueueBufferDuration=5741458, GpuCompleted=9223372036854775807, SwapBuffersCompleted=46123965646, DisplayPresentTime=0,
05-29 10:20:26.408 209 223 I keystore2: keystore2::watchdog: Watchdog thread idle -> terminating. Have a great day.
05-29 10:20:26.428 476 521 W IorapForwardingService: No service published for: iorapd
05-29 10:20:26.585 664 664 E WifiHAL : wifi_get_link_stats: requestResponse Error:-5
05-29 10:20:26.587 476 610 E WifiVendorHal: getWifiLinkLayerStats_1_5_Internal(l.1191) failed {.code = ERROR_INVALID_ARGS, .description = }
05-29 10:20:26.765 476 755 D SntpClient: request time failed: java.net.SocketTimeoutException: Poll timed out
05-29 10:20:26.766 476 755 D SntpClient: request time failed
05-29 10:20:26.958 476 755 D SntpClient: round trip: 178ms, clock offset: 24528407ms
05-29 10:20:26.963 476 519 D AlarmManagerService: Setting time of day to sec=1748509755
05-29 17:09:15.420 476 592 E LazyAlarmStore: Removed TIME_TICK alarm
05-29 17:09:15.422 476 539 I DropBoxManagerService: add tag=system_server_wtf isTagEnabled=true flags=0x2
05-29 17:09:15.429 1186 1186 D bbb : onStartCommand begin !!!!!!! data分区剩余 24603MB
05-29 17:09:15.537 476 539 D CompatibilityChangeReporter: Compat change id reported: 168419799; UID 10028; state: DISABLED
05-29 17:09:15.538 476 476 W Looper : Slow dispatch took 108ms main h=com.android.server.job.JobSchedulerService$JobHandler c=null m=4
05-29 17:09:15.544 476 476 I JobScheduler: RTC now valid; recalculating persisted job windows
05-29 17:09:15.545 476 476 W SyncManager: Clock is valid now.
05-29 17:09:15.545 476 476 D ConditionProviders.SCP: onReceive android.intent.action.TIME_SET
05-29 17:09:15.548 476 476 D ConditionProviders.SCP: evaluateSubscriptionLocked cal=ScheduleCalendar[mDays={1, 2, 3, 4, 5, 6, 7}, mSchedule=ScheduleInfo{days=[1, 2, 3, 4, 5, 6, 7], startHour=22, startMinute=0, endHour=7, endMinute=0, exitAtAlarm=true, nextAlarm=Thu Jan 01 08:00:00 GMT+08:00 1970 (0)}], now=Thu May 29 17:09:15 GMT+08:00 2025 (1748509755545), nextUserAlarmTime=Thu Jan 01 08:00:00 GMT+08:00 1970 (0)
05-29 17:09:15.548 476 476 D ConditionProviders.SCP: notifyCondition condition://android/schedule?days=1.2.3.4.5.6.7&start=22.0&end=7.0&exitAtAlarm=true STATE_FALSE reason=!meetsSchedule
05-29 17:09:15.550 476 476 D ConditionProviders.SCP: Scheduling evaluate for Thu May 29 22:00:00 GMT+08:00 2025 (1748527200000), in +4h50m44s455ms, now=Thu May 29 17:09:15 GMT+08:00 2025 (1748509755545)
05-29 17:09:15.568 476 623 D CompatibilityChangeReporter: Compat change id reported: 143231523; UID 1000; state: DISABLED
05-29 17:09:15.650 476 538 I UsageStatsService: User[0] Time changed in by 24528 seconds
05-29 17:09:15.650 476 538 I UsageStatsService: User[0] Flushing usage stats to disk
05-29 17:09:15.663 476 538 I UsageStatsDatabase: Time changed by +6h48m48s406ms. files deleted: 0 files moved: 4
05-29 17:09:15.669 476 538 I UsageStatsService: User[0] Rollover scheduled @ 2025-05-30 17:08:47(1748596127622)
05-29 17:09:15.836 476 521 W IorapForwardingService: No service published for: iorapd
05-29 17:09:16.298 1272 1272 I cling--ap-2: type=1400 audit(0.0:1029): avc: denied { read } for name="address" dev="sysfs" ino=16906 scontext=u:r:platform_app:s0:c512,c768 tcontext=u:object_r:sysfs_net:s0 tclass=file permissive=1 app=com.dangbei.screencast
05-29 17:09:16.302 1272 1272 I cling--ap-2: type=1400 audit(0.0:1030): avc: denied { open } for path="/sys/devices/virtual/net/dummy0/address" dev="sysfs" ino=16906 scontext=u:r:platform_app:s0:c512,c768 tcontext=u:object_r:sysfs_net:s0 tclass=file permissive=1 app=com.dangbei.screencast
05-29 17:09:16.302 1272 1272 I cling--ap-2: type=1400 audit(0.0:1031): avc: denied { getattr } for path="/sys/devices/virtual/net/dummy0/address" dev="sysfs" ino=16906 scontext=u:r:platform_app:s0:c512,c768 tcontext=u:object_r:sysfs_net:s0 tclass=file permissive=1 app=com.dangbei.screencast
05-29 17:09:16.310 476 592 D CompatibilityChangeReporter: Compat change id reported: 168419799; UID 10015; state: DISABLED
05-29 17:09:16.316 1895 2480 D EpgDataCleanupService: Received intent: Intent { act=com.android.providers.tv.intent.CLEAN_UP_EPG_DATA cmp=com.android.providers.tv/.EpgDataCleanupService }
05-29 17:09:16.316 476 610 E WifiHealthMonitor: Hit PackageManager exception
05-29 17:09:16.316 476 610 E WifiHealthMonitor: android.content.pm.PackageManager$NameNotFoundException: No module info for package: com.android.wifi
05-29 17:09:16.316 476 610 E WifiHealthMonitor: at android.app.ApplicationPackageManager.getModuleInfo(ApplicationPackageManager.java:1079)
05-29 17:09:16.316 476 610 E WifiHealthMonitor: at com.android.server.wifi.WifiHealthMonitor.getWifiStackVersion(WifiHealthMonitor.java:366)
05-29 17:09:16.316 476 610 E WifiHealthMonitor: at com.android.server.wifi.WifiHealthMonitor.extractCurrentSoftwareBuildInfo(WifiHealthMonitor.java:587)
05-29 17:09:16.316 476 610 E WifiHealthMonitor: at com.android.server.wifi.WifiHealthMonitor.postBootSwBuildCheck(WifiHealthMonitor.java:522)
05-29 17:09:16.316 476 610 E WifiHealthMonitor: at com.android.server.wifi.WifiHealthMonitor.postBootDetectionHandler(WifiHealthMonitor.java:513)
05-29 17:09:16.316 476 610 E WifiHealthMonitor: at com.android.server.wifi.WifiHealthMonitor.access$500(WifiHealthMonitor.java:71)
05-29 17:09:16.316 476 610 E WifiHealthMonitor: at com.android.server.wifi.WifiHealthMonitor$2.onAlarm(WifiHealthMonitor.java:190)
05-29 17:09:16.316 476 610 E WifiHealthMonitor: at android.app.AlarmManager$ListenerWrapper.run(AlarmManager.java:323)
05-29 17:09:16.316 476 610 E WifiHealthMonitor: at android.os.Handler.handleCallback(Handler.java:938)
05-29 17:09:16.316 476 610 E WifiHealthMonitor: at android.os.Handler.dispatchMessage(Handler.java:99)
05-29 17:09:16.316 476 610 E WifiHealthMonitor: at android.os.Looper.loopOnce(Looper.java:201)
05-29 17:09:16.316 476 610 E WifiHealthMonitor: at android.os.Looper.loop(Looper.java:288)
05-29 17:09:16.316 476 610 E WifiHealthMonitor: at android.os.HandlerThread.run(HandlerThread.java:67)
05-29 17:09:16.317 664 664 E WifiHAL : wifi_get_driver_version: Error -5 happened.
05-29 17:09:16.317 664 664 E android.hardware.wifi@1.0-service-lazy: Failed to get driver version: INVALID_ARGS
05-29 17:09:16.319 476 610 E WifiVendorHal: requestChipDebugInfo(l.2167) failed {.code = ERROR_INVALID_ARGS, .description = failed to get driver version}
05-29 17:09:16.319 476 610 I WifiVendorHal: Driver: null Firmware: null
05-29 17:09:16.320 664 664 E WifiHAL : wifi_get_driver_version: Error -5 happened.
05-29 17:09:16.320 664 664 E android.hardware.wifi@1.0-service-lazy: Failed to get driver version: INVALID_ARGS
05-29 17:09:16.321 476 610 E WifiVendorHal: requestChipDebugInfo(l.2167) failed {.code = ERROR_INVALID_ARGS, .description = failed to get driver version}
05-29 17:09:16.321 476 610 I WifiVendorHal: Driver: null Firmware: null
05-29 17:09:16.354 246 246 I Binder:246_5: type=1400 audit(0.0:1032): avc: denied { add_name } for name="globalAlert" scontext=u:r:netd:s0 tcontext=u:object_r:proc_net:s0 tclass=dir permissive=1
05-29 17:09:16.354 246 246 I Binder:246_5: type=1400 audit(0.0:1033): avc: denied { create } for name="globalAlert" scontext=u:r:netd:s0 tcontext=u:object_r:proc_net:s0 tclass=file permissive=1
05-29 17:09:16.839 476 521 W IorapForwardingService: No service published for: iorapd
05-29 17:09:16.926 476 579 D WifiNl80211Manager: Scan result ready event
05-29 17:09:16.926 476 579 D WifiNative: Scan result ready event
05-29 17:09:16.981 476 1004 W ZramWriteback: Writeback device is not set
05-29 17:09:16.981 476 1004 D ZramWriteback: wait to flush
05-29 17:09:16.997 476 614 D WificondScannerImpl: Filtering out 42 scan results.
05-29 17:09:17.015 664 664 E WifiHAL : wifi_get_link_stats: requestResponse Error:-5
05-29 17:09:17.016 476 610 E WifiVendorHal: getWifiLinkLayerStats_1_5_Internal(l.1191) failed {.code = ERROR_INVALID_ARGS, .description = }
05-29 17:09:17.244 1099 1121 I OpenGLRenderer: Davey! duration=9223371987859ms; Flags=0, FrameTimelineVsyncId=1599, IntendedVsync=48994611927, Vsync=48994611927, InputEventId=0, HandleInputStart=48995158564, AnimationStart=48995163355, PerformTraversalsStart=48995354355, DrawStart=48996070855, FrameDeadline=49027945259, FrameInterval=48995149564, FrameStartTime=16666666, SyncQueued=48997245230, SyncStart=48997568897, IssueDrawCommandsStart=48998656814, SwapBuffers=49020599272, FrameCompleted=9223372036854775807, DequeueBufferDuration=53625, QueueBufferDuration=1802875, GpuCompleted=9223372036854775807, SwapBuffersCompleted=49023678605, DisplayPresentTime=0,
05-29 17:09:17.310 1099 1121 I OpenGLRenderer: Davey! duration=9223371987797ms; Flags=0, FrameTimelineVsyncId=1603, IntendedVsync=49045060006, Vsync=49045060006, InputEventId=0, HandleInputStart=49047497105, AnimationStart=49047499647, PerformTraversalsStart=49047924230, DrawStart=49048222897, FrameDeadline=49078393338, FrameInterval=49047490647, FrameStartTime=16666666, SyncQueued=49048316230, SyncStart=49060751647, IssueDrawCommandsStart=49061923564, SwapBuffers=49072732355, FrameCompleted=9223372036854775807, DequeueBufferDuration=3671416, QueueBufferDuration=1868083, GpuCompleted=9223372036854775807, SwapBuffersCompleted=49075593730, DisplayPresentTime=0,
05-29 17:09:17.361 1099 1121 I OpenGLRenderer: Davey! duration=9223371987751ms; Flags=0, FrameTimelineVsyncId=1607, IntendedVsync=49078393338, Vsync=49078393338, InputEventId=0, HandleInputStart=49078961980, AnimationStart=49078967439, PerformTraversalsStart=49079220272, DrawStart=49079793647, FrameDeadline=49111726670, FrameInterval=49078952147, FrameStartTime=16666666, SyncQueued=49080384522, SyncStart=49105217314, IssueDrawCommandsStart=49106446189, SwapBuffers=49118321314, FrameCompleted=9223372036854775807, DequeueBufferDuration=63250, QueueBufferDuration=1766167, GpuCompleted=9223372036854775807, SwapBuffersCompleted=49131118272, DisplayPresentTime=0,
05-29 17:09:17.843 476 521 W IorapForwardingService: No service published for: iorapd
05-29 17:09:17.876 1128 1128 D aaa : LedStatusService onStartCommand begin
05-29 17:09:17.877 1186 1186 D bbb : onStartCommand begin !!!!!!! data分区剩余 24603MB
05-29 17:09:17.877 1128 2490 D aaa : topPkg is -------------- :com.dangbei.leard.leradlauncher
05-29 17:09:17.882 1128 2490 D aaa : WiFi is connect
05-29 17:09:18.006 664 664 E WifiHAL : wifi_get_link_stats: requestResponse Error:-5
05-29 17:09:18.009 476 610 E WifiVendorHal: getWifiLinkLayerStats_1_5_Internal(l.1191) failed {.code = ERROR_INVALID_ARGS, .description = }
05-29 17:09:18.625 2121 2188 D UtilLog : 日志批量上报 进行正常循环 !!!!!!本次有0次请求,共0条数据
05-29 17:09:18.844 476 521 W IorapForwardingService: No service published for: iorapd
05-29 17:09:19.847 476 521 W IorapForwardingService: No service published for: iorapd
05-29 17:09:20.245 1099 1121 I OpenGLRenderer: Davey! duration=9223371984859ms; Flags=0, FrameTimelineVsyncId=1766, IntendedVsync=51994633190, Vsync=51994633190, InputEventId=0, HandleInputStart=51995380148, AnimationStart=51995386148, PerformTraversalsStart=51995613440, DrawStart=51996355648, FrameDeadline=52011299856, FrameInterval=51995370440, FrameStartTime=16666666, SyncQueued=51997569107, SyncStart=51997942440, IssueDrawCommandsStart=51999127357, SwapBuffers=52024230440, FrameCompleted=9223372036854775807, DequeueBufferDuration=62666, QueueBufferDuration=1768583, GpuCompleted=9223372036854775807, SwapBuffersCompleted=52027302440, DisplayPresentTime=0,
05-29 17:09:20.259 1099 1121 I OpenGLRenderer: Davey! duration=9223371984836ms; Flags=0, FrameTimelineVsyncId=1767, IntendedVsync=52011299955, Vsync=52011299955, InputEventId=0, HandleInputStart=52012116940, AnimationStart=52012124648, PerformTraversalsStart=52012531940, DrawStart=52013224315, FrameDeadline=52044633287, FrameInterval=52012101815, FrameStartTime=16666666, SyncQueued=52020946190, SyncStart=52027597773, IssueDrawCommandsStart=52029171607, SwapBuffers=52042434107, FrameCompleted=9223372036854775807, DequeueBufferDuration=54167, QueueBufferDuration=1224541, GpuCompleted=9223372036854775807, SwapBuffersCompleted=52044269815, DisplayPresentTime=0,
05-29 17:09:20.278 1099 1121 I OpenGLRenderer: Davey! duration=9223371984813ms; Flags=0, FrameTimelineVsyncId=1769, IntendedVsync=52027966720, Vsync=52027966720, InputEventId=0, HandleInputStart=52030342315, AnimationStart=52030713273, PerformTraversalsStart=52031053357, DrawStart=52031203648, FrameDeadline=52061300052, FrameInterval=52030331690, FrameStartTime=16666666, SyncQueued=52031275690, SyncStart=52044584398, IssueDrawCommandsStart=52045797065, SwapBuffers=52051981357, FrameCompleted=9223372036854775807, DequeueBufferDuration=43834, QueueBufferDuration=5180250, GpuCompleted=9223372036854775807, SwapBuffersCompleted=52058859857, DisplayPresentTime=0,
05-29 17:09:20.293 1099 1122 I OpenGLRenderer: Davey! duration=9223371984797ms; Flags=0, FrameTimelineVsyncId=1771, IntendedVsync=52044633485, Vsync=52044633485, InputEventId=0, HandleInputStart=52046235398, AnimationStart=52046239607, PerformTraversalsStart=52046644107, DrawStart=52046890898, FrameDeadline=52077966817, FrameInterval=52046226565, FrameStartTime=16666666, SyncQueued=52046987648, SyncStart=52059575399, IssueDrawCommandsStart=52060998690, SwapBuffers=52069073607, FrameCompleted=9223372036854775807, DequeueBufferDuration=52166, QueueBufferDuration=4309958, GpuCompleted=9223372036854775807, SwapBuffersCompleted=52074299607, DisplayPresentTime=0,
05-29 17:09:20.326 1099 1121 I OpenGLRenderer: Davey! duration=9223371984763ms; Flags=0, FrameTimelineVsyncId=1775, IntendedVsync=52077949040, Vsync=52077949040, InputEventId=0, HandleInputStart=52078592565, AnimationStart=52078596857, PerformTraversalsStart=52078892940, DrawStart=52079443482, FrameDeadline=52111282372, FrameInterval=52078581690, FrameStartTime=16666666, SyncQueued=52080319774, SyncStart=52093894065, IssueDrawCommandsStart=52094937399, SwapBuffers=52104166524, FrameCompleted=9223372036854775807, DequeueBufferDuration=49333, QueueBufferDuration=1538584, GpuCompleted=9223372036854775807, SwapBuffersCompleted=52110433274, DisplayPresentTime=0,
05-29 17:09:20.344 1099 1121 I OpenGLRenderer: Davey! duration=9223371984745ms; Flags=0, FrameTimelineVsyncId=1777, IntendedVsync=52094617206, Vsync=52094617206, InputEventId=0, HandleInputStart=52095295232, AnimationStart=52095298024, PerformTraversalsStart=52095581399, DrawStart=52095751065, FrameDeadline=52127950538, FrameInterval=52095288274, FrameStartTime=16666666, SyncQueued=52095821149, SyncStart=52110714190, IssueDrawCommandsStart=52112060065, SwapBuffers=52118278065, FrameCompleted=9223372036854775807, DequeueBufferDuration=43292, QueueBufferDuration=6274625, GpuCompleted=9223372036854775807, SwapBuffersCompleted=52125665440, DisplayPresentTime=0,
05-29 17:09:20.361 1099 1121 I OpenGLRenderer: Davey! duration=9223371984730ms; Flags=0, FrameTimelineVsyncId=1779, IntendedVsync=52111282832, Vsync=52111282832, InputEventId=0, HandleInputStart=52112491940, AnimationStart=52112494149, PerformTraversalsStart=52113016732, DrawStart=52113216982, FrameDeadline=52144616164, FrameInterval=52112479774, FrameStartTime=16666666, SyncQueued=52113416065, SyncStart=52126153607, IssueDrawCommandsStart=52127456690, SwapBuffers=52135440065, FrameCompleted=9223372036854775807, DequeueBufferDuration=47291, QueueBufferDuration=4619291, GpuCompleted=9223372036854775807, SwapBuffersCompleted=52141120357, DisplayPresentTime=0,
05-29 17:09:20.849 476 521 W IorapForwardingService: No service published for: iorapd
05-29 17:09:21.026 664 664 E WifiHAL : wifi_get_link_stats: requestResponse Error:-5
05-29 17:09:21.029 476 610 E WifiVendorHal: getWifiLinkLayerStats_1_5_Internal(l.1191) failed {.code = ERROR_INVALID_ARGS, .description = }
05-29 17:09:21.852 476 521 W IorapForwardingService: No service published for: iorapd
05-29 17:09:22.854 476 521 W IorapForwardingService: No service published for: iorapd
05-29 17:09:23.196 265 291 D hdmi-cec: receive invalid cec message!
05-29 17:09:23.196 265 291 D hdmi-cec: receive poll message [04], skip!
05-29 17:09:23.245 1099 1121 I OpenGLRenderer: Davey! duration=9223371981859ms; Flags=0, FrameTimelineVsyncId=1963, IntendedVsync=54994618194, Vsync=54994618194, InputEventId=1071569315, HandleInputStart=54995195442, AnimationStart=54996804192, PerformTraversalsStart=54996940525, DrawStart=54997972483, FrameDeadline=55027951526, FrameInterval=54995182983, FrameStartTime=16666666, SyncQueued=55000836567, SyncStart=55001132192, IssueDrawCommandsStart=55002263067, SwapBuffers=55023206483, FrameCompleted=9223372036854775807, DequeueBufferDuration=60625, QueueBufferDuration=1853042, GpuCompleted=9223372036854775807, SwapBuffersCompleted=55026618192, DisplayPresentTime=0,
05-29 17:09:23.279 1099 1121 I OpenGLRenderer: Davey! duration=9223371981839ms; Flags=0, FrameTimelineVsyncId=1965, IntendedVsync=55011284861, Vsync=55011284861, InputEventId=713420127, HandleInputStart=55011851525, AnimationStart=55014530525, PerformTraversalsStart=55014700067, DrawStart=55016852483, FrameDeadline=55044618193, FrameInterval=55011838608, FrameStartTime=16666666, SyncQueued=55022679442, SyncStart=55026906608, IssueDrawCommandsStart=55030893608, SwapBuffers=55045107275, FrameCompleted=9223372036854775807, DequeueBufferDuration=83750, QueueBufferDuration=1131083, GpuCompleted=9223372036854775807, SwapBuffersCompleted=55048361525, DisplayPresentTime=0,
05-29 17:09:23.293 1099 1121 I OpenGLRenderer: Davey! duration=9223371981812ms; Flags=0, FrameTimelineVsyncId=1967, IntendedVsync=55027951848, Vsync=55027951848, InputEventId=763010432, HandleInputStart=55031745608, AnimationStart=55033940275, PerformTraversalsStart=55034189900, DrawStart=55034379525, FrameDeadline=55061285180, FrameInterval=55031734567, FrameStartTime=16666666, SyncQueued=55034463817, SyncStart=55048720817, IssueDrawCommandsStart=55049859650, SwapBuffers=55058866942, FrameCompleted=9223372036854775807, DequeueBufferDuration=47292, QueueBufferDuration=3269042, GpuCompleted=9223372036854775807, SwapBuffersCompleted=55063459567, DisplayPresentTime=0,
05-29 17:09:23.310 1099 1121 I OpenGLRenderer: Davey! duration=9223371981794ms; Flags=0, FrameTimelineVsyncId=1968, IntendedVsync=55044618532, Vsync=55044618532, InputEventId=972473147, HandleInputStart=55050594108, AnimationStart=55052965192, PerformTraversalsStart=55053492442, DrawStart=55053738067, FrameDeadline=55077951864, FrameInterval=55050581233, FrameStartTime=16666666, SyncQueued=55053820108, SyncStart=55069176192, IssueDrawCommandsStart=55070311817, SwapBuffers=55079422775, FrameCompleted=9223372036854775807, DequeueBufferDuration=59333, QueueBufferDuration=1375667, GpuCompleted=9223372036854775807, SwapBuffersCompleted=55082040150, DisplayPresentTime=0,
05-29 17:09:23.328 1099 1121 I OpenGLRenderer: Davey! duration=9223371981793ms; Flags=0, FrameTimelineVsyncId=1970, IntendedVsync=55061285168, Vsync=55061285168, InputEventId=71753484, HandleInputStart=55073097025, AnimationStart=55085839567, PerformTraversalsStart=55085961817, DrawStart=55086684650, FrameDeadline=55094618500, FrameInterval=55073082317, FrameStartTime=16666666, SyncQueued=55088603150, SyncStart=55088934233, IssueDrawCommandsStart=55090507067, SwapBuffers=55105194567, FrameCompleted=9223372036854775807, DequeueBufferDuration=64958, QueueBufferDuration=2018875, GpuCompleted=9223372036854775807, SwapBuffersCompleted=55108555817, DisplayPresentTime=0,
05-29 17:09:23.344 1099 1121 I OpenGLRenderer: Davey! duration=9223371981750ms; Flags=0, FrameTimelineVsyncId=1974, IntendedVsync=55094618415, Vsync=55094618415, InputEventId=371420299, HandleInputStart=55095620275, AnimationStart=55098376025, PerformTraversalsStart=55098562400, DrawStart=55098721608, FrameDeadline=55127951747, FrameInterval=55095610733, FrameStartTime=16666666, SyncQueued=55098799483, SyncStart=55108947483, IssueDrawCommandsStart=55110664775, SwapBuffers=55119673692, FrameCompleted=9223372036854775807, DequeueBufferDuration=48333, QueueBufferDuration=2319000, GpuCompleted=9223372036854775807, SwapBuffersCompleted=55123213067, DisplayPresentTime=0,
05-29 17:09:23.360 1099 1121 I OpenGLRenderer: Davey! duration=9223371981733ms; Flags=0, FrameTimelineVsyncId=1976, IntendedVsync=55111285087, Vsync=55111285087, InputEventId=1062340276, HandleInputStart=55111802275, AnimationStart=55112725400, PerformTraversalsStart=55112887192, DrawStart=55113140400, FrameDeadline=55144618419, FrameInterval=55111793150, FrameStartTime=16666666, SyncQueued=55113209942, SyncStart=55123584817, IssueDrawCommandsStart=55124985108, SwapBuffers=55132780733, FrameCompleted=9223372036854775807, DequeueBufferDuration=51375, QueueBufferDuration=4736500, GpuCompleted=9223372036854775807, SwapBuffersCompleted=55138930525, DisplayPresentTime=0,
05-29 17:09:23.564 1099 1121 I OpenGLRenderer: Davey! duration=9223371981542ms; Flags=0, FrameTimelineVsyncId=2000, IntendedVsync=55311284601, Vsync=55311284601, InputEventId=211168255, HandleInputStart=55311855775, AnimationStart=55313656525, PerformTraversalsStart=55313903900, DrawStart=55314107192, FrameDeadline=55344617933, FrameInterval=55311841858, FrameStartTime=16666666, SyncQueued=55314178692, SyncStart=55315512442, IssueDrawCommandsStart=55317664400, SwapBuffers=55327399983, FrameCompleted=9223372036854775807, DequeueBufferDuration=7100459, QueueBufferDuration=1258750, GpuCompleted=9223372036854775807, SwapBuffersCompleted=55329385608, DisplayPresentTime=0,
05-29 17:09:23.580 1099 1121 I OpenGLRenderer: Davey! duration=9223371981526ms; Flags=0, FrameTimelineVsyncId=2002, IntendedVsync=55327951756, Vsync=55327951756, InputEventId=590511735, HandleInputStart=55328778733, AnimationStart=55330256317, PerformTraversalsStart=55330460858, DrawStart=55330638567, FrameDeadline=55361285088, FrameInterval=55328766192, FrameStartTime=16666666, SyncQueued=55330702900, SyncStart=55331092067, IssueDrawCommandsStart=55334025900, SwapBuffers=55340275233, FrameCompleted=9223372036854775807, DequeueBufferDuration=2421750, QueueBufferDuration=9085000, GpuCompleted=9223372036854775807, SwapBuffersCompleted=55351075817, DisplayPresentTime=0,
05-29 17:09:23.598 1099 1121 I OpenGLRenderer: Davey! duration=9223371981505ms; Flags=0, FrameTimelineVsyncId=2004, IntendedVsync=55344618449, Vsync=55344618449, InputEventId=163553211, HandleInputStart=55345063650, AnimationStart=55346173650, PerformTraversalsStart=55346344483, DrawStart=55346519858, FrameDeadline=55377951781, FrameInterval=55345052233, FrameStartTime=16666666, SyncQueued=55346583483, SyncStart=55351369692, IssueDrawCommandsStart=55353550733, SwapBuffers=55356176400, FrameCompleted=9223372036854775807, DequeueBufferDuration=47000, QueueBufferDuration=10640208, GpuCompleted=9223372036854775807, SwapBuffersCompleted=55367735900, DisplayPresentTime=0,
05-29 17:09:23.613 1099 1121 I OpenGLRenderer: Davey! duration=9223371981488ms; Flags=0, FrameTimelineVsyncId=2006, IntendedVsync=55361284115, Vsync=55361284115, InputEventId=338984042, HandleInputStart=55361682358, AnimationStart=55362758817, PerformTraversalsStart=55362935150, DrawStart=55363114817, FrameDeadline=55394617447, FrameInterval=55361672900, FrameStartTime=16666666, SyncQueued=55363161567, SyncStart=55368170692, IssueDrawCommandsStart=55369927025, SwapBuffers=55372837817, FrameCompleted=9223372036854775807, DequeueBufferDuration=45583, QueueBufferDuration=10460625, GpuCompleted=9223372036854775807, SwapBuffersCompleted=55384569858, DisplayPresentTime=0,
05-29 17:09:23.860 476 521 W IorapForwardingService: No service published for: iorapd
05-29 17:09:24.044 664 664 E WifiHAL : wifi_get_link_stats: requestResponse Error:-5
05-29 17:09:24.047 476 610 E WifiVendorHal: getWifiLinkLayerStats_1_5_Internal(l.1191) failed {.code = ERROR_INVALID_ARGS, .description = }
05-29 17:09:24.862 476 521 W IorapForwardingService: No service published for: iorapd
05-29 17:09:25.641 476 599 D TvWindowManager: key event key = KEYCODE_BACK down = true
05-29 17:09:25.643 476 599 W SoundPool: Use of stream types is deprecated for operations other than volume control
05-29 17:09:25.643 476 599 W SoundPool: See the documentation of SoundPool() for what to use instead with android.media.AudioAttributes to qualify your playback use case
05-29 17:09:25.647 476 598 D GpioService: mFlickerEnable = true
05-29 17:09:25.680 476 2495 D MediaCodecList: codecHandlesFormat: no format, so no extra checks
05-29 17:09:25.684 476 2497 D CCodec : allocate(c2.android.vorbis.decoder)
05-29 17:09:25.684 476 2496 D MediaCodecList: codecHandlesFormat: no format, so no extra checks
05-29 17:09:25.685 376 417 V C2Store : in init
05-29 17:09:25.686 376 417 V C2Store : loading dll
05-29 17:09:25.693 476 2497 I CCodec : Created component [c2.android.vorbis.decoder]
05-29 17:09:25.694 476 2498 D CCodec : allocate(c2.android.vorbis.decoder)
05-29 17:09:25.694 476 2497 D CCodecConfig: read media type: audio/vorbis
05-29 17:09:25.697 476 2498 I CCodec : Created component [c2.android.vorbis.decoder]
05-29 17:09:25.697 476 2498 D CCodecConfig: read media type: audio/vorbis
05-29 17:09:25.697 476 2497 D ReflectedParamUpdater: extent() != 1 for single value type: algo.buffers.max-count.values
05-29 17:09:25.698 476 2497 D ReflectedParamUpdater: extent() != 1 for single value type: output.subscribed-indices.values
05-29 17:09:25.698 476 2497 D ReflectedParamUpdater: extent() != 1 for single value type: input.buffers.allocator-ids.values
05-29 17:09:25.698 476 2497 D ReflectedParamUpdater: extent() != 1 for single value type: output.buffers.allocator-ids.values
05-29 17:09:25.698 476 2497 D ReflectedParamUpdater: extent() != 1 for single value type: algo.buffers.allocator-ids.values
05-29 17:09:25.698 476 2497 D ReflectedParamUpdater: extent() != 1 for single value type: output.buffers.pool-ids.values
05-29 17:09:25.698 476 2497 D ReflectedParamUpdater: extent() != 1 for single value type: algo.buffers.pool-ids.values
05-29 17:09:25.700 476 2498 D ReflectedParamUpdater: extent() != 1 for single value type: algo.buffers.max-count.values
05-29 17:09:25.701 476 2498 D ReflectedParamUpdater: extent() != 1 for single value type: output.subscribed-indices.values
05-29 17:09:25.701 476 2497 I CCodecConfig: query failed after returning 7 values (BAD_INDEX)
05-29 17:09:25.701 476 2498 D ReflectedParamUpdater: extent() != 1 for single value type: input.buffers.allocator-ids.values
05-29 17:09:25.701 476 2498 D ReflectedParamUpdater: extent() != 1 for single value type: output.buffers.allocator-ids.values
05-29 17:09:25.701 476 2497 D CCodecConfig: c2 config diff is Dict {
05-29 17:09:25.701 476 2497 D CCodecConfig: c2::u32 coded.bitrate.value = 64000
05-29 17:09:25.701 476 2497 D CCodecConfig: c2::u32 input.buffers.max-size.value = 32768
05-29 17:09:25.701 476 2497 D CCodecConfig: c2::u32 input.delay.value = 0
05-29 17:09:25.701 476 2497 D CCodecConfig: string input.media-type.value = "audio/vorbis"
05-29 17:09:25.701 476 2497 D CCodecConfig: string output.media-type.value = "audio/raw"
05-29 17:09:25.701 476 2497 D CCodecConfig: c2::u32 raw.channel-count.value = 1
05-29 17:09:25.701 476 2497 D CCodecConfig: c2::u32 raw.sample-rate.value = 48000
05-29 17:09:25.701 476 2497 D CCodecConfig: }
05-29 17:09:25.701 476 2498 D ReflectedParamUpdater: extent() != 1 for single value type: algo.buffers.allocator-ids.values
05-29 17:09:25.701 476 2498 D ReflectedParamUpdater: extent() != 1 for single value type: output.buffers.pool-ids.values
05-29 17:09:25.701 476 2498 D ReflectedParamUpdater: extent() != 1 for single value type: algo.buffers.pool-ids.values
05-29 17:09:25.703 476 2497 D CCodec : [c2.android.vorbis.decoder] buffers are bound to CCodec for this session
05-29 17:09:25.703 476 2497 D CCodecConfig: no c2 equivalents for durationUs
05-29 17:09:25.703 476 2497 D CCodecConfig: no c2 equivalents for track-id
05-29 17:09:25.703 476 2497 D CCodecConfig: no c2 equivalents for csd-1
05-29 17:09:25.703 476 2497 D CCodecConfig: no c2 equivalents for channel-mask
05-29 17:09:25.703 476 2497 D CCodecConfig: no c2 equivalents for flags
05-29 17:09:25.704 476 2497 D CCodecConfig: c2 config diff is c2::u32 coded.bitrate.value = 112000
05-29 17:09:25.704 476 2497 D CCodecConfig: c2::u32 raw.channel-count.value = 2
05-29 17:09:25.704 476 2497 D CCodecConfig: c2::u32 raw.sample-rate.value = 44100
05-29 17:09:25.704 476 2498 I CCodecConfig: query failed after returning 7 values (BAD_INDEX)
05-29 17:09:25.704 476 2498 D CCodecConfig: c2 config diff is Dict {
05-29 17:09:25.704 476 2498 D CCodecConfig: c2::u32 coded.bitrate.value = 64000
05-29 17:09:25.704 476 2498 D CCodecConfig: c2::u32 input.buffers.max-size.value = 32768
05-29 17:09:25.704 476 2498 D CCodecConfig: c2::u32 input.delay.value = 0
05-29 17:09:25.704 476 2498 D CCodecConfig: string input.media-type.value = "audio/vorbis"
05-29 17:09:25.704 476 2498 D CCodecConfig: string output.media-type.value = "audio/raw"
05-29 17:09:25.704 476 2498 D CCodecConfig: c2::u32 raw.channel-count.value = 1
05-29 17:09:25.704 476 2498 D CCodecConfig: c2::u32 raw.sample-rate.value = 48000
05-29 17:09:25.704 476 2498 D CCodecConfig: }
05-29 17:09:25.705 476 2497 W Codec2Client: query -- param skipped: index = 1107298332.
05-29 17:09:25.705 476 2497 D CCodec : setup formats input: AMessage(what = 0x00000000) = {
05-29 17:09:25.705 476 2497 D CCodec : int32_t bitrate = 112000
05-29 17:09:25.705 476 2497 D CCodec : int32_t channel-count = 2
05-29 17:09:25.705 476 2497 D CCodec : int32_t max-input-size = 32768
05-29 17:09:25.705 476 2497 D CCodec : string mime = "audio/vorbis"
05-29 17:09:25.705 476 2497 D CCodec : int32_t sample-rate = 44100
05-29 17:09:25.705 476 2497 D CCodec : }
05-29 17:09:25.705 476 2497 D CCodec : setup formats output: AMessage(what = 0x00000000) = {
05-29 17:09:25.705 476 2497 D CCodec : int32_t channel-count = 2
05-29 17:09:25.705 476 2497 D CCodec : string mime = "audio/raw"
05-29 17:09:25.705 476 2497 D CCodec : int32_t sample-rate = 44100
05-29 17:09:25.705 476 2497 D CCodec : int32_t channel-mask = 3
05-29 17:09:25.705 476 2497 D CCodec : }
05-29 17:09:25.705 476 2498 D CCodec : [c2.android.vorbis.decoder] buffers are bound to CCodec for this session
05-29 17:09:25.705 476 2498 D CCodecConfig: no c2 equivalents for durationUs
05-29 17:09:25.705 476 2497 I CCodecConfig: query failed after returning 7 values (BAD_INDEX)
05-29 17:09:25.705 476 2498 D CCodecConfig: no c2 equivalents for track-id
05-29 17:09:25.705 476 2498 D CCodecConfig: no c2 equivalents for csd-1
05-29 17:09:25.706 476 2498 D CCodecConfig: no c2 equivalents for channel-mask
05-29 17:09:25.706 476 2498 D CCodecConfig: no c2 equivalents for flags
05-29 17:09:25.706 476 2498 D CCodecConfig: c2 config diff is c2::u32 coded.bitrate.value = 112000
05-29 17:09:25.706 476 2498 D CCodecConfig: c2::u32 raw.channel-count.value = 2
05-29 17:09:25.706 476 2498 D CCodecConfig: c2::u32 raw.sample-rate.value = 44100
05-29 17:09:25.707 476 2497 W Codec2Client: query -- param skipped: index = 1342179345.
05-29 17:09:25.707 476 2497 W Codec2Client: query -- param skipped: index = 2415921170.
05-29 17:09:25.708 476 2498 W Codec2Client: query -- param skipped: index = 1107298332.
05-29 17:09:25.708 476 2498 D CCodec : setup formats input: AMessage(what = 0x00000000) = {
05-29 17:09:25.708 476 2498 D CCodec : int32_t bitrate = 112000
05-29 17:09:25.708 476 2498 D CCodec : int32_t channel-count = 2
05-29 17:09:25.708 476 2498 D CCodec : int32_t max-input-size = 32768
05-29 17:09:25.708 476 2498 D CCodec : string mime = "audio/vorbis"
05-29 17:09:25.708 476 2498 D CCodec : int32_t sample-rate = 44100
05-29 17:09:25.708 476 2498 D CCodec : }
05-29 17:09:25.708 476 2498 D CCodec : setup formats output: AMessage(what = 0x00000000) = {
05-29 17:09:25.708 476 2498 D CCodec : int32_t channel-count = 2
05-29 17:09:25.708 476 2498 D CCodec : string mime = "audio/raw"
05-29 17:09:25.708 476 2498 D CCodec : int32_t sample-rate = 44100
05-29 17:09:25.708 476 2498 D CCodec : int32_t channel-mask = 3
05-29 17:09:25.708 476 2498 D CCodec : }
05-29 17:09:25.708 476 2498 I CCodecConfig: query failed after returning 7 values (BAD_INDEX)
05-29 17:09:25.709 376 843 D BufferPoolAccessor2.0: bufferpool2 0xed0682d8 : 0(0 size) total buffers - 0(0 size) used buffers - 141/145 (recycle/alloc) - 4/144 (fetch/transfer)
05-29 17:09:25.709 476 2498 W Codec2Client: query -- param skipped: index = 1342179345.
05-29 17:09:25.709 476 2498 W Codec2Client: query -- param skipped: index = 2415921170.
05-29 17:09:25.709 376 843 D BufferPoolAccessor2.0: Destruction - bufferpool2 0xed0682d8 cached: 0/0M, 0/0% in use; allocs: 145, 97% recycled; transfers: 144, 97% unfetched
05-29 17:09:25.709 376 935 D BufferPoolAccessor2.0: bufferpool2 0xed068058 : 0(0 size) total buffers - 0(0 size) used buffers - 141/145 (recycle/alloc) - 4/144 (fetch/transfer)
05-29 17:09:25.709 376 935 D BufferPoolAccessor2.0: Destruction - bufferpool2 0xed068058 cached: 0/0M, 0/0% in use; allocs: 145, 97% recycled; transfers: 144, 97% unfetched
05-29 17:09:25.709 376 935 D BufferPoolAccessor2.0: bufferpool2 0xed068558 : 0(0 size) total buffers - 0(0 size) used buffers - 14/19 (recycle/alloc) - 5/18 (fetch/transfer)
05-29 17:09:25.709 376 935 D BufferPoolAccessor2.0: Destruction - bufferpool2 0xed068558 cached: 0/0M, 0/0% in use; allocs: 19, 74% recycled; transfers: 18, 72% unfetched
05-29 17:09:25.709 376 843 D BufferPoolAccessor2.0: bufferpool2 0xed0691d8 : 0(0 size) total buffers - 0(0 size) used buffers - 16/21 (recycle/alloc) - 5/20 (fetch/transfer)
05-29 17:09:25.710 376 843 D BufferPoolAccessor2.0: Destruction - bufferpool2 0xed0691d8 cached: 0/0M, 0/0% in use; allocs: 21, 76% recycled; transfers: 20, 75% unfetched
05-29 17:09:25.710 376 840 D BufferPoolAccessor2.0: bufferpool2 0xed068418 : 0(0 size) total buffers - 0(0 size) used buffers - 31/36 (recycle/alloc) - 6/35 (fetch/transfer)
05-29 17:09:25.710 376 840 D BufferPoolAccessor2.0: Destruction - bufferpool2 0xed068418 cached: 0/0M, 0/0% in use; allocs: 36, 86% recycled; transfers: 35, 83% unfetched
05-29 17:09:25.710 476 2497 D CCodecBufferChannel: [c2.android.vorbis.decoder#801] Created input block pool with allocatorID 16 => poolID 23 - OK (0)
05-29 17:09:25.710 376 843 D BufferPoolAccessor2.0: bufferpool2 0xed069318 : 0(0 size) total buffers - 0(0 size) used buffers - 30/32 (recycle/alloc) - 2/31 (fetch/transfer)
05-29 17:09:25.710 376 843 D BufferPoolAccessor2.0: Destruction - bufferpool2 0xed069318 cached: 0/0M, 0/0% in use; allocs: 32, 94% recycled; transfers: 31, 94% unfetched
05-29 17:09:25.710 476 2498 D CCodecBufferChannel: [c2.android.vorbis.decoder#28] Created input block pool with allocatorID 16 => poolID 24 - OK (0)
05-29 17:09:25.711 476 557 D BufferPoolAccessor2.0: bufferpool2 0xe8083f98 : 0(0 size) total buffers - 0(0 size) used buffers - 2/7 (recycle/alloc) - 6/294 (fetch/transfer)
05-29 17:09:25.711 476 557 D BufferPoolAccessor2.0: Destruction - bufferpool2 0xe8083f98 cached: 0/0M, 0/0% in use; allocs: 7, 29% recycled; transfers: 294, 98% unfetched
05-29 17:09:25.711 476 639 D BufferPoolAccessor2.0: bufferpool2 0xe8083d18 : 0(0 size) total buffers - 0(0 size) used buffers - 2/7 (recycle/alloc) - 6/294 (fetch/transfer)
05-29 17:09:25.711 476 639 D BufferPoolAccessor2.0: Destruction - bufferpool2 0xe8083d18 cached: 0/0M, 0/0% in use; allocs: 7, 29% recycled; transfers: 294, 98% unfetched
05-29 17:09:25.711 476 939 D BufferPoolAccessor2.0: bufferpool2 0xe64f3e18 : 0(0 size) total buffers - 0(0 size) used buffers - 2/7 (recycle/alloc) - 6/42 (fetch/transfer)
05-29 17:09:25.712 476 939 D BufferPoolAccessor2.0: Destruction - bufferpool2 0xe64f3e18 cached: 0/0M, 0/0% in use; allocs: 7, 29% recycled; transfers: 42, 86% unfetched
05-29 17:09:25.712 476 557 D BufferPoolAccessor2.0: bufferpool2 0xe64f4458 : 0(0 size) total buffers - 0(0 size) used buffers - 2/7 (recycle/alloc) - 9/76 (fetch/transfer)
05-29 17:09:25.712 476 557 D BufferPoolAccessor2.0: Destruction - bufferpool2 0xe64f4458 cached: 0/0M, 0/0% in use; allocs: 7, 29% recycled; transfers: 76, 88% unfetched
05-29 17:09:25.712 476 639 D BufferPoolAccessor2.0: bufferpool2 0xe80840d8 : 0(0 size) total buffers - 0(0 size) used buffers - 1/7 (recycle/alloc) - 6/68 (fetch/transfer)
05-29 17:09:25.712 476 636 D BufferPoolAccessor2.0: bufferpool2 0xe64f4d18 : 0(0 size) total buffers - 0(0 size) used buffers - 2/7 (recycle/alloc) - 8/46 (fetch/transfer)
05-29 17:09:25.712 476 636 D BufferPoolAccessor2.0: Destruction - bufferpool2 0xe64f4d18 cached: 0/0M, 0/0% in use; allocs: 7, 29% recycled; transfers: 46, 83% unfetched
05-29 17:09:25.712 820 931 D BufferPoolAccessor2.0: bufferpool2 0xe84f7598 : 0(0 size) total buffers - 0(0 size) used buffers - 1/7 (recycle/alloc) - 6/96 (fetch/transfer)
05-29 17:09:25.712 820 931 D BufferPoolAccessor2.0: Destruction - bufferpool2 0xe84f7598 cached: 0/0M, 0/0% in use; allocs: 7, 14% recycled; transfers: 96, 94% unfetched
05-29 17:09:25.712 820 931 D BufferPoolAccessor2.0: bufferpool2 0xe84f8e98 : 0(0 size) total buffers - 0(0 size) used buffers - 1/7 (recycle/alloc) - 6/92 (fetch/transfer)
