05-29 17:10:11.761 476 620 D NsdService: mdnssd [register, 7, b42f031618c0@当贝投屏A9, _raop._tcp, 35273, CXR4dHZlcnM9MQ1hbT1BcHBsZVRWMiwxBGNoPTIKY249MCwxLDIsMwdkYT10cnVlCGV0PTAsMyw1EmZ0PTB4NTI3RkZGRjcsMHgxRQhtZD0wLDEsMkNwaz1iMDc3MjdkNmY2Y2Q2ZTA4YjU4ZWRlNTI1ZWMzY2RlYWEyNTJhZDlmNjgzZmViMjEyZWY4YTIwNTI0NjU1NGU3CHB3PWZhbHNlBnNmPTB4NAhzcj00NDEwMAVzcz0xNghzdj1mYWxzZQZ0cD1VRFAIdm49NjU1MzcJdnM9MjIwLjY4BHZ2PTILcmhkPTUuNi4wLjA=]
05-29 17:10:11.763 476 620 D NsdService: Register 3 7
05-29 17:10:11.836 2878 2947 D nStackXCoAP: IsInSameNetwork:[276] :IsInSameNetwork exec
05-29 17:10:11.836 2878 2947 I nStackXDFinder: GetLocalInterfaceDetail:[461] :GetLocalInterfaceDetail in
05-29 17:10:11.836 2878 2947 E nStackXCoAP: IsInSameNetwork:[281] :IsInSameNetwork: not priority process
05-29 17:10:11.836 2878 2947 D nStackXCoAP: ParseServiceDiscover:[330] :new device join
05-29 17:10:11.836 2878 2947 E nStackXDFinder: GetLocalIp:[401] :GetLocalIp exec
05-29 17:10:11.956 2878 2947 D nStackXCoAP: CoapMessageHandler:[133] :2.01
05-29 17:10:11.977 1099 1351 I OpenGLRenderer: Davey! duration=9223371933130ms; Flags=0, FrameTimelineVsyncId=4431, IntendedVsync=103694600188, Vsync=103694600188, InputEventId=0, HandleInputStart=103695321798, AnimationStart=103695328715, PerformTraversalsStart=103696194090, DrawStart=103697320381, FrameDeadline=103727933520, FrameInterval=103695310381, FrameStartTime=16666666, SyncQueued=103698404215, SyncStart=103727982381, IssueDrawCommandsStart=103729274840, SwapBuffers=103741945715, FrameCompleted=9223372036854775807, DequeueBufferDuration=50208, QueueBufferDuration=1873584, GpuCompleted=9223372036854775807, SwapBuffersCompleted=103750924548, DisplayPresentTime=0,
05-29 17:10:11.978 476 521 W IorapForwardingService: No service published for: iorapd
05-29 17:10:12.136 2878 2947 D nStackXCoAP: IsInSameNetwork:[276] :IsInSameNetwork exec
05-29 17:10:12.137 2878 2947 I nStackXDFinder: GetLocalInterfaceDetail:[461] :GetLocalInterfaceDetail in
05-29 17:10:12.137 2878 2947 E nStackXCoAP: IsInSameNetwork:[281] :IsInSameNetwork: not priority process
05-29 17:10:12.137 2878 2947 D nStackXCoAP: ParseServiceDiscover:[330] :new device join
05-29 17:10:12.137 2878 2947 E nStackXDFinder: GetLocalIp:[401] :GetLocalIp exec
05-29 17:10:12.171 476 620 D NsdService: Register service
05-29 17:10:12.172 476 620 D NsdService: registerService: 8 name: 当贝投屏A9, type: _db_cast_screen._tcp, host: null, port: 41073, txtRecord: au=1cV=20830mV=100h265=0maxR=4096-3152model=DBBOX-A2deviceid=20:02:FE:19:C1:FD
05-29 17:10:12.172 476 620 D NsdService: mdnssd [register, 8, 当贝投屏A9, _db_cast_screen._tcp, 41073, BGF1PTEIY1Y9MjA4MzAGbVY9MTAwBmgyNjU9MA5tYXhSPTQwOTYtMzE1Mg5tb2RlbD1EQkJPWC1BMhpkZXZpY2VpZD0yMDowMjpGRToxOTpDMTpGRA==]
05-29 17:10:12.174 476 620 D NsdService: Register 4 8
05-29 17:10:12.254 2878 2947 D nStackXCoAP: IsInSameNetwork:[276] :IsInSameNetwork exec
05-29 17:10:12.254 2878 2947 I nStackXDFinder: GetLocalInterfaceDetail:[461] :GetLocalInterfaceDetail in
05-29 17:10:12.254 2878 2947 E nStackXCoAP: IsInSameNetwork:[281] :IsInSameNetwork: not priority process
05-29 17:10:12.254 2878 2947 D nStackXCoAP: ParseServiceDiscover:[330] :new device join
05-29 17:10:12.255 2878 2947 E nStackXDFinder: GetLocalIp:[401] :GetLocalIp exec
05-29 17:10:12.282 2746 2746 I queued-work-loo: type=1400 audit(0.0:1105): avc: denied { remove_name } for name="screencast.xml" dev="mmcblk0p25" ino=19913 scontext=u:r:platform_app:s0:c512,c768 tcontext=u:object_r:app_data_file:s0:c512,c768 tclass=dir permissive=1 app=com.dangbei.screencast
05-29 17:10:12.293 2878 2947 D nStackXCoAP: CoapMessageHandler:[133] :2.01
05-29 17:10:12.312 664 664 E WifiHAL : wifi_get_link_stats: requestResponse Error:-5
05-29 17:10:12.315 476 610 E WifiVendorHal: getWifiLinkLayerStats_1_5_Internal(l.1191) failed {.code = ERROR_INVALID_ARGS, .description = }
05-29 17:10:12.452 476 620 D NsdService: Native daemon message SERVICE_REGISTERED: 606 7 "b42f031618c0@当贝投屏A9"
05-29 17:10:12.453 476 620 D NsdService: Native daemon message SERVICE_REGISTERED: 606 6 "当贝投屏A9"
05-29 17:10:12.484 2878 2947 D nStackXCoAP: IsInSameNetwork:[276] :IsInSameNetwork exec
05-29 17:10:12.484 2878 2947 I nStackXDFinder: GetLocalInterfaceDetail:[461] :GetLocalInterfaceDetail in
05-29 17:10:12.484 2878 2947 E nStackXCoAP: IsInSameNetwork:[281] :IsInSameNetwork: not priority process
05-29 17:10:12.484 2878 2947 D nStackXCoAP: ParseServiceDiscover:[330] :new device join
05-29 17:10:12.485 2878 2947 E nStackXDFinder: GetLocalIp:[401] :GetLocalIp exec
05-29 17:10:12.528 2878 2947 D nStackXCoAP: CoapMessageHandler:[133] :2.01
05-29 17:10:12.630 2878 2947 D nStackXCoAP: IsInSameNetwork:[276] :IsInSameNetwork exec
05-29 17:10:12.630 2878 2947 I nStackXDFinder: GetLocalInterfaceDetail:[461] :GetLocalInterfaceDetail in
05-29 17:10:12.630 2878 2947 E nStackXCoAP: IsInSameNetwork:[281] :IsInSameNetwork: not priority process
05-29 17:10:12.630 2878 2947 D nStackXCoAP: ParseServiceDiscover:[330] :new device join
05-29 17:10:12.630 2878 2947 E nStackXDFinder: GetLocalIp:[401] :GetLocalIp exec
05-29 17:10:12.640 2746 2826 E accept : myIp:192.168.3.132
05-29 17:10:12.643 2746 2826 E accept : connect error
05-29 17:10:12.647 2746 2826 I UpnpServiceImpl: >>> Starting UPnP service...
05-29 17:10:12.647 2746 2826 I UpnpServiceImpl: Using configuration: org.fourthline.cling.android.AndroidUpnpServiceConfiguration
05-29 17:10:12.651 2746 2826 I Router : Creating Router: org.fourthline.cling.android.AndroidRouter
05-29 17:10:12.653 2746 2826 W Router : enable lock:org.fourthline.cling.android.AndroidRouter@b9d9978_java.util.concurrent.locks.ReentrantReadWriteLock$WriteLock@1ad1851[Unlocked]
05-29 17:10:12.669 2746 2826 W tworkAddressFactoryImpl: Network interface may not be multicast capable: dummy0
05-29 17:10:12.674 2746 2826 I MulticastReceiver: Creating wildcard socket (for receiving multicast datagrams) on port: 1900
05-29 17:10:12.676 2746 2826 I MulticastReceiver: Joining multicast group: /239.255.255.250:1900 on network interface: wlan0
05-29 17:10:12.697 2746 2826 E accept : Adding connector try: 192.168.3.132/192.168.3.132:41477
05-29 17:10:12.703 2746 2826 E accept : Adding connector result: 192.168.3.132/192.168.3.132:41477
05-29 17:10:12.704 476 620 D NsdService: Native daemon message SERVICE_REGISTERED: 606 8 "当贝投屏A9"
05-29 17:10:12.814 2746 2826 I JettyServletContainer: Registering UPnP servlet under context path: /upnp
05-29 17:10:12.818 2746 2826 I DatagramIO: Creating bound socket (for datagram input/output) on: 192.168.3.132/192.168.3.132
05-29 17:10:12.820 2746 2963 E JettyServletContainer: gogogo
05-29 17:10:12.820 2746 2963 I JettyServletContainer: Starting Jetty server...
05-29 17:10:12.821 2746 2963 W System.err: 2025-05-29 17:10:12.821:INFO:lcaf.p:jetty-8.y.z-SNAPSHOT
05-29 17:10:12.824 2746 2826 I Router : WiFi multicast lock acquired
05-29 17:10:12.825 476 579 I WifiService: acquireMulticastLock uid=10022
05-29 17:10:12.827 2746 2826 I Router : WiFi lock acquired
05-29 17:10:12.829 476 1390 I WifiService: acquireWifiLock uid=10022 lockMode=3
05-29 17:10:12.834 2746 2826 W Router : enable unlock:org.fourthline.cling.android.AndroidRouter@b9d9978
05-29 17:10:12.835 2746 2826 I UpnpServiceImpl: <<< UPnP service started successfully
05-29 17:10:12.841 2878 2947 D nStackXCoAP: CoapMessageHandler:[133] :2.01
05-29 17:10:12.861 2878 2947 D nStackXCoAP: IsInSameNetwork:[276] :IsInSameNetwork exec
05-29 17:10:12.861 2878 2947 I nStackXDFinder: GetLocalInterfaceDetail:[461] :GetLocalInterfaceDetail in
05-29 17:10:12.861 2878 2947 E nStackXCoAP: IsInSameNetwork:[281] :IsInSameNetwork: not priority process
05-29 17:10:12.862 2878 2947 D nStackXCoAP: ParseServiceDiscover:[330] :new device join
05-29 17:10:12.862 2878 2947 E nStackXDFinder: GetLocalIp:[401] :GetLocalIp exec
05-29 17:10:12.874 2746 2963 W System.err: 2025-05-29 17:10:12.873:INFO:lcaf.a:Started @192.168.3.132:41477
05-29 17:10:12.909 2878 2947 D nStackXCoAP: IsInSameNetwork:[276] :IsInSameNetwork exec
05-29 17:10:12.909 2878 2947 I nStackXDFinder: GetLocalInterfaceDetail:[461] :GetLocalInterfaceDetail in
05-29 17:10:12.909 2878 2947 E nStackXCoAP: IsInSameNetwork:[281] :IsInSameNetwork: not priority process
05-29 17:10:12.909 2878 2947 D nStackXCoAP: ParseServiceDiscover:[330] :new device join
05-29 17:10:12.909 2878 2947 E nStackXDFinder: GetLocalIp:[401] :GetLocalIp exec
05-29 17:10:12.923 2746 2826 E g : channel :os
05-29 17:10:12.925 2878 2947 D nStackXCoAP: IsInSameNetwork:[276] :IsInSameNetwork exec
05-29 17:10:12.925 2878 2947 I nStackXDFinder: GetLocalInterfaceDetail:[461] :GetLocalInterfaceDetail in
05-29 17:10:12.925 2878 2947 E nStackXCoAP: IsInSameNetwork:[281] :IsInSameNetwork: not priority process
05-29 17:10:12.925 2878 2947 D nStackXCoAP: ParseServiceDiscover:[330] :new device join
05-29 17:10:12.925 2878 2947 E nStackXDFinder: GetLocalIp:[401] :GetLocalIp exec
05-29 17:10:12.967 669 854 I bt_btif_dm: system/bt/btif/src/btif_dm.cc:548 btif_update_remote_properties: cod from storage is also unclassified
05-29 17:10:12.980 476 521 W IorapForwardingService: No service published for: iorapd
05-29 17:10:13.009 2878 2947 D nStackXCoAP: CoapMessageHandler:[133] :2.01
05-29 17:10:13.154 2878 2947 D nStackXCoAP: IsInSameNetwork:[276] :IsInSameNetwork exec
05-29 17:10:13.154 2878 2947 I nStackXDFinder: GetLocalInterfaceDetail:[461] :GetLocalInterfaceDetail in
05-29 17:10:13.154 2878 2947 E nStackXCoAP: IsInSameNetwork:[281] :IsInSameNetwork: not priority process
05-29 17:10:13.154 2878 2947 D nStackXCoAP: ParseServiceDiscover:[330] :new device join
05-29 17:10:13.155 2878 2947 E nStackXDFinder: GetLocalIp:[401] :GetLocalIp exec
05-29 17:10:13.265 2878 2947 D nStackXCoAP: IsInSameNetwork:[276] :IsInSameNetwork exec
05-29 17:10:13.266 2878 2947 I nStackXDFinder: GetLocalInterfaceDetail:[461] :GetLocalInterfaceDetail in
05-29 17:10:13.266 2878 2947 E nStackXCoAP: IsInSameNetwork:[281] :IsInSameNetwork: not priority process
05-29 17:10:13.266 2878 2947 D nStackXCoAP: ParseServiceDiscover:[330] :new device join
05-29 17:10:13.266 2878 2947 E nStackXDFinder: GetLocalIp:[401] :GetLocalIp exec
05-29 17:10:13.302 2746 2746 I efs-base: type=1400 audit(0.0:1106): avc: denied { rmdir } for name="1272" dev="mmcblk0p25" ino=19826 scontext=u:r:platform_app:s0:c512,c768 tcontext=u:object_r:app_data_file:s0:c512,c768 tclass=dir permissive=1 app=com.dangbei.screencast
05-29 17:10:13.312 2746 2805 I efs.base: lt=event`ev_ct=efs_core`ev_ac=log_lag`tm=2025-05-29 17:10:31`dn=814a6c1f-a914-45e0-9441-173ac17d88d0`ps=com.dangbei.screencast`um_os=android`stime=1748509802972`pid=2746`fr=android`pkg=com.dangbei.screencast`vcode=20830`dsp_w=1920`uid=814a6c1f-a914-45e0-9441-173ac17d88d0`rom=12`wid=814a6c1f-a914-45e0-9441-173ac17d88d0`um_app_carrier=`um_access=wifi`um_app_channel=os`um_crash_sdk_version=1.4.0`ctime=1748509813`model=dbbox-a2`lang=zh`net=wifi`brand=dangbei`dsp_h=1080`um_network_type=0`ver=v2.8.3`cnt=1`build_model=DBBOX-A2`w_tm=1748509813`appid=5fc60c21094d637f3130af19`um_umid_header=ai536d652a62b80cf12a583dbdbfe77cd5`sdk=31`tzone=Asia/Shanghai`sdk_ver=1.3.6.umeng
05-29 17:10:13.413 2878 2947 D nStackXCoAP: IsInSameNetwork:[276] :IsInSameNetwork exec
05-29 17:10:13.413 2878 2947 I nStackXDFinder: GetLocalInterfaceDetail:[461] :GetLocalInterfaceDetail in
05-29 17:10:13.413 2878 2947 E nStackXCoAP: IsInSameNetwork:[281] :IsInSameNetwork: not priority process
05-29 17:10:13.413 2878 2947 D nStackXCoAP: ParseServiceDiscover:[330] :new device join
05-29 17:10:13.413 2878 2947 E nStackXDFinder: GetLocalIp:[401] :GetLocalIp exec
05-29 17:10:13.588 2878 2947 D nStackXCoAP: IsInSameNetwork:[276] :IsInSameNetwork exec
05-29 17:10:13.588 2878 2947 I nStackXDFinder: GetLocalInterfaceDetail:[461] :GetLocalInterfaceDetail in
05-29 17:10:13.588 2878 2947 E nStackXCoAP: IsInSameNetwork:[281] :IsInSameNetwork: not priority process
05-29 17:10:13.588 2878 2947 D nStackXCoAP: ParseServiceDiscover:[330] :new device join
05-29 17:10:13.588 2878 2947 E nStackXDFinder: GetLocalIp:[401] :GetLocalIp exec
05-29 17:10:13.982 476 521 W IorapForwardingService: No service published for: iorapd
05-29 17:10:14.048 2878 2947 D nStackXCoAP: CoapMessageHandler:[133] :2.01
05-29 17:10:14.086 2973 2973 I Thread-2: type=1400 audit(0.0:1107): avc: denied { execute } for name="am" dev="dm-1" ino=1160 scontext=u:r:system_app:s0 tcontext=u:object_r:vendor_file:s0 tclass=file permissive=1
05-29 17:10:14.086 2973 2973 I Thread-2: type=1400 audit(0.0:1108): avc: denied { read open } for path="/vendor/xbin/am" dev="dm-1" ino=1160 scontext=u:r:system_app:s0 tcontext=u:object_r:vendor_file:s0 tclass=file permissive=1
05-29 17:10:14.086 2973 2973 I Thread-2: type=1400 audit(0.0:1109): avc: denied { execute_no_trans } for path="/vendor/xbin/am" dev="dm-1" ino=1160 scontext=u:r:system_app:s0 tcontext=u:object_r:vendor_file:s0 tclass=file permissive=1
05-29 17:10:14.155 1186 1186 D bbb : onStartCommand begin !!!!!!! data分区剩余 24603MB
05-29 17:10:14.158 1128 1128 D aaa : LedStatusService onStartCommand begin
05-29 17:10:14.160 1128 2981 D aaa : topPkg is -------------- :com.dangbei.haqusetting
05-29 17:10:14.329 1099 1351 I OpenGLRenderer: Davey! duration=9223371930776ms; Flags=0, FrameTimelineVsyncId=4437, IntendedVsync=106077951121, Vsync=106077951121, InputEventId=0, HandleInputStart=106078503258, AnimationStart=106078529299, PerformTraversalsStart=106078952133, DrawStart=106079830508, FrameDeadline=106111284453, FrameInterval=106078491758, FrameStartTime=16666666, SyncQueued=106081088758, SyncStart=106081343466, IssueDrawCommandsStart=106082340383, SwapBuffers=106107035758, FrameCompleted=9223372036854775807, DequeueBufferDuration=52458, QueueBufferDuration=2307542, GpuCompleted=9223372036854775807, SwapBuffersCompleted=106111227174, DisplayPresentTime=0,
05-29 17:10:14.363 1099 1122 I OpenGLRenderer: Davey! duration=9223371930745ms; Flags=0, FrameTimelineVsyncId=4438, IntendedVsync=106094617787, Vsync=106094617787, InputEventId=0, HandleInputStart=106095309091, AnimationStart=106095316133, PerformTraversalsStart=106095657966, DrawStart=106096532883, FrameDeadline=106127951119, FrameInterval=106095295424, FrameStartTime=16666666, SyncQueued=106097011508, SyncStart=106111705883, IssueDrawCommandsStart=106118284799, SwapBuffers=106131445508, FrameCompleted=9223372036854775807, DequeueBufferDuration=77791, QueueBufferDuration=2435042, GpuCompleted=9223372036854775807, SwapBuffersCompleted=106139798049, DisplayPresentTime=0,
05-29 17:10:14.377 1099 1122 I OpenGLRenderer: Davey! duration=9223371930723ms; Flags=0, FrameTimelineVsyncId=4440, IntendedVsync=106111715510, Vsync=106111715510, InputEventId=0, HandleInputStart=106119403716, AnimationStart=106119409508, PerformTraversalsStart=106120438799, DrawStart=106120654633, FrameDeadline=106145048842, FrameInterval=106119388966, FrameStartTime=16666666, SyncQueued=106120775633, SyncStart=106140475341, IssueDrawCommandsStart=106141801049, SwapBuffers=106151361049, FrameCompleted=9223372036854775807, DequeueBufferDuration=49292, QueueBufferDuration=1469833, GpuCompleted=9223372036854775807, SwapBuffersCompleted=106154063841, DisplayPresentTime=0,
05-29 17:10:14.396 1099 1122 I OpenGLRenderer: Davey! duration=9223371930715ms; Flags=0, FrameTimelineVsyncId=4441, IntendedVsync=106128382176, Vsync=106128382176, InputEventId=0, HandleInputStart=106142339799, AnimationStart=106142343591, PerformTraversalsStart=106142865549, DrawStart=106143126841, FrameDeadline=106161715508, FrameInterval=106142330008, FrameStartTime=16666666, SyncQueued=106143240383, SyncStart=106154575383, IssueDrawCommandsStart=106156261841, SwapBuffers=106163749091, FrameCompleted=9223372036854775807, DequeueBufferDuration=47125, QueueBufferDuration=5242708, GpuCompleted=9223372036854775807, SwapBuffersCompleted=106170124633, DisplayPresentTime=0,
05-29 17:10:14.428 1099 1122 I OpenGLRenderer: Davey! duration=9223371930690ms; Flags=0, FrameTimelineVsyncId=4445, IntendedVsync=106161715508, Vsync=106178382174, InputEventId=0, HandleInputStart=106179882049, AnimationStart=106179887008, PerformTraversalsStart=106181291466, DrawStart=106184413383, FrameDeadline=106195048840, FrameInterval=106179862966, FrameStartTime=16666666, SyncQueued=106185381216, SyncStart=106187501716, IssueDrawCommandsStart=106189541633, SwapBuffers=106202059883, FrameCompleted=9223372036854775807, DequeueBufferDuration=57958, QueueBufferDuration=1419667, GpuCompleted=9223372036854775807, SwapBuffersCompleted=106204298424, DisplayPresentTime=0,
05-29 17:10:14.444 1099 1121 I OpenGLRenderer: Davey! duration=9223371930651ms; Flags=0, FrameTimelineVsyncId=4449, IntendedVsync=106195054584, Vsync=106195054584, InputEventId=0, HandleInputStart=106195819049, AnimationStart=106195825424, PerformTraversalsStart=106196488924, DrawStart=106196718174, FrameDeadline=106228387916, FrameInterval=106195804674, FrameStartTime=16666666, SyncQueued=106196817674, SyncStart=106204627341, IssueDrawCommandsStart=106205962341, SwapBuffers=106212216841, FrameCompleted=9223372036854775807, DequeueBufferDuration=45958, QueueBufferDuration=6404709, GpuCompleted=9223372036854775807, SwapBuffersCompleted=106219981341, DisplayPresentTime=0,
05-29 17:10:14.459 1099 1121 I OpenGLRenderer: Davey! duration=9223371930638ms; Flags=0, FrameTimelineVsyncId=4451, IntendedVsync=106211334585, Vsync=106211334585, InputEventId=0, HandleInputStart=106212507049, AnimationStart=106212514966, PerformTraversalsStart=106213636883, DrawStart=106214599841, FrameDeadline=106244667917, FrameInterval=106212489049, FrameStartTime=16666666, SyncQueued=106215300133, SyncStart=106220536133, IssueDrawCommandsStart=106222604674, SwapBuffers=106230058174, FrameCompleted=9223372036854775807, DequeueBufferDuration=79208, QueueBufferDuration=5406458, GpuCompleted=9223372036854775807, SwapBuffersCompleted=106236870966, DisplayPresentTime=0,
05-29 17:10:14.551 2746 2805 I efs.base: wa upload succ, HttpResponse {succ=true, code=200, data='暂不支持该服务', extra={req_url=https://errlog.umeng.com/api/crashsdk/logcollect}}
05-29 17:10:14.550 2746 2746 I pool-3-thread-2: type=1400 audit(0.0:1110): avc: denied { unlink } for name="wa_gzip_1_1_2746_9831_1748509813308" dev="mmcblk0p25" ino=19934 scontext=u:r:platform_app:s0:c512,c768 tcontext=u:object_r:app_data_file:s0:c512,c768 tclass=file permissive=1 app=com.dangbei.screencast
05-29 17:10:14.798 2878 2878 I Timer-1 : type=1400 audit(0.0:1111): avc: denied { read } for name="address" dev="sysfs" ino=16906 scontext=u:r:platform_app:s0:c512,c768 tcontext=u:object_r:sysfs_net:s0 tclass=file permissive=1 app=com.dangbei.screencast
05-29 17:10:14.798 2878 2878 I Timer-1 : type=1400 audit(0.0:1112): avc: denied { open } for path="/sys/devices/virtual/net/dummy0/address" dev="sysfs" ino=16906 scontext=u:r:platform_app:s0:c512,c768 tcontext=u:object_r:sysfs_net:s0 tclass=file permissive=1 app=com.dangbei.screencast
05-29 17:10:14.798 2878 2878 I Timer-1 : type=1400 audit(0.0:1113): avc: denied { getattr } for path="/sys/devices/virtual/net/dummy0/address" dev="sysfs" ino=16906 scontext=u:r:platform_app:s0:c512,c768 tcontext=u:object_r:sysfs_net:s0 tclass=file permissive=1 app=com.dangbei.screencast
05-29 17:10:14.883 476 1390 W TelephonyPermissions: reportAccessDeniedToReadIdentifiers:com.dangbei.screencast:getSerial:-1
05-29 17:10:14.927 1099 1121 I OpenGLRenderer: Davey! duration=9223371930175ms; Flags=0, FrameTimelineVsyncId=4507, IntendedVsync=106677951220, Vsync=106677951220, InputEventId=0, HandleInputStart=106679355175, AnimationStart=106679361925, PerformTraversalsStart=106680577550, DrawStart=106681167758, FrameDeadline=106711284552, FrameInterval=106679336216, FrameStartTime=16666666, SyncQueued=106681580508, SyncStart=106683135008, IssueDrawCommandsStart=106685090466, SwapBuffers=106695361591, FrameCompleted=9223372036854775807, DequeueBufferDuration=66917, QueueBufferDuration=3135584, GpuCompleted=9223372036854775807, SwapBuffersCompleted=106700156175, DisplayPresentTime=0,
05-29 17:10:14.969 2878 2945 V NFC : this device does not have NFC support
05-29 17:10:14.984 476 521 W IorapForwardingService: No service published for: iorapd
05-29 17:10:15.058 2878 2878 I SharedPreferenc: type=1400 audit(0.0:1114): avc: denied { open } for path="/data/user/0/com.dangbei.screencast/shared_prefs/tdid.xml" dev="mmcblk0p25" ino=2429 scontext=u:r:platform_app:s0:c512,c768 tcontext=u:object_r:app_data_file:s0:c512,c768 tclass=file permissive=1 app=com.dangbei.screencast
01-01 08:01:48.943 2944 2944 W audit : audit_lost=559 audit_rate_limit=5 audit_backlog_limit=64
01-01 08:01:48.943 2944 2944 E audit : rate limit exceeded
05-29 17:10:15.093 476 579 I WifiService: startScan uid=10022
05-29 17:10:15.096 476 610 I WifiScanRequestProxy: Scan request from com.dangbei.screencast throttled
05-29 17:10:15.097 476 579 E WifiService: Failed to start scan
05-29 17:10:15.329 664 664 E WifiHAL : wifi_get_link_stats: requestResponse Error:-5
05-29 17:10:15.330 476 610 E WifiVendorHal: getWifiLinkLayerStats_1_5_Internal(l.1191) failed {.code = ERROR_INVALID_ARGS, .description = }
05-29 17:10:15.833 2878 2947 D nStackXCoAP: CoapMessageHandler:[133] :2.01
05-29 17:10:15.987 476 521 W IorapForwardingService: No service published for: iorapd
05-29 17:10:16.015 2878 2947 D nStackXCoAP: CoapMessageHandler:[133] :2.01
05-29 17:10:16.026 2878 2878 I ModuleDataForwa: type=1400 audit(0.0:1117): avc: denied { rename } for name="TD_IP_CACHE.xml" dev="mmcblk0p25" ino=19907 scontext=u:r:platform_app:s0:c512,c768 tcontext=u:object_r:app_data_file:s0:c512,c768 tclass=file permissive=1 app=com.dangbei.screencast
05-29 17:10:16.034 2878 2878 I ModuleDataForwa: type=1400 audit(0.0:1118): avc: denied { setattr } for name="TD_IP_CACHE.xml" dev="mmcblk0p25" ino=19938 scontext=u:r:platform_app:s0:c512,c768 tcontext=u:object_r:app_data_file:s0:c512,c768 tclass=file permissive=1 app=com.dangbei.screencast
05-29 17:10:16.116 2878 2947 D nStackXCoAP: CoapMessageHandler:[133] :2.01
05-29 17:10:16.188 2878 2947 D nStackXCoAP: CoapMessageHandler:[133] :2.01
05-29 17:10:16.189 2878 2947 D nStackXCoAP: CoapMessageHandler:[133] :2.01
05-29 17:10:16.191 2878 2947 D nStackXCoAP: CoapMessageHandler:[133] :2.01
05-29 17:10:16.283 2746 3001 W ServiceDescriptorBinder: UPnP specification violation: Not producing element to be compatible with WMP12: (ActionArgument, OUT) Actions
05-29 17:10:16.283 2746 2970 W ServiceDescriptorBinder: UPnP specification violation: Not producing element to be compatible with WMP12: (ActionArgument, OUT) Actions
05-29 17:10:16.463 2746 2970 W ServiceDescriptorBinder: UPnP specification violation: Not producing element to be compatible with WMP12: (ActionArgument, OUT) CurrentMute
05-29 17:10:16.464 2746 2970 W ServiceDescriptorBinder: UPnP specification violation: Not producing element to be compatible with WMP12: (ActionArgument, OUT) CurrentVolume
05-29 17:10:16.464 2746 2970 W ServiceDescriptorBinder: UPnP specification violation: Not producing element to be compatible with WMP12: (ActionArgument, OUT) CurrentPresetNameList
05-29 17:10:16.464 2746 2970 W ServiceDescriptorBinder: UPnP specification violation: Not producing element to be compatible with WMP12: (ActionArgument, OUT) CurrentLoudness
05-29 17:10:16.464 2746 2970 W ServiceDescriptorBinder: UPnP specification violation: Not producing element to be compatible with WMP12: (ActionArgument, OUT) CurrentVolume
05-29 17:10:16.514 2746 2970 W ServiceDescriptorBinder: UPnP specification violation: Not producing element to be compatible with WMP12: (ActionArgument, OUT) CurrentMute
05-29 17:10:16.515 2746 2970 W ServiceDescriptorBinder: UPnP specification violation: Not producing element to be compatible with WMP12: (ActionArgument, OUT) CurrentVolume
05-29 17:10:16.515 2746 2970 W ServiceDescriptorBinder: UPnP specification violation: Not producing element to be compatible with WMP12: (ActionArgument, OUT) CurrentPresetNameList
05-29 17:10:16.515 2746 2970 W ServiceDescriptorBinder: UPnP specification violation: Not producing element to be compatible with WMP12: (ActionArgument, OUT) CurrentLoudness
05-29 17:10:16.516 2746 2970 W ServiceDescriptorBinder: UPnP specification violation: Not producing element to be compatible with WMP12: (ActionArgument, OUT) CurrentVolume
05-29 17:10:16.598 2746 2970 W ServiceDescriptorBinder: UPnP specification violation: Not producing element to be compatible with WMP12: (ActionArgument, OUT) ConnectionIDs
05-29 17:10:16.801 2746 2970 W ServiceDescriptorBinder: UPnP specification violation: Not producing element to be compatible with WMP12: (ActionArgument, OUT) ConnectionIDs
05-29 17:10:16.808 2746 2755 I gbei.screencas: Background concurrent copying GC freed 271026(18MB) AllocSpace objects, 58(2532KB) LOS objects, 49% free, 7036KB/13MB, paused 172us total 241.472ms
05-29 17:10:16.985 476 1004 W ZramWriteback: Writeback device is not set
05-29 17:10:16.985 476 1004 D ZramWriteback: wait to flush
05-29 17:10:16.988 476 521 W IorapForwardingService: No service published for: iorapd
05-29 17:10:17.330 1099 1122 I OpenGLRenderer: Davey! duration=9223371927759ms; Flags=0, FrameTimelineVsyncId=4512, IntendedVsync=109094619996, Vsync=109094619996, InputEventId=0, HandleInputStart=109095183759, AnimationStart=109095187634, PerformTraversalsStart=109095360551, DrawStart=109096055176, FrameDeadline=109127953328, FrameInterval=109095174176, FrameStartTime=16666666, SyncQueued=109097114301, SyncStart=109097394801, IssueDrawCommandsStart=109098385592, SwapBuffers=109108540842, FrameCompleted=9223372036854775807, DequeueBufferDuration=56917, QueueBufferDuration=3152042, GpuCompleted=9223372036854775807, SwapBuffersCompleted=109113314592, DisplayPresentTime=0,
05-29 17:10:17.363 1099 1122 I OpenGLRenderer: Davey! duration=9223371927742ms; Flags=0, FrameTimelineVsyncId=4513, IntendedVsync=109111286662, Vsync=109111286662, InputEventId=0, HandleInputStart=109112810842, AnimationStart=109112818092, PerformTraversalsStart=109113220301, DrawStart=109114183051, FrameDeadline=109144619994, FrameInterval=109112789759, FrameStartTime=16666666, SyncQueued=109115031509, SyncStart=109115622134, IssueDrawCommandsStart=109117541634, SwapBuffers=109131931592, FrameCompleted=9223372036854775807, DequeueBufferDuration=82625, QueueBufferDuration=1597667, GpuCompleted=9223372036854775807, SwapBuffersCompleted=109134491467, DisplayPresentTime=0,
05-29 17:10:17.380 1099 1351 I OpenGLRenderer: Davey! duration=9223371927721ms; Flags=0, FrameTimelineVsyncId=4516, IntendedVsync=109128383526, Vsync=109128383526, InputEventId=0, HandleInputStart=109129032634, AnimationStart=109129038634, PerformTraversalsStart=109129476051, DrawStart=109129701176, FrameDeadline=109161716858, FrameInterval=109129020676, FrameStartTime=16666666, SyncQueued=109129798176, SyncStart=109135009509, IssueDrawCommandsStart=109136759467, SwapBuffers=109149062967, FrameCompleted=9223372036854775807, DequeueBufferDuration=77958, QueueBufferDuration=1293250, GpuCompleted=9223372036854775807, SwapBuffersCompleted=109151363926, DisplayPresentTime=0,
05-29 17:10:17.396 1099 1122 I OpenGLRenderer: Davey! duration=9223371927704ms; Flags=0, FrameTimelineVsyncId=4518, IntendedVsync=109145050192, Vsync=109145050192, InputEventId=0, HandleInputStart=109146389551, AnimationStart=109146395342, PerformTraversalsStart=109146982884, DrawStart=109147299259, FrameDeadline=109178383524, FrameInterval=109146372926, FrameStartTime=16666666, SyncQueued=109147440342, SyncStart=109152414509, IssueDrawCommandsStart=109153470926, SwapBuffers=109165052051, FrameCompleted=9223372036854775807, DequeueBufferDuration=50708, QueueBufferDuration=1884750, GpuCompleted=9223372036854775807, SwapBuffersCompleted=109168274759, DisplayPresentTime=0,
05-29 17:10:17.412 1099 1351 I OpenGLRenderer: Davey! duration=9223371927690ms; Flags=0, FrameTimelineVsyncId=4520, IntendedVsync=109161716858, Vsync=109161716858, InputEventId=0, HandleInputStart=109162579301, AnimationStart=109162587592, PerformTraversalsStart=109163056301, DrawStart=109163841301, FrameDeadline=109195050190, FrameInterval=109162559467, FrameStartTime=16666666, SyncQueued=109166283592, SyncStart=109168770676, IssueDrawCommandsStart=109174206384, SwapBuffers=109188125884, FrameCompleted=9223372036854775807, DequeueBufferDuration=63542, QueueBufferDuration=1362583, GpuCompleted=9223372036854775807, SwapBuffersCompleted=109190299592, DisplayPresentTime=0,
05-29 17:10:17.427 1099 1122 I OpenGLRenderer: Davey! duration=9223371927666ms; Flags=0, FrameTimelineVsyncId=4522, IntendedVsync=109178383524, Vsync=109178383524, InputEventId=0, HandleInputStart=109179325342, AnimationStart=109179332801, PerformTraversalsStart=109180079467, DrawStart=109180444092, FrameDeadline=109211716856, FrameInterval=109179302717, FrameStartTime=16666666, SyncQueued=109180557717, SyncStart=109190739842, IssueDrawCommandsStart=109191797426, SwapBuffers=109201600801, FrameCompleted=9223372036854775807, DequeueBufferDuration=45250, QueueBufferDuration=3338667, GpuCompleted=9223372036854775807, SwapBuffersCompleted=109206217301, DisplayPresentTime=0,
05-29 17:10:17.445 1099 1121 I OpenGLRenderer: Davey! duration=9223371927653ms; Flags=0, FrameTimelineVsyncId=4524, IntendedVsync=109195051497, Vsync=109195051497, InputEventId=0, HandleInputStart=109196204384, AnimationStart=109196210051, PerformTraversalsStart=109199306176, DrawStart=109199787592, FrameDeadline=109228384829, FrameInterval=109196189926, FrameStartTime=16666666, SyncQueued=109200596884, SyncStart=109206755301, IssueDrawCommandsStart=109208410926, SwapBuffers=109216288134, FrameCompleted=9223372036854775807, DequeueBufferDuration=49500, QueueBufferDuration=5549458, GpuCompleted=9223372036854775807, SwapBuffersCompleted=109223279217, DisplayPresentTime=0,
05-29 17:10:17.990 476 521 W IorapForwardingService: No service published for: iorapd
05-29 17:10:18.304 2746 2781 I crashsdk: crashsdk uploading logs
05-29 17:10:18.341 664 664 E WifiHAL : wifi_get_link_stats: requestResponse Error:-5
05-29 17:10:18.342 476 610 E WifiVendorHal: getWifiLinkLayerStats_1_5_Internal(l.1191) failed {.code = ERROR_INVALID_ARGS, .description = }
05-29 17:10:18.664 2121 2188 D UtilLog : 日志批量上报 进行正常循环 !!!!!!本次有0次请求,共0条数据
05-29 17:10:18.992 476 521 W IorapForwardingService: No service published for: iorapd
05-29 17:10:19.993 476 521 W IorapForwardingService: No service published for: iorapd
05-29 17:10:20.362 1099 1351 I OpenGLRenderer: Davey! duration=9223371924743ms; Flags=0, FrameTimelineVsyncId=4590, IntendedVsync=112111278122, Vsync=112111278122, InputEventId=0, HandleInputStart=112112770635, AnimationStart=112112776844, PerformTraversalsStart=112113139427, DrawStart=112114098927, FrameDeadline=112144611454, FrameInterval=112112753510, FrameStartTime=16666666, SyncQueued=112114644094, SyncStart=112114984385, IssueDrawCommandsStart=112116713552, SwapBuffers=112135147219, FrameCompleted=9223372036854775807, DequeueBufferDuration=60292, QueueBufferDuration=2802750, GpuCompleted=9223372036854775807, SwapBuffersCompleted=112139466302, DisplayPresentTime=0,
05-29 17:10:20.377 1099 1121 I OpenGLRenderer: Davey! duration=9223371924717ms; Flags=0, FrameTimelineVsyncId=4592, IntendedVsync=112128380430, Vsync=112128380430, InputEventId=0, HandleInputStart=112129725135, AnimationStart=112129730802, PerformTraversalsStart=112130544344, DrawStart=112130741385, FrameDeadline=112161713762, FrameInterval=112129708552, FrameStartTime=16666666, SyncQueued=112130831885, SyncStart=112139918927, IssueDrawCommandsStart=112142221260, SwapBuffers=112154411302, FrameCompleted=9223372036854775807, DequeueBufferDuration=51959, QueueBufferDuration=1582583, GpuCompleted=9223372036854775807, SwapBuffersCompleted=112157098219, DisplayPresentTime=0,
05-29 17:10:20.385 209 2948 I keystore2: keystore2::watchdog: Watchdog thread idle -> terminating. Have a great day.
05-29 17:10:20.395 1099 1121 I OpenGLRenderer: Davey! duration=9223371924699ms; Flags=0, FrameTimelineVsyncId=4594, IntendedVsync=112145047096, Vsync=112145047096, InputEventId=0, HandleInputStart=112146076594, AnimationStart=112146084802, PerformTraversalsStart=112146578469, DrawStart=112147033635, FrameDeadline=112178380428, FrameInterval=112146055802, FrameStartTime=16666666, SyncQueued=112147156885, SyncStart=112157455135, IssueDrawCommandsStart=112159215844, SwapBuffers=112170167177, FrameCompleted=9223372036854775807, DequeueBufferDuration=39500, QueueBufferDuration=2642875, GpuCompleted=9223372036854775807, SwapBuffersCompleted=112174079427, DisplayPresentTime=0,
05-29 17:10:20.412 1099 1121 I OpenGLRenderer: Davey! duration=9223371924678ms; Flags=0, FrameTimelineVsyncId=4596, IntendedVsync=112161713762, Vsync=112161713762, InputEventId=0, HandleInputStart=112162425844, AnimationStart=112162432927, PerformTraversalsStart=112162867302, DrawStart=112163601344, FrameDeadline=112195047094, FrameInterval=112162407969, FrameStartTime=16666666, SyncQueued=112164411135, SyncStart=112179436427, IssueDrawCommandsStart=112181024761, SwapBuffers=112191969844, FrameCompleted=9223372036854775807, DequeueBufferDuration=69833, QueueBufferDuration=1573709, GpuCompleted=9223372036854775807, SwapBuffersCompleted=112194609511, DisplayPresentTime=0,
05-29 17:10:20.995 476 521 W IorapForwardingService: No service published for: iorapd
05-29 17:10:21.353 664 664 E WifiHAL : wifi_get_link_stats: requestResponse Error:-5
05-29 17:10:21.355 476 610 E WifiVendorHal: getWifiLinkLayerStats_1_5_Internal(l.1191) failed {.code = ERROR_INVALID_ARGS, .description = }
05-29 17:10:21.998 476 521 W IorapForwardingService: No service published for: iorapd
05-29 17:10:22.181 1128 1128 D aaa : LedStatusService onStartCommand begin
05-29 17:10:22.182 1128 3016 D aaa : topPkg is -------------- :com.dangbei.haqusetting
05-29 17:10:22.190 1186 1186 D bbb : onStartCommand begin !!!!!!! data分区剩余 24603MB
05-29 17:10:23.000 476 521 W IorapForwardingService: No service published for: iorapd
05-29 17:10:23.329 265 291 D hdmi-cec: receive invalid cec message!
05-29 17:10:23.329 265 291 D hdmi-cec: receive poll message [04], skip!
05-29 17:10:23.359 1099 1121 I OpenGLRenderer: Davey! duration=9223371921759ms; Flags=0, FrameTimelineVsyncId=4747, IntendedVsync=115094327981, Vsync=115094327981, InputEventId=0, HandleInputStart=115094963137, AnimationStart=115094969345, PerformTraversalsStart=115095349554, DrawStart=115096730262, FrameDeadline=115110994647, FrameInterval=115094947304, FrameStartTime=16666666, SyncQueued=115099696762, SyncStart=115100241512, IssueDrawCommandsStart=115102731387, SwapBuffers=115122020512, FrameCompleted=9223372036854775807, DequeueBufferDuration=95208, QueueBufferDuration=2287375, GpuCompleted=9223372036854775807, SwapBuffersCompleted=115126309095, DisplayPresentTime=0,
05-29 17:10:23.434 1099 1121 I OpenGLRenderer: Davey! duration=9223371921732ms; Flags=0, FrameTimelineVsyncId=4748, IntendedVsync=115110695599, Vsync=115110695599, InputEventId=0, HandleInputStart=115112351554, AnimationStart=115112356970, PerformTraversalsStart=115113079512, DrawStart=115114151887, FrameDeadline=115144028931, FrameInterval=115112338054, FrameStartTime=16666666, SyncQueued=115115429720, SyncStart=115126795595, IssueDrawCommandsStart=115151155470, SwapBuffers=115201958304, FrameCompleted=9223372036854775807, DequeueBufferDuration=266584, QueueBufferDuration=3614625, GpuCompleted=9223372036854775807, SwapBuffersCompleted=115208550845, DisplayPresentTime=0,
05-29 17:10:23.462 1099 1121 I OpenGLRenderer: Davey! duration=9223371921660ms; Flags=0, FrameTimelineVsyncId=4750, IntendedVsync=115127299031, Vsync=115143965697, InputEventId=0, HandleInputStart=115152854220, AnimationStart=115152860262, PerformTraversalsStart=115154121887, DrawStart=115154354429, FrameDeadline=115160632363, FrameInterval=115152832220, FrameStartTime=16666666, SyncQueued=115154504470, SyncStart=115221593720, IssueDrawCommandsStart=115223855970, SwapBuffers=115234290095, FrameCompleted=9223372036854775807, DequeueBufferDuration=39583, QueueBufferDuration=1238541, GpuCompleted=9223372036854775807, SwapBuffersCompleted=115236793137, DisplayPresentTime=0,
05-29 17:10:23.499 1099 1121 I OpenGLRenderer: Davey! duration=9223371921683ms; Flags=0, FrameTimelineVsyncId=4754, IntendedVsync=115161033086, Vsync=115211033084, InputEventId=0, HandleInputStart=115225331887, AnimationStart=115225334887, PerformTraversalsStart=115226083970, DrawStart=115227036012, FrameDeadline=115194366418, FrameInterval=115225319720, FrameStartTime=16666666, SyncQueued=115227382429, SyncStart=115237239262, IssueDrawCommandsStart=115238821095, SwapBuffers=115265276929, FrameCompleted=9223372036854775807, DequeueBufferDuration=55458, QueueBufferDuration=3391291, GpuCompleted=9223372036854775807, SwapBuffersCompleted=115270305262, DisplayPresentTime=0,
05-29 17:10:23.516 1099 1121 I OpenGLRenderer: Davey! duration=9223371921612ms; Flags=0, FrameTimelineVsyncId=4762, IntendedVsync=115227821479, Vsync=115227821479, InputEventId=0, HandleInputStart=115242149012, AnimationStart=115242153970, PerformTraversalsStart=115244360304, DrawStart=115254351387, FrameDeadline=115261154811, FrameInterval=115242135595, FrameStartTime=16666666, SyncQueued=115256336637, SyncStart=115270599220, IssueDrawCommandsStart=115272775470, SwapBuffers=115287318887, FrameCompleted=9223372036854775807, DequeueBufferDuration=44958, QueueBufferDuration=2192917, GpuCompleted=9223372036854775807, SwapBuffersCompleted=115291724304, DisplayPresentTime=0,
05-29 17:10:23.774 2121 2194 I TDLog : [APP] New data found, Submitting...
05-29 17:10:23.803 2121 2194 I TDLog : [APP] Failed to submit data!
05-29 17:10:24.002 476 521 W IorapForwardingService: No service published for: iorapd
05-29 17:10:24.369 664 664 E WifiHAL : wifi_get_link_stats: requestResponse Error:-5
05-29 17:10:24.370 476 610 E WifiVendorHal: getWifiLinkLayerStats_1_5_Internal(l.1191) failed {.code = ERROR_INVALID_ARGS, .description = }
05-29 17:10:25.005 476 521 W IorapForwardingService: No service published for: iorapd
05-29 17:10:25.362 1049 1049 I Binder:1049_1: type=1400 audit(0.0:1119): avc: denied { open } for path="/dev/__properties__/u:object_r:vendor_default_prop:s0" dev="tmpfs" ino=2299 scontext=u:r:system_app:s0 tcontext=u:object_r:vendor_default_prop:s0 tclass=file permissive=1
05-29 17:10:25.365 1049 1063 E ccc : cccccc led current is 100 标准
05-29 17:10:25.362 1049 1049 I Binder:1049_1: type=1400 audit(0.0:1120): avc: denied { getattr } for path="/dev/__properties__/u:object_r:vendor_default_prop:s0" dev="tmpfs" ino=2299 scontext=u:r:system_app:s0 tcontext=u:object_r:vendor_default_prop:s0 tclass=file permissive=1
05-29 17:10:25.362 1049 1049 I Binder:1049_1: type=1400 audit(0.0:1121): avc: denied { map } for path="/dev/__properties__/u:object_r:vendor_default_prop:s0" dev="tmpfs" ino=2299 scontext=u:r:system_app:s0 tcontext=u:object_r:vendor_default_prop:s0 tclass=file permissive=1
05-29 17:10:25.369 476 1390 D TvWindowManager: key event key = KEYCODE_DPAD_LEFT down = true
05-29 17:10:25.370 669 682 D BluetoothAdapterService: cancelDiscovery
05-29 17:10:25.371 669 959 I bt_btif_dm: system/bt/btif/src/btif_dm.cc:1884 btif_dm_cancel_discovery: Cancel search
05-29 17:10:25.371 476 598 D GpioService: mFlickerEnable = true
05-29 17:10:25.377 1049 1063 E ccc : cccccc led current is 100 标准
05-29 17:10:25.456 2027 2027 I SogouIME: onKeyDown: keyoCode=21
05-29 17:10:25.456 2027 2027 I DefaultIMS: onKeyDown: keyoCode=21
05-29 17:10:25.471 476 1390 D TvWindowManager: key event key = KEYCODE_DPAD_LEFT down = false
05-29 17:10:25.478 2027 2027 I SogouIME: onKeyUp: keyoCode=21
05-29 17:10:25.479 2027 2027 I DefaultIMS: onKeyUp: keyoCode=21
05-29 17:10:25.480 2027 2027 I DefaultIMS: onStartInput attribute=android.view.inputmethod.EditorInfo@1facc59 restarting=false inputType: 0
05-29 17:10:25.482 2521 2538 I OpenGLRenderer: Davey! duration=9223371919709ms; Flags=0, FrameTimelineVsyncId=4927, IntendedVsync=117144615104, Vsync=117161281770, InputEventId=943190686, HandleInputStart=117166947596, AnimationStart=117168833013, PerformTraversalsStart=117168845513, DrawStart=117235683096, FrameDeadline=117177948436, FrameInterval=117166928846, FrameStartTime=16666666, SyncQueued=117241745971, SyncStart=117242007388, IssueDrawCommandsStart=117243419888, SwapBuffers=117254922096, FrameCompleted=9223372036854775807, DequeueBufferDuration=55208, QueueBufferDuration=1182667, GpuCompleted=9223372036854775807, SwapBuffersCompleted=117256937055, DisplayPresentTime=0,
05-29 17:10:26.010 476 521 W IorapForwardingService: No service published for: iorapd
05-29 17:10:26.362 1099 1121 I OpenGLRenderer: Davey! duration=9223371918743ms; Flags=0, FrameTimelineVsyncId=4964, IntendedVsync=118111283284, Vsync=118111283284, InputEventId=0, HandleInputStart=118112174430, AnimationStart=118112180513, PerformTraversalsStart=118112478805, DrawStart=118113303347, FrameDeadline=118127949950, FrameInterval=118112162347, FrameStartTime=16666666, SyncQueued=118115354597, SyncStart=118115824930, IssueDrawCommandsStart=118117156055, SwapBuffers=118127306138, FrameCompleted=9223372036854775807, DequeueBufferDuration=72167, QueueBufferDuration=3393500, GpuCompleted=9223372036854775807, SwapBuffersCompleted=118132569388, DisplayPresentTime=0,
05-29 17:10:26.395 1099 1121 I OpenGLRenderer: Davey! duration=9223371918726ms; Flags=0, FrameTimelineVsyncId=4965, IntendedVsync=118127949950, Vsync=118127949950, InputEventId=0, HandleInputStart=118129156888, AnimationStart=118129164097, PerformTraversalsStart=118130215972, DrawStart=118131573722, FrameDeadline=118161283282, FrameInterval=118129132013, FrameStartTime=16666666, SyncQueued=118132466597, SyncStart=118133104888, IssueDrawCommandsStart=118134882763, SwapBuffers=118152557763, FrameCompleted=9223372036854775807, DequeueBufferDuration=64625, QueueBufferDuration=2156709, GpuCompleted=9223372036854775807, SwapBuffersCompleted=118167030430, DisplayPresentTime=0,
05-29 17:10:26.410 1099 1121 I OpenGLRenderer: Davey! duration=9223371918689ms; Flags=0, FrameTimelineVsyncId=4967, IntendedVsync=118144616616, Vsync=118144616616, InputEventId=0, HandleInputStart=118145561347, AnimationStart=118145570180, PerformTraversalsStart=118146162680, DrawStart=118146650055, FrameDeadline=118177949948, FrameInterval=118145545472, FrameStartTime=16666666, SyncQueued=118146881013, SyncStart=118167657097, IssueDrawCommandsStart=118169440472, SwapBuffers=118183581013, FrameCompleted=9223372036854775807, DequeueBufferDuration=106334, QueueBufferDuration=971750, GpuCompleted=9223372036854775807, SwapBuffersCompleted=118185636930, DisplayPresentTime=0,
05-29 17:10:26.427 1099 1351 I OpenGLRenderer: Davey! duration=9223371918678ms; Flags=0, FrameTimelineVsyncId=4968, IntendedVsync=118161283282, Vsync=118161283282, InputEventId=0, HandleInputStart=118170252805, AnimationStart=118170255597, PerformTraversalsStart=118170748680, DrawStart=118170982222, FrameDeadline=118194616614, FrameInterval=118170241638, FrameStartTime=16666666, SyncQueued=118171205097, SyncStart=118185951680, IssueDrawCommandsStart=118187114180, SwapBuffers=118192648222, FrameCompleted=9223372036854775807, DequeueBufferDuration=31375, QueueBufferDuration=7963083, GpuCompleted=9223372036854775807, SwapBuffersCompleted=118201823930, DisplayPresentTime=0,
05-29 17:10:26.462 1099 1121 I OpenGLRenderer: Davey! duration=9223371918651ms; Flags=0, FrameTimelineVsyncId=4972, IntendedVsync=118194616347, Vsync=118194616347, InputEventId=0, HandleInputStart=118209630597, AnimationStart=118209633263, PerformTraversalsStart=118209946638, DrawStart=118210419472, FrameDeadline=118227949679, FrameInterval=118209618763, FrameStartTime=16666666, SyncQueued=118210781763, SyncStart=118219208680, IssueDrawCommandsStart=118221047638, SwapBuffers=118228314972, FrameCompleted=9223372036854775807, DequeueBufferDuration=58416, QueueBufferDuration=1262125, GpuCompleted=9223372036854775807, SwapBuffersCompleted=118230300222, DisplayPresentTime=0,
05-29 17:10:26.481 1099 1121 I OpenGLRenderer: Davey! duration=9223371918635ms; Flags=0, FrameTimelineVsyncId=4974, IntendedVsync=118211283211, Vsync=118211283211, InputEventId=0, HandleInputStart=118221508097, AnimationStart=118221512555, PerformTraversalsStart=118221956222, DrawStart=118222155513, FrameDeadline=118244616543, FrameInterval=118221498930, FrameStartTime=16666666, SyncQueued=118222243347, SyncStart=118230717638, IssueDrawCommandsStart=118232271472, SwapBuffers=118242049888, FrameCompleted=9223372036854775807, DequeueBufferDuration=61291, QueueBufferDuration=3728667, GpuCompleted=9223372036854775807, SwapBuffersCompleted=118247021305, DisplayPresentTime=0,
05-29 17:10:26.497 1099 1121 I OpenGLRenderer: Davey! duration=9223371918612ms; Flags=0, FrameTimelineVsyncId=4976, IntendedVsync=118227951020, Vsync=118227951020, InputEventId=0, HandleInputStart=118232851888, AnimationStart=118232854013, PerformTraversalsStart=118233253097, DrawStart=118233551597, FrameDeadline=118261284352, FrameInterval=118232840347, FrameStartTime=16666666, SyncQueued=118233672222, SyncStart=118247600805, IssueDrawCommandsStart=118249302222, SwapBuffers=118263869555, FrameCompleted=9223372036854775807, DequeueBufferDuration=694625, QueueBufferDuration=2894333, GpuCompleted=9223372036854775807, SwapBuffersCompleted=118270347263, DisplayPresentTime=0,
05-29 17:10:26.961 1099 1121 I OpenGLRenderer: Davey! duration=9223371918138ms; Flags=0, FrameTimelineVsyncId=5034, IntendedVsync=118711281263, Vsync=118711281263, InputEventId=0, HandleInputStart=118711995805, AnimationStart=118712032222, PerformTraversalsStart=118712798764, DrawStart=118713323097, FrameDeadline=118744614595, FrameInterval=118711984305, FrameStartTime=16666666, SyncQueued=118713699222, SyncStart=118718441305, IssueDrawCommandsStart=118719588972, SwapBuffers=118726603014, FrameCompleted=9223372036854775807, DequeueBufferDuration=31708, QueueBufferDuration=1293500, GpuCompleted=9223372036854775807, SwapBuffersCompleted=118738026680, DisplayPresentTime=0,
05-29 17:10:27.012 476 521 W IorapForwardingService: No service published for: iorapd
05-29 17:10:27.383 664 664 E WifiHAL : wifi_get_link_stats: requestResponse Error:-5
05-29 17:10:27.387 476 610 E WifiVendorHal: getWifiLinkLayerStats_1_5_Internal(l.1191) failed {.code = ERROR_INVALID_ARGS, .description = }
05-29 17:10:28.015 476 521 W IorapForwardingService: No service published for: iorapd
05-29 17:10:28.661 2121 2188 D UtilLog : 日志批量上报 进行正常循环 !!!!!!本次有0次请求,共0条数据
05-29 17:10:29.018 476 521 W IorapForwardingService: No service published for: iorapd
05-29 17:10:29.411 1099 1121 I OpenGLRenderer: Davey! duration=9223371915694ms; Flags=0, FrameTimelineVsyncId=5041, IntendedVsync=121145049550, Vsync=121145049550, InputEventId=0, HandleInputStart=121149150556, AnimationStart=121149156015, PerformTraversalsStart=121149705265, DrawStart=121149931681, FrameDeadline=121178382882, FrameInterval=121149138181, FrameStartTime=16666666, SyncQueued=121150048181, SyncStart=121165114806, IssueDrawCommandsStart=121167442223, SwapBuffers=121179378223, FrameCompleted=9223372036854775807, DequeueBufferDuration=949458, QueueBufferDuration=1905708, GpuCompleted=9223372036854775807, SwapBuffersCompleted=121182519098, DisplayPresentTime=0,
05-29 17:10:29.428 1099 1121 I OpenGLRenderer: Davey! duration=9223371915679ms; Flags=0, FrameTimelineVsyncId=5043, IntendedVsync=121161716216, Vsync=121161716216, InputEventId=0, HandleInputStart=121168454806, AnimationStart=121168459390, PerformTraversalsStart=121168963015, DrawStart=121169195098, FrameDeadline=121195049548, FrameInterval=121168444765, FrameStartTime=16666666, SyncQueued=121169312348, SyncStart=121183050931, IssueDrawCommandsStart=121184794765, SwapBuffers=121196897306, FrameCompleted=9223372036854775807, DequeueBufferDuration=1691792, QueueBufferDuration=1763250, GpuCompleted=9223372036854775807, SwapBuffersCompleted=121199809806, DisplayPresentTime=0,
05-29 17:10:29.461 1099 1121 I OpenGLRenderer: Davey! duration=9223371915643ms; Flags=0, FrameTimelineVsyncId=5047, IntendedVsync=121195049548, Vsync=121195049548, InputEventId=0, HandleInputStart=121202604181, AnimationStart=121202607681, PerformTraversalsStart=121203068181, DrawStart=121203794556, FrameDeadline=121228382880, FrameInterval=121202591848, FrameStartTime=16666666, SyncQueued=121204598390, SyncStart=121220446681, IssueDrawCommandsStart=121221439890, SwapBuffers=121232440140, FrameCompleted=9223372036854775807, DequeueBufferDuration=52000, QueueBufferDuration=1145500, GpuCompleted=9223372036854775807, SwapBuffersCompleted=121237953681, DisplayPresentTime=0,
05-29 17:10:29.477 1099 1121 I OpenGLRenderer: Davey! duration=9223371915627ms; Flags=0, FrameTimelineVsyncId=5049, IntendedVsync=121211726966, Vsync=121211726966, InputEventId=0, HandleInputStart=121221859973, AnimationStart=121221862598, PerformTraversalsStart=121222324015, DrawStart=121222522431, FrameDeadline=121245060298, FrameInterval=121221851598, FrameStartTime=16666666, SyncQueued=121222619140, SyncStart=121238283806, IssueDrawCommandsStart=121239499140, SwapBuffers=121247200265, FrameCompleted=9223372036854775807, DequeueBufferDuration=45083, QueueBufferDuration=4979666, GpuCompleted=9223372036854775807, SwapBuffersCompleted=121255074848, DisplayPresentTime=0,
