01-01 08:00:15.241 476 476 D PackageManager: No files in app dir /apex/com.android.tzdata/app
01-01 08:00:15.248 476 476 D PackageManager: No files in app dir /apex/com.android.tethering/app
01-01 08:00:15.248 476 476 D PackageManager: No files in app dir /apex/com.android.sdkext/priv-app
01-01 08:00:15.248 476 476 D PackageManager: No files in app dir /apex/com.android.sdkext/app
01-01 08:00:15.248 476 476 D PackageManager: No files in app dir /apex/com.android.scheduling/priv-app
01-01 08:00:15.249 476 476 D PackageManager: No files in app dir /apex/com.android.scheduling/app
01-01 08:00:15.249 476 476 D PackageManager: No files in app dir /apex/com.android.runtime/priv-app
01-01 08:00:15.249 476 476 D PackageManager: No files in app dir /apex/com.android.runtime/app
01-01 08:00:15.249 476 476 D PackageManager: No files in app dir /apex/com.android.resolv/priv-app
01-01 08:00:15.249 476 476 D PackageManager: No files in app dir /apex/com.android.resolv/app
01-01 08:00:15.258 476 476 D PackageManager: No files in app dir /apex/com.android.permission/app
01-01 08:00:15.258 476 476 D PackageManager: No files in app dir /apex/com.android.os.statsd/priv-app
01-01 08:00:15.259 476 476 D PackageManager: No files in app dir /apex/com.android.os.statsd/app
01-01 08:00:15.259 476 476 D PackageManager: No files in app dir /apex/com.android.neuralnetworks/priv-app
01-01 08:00:15.259 476 476 D PackageManager: No files in app dir /apex/com.android.neuralnetworks/app
01-01 08:00:15.265 476 476 D PackageManager: No files in app dir /apex/com.android.mediaprovider/app
01-01 08:00:15.265 476 476 D PackageManager: No files in app dir /apex/com.android.media.swcodec/priv-app
01-01 08:00:15.265 476 476 D PackageManager: No files in app dir /apex/com.android.media.swcodec/app
01-01 08:00:15.265 476 476 D PackageManager: No files in app dir /apex/com.android.media/priv-app
01-01 08:00:15.265 476 476 D PackageManager: No files in app dir /apex/com.android.media/app
01-01 08:00:15.265 476 476 D PackageManager: No files in app dir /apex/com.android.ipsec/priv-app
01-01 08:00:15.265 476 476 D PackageManager: No files in app dir /apex/com.android.ipsec/app
01-01 08:00:15.266 476 476 D PackageManager: No files in app dir /apex/com.android.i18n/priv-app
01-01 08:00:15.266 476 476 D PackageManager: No files in app dir /apex/com.android.i18n/app
01-01 08:00:15.272 476 476 D PackageManager: No files in app dir /apex/com.android.extservices/app
01-01 08:00:15.272 476 476 D PackageManager: No files in app dir /apex/com.android.conscrypt/priv-app
01-01 08:00:15.272 476 476 D PackageManager: No files in app dir /apex/com.android.conscrypt/app
01-01 08:00:15.272 476 476 D PackageManager: No files in app dir /apex/com.android.art/priv-app
01-01 08:00:15.272 476 476 D PackageManager: No files in app dir /apex/com.android.art/app
01-01 08:00:15.272 476 476 D PackageManager: No files in app dir /apex/com.android.appsearch/priv-app
01-01 08:00:15.273 476 476 D PackageManager: No files in app dir /apex/com.android.appsearch/app
01-01 08:00:15.273 476 476 D PackageManager: No files in app dir /apex/com.android.adbd/priv-app
01-01 08:00:15.273 476 476 D PackageManager: No files in app dir /apex/com.android.adbd/app
01-01 08:00:15.286 476 476 I PackageManager: Finished scanning system apps. Time: 518 ms, packageCount: 112 , timePerPackage: 4 , cached: 112
01-01 08:00:15.290 476 476 D CompatibilityChangeReporter: Compat change id reported: 133396946; UID -1; state: DISABLED
01-01 08:00:15.294 476 476 I PackageManager: Finished scanning non-system apps. Time: 8 ms, packageCount: 1 , timePerPackage: 8 , cached: 1
01-01 08:00:15.296 476 476 W PackageManager: There should probably be exactly one storage manager; found 2: matches=[ResolveInfo{bf87c5 com.android.storagemanager/.deletionhelper.DeletionHelperActivity m=0x108000}, ResolveInfo{449051a com.android.tv.settings/.device.StorageResetActivity m=0x108000}]
01-01 08:00:15.297 476 476 E PackageManager: There should probably be exactly one setup wizard; found 2: matches=[ResolveInfo{ec1484b com.dangbei.hqguide/.main.MainActivity p=1000 m=0x108000}, ResolveInfo{154d228 com.softwinner.provision/.DefaultActivity p=1 m=0x108000}]
01-01 08:00:15.308 476 476 I PackageManager: Time to scan packages: 0.541 seconds
01-01 08:00:15.346 476 476 I PackageManager: Permission ownership changed. Updating all permissions.
01-01 08:00:15.392 476 476 V PackageManager: reconcileAppsData for null u0 0x3 migrateAppData=true
01-01 08:00:15.416 360 370 I SELinux : SELinux: Loaded file_contexts
01-01 08:00:15.531 315 315 D XiriService: check file name: /data/data/android/lib
01-01 08:00:15.532 315 315 D XiriService: check file name: /data/data/android/lib
01-01 08:00:15.528 315 315 I xiriservice_All: type=1400 audit(0.0:309): avc: denied { search } for name="android" dev="mmcblk0p25" ino=507 scontext=u:r:init:s0 tcontext=u:object_r:system_app_data_file:s0 tclass=dir permissive=1
01-01 08:00:15.532 315 315 D XiriService: check file name: /data/data/android/lib
01-01 08:00:15.533 315 315 D XiriService: check file name: /data/data/android/lib
01-01 08:00:15.528 315 315 I xiriservice_All: type=1400 audit(0.0:310): avc: denied { read } for name="lib" dev="mmcblk0p25" ino=19589 scontext=u:r:init:s0 tcontext=u:object_r:system_app_data_file:s0 tclass=lnk_file permissive=1
01-01 08:00:15.539 315 315 D XiriService: check file name: /data/data/android/lib
01-01 08:00:15.540 315 315 D XiriService: check file name: /data/data/android/lib
01-01 08:00:15.540 315 315 D XiriService: check file name: /data/data/android/lib
01-01 08:00:15.540 315 315 D XiriService: check file name: /data/data/android/lib
01-01 08:00:15.540 315 315 D XiriService: check file name: /data/data/com.android.providers.settings/lib
01-01 08:00:15.540 315 315 D XiriService: check file name: /data/data/com.android.providers.settings/lib
01-01 08:00:15.541 315 315 D XiriService: check file name: /data/data/com.android.providers.settings/lib
01-01 08:00:15.541 315 315 D XiriService: check file name: /data/data/com.android.providers.settings/lib
01-01 08:00:15.546 315 315 D XiriService: check file name: /data/data/com.android.providers.settings/lib
01-01 08:00:15.547 315 315 D XiriService: check file name: /data/data/com.android.providers.settings/lib
01-01 08:00:15.547 315 315 D XiriService: check file name: /data/data/com.android.providers.settings/lib
01-01 08:00:15.547 315 315 D XiriService: check file name: /data/data/com.android.providers.settings/lib
01-01 08:00:15.548 315 315 D XiriService: check file name: /data/data/com.android.inputdevices/lib
01-01 08:00:15.548 315 315 D XiriService: check file name: /data/data/com.android.inputdevices/lib
01-01 08:00:15.548 315 315 D XiriService: check file name: /data/data/com.android.inputdevices/lib
01-01 08:00:15.548 315 315 D XiriService: check file name: /data/data/com.android.inputdevices/lib
01-01 08:00:15.555 315 315 D XiriService: check file name: /data/data/com.android.inputdevices/lib
01-01 08:00:15.555 315 315 D XiriService: check file name: /data/data/com.android.inputdevices/lib
01-01 08:00:15.556 315 315 D XiriService: check file name: /data/data/com.android.inputdevices/lib
01-01 08:00:15.556 315 315 D XiriService: check file name: /data/data/com.android.inputdevices/lib
01-01 08:00:15.562 315 315 D XiriService: check file name: /data/data/android.ext.services/lib
01-01 08:00:15.562 315 315 D XiriService: check file name: /data/data/android.ext.services/lib
01-01 08:00:15.560 315 315 I xiriservice_All: type=1400 audit(0.0:311): avc: denied { search } for name="android.ext.services" dev="mmcblk0p25" ino=439 scontext=u:r:init:s0 tcontext=u:object_r:app_data_file:s0:c512,c768 tclass=dir permissive=1
01-01 08:00:15.563 315 315 D XiriService: check file name: /data/data/android.ext.services/lib
01-01 08:00:15.563 315 315 D XiriService: check file name: /data/data/android.ext.services/lib
01-01 08:00:15.560 315 315 I xiriservice_All: type=1400 audit(0.0:312): avc: denied { read } for name="lib" dev="mmcblk0p25" ino=19603 scontext=u:r:init:s0 tcontext=u:object_r:app_data_file:s0:c512,c768 tclass=lnk_file permissive=1
01-01 08:00:15.568 315 315 D XiriService: check file name: /data/data/android.ext.services/lib
01-01 08:00:15.568 315 315 D XiriService: check file name: /data/data/android.ext.services/lib
01-01 08:00:15.569 315 315 D XiriService: check file name: /data/data/android.ext.services/lib
01-01 08:00:15.569 315 315 D XiriService: check file name: /data/data/android.ext.services/lib
01-01 08:00:15.589 315 315 D XiriService: check file name: /data/data/com.android.location.fused/lib
01-01 08:00:15.589 315 315 D XiriService: check file name: /data/data/com.android.location.fused/lib
01-01 08:00:15.590 315 315 D XiriService: check file name: /data/data/com.android.location.fused/lib
01-01 08:00:15.590 315 315 D XiriService: check file name: /data/data/com.android.location.fused/lib
01-01 08:00:15.601 315 315 D XiriService: check file name: /data/data/com.android.location.fused/lib
01-01 08:00:15.601 315 315 D XiriService: check file name: /data/data/com.android.location.fused/lib
01-01 08:00:15.602 315 315 D XiriService: check file name: /data/data/com.android.location.fused/lib
01-01 08:00:15.602 315 315 D XiriService: check file name: /data/data/com.android.location.fused/lib
01-01 08:00:15.602 380 380 I update_engine: [INFO:cleanup_previous_update_action.cc(112)] Executing task 3
01-01 08:00:15.604 380 380 I update_engine: [INFO:cleanup_previous_update_action.cc(124)] CleanupPreviousUpdateAction scheduled task ID 4 for WaitBootCompleted
01-01 08:00:15.613 476 476 V PackageManager: reconcileAppsData finished 14 packages
01-01 08:00:15.614 476 476 I PackageManagerTiming: write settings
01-01 08:00:15.614 476 569 I SystemServerTimingAsync: InitThreadPoolExec:prepareAppData
01-01 08:00:15.614 476 569 D SystemServerInitThreadPool: Started executing prepareAppData
01-01 08:00:15.615 360 370 E cutils-trace: Error opening trace file: No such file or directory (2)
01-01 08:00:15.618 360 370 W installd: Ignoring /data/data/android/lib with unexpected GID 0 instead of 1000
01-01 08:00:15.618 360 370 W installd: Ignoring /data/data/com.android.providers.settings/lib with unexpected GID 0 instead of 1000
01-01 08:00:15.618 360 370 W installd: Ignoring /data/data/com.android.inputdevices/lib with unexpected GID 0 instead of 1000
01-01 08:00:15.618 360 370 W installd: Ignoring /data/data/android.ext.services/lib with unexpected GID 0 instead of 10075
01-01 08:00:15.621 360 370 W installd: Ignoring /data/data/com.android.location.fused/lib with unexpected GID 0 instead of 1000
01-01 08:00:15.623 360 370 W installd: Ignoring /data/data/com.android.cts.priv.ctsshim/lib with unexpected GID 0 instead of 10016
01-01 08:00:15.623 360 370 W installd: Ignoring /data/data/com.android.dynsystem/lib with unexpected GID 0 instead of 1000
01-01 08:00:15.624 360 370 W installd: Ignoring /data/data/com.dangbei.lerad.rocky/lib with unexpected GID 0 instead of 1000
01-01 08:00:15.625 360 370 W installd: Ignoring /data/data/com.android.tv.settings/lib with unexpected GID 0 instead of 1000
01-01 08:00:15.626 360 370 W installd: Ignoring /data/data/com.oranth.factory/lib with unexpected GID 0 instead of 1000
01-01 08:00:15.627 360 370 W installd: Ignoring /data/data/com.dangbei.zhushou.os/lib with unexpected GID 0 instead of 1000
01-01 08:00:15.630 360 370 W installd: Ignoring /data/data/com.sohu.inputmethod.sogou.tv/lib with unexpected GID 0 instead of 10039
01-01 08:00:15.633 360 370 W installd: Ignoring /data/data/com.oranth.ledstatus/lib with unexpected GID 0 instead of 1000
01-01 08:00:15.634 360 370 W installd: Ignoring /data/data/com.dangbei.lerad.videoposter/lib with unexpected GID 0 instead of 10049
01-01 08:00:15.636 360 370 W installd: Ignoring /data/data/com.android.networkstack/lib with unexpected GID 0 instead of 1073
01-01 08:00:15.643 360 370 W installd: Ignoring /data/data/com.dangbei.screencast/lib with unexpected GID 0 instead of 10022
01-01 08:00:15.644 360 370 W installd: Ignoring /data/data/com.dangbei.leard.leradlauncher/lib with unexpected GID 0 instead of 1000
01-01 08:00:15.647 360 370 W installd: Ignoring /data/data/com.android.printspooler/lib with unexpected GID 0 instead of 10053
01-01 08:00:15.648 360 370 W installd: Ignoring /data/data/com.android.webview/lib with unexpected GID 0 instead of 10060
01-01 08:00:15.644 332 332 I rainbow_flow: type=1400 audit(0.0:313): avc: denied { ioctl } for path="/dev/spidev1.0" dev="tmpfs" ino=2489 ioctlcmd=0x6b00 scontext=u:r:init:s0 tcontext=u:object_r:device:s0 tclass=chr_file permissive=1
01-01 08:00:15.651 360 370 W installd: Ignoring /data/data/com.android.bips/lib with unexpected GID 0 instead of 10030
01-01 08:00:15.651 360 370 W installd: Ignoring /data/data/com.oranth.inputmacsn/lib with unexpected GID 0 instead of 1000
01-01 08:00:15.654 360 370 W installd: Ignoring /data/data/com.android.keychain/lib with unexpected GID 0 instead of 1000
01-01 08:00:15.658 360 370 W installd: Ignoring /data/data/com.android.localtransport/lib with unexpected GID 0 instead of 1000
01-01 08:00:15.658 476 476 I SELinux : SELinux: Loaded file_contexts
01-01 08:00:15.660 360 370 W installd: Ignoring /data/data/com.android.packageinstaller/lib with unexpected GID 0 instead of 1000
01-01 08:00:15.664 360 370 W installd: Ignoring /data/data/com.oranth.usbopenft/lib with unexpected GID 0 instead of 1000
01-01 08:00:15.665 360 370 W installd: Ignoring /data/data/com.android.networkstack.tethering/lib with unexpected GID 0 instead of 1073
01-01 08:00:15.666 360 370 W installd: Ignoring /data/data/com.dangbei.lerad.etna.haqu/lib with unexpected GID 0 instead of 1000
01-01 08:00:15.669 360 370 W installd: Ignoring /data/data/com.oranth.powerwindow/lib with unexpected GID 0 instead of 1000
01-01 08:00:15.670 360 370 W installd: Ignoring /data/data/com.android.networkstack.permissionconfig/lib with unexpected GID 0 instead of 1073
01-01 08:00:15.672 360 370 W installd: Ignoring /data/data/com.dangbei.lerad.screensaver/lib with unexpected GID 0 instead of 10047
01-01 08:00:15.675 360 370 W installd: Ignoring /data/data/com.android.wallpaperbackup/lib with unexpected GID 0 instead of 1000
01-01 08:00:15.678 360 370 W installd: Ignoring /data/data/com.android.providers.media.module/lib with unexpected GID 0 instead of 10074
01-01 08:00:15.679 360 370 W installd: Ignoring /data/data/com.oranth.storage/lib with unexpected GID 0 instead of 1000
01-01 08:00:15.681 360 370 W installd: Ignoring /data/data/com.dangbei.haqusetting/lib with unexpected GID 0 instead of 1000
01-01 08:00:15.681 476 476 W PackageManager: There should probably be a verifier, but, none were found
01-01 08:00:15.682 360 370 W installd: Ignoring /data/data/com.softwinner.miracastReceiver/lib with unexpected GID 0 instead of 1000
01-01 08:00:15.683 476 476 W PackageManager: Domain verification agent not found
01-01 08:00:15.684 360 370 W installd: Ignoring /data/data/com.android.bluetooth/lib with unexpected GID 0 instead of 1002
01-01 08:00:15.687 360 370 W installd: Ignoring /data/data/com.dangbei.hqmedia/lib with unexpected GID 0 instead of 10076
01-01 08:00:15.689 476 476 D PackageManager: Ephemeral resolver NOT found; no matching intent filters
01-01 08:00:15.689 476 476 D PackageManager: Instant App installer not found with android.intent.action.INSTALL_INSTANT_APP_PACKAGE
01-01 08:00:15.689 476 476 D PackageManager: Clear ephemeral installer activity
01-01 08:00:15.694 360 370 W installd: Ignoring /data/user_de/0/android/lib with unexpected GID 0 instead of 1000
01-01 08:00:15.695 360 370 W installd: Ignoring /data/user_de/0/com.android.providers.settings/lib with unexpected GID 0 instead of 1000
01-01 08:00:15.695 360 370 W installd: Ignoring /data/user_de/0/com.android.inputdevices/lib with unexpected GID 0 instead of 1000
01-01 08:00:15.696 360 370 W installd: Ignoring /data/user_de/0/com.android.location.fused/lib with unexpected GID 0 instead of 1000
01-01 08:00:15.698 476 476 I PackageManagerTiming: GC
01-01 08:00:15.698 476 476 I PackageManager: Fix for b/169414761 is applied
01-01 08:00:15.704 360 370 W installd: Ignoring /data/user_de/0/com.android.tv.settings/lib with unexpected GID 0 instead of 1000
01-01 08:00:15.708 360 370 W installd: Ignoring /data/user_de/0/com.sohu.inputmethod.sogou.tv/lib with unexpected GID 0 instead of 10039
01-01 08:00:15.708 265 265 I EventThread: type=1400 audit(0.0:314): avc: denied { search } for name="extcon" dev="sysfs" ino=18109 scontext=u:r:hal_tv_cec_default:s0 tcontext=u:object_r:sysfs_extcon:s0 tclass=dir permissive=1
01-01 08:00:15.713 360 370 W installd: Ignoring /data/user_de/0/com.android.networkstack/lib with unexpected GID 0 instead of 1073
01-01 08:00:15.735 360 370 W installd: Ignoring /data/user_de/0/com.android.packageinstaller/lib with unexpected GID 0 instead of 1000
01-01 08:00:15.737 360 370 W installd: Ignoring /data/user_de/0/com.android.networkstack.tethering/lib with unexpected GID 0 instead of 1073
01-01 08:00:15.751 360 370 W installd: Ignoring /data/user_de/0/com.android.bluetooth/lib with unexpected GID 0 instead of 1002
01-01 08:00:15.757 476 476 V UserManagerService: Checking that all system packages are whitelisted.
01-01 08:00:15.763 476 476 W UserManagerService: checkWhitelistedSystemPackages(mode=ENFORCE|IMPLICIT_WHITELIST|IMPLICIT_WHITELIST_SYSTEM) has 55 warnings:
01-01 08:00:15.763 476 476 W UserManagerService: com.android.internal.display.cutout.emulation.corner is allowlisted but not present.
01-01 08:00:15.763 476 476 W UserManagerService: com.android.internal.display.cutout.emulation.double is allowlisted but not present.
01-01 08:00:15.763 476 476 W UserManagerService: com.android.theme.color.amethyst is allowlisted but not present.
01-01 08:00:15.763 476 476 W UserManagerService: com.android.theme.icon.pebble is allowlisted but not present.
01-01 08:00:15.763 476 476 W UserManagerService: com.android.theme.color.sand is allowlisted but not present.
01-01 08:00:15.763 476 476 W UserManagerService: com.android.theme.icon.vessel is allowlisted but not present.
01-01 08:00:15.763 476 476 W UserManagerService: com.android.theme.color.cinnamon is allowlisted but not present.
01-01 08:00:15.764 476 476 W UserManagerService: com.android.theme.icon_pack.victor.settings is allowlisted but not present.
01-01 08:00:15.764 476 476 W UserManagerService: com.android.theme.icon_pack.rounded.systemui is allowlisted but not present.
01-01 08:00:15.764 476 476 W UserManagerService: com.android.theme.icon.taperedrect is allowlisted but not present.
01-01 08:00:15.764 476 476 W UserManagerService: com.android.theme.icon_pack.rounded.android is allowlisted but not present.
01-01 08:00:15.764 476 476 W UserManagerService: com.android.theme.icon_pack.victor.systemui is allowlisted but not present.
01-01 08:00:15.764 476 476 W UserManagerService: com.android.theme.icon_pack.circular.themepicker is allowlisted but not present.
01-01 08:00:15.764 476 476 W UserManagerService: com.android.theme.color.tangerine is allowlisted but not present.
01-01 08:00:15.764 476 476 W UserManagerService: com.android.theme.color.aquamarine is allowlisted but not present.
01-01 08:00:15.764 476 476 W UserManagerService: com.android.internal.display.cutout.emulation.hole is allowlisted but not present.
01-01 08:00:15.764 476 476 W UserManagerService: com.android.internal.display.cutout.emulation.tall is allowlisted but not present.
01-01 08:00:15.764 476 476 W UserManagerService: com.android.theme.color.black is allowlisted but not present.
01-01 08:00:15.764 476 476 W UserManagerService: com.android.theme.color.green is allowlisted but not present.
01-01 08:00:15.764 476 476 W UserManagerService: com.android.theme.color.ocean is allowlisted but not present.
01-01 08:00:15.764 476 476 W UserManagerService: com.android.theme.color.space is allowlisted but not present.
01-01 08:00:15.764 476 476 W UserManagerService: com.android.theme.icon_pack.rounded.launcher is allowlisted but not present.
01-01 08:00:15.764 476 476 W UserManagerService: com.android.theme.icon_pack.kai.settings is allowlisted but not present.
01-01 08:00:15.764 476 476 W UserManagerService: com.android.internal.systemui.navbar.twobutton is allowlisted but not present.
01-01 08:00:15.764 476 476 W UserManagerService: com.android.theme.icon_pack.sam.settings is allowlisted but not present.
01-01 08:00:15.764 476 476 W UserManagerService: com.android.theme.icon_pack.kai.themepicker is allowlisted but not present.
01-01 08:00:15.764 476 476 W UserManagerService: com.android.theme.icon_pack.victor.launcher is allowlisted but not present.
01-01 08:00:15.764 476 476 W UserManagerService: com.android.theme.icon_pack.filled.settings is allowlisted but not present.
01-01 08:00:15.764 476 476 W UserManagerService: com.android.theme.icon_pack.kai.systemui is allowlisted but not present.
01-01 08:00:15.764 476 476 W UserManagerService: com.android.theme.icon_pack.circular.settings is allowlisted but not present.
01-01 08:00:15.764 476 476 W UserManagerService: com.android.theme.icon_pack.sam.systemui is allowlisted but not present.
01-01 08:00:15.764 476 476 W UserManagerService: com.android.theme.icon.teardrop is allowlisted but not present.
01-01 08:00:15.764 476 476 W UserManagerService: com.android.theme.icon_pack.rounded.themepicker is allowlisted but not present.
01-01 08:00:15.764 476 476 W UserManagerService: com.android.theme.icon_pack.filled.systemui is allowlisted but not present.
01-01 08:00:15.764 476 476 W UserManagerService: com.android.theme.icon_pack.sam.android is allowlisted but not present.
01-01 08:00:15.764 476 476 W UserManagerService: com.android.theme.icon_pack.filled.android is allowlisted but not present.
01-01 08:00:15.764 476 476 W UserManagerService: com.android.internal.display.cutout.emulation.waterfall is allowlisted but not present.
01-01 08:00:15.764 476 476 W UserManagerService: com.android.theme.icon_pack.circular.systemui is allowlisted but not present.
01-01 08:00:15.764 476 476 W UserManagerService: com.android.theme.icon_pack.kai.android is allowlisted but not present.
01-01 08:00:15.764 476 476 W UserManagerService: com.android.theme.icon_pack.kai.launcher is allowlisted but not present.
01-01 08:00:15.764 476 476 W UserManagerService: com.android.theme.icon_pack.sam.launcher is allowlisted but not present.
01-01 08:00:15.764 476 476 W UserManagerService: com.android.theme.icon.squircle is allowlisted but not present.
01-01 08:00:15.764 476 476 W UserManagerService: com.android.theme.icon_pack.victor.android is allowlisted but not present.
01-01 08:00:15.764 476 476 W UserManagerService: com.android.theme.color.palette is allowlisted but not present.
01-01 08:00:15.764 476 476 W UserManagerService: com.android.theme.icon_pack.filled.launcher is allowlisted but not present.
01-01 08:00:15.764 476 476 W UserManagerService: com.android.theme.color.carbon is allowlisted but not present.
01-01 08:00:15.764 476 476 W UserManagerService: com.android.theme.icon_pack.circular.launcher is allowlisted but not present.
01-01 08:00:15.764 476 476 W UserManagerService: com.android.theme.icon_pack.filled.themepicker is allowlisted but not present.
01-01 08:00:15.764 476 476 W UserManagerService: com.android.theme.icon_pack.victor.themepicker is allowlisted but not present.
01-01 08:00:15.764 476 476 W UserManagerService: com.android.theme.color.orchid is allowlisted but not present.
01-01 08:00:15.764 476 476 W UserManagerService: com.android.theme.color.purple is allowlisted but not present.
01-01 08:00:15.764 476 476 W UserManagerService: com.android.theme.icon_pack.sam.themepicker is allowlisted but not present.
01-01 08:00:15.764 476 476 W UserManagerService: com.android.theme.icon.roundedrect is allowlisted but not present.
01-01 08:00:15.764 476 476 W UserManagerService: com.android.theme.icon_pack.rounded.settings is allowlisted but not present.
01-01 08:00:15.764 476 476 W UserManagerService: com.android.theme.icon_pack.circular.android is allowlisted but not present.
01-01 08:00:15.767 476 476 I Watchdog: Resuming HandlerChecker: main thread for reason: packagemanagermain. Pause count: 0
01-01 08:00:15.771 476 476 I SystemServerDexLoadReporter: Configuring system server dex reporter
01-01 08:00:15.782 366 366 I ServiceManager: Waiting for service 'package_native' on '/dev/binder' successful after waiting 3968ms
01-01 08:00:15.793 476 476 I SystemServerTiming: StartOtaDexOptService
01-01 08:00:15.793 476 476 I Watchdog: Pausing HandlerChecker: main thread for reason: moveab. Pause count: 1
01-01 08:00:15.795 476 476 D OTADexopt: No upgrade, skipping A/B artifacts check.
01-01 08:00:15.795 476 476 I Watchdog: Resuming HandlerChecker: main thread for reason: moveab. Pause count: 0
01-01 08:00:15.795 476 476 I SystemServerTiming: StartUserManagerService
01-01 08:00:15.796 476 476 I SystemServiceManager: Starting com.android.server.pm.UserManagerService$LifeCycle
01-01 08:00:15.797 476 476 I SystemServerTiming: InitAttributerCache
01-01 08:00:15.797 476 476 I SystemServerTiming: SetSystemProcess
01-01 08:00:15.802 476 500 V HistoricalRegistry: Interaction before persistence initialized
01-01 08:00:15.803 366 572 I storaged: storaged: Start
01-01 08:00:15.807 356 356 I cameraserver: Waiting for sensor privacy service
01-01 08:00:15.809 363 428 I ServiceManager: Waiting for service 'package_native' on '/dev/binder' successful after waiting 4046ms
01-01 08:00:15.815 363 428 W AudioAnalytics: (key=audio.flinger) Audioflinger constructor event detected
01-01 08:00:15.819 184 184 I lowmemorykiller: lmkd data connection established
01-01 08:00:15.819 476 541 I ActivityManager: Connection with lmkd established
01-01 08:00:15.822 476 500 V HistoricalRegistry: Interaction before persistence initialized
01-01 08:00:15.828 270 270 I audioserver: Waiting for sensor privacy service
01-01 08:00:15.830 476 476 I SystemServerTiming: InitWatchdog
01-01 08:00:15.831 476 476 I SystemServerTiming: StartOverlayManagerService
01-01 08:00:15.854 1 1 I init : Control message: Processed ctl.start for 'idmap2d' from pid: 476 (system_server)
01-01 08:00:15.854 358 383 E cutils-trace: Error opening trace file: No such file or directory (2)
01-01 08:00:15.889 358 576 W idmap2d : active ffro iterator was not previously released
01-01 08:00:15.902 476 476 I SystemServerTiming: StartSensorPrivacyService
01-01 08:00:15.909 476 476 I SystemServerTiming: StartSensorService
01-01 08:00:15.909 476 476 I SystemServiceManager: Starting com.android.server.sensors.SensorService
01-01 08:00:15.910 476 476 I SystemServerTiming: startCoreServices
01-01 08:00:15.911 476 476 I SystemServerTiming: StartSystemConfigService
01-01 08:00:15.911 476 476 I SystemServiceManager: Starting com.android.server.SystemConfigService
01-01 08:00:15.912 476 476 I SystemServerTiming: StartBatteryService
01-01 08:00:15.912 476 476 I SystemServiceManager: Starting com.android.server.BatteryService
01-01 08:00:15.916 476 578 I SystemServerTimingAsync: InitThreadPoolExec:StartNativeSensorService
01-01 08:00:15.917 476 578 D SystemServerInitThreadPool: Started executing StartNativeSensorService
01-01 08:00:15.917 476 578 I SystemServerTimingAsync: StartNativeSensorService
01-01 08:00:15.917 476 578 D SensorService: nuSensorService starting...
01-01 08:00:15.919 186 186 I hwservicemanager: getTransport: Cannot find entry android.hardware.sensors@2.1::ISensors/default in either framework or device VINTF manifest.
01-01 08:00:15.920 186 186 I hwservicemanager: getTransport: Cannot find entry android.hardware.sensors@2.0::ISensors/default in either framework or device VINTF manifest.
01-01 08:00:15.920 186 186 I hwservicemanager: getTransport: Cannot find entry android.hardware.sensors@1.0::ISensors/default in either framework or device VINTF manifest.
01-01 08:00:15.924 476 578 D SystemServerInitThreadPool: Finished executing StartNativeSensorService
01-01 08:00:15.929 476 476 I android_os_HwBinder: HwBinder: Starting thread pool for getting: android.hardware.health@2.0::IHealth/default
01-01 08:00:15.941 356 356 I HidlServiceManagement: Registered android.frameworks.cameraservice.service@2.2::ICameraService/default
01-01 08:00:15.944 262 262 W healthd : battery none chg=
01-01 08:00:15.942 356 356 I CameraService: CameraService pinged cameraservice proxy
01-01 08:00:15.943 356 356 I cameraserver: ServiceManager: 0xf304a960 done instantiate
01-01 08:00:15.949 476 476 I android_os_HwBinder: HwBinder: Starting thread pool for getting: android.hidl.manager@1.0::IServiceManager/default
01-01 08:00:15.953 476 476 I HealthServiceWrapper: health: HealthServiceWrapper listening to instance default
01-01 08:00:15.954 476 476 I BatteryService: health: Waited 0ms and received the update.
01-01 08:00:15.956 476 476 I SystemServerTiming: StartUsageService
01-01 08:00:15.956 476 476 I SystemServiceManager: Starting com.android.server.usage.UsageStatsService
01-01 08:00:15.961 476 580 I android_os_HwBinder: HwBinder: Starting thread pool for getting: android.hardware.health@2.0::IHealth/default
01-01 08:00:15.974 476 476 I SystemServerTiming: StartWebViewUpdateService
01-01 08:00:15.974 476 476 I SystemServiceManager: Starting com.android.server.webkit.WebViewUpdateService
01-01 08:00:15.978 476 476 I SystemServerTiming: StartCachedDeviceStateService
01-01 08:00:15.978 476 476 I SystemServiceManager: Starting com.android.server.CachedDeviceStateService
01-01 08:00:15.978 476 476 I SystemServerTiming: StartBinderCallsStatsService
01-01 08:00:15.978 476 476 I SystemServiceManager: Starting com.android.server.BinderCallsStatsService$LifeCycle
01-01 08:00:15.981 476 476 I SystemServerTiming: StartLooperStatsService
01-01 08:00:15.981 476 476 I SystemServiceManager: Starting com.android.server.LooperStatsService$Lifecycle
01-01 08:00:15.983 476 476 I SystemServerTiming: StartRollbackManagerService
01-01 08:00:15.983 476 476 I SystemServiceManager: Starting com.android.server.rollback.RollbackManagerService
01-01 08:00:15.986 360 360 D installd: Found quota mount /dev/block/by-name/userdata at /data
01-01 08:00:15.986 360 360 D installd: Found quota mount /dev/block/by-name/userdata at /data/user/0
01-01 08:00:15.989 476 476 I PackageWatchdog: Syncing state, reason: added new observer
01-01 08:00:15.989 476 476 I PackageWatchdog: Not pruning observers, elapsed time: 0ms
01-01 08:00:15.990 476 476 I PackageWatchdog: Cancelling state sync, nothing to sync
01-01 08:00:15.990 476 538 I PackageWatchdog: Saving observer state to file
01-01 08:00:15.994 476 476 I SystemServerTiming: StartNativeTombstoneManagerService
01-01 08:00:15.994 476 476 I SystemServiceManager: Starting com.android.server.os.NativeTombstoneManagerService
01-01 08:00:15.998 476 476 I SystemServerTiming: StartBugreportManagerService
01-01 08:00:15.999 476 476 I SystemServiceManager: Starting com.android.server.os.BugreportManagerService
01-01 08:00:16.003 476 476 I SystemServerTiming: GpuService
01-01 08:00:16.003 476 476 I SystemServiceManager: Starting com.android.server.gpu.GpuService
01-01 08:00:16.003 476 476 I SystemServerTiming: startOtherServices
01-01 08:00:16.006 476 476 I SystemServerTiming: StartKeyAttestationApplicationIdProviderService
01-01 08:00:16.006 476 526 I SystemServerTimingAsync: InitThreadPoolExec:SecondaryZygotePreload
01-01 08:00:16.006 476 526 D SystemServerInitThreadPool: Started executing SecondaryZygotePreload
01-01 08:00:16.006 476 526 I SystemServer: SecondaryZygotePreload
01-01 08:00:16.006 476 526 I SystemServerTimingAsync: SecondaryZygotePreload
01-01 08:00:16.008 476 476 I SystemServerTiming: StartKeyChainSystemService
01-01 08:00:16.009 476 476 I SystemServiceManager: Starting com.android.server.security.KeyChainSystemService
01-01 08:00:16.009 476 476 I SystemServerTiming: StartSchedulingPolicyService
01-01 08:00:16.010 476 518 I SystemServerTimingAsync: InitThreadPoolExec:SchedulingPolicyService.
01-01 08:00:16.010 476 518 D SystemServerInitThreadPool: Started executing SchedulingPolicyService.
01-01 08:00:16.012 476 476 I SystemServerTiming: StartTelecomLoaderService
01-01 08:00:16.012 476 476 I SystemServiceManager: Starting com.android.server.telecom.TelecomLoaderService
01-01 08:00:16.013 247 247 I Zygote : Lazily preloading resources.
01-01 08:00:16.013 247 247 D Zygote : begin preload
01-01 08:00:16.013 247 247 I Zygote : Calling ZygoteHooks.beginPreload()
01-01 08:00:16.014 476 476 I SystemServerTiming: StartTelephonyRegistry
01-01 08:00:16.018 476 476 I SystemServerTiming: StartEntropyMixer
01-01 08:00:16.029 476 494 I system_server: Background concurrent copying GC freed 104017(4608KB) AllocSpace objects, 21(548KB) LOS objects, 49% free, 6714KB/13MB, paused 1.106ms total 330.541ms
01-01 08:00:16.047 476 476 I EntropyMixer: Writing entropy...
01-01 08:00:16.052 476 518 I SchedulingPolicyService: Moving 376 back to group default
01-01 08:00:16.053 476 518 D SystemServerInitThreadPool: Finished executing SchedulingPolicyService.
01-01 08:00:16.056 476 476 I SystemServerTiming: StartAccountManagerService
01-01 08:00:16.056 476 476 I SystemServiceManager: Starting com.android.server.accounts.AccountManagerService$Lifecycle
01-01 08:00:16.062 476 476 D CompatibilityChangeReporter: Compat change id reported: 148180766; UID 1000; state: ENABLED
01-01 08:00:16.064 476 476 I SystemServerTiming: StartContentService
01-01 08:00:16.064 476 476 I SystemServiceManager: Starting com.android.server.content.ContentService$Lifecycle
01-01 08:00:16.065 476 476 I SystemServerTiming: InstallSystemProviders
01-01 08:00:16.153 476 476 W SettingsState: No settings state /data/system/users/0/settings_config.xml
01-01 08:00:16.158 476 476 I SettingsState: directory info for directory/file /data/system/users/0/settings_config.xml with stacktrace
01-01 08:00:16.158 476 476 I SettingsState: java.lang.Exception
01-01 08:00:16.158 476 476 I SettingsState: at com.android.providers.settings.SettingsState.logSettingsDirectoryInformation(SettingsState.java:877)
01-01 08:00:16.158 476 476 I SettingsState: at com.android.providers.settings.SettingsState.readStateSyncLocked(SettingsState.java:1008)
01-01 08:00:16.158 476 476 I SettingsState: at com.android.providers.settings.SettingsState.(SettingsState.java:283)
01-01 08:00:16.158 476 476 I SettingsState: at com.android.providers.settings.SettingsProvider$SettingsRegistry.ensureSettingsStateLocked(SettingsProvider.java:2884)
01-01 08:00:16.158 476 476 I SettingsState: at com.android.providers.settings.SettingsProvider$SettingsRegistry.ensureSettingsForUserLocked(SettingsProvider.java:2849)
01-01 08:00:16.158 476 476 I SettingsState: at com.android.providers.settings.SettingsProvider$SettingsRegistry.peekSettingsStateLocked(SettingsProvider.java:3201)
01-01 08:00:16.158 476 476 I SettingsState: at com.android.providers.settings.SettingsProvider$SettingsRegistry.getSettingsNamesLocked(SettingsProvider.java:2814)
01-01 08:00:16.158 476 476 I SettingsState: at com.android.providers.settings.SettingsProvider$SettingsRegistry.syncSsaidTableOnStartLocked(SettingsProvider.java:2797)
01-01 08:00:16.158 476 476 I SettingsState: at com.android.providers.settings.SettingsProvider$SettingsRegistry.access$100(SettingsProvider.java:2667)
01-01 08:00:16.158 476 476 I SettingsState: at com.android.providers.settings.SettingsProvider.onCreate(SettingsProvider.java:397)
01-01 08:00:16.158 476 476 I SettingsState: at android.content.ContentProvider.attachInfo(ContentProvider.java:2404)
01-01 08:00:16.158 476 476 I SettingsState: at android.content.ContentProvider.attachInfo(ContentProvider.java:2374)
01-01 08:00:16.158 476 476 I SettingsState: at android.app.ActivityThread.installProvider(ActivityThread.java:7437)
01-01 08:00:16.158 476 476 I SettingsState: at android.app.ActivityThread.installContentProviders(ActivityThread.java:6954)
01-01 08:00:16.158 476 476 I SettingsState: at android.app.ActivityThread.installSystemProviders(ActivityThread.java:7624)
01-01 08:00:16.158 476 476 I SettingsState: at com.android.server.am.ContentProviderHelper.installSystemProviders(ContentProviderHelper.java:1247)
01-01 08:00:16.158 476 476 I SettingsState: at com.android.server.SystemServer.startOtherServices(SystemServer.java:1507)
01-01 08:00:16.158 476 476 I SettingsState: at com.android.server.SystemServer.run(SystemServer.java:928)
01-01 08:00:16.158 476 476 I SettingsState: at com.android.server.SystemServer.main(SystemServer.java:628)
01-01 08:00:16.158 476 476 I SettingsState: at java.lang.reflect.Method.invoke(Native Method)
01-01 08:00:16.158 476 476 I SettingsState: at com.android.internal.os.RuntimeInit$MethodAndArgsCaller.run(RuntimeInit.java:548)
01-01 08:00:16.158 476 476 I SettingsState: at com.android.internal.os.ZygoteInit.main(ZygoteInit.java:1160)
01-01 08:00:16.158 476 476 I SettingsState: ancestor directory /data/system/users/0 exists
01-01 08:00:16.158 476 476 I SettingsState: ancestor directory /data/system/users/0 permissions: r: true w: true x: true
01-01 08:00:16.159 476 476 I SettingsState: ancestor's parent directory /data/system/users permissions: r: true w: true x: true
01-01 08:00:16.183 247 247 I Zygote : Preloading classes...
01-01 08:00:16.221 476 539 D ActivityManager: Freezer enabled
01-01 08:00:16.222 476 476 I SystemServerTiming: StartDropBoxManager
01-01 08:00:16.222 476 476 I SystemServiceManager: Starting com.android.server.DropBoxManagerService
01-01 08:00:16.224 476 476 I SystemServerTiming: StartRoleManagerService
01-01 08:00:16.225 476 476 I SystemServiceManager: Starting com.android.role.RoleService
01-01 08:00:16.227 476 539 D ActivityManager: freezer override set to false
01-01 08:00:16.238 476 476 I SystemServerTiming: StartVibratorManagerService
01-01 08:00:16.238 476 476 I SystemServiceManager: Starting com.android.server.vibrator.VibratorManagerService$Lifecycle
01-01 08:00:16.243 185 185 E servicemanager: Could not find android.hardware.vibrator.IVibratorManager/default in the VINTF manifest.
01-01 08:00:16.244 185 185 E servicemanager: Could not find android.hardware.vibrator.IVibrator/default in the VINTF manifest.
01-01 08:00:16.247 186 186 I hwservicemanager: getTransport: Cannot find entry android.hardware.vibrator@1.0::IVibrator/default in either framework or device VINTF manifest.
01-01 08:00:16.249 476 476 I SystemServerTiming: StartDynamicSystemService
01-01 08:00:16.251 476 476 I SystemServerTiming: StartConsumerIrService
01-01 08:00:16.253 186 186 I hwservicemanager: getTransport: Cannot find entry android.hardware.ir@1.0::IConsumerIr/default in either framework or device VINTF manifest.
01-01 08:00:16.254 476 476 I SystemServerTiming: StartAlarmManagerService
01-01 08:00:16.256 476 476 I SystemServiceManager: Starting com.android.server.alarm.AlarmManagerService
01-01 08:00:16.256 330 330 I xiriservice_All: type=1400 audit(0.0:315): avc: denied { read } for scontext=u:r:init:s0 tcontext=u:r:init:s0 tclass=netlink_kobject_uevent_socket permissive=1
01-01 08:00:16.261 319 324 D XM_HIDREAD: add@ add@/devices/virtual/wakeup/wakeup13
01-01 08:00:16.261 319 324 D XM_HIDREAD: add@ add@/devices/virtual/wakeup/wakeup14
01-01 08:00:16.261 319 324 D XM_HIDREAD: add@ add@/devices/virtual/wakeup/wakeup15
01-01 08:00:16.261 319 324 D XM_HIDREAD: add@ add@/devices/virtual/wakeup/wakeup16
01-01 08:00:16.261 319 324 D XM_HIDREAD: add@ add@/devices/virtual/wakeup/wakeup17
01-01 08:00:16.261 319 324 D XM_HIDREAD: add@ add@/devices/virtual/wakeup/wakeup18
01-01 08:00:16.261 319 324 D XM_HIDREAD: add@ add@/devices/virtual/wakeup/wakeup19
01-01 08:00:16.266 289 304 D Sunxi_PQ: has no clients connectted, close the socket.
01-01 08:00:16.267 247 247 I Typeface: Preloading /system/fonts/Roboto-Regular.ttf
01-01 08:00:16.267 247 247 I Typeface: Preloading /system/fonts/RobotoStatic-Regular.ttf
01-01 08:00:16.268 476 476 D AlarmManagerService: Kernel timezone updated to -480 minutes west of GMT
01-01 08:00:16.269 476 476 I AlarmManager: Current time only 16269, advancing to build time 1748485194000
01-01 08:00:16.269 476 476 D AlarmManagerService: Setting time of day to sec=1748485194
05-29 10:19:54.029 260 297 I gralloc : alloc buffer:W:1920 H:1080 S:1920 PL[1920 1080] SZ:8294400 fmt:43 if:0 af:43 usg:20000b00 fg:00000004
05-29 10:19:54.066 476 476 D CompatibilityChangeReporter: Compat change id reported: 160794467; UID 1000; state: ENABLED
05-29 10:19:54.070 476 476 W SystemServiceManager: Service com.android.server.alarm.AlarmManagerService took 83 ms in onStart
05-29 10:19:54.070 476 476 I SystemServerTiming: StartInputManagerService
05-29 10:19:54.072 476 476 I InputManager: Initializing input manager, mUseDevInputEventForAudioJack=true
05-29 10:19:54.075 319 324 D XM_HIDREAD: add@ add@/devices/virtual/wakeup/wakeup20
05-29 10:19:54.078 319 324 D XM_HIDREAD: add@ add@/devices/virtual/wakeup/wakeup21
05-29 10:19:54.081 319 324 D XM_HIDREAD: add@ add@/devices/virtual/wakeup/wakeup22
05-29 10:19:54.088 476 476 I SystemServerTiming: DeviceStateManagerService
05-29 10:19:54.088 476 476 I SystemServiceManager: Starting com.android.server.devicestate.DeviceStateManagerService
05-29 10:19:54.088 245 249 I ServiceManager: Waiting for service 'statscompanion' on '/dev/binder'...
05-29 10:19:54.093 476 476 I SystemServerTiming: StartCameraServiceProxy
05-29 10:19:54.093 476 476 I SystemServiceManager: Starting com.android.server.camera.CameraServiceProxy
05-29 10:19:54.095 476 476 I SystemServerTiming: StartWindowManagerService
05-29 10:19:54.096 476 476 I SystemServiceManager: Starting phase 200
05-29 10:19:54.096 476 476 I SystemServerTiming: OnBootPhase_200
05-29 10:19:54.098 476 476 I WindowManager: No existing display settings, starting empty
05-29 10:19:54.099 476 476 I WindowManager: No existing display settings, starting empty
05-29 10:19:54.106 476 522 I WindowTracing: Setting window tracing log level to 1
05-29 10:19:54.106 476 522 I WindowTracing: Setting window tracing buffer capacity to 2097152bytes
05-29 10:19:54.106 247 247 I Typeface: Preloading /system/fonts/NotoSansCJK-Regular.ttc
05-29 10:19:54.106 247 247 I Typeface: Preloading /system/fonts/NotoSerifCJK-Regular.ttc
05-29 10:19:54.121 476 476 I SystemServerTiming: SetWindowManagerService
05-29 10:19:54.129 476 476 I InputDispatcher: Created monitor PointerEventDispatcher0 for display 0, gesture=false, pid=476
05-29 10:19:54.155 247 247 E ActivityRecognitionHardware: activity_recognition HAL is deprecated. class_init is effectively a no-op
05-29 10:19:54.181 476 476 I ActivityTaskManager: Loaded persisted task ids for user 0
05-29 10:19:54.190 476 476 I SystemServerTiming: WindowManagerServiceOnInitReady
05-29 10:19:54.206 476 520 D ExtconUEventObserver: FilenameExtconByName: /sys/class/extcon/extcon0
05-29 10:19:54.207 476 520 W WindowManager: /sys/class/extcon/hdmi/state not found while attempting to determine initial state
05-29 10:19:54.207 476 520 W WindowManager: java.io.FileNotFoundException: /sys/class/extcon/hdmi/state: open failed: ENOENT (No such file or directory)
05-29 10:19:54.207 476 520 W WindowManager: at libcore.io.IoBridge.open(IoBridge.java:575)
05-29 10:19:54.207 476 520 W WindowManager: at java.io.FileInputStream.(FileInputStream.java:160)
05-29 10:19:54.207 476 520 W WindowManager: at android.os.FileUtils.readTextFile(FileUtils.java:637)
05-29 10:19:54.207 476 520 W WindowManager: at com.android.server.ExtconStateObserver.parseStateFromFile(ExtconStateObserver.java:49)
05-29 10:19:54.207 476 520 W WindowManager: at com.android.server.policy.PhoneWindowManager$HdmiVideoExtconUEventObserver.init(PhoneWindowManager.java:5666)
05-29 10:19:54.207 476 520 W WindowManager: at com.android.server.policy.PhoneWindowManager$HdmiVideoExtconUEventObserver.access$5200(PhoneWindowManager.java:5658)
05-29 10:19:54.207 476 520 W WindowManager: at com.android.server.policy.PhoneWindowManager.initializeHdmiStateInternal(PhoneWindowManager.java:3425)
05-29 10:19:54.207 476 520 W WindowManager: at com.android.server.policy.PhoneWindowManager.initializeHdmiState(PhoneWindowManager.java:3389)
05-29 10:19:54.207 476 520 W WindowManager: at com.android.server.policy.PhoneWindowManager.init(PhoneWindowManager.java:1821)
05-29 10:19:54.207 476 520 W WindowManager: at com.android.server.policy.TvWindowManager.init(TvWindowManager.java:259)
05-29 10:19:54.207 476 520 W WindowManager: at com.android.server.wm.WindowManagerService$5.run(WindowManagerService.java:1199)
05-29 10:19:54.207 476 520 W WindowManager: at android.os.Handler$BlockingRunnable.run(Handler.java:961)
05-29 10:19:54.207 476 520 W WindowManager: at android.os.Handler.handleCallback(Handler.java:938)
05-29 10:19:54.207 476 520 W WindowManager: at android.os.Handler.dispatchMessage(Handler.java:99)
05-29 10:19:54.207 476 520 W WindowManager: at android.os.Looper.loopOnce(Looper.java:201)
05-29 10:19:54.207 476 520 W WindowManager: at android.os.Looper.loop(Looper.java:288)
05-29 10:19:54.207 476 520 W WindowManager: at android.os.HandlerThread.run(HandlerThread.java:67)
05-29 10:19:54.207 476 520 W WindowManager: at com.android.server.ServiceThread.run(ServiceThread.java:44)
05-29 10:19:54.207 476 520 W WindowManager: at com.android.server.UiThread.run(UiThread.java:45)
05-29 10:19:54.207 476 520 W WindowManager: Caused by: android.system.ErrnoException: open failed: ENOENT (No such file or directory)
05-29 10:19:54.207 476 520 W WindowManager: at libcore.io.Linux.open(Native Method)
05-29 10:19:54.207 476 520 W WindowManager: at libcore.io.ForwardingOs.open(ForwardingOs.java:567)
05-29 10:19:54.207 476 520 W WindowManager: at libcore.io.BlockGuardOs.open(BlockGuardOs.java:273)
05-29 10:19:54.207 476 520 W WindowManager: at libcore.io.IoBridge.open(IoBridge.java:561)
05-29 10:19:54.207 476 520 W WindowManager: ... 18 more
05-29 10:19:54.217 476 520 D com_softwinner_gpio: Gpio JNI_OnLoad()
05-29 10:19:54.217 476 520 D com_softwinner_gpio: init
05-29 10:19:54.218 185 185 E SELinux : avc: denied { find } for pid=476 uid=1000 name=softwinner.gpio scontext=u:r:system_server:s0 tcontext=u:object_r:default_android_service:s0 tclass=service_manager permissive=1
05-29 10:19:54.220 476 578 I SystemServerTimingAsync: InitThreadPoolExec:StartHidlServices
05-29 10:19:54.220 476 578 D SystemServerInitThreadPool: Started executing StartHidlServices
05-29 10:19:54.220 476 578 I SystemServerTimingAsync: StartHidlServices
05-29 10:19:54.222 476 578 I HidlServiceManagement: Registered android.frameworks.sensorservice@1.0::ISensorManager/default
05-29 10:19:54.223 186 186 I hwservicemanager: getTransport: Cannot find entry android.frameworks.schedulerservice@1.0::ISchedulingPolicyService/default in either framework or device VINTF manifest.
05-29 10:19:54.223 476 578 W system_server: android.frameworks.schedulerservice@1.0::ISchedulingPolicyService is deprecated. Skipping registration.
05-29 10:19:54.223 476 578 D SystemServerInitThreadPool: Finished executing StartHidlServices
05-29 10:19:54.224 476 476 I SystemServerTiming: StartInputManager
05-29 10:19:54.224 476 476 I InputManager: Starting input manager
05-29 10:19:54.228 476 476 I InputManager: Enabling motion classifier because just booted: feature enabled, long press timeout = 400
05-29 10:19:54.228 476 476 I InputClassifier: Enabling motion classifier
05-29 10:19:54.230 476 476 I SystemServerTiming: DisplayManagerWindowManagerAndInputReady
05-29 10:19:54.231 476 599 D EventHub: No input device configuration file found for device 'sunxi-ir-uinput'.
05-29 10:19:54.231 476 522 I LogicalDisplayMapper: Requesting Transition to state: 0
05-29 10:19:54.231 476 522 I LogicalDisplayMapper: Applying layout: [{addr: {port=0}, dispId: 0(ON)}], Previous layout: [{addr: {port=0}, dispId: 0(ON)}]
05-29 10:19:54.232 476 476 I SystemServerTiming: StartBluetoothService
05-29 10:19:54.232 476 476 I SystemServiceManager: Starting com.android.server.BluetoothService
05-29 10:19:54.234 186 186 I hwservicemanager: getTransport: Cannot find entry android.hardware.input.classifier@1.0::IInputClassifier/default in either framework or device VINTF manifest.
05-29 10:19:54.236 476 600 I InputClassifier: Could not obtain InputClassifier HAL
05-29 10:19:54.242 476 599 I EventHub: usingClockIoctl=true
05-29 10:19:54.242 319 324 D XM_HIDREAD: add@ add@/devices/virtual/wakeup/wakeup23
05-29 10:19:54.242 476 599 I EventHub: New device: id=1, fd=164, path='/dev/input/event1', name='sunxi-ir-uinput', classes=KEYBOARD | ALPHAKEY | CURSOR | DPAD, configuration='', keyLayout='/system/usr/keylayout/sunxi-ir-uinput.kl', keyCharacterMap='/system/usr/keychars/Generic.kcm', builtinKeyboard=false,
05-29 10:19:54.243 476 599 D EventHub: No input device configuration file found for device 'sunxi-ir'.
05-29 10:19:54.244 476 476 D BluetoothManagerService: Loading stored name and address
05-29 10:19:54.244 476 476 D BluetoothManagerService: Stored bluetooth Name=DBBOX-A2,Address=B4:2F:03:15:A3:36
05-29 10:19:54.244 476 476 D BluetoothManagerService: Bluetooth persisted state: 1
05-29 10:19:54.244 476 476 D BluetoothManagerService: Startup: Bluetooth persisted state is ON.
05-29 10:19:54.245 315 315 D XiriService: check file name: /data/data/com.android.cts.priv.ctsshim/lib
05-29 10:19:54.244 315 315 I xiriservice_All: type=1400 audit(0.0:316): avc: denied { search } for name="com.android.cts.priv.ctsshim" dev="mmcblk0p25" ino=569 scontext=u:r:init:s0 tcontext=u:object_r:privapp_data_file:s0:c512,c768 tclass=dir permissive=1
05-29 10:19:54.244 315 315 I xiriservice_All: type=1400 audit(0.0:317): avc: denied { read } for name="lib" dev="mmcblk0p25" ino=19613 scontext=u:r:init:s0 tcontext=u:object_r:privapp_data_file:s0:c512,c768 tclass=lnk_file permissive=1
05-29 10:19:54.249 476 599 I EventHub: usingClockIoctl=true
05-29 10:19:54.249 319 324 D XM_HIDREAD: add@ add@/devices/virtual/wakeup/wakeup24
