05-29 10:20:07.789 1049 1049 E ccc : cccccc requestOtaInfo result BaseResponse{message='success', data=OtaUpdateBean{downloadId='3870', updateType=1, romVersionName='5.0.0.6', romCode=5555, current=0, romMd5v='92df71cd40136fc21b5c37c4d0cf85cd', romLength=695910586, romSize='663.7 MB', downUrl='http://dl.qun7.com/H5/H5/5.0.0.6-20250529-w6kq/H5_618_20250529_ota.zip', reUrl='http://dl.v5tv.com/H5/H5/5.0.0.6-20250529-w6kq/H5_618_20250529_ota.zip', reUrl2='http://dl.tymcdn.com/H5/H5/5.0.0.6-20250529-w6kq/H5_618_20250529_ota.zip', tempUrl='null', remark='29号下午2点
05-29 10:20:07.789 1049 1049 E ccc : H5_618_20250529
05-29 10:20:07.789 1049 1049 E ccc : 链接: https://pan.baidu.com/s/175sN7N680pTegk7p03yjCg?pwd=w6kq 提取码: w6kq
05-29 10:20:07.789 1049 1049 E ccc : 1.更新版本号
05-29 10:20:07.789 1049 1049 E ccc : 2.更新APP,修复bug 48024 47998 47997 48013
05-29 10:20:07.789 1049 1049 E ccc : 3.关闭CEC,对应redmine bug编号41
05-29 10:20:07.789 1049 1049 E ccc : 4.取消全场走GPU,打开HDR播放效果,开机配置port_qos、port_prio,解决
05-29 10:20:07.789 1049 1049 E ccc : 某些app界面闪屏--对应redmine bug编号70
05-29 10:20:07.789 1049 1049 E ccc : 5.添加wifi wpa3补丁
05-29 10:20:07.789 1049 1049 E ccc : ', status=idle, progress=0.0, filterMac=[], localPath='null', popup=1, isPaused=false, cancelled=false, extraInfo='null'}, code=0}
05-29 10:20:07.793 1049 1049 E ccc : cccccc com.dangbei.haqusetting not connect
05-29 10:20:07.793 1049 1049 E ccc : cccccc updateHelper 通知更新
05-29 10:20:07.793 1049 1049 E ccc : cccccc OtaUpdateHelper 普通更新 1
05-29 10:20:07.794 476 815 D ConnectivityService: requestNetwork for uid/pid:1000/476 asUid: 10064 activeRequest: null callbackRequest: 29 [NetworkRequest [ REQUEST id=30, [ Capabilities: INTERNET&NOT_RESTRICTED&TRUSTED&NOT_VCN_MANAGED Uid: 10064 RequestorUid: 1000 RequestorPkg: android] ]] callback flags: 0 priority: 2147483647
05-29 10:20:07.795 476 617 D ConnectivityService: NetReassign [30 : null → 100]
05-29 10:20:07.798 476 655 D Ethernet: got request NetworkRequest [ REQUEST id=30, [ Capabilities: INTERNET&NOT_RESTRICTED&TRUSTED&NOT_VCN_MANAGED Uid: 10064 RequestorUid: 1000 RequestorPkg: android] ]
05-29 10:20:07.798 476 655 D EthernetNetworkFactory: acceptRequest, request: NetworkRequest [ REQUEST id=30, [ Capabilities: INTERNET&NOT_RESTRICTED&TRUSTED&NOT_VCN_MANAGED Uid: 10064 RequestorUid: 1000 RequestorPkg: android] ]
05-29 10:20:07.798 476 655 I EthernetNetworkFactory: networkForRequest, request: NetworkRequest [ REQUEST id=30, [ Capabilities: INTERNET&NOT_RESTRICTED&TRUSTED&NOT_VCN_MANAGED Uid: 10064 RequestorUid: 1000 RequestorPkg: android] ], network: null
05-29 10:20:07.801 1049 1049 E ccc : cccccc requestOtaInfo result BaseResponse{message='success', data=OtaUpdateBean{downloadId='3870', updateType=1, romVersionName='5.0.0.6', romCode=5555, current=0, romMd5v='92df71cd40136fc21b5c37c4d0cf85cd', romLength=695910586, romSize='663.7 MB', downUrl='http://dl.qun7.com/H5/H5/5.0.0.6-20250529-w6kq/H5_618_20250529_ota.zip', reUrl='http://dl.v5tv.com/H5/H5/5.0.0.6-20250529-w6kq/H5_618_20250529_ota.zip', reUrl2='http://dl.tymcdn.com/H5/H5/5.0.0.6-20250529-w6kq/H5_618_20250529_ota.zip', tempUrl='null', remark='29号下午2点
05-29 10:20:07.801 1049 1049 E ccc : H5_618_20250529
05-29 10:20:07.801 1049 1049 E ccc : 链接: https://pan.baidu.com/s/175sN7N680pTegk7p03yjCg?pwd=w6kq 提取码: w6kq
05-29 10:20:07.801 1049 1049 E ccc : 1.更新版本号
05-29 10:20:07.801 1049 1049 E ccc : 2.更新APP,修复bug 48024 47998 47997 48013
05-29 10:20:07.801 1049 1049 E ccc : 3.关闭CEC,对应redmine bug编号41
05-29 10:20:07.801 1049 1049 E ccc : 4.取消全场走GPU,打开HDR播放效果,开机配置port_qos、port_prio,解决
05-29 10:20:07.801 1049 1049 E ccc : 某些app界面闪屏--对应redmine bug编号70
05-29 10:20:07.801 1049 1049 E ccc : 5.添加wifi wpa3补丁
05-29 10:20:07.801 1049 1049 E ccc : ', status=idle, progress=0.0, filterMac=[], localPath='null', popup=1, isPaused=false, cancelled=false, extraInfo='null'}, code=0}
05-29 10:20:07.803 476 610 D WifiNetworkFactory: got request NetworkRequest [ REQUEST id=30, [ Capabilities: INTERNET&NOT_RESTRICTED&TRUSTED&NOT_VCN_MANAGED Uid: 10064 RequestorUid: 1000 RequestorPkg: android] ]
05-29 10:20:07.804 476 610 D UntrustedWifiNetworkFactory: got request NetworkRequest [ REQUEST id=30, [ Capabilities: INTERNET&NOT_RESTRICTED&TRUSTED&NOT_VCN_MANAGED Uid: 10064 RequestorUid: 1000 RequestorPkg: android] ]
05-29 10:20:07.805 476 610 D OemPaidWifiNetworkFactory: got request NetworkRequest [ REQUEST id=30, [ Capabilities: INTERNET&NOT_RESTRICTED&TRUSTED&NOT_VCN_MANAGED Uid: 10064 RequestorUid: 1000 RequestorPkg: android] ]
05-29 10:20:07.812 1049 1049 E ccc : cccccc com.dangbei.haqusetting not connect
05-29 10:20:07.812 1049 1049 E ccc : cccccc updateHelper 通知更新
05-29 10:20:07.812 1049 1049 E ccc : cccccc OtaUpdateHelper 普通更新 1
05-29 10:20:07.819 476 815 I ActivityManager: com.android.shell is exempt from freezer
05-29 10:20:07.819 476 815 D CompatibilityChangeReporter: Compat change id reported: 135634846; UID 2000; state: DISABLED
05-29 10:20:07.819 476 815 D CompatibilityChangeReporter: Compat change id reported: 177438394; UID 2000; state: DISABLED
05-29 10:20:07.819 476 815 D CompatibilityChangeReporter: Compat change id reported: 135772972; UID 2000; state: DISABLED
05-29 10:20:07.819 476 815 D CompatibilityChangeReporter: Compat change id reported: 135754954; UID 2000; state: ENABLED
05-29 10:20:07.843 247 247 D Zygote : Forked child process 1994
05-29 10:20:07.844 1099 1439 E hq : WeatherRefresh:::请求网络地址后,更新的地理位置为:null
05-29 10:20:07.846 476 540 I ActivityManager: app.processName = com.android.shell
05-29 10:20:07.846 476 540 I ActivityManager: Start proc 1994:com.android.shell/2000 for broadcast {com.android.shell/com.android.shell.HeapDumpReceiver}
05-29 10:20:07.851 1994 1994 I Zygote : seccomp disabled by setenforce 0
05-29 10:20:07.855 1950 1950 I RemoteProvisioningService: Starting provisioning job
05-29 10:20:07.879 1099 1099 E hq : CrashHandler:::图片加载异常 message=Failed to load resource
05-29 10:20:07.879 1099 1099 E hq : model=
05-29 10:20:07.879 1099 1099 E hq : target=Target for: com.dangbei.palaemon.layout.DBImageView{9a08b67 V.ED..... ........ 0,0-410,580}
05-29 10:20:07.882 388 412 I adbd : jdwp connection from 1994
05-29 10:20:07.911 1099 1099 E SecondScreen: isShowSecondScreen()=0 getCurrentPageState()=com.monster.gamma.core.LoadService@9bbf979
05-29 10:20:07.912 476 579 D CompatibilityChangeReporter: Compat change id reported: 168419799; UID 2000; state: DISABLED
05-29 10:20:07.932 1994 1994 D CompatibilityChangeReporter: Compat change id reported: 171979766; UID 2000; state: ENABLED
05-29 10:20:07.952 1327 1546 D XHttpObservable: createNetWorkObservable subscribe: MediaControlEntity{code=0, data=PageEntity{list=[ContentEntity{packageName='com.dangbei.leard.leradlauncher', activityName='FilmDetailActivity'}, ContentEntity{packageName='com.dangbei.leard.leradlauncher', activityName='FullScreenDetailActivity'}, ContentEntity{packageName='com.dangbei.leard.leradlauncher', activityName='TencentSportActivity'}, ContentEntity{packageName='com.dangbei.leradVideoPlugins', activityName='FilmDetailActivity'}, ContentEntity{packageName='com.dangbei.leradVideoPlugins', activityName='FullScreenDetailActivity'}, ContentEntity{packageName='com.dangbei.leradVideoPlugins', activityName='TencentSportActivity'}, ContentEntity{packageName='com.dangbei.leradVideoPlugins', activityName='ShortPlayActivity'}, ContentEntity{packageName='com.dangbei.hqmedia', activityName='FilmDetailActivity'}, ContentEntity{packageName='com.dangbei.hqmedia', activityName='FullScreenDetailActivity'}, ContentEntity{packageName='com.dangbei.leradVideoPlugins', activityName='MangoMediaActivity'}, ContentEntity{packageName='com.dangbei.leradVideoPlugins', activityName='VcinemaActivity'}]}, message='success'} ,,, isDisposed = false
05-29 10:20:07.964 1033 1148 W MediaProvider: getVolumePath for unknown volume: internal
05-29 10:20:07.972 1033 1148 W MediaProvider: getVolumePath for unknown volume: internal
05-29 10:20:07.974 1033 1148 W MediaProvider: getVolumePath for unknown volume: internal
05-29 10:20:07.975 1033 1148 W MediaProvider: getVolumePath for unknown volume: internal
05-29 10:20:07.981 1033 1148 W MediaProvider: getVolumePath for unknown volume: internal
05-29 10:20:08.020 1994 1994 V GraphicsEnvironment: ANGLE Developer option for 'com.android.shell' set to: 'default'
05-29 10:20:08.023 1994 1994 V GraphicsEnvironment: Neither updatable production driver nor prerelease driver is supported.
05-29 10:20:08.026 1994 1994 D NetworkSecurityConfig: No Network Security Config specified, using platform default
05-29 10:20:08.026 1994 1994 D NetworkSecurityConfig: No Network Security Config specified, using platform default
05-29 10:20:08.028 1033 1356 I MediaProvider: Scanned internal due to REASON_MOUNTED, found 230 items in 4049ms, 0 inserts 7 updates 0 deletes
05-29 10:20:08.036 1327 1553 D XHttpObservable: createNetWorkObservable subscribe: ShowMessageEntity{code=0, data=TipEntity{movieType=[我想看喜剧片, 动作片, 枪战片], movie=[庆余年, 误杀, 美丽人生, 爆笑虫子, 哪吒, 小猪佩奇, 胡歌的电视剧, 张艺谋导演的电影, 切换到1080P, 收藏], appController=[打开当贝市场, 下载哈趣影视, 爱奇艺, 卸载腾讯视频], weather=[今天的天气, 未来五天的天气, 杭州天气怎么样, 明天下不下雨], music=[我要听歌, 周杰伦的歌, 上一首, 下一首, 快进一分钟, 暂停], liveAppDownload='非常抱歉,根据监管部门政策管理要求,暂不提供相应服务。', subscreen=null, wakeUpVoiceResponse=[ProbabilityEntity{word='在呢', probability=30}, ProbabilityEntity{word='我在', probability=35}, ProbabilityEntity{word='你说', probability=15}, ProbabilityEntity{word='来啦', probability=20}], unrecognizedVoiceResponse=[ProbabilityEntity{word='可以再说一遍么', probability=45}, ProbabilityEntity{word='可以说的详细一点么', probability=30}, ProbabilityEntity{word='请问有什么可以帮您', probability=25}], notUnderstandVoiceResponse=[ProbabilityEntity{word='换个说法试试吧', probability=100}]}, message='success'} ,,, isDisposed = false
05-29 10:20:08.049 1994 1994 D HeapDumpReceiver: onReceive(): Intent { act=android.intent.action.BOOT_COMPLETED flg=0x89000010 cmp=com.android.shell/.HeapDumpReceiver (has extras) }
05-29 10:20:08.053 1994 2015 D HeapDumpReceiver: Deleting from /data/user_de/0/com.android.shell/files/heapdumps
05-29 10:20:08.056 476 814 D CompatibilityChangeReporter: Compat change id reported: 135634846; UID 10028; state: DISABLED
05-29 10:20:08.056 476 814 D CompatibilityChangeReporter: Compat change id reported: 177438394; UID 10028; state: DISABLED
05-29 10:20:08.057 476 814 D CompatibilityChangeReporter: Compat change id reported: 135772972; UID 10028; state: DISABLED
05-29 10:20:08.057 476 814 D CompatibilityChangeReporter: Compat change id reported: 135754954; UID 10028; state: DISABLED
05-29 10:20:08.057 476 540 D CompatibilityChangeReporter: Compat change id reported: 143937733; UID 10028; state: DISABLED
05-29 10:20:08.062 1099 1367 E hq : WeatherRefresh:::请求网络地址后,更新的地理位置为:null
05-29 10:20:08.077 247 247 D Zygote : Forked child process 2016
05-29 10:20:08.078 476 540 I ActivityManager: app.processName = com.android.statementservice
05-29 10:20:08.078 476 540 I ActivityManager: Start proc 2016:com.android.statementservice/u0a28 for broadcast {com.android.statementservice/com.android.statementservice.domain.BootCompletedReceiver}
05-29 10:20:08.082 1099 1972 D AppManager: checkLocalAppsIsValid:
05-29 10:20:08.091 2016 2016 I Zygote : seccomp disabled by setenforce 0
05-29 10:20:08.094 476 579 D CompatibilityChangeReporter: Compat change id reported: 135634846; UID 10039; state: DISABLED
05-29 10:20:08.096 476 540 D CompatibilityChangeReporter: Compat change id reported: 143937733; UID 10039; state: DISABLED
05-29 10:20:08.097 476 620 D NsdService: Native daemon message SERVICE_REGISTERED: 606 2 "192.168.3.132"
05-29 10:20:08.121 1099 1121 I OpenGLRenderer: Davey! duration=9223372008959ms; Flags=0, FrameTimelineVsyncId=823, IntendedVsync=27894619967, Vsync=28077953293, InputEventId=0, HandleInputStart=28078076929, AnimationStart=28078081679, PerformTraversalsStart=28078085596, DrawStart=28145169096, FrameDeadline=27927953299, FrameInterval=28078058054, FrameStartTime=16666666, SyncQueued=28271711513, SyncStart=28272175679, IssueDrawCommandsStart=28274289221, SwapBuffers=28294263471, FrameCompleted=9223372036854775807, DequeueBufferDuration=57375, QueueBufferDuration=2832125, GpuCompleted=9223372036854775807, SwapBuffersCompleted=28304554721, DisplayPresentTime=0,
05-29 10:20:08.122 388 412 I adbd : jdwp connection from 2016
05-29 10:20:08.120 1940 1940 I rainbow_flow: type=1400 audit(0.0:660): avc: denied { ioctl } for path="/dev/spidev1.0" dev="tmpfs" ino=2489 ioctlcmd=0x6b00 scontext=u:r:init:s0 tcontext=u:object_r:device:s0 tclass=chr_file permissive=1
05-29 10:20:08.126 247 247 D Zygote : Forked child process 2027
05-29 10:20:08.127 1049 1049 D LanCommander: com.dangbei.andes.bean.RegistrationData@bdc954----------------onServiceRegistered
05-29 10:20:08.132 476 540 I ActivityManager: app.processName = com.sohu.inputmethod.sogou.tv
05-29 10:20:08.132 476 540 I ActivityManager: Start proc 2027:com.sohu.inputmethod.sogou.tv/u0a39 for service {com.sohu.inputmethod.sogou.tv/com.sohu.inputmethod.sogou.tv.SogouIME}
05-29 10:20:08.140 2027 2027 I Zygote : seccomp disabled by setenforce 0
05-29 10:20:08.188 1099 1351 I OpenGLRenderer: Davey! duration=9223372008742ms; Flags=0, FrameTimelineVsyncId=825, IntendedVsync=28111715629, Vsync=28311715621, InputEventId=0, HandleInputStart=28326113304, AnimationStart=28326120804, PerformTraversalsStart=28326123929, DrawStart=28330181929, FrameDeadline=28145048961, FrameInterval=28326094304, FrameStartTime=16666666, SyncQueued=28337294346, SyncStart=28337557638, IssueDrawCommandsStart=28357028763, SwapBuffers=28368323679, FrameCompleted=9223372036854775807, DequeueBufferDuration=60834, QueueBufferDuration=1691667, GpuCompleted=9223372036854775807, SwapBuffersCompleted=28371183804, DisplayPresentTime=0,
05-29 10:20:08.192 388 412 I adbd : jdwp connection from 2027
05-29 10:20:08.192 476 814 D CompatibilityChangeReporter: Compat change id reported: 168419799; UID 10028; state: DISABLED
05-29 10:20:08.213 2016 2016 D CompatibilityChangeReporter: Compat change id reported: 171979766; UID 10028; state: DISABLED
05-29 10:20:08.220 476 579 D CompatibilityChangeReporter: Compat change id reported: 168419799; UID 10039; state: DISABLED
05-29 10:20:08.228 1099 2039 D ProfileInstaller: Skipping profile installation for com.dangbei.leard.leradlauncher
05-29 10:20:08.232 265 265 I EventThread: type=1400 audit(0.0:661): avc: denied { search } for name="extcon" dev="sysfs" ino=18109 scontext=u:r:hal_tv_cec_default:s0 tcontext=u:object_r:sysfs_extcon:s0 tclass=dir permissive=1
05-29 10:20:08.242 2016 2016 D ApplicationLoaders: Returning zygote-cached class loader: /system/framework/android.test.base.jar
05-29 10:20:08.265 2027 2027 D CompatibilityChangeReporter: Compat change id reported: 171979766; UID 10039; state: DISABLED
05-29 10:20:08.281 2027 2027 D ApplicationLoaders: Returning zygote-cached class loader: /system/framework/android.test.base.jar
05-29 10:20:08.281 2027 2027 D ApplicationLoaders: Returning zygote-cached class loader: /system/framework/android.hidl.manager-V1.0-java.jar
05-29 10:20:08.281 2027 2027 D ApplicationLoaders: Returning zygote-cached class loader: /system/framework/android.hidl.base-V1.0-java.jar
05-29 10:20:08.308 2016 2016 I tatementservice: type=1400 audit(0.0:662): avc: denied { getattr } for path="/data/user/0/com.android.statementservice" dev="mmcblk0p25" ino=883 scontext=u:r:platform_app:s0:c512,c768 tcontext=u:object_r:app_data_file:s0:c512,c768 tclass=dir permissive=1 app=com.android.statementservice
05-29 10:20:08.352 1099 1121 I OpenGLRenderer: Davey! duration=9223372008326ms; Flags=0, FrameTimelineVsyncId=842, IntendedVsync=28527830797, Vsync=28527830797, InputEventId=0, HandleInputStart=28528714679, AnimationStart=28528721138, PerformTraversalsStart=28528723929, DrawStart=28529389054, FrameDeadline=28544497463, FrameInterval=28528703429, FrameStartTime=16666666, SyncQueued=28530051304, SyncStart=28530302179, IssueDrawCommandsStart=28531618679, SwapBuffers=28541994429, FrameCompleted=9223372036854775807, DequeueBufferDuration=66333, QueueBufferDuration=1394625, GpuCompleted=9223372036854775807, SwapBuffersCompleted=28544855054, DisplayPresentTime=0,
05-29 10:20:08.353 476 521 W IorapForwardingService: No service published for: iorapd
05-29 10:20:08.364 2016 2016 I tatementservice: type=1400 audit(0.0:663): avc: denied { search } for name="com.android.statementservice" dev="mmcblk0p25" ino=883 scontext=u:r:platform_app:s0:c512,c768 tcontext=u:object_r:app_data_file:s0:c512,c768 tclass=dir permissive=1 app=com.android.statementservice
05-29 10:20:08.368 2016 2016 V GraphicsEnvironment: ANGLE Developer option for 'com.android.statementservice' set to: 'default'
05-29 10:20:08.369 2016 2016 V GraphicsEnvironment: Neither updatable production driver nor prerelease driver is supported.
05-29 10:20:08.371 2016 2016 D NetworkSecurityConfig: No Network Security Config specified, using platform default
05-29 10:20:08.372 2016 2016 D NetworkSecurityConfig: No Network Security Config specified, using platform default
05-29 10:20:08.387 1099 1121 I OpenGLRenderer: Davey! duration=9223372008293ms; Flags=0, FrameTimelineVsyncId=845, IntendedVsync=28561145019, Vsync=28561145019, InputEventId=0, HandleInputStart=28561770138, AnimationStart=28561775429, PerformTraversalsStart=28561778888, DrawStart=28562392513, FrameDeadline=28594478351, FrameInterval=28561757471, FrameStartTime=16666666, SyncQueued=28563076429, SyncStart=28563332263, IssueDrawCommandsStart=28564405054, SwapBuffers=28570986138, FrameCompleted=9223372036854775807, DequeueBufferDuration=56709, QueueBufferDuration=1531459, GpuCompleted=9223372036854775807, SwapBuffersCompleted=28577106554, DisplayPresentTime=0,
05-29 10:20:08.399 1099 1974 E hq : ErrorCoroutineExceptionHandler:::runTry error:com.dangbei.leard.base.proider.error.EmptyApiException: 数据为空 from=requestMessageDialog from=requestMessageDialog
05-29 10:20:08.405 2027 2027 V GraphicsEnvironment: ANGLE Developer option for 'com.sohu.inputmethod.sogou.tv' set to: 'default'
05-29 10:20:08.405 2027 2027 V GraphicsEnvironment: Neither updatable production driver nor prerelease driver is supported.
05-29 10:20:08.408 2027 2027 D NetworkSecurityConfig: Using Network Security Config from resource network_security_config debugBuild: false
05-29 10:20:08.412 2027 2027 D NetworkSecurityConfig: Using Network Security Config from resource network_security_config debugBuild: false
05-29 10:20:08.414 2027 2027 I MultiDex: VM with version 2.1.0 has multidex support
05-29 10:20:08.414 2027 2027 I MultiDex: Installing application
05-29 10:20:08.414 2027 2027 I MultiDex: VM has multidex support, MultiDex support library is disabled.
05-29 10:20:08.420 2016 2016 I pool-2-thread-1: type=1400 audit(0.0:664): avc: denied { open } for path="/data/user/0/com.android.statementservice/no_backup/androidx.work.workdb" dev="mmcblk0p25" ino=2473 scontext=u:r:platform_app:s0:c512,c768 tcontext=u:object_r:app_data_file:s0:c512,c768 tclass=file permissive=1 app=com.android.statementservice
05-29 10:20:08.464 664 664 E WifiHAL : wifi_get_link_stats: requestResponse Error:-5
05-29 10:20:08.465 476 610 E WifiVendorHal: getWifiLinkLayerStats_1_5_Internal(l.1191) failed {.code = ERROR_INVALID_ARGS, .description = }
05-29 10:20:08.465 1099 1117 I d.leradlaunche: Background young concurrent copying GC freed 121212(7428KB) AllocSpace objects, 18(1544KB) LOS objects, 24% free, 12MB/16MB, paused 2.828ms total 701.324ms
05-29 10:20:08.492 2016 2053 D CompatibilityChangeReporter: Compat change id reported: 160794467; UID 10028; state: DISABLED
05-29 10:20:08.498 476 816 D CompatibilityChangeReporter: Compat change id reported: 171306433; UID 10028; state: DISABLED
05-29 10:20:08.502 2027 2027 E SogouIME: setupInputSurface
05-29 10:20:08.521 476 579 D ConnectivityService: requestNetwork for uid/pid:1000/476 asUid: 10028 activeRequest: null callbackRequest: 31 [NetworkRequest [ REQUEST id=32, [ Capabilities: INTERNET&NOT_RESTRICTED&TRUSTED&NOT_VCN_MANAGED Uid: 10028 RequestorUid: 1000 RequestorPkg: android] ]] callback flags: 0 priority: 2147483647
05-29 10:20:08.524 476 617 D ConnectivityService: NetReassign [32 : null → 100]
05-29 10:20:08.527 476 655 D Ethernet: got request NetworkRequest [ REQUEST id=32, [ Capabilities: INTERNET&NOT_RESTRICTED&TRUSTED&NOT_VCN_MANAGED Uid: 10028 RequestorUid: 1000 RequestorPkg: android] ]
05-29 10:20:08.527 476 655 D EthernetNetworkFactory: acceptRequest, request: NetworkRequest [ REQUEST id=32, [ Capabilities: INTERNET&NOT_RESTRICTED&TRUSTED&NOT_VCN_MANAGED Uid: 10028 RequestorUid: 1000 RequestorPkg: android] ]
05-29 10:20:08.528 476 655 I EthernetNetworkFactory: networkForRequest, request: NetworkRequest [ REQUEST id=32, [ Capabilities: INTERNET&NOT_RESTRICTED&TRUSTED&NOT_VCN_MANAGED Uid: 10028 RequestorUid: 1000 RequestorPkg: android] ], network: null
05-29 10:20:08.528 476 610 D WifiNetworkFactory: got request NetworkRequest [ REQUEST id=32, [ Capabilities: INTERNET&NOT_RESTRICTED&TRUSTED&NOT_VCN_MANAGED Uid: 10028 RequestorUid: 1000 RequestorPkg: android] ]
05-29 10:20:08.528 476 610 D UntrustedWifiNetworkFactory: got request NetworkRequest [ REQUEST id=32, [ Capabilities: INTERNET&NOT_RESTRICTED&TRUSTED&NOT_VCN_MANAGED Uid: 10028 RequestorUid: 1000 RequestorPkg: android] ]
05-29 10:20:08.528 476 610 D OemPaidWifiNetworkFactory: got request NetworkRequest [ REQUEST id=32, [ Capabilities: INTERNET&NOT_RESTRICTED&TRUSTED&NOT_VCN_MANAGED Uid: 10028 RequestorUid: 1000 RequestorPkg: android] ]
05-29 10:20:08.545 476 579 D CompatibilityChangeReporter: Compat change id reported: 135634846; UID 10057; state: DISABLED
05-29 10:20:08.546 476 579 D CompatibilityChangeReporter: Compat change id reported: 177438394; UID 10057; state: DISABLED
05-29 10:20:08.546 476 579 D CompatibilityChangeReporter: Compat change id reported: 135772972; UID 10057; state: DISABLED
05-29 10:20:08.546 476 579 D CompatibilityChangeReporter: Compat change id reported: 135754954; UID 10057; state: DISABLED
05-29 10:20:08.550 476 540 D CompatibilityChangeReporter: Compat change id reported: 143937733; UID 10057; state: DISABLED
05-29 10:20:08.589 247 247 D Zygote : Forked child process 2058
05-29 10:20:08.596 476 540 W ActivityManager: Slow operation: 53ms so far, now at startProcess: returned from zygote!
05-29 10:20:08.597 476 540 W ActivityManager: Slow operation: 54ms so far, now at startProcess: done updating battery stats
05-29 10:20:08.597 476 540 W ActivityManager: Slow operation: 54ms so far, now at startProcess: building log message
05-29 10:20:08.597 476 540 I ActivityManager: app.processName = com.android.tv
05-29 10:20:08.597 476 540 I ActivityManager: Start proc 2058:com.android.tv/u0a57 for broadcast {com.android.tv/com.android.tv.receiver.BootCompletedReceiver}
05-29 10:20:08.597 476 540 W ActivityManager: Slow operation: 55ms so far, now at startProcess: starting to update pids map
05-29 10:20:08.598 476 540 W ActivityManager: Slow operation: 55ms so far, now at startProcess: done updating pids map
05-29 10:20:08.598 2058 2058 I Zygote : seccomp disabled by setenforce 0
01-01 08:00:30.890 1940 1940 W audit : audit_lost=225 audit_rate_limit=5 audit_backlog_limit=64
01-01 08:00:30.890 1940 1940 E audit : rate limit exceeded
05-29 10:20:08.644 1099 1972 D AppManager: checkLocalAppsIsValid: success
05-29 10:20:08.661 388 412 I adbd : jdwp connection from 2058
05-29 10:20:08.664 2027 2027 I DefaultIMS: DefaultIMS::onCreate()
05-29 10:20:08.675 2027 2027 I DefaultIMS: DefaultIMS::onCreate() finish
05-29 10:20:08.682 476 814 D ConnectivityService: requestNetwork for uid/pid:10028/2016 activeRequest: null callbackRequest: 33 [NetworkRequest [ REQUEST id=34, [ Capabilities: INTERNET&NOT_RESTRICTED&TRUSTED&NOT_VCN_MANAGED Uid: 10028 RequestorUid: 10028 RequestorPkg: com.android.statementservice] ]] callback flags: 0 priority: 2147483647
05-29 10:20:08.686 476 617 D ConnectivityService: NetReassign [34 : null → 100]
05-29 10:20:08.691 476 655 D Ethernet: got request NetworkRequest [ REQUEST id=34, [ Capabilities: INTERNET&NOT_RESTRICTED&TRUSTED&NOT_VCN_MANAGED Uid: 10028 RequestorUid: 10028 RequestorPkg: com.android.statementservice] ]
05-29 10:20:08.697 476 655 D EthernetNetworkFactory: acceptRequest, request: NetworkRequest [ REQUEST id=34, [ Capabilities: INTERNET&NOT_RESTRICTED&TRUSTED&NOT_VCN_MANAGED Uid: 10028 RequestorUid: 10028 RequestorPkg: com.android.statementservice] ]
05-29 10:20:08.697 476 655 I EthernetNetworkFactory: networkForRequest, request: NetworkRequest [ REQUEST id=34, [ Capabilities: INTERNET&NOT_RESTRICTED&TRUSTED&NOT_VCN_MANAGED Uid: 10028 RequestorUid: 10028 RequestorPkg: com.android.statementservice] ], network: null
05-29 10:20:08.698 476 610 D WifiNetworkFactory: got request NetworkRequest [ REQUEST id=34, [ Capabilities: INTERNET&NOT_RESTRICTED&TRUSTED&NOT_VCN_MANAGED Uid: 10028 RequestorUid: 10028 RequestorPkg: com.android.statementservice] ]
05-29 10:20:08.698 476 610 D UntrustedWifiNetworkFactory: got request NetworkRequest [ REQUEST id=34, [ Capabilities: INTERNET&NOT_RESTRICTED&TRUSTED&NOT_VCN_MANAGED Uid: 10028 RequestorUid: 10028 RequestorPkg: com.android.statementservice] ]
05-29 10:20:08.698 476 610 D OemPaidWifiNetworkFactory: got request NetworkRequest [ REQUEST id=34, [ Capabilities: INTERNET&NOT_RESTRICTED&TRUSTED&NOT_VCN_MANAGED Uid: 10028 RequestorUid: 10028 RequestorPkg: com.android.statementservice] ]
05-29 10:20:08.708 1099 1206 E hq : WeatherRefresh:::请求网络地址后,更新的地理位置为:101280601
05-29 10:20:08.716 1099 1439 E hq : WeatherRefresh:::请求网络地址后,更新的地理位置为:101280601
05-29 10:20:08.752 476 814 D CompatibilityChangeReporter: Compat change id reported: 168419799; UID 10057; state: DISABLED
05-29 10:20:08.761 476 579 W ActivityTaskManager: Current config: {1.0 ?mcc?mnc [zh_CN] ldltr sw720dp w1280dp h696dp 240dpi xlrg long land television -touch qwerty/v/v dpad/v winConfig={ mBounds=Rect(0, 0 - 1920, 1080) mAppBounds=Rect(0, 0 - 1920, 1080) mMaxBounds=Rect(0, 0 - 1920, 1080) mWindowingMode=fullscreen mDisplayWindowingMode=fullscreen mActivityType=undefined mAlwaysOnTop=undefined mRotation=ROTATION_0} s.6 fontWeightAdjustment=0} unchanged for IME proc com.sohu.inputmethod.sogou.tv
05-29 10:20:08.761 476 579 W ActivityTaskManager: Current config: {1.0 ?mcc?mnc [zh_CN] ldltr sw720dp w1280dp h696dp 240dpi xlrg long land television -touch qwerty/v/v dpad/v winConfig={ mBounds=Rect(0, 0 - 1920, 1080) mAppBounds=Rect(0, 0 - 1920, 1080) mMaxBounds=Rect(0, 0 - 1920, 1080) mWindowingMode=fullscreen mDisplayWindowingMode=fullscreen mActivityType=undefined mAlwaysOnTop=undefined mRotation=ROTATION_0} s.6 fontWeightAdjustment=0} unchanged for IME proc com.sohu.inputmethod.sogou.tv
05-29 10:20:08.767 2016 2053 I WM-WorkerWrapper: Worker result SUCCESS for Work [ id=11adaf83-0d2e-4334-8060-37739a27730d, tags={ com.android.statementservice.domain.worker.RetryRequestWorker } ]
05-29 10:20:08.799 2058 2058 D CompatibilityChangeReporter: Compat change id reported: 171979766; UID 10057; state: DISABLED
05-29 10:20:08.832 1099 1099 E martin : 组件:2025-05-29
05-29 10:20:08.836 2058 2058 D ApplicationLoaders: Returning zygote-cached class loader: /system/framework/android.test.base.jar
05-29 10:20:08.836 2027 2027 I DefaultIMS: onInitializeInterface:
05-29 10:20:08.843 1033 1356 I MediaProvider: Scanned external_primary due to REASON_MOUNTED, found 51 items in 795ms, 0 inserts 4 updates 0 deletes
05-29 10:20:08.844 1099 1099 E weatherWidget: dataChange:Thu May 29 10:20:08 GMT+08:00 2025
05-29 10:20:08.855 1033 1356 I MediaProvider: End Intent { act=com.android.providers.media.action.SCAN_VOLUME (has extras) }
05-29 10:20:08.920 2027 2027 I InputModelManager: mLanguageId+0 mInputType=0mChInputType=2
05-29 10:20:08.922 2058 2058 D nativeloader: classloader namespace configured for unbundled product apk. library_path=/product/priv-app/LiveTv/lib/arm:/product/lib:/system/product/lib
05-29 10:20:08.922 2027 2027 I nw : loadKeyData: loadLanguageInfoSuccess ? true
05-29 10:20:08.922 2027 2027 I InputModelManager: getCurrentLanguageBean inputMode languageId:0
05-29 10:20:08.922 2027 2027 I nw : onChanged: languageResStatusBean=Language load status:
05-29 10:20:08.922 2027 2027 I nw : {}
05-29 10:20:08.938 1099 1099 E hq : CrashHandler:::图片加载异常 message=Failed to load resource
05-29 10:20:08.938 1099 1099 E hq : model=
05-29 10:20:08.938 1099 1099 E hq : target=Target for: com.dangbei.palaemon.layout.DBImageView{7bba96 V.ED..... ........ 0,0-410,580}
05-29 10:20:08.941 2027 2027 I InputModelManager: getCurrentLanguageBean inputMode languageId:0
05-29 10:20:08.949 2027 2027 I LanguageResManager: prepareResource onSuccess:
05-29 10:20:08.952 2027 2027 D InputSurface: initView:
05-29 10:20:08.952 2027 2027 I MainPresenter: initView:
05-29 10:20:08.952 2027 2027 D MainLayer: initView:
05-29 10:20:08.952 2027 2027 D BodyAreaPresenter: initView:
05-29 10:20:08.961 2027 2088 I LanguageResManager: prepareResource onSuccess:
05-29 10:20:08.964 2058 2058 V GraphicsEnvironment: ANGLE Developer option for 'com.android.tv' set to: 'default'
05-29 10:20:08.965 2058 2058 V GraphicsEnvironment: Neither updatable production driver nor prerelease driver is supported.
05-29 10:20:08.969 2058 2058 D NetworkSecurityConfig: No Network Security Config specified, using platform default
05-29 10:20:08.970 2058 2058 D NetworkSecurityConfig: No Network Security Config specified, using platform default
05-29 10:20:08.972 2027 2027 I DefaultIMS: DefaultIMS::onInitializeInterface() finish
05-29 10:20:08.973 1099 1121 I OpenGLRenderer: Davey! duration=9223372007726ms; Flags=0, FrameTimelineVsyncId=873, IntendedVsync=29127799575, Vsync=29127799575, InputEventId=0, HandleInputStart=29128350305, AnimationStart=29128356013, PerformTraversalsStart=29128359263, DrawStart=29129159721, FrameDeadline=29144466241, FrameInterval=29128337763, FrameStartTime=16666666, SyncQueued=29131064513, SyncStart=29131381680, IssueDrawCommandsStart=29132479013, SwapBuffers=29150430430, FrameCompleted=9223372036854775807, DequeueBufferDuration=47125, QueueBufferDuration=2225000, GpuCompleted=9223372036854775807, SwapBuffersCompleted=29153901096, DisplayPresentTime=0,
05-29 10:20:08.974 2027 2027 D CompatibilityChangeReporter: Compat change id reported: 160794467; UID 10039; state: DISABLED
05-29 10:20:08.978 2027 2027 I DefaultIMS: onStartInput attribute=android.view.inputmethod.EditorInfo@5e0a088 restarting=false inputType: 0
05-29 10:20:08.990 2027 2027 I SendAliveManager: doWhenNetworkStateChanged
05-29 10:20:08.993 2027 2027 I nw : onChanged: languageResStatusBean=Language load status:
05-29 10:20:08.993 2027 2027 I nw : {zh=3}
05-29 10:20:08.993 2027 2027 I DefaultIMS: initializedCallback: time tag1=1748485208993
05-29 10:20:08.994 2027 2027 I nw : initializeInputSession: inputMode=languageID=0
05-29 10:20:08.994 2027 2027 I nw : scriptID=2
05-29 10:20:08.994 2027 2027 I nw : layoutID=2
05-29 10:20:08.994 2027 2027 I KeyEventTransfer: languageID=0
05-29 10:20:08.994 2027 2027 I KeyEventTransfer: scriptID=2
05-29 10:20:08.994 2027 2027 I KeyEventTransfer: layoutID=2
05-29 10:20:09.048 476 579 D CompatibilityChangeReporter: Compat change id reported: 149924527; UID 10039; state: ENABLED
05-29 10:20:09.050 476 579 D CompatibilityChangeReporter: Compat change id reported: 132649864; UID 10039; state: DISABLED
05-29 10:20:09.061 1099 1206 E hq : 当小贝:::message list add complete data.messageList:[]
05-29 10:20:09.061 1099 1206 E hq : data.tabList=[]
05-29 10:20:09.063 1099 1206 I hq : 当小贝:::showMessage from=requestGetMessageRemind
05-29 10:20:09.065 1099 1974 I hq : 当小贝:::showMessage 没有消息需要显示
05-29 10:20:09.070 1099 1121 I OpenGLRenderer: Davey! duration=9223372007625ms; Flags=0, FrameTimelineVsyncId=885, IntendedVsync=29227851465, Vsync=29227851465, InputEventId=0, HandleInputStart=29228457555, AnimationStart=29228461430, PerformTraversalsStart=29228464471, DrawStart=29229007805, FrameDeadline=29261184797, FrameInterval=29228447138, FrameStartTime=16666666, SyncQueued=29236528055, SyncStart=29237823846, IssueDrawCommandsStart=29239850846, SwapBuffers=29253107471, FrameCompleted=9223372036854775807, DequeueBufferDuration=66000, QueueBufferDuration=2624000, GpuCompleted=9223372036854775807, SwapBuffersCompleted=29260122930, DisplayPresentTime=0,
05-29 10:20:09.074 2058 2058 W UnsafeUtil: platform method missing - proto runtime falling back to safer methods: java.lang.NoSuchMethodException: sun.misc.Unsafe.copyMemory [class java.lang.Object, long, class java.lang.Object, long, long]
05-29 10:20:09.089 1099 1117 I d.leradlaunche: Background concurrent copying GC freed 126558(6370KB) AllocSpace objects, 21(1940KB) LOS objects, 49% free, 9494KB/18MB, paused 377us total 372.426ms
05-29 10:20:09.173 1099 1121 I OpenGLRenderer: Davey! duration=9223372007508ms; Flags=0, FrameTimelineVsyncId=888, IntendedVsync=29344522408, Vsync=29344522408, InputEventId=0, HandleInputStart=29345081680, AnimationStart=29345085721, PerformTraversalsStart=29345089263, DrawStart=29345646180, FrameDeadline=29377855740, FrameInterval=29345070555, FrameStartTime=16666666, SyncQueued=29346235513, SyncStart=29347885930, IssueDrawCommandsStart=29349150471, SwapBuffers=29357773305, FrameCompleted=9223372036854775807, DequeueBufferDuration=69125, QueueBufferDuration=4090083, GpuCompleted=9223372036854775807, SwapBuffersCompleted=29363009555, DisplayPresentTime=0,
05-29 10:20:09.181 476 579 D CompatibilityChangeReporter: Compat change id reported: 135634846; UID 10057; state: DISABLED
05-29 10:20:09.181 476 579 D CompatibilityChangeReporter: Compat change id reported: 177438394; UID 10057; state: DISABLED
05-29 10:20:09.182 476 579 D CompatibilityChangeReporter: Compat change id reported: 135772972; UID 10057; state: DISABLED
05-29 10:20:09.182 476 579 D CompatibilityChangeReporter: Compat change id reported: 135754954; UID 10057; state: DISABLED
05-29 10:20:09.183 476 540 D CompatibilityChangeReporter: Compat change id reported: 143937733; UID 10057; state: DISABLED
05-29 10:20:09.206 2058 2058 I TvApplication: Starting TV app 1.24-asop
05-29 10:20:09.207 2058 2058 I TvApplication: Started TV app 1.24-asop
05-29 10:20:09.212 247 247 D Zygote : Forked child process 2094
05-29 10:20:09.214 476 540 I ActivityManager: app.processName = com.android.tv.common
05-29 10:20:09.214 476 540 I ActivityManager: Start proc 2094:com.android.tv.common/u0a57 for content provider {com.android.tv/com.android.tv.common.CommonPreferenceProvider}
05-29 10:20:09.221 1272 1483 I efs.px.api: get config from server, url is https://errlog.umeng.com/apm_cc
05-29 10:20:09.225 2094 2094 I Zygote : seccomp disabled by setenforce 0
05-29 10:20:09.251 388 412 I adbd : jdwp connection from 2094
05-29 10:20:09.318 2094 2094 D CompatibilityChangeReporter: Compat change id reported: 171979766; UID 10057; state: DISABLED
05-29 10:20:09.326 476 579 I ActivityManager: Background started FGS: Allowed [callingPackage: com.android.tv; callingUid: 10057; uidState: RCVR; intent: Intent { cmp=com.android.tv/.dvr.recorder.DvrRecordingService (has extras) }; code:BACKGROUND_ACTIVITY_PERMISSION; tempAllowListReason:; targetSdkVersion:29; callerTargetSdkVersion:29; startForegroundCount:0; bindFromPackage:null]
05-29 10:20:09.330 2094 2094 D ApplicationLoaders: Returning zygote-cached class loader: /system/framework/android.test.base.jar
05-29 10:20:09.356 476 521 W IorapForwardingService: No service published for: iorapd
05-29 10:20:09.373 2094 2094 D nativeloader: classloader namespace configured for unbundled product apk. library_path=/product/priv-app/LiveTv/lib/arm:/product/lib:/system/product/lib
05-29 10:20:09.384 476 539 I ActivityManager: Deferring FGS notification in legacy app com.android.tv/u0a57 : Notification(channel=dvr_notification_channel shortcut=null contentView=null vibrate=null sound=null defaults=0x0 flags=0x40 color=0x00000000 vis=PRIVATE)
05-29 10:20:09.402 476 579 D CompatibilityChangeReporter: Compat change id reported: 168419799; UID 1000; state: DISABLED
05-29 10:20:09.422 1099 1121 I OpenGLRenderer: Davey! duration=9223372007259ms; Flags=0, FrameTimelineVsyncId=895, IntendedVsync=29594618345, Vsync=29594618345, InputEventId=0, HandleInputStart=29595215222, AnimationStart=29595219097, PerformTraversalsStart=29595222680, DrawStart=29596334347, FrameDeadline=29627951677, FrameInterval=29595202722, FrameStartTime=16666666, SyncQueued=29596898722, SyncStart=29597163847, IssueDrawCommandsStart=29598122472, SwapBuffers=29606359055, FrameCompleted=9223372036854775807, DequeueBufferDuration=57584, QueueBufferDuration=1598875, GpuCompleted=9223372036854775807, SwapBuffersCompleted=29610338013, DisplayPresentTime=0,
05-29 10:20:09.433 2094 2094 V GraphicsEnvironment: ANGLE Developer option for 'com.android.tv' set to: 'default'
05-29 10:20:09.434 2094 2094 V GraphicsEnvironment: Neither updatable production driver nor prerelease driver is supported.
05-29 10:20:09.437 2094 2094 D NetworkSecurityConfig: No Network Security Config specified, using platform default
05-29 10:20:09.438 2094 2094 D NetworkSecurityConfig: No Network Security Config specified, using platform default
05-29 10:20:09.453 820 820 W ContextImpl: Calling a method in the system process without a qualified user: android.app.ContextImpl.startService:1816 android.content.ContextWrapper.startService:774 android.content.ContextWrapper.startService:774 com.android.tv.settings.help.BootBroadcastReceiver.onReceive:18 android.app.ActivityThread.handleReceiver:4308
05-29 10:20:09.456 476 815 W ActivityManager: Unable to start service Intent { cmp=com.android.tv.settings/.app_lock.MainService } U=0: not found
05-29 10:20:09.460 820 820 V BootBroadcastReceiver: autorun
05-29 10:20:09.473 476 579 I ActivityManager: com.dangbei.zhushou.os is exempt from freezer
05-29 10:20:09.474 476 579 D CompatibilityChangeReporter: Compat change id reported: 135634846; UID 1000; state: DISABLED
05-29 10:20:09.483 2094 2094 W UnsafeUtil: platform method missing - proto runtime falling back to safer methods: java.lang.NoSuchMethodException: sun.misc.Unsafe.copyMemory [class java.lang.Object, long, class java.lang.Object, long, long]
05-29 10:20:09.501 247 247 D Zygote : Forked child process 2121
05-29 10:20:09.503 476 540 I ActivityManager: app.processName = com.dangbei.zhushou.os
05-29 10:20:09.503 476 540 I ActivityManager: Start proc 2121:com.dangbei.zhushou.os/1000 for broadcast {com.dangbei.zhushou.os/com.dangbei.projector.assistant.receiver.BootReceiver}
05-29 10:20:09.520 2121 2121 I Zygote : seccomp disabled by setenforce 0
05-29 10:20:09.532 1940 1940 I rainbow_flow: type=1400 audit(0.0:673): avc: denied { ioctl } for path="/dev/spidev1.0" dev="tmpfs" ino=2489 ioctlcmd=0x6b00 scontext=u:r:init:s0 tcontext=u:object_r:device:s0 tclass=chr_file permissive=1
05-29 10:20:09.579 388 412 I adbd : jdwp connection from 2121
05-29 10:20:09.633 2094 2094 I TvApplication: Starting TV app 1.24-asop
05-29 10:20:09.637 2027 2027 I chromium: [0529/102009:INFO:config_service.cc(227)] Load config buffer. err_code = 3, err_msg = Line: 1, column: 1, Unexpected token.
05-29 10:20:09.647 2094 2094 I TvApplication: Started TV app 1.24-asop
05-29 10:20:09.656 1099 1351 I OpenGLRenderer: Davey! duration=9223372007039ms; Flags=0, FrameTimelineVsyncId=901, IntendedVsync=29811288074, Vsync=29811288074, InputEventId=0, HandleInputStart=29814251888, AnimationStart=29814256138, PerformTraversalsStart=29814258972, DrawStart=29815257638, FrameDeadline=29844621406, FrameInterval=29814241972, FrameStartTime=16666666, SyncQueued=29815811472, SyncStart=29819467555, IssueDrawCommandsStart=29820645180, SwapBuffers=29834890972, FrameCompleted=9223372036854775807, DequeueBufferDuration=61000, QueueBufferDuration=1466333, GpuCompleted=9223372036854775807, SwapBuffersCompleted=29839508722, DisplayPresentTime=0,
05-29 10:20:09.670 1099 1121 I OpenGLRenderer: Davey! duration=9223372007017ms; Flags=0, FrameTimelineVsyncId=902, IntendedVsync=29827954763, Vsync=29827954763, InputEventId=0, HandleInputStart=29829257888, AnimationStart=29829261972, PerformTraversalsStart=29829265555, DrawStart=29830171722, FrameDeadline=29861288095, FrameInterval=29829247430, FrameStartTime=16666666, SyncQueued=29830663555, SyncStart=29839744805, IssueDrawCommandsStart=29841393138, SwapBuffers=29850233222, FrameCompleted=9223372036854775807, DequeueBufferDuration=48417, QueueBufferDuration=1879667, GpuCompleted=9223372036854775807, SwapBuffersCompleted=29860810888, DisplayPresentTime=0,
05-29 10:20:09.675 476 500 W ActivityManager: Slow operation: 52ms so far, now at attachApplicationLocked: after sendPendingBroadcastsLocked
05-29 10:20:09.679 2121 2121 D CompatibilityChangeReporter: Compat change id reported: 171979766; UID 1000; state: DISABLED
05-29 10:20:09.728 2121 2121 D ApplicationLoaders: Returning zygote-cached class loader: /system/framework/android.test.base.jar
05-29 10:20:09.728 2121 2121 D ApplicationLoaders: Returning zygote-cached class loader: /system/framework/android.hidl.manager-V1.0-java.jar
05-29 10:20:09.728 2121 2121 D ApplicationLoaders: Returning zygote-cached class loader: /system/framework/android.hidl.base-V1.0-java.jar
05-29 10:20:09.736 265 265 I EventThread: type=1400 audit(0.0:674): avc: denied { search } for name="extcon" dev="sysfs" ino=18109 scontext=u:r:hal_tv_cec_default:s0 tcontext=u:object_r:sysfs_extcon:s0 tclass=dir permissive=1
05-29 10:20:09.772 1272 1272 I Timer-1 : type=1400 audit(0.0:675): avc: denied { search } for name="net" dev="sysfs" ino=10442 scontext=u:r:platform_app:s0:c512,c768 tcontext=u:object_r:sysfs_net:s0 tclass=dir permissive=1 app=com.dangbei.screencast
05-29 10:20:09.775 2027 2027 I CHInputSession: set engine mode: 2 layout: 2
01-01 08:00:32.051 1643 1643 W audit : audit_lost=227 audit_rate_limit=5 audit_backlog_limit=64
01-01 08:00:32.051 1643 1643 E audit : rate limit exceeded
05-29 10:20:09.772 1272 1272 I Timer-1 : type=1400 audit(0.0:676): avc: denied { read } for name="address" dev="sysfs" ino=16906 scontext=u:r:platform_app:s0:c512,c768 tcontext=u:object_r:sysfs_net:s0 tclass=file permissive=1 app=com.dangbei.screencast
05-29 10:20:09.772 1272 1272 I Timer-1 : type=1400 audit(0.0:677): avc: denied { open } for path="/sys/devices/virtual/net/dummy0/address" dev="sysfs" ino=16906 scontext=u:r:platform_app:s0:c512,c768 tcontext=u:object_r:sysfs_net:s0 tclass=file permissive=1 app=com.dangbei.screencast
05-29 10:20:09.802 2027 2027 D CHJNIDefault: setInputMode value=-1
05-29 10:20:09.802 2027 2027 I InputContext: onChanged: candidateWords=[]
05-29 10:20:09.802 2027 2027 I InputContext: onChanged: candidateWordInfo.size=0 global offset: 0pausedCandidateData = false
05-29 10:20:09.803 2027 2027 I InputContext: onChanged: composing=null
05-29 10:20:09.803 2027 2027 I InputContext: onChanged: forCompose=false
05-29 10:20:09.811 2027 2027 I nw : onChanged: input mode:languageID=0
05-29 10:20:09.811 2027 2027 I nw : scriptID=2
05-29 10:20:09.811 2027 2027 I nw : layoutID=2
05-29 10:20:09.895 2121 2121 V GraphicsEnvironment: ANGLE Developer option for 'com.dangbei.zhushou.os' set to: 'default'
05-29 10:20:09.895 2121 2121 V GraphicsEnvironment: Neither updatable production driver nor prerelease driver is supported.
05-29 10:20:09.899 2121 2121 D NetworkSecurityConfig: No Network Security Config specified, using platform default
05-29 10:20:09.899 2121 2121 D NetworkSecurityConfig: No Network Security Config specified, using platform default
05-29 10:20:09.901 2121 2121 I MultiDex: VM with version 2.1.0 has multidex support
05-29 10:20:09.901 2121 2121 I MultiDex: Installing application
05-29 10:20:09.901 2121 2121 I MultiDex: VM has multidex support, MultiDex support library is disabled.
05-29 10:20:09.945 1099 1122 I OpenGLRenderer: Davey! duration=9223372006743ms; Flags=0, FrameTimelineVsyncId=919, IntendedVsync=30111288446, Vsync=30111288446, InputEventId=0, HandleInputStart=30111842388, AnimationStart=30111847597, PerformTraversalsStart=30111851930, DrawStart=30113011972, FrameDeadline=30144621778, FrameInterval=30111827722, FrameStartTime=16666666, SyncQueued=30113553430, SyncStart=30113836680, IssueDrawCommandsStart=30115524055, SwapBuffers=30121525847, FrameCompleted=9223372036854775807, DequeueBufferDuration=46709, QueueBufferDuration=5617708, GpuCompleted=9223372036854775807, SwapBuffersCompleted=30128656430, DisplayPresentTime=0,
05-29 10:20:09.972 476 579 W TelephonyPermissions: reportAccessDeniedToReadIdentifiers:com.dangbei.screencast:getSerial:-1
05-29 10:20:10.002 2121 2121 I b : -----------> Auto switch user, userId: -3377459
05-29 10:20:10.002 2121 2121 I b : -----------> doSwitchUserInternal, userId: -3377459
05-29 10:20:10.003 2121 2121 D yl : com.wangjie.rapidorm.c.b.a-------------------the tables are {class com.dangbei.setting.provider.dal.db.model.User=com.dangbei.setting.provider.dal.db.model.c@d30967d, class com.dangbei.setting.provider.dal.db.model.UserPreference=com.dangbei.setting.provider.dal.db.model.b@d385972}
05-29 10:20:10.132 2121 2121 D CompatibilityChangeReporter: Compat change id reported: 147600208; UID 1000; state: DISABLED
05-29 10:20:10.133 1272 1643 V NFC : this device does not have NFC support
05-29 10:20:10.195 1272 1565 I efs.base: lt=event`ev_ct=efs_core`ev_ac=config_coverage`tm=2025-05-29 17:08:00`dn=814a6c1f-a914-45e0-9441-173ac17d88d0`ps=com.dangbei.screencast`um_os=android`stime=1748485203355`pid=1272`fr=android`pkg=com.dangbei.screencast`cver=1735614866`vcode=20830`dsp_w=1920`uid=814a6c1f-a914-45e0-9441-173ac17d88d0`rom=12`wid=814a6c1f-a914-45e0-9441-173ac17d88d0`um_app_carrier=`um_access=unknow`um_app_channel=os`um_crash_sdk_version=1.4.0`ctime=1748509738`model=dbbox-a2`lang=zh`net=wifi`brand=dangbei`dsp_h=1080`um_network_type=0`ver=v2.8.3`build_model=DBBOX-A2`w_tm=1748509738`appid=5fc60c21094d637f3130af19`um_umid_header=ai536d652a62b80cf12a583dbdbfe77cd5`sdk=31`tzone=Asia/Shanghai`sdk_ver=1.3.6.umeng
05-29 10:20:10.206 1272 1483 I efs.config: config request succ, config is:
05-29 10:20:10.206 1272 1483 I efs.config: {"msg":"成功","code":0,"cip":"127.0.0.1","config":{"common":{"updateInteval":480,"gate_way_https":true},"sign":"f3NTUQlMf1FVZlkZAg==","app_configs":[{"conditions":[{"val":"0.0.0.0","opc":">=","fld":"ver"}],"actions":[{"opt":"apm_netperf_state","set":100},{"opt":"apm_netperf_day_limit","set":100},{"opt":"apm_netperf_res_bd_state","set":100},{"opt":"apm_oom_state","set":0},{"opt":"apm_netperf_data_rate","set":10},{"opt":"apm_native_h5perf_sampling_rate","set":5},{"opt":"apm_netperf_req_hd_state","set":100},{"opt":"apm_netperf_sampling_rate","set":1},{"opt":"flutter_dart_exception_max_count","set":20},{"opt":"flutter_pv_sampling_rate","set":5},{"opt":"apm_netperf_res_hd_state","set":100},{"opt":"flutter_page_state","set":100},{"opt":"flutter_page_rate","set":5},{"opt":"apm_memperf_sampling_rate","set":0},{"opt":"apm_crash_user_upload_type","set":1},{"opt":"apm_memperf_collect_max_period_sec","set":600},{"opt":"apm_crash_user_max_count","set":20},{"opt":"apm_netperf_bd_state","set":100},{"opt":"apm_native_h5_state","set":0},{"opt":"apm_mem_state","set":0},{"opt":"flutter_dart_exception_state","set":100},{"opt":"flutter_pv_max_count","set":200},{"opt":"apm_memperf_collect_interval","set":5},{"opt":"apm_flutter_state","set":100},{"opt":"apm_patrace_switch_rate","set":5},{"opt":"record_accumulation_time","set":60},{"opt":"apm_net_state","set":0},{"opt":"apm_startperf_sampling_rate","set":5},{"opt":"apm_oom_sampling_rate","set":5}]}]},"stm":1748509738,"cver":1735614866}
05-29 10:20:10.206 1272 1483 I efs.config: efs config is {"msg":"成功","code":0,"cip":"127.0.0.1","config":{"common":{"updateInteval":480,"gate_way_https":true},"sign":"f3NTUQlMf1FVZlkZAg==","app_configs":[{"conditions":[{"val":"0.0.0.0","opc":">=","fld":"ver"}],"actions":[{"opt":"apm_netperf_state","set":100},{"opt":"apm_netperf_day_limit","set":100},{"opt":"apm_netperf_res_bd_state","set":100},{"opt":"apm_oom_state","set":0},{"opt":"apm_netperf_data_rate","set":10},{"opt":"apm_native_h5perf_sampling_rate","set":5},{"opt":"apm_netperf_req_hd_state","set":100},{"opt":"apm_netperf_sampling_rate","set":1},{"opt":"flutter_dart_exception_max_count","set":20},{"opt":"flutter_pv_sampling_rate","set":5},{"opt":"apm_netperf_res_hd_state","set":100},{"opt":"flutter_page_state","set":100},{"opt":"flutter_page_rate","set":5},{"opt":"apm_memperf_sampling_rate","set":0},{"opt":"apm_crash_user_upload_type","set":1},{"opt":"apm_memperf_collect_max_period_sec","set":600},{"opt":"apm_crash_user_max_count","set":20},{"opt":"apm_netperf_bd_state","set":100},{"opt":"apm_native_h5_state","set":0},{"opt":"apm_mem_state","set":0},{"opt":"flutter_dart_exception_state","set":100},{"opt":"flutter_pv_max_count","set":200},{"opt":"apm_memperf_collect_interval","set":5},{"opt":"apm_flutter_state","set":100},{"opt":"apm_patrace_switch_rate","set":5},{"opt":"record_accumulation_time","set":60},{"opt":"apm_net_state","set":0},{"opt":"apm_startperf_sampling_rate","set":5},{"opt":"apm_oom_sampling_rate","set":5}]}]},"stm":1748509738,"cver":1735614866}
05-29 10:20:10.211 2121 2121 I TDLog : setReportUncaughtExceptions: true
05-29 10:20:10.219 476 500 D CompatibilityChangeReporter: Compat change id reported: 135634846; UID 10054; state: DISABLED
05-29 10:20:10.220 476 500 D CompatibilityChangeReporter: Compat change id reported: 177438394; UID 10054; state: DISABLED
05-29 10:20:10.220 476 500 D CompatibilityChangeReporter: Compat change id reported: 135772972; UID 10054; state: DISABLED
05-29 10:20:10.220 476 500 D CompatibilityChangeReporter: Compat change id reported: 135754954; UID 10054; state: ENABLED
05-29 10:20:10.221 476 540 D CompatibilityChangeReporter: Compat change id reported: 143937733; UID 10054; state: ENABLED
05-29 10:20:10.250 247 247 D Zygote : Forked child process 2197
05-29 10:20:10.251 476 540 I ActivityManager: app.processName = com.softwinner.timerswitch
