05-29 18:26:56.889 D/SystemServerTimingAsync( 700): ssm.onUnlockingUser-0_com.android.server.apphibernation.AppHibernationService
05-29 18:26:56.889 D/SystemServerTimingAsync( 700): ssm.onUnlockingUser-0_com.android.server.locksettings.LockSettingsService$Lifecycle
05-29 18:26:56.889 D/SystemServerTimingAsync( 700): ssm.onUnlockingUser-0_com.android.server.PersistentDataBlockService
05-29 18:26:56.890 I/vold ( 246): Mounting emulated fuse volume
05-29 18:26:56.890 I/HibernationStateDiskStore( 700): No hibernation file on disk for file /data/system_ce/0/hibernation/states
05-29 18:26:56.890 D/SystemServerTimingAsync( 700): ssm.onUnlockingUser-0_com.android.server.testharness.TestHarnessModeService
05-29 18:26:56.890 D/SystemServerTimingAsync( 700): ssm.onUnlockingUser-0_com.android.server.oemlock.OemLockService
05-29 18:26:56.890 D/SystemServerTimingAsync( 700): ssm.onUnlockingUser-0_com.android.server.DeviceIdleController
05-29 18:26:56.890 D/SystemServerTimingAsync( 700): ssm.onUnlockingUser-0_com.android.server.devicepolicy.DevicePolicyManagerService$Lifecycle
05-29 18:26:56.890 D/LockSettingsService( 700): Hiding encryption notification for user 0
05-29 18:26:56.890 D/SystemServerTimingAsync( 700): ssm.onUnlockingUser-0_com.android.server.texttospeech.TextToSpeechManagerService
05-29 18:26:56.890 D/SystemServerTimingAsync( 700): ssm.onUnlockingUser-0_com.android.server.ambientcontext.AmbientContextManagerService
05-29 18:26:56.891 I/AmbientContextManagerService( 700): serviceNames sent in newServiceListLocked is null, or empty
05-29 18:26:56.891 D/SystemServerTimingAsync( 700): ssm.onUnlockingUser-0_com.android.server.wearable.WearableSensingManagerService
05-29 18:26:56.891 D/WearableSensingManagerService( 700): onServiceRemoved
05-29 18:26:56.891 D/WearableSensingManagerPerUserService( 700): Trying to cancel the remote request. Reason: Service destroyed.
05-29 18:26:56.891 D/SystemServerTimingAsync( 700): ssm.onUnlockingUser-0_com.android.server.speech.SpeechRecognitionManagerService
05-29 18:26:56.891 D/SystemServerTimingAsync( 700): ssm.onUnlockingUser-0_com.android.server.searchui.SearchUiManagerService
05-29 18:26:56.892 D/SystemServerTimingAsync( 700): ssm.onUnlockingUser-0_com.android.server.smartspace.SmartspaceManagerService
05-29 18:26:56.892 D/SystemServerTimingAsync( 700): ssm.onUnlockingUser-0_com.android.server.graphics.fonts.FontManagerService$Lifecycle
05-29 18:26:56.892 D/SystemServerTimingAsync( 700): ssm.onUnlockingUser-0_com.android.server.textservices.TextServicesManagerService$Lifecycle
05-29 18:26:56.892 W/TextServicesManagerService( 700): no available spell checker services found
05-29 18:26:56.892 D/SystemServerTimingAsync( 700): ssm.onUnlockingUser-0_com.android.server.textclassifier.TextClassificationManagerService$Lifecycle
05-29 18:26:56.893 D/SystemServerTimingAsync( 700): ssm.onUnlockingUser-0_com.android.server.NetworkScoreService$Lifecycle
05-29 18:26:56.893 D/SystemServerTimingAsync( 700): ssm.onUnlockingUser-0_com.android.server.NetworkStatsServiceInitializer
05-29 18:26:56.893 D/SystemServerTimingAsync( 700): ssm.onUnlockingUser-0_com.android.server.wifi.WifiService
05-29 18:26:56.893 D/WifiService( 700): Handle user unlock 0
05-29 18:26:56.893 D/SystemServerTimingAsync( 700): ssm.onUnlockingUser-0_com.android.server.wifi.scanner.WifiScanningService
05-29 18:26:56.894 D/SystemServerTimingAsync( 700): ssm.onUnlockingUser-0_com.android.server.wifi.p2p.WifiP2pService
05-29 18:26:56.894 D/SystemServerTimingAsync( 700): ssm.onUnlockingUser-0_com.android.server.ConnectivityServiceInitializer
05-29 18:26:56.894 D/SystemServerTimingAsync( 700): ssm.onUnlockingUser-0_com.android.server.notification.NotificationManagerService
05-29 18:26:56.894 D/SystemServerTimingAsync( 700): ssm.onUnlockingUser-0_com.android.server.storage.DeviceStorageMonitorService
05-29 18:26:56.894 D/SystemServerTimingAsync( 700): ssm.onUnlockingUser-0_com.android.server.timedetector.TimeDetectorService$Lifecycle
05-29 18:26:56.894 D/SystemServerTimingAsync( 700): ssm.onUnlockingUser-0_com.android.server.location.LocationManagerService$Lifecycle
05-29 18:26:56.894 D/SystemServerTimingAsync( 700): ssm.onUnlockingUser-0_com.android.server.timezonedetector.TimeZoneDetectorService$Lifecycle
05-29 18:26:56.894 D/SystemServerTimingAsync( 700): ssm.onUnlockingUser-0_com.android.server.location.altitude.AltitudeService$Lifecycle
05-29 18:26:56.894 D/SystemServerTimingAsync( 700): ssm.onUnlockingUser-0_com.android.server.timezonedetector.location.LocationTimeZoneManagerService$Lifecycle
05-29 18:26:56.894 D/SystemServerTimingAsync( 700): ssm.onUnlockingUser-0_com.android.server.search.SearchManagerService$Lifecycle
05-29 18:26:56.894 D/SystemServerTimingAsync( 700): ssm.onUnlockingUser-0_com.android.server.wallpaper.WallpaperManagerService$Lifecycle
05-29 18:26:56.894 D/SystemServerTimingAsync( 700): ssm.onUnlockingUser-0_com.android.server.wallpapereffectsgeneration.WallpaperEffectsGenerationManagerService
05-29 18:26:56.894 D/SystemServerTimingAsync( 700): ssm.onUnlockingUser-0_com.android.server.audio.AudioService$Lifecycle
05-29 18:26:56.894 D/SystemServerTimingAsync( 700): ssm.onUnlockingUser-0_com.android.server.soundtrigger_middleware.SoundTriggerMiddlewareService$Lifecycle
05-29 18:26:56.894 D/SystemServerTimingAsync( 700): ssm.onUnlockingUser-0_com.android.server.adb.AdbService$Lifecycle
05-29 18:26:56.894 D/SystemServerTimingAsync( 700): ssm.onUnlockingUser-0_com.android.server.usb.UsbService$Lifecycle
05-29 18:26:56.895 W/BatteryExternalStatsWorker( 700): error reading modem stats:ERROR_PHONE_NOT_AVAILABLE
05-29 18:26:56.896 D/SystemServerTimingAsync( 700): ssm.onUnlockingUser-0_com.android.server.twilight.TwilightService
05-29 18:26:56.896 D/SystemServerTimingAsync( 700): ssm.onUnlockingUser-0_com.android.server.display.color.ColorDisplayService
05-29 18:26:56.896 D/SystemServerTimingAsync( 700): ssm.onUnlockingUser-0_com.android.server.job.JobSchedulerService
05-29 18:26:56.896 D/SystemServerTimingAsync( 700): ssm.onUnlockingUser-0_com.android.server.soundtrigger.SoundTriggerService
05-29 18:26:56.896 D/SystemServerTimingAsync( 700): ssm.onUnlockingUser-0_com.android.server.trust.TrustManagerService
05-29 18:26:56.897 D/SystemServerTimingAsync( 700): ssm.onUnlockingUser-0_com.android.server.backup.BackupManagerService$Lifecycle
05-29 18:26:56.897 D/CompatibilityChangeReporter( 700): Compat change id reported: 289878283; UID 1000; state: ENABLED
05-29 18:26:56.897 D/SystemServerTimingAsync( 700): ssm.onUnlockingUser-0_com.android.server.appwidget.AppWidgetService
05-29 18:26:56.897 D/SystemServerTimingAsync( 700): ssm.onUnlockingUser-0_com.android.server.voiceinteraction.VoiceInteractionManagerService
05-29 18:26:56.897 W/BatteryExternalStatsWorker( 700): error reading Bluetooth stats: 11
05-29 18:26:56.898 W/VoiceInteractionManager( 700): no available voice recognition services found for user 0
05-29 18:26:56.898 D/WakeupConfigStoreData( 700): WifiWake user data has been read
05-29 18:26:56.898 D/SystemServerTimingAsync( 700): ssm.onUnlockingUser-0_com.android.server.GestureLauncherService
05-29 18:26:56.898 D/SystemServerTimingAsync( 700): ssm.onUnlockingUser-0_com.android.server.SensorNotificationService
05-29 18:26:56.898 D/SystemServerTimingAsync( 700): ssm.onUnlockingUser-0_com.android.server.emergency.EmergencyAffordanceService
05-29 18:26:56.898 D/SystemServerTimingAsync( 700): ssm.onUnlockingUser-0_com.android.server.blob.BlobStoreManagerService
05-29 18:26:56.898 D/SystemServerTimingAsync( 700): ssm.onUnlockingUser-0_com.android.server.dreams.DreamManagerService
05-29 18:26:56.898 D/SystemServerTimingAsync( 700): ssm.onUnlockingUser-0_com.android.server.security.AttestationVerificationManagerService
05-29 18:26:56.898 D/SystemServerTimingAsync( 700): ssm.onUnlockingUser-0_com.android.server.restrictions.RestrictionsManagerService
05-29 18:26:56.899 D/SystemServerTimingAsync( 700): ssm.onUnlockingUser-0_com.android.server.media.MediaSessionService
05-29 18:26:56.899 D/SystemServerTimingAsync( 700): ssm.onUnlockingUser-0_com.android.server.hdmi.HdmiControlService
05-29 18:26:56.899 D/SystemServerTimingAsync( 700): ssm.onUnlockingUser-0_com.android.server.tv.interactive.TvInteractiveAppManagerService
05-29 18:26:56.899 D/WifiConfigStore( 700): Reading from user stores completed in 5 ms.
05-29 18:26:56.899 I/BackupManagerService( 700): Starting service for user: 0
05-29 18:26:56.899 D/SystemServerTimingAsync( 700): ssm.onUnlockingUser-0_com.android.server.tv.TvInputManagerService
05-29 18:26:56.900 D/SystemServerTimingAsync( 700): ssm.onUnlockingUser-0_com.android.server.media.MediaResourceMonitorService
05-29 18:26:56.900 D/SystemServerTimingAsync( 700): ssm.onUnlockingUser-0_com.android.server.tv.TvRemoteService
05-29 18:26:56.900 D/SystemServerTimingAsync( 700): ssm.onUnlockingUser-0_com.android.server.biometrics.BiometricService
05-29 18:26:56.900 D/SystemServerTimingAsync( 700): ssm.onUnlockingUser-0_com.android.server.biometrics.AuthService
05-29 18:26:56.900 D/SystemServerTimingAsync( 700): ssm.onUnlockingUser-0_com.android.server.pm.ShortcutService$Lifecycle
05-29 18:26:56.900 V/BackupManagerService( 700): [UserID:0] Starting with transport com.android.localtransport/.LocalTransport
05-29 18:26:56.902 D/SystemServerTimingAsync( 700): ssm.onUnlockingUser-0_com.android.server.pm.LauncherAppsService
05-29 18:26:56.902 D/SystemServerTimingAsync( 700): ssm.onUnlockingUser-0_com.android.server.pm.CrossProfileAppsService
05-29 18:26:56.902 D/SystemServerTimingAsync( 700): ssm.onUnlockingUser-0_com.android.server.people.PeopleService
05-29 18:26:56.902 D/SystemServerTimingAsync( 700): ssm.onUnlockingUser-0_com.android.server.media.metrics.MediaMetricsManagerService
05-29 18:26:56.902 D/SystemServerTimingAsync( 700): ssm.onUnlockingUser-0_com.android.server.pm.BackgroundInstallControlService
05-29 18:26:56.902 D/SystemServerTimingAsync( 700): ssm.onUnlockingUser-0_com.android.server.media.projection.MediaProjectionManagerService
05-29 18:26:56.902 D/SystemServerTimingAsync( 700): ssm.onUnlockingUser-0_com.android.server.slice.SliceManagerService$Lifecycle
05-29 18:26:56.902 D/SystemServerTimingAsync( 700): ssm.onUnlockingUser-0_com.android.server.stats.StatsCompanion$Lifecycle
05-29 18:26:56.902 D/SystemServerTimingAsync( 700): ssm.onUnlockingUser-0_com.android.server.scheduling.RebootReadinessManagerService$Lifecycle
05-29 18:26:56.902 D/SystemServerTimingAsync( 700): ssm.onUnlockingUser-0_com.android.server.stats.pull.StatsPullAtomService
05-29 18:26:56.902 D/SystemServerTimingAsync( 700): ssm.onUnlockingUser-0_com.android.server.stats.bootstrap.StatsBootstrapAtomService$Lifecycle
05-29 18:26:56.902 D/SystemServerTimingAsync( 700): ssm.onUnlockingUser-0_com.android.server.incident.IncidentCompanionService
05-29 18:26:56.902 D/SystemServerTimingAsync( 700): ssm.onUnlockingUser-0_com.android.server.sdksandbox.SdkSandboxManagerService$Lifecycle
05-29 18:26:56.902 I/SdkSandboxManager( 700): onUserUnlocking 0
05-29 18:26:56.902 D/SystemServerTimingAsync( 700): ssm.onUnlockingUser-0_com.android.server.adservices.AdServicesManagerService$Lifecycle
05-29 18:26:56.902 D/SystemServerTimingAsync( 700): ssm.onUnlockingUser-0_com.android.server.ondevicepersonalization.OnDevicePersonalizationSystemService$Lifecycle
05-29 18:26:56.902 D/SystemServerTimingAsync( 700): ssm.onUnlockingUser-0_com.android.server.autofill.AutofillManagerService
05-29 18:26:56.904 D/SystemServerTimingAsync( 700): ssm.onUnlockingUser-0_com.android.server.clipboard.ClipboardService
05-29 18:26:56.904 D/SystemServerTimingAsync( 700): ssm.onUnlockingUser-0_com.android.server.appbinding.AppBindingService$Lifecycle
05-29 18:26:56.904 W/AppBindingService( 700): [Default SMS app] u0 Target package not found
05-29 18:26:56.904 D/SystemServerTimingAsync( 700): ssm.onUnlockingUser-0_com.android.server.tracing.TracingServiceProxy
05-29 18:26:56.904 D/SystemServerTimingAsync( 700): ssm.onUnlockingUser-0_com.android.server.policy.PermissionPolicyService
05-29 18:26:56.904 D/SystemServerTimingAsync( 700): ssm.onUnlockingUser-0_com.android.server.pm.StagingManager$Lifecycle
05-29 18:26:56.904 D/SystemServerTimingAsync( 700): ssm.onUnlockingUser-0_com.android.server.app.GameManagerService$Lifecycle
05-29 18:26:56.904 D/SystemServerTimingAsync( 700): ssm.onUnlockingUser-0_com.android.safetycenter.SafetyCenterService
05-29 18:26:56.904 D/SystemServerTimingAsync( 700): ssm.onUnlockingUser-0_com.android.server.appsearch.AppSearchModule$Lifecycle
05-29 18:26:56.908 D/BackupManagerService( 700): [UserID:0] Started thread backup-0
05-29 18:26:56.912 I/vold ( 246): Bind mounting /data/media to /mnt/pass_through/0/emulated
05-29 18:26:56.914 I/StorageSessionController( 700): On volume mount VolumeInfo{emulated;0}:
05-29 18:26:56.914 I/StorageSessionController( 700): type=EMULATED diskId=null partGuid= mountFlags=PRIMARY|VISIBLE_FOR_WRITE
05-29 18:26:56.914 I/StorageSessionController( 700): mountUserId=0 state=CHECKING
05-29 18:26:56.914 I/StorageSessionController( 700): fsType=null fsUuid=null fsLabel=null
05-29 18:26:56.914 I/StorageSessionController( 700): path=/storage/emulated internalPath=/data/media
05-29 18:26:56.916 D/WifiConfigStore( 700): Writing to stores completed in 14 ms.
05-29 18:26:56.916 I/StorageSessionController( 700): Creating connection for user: 0
05-29 18:26:56.917 I/StorageSessionController( 700): Creating and starting session with id: emulated;0
05-29 18:26:56.918 I/StorageUserConnection( 700): Binding to the ExternalStorageService for user 0
05-29 18:26:56.920 I/AppSearchUserInstanceMa( 700): Creating new AppSearch instance at: /data/system_ce/0/appsearch/icing
05-29 18:26:56.921 D/SystemServerTimingAsync( 700): ssm.onUnlockingUser-0_com.android.server.media.MediaCommunicationService
05-29 18:26:56.921 D/SystemServerTimingAsync( 700): ssm.onUnlockingUser-0_com.android.server.compat.overrides.AppCompatOverridesService$Lifecycle
05-29 18:26:56.921 D/SystemServerTimingAsync( 700): ssm.onUnlockingUser-0_com.android.server.healthconnect.HealthConnectManagerService
05-29 18:26:56.921 D/SystemServerTimingAsync( 700): ssm.onUnlockingUser-0_com.android.server.devicelock.DeviceLockService
05-29 18:26:56.921 D/DeviceLockService( 700): onUserUnlocking
05-29 18:26:56.921 D/SystemServerTiming( 700): finishUserUnlocked-0
05-29 18:26:56.922 I/ActivityManager( 700): User 0 state changed from RUNNING_UNLOCKING to RUNNING_UNLOCKED
05-29 18:26:56.922 I/ActivityTaskManager( 700): Loading recents for user 0 into memory.
05-29 18:26:56.923 V/SystemServerTiming( 700): SystemUserUnlock took to complete: 480ms
05-29 18:26:56.930 V/PackageConfigPersister( 700): loadPackages: empty list files from /data/system_ce/0/package_configs
05-29 18:26:56.931 D/CompatibilityChangeReporter( 700): Compat change id reported: 135634846; UID 10074; state: DISABLED
05-29 18:26:56.932 D/CompatibilityChangeReporter( 700): Compat change id reported: 143937733; UID 10074; state: ENABLED
05-29 18:26:56.932 I/SELinux ( 700): SELinux: Loaded file context from:
05-29 18:26:56.932 I/SELinux ( 700): /system/etc/selinux/plat_file_contexts
05-29 18:26:56.932 I/StorageUserConnection( 700): Bound to the ExternalStorageService for user 0
05-29 18:26:56.934 I/ActivityManager( 700): com.dangbei.lerad.etna.haqu is exempt from freezer
05-29 18:26:56.934 D/CompatibilityChangeReporter( 700): Compat change id reported: 135634846; UID 1000; state: DISABLED
05-29 18:26:56.937 W/BroadcastLoopers( 700): Found previously unknown looper Thread[ActivityManager,5,main]
05-29 18:26:56.938 I/SELinux ( 700): /system_ext/etc/selinux/system_ext_file_contexts
05-29 18:26:56.938 I/SELinux ( 700): /product/etc/selinux/product_file_contexts
05-29 18:26:56.938 I/SELinux ( 700): /vendor/etc/selinux/vendor_file_contexts
05-29 18:26:56.940 I/ActivityManager( 700): Posting BOOT_COMPLETED user #0
05-29 18:26:56.941 I/libperfmgr( 487): Hint type not present in actions: DISPLAY_UPDATE_IMMINENT
05-29 18:26:56.942 I/android.hardware.power-service.libperfmgr( 487): Power boost DISPLAY_UPDATE_IMMINENT isBoostSupported: 0
05-29 18:26:56.942 D/SystemServerTimingAsync( 700): ssm.UnlockedUser-0
05-29 18:26:56.942 I/SystemServiceManager( 700): Calling onUnlockedUser 0
05-29 18:26:56.942 D/SystemServerTimingAsync( 700): ssm.onUnlockedUser-0_com.android.server.security.FileIntegrityService
05-29 18:26:56.942 D/SystemServerTimingAsync( 700): ssm.onUnlockedUser-0_com.android.server.pm.Installer
05-29 18:26:56.942 D/SystemServerTimingAsync( 700): ssm.onUnlockedUser-0_com.android.server.os.DeviceIdentifiersPolicyService
05-29 18:26:56.942 D/SystemServerTimingAsync( 700): ssm.onUnlockedUser-0_com.android.server.flags.FeatureFlagsService
05-29 18:26:56.942 D/SystemServerTimingAsync( 700): ssm.onUnlockedUser-0_com.android.server.uri.UriGrantsManagerService$Lifecycle
05-29 18:26:56.942 D/SystemServerTimingAsync( 700): ssm.onUnlockedUser-0_com.android.server.powerstats.PowerStatsService
05-29 18:26:56.942 D/SystemServerTimingAsync( 700): ssm.onUnlockedUser-0_com.android.server.permission.access.AccessCheckingService
05-29 18:26:56.942 D/SystemServerTimingAsync( 700): ssm.onUnlockedUser-0_com.android.server.wm.ActivityTaskManagerService$Lifecycle
05-29 18:26:56.942 I/LaunchParamsPersister( 700): Didn't find launch param folder for user 0
05-29 18:26:56.943 D/SystemServerTimingAsync( 700): ssm.onUnlockedUser-0_com.android.server.am.ActivityManagerService$Lifecycle
05-29 18:26:56.945 D/SystemServerTimingAsync( 700): ssm.onUnlockedUser-0_com.android.server.pm.DataLoaderManagerService
05-29 18:26:56.945 D/SystemServerTimingAsync( 700): ssm.onUnlockedUser-0_com.android.server.power.PowerManagerService
05-29 18:26:56.945 E/BackupPasswordManager( 700): Unable to read backup pw version
05-29 18:26:56.945 D/SystemServerTimingAsync( 700): ssm.onUnlockedUser-0_com.android.server.power.ThermalManagerService
05-29 18:26:56.945 D/SystemServerTimingAsync( 700): ssm.onUnlockedUser-0_com.android.server.power.hint.HintManagerService
05-29 18:26:56.945 D/SystemServerTimingAsync( 700): ssm.onUnlockedUser-0_com.android.server.recoverysystem.RecoverySystemService$Lifecycle
05-29 18:26:56.945 D/SystemServerTimingAsync( 700): ssm.onUnlockedUser-0_com.android.server.lights.LightsService
05-29 18:26:56.945 D/SystemServerTimingAsync( 700): ssm.onUnlockedUser-0_com.android.server.display.DisplayManagerService
05-29 18:26:56.945 D/SystemServerTimingAsync( 700): ssm.onUnlockedUser-0_com.android.server.pm.verify.domain.DomainVerificationService
05-29 18:26:56.945 D/AppWidgetServiceImpl( 700): Unable to load widget provider info from xml for ComponentInfo{com.android.deskclock/com.android.alarmclock.AnalogAppWidgetProvider}
05-29 18:26:56.945 D/SystemServerTimingAsync( 700): ssm.onUnlockedUser-0_com.android.server.pm.PackageInstallerService$Lifecycle
05-29 18:26:56.945 D/SystemServerTimingAsync( 700): ssm.onUnlockedUser-0_com.android.server.pm.UserManagerService$LifeCycle
05-29 18:26:56.945 D/SystemServerTimingAsync( 700): ssm.onUnlockedUser-0_com.android.server.om.OverlayManagerService
05-29 18:26:56.945 D/SystemServerTimingAsync( 700): ssm.onUnlockedUser-0_com.android.server.resources.ResourcesManagerService
05-29 18:26:56.945 D/SystemServerTimingAsync( 700): ssm.onUnlockedUser-0_com.android.server.sensorprivacy.SensorPrivacyService
05-29 18:26:56.945 D/SystemServerTimingAsync( 700): ssm.onUnlockedUser-0_com.android.server.sensors.SensorService
05-29 18:26:56.945 D/SystemServerTimingAsync( 700): ssm.onUnlockedUser-0_com.android.server.SystemConfigService
05-29 18:26:56.945 D/SystemServerTimingAsync( 700): ssm.onUnlockedUser-0_com.android.server.BatteryService
05-29 18:26:56.945 D/SystemServerTimingAsync( 700): ssm.onUnlockedUser-0_com.android.server.usage.UsageStatsService
05-29 18:26:56.945 D/SystemServerTimingAsync( 700): ssm.onUnlockedUser-0_com.android.server.webkit.WebViewUpdateService
05-29 18:26:56.945 E/BackupPasswordManager( 700): Unable to read saved backup pw hash
05-29 18:26:56.946 D/AppWidgetServiceImpl( 700): Unable to load widget provider info from xml for ComponentInfo{com.android.deskclock/com.android.alarmclock.DigitalAppWidgetProvider}
05-29 18:26:56.946 D/AppWidgetServiceImpl( 700): Unable to load widget provider info from xml for ComponentInfo{com.android.systemui/com.android.systemui.people.widget.PeopleSpaceWidgetProvider}
05-29 18:26:56.946 I/AppWidgetServiceImpl( 700): Processing of handleUserUnlocked u0 took 7 ms
05-29 18:26:56.947 E/TaskPersister( 700): File error accessing recents directory (directory doesn't exist?).
05-29 18:26:56.948 D/SystemServerTimingAsync( 700): ssm.onUnlockedUser-0_com.android.server.CachedDeviceStateService
05-29 18:26:56.948 D/SystemServerTimingAsync( 700): ssm.onUnlockedUser-0_com.android.server.BinderCallsStatsService$LifeCycle
05-29 18:26:56.948 D/SystemServerTimingAsync( 700): ssm.onUnlockedUser-0_com.android.server.LooperStatsService$Lifecycle
05-29 18:26:56.948 D/SystemServerTimingAsync( 700): ssm.onUnlockedUser-0_com.android.server.rollback.RollbackManagerService
05-29 18:26:56.948 D/SystemServerTimingAsync( 700): ssm.onUnlockedUser-0_com.android.server.os.NativeTombstoneManagerService
05-29 18:26:56.948 D/SystemServerTimingAsync( 700): ssm.onUnlockedUser-0_com.android.server.os.BugreportManagerService
05-29 18:26:56.948 D/SystemServerTimingAsync( 700): ssm.onUnlockedUser-0_com.android.server.gpu.GpuService
05-29 18:26:56.948 D/SystemServerTimingAsync( 700): ssm.onUnlockedUser-0_com.android.server.security.rkp.RemoteProvisioningService
05-29 18:26:56.948 D/SystemServerTimingAsync( 700): ssm.onUnlockedUser-0_com.android.server.security.KeyChainSystemService
05-29 18:26:56.948 D/SystemServerTimingAsync( 700): ssm.onUnlockedUser-0_com.android.server.BinaryTransparencyService
05-29 18:26:56.949 D/SystemServerTimingAsync( 700): ssm.onUnlockedUser-0_com.android.server.accounts.AccountManagerService$Lifecycle
05-29 18:26:56.949 D/SystemServerTimingAsync( 700): ssm.onUnlockedUser-0_com.android.server.content.ContentService$Lifecycle
05-29 18:26:56.949 D/SystemServerTimingAsync( 700): ssm.onUnlockedUser-0_com.android.server.deviceconfig.DeviceConfigInit$Lifecycle
05-29 18:26:56.949 D/SystemServerTimingAsync( 700): ssm.onUnlockedUser-0_com.android.server.DropBoxManagerService
05-29 18:26:56.949 D/SystemServerTimingAsync( 700): ssm.onUnlockedUser-0_com.android.role.RoleService
05-29 18:26:56.949 D/SystemServerTimingAsync( 700): ssm.onUnlockedUser-0_com.android.server.vibrator.VibratorManagerService$Lifecycle
05-29 18:26:56.949 D/SystemServerTimingAsync( 700): ssm.onUnlockedUser-0_com.android.server.tare.InternalResourceService
05-29 18:26:56.949 D/SystemServerTimingAsync( 700): ssm.onUnlockedUser-0_com.android.server.alarm.AlarmManagerService
05-29 18:26:56.949 D/SystemServerTimingAsync( 700): ssm.onUnlockedUser-0_com.android.server.devicestate.DeviceStateManagerService
05-29 18:26:56.949 D/SystemServerTimingAsync( 700): ssm.onUnlockedUser-0_com.android.server.camera.CameraServiceProxy
05-29 18:26:56.949 D/SystemServerTimingAsync( 700): ssm.onUnlockedUser-0_com.android.server.bluetooth.BluetoothService
05-29 18:26:56.949 D/SystemServerTimingAsync( 700): ssm.onUnlockedUser-0_com.android.server.connectivity.IpConnectivityMetrics
05-29 18:26:56.949 D/SystemServerTimingAsync( 700): ssm.onUnlockedUser-0_com.android.server.net.watchlist.NetworkWatchlistService$Lifecycle
05-29 18:26:56.949 D/SystemServerTimingAsync( 700): ssm.onUnlockedUser-0_com.android.server.PinnerService
05-29 18:26:56.949 D/SystemServerTimingAsync( 700): ssm.onUnlockedUser-0_com.android.server.integrity.AppIntegrityManagerService
05-29 18:26:56.949 D/SystemServerTimingAsync( 700): ssm.onUnlockedUser-0_com.android.server.logcat.LogcatManagerService
05-29 18:26:56.949 D/SystemServerTimingAsync( 700): ssm.onUnlockedUser-0_com.android.server.inputmethod.InputMethodManagerService$Lifecycle
05-29 18:26:56.949 D/SystemServerTimingAsync( 700): ssm.onUnlockedUser-0_com.android.server.accessibility.AccessibilityManagerService$Lifecycle
05-29 18:26:56.949 D/SystemServerTimingAsync( 700): ssm.onUnlockedUser-0_com.android.server.StorageManagerService$Lifecycle
05-29 18:26:56.949 D/SystemServerTimingAsync( 700): ssm.onUnlockedUser-0_com.android.server.usage.StorageStatsService$Lifecycle
05-29 18:26:56.949 D/SystemServerTimingAsync( 700): ssm.onUnlockedUser-0_com.android.server.UiModeManagerService
05-29 18:26:56.949 D/SystemServerTimingAsync( 700): ssm.onUnlockedUser-0_com.android.server.locales.LocaleManagerService
05-29 18:26:56.949 D/SystemServerTimingAsync( 700): ssm.onUnlockedUser-0_com.android.server.grammaticalinflection.GrammaticalInflectionService
05-29 18:26:56.949 D/SystemServerTimingAsync( 700): ssm.onUnlockedUser-0_com.android.server.apphibernation.AppHibernationService
05-29 18:26:56.949 D/SystemServerTimingAsync( 700): ssm.onUnlockedUser-0_com.android.server.locksettings.LockSettingsService$Lifecycle
05-29 18:26:56.949 D/SystemServerTimingAsync( 700): ssm.onUnlockedUser-0_com.android.server.PersistentDataBlockService
05-29 18:26:56.949 D/SystemServerTimingAsync( 700): ssm.onUnlockedUser-0_com.android.server.testharness.TestHarnessModeService
05-29 18:26:56.949 D/SystemServerTimingAsync( 700): ssm.onUnlockedUser-0_com.android.server.oemlock.OemLockService
05-29 18:26:56.949 D/SystemServerTimingAsync( 700): ssm.onUnlockedUser-0_com.android.server.DeviceIdleController
05-29 18:26:56.949 D/SystemServerTimingAsync( 700): ssm.onUnlockedUser-0_com.android.server.devicepolicy.DevicePolicyManagerService$Lifecycle
05-29 18:26:56.949 D/SystemServerTimingAsync( 700): ssm.onUnlockedUser-0_com.android.server.texttospeech.TextToSpeechManagerService
05-29 18:26:56.950 D/SystemServerTimingAsync( 700): ssm.onUnlockedUser-0_com.android.server.ambientcontext.AmbientContextManagerService
05-29 18:26:56.950 D/SystemServerTimingAsync( 700): ssm.onUnlockedUser-0_com.android.server.wearable.WearableSensingManagerService
05-29 18:26:56.950 D/SystemServerTimingAsync( 700): ssm.onUnlockedUser-0_com.android.server.speech.SpeechRecognitionManagerService
05-29 18:26:56.950 D/SystemServerTimingAsync( 700): ssm.onUnlockedUser-0_com.android.server.searchui.SearchUiManagerService
05-29 18:26:56.950 D/SystemServerTimingAsync( 700): ssm.onUnlockedUser-0_com.android.server.smartspace.SmartspaceManagerService
05-29 18:26:56.950 D/SystemServerTimingAsync( 700): ssm.onUnlockedUser-0_com.android.server.graphics.fonts.FontManagerService$Lifecycle
05-29 18:26:56.950 D/SystemServerTimingAsync( 700): ssm.onUnlockedUser-0_com.android.server.textservices.TextServicesManagerService$Lifecycle
05-29 18:26:56.950 D/SystemServerTimingAsync( 700): ssm.onUnlockedUser-0_com.android.server.textclassifier.TextClassificationManagerService$Lifecycle
05-29 18:26:56.950 D/SystemServerTimingAsync( 700): ssm.onUnlockedUser-0_com.android.server.NetworkScoreService$Lifecycle
05-29 18:26:56.950 D/SystemServerTimingAsync( 700): ssm.onUnlockedUser-0_com.android.server.NetworkStatsServiceInitializer
05-29 18:26:56.950 D/SystemServerTimingAsync( 700): ssm.onUnlockedUser-0_com.android.server.wifi.WifiService
05-29 18:26:56.950 D/SystemServerTimingAsync( 700): ssm.onUnlockedUser-0_com.android.server.wifi.scanner.WifiScanningService
05-29 18:26:56.950 D/SystemServerTimingAsync( 700): ssm.onUnlockedUser-0_com.android.server.wifi.p2p.WifiP2pService
05-29 18:26:56.950 D/SystemServerTimingAsync( 700): ssm.onUnlockedUser-0_com.android.server.ConnectivityServiceInitializer
05-29 18:26:56.950 D/SystemServerTimingAsync( 700): ssm.onUnlockedUser-0_com.android.server.notification.NotificationManagerService
05-29 18:26:56.950 I/NotificationHistory( 700): Attempted to unlock gone/disabled user 0
05-29 18:26:56.950 D/SystemServerTimingAsync( 700): ssm.onUnlockedUser-0_com.android.server.storage.DeviceStorageMonitorService
05-29 18:26:56.950 D/Zygote ( 464): Forked child process 1383
05-29 18:26:56.950 D/SystemServerTimingAsync( 700): ssm.onUnlockedUser-0_com.android.server.timedetector.TimeDetectorService$Lifecycle
05-29 18:26:56.950 D/SystemServerTimingAsync( 700): ssm.onUnlockedUser-0_com.android.server.location.LocationManagerService$Lifecycle
05-29 18:26:56.950 D/SystemServerTimingAsync( 700): ssm.onUnlockedUser-0_com.android.server.timezonedetector.TimeZoneDetectorService$Lifecycle
05-29 18:26:56.950 D/SystemServerTimingAsync( 700): ssm.onUnlockedUser-0_com.android.server.location.altitude.AltitudeService$Lifecycle
05-29 18:26:56.950 D/SystemServerTimingAsync( 700): ssm.onUnlockedUser-0_com.android.server.timezonedetector.location.LocationTimeZoneManagerService$Lifecycle
05-29 18:26:56.950 D/SystemServerTimingAsync( 700): ssm.onUnlockedUser-0_com.android.server.search.SearchManagerService$Lifecycle
05-29 18:26:56.951 D/SystemServerTimingAsync( 700): ssm.onUnlockedUser-0_com.android.server.wallpaper.WallpaperManagerService$Lifecycle
05-29 18:26:56.951 D/SystemServerTimingAsync( 700): ssm.onUnlockedUser-0_com.android.server.wallpapereffectsgeneration.WallpaperEffectsGenerationManagerService
05-29 18:26:56.951 D/SystemServerTimingAsync( 700): ssm.onUnlockedUser-0_com.android.server.audio.AudioService$Lifecycle
05-29 18:26:56.951 D/SystemServerTimingAsync( 700): ssm.onUnlockedUser-0_com.android.server.soundtrigger_middleware.SoundTriggerMiddlewareService$Lifecycle
05-29 18:26:56.951 D/SystemServerTimingAsync( 700): ssm.onUnlockedUser-0_com.android.server.adb.AdbService$Lifecycle
05-29 18:26:56.951 D/SystemServerTimingAsync( 700): ssm.onUnlockedUser-0_com.android.server.usb.UsbService$Lifecycle
05-29 18:26:56.951 D/SystemServerTimingAsync( 700): ssm.onUnlockedUser-0_com.android.server.twilight.TwilightService
05-29 18:26:56.951 D/SystemServerTimingAsync( 700): ssm.onUnlockedUser-0_com.android.server.display.color.ColorDisplayService
05-29 18:26:56.951 D/SystemServerTimingAsync( 700): ssm.onUnlockedUser-0_com.android.server.job.JobSchedulerService
05-29 18:26:56.951 D/SystemServerTimingAsync( 700): ssm.onUnlockedUser-0_com.android.server.soundtrigger.SoundTriggerService
05-29 18:26:56.951 D/SystemServerTimingAsync( 700): ssm.onUnlockedUser-0_com.android.server.trust.TrustManagerService
05-29 18:26:56.951 D/SystemServerTimingAsync( 700): ssm.onUnlockedUser-0_com.android.server.backup.BackupManagerService$Lifecycle
05-29 18:26:56.951 D/SystemServerTimingAsync( 700): ssm.onUnlockedUser-0_com.android.server.appwidget.AppWidgetService
05-29 18:26:56.951 D/SystemServerTimingAsync( 700): ssm.onUnlockedUser-0_com.android.server.voiceinteraction.VoiceInteractionManagerService
05-29 18:26:56.951 D/SystemServerTimingAsync( 700): ssm.onUnlockedUser-0_com.android.server.GestureLauncherService
05-29 18:26:56.951 D/SystemServerTimingAsync( 700): ssm.onUnlockedUser-0_com.android.server.SensorNotificationService
05-29 18:26:56.951 D/SystemServerTimingAsync( 700): ssm.onUnlockedUser-0_com.android.server.emergency.EmergencyAffordanceService
05-29 18:26:56.951 D/SystemServerTimingAsync( 700): ssm.onUnlockedUser-0_com.android.server.blob.BlobStoreManagerService
05-29 18:26:56.951 D/SystemServerTimingAsync( 700): ssm.onUnlockedUser-0_com.android.server.dreams.DreamManagerService
05-29 18:26:56.951 D/SystemServerTimingAsync( 700): ssm.onUnlockedUser-0_com.android.server.security.AttestationVerificationManagerService
05-29 18:26:56.951 D/SystemServerTimingAsync( 700): ssm.onUnlockedUser-0_com.android.server.restrictions.RestrictionsManagerService
05-29 18:26:56.951 D/SystemServerTimingAsync( 700): ssm.onUnlockedUser-0_com.android.server.media.MediaSessionService
05-29 18:26:56.951 D/SystemServerTimingAsync( 700): ssm.onUnlockedUser-0_com.android.server.hdmi.HdmiControlService
05-29 18:26:56.951 D/SystemServerTimingAsync( 700): ssm.onUnlockedUser-0_com.android.server.tv.interactive.TvInteractiveAppManagerService
05-29 18:26:56.951 D/SystemServerTimingAsync( 700): ssm.onUnlockedUser-0_com.android.server.tv.TvInputManagerService
05-29 18:26:56.951 D/SystemServerTimingAsync( 700): ssm.onUnlockedUser-0_com.android.server.media.MediaResourceMonitorService
05-29 18:26:56.951 D/SystemServerTimingAsync( 700): ssm.onUnlockedUser-0_com.android.server.tv.TvRemoteService
05-29 18:26:56.951 D/SystemServerTimingAsync( 700): ssm.onUnlockedUser-0_com.android.server.biometrics.BiometricService
05-29 18:26:56.951 D/SystemServerTimingAsync( 700): ssm.onUnlockedUser-0_com.android.server.biometrics.AuthService
05-29 18:26:56.951 D/SystemServerTimingAsync( 700): ssm.onUnlockedUser-0_com.android.server.pm.ShortcutService$Lifecycle
05-29 18:26:56.951 D/SystemServerTimingAsync( 700): ssm.onUnlockedUser-0_com.android.server.pm.LauncherAppsService
05-29 18:26:56.951 D/SystemServerTimingAsync( 700): ssm.onUnlockedUser-0_com.android.server.pm.CrossProfileAppsService
05-29 18:26:56.951 D/SystemServerTimingAsync( 700): ssm.onUnlockedUser-0_com.android.server.people.PeopleService
05-29 18:26:56.953 D/SystemServerTimingAsync( 700): ssm.onUnlockedUser-0_com.android.server.media.metrics.MediaMetricsManagerService
05-29 18:26:56.953 D/SystemServerTimingAsync( 700): ssm.onUnlockedUser-0_com.android.server.pm.BackgroundInstallControlService
05-29 18:26:56.953 D/SystemServerTimingAsync( 700): ssm.onUnlockedUser-0_com.android.server.media.projection.MediaProjectionManagerService
05-29 18:26:56.953 D/SystemServerTimingAsync( 700): ssm.onUnlockedUser-0_com.android.server.slice.SliceManagerService$Lifecycle
05-29 18:26:56.953 D/SystemServerTimingAsync( 700): ssm.onUnlockedUser-0_com.android.server.stats.StatsCompanion$Lifecycle
05-29 18:26:56.953 D/SystemServerTimingAsync( 700): ssm.onUnlockedUser-0_com.android.server.scheduling.RebootReadinessManagerService$Lifecycle
05-29 18:26:56.953 D/SystemServerTimingAsync( 700): ssm.onUnlockedUser-0_com.android.server.stats.pull.StatsPullAtomService
05-29 18:26:56.953 D/SystemServerTimingAsync( 700): ssm.onUnlockedUser-0_com.android.server.stats.bootstrap.StatsBootstrapAtomService$Lifecycle
05-29 18:26:56.953 D/SystemServerTimingAsync( 700): ssm.onUnlockedUser-0_com.android.server.incident.IncidentCompanionService
05-29 18:26:56.953 D/SystemServerTimingAsync( 700): ssm.onUnlockedUser-0_com.android.server.sdksandbox.SdkSandboxManagerService$Lifecycle
05-29 18:26:56.953 D/SystemServerTimingAsync( 700): ssm.onUnlockedUser-0_com.android.server.adservices.AdServicesManagerService$Lifecycle
05-29 18:26:56.953 D/SystemServerTimingAsync( 700): ssm.onUnlockedUser-0_com.android.server.ondevicepersonalization.OnDevicePersonalizationSystemService$Lifecycle
05-29 18:26:56.953 D/SystemServerTimingAsync( 700): ssm.onUnlockedUser-0_com.android.server.autofill.AutofillManagerService
05-29 18:26:56.953 D/SystemServerTimingAsync( 700): ssm.onUnlockedUser-0_com.android.server.clipboard.ClipboardService
05-29 18:26:56.953 D/SystemServerTimingAsync( 700): ssm.onUnlockedUser-0_com.android.server.appbinding.AppBindingService$Lifecycle
05-29 18:26:56.953 D/SystemServerTimingAsync( 700): ssm.onUnlockedUser-0_com.android.server.tracing.TracingServiceProxy
05-29 18:26:56.953 D/SystemServerTimingAsync( 700): ssm.onUnlockedUser-0_com.android.server.policy.PermissionPolicyService
05-29 18:26:56.953 D/SystemServerTimingAsync( 700): ssm.onUnlockedUser-0_com.android.server.pm.StagingManager$Lifecycle
05-29 18:26:56.954 D/SystemServerTimingAsync( 700): ssm.onUnlockedUser-0_com.android.server.app.GameManagerService$Lifecycle
05-29 18:26:56.954 D/SystemServerTimingAsync( 700): ssm.onUnlockedUser-0_com.android.safetycenter.SafetyCenterService
05-29 18:26:56.954 D/SystemServerTimingAsync( 700): ssm.onUnlockedUser-0_com.android.server.appsearch.AppSearchModule$Lifecycle
05-29 18:26:56.954 D/SystemServerTimingAsync( 700): ssm.onUnlockedUser-0_com.android.server.media.MediaCommunicationService
05-29 18:26:56.954 D/SystemServerTimingAsync( 700): ssm.onUnlockedUser-0_com.android.server.compat.overrides.AppCompatOverridesService$Lifecycle
05-29 18:26:56.954 D/SystemServerTimingAsync( 700): ssm.onUnlockedUser-0_com.android.server.healthconnect.HealthConnectManagerService
05-29 18:26:56.954 D/HealthConnectManagerService( 700): switchToSetupForUser: UserHandle{0}
05-29 18:26:56.954 D/HealthConnectBackupRestore( 700): Performing user switch operations.
05-29 18:26:56.956 D/SystemServerTimingAsync( 700): ssm.onUnlockedUser-0_com.android.server.devicelock.DeviceLockService
05-29 18:26:56.958 I/Watchdog( 700): Interesting Java process com.android.providers.media.module started. Pid 1383
05-29 18:26:56.958 I/ActivityManager( 700): Start proc 1383:com.android.providers.media.module/u0a74 for service {com.android.providers.media.module/com.android.providers.media.fuse.ExternalStorageServiceImpl}
05-29 18:26:56.962 D/CompatibilityChangeReporter( 700): Compat change id reported: 214016041; UID 1000; state: ENABLED
05-29 18:26:56.963 D/CompatibilityChangeReporter( 700): Compat change id reported: 214016041; UID 1000; state: DISABLED
05-29 18:26:56.964 I/ImeTracker( 700): com.android.tv.settings:ec257af9: onRequestHide at ORIGIN_SERVER_HIDE_INPUT reason HIDE_UNSPECIFIED_WINDOW
05-29 18:26:56.964 I/Zygote ( 1383): seccomp disabled by setenforce 0
05-29 18:26:56.965 I/ImeTracker( 700): com.android.tv.settings:ec257af9: onCancelled at PHASE_SERVER_SHOULD_HIDE
05-29 18:26:56.968 D/CompatibilityChangeReporter( 700): Compat change id reported: 135634846; UID 10039; state: DISABLED
05-29 18:26:56.971 V/BackupManagerService( 700): [UserID:0] No ancestral data
05-29 18:26:56.968 I/rainbow_flow( 591): type=1400 audit(0.0:697): avc: denied { ioctl } for path="/dev/spidev1.0" dev="tmpfs" ino=531 ioctlcmd=0x6b00 scontext=u:r:init:s0 tcontext=u:object_r:device:s0 tclass=chr_file permissive=1
05-29 18:26:56.974 I/rs.media.module( 1383): Using CollectorTypeCC GC.
05-29 18:26:56.977 D/Zygote ( 464): Forked child process 1386
05-29 18:26:56.984 V/BackupManagerConstants( 700): getKeyValueBackupIntervalMilliseconds(...) returns 14400000
05-29 18:26:56.985 D/FallbackHome( 1259): User unlocked and real home found; let's go!
05-29 18:26:56.985 V/BackupManagerConstants( 700): getKeyValueBackupFuzzMilliseconds(...) returns 600000
05-29 18:26:56.985 V/BackupManagerConstants( 700): getKeyValueBackupRequiredNetworkType(...) returns 1
05-29 18:26:56.986 V/BackupManagerConstants( 700): getKeyValueBackupRequireCharging(...) returns true
05-29 18:26:56.986 V/KeyValueBackupJob( 700): Scheduling k/v pass in 244 minutes
05-29 18:26:56.986 V/NotificationAssistants( 700): disabling notification assistant for user 0: ComponentInfo{android.ext.services/android.ext.services.notification.Assistant}
05-29 18:26:56.986 D/NotificationListeners( 700): Removing active service ComponentInfo{android.ext.services/android.ext.services.notification.Assistant}
05-29 18:26:56.987 I/Zygote ( 1386): seccomp disabled by setenforce 0
05-29 18:26:56.989 E/rs.media.module( 1383): Not starting debugger since process cannot load the jdwp agent.
05-29 18:26:56.990 D/CompatibilityChangeReporter( 700): Compat change id reported: 271850009; UID 1000; state: ENABLED
05-29 18:26:56.992 D/CompatibilityChangeReporter( 700): Compat change id reported: 271850009; UID 1000; state: DISABLED
05-29 18:26:56.995 D/GattService( 1027): Unlocked userId 0
05-29 18:26:56.997 V/WindowManagerShell( 918): Transition requested: android.os.BinderProxy@33aa309 TransitionRequestInfo { type = 2, triggerTask = TaskInfo{userId=0 taskId=3 displayId=0 isRunning=false baseIntent=Intent { act=android.intent.action.MAIN cat=[android.intent.category.HOME] flg=0x10800100 cmp=com.android.tv.settings/.system.FallbackHome } baseActivity=null topActivity=null origActivity=null realActivity=ComponentInfo{com.android.tv.settings/com.android.tv.settings.system.FallbackHome} numActivities=0 lastActiveTime=22036 supportsMultiWindow=true resizeMode=0 isResizeable=false minWidth=-1 minHeight=-1 defaultMinSize=220 token=WCT{android.window.IWindowContainerToken$Stub$Proxy@f9a590e} topActivityType=2 pictureInPictureParams=null shouldDockBigOverlays=false launchIntoPipHostTaskId=-1 lastParentTaskIdBeforePip=-1 displayCutoutSafeInsets=null topActivityInfo=null launchCookies=[] positionInParent=Point(0, 0) parentTaskId=-1 isFocused=true isVisible=true isVisibleRequested=true isSleeping=false topActivityInSizeCompat=false topActivityEligibleForLetterboxEducation= false isLetterboxDoubleTapEnabled= false topActivityEligibleForUserAspectRatioButton= false topActivityBoundsLetterboxed= false isFromLetterboxDoubleTap= false topActivityLetterboxVerticalPosition= -1 topActivityLetterboxHorizontalPosition= -1 topActivityLetterboxWidth=-1 topActivityLetterboxHeight=-1 isUserFullscreenOverrideEnabled=false isTopActivityTransparent=false locusId=null displayAreaFeatureId=1 cameraCompatControlState=hidden}, remoteTransition = null, displayChange = null, flags = 0 }
05-29 18:26:56.998 I/lerad.etna.haqu( 1386): Using CollectorTypeCC GC.
05-29 18:26:56.999 D/A2dpService( 1027): Unlocked userId 0
05-29 18:26:56.999 D/AvrcpTargetService( 1027): Unlocked userId 0
05-29 18:26:56.999 I/AvrcpTargetService( 1027): User unlocked, initializing the service
05-29 18:26:56.999 V/MediaPlayerList( 1027): Initializing MediaPlayerList
05-29 18:26:57.003 I/BrowsedPlayerWrapper( 1027): Wrapping Media Browser com.android.bluetooth
05-29 18:26:57.004 E/lerad.etna.haqu( 1386): Not starting debugger since process cannot load the jdwp agent.
05-29 18:26:57.004 I/BrowsedPlayerWrapper( 1027): Wrapping Media Browser com.android.music
05-29 18:26:57.004 D/HeadsetService( 1027): Unlocked userId 0
05-29 18:26:57.004 D/HearingAidService( 1027): Unlocked userId 0
05-29 18:26:57.006 D/CompatibilityChangeReporter( 700): Compat change id reported: 265464455; UID 1000; state: DISABLED
05-29 18:26:57.007 D/CompatibilityChangeReporter( 700): Compat change id reported: 265452344; UID 1000; state: DISABLED
05-29 18:26:57.007 D/CompatibilityChangeReporter( 700): Compat change id reported: 266124927; UID 1000; state: DISABLED
05-29 18:26:57.007 D/CompatibilityChangeReporter( 700): Compat change id reported: 265451093; UID 1000; state: DISABLED
05-29 18:26:57.008 D/CompatibilityChangeReporter( 700): Compat change id reported: 265456536; UID 1000; state: DISABLED
05-29 18:26:57.008 D/CompatibilityChangeReporter( 700): Compat change id reported: 255940284; UID 1000; state: DISABLED
05-29 18:26:57.008 D/CompatibilityChangeReporter( 700): Compat change id reported: 236283604; UID 1000; state: DISABLED
05-29 18:26:57.008 D/CompatibilityChangeReporter( 700): Compat change id reported: 263959004; UID 1000; state: DISABLED
05-29 18:26:57.008 D/CompatibilityChangeReporter( 700): Compat change id reported: 264304459; UID 1000; state: DISABLED
05-29 18:26:57.009 D/CompatibilityChangeReporter( 700): Compat change id reported: 264301586; UID 1000; state: DISABLED
05-29 18:26:57.010 D/CompatibilityChangeReporter( 700): Compat change id reported: 254631730; UID 1000; state: DISABLED
05-29 18:26:57.010 D/CompatibilityChangeReporter( 700): Compat change id reported: 273509367; UID 1000; state: DISABLED
05-29 18:26:57.011 D/CompatibilityChangeReporter( 700): Compat change id reported: 263259275; UID 1000; state: DISABLED
05-29 18:26:57.011 D/CompatibilityChangeReporter( 700): Compat change id reported: 174042980; UID 1000; state: DISABLED
05-29 18:26:57.011 D/CompatibilityChangeReporter( 700): Compat change id reported: 174042936; UID 1000; state: DISABLED
05-29 18:26:57.012 D/CompatibilityChangeReporter( 700): Compat change id reported: 181136395; UID 1000; state: DISABLED
05-29 18:26:57.019 I/FastBootComplete( 1049): action:android.intent.action.BOOT_COMPLETED
05-29 18:26:57.020 W/ActivityManager( 700): Slow operation: 87ms so far, now at startProcess: done updating battery stats
05-29 18:26:57.020 W/ActivityManager( 700): Slow operation: 87ms so far, now at startProcess: building log message
05-29 18:26:57.020 I/ActivityManager( 700): Start proc 1386:com.dangbei.lerad.etna.haqu/1000 for added application com.dangbei.lerad.etna.haqu
05-29 18:26:57.020 W/ActivityManager( 700): Slow operation: 87ms so far, now at startProcess: starting to update pids map
05-29 18:26:57.020 W/ContextImpl( 1049): Calling a method in the system process without a qualified user: android.app.ContextImpl.startService:1899 android.content.ContextWrapper.startService:825 android.content.ContextWrapper.startService:825 com.droidlogic.btpair.FastBootComplete.onReceive:20 android.app.ActivityThread.handleReceiver:4494
05-29 18:26:57.024 D/ConnectivityService( 700): requestNetwork for uid/pid:1000/700 activeRequest: null callbackRequest: 33 [NetworkRequest [ REQUEST id=34, [ Capabilities: INTERNET&NOT_RESTRICTED&TRUSTED&NOT_VCN_MANAGED Uid: 1000 RequestorUid: 1000 RequestorPkg: android UnderlyingNetworks: Null] ]] callback flags: 0 order: 2147483647
05-29 18:26:57.026 D/WifiNetworkFactory( 700): got request NetworkRequest [ REQUEST id=34, [ Capabilities: INTERNET&NOT_RESTRICTED&TRUSTED&NOT_VCN_MANAGED Uid: 1000 RequestorUid: 1000 RequestorPkg: android UnderlyingNetworks: Null] ]
05-29 18:26:57.026 D/UntrustedWifiNetworkFactory( 700): got request NetworkRequest [ REQUEST id=34, [ Capabilities: INTERNET&NOT_RESTRICTED&TRUSTED&NOT_VCN_MANAGED Uid: 1000 RequestorUid: 1000 RequestorPkg: android UnderlyingNetworks: Null] ]
05-29 18:26:57.026 D/OemPaidWifiNetworkFactory( 700): got request NetworkRequest [ REQUEST id=34, [ Capabilities: INTERNET&NOT_RESTRICTED&TRUSTED&NOT_VCN_MANAGED Uid: 1000 RequestorUid: 1000 RequestorPkg: android UnderlyingNetworks: Null] ]
05-29 18:26:57.026 D/MultiInternetWifiNetworkFactory( 700): got request NetworkRequest [ REQUEST id=34, [ Capabilities: INTERNET&NOT_RESTRICTED&TRUSTED&NOT_VCN_MANAGED Uid: 1000 RequestorUid: 1000 RequestorPkg: android UnderlyingNetworks: Null] ]
05-29 18:26:57.027 D/ConnectivityService( 700): NetReassign [no changes] [c 0] [a 0] [i 1]
05-29 18:26:57.029 D/CompatibilityChangeReporter( 700): Compat change id reported: 194480991; UID 1000; state: ENABLED
05-29 18:26:57.032 E/CellBroadcastUtils( 700): getDefaultCellBroadcastReceiverPackageName: no package found
05-29 18:26:57.036 D/CompatibilityChangeReporter( 700): Compat change id reported: 197654537; UID 1000; state: DISABLED
05-29 18:26:57.040 I/ActivityTaskManager( 700): START u0 {act=android.intent.action.MAIN cat=[android.intent.category.HOME] flg=0x10000100 cmp=com.dangbei.leard.leradlauncher/com.dangbei.launcher.home.LauncherActivity (has extras)} with LAUNCH_SINGLE_TASK from uid 0 (BAL_ALLOW_ALLOWLISTED_UID) result code=0
05-29 18:26:57.044 W/ActivityManager( 700): Slow operation: 111ms so far, now at startProcess: done updating pids map
05-29 18:26:57.044 W/ActivityManager( 700): Slow operation: 76ms so far, now at startProcess: asking zygote to start proc
05-29 18:26:57.044 D/CompatibilityChangeReporter( 700): Compat change id reported: 143937733; UID 10039; state: DISABLED
05-29 18:26:57.048 V/NotificationAssistants( 700): enabling notification assistant for 0: ComponentInfo{android.ext.services/android.ext.services.notification.Assistant}
05-29 18:26:57.048 V/NotificationAssistants( 700): binding: Intent { act=android.service.notification.NotificationAssistantService cmp=android.ext.services/.notification.Assistant (has extras) }
05-29 18:26:57.050 D/CompatibilityChangeReporter( 700): Compat change id reported: 261072174; UID 1002; state: ENABLED
05-29 18:26:57.054 W/ContextImpl( 1049): Calling a method in the system process without a qualified user: android.app.ContextImpl.startService:1899 android.content.ContextWrapper.startService:825 android.content.ContextWrapper.startService:825 com.droidlogic.btpair.FastBootComplete.onReceive:23 android.app.ActivityThread.handleReceiver:4494
05-29 18:26:57.057 I/ActivityManager( 700): com.dangbei.leard.leradlauncher is exempt from freezer
05-29 18:26:57.060 I/BpBinder( 263): onLastStrongRef automatically unlinking death recipients:
05-29 18:26:57.063 D/CompatibilityChangeReporter( 700): Compat change id reported: 168419799; UID 1000; state: DISABLED
05-29 18:26:57.063 D/CompatibilityChangeReporter( 700): Compat change id reported: 273564678; UID 1000; state: DISABLED
05-29 18:26:57.069 D/CompatibilityChangeReporter( 700): Compat change id reported: 168419799; UID 10074; state: DISABLED
05-29 18:26:57.070 I/HealthConnectBackupRestore( 700): Attempt to schedule download timeout job with state: 0
05-29 18:26:57.070 D/CompatibilityChangeReporter( 700): Compat change id reported: 273564678; UID 10074; state: DISABLED
05-29 18:26:57.070 I/HealthConnectBackupRestore( 700): Attempt to schedule staging timeout job with state: 0
05-29 18:26:57.070 I/HealthConnectBackupRestore( 700): Attempt to schedule merging timeout job with state: 0
05-29 18:26:57.072 D/CompatibilityChangeReporter( 700): Compat change id reported: 265195908; UID 10074; state: ENABLED
05-29 18:26:57.072 D/CompatibilityChangeReporter( 1386): Compat change id reported: 171979766; UID 1000; state: DISABLED
05-29 18:26:57.073 D/CompatibilityChangeReporter( 700): Compat change id reported: 161252188; UID 1000; state: DISABLED
05-29 18:26:57.074 D/CompatibilityChangeReporter( 1386): Compat change id reported: 242716250; UID 1000; state: DISABLED
05-29 18:26:57.075 I/ActivityManager( 700): com.android.keychain is exempt from freezer
05-29 18:26:57.075 D/CompatibilityChangeReporter( 700): Compat change id reported: 135634846; UID 1000; state: DISABLED
05-29 18:26:57.075 D/CompatibilityChangeReporter( 1383): Compat change id reported: 171979766; UID 10074; state: ENABLED
05-29 18:26:57.075 D/CompatibilityChangeReporter( 1383): Compat change id reported: 242716250; UID 10074; state: ENABLED
05-29 18:26:57.077 D/CompatibilityChangeReporter( 700): Compat change id reported: 161252188; UID 10049; state: DISABLED
05-29 18:26:57.079 I/BackupManagerService( 700): isBackupEnabled() => false due to absent settings file
05-29 18:26:57.079 D/BackupManagerService( 700): user:0 readBackupEnableState enabled:false
05-29 18:26:57.079 I/BackupManagerService( 700): [UserID:0] Backup enabled => false
