05-29 18:26:56.485 E/WifiChipAidlImpl( 700): getUsableChannels failed with service-specific exception: android.os.ServiceSpecificException: (code 4)
05-29 18:26:56.487 I/BluetoothAdapterService( 1027): getActiveDevices: Hearing Aid devices: Left[null] - Right[null]
05-29 18:26:56.487 E/ApConfigUtil( 700): Malformed channel value detected: java.lang.NumberFormatException: For input string: ""
05-29 18:26:56.488 I/Zygote ( 464): Entering forkRepeatedly native zygote loop
05-29 18:26:56.489 I/WifiHAL ( 501): found interface wlan0
05-29 18:26:56.489 D/WifiHAL ( 501): error code -95 mapped to -3
05-29 18:26:56.489 E/WifiHAL ( 501): failed to set scanning mac OUI; result = -3
05-29 18:26:56.490 E/WifiChipAidlImpl( 700): getUsableChannels failed with service-specific exception: android.os.ServiceSpecificException: (code 4)
05-29 18:26:56.492 I/WifiHAL ( 501): found interface wlan0
05-29 18:26:56.492 D/WifiHAL ( 501): error code -95 mapped to -3
05-29 18:26:56.492 E/WifiHAL ( 501): failed to set scanning mac OUI; result = -3
05-29 18:26:56.484 I/rainbow_flow( 591): type=1400 audit(0.0:689): avc: denied { ioctl } for path="/dev/spidev1.0" dev="tmpfs" ino=531 ioctlcmd=0x6b00 scontext=u:r:init:s0 tcontext=u:object_r:device:s0 tclass=chr_file permissive=1
05-29 18:26:56.498 D/BluetoothHeadset( 918): Proxy object connected
05-29 18:26:56.499 D/audioserver( 535): logFgsApiEnd: FGS Logger Transaction failed, -129
05-29 18:26:56.500 D/xm_audio( 475): adev_get_parameters
05-29 18:26:56.502 D/xm_audio( 475): adev_get_parameters
05-29 18:26:56.506 D/Zygote ( 464): Forked child process 1334
05-29 18:26:56.507 I/ActivityManager( 700): Start proc 1334:com.android.devicelockcontroller/u0a61 for broadcast {com.android.devicelockcontroller/com.android.devicelockcontroller.receivers.LockedBootCompletedReceiver}
05-29 18:26:56.509 D/xm_audio( 475): adev_get_parameters
05-29 18:26:56.511 D/xm_audio( 475): adev_get_parameters
05-29 18:26:56.513 E/WifiChipAidlImpl( 700): getUsableChannels failed with service-specific exception: android.os.ServiceSpecificException: (code 4)
05-29 18:26:56.515 E/ApConfigUtil( 700): Malformed channel value detected: java.lang.NumberFormatException: For input string: ""
05-29 18:26:56.515 I/WifiHAL ( 501): found interface wlan0
05-29 18:26:56.516 D/WifiHAL ( 501): error code -95 mapped to -3
05-29 18:26:56.516 E/WifiHAL ( 501): failed to set scanning mac OUI; result = -3
05-29 18:26:56.516 E/WifiChipAidlImpl( 700): getUsableChannels failed with service-specific exception: android.os.ServiceSpecificException: (code 4)
05-29 18:26:56.516 E/ApConfigUtil( 700): Malformed channel value detected: java.lang.NumberFormatException: For input string: ""
05-29 18:26:56.518 I/WifiHAL ( 501): found interface wlan0
05-29 18:26:56.518 D/WifiHAL ( 501): error code -95 mapped to -3
05-29 18:26:56.518 E/WifiHAL ( 501): failed to set scanning mac OUI; result = -3
05-29 18:26:56.519 E/WifiChipAidlImpl( 700): getUsableChannels failed with service-specific exception: android.os.ServiceSpecificException: (code 4)
05-29 18:26:56.519 E/ApConfigUtil( 700): Malformed channel value detected: java.lang.NumberFormatException: For input string: ""
05-29 18:26:56.520 D/WifiNetworkFactory( 700): got request NetworkRequest [ REQUEST id=1, [ Capabilities: INTERNET&NOT_RESTRICTED&TRUSTED&NOT_VPN&NOT_VCN_MANAGED RequestorUid: 1000 RequestorPkg: android UnderlyingNetworks: Null] ]
05-29 18:26:56.521 D/WifiConnectivityHelper( 700): Firmware supported feature set: 19d8108fa000019
05-29 18:26:56.521 D/WifiConnectivityHelper( 700): Firmware roaming is not supported
05-29 18:26:56.522 I/Zygote ( 1334): seccomp disabled by setenforce 0
05-29 18:26:56.522 I/WifiHAL ( 501): call wifi_get_link_stats handler
05-29 18:26:56.522 I/WifiHAL ( 501): Creating message to get link statistics; iface = 16
05-29 18:26:56.522 D/WifiHAL ( 501): error code -95 mapped to -3
05-29 18:26:56.522 E/WifiStaIfaceAidlImpl( 700): getLinkLayerStats failed with service-specific exception: android.os.ServiceSpecificException: (code 4)
05-29 18:26:56.523 E/WifiScoringParams( 700): Invalid frequency(-1), using 5G as default rssi array
05-29 18:26:56.525 D/xm_audio( 475): adev_get_parameters
05-29 18:26:56.525 D/WifiNetworkFactory( 700): got request NetworkRequest [ REQUEST id=24, [ Capabilities: INTERNET&NOT_RESTRICTED&TRUSTED&NOT_VCN_MANAGED Uid: 10052 RequestorUid: 10052 RequestorPkg: com.android.systemui UnderlyingNetworks: Null] ]
05-29 18:26:56.526 D/WifiNetworkFactory( 700): got request NetworkRequest [ REQUEST id=22, [ Capabilities: INTERNET&NOT_RESTRICTED&TRUSTED&NOT_VCN_MANAGED Uid: 10052 RequestorUid: 10052 RequestorPkg: com.android.systemui UnderlyingNetworks: Null] ]
05-29 18:26:56.526 D/WifiNetworkFactory( 700): got request NetworkRequest [ REQUEST id=26, [ Capabilities: INTERNET&NOT_RESTRICTED&TRUSTED&NOT_VCN_MANAGED Uid: 10052 RequestorUid: 10052 RequestorPkg: com.android.systemui UnderlyingNetworks: Null] ]
05-29 18:26:56.526 D/WifiNetworkFactory( 700): got request NetworkRequest [ REQUEST id=31, [ Capabilities: INTERNET&NOT_RESTRICTED&TRUSTED&NOT_VCN_MANAGED Uid: 10052 RequestorUid: 10052 RequestorPkg: com.android.systemui UnderlyingNetworks: Null] ]
05-29 18:26:56.526 D/WifiNetworkFactory( 700): got request NetworkRequest [ REQUEST id=14, [ Capabilities: INTERNET&NOT_RESTRICTED&TRUSTED&NOT_VCN_MANAGED Uid: 1000 RequestorUid: 1000 RequestorPkg: android UnderlyingNetworks: Null] ]
05-29 18:26:56.526 D/WifiNetworkFactory( 700): got request NetworkRequest [ REQUEST id=7, [ Capabilities: INTERNET&NOT_RESTRICTED&TRUSTED&NOT_VCN_MANAGED Uid: 1000 RequestorUid: 1000 RequestorPkg: android UnderlyingNetworks: Null] ]
05-29 18:26:56.526 D/WifiNetworkFactory( 700): got request NetworkRequest [ REQUEST id=16, [ Capabilities: INTERNET&NOT_RESTRICTED&TRUSTED&NOT_VCN_MANAGED Uid: 1073 RequestorUid: 1073 RequestorPkg: com.android.networkstack UnderlyingNetworks: Null] ]
05-29 18:26:56.526 D/UntrustedWifiNetworkFactory( 700): got request NetworkRequest [ REQUEST id=1, [ Capabilities: INTERNET&NOT_RESTRICTED&TRUSTED&NOT_VPN&NOT_VCN_MANAGED RequestorUid: 1000 RequestorPkg: android UnderlyingNetworks: Null] ]
05-29 18:26:56.526 D/UntrustedWifiNetworkFactory( 700): got request NetworkRequest [ REQUEST id=24, [ Capabilities: INTERNET&NOT_RESTRICTED&TRUSTED&NOT_VCN_MANAGED Uid: 10052 RequestorUid: 10052 RequestorPkg: com.android.systemui UnderlyingNetworks: Null] ]
05-29 18:26:56.526 D/UntrustedWifiNetworkFactory( 700): got request NetworkRequest [ REQUEST id=22, [ Capabilities: INTERNET&NOT_RESTRICTED&TRUSTED&NOT_VCN_MANAGED Uid: 10052 RequestorUid: 10052 RequestorPkg: com.android.systemui UnderlyingNetworks: Null] ]
05-29 18:26:56.526 D/UntrustedWifiNetworkFactory( 700): got request NetworkRequest [ REQUEST id=26, [ Capabilities: INTERNET&NOT_RESTRICTED&TRUSTED&NOT_VCN_MANAGED Uid: 10052 RequestorUid: 10052 RequestorPkg: com.android.systemui UnderlyingNetworks: Null] ]
05-29 18:26:56.526 D/UntrustedWifiNetworkFactory( 700): got request NetworkRequest [ REQUEST id=31, [ Capabilities: INTERNET&NOT_RESTRICTED&TRUSTED&NOT_VCN_MANAGED Uid: 10052 RequestorUid: 10052 RequestorPkg: com.android.systemui UnderlyingNetworks: Null] ]
05-29 18:26:56.526 D/UntrustedWifiNetworkFactory( 700): got request NetworkRequest [ REQUEST id=14, [ Capabilities: INTERNET&NOT_RESTRICTED&TRUSTED&NOT_VCN_MANAGED Uid: 1000 RequestorUid: 1000 RequestorPkg: android UnderlyingNetworks: Null] ]
05-29 18:26:56.526 D/UntrustedWifiNetworkFactory( 700): got request NetworkRequest [ REQUEST id=7, [ Capabilities: INTERNET&NOT_RESTRICTED&TRUSTED&NOT_VCN_MANAGED Uid: 1000 RequestorUid: 1000 RequestorPkg: android UnderlyingNetworks: Null] ]
05-29 18:26:56.526 D/UntrustedWifiNetworkFactory( 700): got request NetworkRequest [ REQUEST id=16, [ Capabilities: INTERNET&NOT_RESTRICTED&TRUSTED&NOT_VCN_MANAGED Uid: 1073 RequestorUid: 1073 RequestorPkg: com.android.networkstack UnderlyingNetworks: Null] ]
05-29 18:26:56.526 D/OemPaidWifiNetworkFactory( 700): got request NetworkRequest [ REQUEST id=1, [ Capabilities: INTERNET&NOT_RESTRICTED&TRUSTED&NOT_VPN&NOT_VCN_MANAGED RequestorUid: 1000 RequestorPkg: android UnderlyingNetworks: Null] ]
05-29 18:26:56.526 D/xm_audio( 475): adev_get_parameters
05-29 18:26:56.527 D/OemPaidWifiNetworkFactory( 700): got request NetworkRequest [ REQUEST id=24, [ Capabilities: INTERNET&NOT_RESTRICTED&TRUSTED&NOT_VCN_MANAGED Uid: 10052 RequestorUid: 10052 RequestorPkg: com.android.systemui UnderlyingNetworks: Null] ]
05-29 18:26:56.527 D/OemPaidWifiNetworkFactory( 700): got request NetworkRequest [ REQUEST id=22, [ Capabilities: INTERNET&NOT_RESTRICTED&TRUSTED&NOT_VCN_MANAGED Uid: 10052 RequestorUid: 10052 RequestorPkg: com.android.systemui UnderlyingNetworks: Null] ]
05-29 18:26:56.527 D/OemPaidWifiNetworkFactory( 700): got request NetworkRequest [ REQUEST id=26, [ Capabilities: INTERNET&NOT_RESTRICTED&TRUSTED&NOT_VCN_MANAGED Uid: 10052 RequestorUid: 10052 RequestorPkg: com.android.systemui UnderlyingNetworks: Null] ]
05-29 18:26:56.527 D/OemPaidWifiNetworkFactory( 700): got request NetworkRequest [ REQUEST id=31, [ Capabilities: INTERNET&NOT_RESTRICTED&TRUSTED&NOT_VCN_MANAGED Uid: 10052 RequestorUid: 10052 RequestorPkg: com.android.systemui UnderlyingNetworks: Null] ]
05-29 18:26:56.527 D/OemPaidWifiNetworkFactory( 700): got request NetworkRequest [ REQUEST id=14, [ Capabilities: INTERNET&NOT_RESTRICTED&TRUSTED&NOT_VCN_MANAGED Uid: 1000 RequestorUid: 1000 RequestorPkg: android UnderlyingNetworks: Null] ]
05-29 18:26:56.527 D/OemPaidWifiNetworkFactory( 700): got request NetworkRequest [ REQUEST id=7, [ Capabilities: INTERNET&NOT_RESTRICTED&TRUSTED&NOT_VCN_MANAGED Uid: 1000 RequestorUid: 1000 RequestorPkg: android UnderlyingNetworks: Null] ]
05-29 18:26:56.527 D/OemPaidWifiNetworkFactory( 700): got request NetworkRequest [ REQUEST id=16, [ Capabilities: INTERNET&NOT_RESTRICTED&TRUSTED&NOT_VCN_MANAGED Uid: 1073 RequestorUid: 1073 RequestorPkg: com.android.networkstack UnderlyingNetworks: Null] ]
05-29 18:26:56.527 D/MultiInternetWifiNetworkFactory( 700): got request NetworkRequest [ REQUEST id=1, [ Capabilities: INTERNET&NOT_RESTRICTED&TRUSTED&NOT_VPN&NOT_VCN_MANAGED RequestorUid: 1000 RequestorPkg: android UnderlyingNetworks: Null] ]
05-29 18:26:56.527 D/MultiInternetWifiNetworkFactory( 700): got request NetworkRequest [ REQUEST id=24, [ Capabilities: INTERNET&NOT_RESTRICTED&TRUSTED&NOT_VCN_MANAGED Uid: 10052 RequestorUid: 10052 RequestorPkg: com.android.systemui UnderlyingNetworks: Null] ]
05-29 18:26:56.527 D/MultiInternetWifiNetworkFactory( 700): got request NetworkRequest [ REQUEST id=22, [ Capabilities: INTERNET&NOT_RESTRICTED&TRUSTED&NOT_VCN_MANAGED Uid: 10052 RequestorUid: 10052 RequestorPkg: com.android.systemui UnderlyingNetworks: Null] ]
05-29 18:26:56.527 D/MultiInternetWifiNetworkFactory( 700): got request NetworkRequest [ REQUEST id=26, [ Capabilities: INTERNET&NOT_RESTRICTED&TRUSTED&NOT_VCN_MANAGED Uid: 10052 RequestorUid: 10052 RequestorPkg: com.android.systemui UnderlyingNetworks: Null] ]
05-29 18:26:56.527 D/MultiInternetWifiNetworkFactory( 700): got request NetworkRequest [ REQUEST id=31, [ Capabilities: INTERNET&NOT_RESTRICTED&TRUSTED&NOT_VCN_MANAGED Uid: 10052 RequestorUid: 10052 RequestorPkg: com.android.systemui UnderlyingNetworks: Null] ]
05-29 18:26:56.527 D/MultiInternetWifiNetworkFactory( 700): got request NetworkRequest [ REQUEST id=14, [ Capabilities: INTERNET&NOT_RESTRICTED&TRUSTED&NOT_VCN_MANAGED Uid: 1000 RequestorUid: 1000 RequestorPkg: android UnderlyingNetworks: Null] ]
05-29 18:26:56.528 D/MultiInternetWifiNetworkFactory( 700): got request NetworkRequest [ REQUEST id=7, [ Capabilities: INTERNET&NOT_RESTRICTED&TRUSTED&NOT_VCN_MANAGED Uid: 1000 RequestorUid: 1000 RequestorPkg: android UnderlyingNetworks: Null] ]
05-29 18:26:56.528 D/MultiInternetWifiNetworkFactory( 700): got request NetworkRequest [ REQUEST id=16, [ Capabilities: INTERNET&NOT_RESTRICTED&TRUSTED&NOT_VCN_MANAGED Uid: 1073 RequestorUid: 1073 RequestorPkg: com.android.networkstack UnderlyingNetworks: Null] ]
05-29 18:26:56.534 D/xm_audio( 475): adev_get_parameters
05-29 18:26:56.534 I/elockcontroller( 1334): Using CollectorTypeCC GC.
05-29 18:26:56.535 D/WifiConfigStore( 700): Writing to stores completed in 5 ms.
05-29 18:26:56.536 D/LocalBluetoothProfileManager( 918): Current Profiles[]
05-29 18:26:56.536 D/xm_audio( 475): adev_get_parameters
05-29 18:26:56.536 D/LocalBluetoothProfileManager( 918): New Profiles[HID]
05-29 18:26:56.536 D/CachedBluetoothDevice( 918): updating profiles for XX:XX:XX:XX:C0:7D
05-29 18:26:56.536 D/InstantWifi( 700): Drop, size: 0
05-29 18:26:56.532 I/init ( 158): type=1400 audit(0.0:690): avc: denied { add_name } for name="dmabuf_manage_config" scontext=u:r:vendor_init:s0 tcontext=u:object_r:sysfs:s0 tclass=dir permissive=1
05-29 18:26:56.540 D/WifiConfigStore( 700): Writing to stores completed in 2 ms.
05-29 18:26:56.541 D/BluetoothAdapter( 918): getActiveDevices(profile= A2DP)
05-29 18:26:56.543 D/xm_audio( 475): adev_get_parameters
05-29 18:26:56.544 I/BluetoothAdapterService( 1027): getActiveDevices: A2dp device: null
05-29 18:26:56.545 D/BluetoothAdapter( 918): getActiveDevices(profile= HEADSET)
05-29 18:26:56.545 D/xm_audio( 475): adev_get_parameters
05-29 18:26:56.547 E/elockcontroller( 1334): Not starting debugger since process cannot load the jdwp agent.
05-29 18:26:56.548 I/BluetoothAdapterService( 1027): getActiveDevices: Headset device: null
05-29 18:26:56.532 I/init ( 158): type=1400 audit(0.0:691): avc: denied { create } for name="dmabuf_manage_config" scontext=u:r:vendor_init:s0 tcontext=u:object_r:sysfs:s0 tclass=file permissive=1
05-29 18:26:56.550 D/BluetoothHidHost( 918): Proxy object connected
05-29 18:26:56.551 D/xm_audio( 475): socket_thread start
05-29 18:26:56.551 D/xm_audio( 475): create socket g_is_running4
05-29 18:26:56.551 D/xm_audio( 475): create socket g_is_running5
05-29 18:26:56.551 E/xm_audio( 475): socket connect fail fd
05-29 18:26:56.551 E/xm_audio( 475): Error no: 111,Connection refused
05-29 18:26:56.551 E/xm_audio( 475): close cret:0
05-29 18:26:56.554 D/xm_audio( 475): adev_get_parameters
05-29 18:26:56.555 D/vold_prepare_subdirs( 1330): Setting up mode 771 uid 1000 gid 1000 context u:object_r:system_data_file:s0:c512,c768 on path: /data/user/0
05-29 18:26:56.555 D/vold_prepare_subdirs( 1330): Setting up mode 771 uid 1000 gid 1000 context u:object_r:sdk_sandbox_system_data_file:s0:c512,c768 on path: /data/misc_ce/0/sdksandbox
05-29 18:26:56.556 D/BluetoothAdapter( 918): getActiveDevices(profile= HEARING_AID)
05-29 18:26:56.557 D/xm_audio( 475): adev_get_parameters
05-29 18:26:56.558 D/vold_prepare_subdirs( 1330): Setting up mode 700 uid 0 gid 0 context u:object_r:vold_data_file:s0 on path: /data/misc_ce/0/vold
05-29 18:26:56.563 D/vold_prepare_subdirs( 1330): Setting up mode 700 uid 0 gid 0 context u:object_r:storaged_data_file:s0 on path: /data/misc_ce/0/storaged
05-29 18:26:56.563 D/BluetoothPan( 918): Proxy object connected
05-29 18:26:56.564 I/BluetoothAdapterService( 1027): getActiveDevices: Hearing Aid devices: Left[null] - Right[null]
05-29 18:26:56.565 D/xm_audio( 475): adev_get_parameters
05-29 18:26:56.566 D/xm_audio( 475): adev_get_parameters
05-29 18:26:56.569 D/vold_prepare_subdirs( 1330): Setting up mode 700 uid 0 gid 0 context u:object_r:rollback_data_file:s0 on path: /data/misc_ce/0/rollback
05-29 18:26:56.574 D/xm_audio( 475): adev_get_parameters
05-29 18:26:56.575 D/vold_prepare_subdirs( 1330): Setting up mode 700 uid 0 gid 0 context u:object_r:apex_rollback_data_file:s0 on path: /data/misc_ce/0/apexrollback
05-29 18:26:56.576 D/xm_audio( 475): adev_get_parameters
05-29 18:26:56.580 D/CompatibilityChangeReporter( 700): Compat change id reported: 168419799; UID 10061; state: DISABLED
05-29 18:26:56.581 D/CompatibilityChangeReporter( 700): Compat change id reported: 273564678; UID 10061; state: DISABLED
05-29 18:26:56.587 D/CompatibilityChangeReporter( 700): Compat change id reported: 265195908; UID 10061; state: ENABLED
05-29 18:26:56.588 I/vol.Events( 918): writeEvent level_changed STREAM_BLUETOOTH_SCO 7
05-29 18:26:56.584 I/rainbow_flow( 591): type=1400 audit(0.0:692): avc: denied { ioctl } for path="/dev/spidev1.0" dev="tmpfs" ino=531 ioctlcmd=0x6b00 scontext=u:r:init:s0 tcontext=u:object_r:device:s0 tclass=chr_file permissive=1
05-29 18:26:56.592 D/xm_audio( 475): adev_get_parameters
05-29 18:26:56.594 D/xm_audio( 475): adev_get_parameters
05-29 18:26:56.596 D/vold_prepare_subdirs( 1330): Setting up mode 711 uid 0 gid 0 context u:object_r:apex_module_data_file:s0 on path: /data/misc_ce/0/apexdata
05-29 18:26:56.600 D/CompatibilityChangeReporter( 1334): Compat change id reported: 171979766; UID 10061; state: ENABLED
05-29 18:26:56.600 D/CompatibilityChangeReporter( 1334): Compat change id reported: 242716250; UID 10061; state: ENABLED
05-29 18:26:56.602 D/xm_audio( 475): adev_get_parameters
05-29 18:26:56.604 D/xm_audio( 475): adev_get_parameters
05-29 18:26:56.605 D/vold_prepare_subdirs( 1330): Setting up mode 771 uid 0 gid 1000 context u:object_r:apex_module_data_file:s0 on path: /data/misc_ce/0/apexdata/com.android.tethering
05-29 18:26:56.608 D/CompatibilityChangeReporter( 700): Compat change id reported: 170503758; UID 10061; state: ENABLED
05-29 18:26:56.610 D/xm_audio( 475): adev_get_parameters
05-29 18:26:56.610 D/vold_prepare_subdirs( 1330): Setting up mode 771 uid 0 gid 1000 context u:object_r:apex_system_server_data_file:s0 on path: /data/misc_ce/0/apexdata/com.android.permission
05-29 18:26:56.611 D/xm_audio( 475): adev_get_parameters
05-29 18:26:56.616 D/vold_prepare_subdirs( 1330): Setting up mode 771 uid 0 gid 1000 context u:object_r:apex_module_data_file:s0 on path: /data/misc_ce/0/apexdata/com.android.scheduling
05-29 18:26:56.616 D/xm_audio( 475): adev_get_parameters
05-29 18:26:56.619 D/xm_audio( 475): adev_get_parameters
05-29 18:26:56.620 D/vold_prepare_subdirs( 1330): Setting up mode 771 uid 0 gid 1000 context u:object_r:apex_module_data_file:s0 on path: /data/misc_ce/0/apexdata/com.android.ondevicepersonalization
05-29 18:26:56.623 D/vold_prepare_subdirs( 1330): Setting up mode 771 uid 0 gid 1000 context u:object_r:apex_module_data_file:s0 on path: /data/misc_ce/0/apexdata/com.android.media.swcodec
05-29 18:26:56.624 I/adbd ( 1343): persist.adb.watchdog set to ''
05-29 18:26:56.624 I/adbd ( 1343): persist.sys.test_harness set to ''
05-29 18:26:56.624 I/adbd ( 1343): adb watchdog timeout set to 600 seconds
05-29 18:26:56.625 D/nativeloader( 1334): Configuring clns-shared-4 for other apk /system/framework/org.apache.http.legacy.jar. target_sdk_version=34, uses_libraries=ALL, library_path=/apex/com.android.devicelock/priv-app/DeviceLockController@UD2A.240505.001.W1/lib/arm:/system/lib:/system_ext/lib, permitted_path=/data:/mnt/expand:/data/user/0/com.android.devicelockcontroller:/apex/com.android.devicelock/priv-app/DeviceLockController@UD2A.240505.001.W1:/system/lib:/system_ext/lib
05-29 18:26:56.628 I/adbd ( 1343): Setup mdns on port= 5555
05-29 18:26:56.620 I/adbd ( 1343): type=1400 audit(0.0:693): avc: denied { read } for name="u:object_r:vendor_default_prop:s0" dev="tmpfs" ino=377 scontext=u:r:adbd:s0 tcontext=u:object_r:vendor_default_prop:s0 tclass=file permissive=1
05-29 18:26:56.628 D/vold_prepare_subdirs( 1330): Setting up mode 771 uid 0 gid 1000 context u:object_r:apex_module_data_file:s0 on path: /data/misc_ce/0/apexdata/com.android.extservices
05-29 18:26:56.628 I/adbd ( 1343): adbd listening on tcp:5555
05-29 18:26:56.628 I/adbd ( 1343): adbd listening on vsock:5555
05-29 18:26:56.620 I/adbd ( 1343): type=1400 audit(0.0:694): avc: denied { open } for path="/dev/__properties__/u:object_r:vendor_default_prop:s0" dev="tmpfs" ino=377 scontext=u:r:adbd:s0 tcontext=u:object_r:vendor_default_prop:s0 tclass=file permissive=1
05-29 18:26:56.620 I/adbd ( 1343): type=1400 audit(0.0:695): avc: denied { getattr } for path="/dev/__properties__/u:object_r:vendor_default_prop:s0" dev="tmpfs" ino=377 scontext=u:r:adbd:s0 tcontext=u:object_r:vendor_default_prop:s0 tclass=file permissive=1
05-29 18:26:56.620 I/adbd ( 1343): type=1400 audit(0.0:696): avc: denied { map } for path="/dev/__properties__/u:object_r:vendor_default_prop:s0" dev="tmpfs" ino=377 scontext=u:r:adbd:s0 tcontext=u:object_r:vendor_default_prop:s0 tclass=file permissive=1
05-29 18:26:56.628 D/xm_audio( 475): adev_get_parameters
05-29 18:26:56.629 I/adbd ( 1343): adbd started
05-29 18:26:56.629 D/vold_prepare_subdirs( 1330): Setting up mode 771 uid 0 gid 1000 context u:object_r:apex_module_data_file:s0 on path: /data/misc_ce/0/apexdata/com.android.resolv
05-29 18:26:56.632 D/xm_audio( 475): adev_get_parameters
05-29 18:26:56.632 D/vold_prepare_subdirs( 1330): Setting up mode 771 uid 0 gid 1000 context u:object_r:apex_module_data_file:s0 on path: /data/misc_ce/0/apexdata/com.android.neuralnetworks
05-29 18:26:56.634 D/vold_prepare_subdirs( 1330): Setting up mode 771 uid 0 gid 1000 context u:object_r:apex_module_data_file:s0 on path: /data/misc_ce/0/apexdata/com.android.mediaprovider
05-29 18:26:56.636 D/vold_prepare_subdirs( 1330): Setting up mode 771 uid 0 gid 1000 context u:object_r:apex_system_server_data_file:s0 on path: /data/misc_ce/0/apexdata/com.android.uwb
05-29 18:26:56.638 I/adbd ( 1343): Waiting for persist.adb.tls_server.enable=1
05-29 18:26:56.638 D/xm_audio( 475): adev_get_parameters
05-29 18:26:56.640 D/vold_prepare_subdirs( 1330): Setting up mode 771 uid 0 gid 1000 context u:object_r:apex_module_data_file:s0 on path: /data/misc_ce/0/apexdata/com.android.ipsec
05-29 18:26:56.641 D/vold_prepare_subdirs( 1330): Setting up mode 771 uid 0 gid 1000 context u:object_r:apex_module_data_file:s0 on path: /data/misc_ce/0/apexdata/com.android.configinfrastructure
05-29 18:26:56.641 I/bootstat( 1348): Service started: /system/bin/bootstat --record_boot_complete --record_boot_reason --record_time_since_factory_reset -l
05-29 18:26:56.642 D/xm_audio( 475): adev_get_parameters
05-29 18:26:56.643 D/vold_prepare_subdirs( 1330): Setting up mode 771 uid 0 gid 1000 context u:object_r:apex_system_server_data_file:s0 on path: /data/misc_ce/0/apexdata/com.android.wifi
05-29 18:26:56.645 D/vold_prepare_subdirs( 1330): Setting up mode 771 uid 0 gid 1000 context u:object_r:apex_module_data_file:s0 on path: /data/misc_ce/0/apexdata/com.android.art
05-29 18:26:56.647 I/bootstat( 1348): Unknown boot reason: shutdown_reboot
05-29 18:26:56.647 D/vold_prepare_subdirs( 1330): Setting up mode 771 uid 0 gid 1000 context u:object_r:apex_module_data_file:s0 on path: /data/misc_ce/0/apexdata/com.android.adbd
05-29 18:26:56.649 D/xm_audio( 475): adev_get_parameters
05-29 18:26:56.650 D/nativeloader( 1334): Configuring clns-shared-5 for other apk /apex/com.android.devicelock/priv-app/DeviceLockController@UD2A.240505.001.W1/DeviceLockController.apk. target_sdk_version=34, uses_libraries=, library_path=/apex/com.android.devicelock/priv-app/DeviceLockController@UD2A.240505.001.W1/lib/arm:/system/lib:/system_ext/lib, permitted_path=/data:/mnt/expand:/data/user/0/com.android.devicelockcontroller:/apex/com.android.devicelock/priv-app/DeviceLockController@UD2A.240505.001.W1:/system/lib:/system_ext/lib
05-29 18:26:56.650 D/xm_audio( 475): adev_get_parameters
05-29 18:26:56.651 D/vold_prepare_subdirs( 1330): Setting up mode 771 uid 0 gid 1000 context u:object_r:apex_module_data_file:s0 on path: /data/misc_ce/0/apexdata/com.android.conscrypt
05-29 18:26:56.652 D/nativeloader( 1334): InitApexLibraries:
05-29 18:26:56.652 D/nativeloader( 1334): com_android_adservices: libhpke_jni.so:libtflite_support_classifiers_native.so
05-29 18:26:56.652 D/nativeloader( 1334): com_android_appsearch: libicing.so
05-29 18:26:56.652 D/nativeloader( 1334): com_android_art: libartservice.so
05-29 18:26:56.652 D/nativeloader( 1334): com_android_btservices: libbluetooth_jni.so
05-29 18:26:56.652 D/nativeloader( 1334): com_android_conscrypt: libjavacrypto.so
05-29 18:26:56.652 D/nativeloader( 1334): com_android_extservices: libhpke_jni.so:libtflite_support_classifiers_native.so
05-29 18:26:56.652 D/nativeloader( 1334): com_android_os_statsd: libstats_jni.so
05-29 18:26:56.652 D/nativeloader( 1334): com_android_tethering: libandroid_net_connectivity_com_android_net_module_util_jni.so:libcronet.114.0.5735.84.so:libframework-connectivity-jni.so:libframework-connectivity-tiramisu-jni.so:libservice-connectivity.so
05-29 18:26:56.652 D/nativeloader( 1334): com_android_uwb: libuwb_uci_jni_rust.so
05-29 18:26:56.652 D/nativeloader( 1334): com_android_virt: libvirtualizationservice_jni.so:libvirtualmachine_jni.so
05-29 18:26:56.654 D/vold_prepare_subdirs( 1330): Setting up mode 771 uid 0 gid 1000 context u:object_r:apex_module_data_file:s0 on path: /data/misc_ce/0/apexdata/com.android.adservices
05-29 18:26:56.655 D/vold_prepare_subdirs( 1330): Setting up mode 771 uid 0 gid 1000 context u:object_r:apex_system_server_data_file:s0 on path: /data/misc_ce/0/apexdata/com.android.appsearch
05-29 18:26:56.655 W/bootstat( 1348): LogBootEvents, atomInfo not defined for events:last_boot_time_utc,build_date,ro.boottime.init.cold_boot_wait,boot_reason,system_boot_reason,time_since_last_boot
05-29 18:26:56.656 D/vold_prepare_subdirs( 1330): Setting up mode 771 uid 0 gid 1000 context u:object_r:apex_module_data_file:s0 on path: /data/misc_ce/0/apexdata/com.android.media
05-29 18:26:56.658 D/xm_audio( 475): adev_get_parameters
05-29 18:26:56.658 D/vold_prepare_subdirs( 1330): Setting up mode 771 uid 0 gid 1000 context u:object_r:apex_module_data_file:s0 on path: /data/misc_ce/0/apexdata/com.google.android.widevine
05-29 18:26:56.659 D/vold_prepare_subdirs( 1330): Setting up mode 771 uid 0 gid 1000 context u:object_r:apex_module_data_file:s0 on path: /data/misc_ce/0/apexdata/com.android.sdkext
05-29 18:26:56.660 D/xm_audio( 475): adev_get_parameters
05-29 18:26:56.661 D/vold_prepare_subdirs( 1330): Setting up mode 771 uid 0 gid 1000 context u:object_r:apex_module_data_file:s0 on path: /data/misc_ce/0/apexdata/com.android.rkpd
05-29 18:26:56.664 D/vold_prepare_subdirs( 1330): Setting up mode 771 uid 0 gid 1000 context u:object_r:apex_module_data_file:s0 on path: /data/misc_ce/0/apexdata/com.android.os.statsd
05-29 18:26:56.666 D/vold_prepare_subdirs( 1330): Setting up mode 771 uid 0 gid 1000 context u:object_r:apex_module_data_file:s0 on path: /data/misc_ce/0/apexdata/com.android.btservices
05-29 18:26:56.668 W/NotificationHistory( 700): Attempted to add notif for locked/gone/disabled user 0
05-29 18:26:56.670 D/vold_prepare_subdirs( 1330): Setting up mode 771 uid 0 gid 1000 context u:object_r:apex_module_data_file:s0 on path: /data/misc_ce/0/apexdata/com.android.virt
05-29 18:26:56.672 D/xm_audio( 475): adev_get_parameters
05-29 18:26:56.673 D/vold_prepare_subdirs( 1330): Setting up mode 771 uid 0 gid 1000 context u:object_r:apex_module_data_file:s0 on path: /data/misc_ce/0/apexdata/com.android.devicelock
05-29 18:26:56.674 D/xm_audio( 475): adev_get_parameters
05-29 18:26:56.674 D/vold_prepare_subdirs( 1330): Setting up mode 771 uid 0 gid 1000 context u:object_r:apex_module_data_file:s0 on path: /data/misc_ce/0/apexdata/com.amlogic.mediaextractor
05-29 18:26:56.676 D/vold_prepare_subdirs( 1330): Setting up mode 771 uid 0 gid 1000 context u:object_r:apex_module_data_file:s0 on path: /data/misc_ce/0/apexdata/com.android.apex.cts.shim
05-29 18:26:56.677 E/perfetto( 1353): perfetto_cmd.cc:385 Could not open /data/misc/perfetto-configs/stopboottracetrigger.pbtxt (errno: 2, No such file or directory)
05-29 18:26:56.679 D/xm_audio( 475): adev_get_parameters
05-29 18:26:56.680 D/vold_prepare_subdirs( 1330): Setting up mode 771 uid 0 gid 1000 context u:object_r:apex_module_data_file:s0 on path: /data/misc_ce/0/apexdata/com.android.healthfitness
05-29 18:26:56.680 D/xm_audio( 475): adev_get_parameters
05-29 18:26:56.681 D/vold_prepare_subdirs( 1330): Setting up mode 771 uid 0 gid 1000 context u:object_r:apex_module_data_file:s0 on path: /data/misc_ce/0/apexdata/com.android.i18n
05-29 18:26:56.683 D/vold_prepare_subdirs( 1330): Setting up mode 771 uid 0 gid 1000 context u:object_r:apex_module_data_file:s0 on path: /data/misc_ce/0/apexdata/com.android.tzdata
05-29 18:26:56.685 D/vold_prepare_subdirs( 1330): Setting up mode 771 uid 0 gid 1000 context u:object_r:apex_module_data_file:s0 on path: /data/misc_ce/0/apexdata/com.android.vndk.v34
05-29 18:26:56.687 D/xm_audio( 475): adev_get_parameters
05-29 18:26:56.688 D/vold_prepare_subdirs( 1330): Setting up mode 771 uid 0 gid 1000 context u:object_r:apex_module_data_file:s0 on path: /data/misc_ce/0/apexdata/com.android.runtime
05-29 18:26:56.689 D/vold_prepare_subdirs( 1330): Setting up mode 771 uid 0 gid 1000 context u:object_r:apex_module_data_file:s0 on path: /data/misc_ce/0/apexdata/sharedlibs
05-29 18:26:56.689 D/xm_audio( 475): adev_get_parameters
05-29 18:26:56.691 D/vold_prepare_subdirs( 1330): Setting up mode 770 uid 1000 gid 2001 context u:object_r:checkin_data_file:s0:c512,c768 on path: /data/misc_ce/0/checkin
05-29 18:26:56.694 D/xm_audio( 475): adev_get_parameters
05-29 18:26:56.694 D/vold_prepare_subdirs( 1330): Setting up mode 700 uid 1000 gid 1000 context u:object_r:backup_data_file:s0 on path: /data/system_ce/0/backup
05-29 18:26:56.695 D/vold_prepare_subdirs( 1330): Setting up mode 700 uid 1000 gid 1000 context u:object_r:backup_data_file:s0 on path: /data/system_ce/0/backup_stage
05-29 18:26:56.695 D/xm_audio( 475): adev_get_parameters
05-29 18:26:56.697 D/vold_prepare_subdirs( 1330): Setting up mode 700 uid 1000 gid 1000 context u:object_r:face_vendor_data_file:s0 on path: /data/vendor_ce/0/facedata
05-29 18:26:56.700 D/xm_audio( 475): adev_get_parameters
05-29 18:26:56.702 V/UserDataPreparer( 700): Found /data/user/0 with serial number 0
05-29 18:26:56.702 V/UserDataPreparer( 700): Found /data/system_ce/0 with serial number 0
05-29 18:26:56.702 D/UserDataPreparer( 700): Setting property: sys.user.0.ce_available=true
05-29 18:26:56.703 D/xm_audio( 475): adev_get_parameters
05-29 18:26:56.704 D/SystemServerTiming( 700): reconcileAppsData-0
05-29 18:26:56.704 V/PackageManager( 700): reconcileAppsData for null u0 0x2 migrateAppData=false
05-29 18:26:56.706 W/PackageManager( 700): Skipping preparing app data for com.android.configinfrastructure
05-29 18:26:56.706 W/PackageManager( 700): Skipping preparing app data for com.android.appsearch
05-29 18:26:56.706 W/PackageManager( 700): Skipping preparing app data for com.android.adservices
05-29 18:26:56.706 W/PackageManager( 700): Skipping preparing app data for com.android.scheduling
05-29 18:26:56.707 W/PackageManager( 700): Skipping preparing app data for com.google.android.widevine.nonupdatable
05-29 18:26:56.707 W/PackageManager( 700): Skipping preparing app data for com.android.permission
05-29 18:26:56.707 W/PackageManager( 700): Skipping preparing app data for com.android.art
05-29 18:26:56.707 W/PackageManager( 700): Skipping preparing app data for com.android.uwb
05-29 18:26:56.707 W/PackageManager( 700): Skipping preparing app data for com.android.tethering
05-29 18:26:56.707 W/PackageManager( 700): Skipping preparing app data for com.android.btservices
05-29 18:26:56.707 W/PackageManager( 700): Skipping preparing app data for com.android.media.swcodec
05-29 18:26:56.707 W/PackageManager( 700): Skipping preparing app data for com.android.conscrypt
05-29 18:26:56.707 W/PackageManager( 700): Skipping preparing app data for com.android.adbd
05-29 18:26:56.707 W/PackageManager( 700): Skipping preparing app data for com.android.i18n
05-29 18:26:56.707 W/PackageManager( 700): Skipping preparing app data for com.android.rkpd
05-29 18:26:56.707 W/PackageManager( 700): Skipping preparing app data for com.android.virt
05-29 18:26:56.707 W/PackageManager( 700): Skipping preparing app data for com.android.wifi
05-29 18:26:56.708 W/PackageManager( 700): Skipping preparing app data for com.android.runtime
05-29 18:26:56.708 W/PackageManager( 700): Skipping preparing app data for com.android.devicelock
05-29 18:26:56.708 W/PackageManager( 700): Skipping preparing app data for com.android.apex.cts.shim
05-29 18:26:56.708 W/PackageManager( 700): Skipping preparing app data for com.android.neuralnetworks
05-29 18:26:56.708 W/PackageManager( 700): Skipping preparing app data for com.android.healthfitness
05-29 18:26:56.708 W/PackageManager( 700): Skipping preparing app data for com.android.resolv
05-29 18:26:56.708 W/PackageManager( 700): Skipping preparing app data for com.android.sdkext
05-29 18:26:56.708 W/PackageManager( 700): Skipping preparing app data for com.android.tzdata
05-29 18:26:56.708 W/PackageManager( 700): Skipping preparing app data for com.android.vndk.v34
05-29 18:26:56.708 W/PackageManager( 700): Skipping preparing app data for com.android.os.statsd
05-29 18:26:56.708 W/PackageManager( 700): Skipping preparing app data for com.android.extservices
05-29 18:26:56.708 W/PackageManager( 700): Skipping preparing app data for com.amlogic.mediaextractor
05-29 18:26:56.708 W/PackageManager( 700): Skipping preparing app data for com.android.ipsec
05-29 18:26:56.708 W/PackageManager( 700): Skipping preparing app data for com.android.media
05-29 18:26:56.709 W/PackageManager( 700): Skipping preparing app data for com.android.sdksandbox
05-29 18:26:56.709 V/GraphicsEnvironment( 1334): Currently set values for:
05-29 18:26:56.709 V/GraphicsEnvironment( 1334): angle_gl_driver_selection_pkgs=[]
05-29 18:26:56.709 V/GraphicsEnvironment( 1334): angle_gl_driver_selection_values=[]
05-29 18:26:56.709 W/PackageManager( 700): Skipping preparing app data for com.android.mediaprovider
05-29 18:26:56.709 W/PackageManager( 700): Skipping preparing app data for com.android.ondevicepersonalization
05-29 18:26:56.709 V/GraphicsEnvironment( 1334): ANGLE GameManagerService for com.android.devicelockcontroller: false
05-29 18:26:56.709 V/GraphicsEnvironment( 1334): com.android.devicelockcontroller is not listed in per-application setting
05-29 18:26:56.709 V/GraphicsEnvironment( 1334): Neither updatable production driver nor prerelease driver is supported.
05-29 18:26:56.715 D/xm_audio( 475): adev_get_parameters
05-29 18:26:56.717 D/xm_audio( 475): adev_get_parameters
05-29 18:26:56.721 D/xm_audio( 475): adev_get_parameters
05-29 18:26:56.723 D/xm_audio( 475): adev_get_parameters
05-29 18:26:56.727 D/xm_audio( 475): adev_get_parameters
05-29 18:26:56.728 D/xm_audio( 475): adev_get_parameters
05-29 18:26:56.733 D/xm_audio( 475): adev_get_parameters
05-29 18:26:56.735 D/xm_audio( 475): adev_get_parameters
05-29 18:26:56.736 I/DeviceLockControllerApplication( 1334): onCreate
05-29 18:26:56.740 I/DeviceStateControllerImpl( 1334): Starting state is 0
05-29 18:26:56.740 D/xm_audio( 475): adev_get_parameters
05-29 18:26:56.743 D/xm_audio( 475): adev_get_parameters
05-29 18:26:56.744 I/UserRestrictionsPolicyHandler( 1334): Build type DEBUG = false
05-29 18:26:56.748 D/xm_audio( 475): adev_get_parameters
05-29 18:26:56.749 D/CompatibilityChangeReporter( 1334): Compat change id reported: 183155436; UID 10061; state: ENABLED
05-29 18:26:56.750 D/xm_audio( 475): adev_get_parameters
05-29 18:26:56.757 D/xm_audio( 475): adev_get_parameters
05-29 18:26:56.760 D/xm_audio( 475): adev_get_parameters
05-29 18:26:56.762 D/CompatibilityChangeReporter( 700): Compat change id reported: 261072174; UID 10061; state: ENABLED
05-29 18:26:56.768 D/xm_audio( 475): adev_get_parameters
05-29 18:26:56.768 I/DlcClient( 1334): Binding com.android.devicelockcontroller/.storage.SetupParametersService
05-29 18:26:56.769 D/xm_audio( 475): adev_get_parameters
05-29 18:26:56.773 D/xm_audio( 475): adev_get_parameters
05-29 18:26:56.775 D/xm_audio( 475): adev_get_parameters
05-29 18:26:56.779 D/xm_audio( 475): adev_get_parameters
05-29 18:26:56.779 E/AggregateFuture( 1334): Got more than one input Future failure. Logging failures after the first
05-29 18:26:56.779 E/AggregateFuture( 1334): java.lang.IllegalStateException: Setup parameters does not exist!
05-29 18:26:56.779 E/AggregateFuture( 1334): at com.android.devicelockcontroller.policy.UserRestrictionsPolicyHandler.lambda$retrieveLockModeRestrictions$3(UserRestrictionsPolicyHandler.java:138)
05-29 18:26:56.779 E/AggregateFuture( 1334): at com.android.devicelockcontroller.policy.UserRestrictionsPolicyHandler.$r8$lambda$K4dazaAj4roA8BauvRaHZASMq6E(UserRestrictionsPolicyHandler.java:0)
05-29 18:26:56.779 E/AggregateFuture( 1334): at com.android.devicelockcontroller.policy.UserRestrictionsPolicyHandler$$ExternalSyntheticLambda4.call(R8$$SyntheticClass:0)
05-29 18:26:56.779 E/AggregateFuture( 1334): at com.google.common.util.concurrent.CombinedFuture$CallableInterruptibleTask.runInterruptibly(CombinedFuture.java:196)
05-29 18:26:56.779 E/AggregateFuture( 1334): at com.google.common.util.concurrent.InterruptibleTask.run(InterruptibleTask.java:74)
05-29 18:26:56.779 E/AggregateFuture( 1334): at android.os.Handler.handleCallback(Handler.java:958)
05-29 18:26:56.779 E/AggregateFuture( 1334): at android.os.Handler.dispatchMessage(Handler.java:99)
05-29 18:26:56.779 E/AggregateFuture( 1334): at android.os.Looper.loopOnce(Looper.java:205)
05-29 18:26:56.779 E/AggregateFuture( 1334): at android.os.Looper.loop(Looper.java:294)
05-29 18:26:56.779 E/AggregateFuture( 1334): at android.app.ActivityThread.main(ActivityThread.java:8255)
05-29 18:26:56.779 E/AggregateFuture( 1334): at java.lang.reflect.Method.invoke(Native Method)
05-29 18:26:56.779 E/AggregateFuture( 1334): at com.android.internal.os.RuntimeInit$MethodAndArgsCaller.run(RuntimeInit.java:552)
05-29 18:26:56.779 E/AggregateFuture( 1334): at com.android.internal.os.ZygoteInit.main(ZygoteInit.java:978)
05-29 18:26:56.779 I/DeviceLockControllerApplication( 1334): Policies enforced
05-29 18:26:56.780 D/xm_audio( 475): adev_get_parameters
05-29 18:26:56.783 D/xm_audio( 475): adev_get_parameters
05-29 18:26:56.784 D/xm_audio( 475): adev_get_parameters
05-29 18:26:56.788 D/xm_audio( 475): adev_get_parameters
05-29 18:26:56.790 D/xm_audio( 475): adev_get_parameters
05-29 18:26:56.790 I/DevicePolicyEngine( 700): Couldn't find any receivers that handle ACTION_DEVICE_POLICY_SET_RESULT in package com.android.devicelockcontroller
05-29 18:26:56.793 D/DevicePolicyEngine( 700): Writing device policies to file.
05-29 18:26:56.793 D/DevicePolicyEngine( 700): Writing to /data/system/device_policy_state.xml
05-29 18:26:56.794 D/xm_audio( 475): adev_get_parameters
05-29 18:26:56.795 D/xm_audio( 475): adev_get_parameters
05-29 18:26:56.799 D/xm_audio( 475): adev_get_parameters
05-29 18:26:56.801 D/xm_audio( 475): adev_get_parameters
05-29 18:26:56.804 D/xm_audio( 475): adev_get_parameters
05-29 18:26:56.805 D/xm_audio( 475): adev_get_parameters
05-29 18:26:56.809 D/xm_audio( 475): adev_get_parameters
05-29 18:26:56.810 D/xm_audio( 475): adev_get_parameters
05-29 18:26:56.814 D/xm_audio( 475): adev_get_parameters
05-29 18:26:56.814 D/xm_audio( 475): adev_get_parameters
05-29 18:26:56.819 D/xm_audio( 475): adev_get_parameters
05-29 18:26:56.823 D/xm_audio( 475): adev_get_parameters
05-29 18:26:56.826 D/xm_audio( 475): adev_get_parameters
05-29 18:26:56.830 D/xm_audio( 475): adev_get_parameters
05-29 18:26:56.834 D/xm_audio( 475): adev_get_parameters
05-29 18:26:56.837 D/xm_audio( 475): adev_get_parameters
05-29 18:26:56.842 D/xm_audio( 475): adev_get_parameters
05-29 18:26:56.845 D/xm_audio( 475): adev_get_parameters
05-29 18:26:56.849 D/xm_audio( 475): adev_get_parameters
05-29 18:26:56.853 D/xm_audio( 475): adev_get_parameters
05-29 18:26:56.857 D/xm_audio( 475): adev_get_parameters
05-29 18:26:56.861 D/AudioService( 700): Master mono false
05-29 18:26:56.861 I/vol.Events( 918): writeEvent external_ringer_mode_changed normal
05-29 18:26:56.861 D/AudioService( 700): Master balance 0.000000
05-29 18:26:56.862 I/vol.Events( 918): writeEvent zen_mode_config_changed [disallowAlarms=false disallowMedia=false disallowSystem=true disallowRinger=false]
05-29 18:26:56.862 D/AudioService( 700): Master mono false
05-29 18:26:56.862 D/AudioService( 700): Master balance 0.000000
05-29 18:26:56.877 V/PackageManager( 700): reconcileAppsData finished 143 packages
05-29 18:26:56.877 I/ActivityManager( 700): User 0 state changed from RUNNING_LOCKED to RUNNING_UNLOCKING
05-29 18:26:56.878 D/ActivityManager( 700): Unlocking user 0 progress 20
05-29 18:26:56.878 W/Looper ( 700): Slow dispatch took 434ms android.fg h=android.os.Handler c=com.android.server.am.UserController$$ExternalSyntheticLambda2@8fcf8da m=0
05-29 18:26:56.878 W/Looper ( 700): Slow delivery took 435ms android.fg h=android.os.Handler c=com.android.server.am.UserController$$ExternalSyntheticLambda9@a24910b m=0
05-29 18:26:56.878 D/SystemServerTimingAsync( 700): ssm.UnlockingUser-0
05-29 18:26:56.878 I/SystemServiceManager( 700): Calling onUnlockingUser 0
05-29 18:26:56.878 D/SystemServerTimingAsync( 700): ssm.onUnlockingUser-0_com.android.server.security.FileIntegrityService
05-29 18:26:56.878 D/SystemServerTimingAsync( 700): ssm.onUnlockingUser-0_com.android.server.pm.Installer
05-29 18:26:56.878 D/SystemServerTimingAsync( 700): ssm.onUnlockingUser-0_com.android.server.os.DeviceIdentifiersPolicyService
05-29 18:26:56.878 D/SystemServerTimingAsync( 700): ssm.onUnlockingUser-0_com.android.server.flags.FeatureFlagsService
05-29 18:26:56.878 D/SystemServerTimingAsync( 700): ssm.onUnlockingUser-0_com.android.server.uri.UriGrantsManagerService$Lifecycle
05-29 18:26:56.878 D/SystemServerTimingAsync( 700): ssm.onUnlockingUser-0_com.android.server.powerstats.PowerStatsService
05-29 18:26:56.879 D/SystemServerTimingAsync( 700): ssm.onUnlockingUser-0_com.android.server.permission.access.AccessCheckingService
05-29 18:26:56.879 D/SystemServerTimingAsync( 700): ssm.onUnlockingUser-0_com.android.server.wm.ActivityTaskManagerService$Lifecycle
05-29 18:26:56.879 D/SystemServerTimingAsync( 700): ssm.onUnlockingUser-0_com.android.server.am.ActivityManagerService$Lifecycle
05-29 18:26:56.879 D/SystemServerTimingAsync( 700): ssm.onUnlockingUser-0_com.android.server.pm.DataLoaderManagerService
05-29 18:26:56.879 D/SystemServerTimingAsync( 700): ssm.onUnlockingUser-0_com.android.server.power.PowerManagerService
05-29 18:26:56.879 D/SystemServerTimingAsync( 700): ssm.onUnlockingUser-0_com.android.server.power.ThermalManagerService
05-29 18:26:56.879 D/SystemServerTimingAsync( 700): ssm.onUnlockingUser-0_com.android.server.power.hint.HintManagerService
05-29 18:26:56.879 D/SystemServerTimingAsync( 700): ssm.onUnlockingUser-0_com.android.server.recoverysystem.RecoverySystemService$Lifecycle
05-29 18:26:56.879 D/SystemServerTimingAsync( 700): ssm.onUnlockingUser-0_com.android.server.lights.LightsService
05-29 18:26:56.879 D/SystemServerTimingAsync( 700): ssm.onUnlockingUser-0_com.android.server.display.DisplayManagerService
05-29 18:26:56.879 D/SystemServerTimingAsync( 700): ssm.onUnlockingUser-0_com.android.server.pm.verify.domain.DomainVerificationService
05-29 18:26:56.879 D/SystemServerTimingAsync( 700): ssm.onUnlockingUser-0_com.android.server.pm.PackageInstallerService$Lifecycle
05-29 18:26:56.879 D/SystemServerTimingAsync( 700): ssm.onUnlockingUser-0_com.android.server.pm.UserManagerService$LifeCycle
05-29 18:26:56.879 D/SystemServerTimingAsync( 700): ssm.onUnlockingUser-0_com.android.server.om.OverlayManagerService
05-29 18:26:56.879 D/SystemServerTimingAsync( 700): ssm.onUnlockingUser-0_com.android.server.resources.ResourcesManagerService
05-29 18:26:56.879 D/SystemServerTimingAsync( 700): ssm.onUnlockingUser-0_com.android.server.sensorprivacy.SensorPrivacyService
05-29 18:26:56.879 D/SystemServerTimingAsync( 700): ssm.onUnlockingUser-0_com.android.server.sensors.SensorService
05-29 18:26:56.879 D/SystemServerTimingAsync( 700): ssm.onUnlockingUser-0_com.android.server.SystemConfigService
05-29 18:26:56.879 D/SystemServerTimingAsync( 700): ssm.onUnlockingUser-0_com.android.server.BatteryService
05-29 18:26:56.879 D/SystemServerTimingAsync( 700): ssm.onUnlockingUser-0_com.android.server.usage.UsageStatsService
05-29 18:26:56.879 D/SystemServerTimingAsync( 700): ssm.onUnlockingUser-0_com.android.server.webkit.WebViewUpdateService
05-29 18:26:56.879 D/SystemServerTimingAsync( 700): ssm.onUnlockingUser-0_com.android.server.CachedDeviceStateService
05-29 18:26:56.879 D/SystemServerTimingAsync( 700): ssm.onUnlockingUser-0_com.android.server.BinderCallsStatsService$LifeCycle
05-29 18:26:56.879 D/SystemServerTimingAsync( 700): ssm.onUnlockingUser-0_com.android.server.LooperStatsService$Lifecycle
05-29 18:26:56.879 D/SystemServerTimingAsync( 700): ssm.onUnlockingUser-0_com.android.server.rollback.RollbackManagerService
05-29 18:26:56.879 I/BroadcastQueue( 700): BOOT_COMPLETED_BROADCAST_COMPLETION_LATENCY_REPORTED action:android.intent.action.LOCKED_BOOT_COMPLETED dispatchLatency:36 completeLatency:466 dispatchRealLatency:36 completeRealLatency:466 receiversSize:4 userId:0 userType:android.os.usertype.full.SYSTEM
05-29 18:26:56.879 D/SystemServerTimingAsync( 700): ssm.onUnlockingUser-0_com.android.server.os.NativeTombstoneManagerService
05-29 18:26:56.879 D/SystemServerTimingAsync( 700): ssm.onUnlockingUser-0_com.android.server.os.BugreportManagerService
05-29 18:26:56.879 D/SystemServerTimingAsync( 700): ssm.onUnlockingUser-0_com.android.server.gpu.GpuService
05-29 18:26:56.879 D/SystemServerTimingAsync( 700): ssm.onUnlockingUser-0_com.android.server.security.rkp.RemoteProvisioningService
05-29 18:26:56.879 D/SystemServerTimingAsync( 700): ssm.onUnlockingUser-0_com.android.server.security.KeyChainSystemService
05-29 18:26:56.879 D/SystemServerTimingAsync( 700): ssm.onUnlockingUser-0_com.android.server.BinaryTransparencyService
05-29 18:26:56.880 D/SystemServerTimingAsync( 700): ssm.onUnlockingUser-0_com.android.server.accounts.AccountManagerService$Lifecycle
05-29 18:26:56.880 D/SystemServerTimingAsync( 700): ssm.onUnlockingUser-0_com.android.server.content.ContentService$Lifecycle
05-29 18:26:56.880 D/SystemServerTimingAsync( 700): ssm.onUnlockingUser-0_com.android.server.deviceconfig.DeviceConfigInit$Lifecycle
05-29 18:26:56.880 D/SystemServerTimingAsync( 700): ssm.onUnlockingUser-0_com.android.server.DropBoxManagerService
05-29 18:26:56.880 D/SystemServerTimingAsync( 700): ssm.onUnlockingUser-0_com.android.role.RoleService
05-29 18:26:56.880 D/SystemServerTimingAsync( 700): ssm.onUnlockingUser-0_com.android.server.vibrator.VibratorManagerService$Lifecycle
05-29 18:26:56.880 D/SystemServerTimingAsync( 700): ssm.onUnlockingUser-0_com.android.server.tare.InternalResourceService
05-29 18:26:56.880 D/SystemServerTimingAsync( 700): ssm.onUnlockingUser-0_com.android.server.alarm.AlarmManagerService
05-29 18:26:56.880 D/SystemServerTimingAsync( 700): ssm.onUnlockingUser-0_com.android.server.devicestate.DeviceStateManagerService
05-29 18:26:56.880 D/SystemServerTimingAsync( 700): ssm.onUnlockingUser-0_com.android.server.camera.CameraServiceProxy
05-29 18:26:56.880 D/SystemServerTimingAsync( 700): ssm.onUnlockingUser-0_com.android.server.bluetooth.BluetoothService
05-29 18:26:56.880 D/BluetoothManagerService( 700): User UserHandle{0} unlocked
05-29 18:26:56.880 D/SystemServerTimingAsync( 700): ssm.onUnlockingUser-0_com.android.server.connectivity.IpConnectivityMetrics
05-29 18:26:56.880 D/SystemServerTimingAsync( 700): ssm.onUnlockingUser-0_com.android.server.net.watchlist.NetworkWatchlistService$Lifecycle
05-29 18:26:56.880 D/SystemServerTimingAsync( 700): ssm.onUnlockingUser-0_com.android.server.PinnerService
05-29 18:26:56.880 D/BluetoothManagerService( 700): MESSAGE_USER_UNLOCKED
05-29 18:26:56.880 D/SystemServerTimingAsync( 700): ssm.onUnlockingUser-0_com.android.server.integrity.AppIntegrityManagerService
05-29 18:26:56.880 D/SystemServerTimingAsync( 700): ssm.onUnlockingUser-0_com.android.server.logcat.LogcatManagerService
05-29 18:26:56.880 D/SystemServerTimingAsync( 700): ssm.onUnlockingUser-0_com.android.server.inputmethod.InputMethodManagerService$Lifecycle
05-29 18:26:56.880 D/SystemServerTimingAsync( 700): ssm.onUnlockingUser-0_com.android.server.accessibility.AccessibilityManagerService$Lifecycle
05-29 18:26:56.880 D/SystemServerTimingAsync( 700): ssm.onUnlockingUser-0_com.android.server.StorageManagerService$Lifecycle
05-29 18:26:56.880 D/StorageManagerService( 700): onUnlockUser 0
05-29 18:26:56.880 I/StorageSessionController( 700): On user unlock 0
05-29 18:26:56.880 I/StorageSessionController( 700): Initialialising...
05-29 18:26:56.881 W/Looper ( 700): Drained
05-29 18:26:56.885 I/vold ( 246): onUserStarted: 0
05-29 18:26:56.888 V/StorageManagerService( 700): Found primary storage at VolumeInfo{emulated;0}:
05-29 18:26:56.888 V/StorageManagerService( 700): type=EMULATED diskId=null partGuid= mountFlags=0 mountUserId=0
05-29 18:26:56.888 V/StorageManagerService( 700): state=UNMOUNTED
05-29 18:26:56.888 V/StorageManagerService( 700): fsType=null fsUuid=null fsLabel=null
05-29 18:26:56.888 V/StorageManagerService( 700): path=null internalPath=null
05-29 18:26:56.888 I/StorageManagerService( 700): Mounting volume VolumeInfo{emulated;0}:
05-29 18:26:56.888 I/StorageManagerService( 700): type=EMULATED diskId=null partGuid= mountFlags=PRIMARY|VISIBLE_FOR_WRITE
05-29 18:26:56.888 I/StorageManagerService( 700): mountUserId=0 state=UNMOUNTED
05-29 18:26:56.888 I/StorageManagerService( 700): fsType=null fsUuid=null fsLabel=null
05-29 18:26:56.888 I/StorageManagerService( 700): path=null internalPath=null
05-29 18:26:56.889 D/SystemServerTimingAsync( 700): ssm.onUnlockingUser-0_com.android.server.usage.StorageStatsService$Lifecycle
05-29 18:26:56.889 D/SystemServerTimingAsync( 700): ssm.onUnlockingUser-0_com.android.server.UiModeManagerService
05-29 18:26:56.889 D/SystemServerTimingAsync( 700): ssm.onUnlockingUser-0_com.android.server.locales.LocaleManagerService
05-29 18:26:56.889 D/SystemServerTimingAsync( 700): ssm.onUnlockingUser-0_com.android.server.grammaticalinflection.GrammaticalInflectionService
