05-29 18:29:36.358 E/WifiStaIfaceAidlImpl( 700): getLinkLayerStats failed with service-specific exception: android.os.ServiceSpecificException: (code 4)
05-29 18:29:38.064 I/bluetooth( 1027): packages/modules/Bluetooth/system/gd/hci/le_scanning_reassembler.cc:56 ProcessAdvertisingReport: Ignoring scan response received without advertising event
05-29 18:29:39.361 I/WifiHAL ( 501): call wifi_get_link_stats handler
05-29 18:29:39.361 I/WifiHAL ( 501): Creating message to get link statistics; iface = 16
05-29 18:29:39.362 D/WifiHAL ( 501): error code -95 mapped to -3
05-29 18:29:39.362 E/WifiStaIfaceAidlImpl( 700): getLinkLayerStats failed with service-specific exception: android.os.ServiceSpecificException: (code 4)
05-29 18:29:40.100 I/bluetooth( 1027): packages/modules/Bluetooth/system/gd/hci/le_scanning_reassembler.cc:56 ProcessAdvertisingReport: Ignoring scan response received without advertising event
05-29 18:29:40.105 I/bluetooth( 1027): packages/modules/Bluetooth/system/gd/hci/le_scanning_reassembler.cc:56 ProcessAdvertisingReport: Ignoring scan response received without advertising event
05-29 18:29:40.629 D/nStackXCoAP( 2739): IsInSameNetwork:[276] :IsInSameNetwork exec
05-29 18:29:40.629 I/nStackXDFinder( 2739): GetLocalInterfaceDetail:[461] :GetLocalInterfaceDetail in
05-29 18:29:40.629 E/nStackXCoAP( 2739): IsInSameNetwork:[281] :IsInSameNetwork: not priority process
05-29 18:29:40.629 D/nStackXCoAP( 2739): ParseServiceDiscover:[330] :new device join
05-29 18:29:40.629 I/nStackXDFinder( 2739): NotifyDeviceListChanged:[540] :notify callback: device list changed callback is null
05-29 18:29:40.629 E/nStackXDFinder( 2739): GetLocalIp:[401] :GetLocalIp exec
05-29 18:29:40.841 D/nStackXCoAP( 2739): IsInSameNetwork:[276] :IsInSameNetwork exec
05-29 18:29:40.841 I/nStackXDFinder( 2739): GetLocalInterfaceDetail:[461] :GetLocalInterfaceDetail in
05-29 18:29:40.841 E/nStackXCoAP( 2739): IsInSameNetwork:[281] :IsInSameNetwork: not priority process
05-29 18:29:40.841 D/nStackXCoAP( 2739): ParseServiceDiscover:[330] :new device join
05-29 18:29:40.841 E/nStackXDFinder( 2739): GetLocalIp:[401] :GetLocalIp exec
05-29 18:29:40.949 D/nStackXCoAP( 2739): IsInSameNetwork:[276] :IsInSameNetwork exec
05-29 18:29:40.949 I/nStackXDFinder( 2739): GetLocalInterfaceDetail:[461] :GetLocalInterfaceDetail in
05-29 18:29:40.949 E/nStackXCoAP( 2739): IsInSameNetwork:[281] :IsInSameNetwork: not priority process
05-29 18:29:40.949 D/nStackXCoAP( 2739): ParseServiceDiscover:[330] :new device join
05-29 18:29:40.949 E/nStackXDFinder( 2739): GetLocalIp:[401] :GetLocalIp exec
05-29 18:29:41.463 D/nStackXCoAP( 2739): IsInSameNetwork:[276] :IsInSameNetwork exec
05-29 18:29:41.463 I/nStackXDFinder( 2739): GetLocalInterfaceDetail:[461] :GetLocalInterfaceDetail in
05-29 18:29:41.463 E/nStackXCoAP( 2739): IsInSameNetwork:[281] :IsInSameNetwork: not priority process
05-29 18:29:41.463 D/nStackXCoAP( 2739): ParseServiceDiscover:[330] :new device join
05-29 18:29:41.463 E/nStackXDFinder( 2739): GetLocalIp:[401] :GetLocalIp exec
05-29 18:29:41.871 I/bluetooth( 1027): packages/modules/Bluetooth/system/gd/hci/le_scanning_reassembler.cc:56 ProcessAdvertisingReport: Ignoring scan response received without advertising event
05-29 18:29:41.971 D/nStackXCoAP( 2739): IsInSameNetwork:[276] :IsInSameNetwork exec
05-29 18:29:41.971 I/nStackXDFinder( 2739): GetLocalInterfaceDetail:[461] :GetLocalInterfaceDetail in
05-29 18:29:41.971 E/nStackXCoAP( 2739): IsInSameNetwork:[281] :IsInSameNetwork: not priority process
05-29 18:29:41.971 D/nStackXCoAP( 2739): ParseServiceDiscover:[330] :new device join
05-29 18:29:41.971 E/nStackXDFinder( 2739): GetLocalIp:[401] :GetLocalIp exec
05-29 18:29:42.050 I/bluetooth( 1027): packages/modules/Bluetooth/system/gd/hci/le_scanning_reassembler.cc:56 ProcessAdvertisingReport: Ignoring scan response received without advertising event
05-29 18:29:42.369 I/WifiHAL ( 501): call wifi_get_link_stats handler
05-29 18:29:42.369 I/WifiHAL ( 501): Creating message to get link statistics; iface = 16
05-29 18:29:42.369 D/WifiHAL ( 501): error code -95 mapped to -3
05-29 18:29:42.369 E/WifiStaIfaceAidlImpl( 700): getLinkLayerStats failed with service-specific exception: android.os.ServiceSpecificException: (code 4)
05-29 18:29:42.486 D/nStackXCoAP( 2739): IsInSameNetwork:[276] :IsInSameNetwork exec
05-29 18:29:42.486 I/nStackXDFinder( 2739): GetLocalInterfaceDetail:[461] :GetLocalInterfaceDetail in
05-29 18:29:42.487 E/nStackXCoAP( 2739): IsInSameNetwork:[281] :IsInSameNetwork: not priority process
05-29 18:29:42.487 D/nStackXCoAP( 2739): ParseServiceDiscover:[330] :new device join
05-29 18:29:42.487 E/nStackXDFinder( 2739): GetLocalIp:[401] :GetLocalIp exec
05-29 18:29:42.996 D/nStackXCoAP( 2739): IsInSameNetwork:[276] :IsInSameNetwork exec
05-29 18:29:42.996 I/nStackXDFinder( 2739): GetLocalInterfaceDetail:[461] :GetLocalInterfaceDetail in
05-29 18:29:42.996 E/nStackXCoAP( 2739): IsInSameNetwork:[281] :IsInSameNetwork: not priority process
05-29 18:29:42.996 D/nStackXCoAP( 2739): ParseServiceDiscover:[330] :new device join
05-29 18:29:42.996 E/nStackXDFinder( 2739): GetLocalIp:[401] :GetLocalIp exec
05-29 18:29:43.519 D/nStackXCoAP( 2739): IsInSameNetwork:[276] :IsInSameNetwork exec
05-29 18:29:43.519 I/nStackXDFinder( 2739): GetLocalInterfaceDetail:[461] :GetLocalInterfaceDetail in
05-29 18:29:43.519 E/nStackXCoAP( 2739): IsInSameNetwork:[281] :IsInSameNetwork: not priority process
05-29 18:29:43.519 D/nStackXCoAP( 2739): ParseServiceDiscover:[330] :new device join
05-29 18:29:43.519 E/nStackXDFinder( 2739): GetLocalIp:[401] :GetLocalIp exec
05-29 18:29:44.016 D/nStackXCoAP( 2739): IsInSameNetwork:[276] :IsInSameNetwork exec
05-29 18:29:44.016 I/nStackXDFinder( 2739): GetLocalInterfaceDetail:[461] :GetLocalInterfaceDetail in
05-29 18:29:44.016 E/nStackXCoAP( 2739): IsInSameNetwork:[281] :IsInSameNetwork: not priority process
05-29 18:29:44.016 D/nStackXCoAP( 2739): ParseServiceDiscover:[330] :new device join
05-29 18:29:44.016 E/nStackXDFinder( 2739): GetLocalIp:[401] :GetLocalIp exec
05-29 18:29:44.075 I/bluetooth( 1027): packages/modules/Bluetooth/system/gd/hci/le_scanning_reassembler.cc:56 ProcessAdvertisingReport: Ignoring scan response received without advertising event
05-29 18:29:44.527 D/nStackXCoAP( 2739): IsInSameNetwork:[276] :IsInSameNetwork exec
05-29 18:29:44.527 I/nStackXDFinder( 2739): GetLocalInterfaceDetail:[461] :GetLocalInterfaceDetail in
05-29 18:29:44.527 E/nStackXCoAP( 2739): IsInSameNetwork:[281] :IsInSameNetwork: not priority process
05-29 18:29:44.527 D/nStackXCoAP( 2739): ParseServiceDiscover:[330] :new device join
05-29 18:29:44.527 E/nStackXDFinder( 2739): GetLocalIp:[401] :GetLocalIp exec
05-29 18:29:44.944 I/audio_hw_hal_alsamgr( 475): alsa format =0x1 delay frames =768 total frames=8552960
05-29 18:29:45.055 D/nStackXCoAP( 2739): IsInSameNetwork:[276] :IsInSameNetwork exec
05-29 18:29:45.055 I/nStackXDFinder( 2739): GetLocalInterfaceDetail:[461] :GetLocalInterfaceDetail in
05-29 18:29:45.055 E/nStackXCoAP( 2739): IsInSameNetwork:[281] :IsInSameNetwork: not priority process
05-29 18:29:45.055 D/nStackXCoAP( 2739): ParseServiceDiscover:[330] :new device join
05-29 18:29:45.055 E/nStackXDFinder( 2739): GetLocalIp:[401] :GetLocalIp exec
05-29 18:29:45.375 I/WifiHAL ( 501): call wifi_get_link_stats handler
05-29 18:29:45.375 I/WifiHAL ( 501): Creating message to get link statistics; iface = 16
05-29 18:29:45.375 D/WifiHAL ( 501): error code -95 mapped to -3
05-29 18:29:45.375 E/WifiStaIfaceAidlImpl( 700): getLinkLayerStats failed with service-specific exception: android.os.ServiceSpecificException: (code 4)
05-29 18:29:46.198 I/bluetooth( 1027): packages/modules/Bluetooth/system/gd/hci/le_scanning_reassembler.cc:56 ProcessAdvertisingReport: Ignoring scan response received without advertising event
05-29 18:29:46.277 I/bluetooth( 1027): packages/modules/Bluetooth/system/gd/hci/le_scanning_reassembler.cc:56 ProcessAdvertisingReport: Ignoring scan response received without advertising event
05-29 18:29:46.386 D/nStackXCoAP( 2739): IsInSameNetwork:[276] :IsInSameNetwork exec
05-29 18:29:46.386 I/nStackXDFinder( 2739): GetLocalInterfaceDetail:[461] :GetLocalInterfaceDetail in
05-29 18:29:46.386 E/nStackXCoAP( 2739): IsInSameNetwork:[281] :IsInSameNetwork: not priority process
05-29 18:29:46.386 D/nStackXCoAP( 2739): ParseServiceDiscover:[330] :new device join
05-29 18:29:46.386 I/nStackXDFinder( 2739): NotifyDeviceListChanged:[540] :notify callback: device list changed callback is null
05-29 18:29:46.386 E/nStackXDFinder( 2739): GetLocalIp:[401] :GetLocalIp exec
05-29 18:29:46.460 D/nStackXCoAP( 2739): CoapMessageHandler:[133] :2.01
05-29 18:29:46.481 D/nStackXCoAP( 2739): IsInSameNetwork:[276] :IsInSameNetwork exec
05-29 18:29:46.481 I/nStackXDFinder( 2739): GetLocalInterfaceDetail:[461] :GetLocalInterfaceDetail in
05-29 18:29:46.481 E/nStackXCoAP( 2739): IsInSameNetwork:[281] :IsInSameNetwork: not priority process
05-29 18:29:46.481 D/nStackXCoAP( 2739): ParseServiceDiscover:[330] :new device join
05-29 18:29:46.481 E/nStackXDFinder( 2739): GetLocalIp:[401] :GetLocalIp exec
05-29 18:29:46.500 D/nStackXCoAP( 2739): CoapMessageHandler:[133] :2.01
05-29 18:29:46.684 D/nStackXCoAP( 2739): IsInSameNetwork:[276] :IsInSameNetwork exec
05-29 18:29:46.684 I/nStackXDFinder( 2739): GetLocalInterfaceDetail:[461] :GetLocalInterfaceDetail in
05-29 18:29:46.684 E/nStackXCoAP( 2739): IsInSameNetwork:[281] :IsInSameNetwork: not priority process
05-29 18:29:46.685 D/nStackXCoAP( 2739): ParseServiceDiscover:[330] :new device join
05-29 18:29:46.685 E/nStackXDFinder( 2739): GetLocalIp:[401] :GetLocalIp exec
05-29 18:29:46.749 D/nStackXCoAP( 2739): CoapMessageHandler:[133] :2.01
05-29 18:29:47.400 D/nStackXCoAP( 2739): IsInSameNetwork:[276] :IsInSameNetwork exec
05-29 18:29:47.400 I/nStackXDFinder( 2739): GetLocalInterfaceDetail:[461] :GetLocalInterfaceDetail in
05-29 18:29:47.400 E/nStackXCoAP( 2739): IsInSameNetwork:[281] :IsInSameNetwork: not priority process
05-29 18:29:47.400 D/nStackXCoAP( 2739): ParseServiceDiscover:[330] :new device join
05-29 18:29:47.400 E/nStackXDFinder( 2739): GetLocalIp:[401] :GetLocalIp exec
05-29 18:29:47.446 D/nStackXCoAP( 2739): CoapMessageHandler:[133] :2.01
05-29 18:29:47.919 D/nStackXCoAP( 2739): IsInSameNetwork:[276] :IsInSameNetwork exec
05-29 18:29:47.919 I/nStackXDFinder( 2739): GetLocalInterfaceDetail:[461] :GetLocalInterfaceDetail in
05-29 18:29:47.919 E/nStackXCoAP( 2739): IsInSameNetwork:[281] :IsInSameNetwork: not priority process
05-29 18:29:47.919 D/nStackXCoAP( 2739): ParseServiceDiscover:[330] :new device join
05-29 18:29:47.919 E/nStackXDFinder( 2739): GetLocalIp:[401] :GetLocalIp exec
05-29 18:29:47.996 D/nStackXCoAP( 2739): CoapMessageHandler:[133] :2.01
05-29 18:29:48.332 I/bluetooth( 1027): packages/modules/Bluetooth/system/gd/hci/le_scanning_reassembler.cc:56 ProcessAdvertisingReport: Ignoring scan response received without advertising event
05-29 18:29:48.381 I/WifiHAL ( 501): call wifi_get_link_stats handler
05-29 18:29:48.381 I/WifiHAL ( 501): Creating message to get link statistics; iface = 16
05-29 18:29:48.381 D/WifiHAL ( 501): error code -95 mapped to -3
05-29 18:29:48.382 E/WifiStaIfaceAidlImpl( 700): getLinkLayerStats failed with service-specific exception: android.os.ServiceSpecificException: (code 4)
05-29 18:29:48.425 D/nStackXCoAP( 2739): IsInSameNetwork:[276] :IsInSameNetwork exec
05-29 18:29:48.425 I/nStackXDFinder( 2739): GetLocalInterfaceDetail:[461] :GetLocalInterfaceDetail in
05-29 18:29:48.425 E/nStackXCoAP( 2739): IsInSameNetwork:[281] :IsInSameNetwork: not priority process
05-29 18:29:48.425 D/nStackXCoAP( 2739): ParseServiceDiscover:[330] :new device join
05-29 18:29:48.425 E/nStackXDFinder( 2739): GetLocalIp:[401] :GetLocalIp exec
05-29 18:29:48.443 D/nStackXCoAP( 2739): CoapMessageHandler:[133] :2.01
05-29 18:29:48.948 D/nStackXCoAP( 2739): IsInSameNetwork:[276] :IsInSameNetwork exec
05-29 18:29:48.948 I/nStackXDFinder( 2739): GetLocalInterfaceDetail:[461] :GetLocalInterfaceDetail in
05-29 18:29:48.948 E/nStackXCoAP( 2739): IsInSameNetwork:[281] :IsInSameNetwork: not priority process
05-29 18:29:48.948 D/nStackXCoAP( 2739): ParseServiceDiscover:[330] :new device join
05-29 18:29:48.948 E/nStackXDFinder( 2739): GetLocalIp:[401] :GetLocalIp exec
05-29 18:29:49.454 D/nStackXCoAP( 2739): IsInSameNetwork:[276] :IsInSameNetwork exec
05-29 18:29:49.454 I/nStackXDFinder( 2739): GetLocalInterfaceDetail:[461] :GetLocalInterfaceDetail in
05-29 18:29:49.454 E/nStackXCoAP( 2739): IsInSameNetwork:[281] :IsInSameNetwork: not priority process
05-29 18:29:49.454 D/nStackXCoAP( 2739): ParseServiceDiscover:[330] :new device join
05-29 18:29:49.454 E/nStackXDFinder( 2739): GetLocalIp:[401] :GetLocalIp exec
05-29 18:29:49.558 D/nStackXCoAP( 2739): CoapMessageHandler:[133] :2.01
05-29 18:29:49.964 D/nStackXCoAP( 2739): IsInSameNetwork:[276] :IsInSameNetwork exec
05-29 18:29:49.964 I/nStackXDFinder( 2739): GetLocalInterfaceDetail:[461] :GetLocalInterfaceDetail in
05-29 18:29:49.964 E/nStackXCoAP( 2739): IsInSameNetwork:[281] :IsInSameNetwork: not priority process
05-29 18:29:49.964 D/nStackXCoAP( 2739): ParseServiceDiscover:[330] :new device join
05-29 18:29:49.964 E/nStackXDFinder( 2739): GetLocalIp:[401] :GetLocalIp exec
05-29 18:29:50.118 D/nStackXCoAP( 2739): CoapMessageHandler:[133] :2.01
05-29 18:29:50.398 I/bluetooth( 1027): packages/modules/Bluetooth/system/gd/hci/le_scanning_reassembler.cc:56 ProcessAdvertisingReport: Ignoring scan response received without advertising event
05-29 18:29:50.466 D/nStackXCoAP( 2739): IsInSameNetwork:[276] :IsInSameNetwork exec
05-29 18:29:50.466 I/nStackXDFinder( 2739): GetLocalInterfaceDetail:[461] :GetLocalInterfaceDetail in
05-29 18:29:50.466 E/nStackXCoAP( 2739): IsInSameNetwork:[281] :IsInSameNetwork: not priority process
05-29 18:29:50.466 D/nStackXCoAP( 2739): ParseServiceDiscover:[330] :new device join
05-29 18:29:50.466 E/nStackXDFinder( 2739): GetLocalIp:[401] :GetLocalIp exec
05-29 18:29:50.485 D/nStackXCoAP( 2739): CoapMessageHandler:[133] :2.01
05-29 18:29:50.978 D/nStackXCoAP( 2739): IsInSameNetwork:[276] :IsInSameNetwork exec
05-29 18:29:50.978 I/nStackXDFinder( 2739): GetLocalInterfaceDetail:[461] :GetLocalInterfaceDetail in
05-29 18:29:50.978 E/nStackXCoAP( 2739): IsInSameNetwork:[281] :IsInSameNetwork: not priority process
05-29 18:29:50.978 D/nStackXCoAP( 2739): ParseServiceDiscover:[330] :new device join
05-29 18:29:50.978 E/nStackXDFinder( 2739): GetLocalIp:[401] :GetLocalIp exec
05-29 18:29:51.030 D/nStackXCoAP( 2739): CoapMessageHandler:[133] :2.01
05-29 18:29:51.389 I/WifiHAL ( 501): call wifi_get_link_stats handler
05-29 18:29:51.390 I/WifiHAL ( 501): Creating message to get link statistics; iface = 16
05-29 18:29:51.390 D/WifiHAL ( 501): error code -95 mapped to -3
05-29 18:29:51.391 E/WifiStaIfaceAidlImpl( 700): getLinkLayerStats failed with service-specific exception: android.os.ServiceSpecificException: (code 4)
05-29 18:29:51.934 D/nStackXCoAP( 2739): CoapMessageHandler:[133] :2.01
05-29 18:29:52.511 I/bluetooth( 1027): packages/modules/Bluetooth/system/gd/hci/le_scanning_reassembler.cc:56 ProcessAdvertisingReport: Ignoring scan response received without advertising event
05-29 18:29:52.535 I/bluetooth( 1027): packages/modules/Bluetooth/system/gd/hci/le_scanning_reassembler.cc:56 ProcessAdvertisingReport: Ignoring scan response received without advertising event
05-29 18:29:54.396 I/WifiHAL ( 501): call wifi_get_link_stats handler
05-29 18:29:54.396 I/WifiHAL ( 501): Creating message to get link statistics; iface = 16
05-29 18:29:54.396 D/WifiHAL ( 501): error code -95 mapped to -3
05-29 18:29:54.397 E/WifiStaIfaceAidlImpl( 700): getLinkLayerStats failed with service-specific exception: android.os.ServiceSpecificException: (code 4)
05-29 18:29:55.555 I/bt_btif_dm( 1027): packages/modules/Bluetooth/system/btif/src/btif_dm.cc:695 btif_update_remote_properties: class of device (cod) is 0x00050c
05-29 18:29:55.562 E/dangbei111( 1386): cccccc 检查遥控器是否连接: Dangbei E4:BB:D3:57:C0:7D
05-29 18:29:55.567 E/dangbei111( 1386): cccccc 检查遥控器是否连接: 蓝牙的结果 Dangbei E4:BB:D3:57:C0:7D false
05-29 18:29:55.569 E/dangbei111( 1386): cccccc input中没有遥控器 存在 先什么都不操作 返回false
05-29 18:29:55.572 E/dangbei111( 1386): cccccc 开始扫描
05-29 18:29:55.573 D/BluetoothAdapter( 1386): isLeEnabled(): ON
05-29 18:29:55.576 I/bt_btif_dm( 1027): packages/modules/Bluetooth/system/btif/src/btif_dm.cc:695 btif_update_remote_properties: class of device (cod) is 0x00050c
05-29 18:29:55.576 E/dangbei111( 1386): cccccc scan 得到的设备和状态 Dangbei E4:BB:D3:57:C0:7D 12
05-29 18:29:55.581 E/dangbei111( 1386): cccccc 取消pair Dangbei E4:BB:D3:57:C0:7D 12
05-29 18:29:55.581 I/BluetoothDevice( 1386): removeBond() for device XX:XX:XX:XX:C0:7D called by pid: 1386 tid: 1386
05-29 18:29:55.586 E/dangbei111( 1386): cccccc 搜索到bond 什么都不处理 Dangbei E4:BB:D3:57:C0:7D
05-29 18:29:55.594 E/dangbei111( 1386): cccccc 检查遥控器是否连接: Dangbei E4:BB:D3:57:C0:7D
05-29 18:29:55.597 E/dangbei111( 1386): cccccc 检查遥控器是否连接: 蓝牙的结果 Dangbei E4:BB:D3:57:C0:7D false
05-29 18:29:55.597 E/dangbei111( 1386): cccccc input中没有遥控器 存在 先什么都不操作 返回false
05-29 18:29:55.599 E/dangbei111( 1386): cccccc 开始扫描
05-29 18:29:55.600 D/BluetoothAdapter( 1386): isLeEnabled(): ON
05-29 18:29:55.602 E/dangbei111( 1386): cccccc scan 得到的设备和状态 Dangbei E4:BB:D3:57:C0:7D 12
05-29 18:29:55.607 E/dangbei111( 1386): cccccc 取消pair Dangbei E4:BB:D3:57:C0:7D 12
05-29 18:29:55.607 I/BluetoothDevice( 1386): removeBond() for device XX:XX:XX:XX:C0:7D called by pid: 1386 tid: 1386
05-29 18:29:55.613 E/dangbei111( 1386): cccccc 搜索到bond 什么都不处理 Dangbei E4:BB:D3:57:C0:7D
05-29 18:29:55.615 I/WifiService( 700): startScan uid=1000
05-29 18:29:55.617 E/ccc ( 2814): cccccc i will start scan
05-29 18:29:55.625 D/InstantWifi( 700): Drop, size: 1
05-29 18:29:55.630 I/bt_btif_dm( 1027): packages/modules/Bluetooth/system/btif/src/btif_dm.cc:695 btif_update_remote_properties: class of device (cod) is 0x00050c
05-29 18:29:55.638 E/dangbei111( 1386): cccccc 检查遥控器是否连接: Dangbei E4:BB:D3:57:C0:7D
05-29 18:29:55.641 E/dangbei111( 1386): cccccc 检查遥控器是否连接: 蓝牙的结果 Dangbei E4:BB:D3:57:C0:7D false
05-29 18:29:55.641 E/dangbei111( 1386): cccccc input中没有遥控器 存在 先什么都不操作 返回false
05-29 18:29:55.643 E/dangbei111( 1386): cccccc 开始扫描
05-29 18:29:55.643 D/BluetoothAdapter( 1386): isLeEnabled(): ON
05-29 18:29:55.646 E/dangbei111( 1386): cccccc scan 得到的设备和状态 Dangbei E4:BB:D3:57:C0:7D 12
05-29 18:29:55.651 E/dangbei111( 1386): cccccc 取消pair Dangbei E4:BB:D3:57:C0:7D 12
05-29 18:29:55.652 I/BluetoothDevice( 1386): removeBond() for device XX:XX:XX:XX:C0:7D called by pid: 1386 tid: 1386
05-29 18:29:55.656 I/bt_btif_dm( 1027): packages/modules/Bluetooth/system/btif/src/btif_dm.cc:695 btif_update_remote_properties: class of device (cod) is 0x00050c
05-29 18:29:55.658 E/dangbei111( 1386): cccccc 搜索到bond 什么都不处理 Dangbei E4:BB:D3:57:C0:7D
05-29 18:29:55.663 E/dangbei111( 1386): cccccc 检查遥控器是否连接: Dangbei E4:BB:D3:57:C0:7D
05-29 18:29:55.666 E/dangbei111( 1386): cccccc 检查遥控器是否连接: 蓝牙的结果 Dangbei E4:BB:D3:57:C0:7D false
05-29 18:29:55.667 E/dangbei111( 1386): cccccc input中没有遥控器 存在 先什么都不操作 返回false
05-29 18:29:55.669 E/dangbei111( 1386): cccccc 开始扫描
05-29 18:29:55.670 D/BluetoothAdapter( 1386): isLeEnabled(): ON
05-29 18:29:55.672 E/dangbei111( 1386): cccccc scan 得到的设备和状态 Dangbei E4:BB:D3:57:C0:7D 12
05-29 18:29:55.677 I/bt_btif_dm( 1027): packages/modules/Bluetooth/system/btif/src/btif_dm.cc:695 btif_update_remote_properties: class of device (cod) is 0x00050c
05-29 18:29:55.677 E/dangbei111( 1386): cccccc 取消pair Dangbei E4:BB:D3:57:C0:7D 12
05-29 18:29:55.677 I/BluetoothDevice( 1386): removeBond() for device XX:XX:XX:XX:C0:7D called by pid: 1386 tid: 1386
05-29 18:29:55.683 E/dangbei111( 1386): cccccc 搜索到bond 什么都不处理 Dangbei E4:BB:D3:57:C0:7D
05-29 18:29:55.690 E/dangbei111( 1386): cccccc 检查遥控器是否连接: Dangbei E4:BB:D3:57:C0:7D
05-29 18:29:55.694 E/dangbei111( 1386): cccccc 检查遥控器是否连接: 蓝牙的结果 Dangbei E4:BB:D3:57:C0:7D false
05-29 18:29:55.694 E/dangbei111( 1386): cccccc input中没有遥控器 存在 先什么都不操作 返回false
05-29 18:29:55.696 E/dangbei111( 1386): cccccc 开始扫描
05-29 18:29:55.697 D/BluetoothAdapter( 1386): isLeEnabled(): ON
05-29 18:29:55.699 E/dangbei111( 1386): cccccc scan 得到的设备和状态 Dangbei E4:BB:D3:57:C0:7D 12
05-29 18:29:55.703 E/dangbei111( 1386): cccccc 取消pair Dangbei E4:BB:D3:57:C0:7D 12
05-29 18:29:55.703 I/BluetoothDevice( 1386): removeBond() for device XX:XX:XX:XX:C0:7D called by pid: 1386 tid: 1386
05-29 18:29:55.707 E/dangbei111( 1386): cccccc 搜索到bond 什么都不处理 Dangbei E4:BB:D3:57:C0:7D
05-29 18:29:55.725 I/bt_btif_dm( 1027): packages/modules/Bluetooth/system/btif/src/btif_dm.cc:691 btif_update_remote_properties: cod from storage is also unclassified
05-29 18:29:55.729 D/OomAdjuster( 700): Not killing cached processes
05-29 18:29:55.810 I/bt_btif_dm( 1027): packages/modules/Bluetooth/system/btif/src/btif_dm.cc:695 btif_update_remote_properties: class of device (cod) is 0x00050c
05-29 18:29:55.817 E/dangbei111( 1386): cccccc 检查遥控器是否连接: Dangbei E4:BB:D3:57:C0:7D
05-29 18:29:55.820 E/dangbei111( 1386): cccccc 检查遥控器是否连接: 蓝牙的结果 Dangbei E4:BB:D3:57:C0:7D false
05-29 18:29:55.820 E/dangbei111( 1386): cccccc input中没有遥控器 存在 先什么都不操作 返回false
05-29 18:29:55.822 E/dangbei111( 1386): cccccc 开始扫描
05-29 18:29:55.822 D/BluetoothAdapter( 1386): isLeEnabled(): ON
05-29 18:29:55.824 E/dangbei111( 1386): cccccc scan 得到的设备和状态 Dangbei E4:BB:D3:57:C0:7D 12
05-29 18:29:55.830 E/dangbei111( 1386): cccccc 取消pair Dangbei E4:BB:D3:57:C0:7D 12
05-29 18:29:55.830 I/BluetoothDevice( 1386): removeBond() for device XX:XX:XX:XX:C0:7D called by pid: 1386 tid: 1386
05-29 18:29:55.836 E/dangbei111( 1386): cccccc 搜索到bond 什么都不处理 Dangbei E4:BB:D3:57:C0:7D
05-29 18:29:55.855 I/bt_btif_dm( 1027): packages/modules/Bluetooth/system/btif/src/btif_dm.cc:695 btif_update_remote_properties: class of device (cod) is 0x00050c
05-29 18:29:55.862 E/dangbei111( 1386): cccccc 检查遥控器是否连接: Dangbei E4:BB:D3:57:C0:7D
05-29 18:29:55.867 E/dangbei111( 1386): cccccc 检查遥控器是否连接: 蓝牙的结果 Dangbei E4:BB:D3:57:C0:7D false
05-29 18:29:55.867 E/dangbei111( 1386): cccccc input中没有遥控器 存在 先什么都不操作 返回false
05-29 18:29:55.869 E/dangbei111( 1386): cccccc 开始扫描
05-29 18:29:55.869 D/BluetoothAdapter( 1386): isLeEnabled(): ON
05-29 18:29:55.872 E/dangbei111( 1386): cccccc scan 得到的设备和状态 Dangbei E4:BB:D3:57:C0:7D 12
05-29 18:29:55.876 E/dangbei111( 1386): cccccc 取消pair Dangbei E4:BB:D3:57:C0:7D 12
05-29 18:29:55.876 I/BluetoothDevice( 1386): removeBond() for device XX:XX:XX:XX:C0:7D called by pid: 1386 tid: 1386
05-29 18:29:55.882 E/dangbei111( 1386): cccccc 搜索到bond 什么都不处理 Dangbei E4:BB:D3:57:C0:7D
05-29 18:29:55.886 I/bt_btif_dm( 1027): packages/modules/Bluetooth/system/btif/src/btif_dm.cc:695 btif_update_remote_properties: class of device (cod) is 0x00050c
05-29 18:29:55.893 E/dangbei111( 1386): cccccc 检查遥控器是否连接: Dangbei E4:BB:D3:57:C0:7D
05-29 18:29:55.897 E/dangbei111( 1386): cccccc 检查遥控器是否连接: 蓝牙的结果 Dangbei E4:BB:D3:57:C0:7D false
05-29 18:29:55.898 E/dangbei111( 1386): cccccc input中没有遥控器 存在 先什么都不操作 返回false
05-29 18:29:55.900 E/dangbei111( 1386): cccccc 开始扫描
05-29 18:29:55.900 D/BluetoothAdapter( 1386): isLeEnabled(): ON
05-29 18:29:55.903 E/dangbei111( 1386): cccccc scan 得到的设备和状态 Dangbei E4:BB:D3:57:C0:7D 12
05-29 18:29:55.906 E/dangbei111( 1386): cccccc 取消pair Dangbei E4:BB:D3:57:C0:7D 12
05-29 18:29:55.906 I/BluetoothDevice( 1386): removeBond() for device XX:XX:XX:XX:C0:7D called by pid: 1386 tid: 1386
05-29 18:29:55.907 I/bt_btif_dm( 1027): packages/modules/Bluetooth/system/btif/src/btif_dm.cc:695 btif_update_remote_properties: class of device (cod) is 0x00050c
05-29 18:29:55.911 E/dangbei111( 1386): cccccc 搜索到bond 什么都不处理 Dangbei E4:BB:D3:57:C0:7D
05-29 18:29:55.916 E/dangbei111( 1386): cccccc 检查遥控器是否连接: Dangbei E4:BB:D3:57:C0:7D
05-29 18:29:55.920 E/dangbei111( 1386): cccccc 检查遥控器是否连接: 蓝牙的结果 Dangbei E4:BB:D3:57:C0:7D false
05-29 18:29:55.920 E/dangbei111( 1386): cccccc input中没有遥控器 存在 先什么都不操作 返回false
05-29 18:29:55.922 E/dangbei111( 1386): cccccc 开始扫描
05-29 18:29:55.922 D/BluetoothAdapter( 1386): isLeEnabled(): ON
05-29 18:29:55.924 E/dangbei111( 1386): cccccc scan 得到的设备和状态 Dangbei E4:BB:D3:57:C0:7D 12
05-29 18:29:55.927 E/dangbei111( 1386): cccccc 取消pair Dangbei E4:BB:D3:57:C0:7D 12
05-29 18:29:55.927 I/BluetoothDevice( 1386): removeBond() for device XX:XX:XX:XX:C0:7D called by pid: 1386 tid: 1386
05-29 18:29:55.929 I/bt_btif_dm( 1027): packages/modules/Bluetooth/system/btif/src/btif_dm.cc:695 btif_update_remote_properties: class of device (cod) is 0x00050c
05-29 18:29:55.932 E/dangbei111( 1386): cccccc 搜索到bond 什么都不处理 Dangbei E4:BB:D3:57:C0:7D
05-29 18:29:55.939 E/dangbei111( 1386): cccccc 检查遥控器是否连接: Dangbei E4:BB:D3:57:C0:7D
05-29 18:29:55.943 E/dangbei111( 1386): cccccc 检查遥控器是否连接: 蓝牙的结果 Dangbei E4:BB:D3:57:C0:7D false
05-29 18:29:55.943 E/dangbei111( 1386): cccccc input中没有遥控器 存在 先什么都不操作 返回false
05-29 18:29:55.945 E/dangbei111( 1386): cccccc 开始扫描
05-29 18:29:55.945 D/BluetoothAdapter( 1386): isLeEnabled(): ON
05-29 18:29:55.947 E/dangbei111( 1386): cccccc scan 得到的设备和状态 Dangbei E4:BB:D3:57:C0:7D 12
05-29 18:29:55.951 E/dangbei111( 1386): cccccc 取消pair Dangbei E4:BB:D3:57:C0:7D 12
05-29 18:29:55.952 I/BluetoothDevice( 1386): removeBond() for device XX:XX:XX:XX:C0:7D called by pid: 1386 tid: 1386
05-29 18:29:55.956 I/bt_btif_dm( 1027): packages/modules/Bluetooth/system/btif/src/btif_dm.cc:695 btif_update_remote_properties: class of device (cod) is 0x00050c
05-29 18:29:55.957 E/dangbei111( 1386): cccccc 搜索到bond 什么都不处理 Dangbei E4:BB:D3:57:C0:7D
05-29 18:29:55.964 E/dangbei111( 1386): cccccc 检查遥控器是否连接: Dangbei E4:BB:D3:57:C0:7D
05-29 18:29:55.967 E/dangbei111( 1386): cccccc 检查遥控器是否连接: 蓝牙的结果 Dangbei E4:BB:D3:57:C0:7D false
05-29 18:29:55.967 E/dangbei111( 1386): cccccc input中没有遥控器 存在 先什么都不操作 返回false
05-29 18:29:55.969 E/dangbei111( 1386): cccccc 开始扫描
05-29 18:29:55.970 D/BluetoothAdapter( 1386): isLeEnabled(): ON
05-29 18:29:55.972 E/dangbei111( 1386): cccccc scan 得到的设备和状态 Dangbei E4:BB:D3:57:C0:7D 12
05-29 18:29:55.976 I/bt_btif_dm( 1027): packages/modules/Bluetooth/system/btif/src/btif_dm.cc:695 btif_update_remote_properties: class of device (cod) is 0x00050c
05-29 18:29:55.977 E/dangbei111( 1386): cccccc 取消pair Dangbei E4:BB:D3:57:C0:7D 12
05-29 18:29:55.977 I/BluetoothDevice( 1386): removeBond() for device XX:XX:XX:XX:C0:7D called by pid: 1386 tid: 1386
05-29 18:29:55.981 E/dangbei111( 1386): cccccc 搜索到bond 什么都不处理 Dangbei E4:BB:D3:57:C0:7D
05-29 18:29:55.987 E/dangbei111( 1386): cccccc 检查遥控器是否连接: Dangbei E4:BB:D3:57:C0:7D
05-29 18:29:55.992 E/dangbei111( 1386): cccccc 检查遥控器是否连接: 蓝牙的结果 Dangbei E4:BB:D3:57:C0:7D false
05-29 18:29:55.992 E/dangbei111( 1386): cccccc input中没有遥控器 存在 先什么都不操作 返回false
05-29 18:29:55.994 E/dangbei111( 1386): cccccc 开始扫描
05-29 18:29:55.994 D/BluetoothAdapter( 1386): isLeEnabled(): ON
05-29 18:29:55.996 E/dangbei111( 1386): cccccc scan 得到的设备和状态 Dangbei E4:BB:D3:57:C0:7D 12
05-29 18:29:55.999 I/bt_btif_dm( 1027): packages/modules/Bluetooth/system/btif/src/btif_dm.cc:695 btif_update_remote_properties: class of device (cod) is 0x00050c
05-29 18:29:56.002 E/dangbei111( 1386): cccccc 取消pair Dangbei E4:BB:D3:57:C0:7D 12
05-29 18:29:56.003 I/BluetoothDevice( 1386): removeBond() for device XX:XX:XX:XX:C0:7D called by pid: 1386 tid: 1386
05-29 18:29:56.007 E/dangbei111( 1386): cccccc 搜索到bond 什么都不处理 Dangbei E4:BB:D3:57:C0:7D
05-29 18:29:56.014 E/dangbei111( 1386): cccccc 检查遥控器是否连接: Dangbei E4:BB:D3:57:C0:7D
05-29 18:29:56.018 E/dangbei111( 1386): cccccc 检查遥控器是否连接: 蓝牙的结果 Dangbei E4:BB:D3:57:C0:7D false
05-29 18:29:56.018 E/dangbei111( 1386): cccccc input中没有遥控器 存在 先什么都不操作 返回false
05-29 18:29:56.020 E/dangbei111( 1386): cccccc 开始扫描
05-29 18:29:56.020 D/BluetoothAdapter( 1386): isLeEnabled(): ON
05-29 18:29:56.022 E/dangbei111( 1386): cccccc scan 得到的设备和状态 Dangbei E4:BB:D3:57:C0:7D 12
05-29 18:29:56.026 E/dangbei111( 1386): cccccc 取消pair Dangbei E4:BB:D3:57:C0:7D 12
05-29 18:29:56.027 I/BluetoothDevice( 1386): removeBond() for device XX:XX:XX:XX:C0:7D called by pid: 1386 tid: 1386
05-29 18:29:56.027 I/bt_btif_dm( 1027): packages/modules/Bluetooth/system/btif/src/btif_dm.cc:695 btif_update_remote_properties: class of device (cod) is 0x00050c
05-29 18:29:56.034 E/dangbei111( 1386): cccccc 搜索到bond 什么都不处理 Dangbei E4:BB:D3:57:C0:7D
05-29 18:29:56.038 E/dangbei111( 1386): cccccc 检查遥控器是否连接: Dangbei E4:BB:D3:57:C0:7D
05-29 18:29:56.042 E/dangbei111( 1386): cccccc 检查遥控器是否连接: 蓝牙的结果 Dangbei E4:BB:D3:57:C0:7D false
05-29 18:29:56.042 E/dangbei111( 1386): cccccc input中没有遥控器 存在 先什么都不操作 返回false
05-29 18:29:56.044 E/dangbei111( 1386): cccccc 开始扫描
05-29 18:29:56.044 D/BluetoothAdapter( 1386): isLeEnabled(): ON
05-29 18:29:56.047 E/dangbei111( 1386): cccccc scan 得到的设备和状态 Dangbei E4:BB:D3:57:C0:7D 12
05-29 18:29:56.050 I/bt_btif_dm( 1027): packages/modules/Bluetooth/system/btif/src/btif_dm.cc:695 btif_update_remote_properties: class of device (cod) is 0x00050c
05-29 18:29:56.053 E/dangbei111( 1386): cccccc 取消pair Dangbei E4:BB:D3:57:C0:7D 12
05-29 18:29:56.053 I/BluetoothDevice( 1386): removeBond() for device XX:XX:XX:XX:C0:7D called by pid: 1386 tid: 1386
05-29 18:29:56.057 E/dangbei111( 1386): cccccc 搜索到bond 什么都不处理 Dangbei E4:BB:D3:57:C0:7D
05-29 18:29:56.062 E/dangbei111( 1386): cccccc 检查遥控器是否连接: Dangbei E4:BB:D3:57:C0:7D
05-29 18:29:56.066 E/dangbei111( 1386): cccccc 检查遥控器是否连接: 蓝牙的结果 Dangbei E4:BB:D3:57:C0:7D false
05-29 18:29:56.066 E/dangbei111( 1386): cccccc input中没有遥控器 存在 先什么都不操作 返回false
05-29 18:29:56.068 E/dangbei111( 1386): cccccc 开始扫描
05-29 18:29:56.068 D/BluetoothAdapter( 1386): isLeEnabled(): ON
05-29 18:29:56.070 E/dangbei111( 1386): cccccc scan 得到的设备和状态 Dangbei E4:BB:D3:57:C0:7D 12
05-29 18:29:56.072 I/bt_btif_dm( 1027): packages/modules/Bluetooth/system/btif/src/btif_dm.cc:695 btif_update_remote_properties: class of device (cod) is 0x00050c
05-29 18:29:56.075 E/dangbei111( 1386): cccccc 取消pair Dangbei E4:BB:D3:57:C0:7D 12
05-29 18:29:56.076 I/BluetoothDevice( 1386): removeBond() for device XX:XX:XX:XX:C0:7D called by pid: 1386 tid: 1386
05-29 18:29:56.079 E/dangbei111( 1386): cccccc 搜索到bond 什么都不处理 Dangbei E4:BB:D3:57:C0:7D
05-29 18:29:56.083 E/dangbei111( 1386): cccccc 检查遥控器是否连接: Dangbei E4:BB:D3:57:C0:7D
05-29 18:29:56.087 E/dangbei111( 1386): cccccc 检查遥控器是否连接: 蓝牙的结果 Dangbei E4:BB:D3:57:C0:7D false
05-29 18:29:56.087 E/dangbei111( 1386): cccccc input中没有遥控器 存在 先什么都不操作 返回false
05-29 18:29:56.089 E/dangbei111( 1386): cccccc 开始扫描
05-29 18:29:56.090 D/BluetoothAdapter( 1386): isLeEnabled(): ON
05-29 18:29:56.092 E/dangbei111( 1386): cccccc scan 得到的设备和状态 Dangbei E4:BB:D3:57:C0:7D 12
05-29 18:29:56.097 E/dangbei111( 1386): cccccc 取消pair Dangbei E4:BB:D3:57:C0:7D 12
05-29 18:29:56.097 I/BluetoothDevice( 1386): removeBond() for device XX:XX:XX:XX:C0:7D called by pid: 1386 tid: 1386
05-29 18:29:56.100 E/dangbei111( 1386): cccccc 搜索到bond 什么都不处理 Dangbei E4:BB:D3:57:C0:7D
05-29 18:29:56.122 I/bt_btif_dm( 1027): packages/modules/Bluetooth/system/btif/src/btif_dm.cc:695 btif_update_remote_properties: class of device (cod) is 0x00050c
05-29 18:29:56.129 E/dangbei111( 1386): cccccc 检查遥控器是否连接: Dangbei E4:BB:D3:57:C0:7D
05-29 18:29:56.133 E/dangbei111( 1386): cccccc 检查遥控器是否连接: 蓝牙的结果 Dangbei E4:BB:D3:57:C0:7D false
05-29 18:29:56.133 E/dangbei111( 1386): cccccc input中没有遥控器 存在 先什么都不操作 返回false
05-29 18:29:56.136 E/dangbei111( 1386): cccccc 开始扫描
05-29 18:29:56.136 D/BluetoothAdapter( 1386): isLeEnabled(): ON
05-29 18:29:56.138 E/dangbei111( 1386): cccccc scan 得到的设备和状态 Dangbei E4:BB:D3:57:C0:7D 12
05-29 18:29:56.143 E/dangbei111( 1386): cccccc 取消pair Dangbei E4:BB:D3:57:C0:7D 12
05-29 18:29:56.143 I/BluetoothDevice( 1386): removeBond() for device XX:XX:XX:XX:C0:7D called by pid: 1386 tid: 1386
05-29 18:29:56.148 E/dangbei111( 1386): cccccc 搜索到bond 什么都不处理 Dangbei E4:BB:D3:57:C0:7D
05-29 18:29:56.172 I/bt_btif_dm( 1027): packages/modules/Bluetooth/system/btif/src/btif_dm.cc:695 btif_update_remote_properties: class of device (cod) is 0x00050c
05-29 18:29:56.179 E/dangbei111( 1386): cccccc 检查遥控器是否连接: Dangbei E4:BB:D3:57:C0:7D
05-29 18:29:56.183 E/dangbei111( 1386): cccccc 检查遥控器是否连接: 蓝牙的结果 Dangbei E4:BB:D3:57:C0:7D false
05-29 18:29:56.183 E/dangbei111( 1386): cccccc input中没有遥控器 存在 先什么都不操作 返回false
05-29 18:29:56.185 E/dangbei111( 1386): cccccc 开始扫描
05-29 18:29:56.186 D/BluetoothAdapter( 1386): isLeEnabled(): ON
05-29 18:29:56.188 E/dangbei111( 1386): cccccc scan 得到的设备和状态 Dangbei E4:BB:D3:57:C0:7D 12
05-29 18:29:56.190 E/dangbei111( 1386): cccccc 取消pair Dangbei E4:BB:D3:57:C0:7D 12
05-29 18:29:56.191 I/BluetoothDevice( 1386): removeBond() for device XX:XX:XX:XX:C0:7D called by pid: 1386 tid: 1386
05-29 18:29:56.193 I/bt_btif_dm( 1027): packages/modules/Bluetooth/system/btif/src/btif_dm.cc:695 btif_update_remote_properties: class of device (cod) is 0x00050c
05-29 18:29:56.195 E/dangbei111( 1386): cccccc 搜索到bond 什么都不处理 Dangbei E4:BB:D3:57:C0:7D
05-29 18:29:56.200 E/dangbei111( 1386): cccccc 检查遥控器是否连接: Dangbei E4:BB:D3:57:C0:7D
05-29 18:29:56.204 E/dangbei111( 1386): cccccc 检查遥控器是否连接: 蓝牙的结果 Dangbei E4:BB:D3:57:C0:7D false
05-29 18:29:56.204 E/dangbei111( 1386): cccccc input中没有遥控器 存在 先什么都不操作 返回false
05-29 18:29:56.206 E/dangbei111( 1386): cccccc 开始扫描
05-29 18:29:56.207 D/BluetoothAdapter( 1386): isLeEnabled(): ON
05-29 18:29:56.209 E/dangbei111( 1386): cccccc scan 得到的设备和状态 Dangbei E4:BB:D3:57:C0:7D 12
05-29 18:29:56.213 E/dangbei111( 1386): cccccc 取消pair Dangbei E4:BB:D3:57:C0:7D 12
05-29 18:29:56.213 I/BluetoothDevice( 1386): removeBond() for device XX:XX:XX:XX:C0:7D called by pid: 1386 tid: 1386
05-29 18:29:56.218 E/dangbei111( 1386): cccccc 搜索到bond 什么都不处理 Dangbei E4:BB:D3:57:C0:7D
05-29 18:29:56.271 I/bt_btif_dm( 1027): packages/modules/Bluetooth/system/btif/src/btif_dm.cc:695 btif_update_remote_properties: class of device (cod) is 0x00050c
05-29 18:29:56.278 E/dangbei111( 1386): cccccc 检查遥控器是否连接: Dangbei E4:BB:D3:57:C0:7D
05-29 18:29:56.282 E/dangbei111( 1386): cccccc 检查遥控器是否连接: 蓝牙的结果 Dangbei E4:BB:D3:57:C0:7D false
05-29 18:29:56.282 E/dangbei111( 1386): cccccc input中没有遥控器 存在 先什么都不操作 返回false
05-29 18:29:56.285 E/dangbei111( 1386): cccccc 开始扫描
05-29 18:29:56.285 D/BluetoothAdapter( 1386): isLeEnabled(): ON
05-29 18:29:56.287 E/dangbei111( 1386): cccccc scan 得到的设备和状态 Dangbei E4:BB:D3:57:C0:7D 12
05-29 18:29:56.292 E/dangbei111( 1386): cccccc 取消pair Dangbei E4:BB:D3:57:C0:7D 12
05-29 18:29:56.292 I/BluetoothDevice( 1386): removeBond() for device XX:XX:XX:XX:C0:7D called by pid: 1386 tid: 1386
05-29 18:29:56.300 E/dangbei111( 1386): cccccc 搜索到bond 什么都不处理 Dangbei E4:BB:D3:57:C0:7D
05-29 18:29:56.323 I/bluetooth( 1027): packages/modules/Bluetooth/system/gd/hci/le_scanning_reassembler.cc:56 ProcessAdvertisingReport: Ignoring scan response received without advertising event
05-29 18:29:56.369 I/bt_btif_dm( 1027): packages/modules/Bluetooth/system/btif/src/btif_dm.cc:695 btif_update_remote_properties: class of device (cod) is 0x00050c
05-29 18:29:56.377 E/dangbei111( 1386): cccccc 检查遥控器是否连接: Dangbei E4:BB:D3:57:C0:7D
05-29 18:29:56.381 E/dangbei111( 1386): cccccc 检查遥控器是否连接: 蓝牙的结果 Dangbei E4:BB:D3:57:C0:7D false
05-29 18:29:56.381 E/dangbei111( 1386): cccccc input中没有遥控器 存在 先什么都不操作 返回false
05-29 18:29:56.384 E/dangbei111( 1386): cccccc 开始扫描
05-29 18:29:56.384 D/BluetoothAdapter( 1386): isLeEnabled(): ON
05-29 18:29:56.387 E/dangbei111( 1386): cccccc scan 得到的设备和状态 Dangbei E4:BB:D3:57:C0:7D 12
05-29 18:29:56.391 E/dangbei111( 1386): cccccc 取消pair Dangbei E4:BB:D3:57:C0:7D 12
05-29 18:29:56.391 I/BluetoothDevice( 1386): removeBond() for device XX:XX:XX:XX:C0:7D called by pid: 1386 tid: 1386
05-29 18:29:56.396 E/dangbei111( 1386): cccccc 搜索到bond 什么都不处理 Dangbei E4:BB:D3:57:C0:7D
05-29 18:29:56.436 I/bt_btif_dm( 1027): packages/modules/Bluetooth/system/btif/src/btif_dm.cc:695 btif_update_remote_properties: class of device (cod) is 0x00050c
05-29 18:29:56.444 E/dangbei111( 1386): cccccc 检查遥控器是否连接: Dangbei E4:BB:D3:57:C0:7D
05-29 18:29:56.449 E/dangbei111( 1386): cccccc 检查遥控器是否连接: 蓝牙的结果 Dangbei E4:BB:D3:57:C0:7D false
05-29 18:29:56.449 E/dangbei111( 1386): cccccc input中没有遥控器 存在 先什么都不操作 返回false
05-29 18:29:56.452 E/dangbei111( 1386): cccccc 开始扫描
05-29 18:29:56.452 D/BluetoothAdapter( 1386): isLeEnabled(): ON
05-29 18:29:56.454 E/dangbei111( 1386): cccccc scan 得到的设备和状态 Dangbei E4:BB:D3:57:C0:7D 12
05-29 18:29:56.461 E/dangbei111( 1386): cccccc 取消pair Dangbei E4:BB:D3:57:C0:7D 12
05-29 18:29:56.462 I/BluetoothDevice( 1386): removeBond() for device XX:XX:XX:XX:C0:7D called by pid: 1386 tid: 1386
05-29 18:29:56.467 E/dangbei111( 1386): cccccc 搜索到bond 什么都不处理 Dangbei E4:BB:D3:57:C0:7D
05-29 18:29:56.473 I/bt_btif_dm( 1027): packages/modules/Bluetooth/system/btif/src/btif_dm.cc:695 btif_update_remote_properties: class of device (cod) is 0x00050c
05-29 18:29:56.483 E/dangbei111( 1386): cccccc 检查遥控器是否连接: Dangbei E4:BB:D3:57:C0:7D
05-29 18:29:56.486 I/bt_btif_dm( 1027): packages/modules/Bluetooth/system/btif/src/btif_dm.cc:695 btif_update_remote_properties: class of device (cod) is 0x00050c
05-29 18:29:56.488 E/dangbei111( 1386): cccccc 检查遥控器是否连接: 蓝牙的结果 Dangbei E4:BB:D3:57:C0:7D false
05-29 18:29:56.488 E/dangbei111( 1386): cccccc input中没有遥控器 存在 先什么都不操作 返回false
05-29 18:29:56.491 E/dangbei111( 1386): cccccc 开始扫描
05-29 18:29:56.491 D/BluetoothAdapter( 1386): isLeEnabled(): ON
05-29 18:29:56.497 E/dangbei111( 1386): cccccc scan 得到的设备和状态 Dangbei E4:BB:D3:57:C0:7D 12
05-29 18:29:56.501 E/dangbei111( 1386): cccccc 取消pair Dangbei E4:BB:D3:57:C0:7D 12
05-29 18:29:56.501 I/BluetoothDevice( 1386): removeBond() for device XX:XX:XX:XX:C0:7D called by pid: 1386 tid: 1386
05-29 18:29:56.506 E/dangbei111( 1386): cccccc 搜索到bond 什么都不处理 Dangbei E4:BB:D3:57:C0:7D
05-29 18:29:56.512 I/bt_btif_dm( 1027): packages/modules/Bluetooth/system/btif/src/btif_dm.cc:695 btif_update_remote_properties: class of device (cod) is 0x00050c
05-29 18:29:56.515 E/dangbei111( 1386): cccccc 检查遥控器是否连接: Dangbei E4:BB:D3:57:C0:7D
05-29 18:29:56.519 E/dangbei111( 1386): cccccc 检查遥控器是否连接: 蓝牙的结果 Dangbei E4:BB:D3:57:C0:7D false
05-29 18:29:56.519 E/dangbei111( 1386): cccccc input中没有遥控器 存在 先什么都不操作 返回false
05-29 18:29:56.521 E/dangbei111( 1386): cccccc 开始扫描
05-29 18:29:56.522 D/BluetoothAdapter( 1386): isLeEnabled(): ON
05-29 18:29:56.526 E/dangbei111( 1386): cccccc scan 得到的设备和状态 Dangbei E4:BB:D3:57:C0:7D 12
05-29 18:29:56.533 E/dangbei111( 1386): cccccc 取消pair Dangbei E4:BB:D3:57:C0:7D 12
05-29 18:29:56.533 I/BluetoothDevice( 1386): removeBond() for device XX:XX:XX:XX:C0:7D called by pid: 1386 tid: 1386
05-29 18:29:56.537 I/bt_btif_dm( 1027): packages/modules/Bluetooth/system/btif/src/btif_dm.cc:695 btif_update_remote_properties: class of device (cod) is 0x00050c
05-29 18:29:56.538 E/dangbei111( 1386): cccccc 搜索到bond 什么都不处理 Dangbei E4:BB:D3:57:C0:7D
05-29 18:29:56.544 E/dangbei111( 1386): cccccc 检查遥控器是否连接: Dangbei E4:BB:D3:57:C0:7D
05-29 18:29:56.548 E/dangbei111( 1386): cccccc 检查遥控器是否连接: 蓝牙的结果 Dangbei E4:BB:D3:57:C0:7D false
05-29 18:29:56.548 E/dangbei111( 1386): cccccc input中没有遥控器 存在 先什么都不操作 返回false
05-29 18:29:56.550 E/dangbei111( 1386): cccccc 开始扫描
05-29 18:29:56.550 D/BluetoothAdapter( 1386): isLeEnabled(): ON
05-29 18:29:56.553 E/dangbei111( 1386): cccccc scan 得到的设备和状态 Dangbei E4:BB:D3:57:C0:7D 12
05-29 18:29:56.559 E/dangbei111( 1386): cccccc 取消pair Dangbei E4:BB:D3:57:C0:7D 12
05-29 18:29:56.559 I/BluetoothDevice( 1386): removeBond() for device XX:XX:XX:XX:C0:7D called by pid: 1386 tid: 1386
05-29 18:29:56.563 I/bt_btif_dm( 1027): packages/modules/Bluetooth/system/btif/src/btif_dm.cc:695 btif_update_remote_properties: class of device (cod) is 0x00050c
05-29 18:29:56.566 E/dangbei111( 1386): cccccc 搜索到bond 什么都不处理 Dangbei E4:BB:D3:57:C0:7D
05-29 18:29:56.572 E/dangbei111( 1386): cccccc 检查遥控器是否连接: Dangbei E4:BB:D3:57:C0:7D
05-29 18:29:56.579 E/dangbei111( 1386): cccccc 检查遥控器是否连接: 蓝牙的结果 Dangbei E4:BB:D3:57:C0:7D false
05-29 18:29:56.580 E/dangbei111( 1386): cccccc input中没有遥控器 存在 先什么都不操作 返回false
05-29 18:29:56.580 I/bt_btif_dm( 1027): packages/modules/Bluetooth/system/btif/src/btif_dm.cc:695 btif_update_remote_properties: class of device (cod) is 0x00050c
05-29 18:29:56.584 E/dangbei111( 1386): cccccc 开始扫描
05-29 18:29:56.584 D/BluetoothAdapter( 1386): isLeEnabled(): ON
05-29 18:29:56.586 E/dangbei111( 1386): cccccc scan 得到的设备和状态 Dangbei E4:BB:D3:57:C0:7D 12
05-29 18:29:56.593 E/dangbei111( 1386): cccccc 取消pair Dangbei E4:BB:D3:57:C0:7D 12
05-29 18:29:56.594 I/BluetoothDevice( 1386): removeBond() for device XX:XX:XX:XX:C0:7D called by pid: 1386 tid: 1386
05-29 18:29:56.598 E/dangbei111( 1386): cccccc 搜索到bond 什么都不处理 Dangbei E4:BB:D3:57:C0:7D
05-29 18:29:56.602 I/bt_btif_dm( 1027): packages/modules/Bluetooth/system/btif/src/btif_dm.cc:695 btif_update_remote_properties: class of device (cod) is 0x00050c
05-29 18:29:56.605 E/dangbei111( 1386): cccccc 检查遥控器是否连接: Dangbei E4:BB:D3:57:C0:7D
05-29 18:29:56.609 E/dangbei111( 1386): cccccc 检查遥控器是否连接: 蓝牙的结果 Dangbei E4:BB:D3:57:C0:7D false
05-29 18:29:56.609 E/dangbei111( 1386): cccccc input中没有遥控器 存在 先什么都不操作 返回false
05-29 18:29:56.611 E/dangbei111( 1386): cccccc 开始扫描
05-29 18:29:56.611 D/BluetoothAdapter( 1386): isLeEnabled(): ON
05-29 18:29:56.614 E/dangbei111( 1386): cccccc scan 得到的设备和状态 Dangbei E4:BB:D3:57:C0:7D 12
05-29 18:29:56.617 E/dangbei111( 1386): cccccc 取消pair Dangbei E4:BB:D3:57:C0:7D 12
05-29 18:29:56.617 I/BluetoothDevice( 1386): removeBond() for device XX:XX:XX:XX:C0:7D called by pid: 1386 tid: 1386
05-29 18:29:56.622 E/dangbei111( 1386): cccccc 搜索到bond 什么都不处理 Dangbei E4:BB:D3:57:C0:7D
05-29 18:29:56.630 I/bt_btif_dm( 1027): packages/modules/Bluetooth/system/btif/src/btif_dm.cc:695 btif_update_remote_properties: class of device (cod) is 0x00050c
05-29 18:29:56.631 E/dangbei111( 1386): cccccc 检查遥控器是否连接: Dangbei E4:BB:D3:57:C0:7D
05-29 18:29:56.636 E/dangbei111( 1386): cccccc 检查遥控器是否连接: 蓝牙的结果 Dangbei E4:BB:D3:57:C0:7D false
05-29 18:29:56.636 E/dangbei111( 1386): cccccc input中没有遥控器 存在 先什么都不操作 返回false
05-29 18:29:56.639 E/dangbei111( 1386): cccccc 开始扫描
05-29 18:29:56.639 D/BluetoothAdapter( 1386): isLeEnabled(): ON
05-29 18:29:56.641 E/dangbei111( 1386): cccccc scan 得到的设备和状态 Dangbei E4:BB:D3:57:C0:7D 12
05-29 18:29:56.645 E/dangbei111( 1386): cccccc 取消pair Dangbei E4:BB:D3:57:C0:7D 12
05-29 18:29:56.646 I/BluetoothDevice( 1386): removeBond() for device XX:XX:XX:XX:C0:7D called by pid: 1386 tid: 1386
05-29 18:29:56.651 E/dangbei111( 1386): cccccc 搜索到bond 什么都不处理 Dangbei E4:BB:D3:57:C0:7D
05-29 18:29:56.651 I/bt_btif_dm( 1027): packages/modules/Bluetooth/system/btif/src/btif_dm.cc:695 btif_update_remote_properties: class of device (cod) is 0x00050c
05-29 18:29:56.656 E/dangbei111( 1386): cccccc 检查遥控器是否连接: Dangbei E4:BB:D3:57:C0:7D
05-29 18:29:56.665 E/dangbei111( 1386): cccccc 检查遥控器是否连接: 蓝牙的结果 Dangbei E4:BB:D3:57:C0:7D false
05-29 18:29:56.665 E/dangbei111( 1386): cccccc input中没有遥控器 存在 先什么都不操作 返回false
05-29 18:29:56.667 E/dangbei111( 1386): cccccc 开始扫描
05-29 18:29:56.668 D/BluetoothAdapter( 1386): isLeEnabled(): ON
05-29 18:29:56.670 E/dangbei111( 1386): cccccc scan 得到的设备和状态 Dangbei E4:BB:D3:57:C0:7D 12
05-29 18:29:56.676 I/bt_btif_dm( 1027): packages/modules/Bluetooth/system/btif/src/btif_dm.cc:695 btif_update_remote_properties: class of device (cod) is 0x00050c
05-29 18:29:56.677 E/dangbei111( 1386): cccccc 取消pair Dangbei E4:BB:D3:57:C0:7D 12
05-29 18:29:56.678 I/BluetoothDevice( 1386): removeBond() for device XX:XX:XX:XX:C0:7D called by pid: 1386 tid: 1386
05-29 18:29:56.681 E/dangbei111( 1386): cccccc 搜索到bond 什么都不处理 Dangbei E4:BB:D3:57:C0:7D
05-29 18:29:56.687 E/dangbei111( 1386): cccccc 检查遥控器是否连接: Dangbei E4:BB:D3:57:C0:7D
05-29 18:29:56.690 E/dangbei111( 1386): cccccc 检查遥控器是否连接: 蓝牙的结果 Dangbei E4:BB:D3:57:C0:7D false
05-29 18:29:56.690 E/dangbei111( 1386): cccccc input中没有遥控器 存在 先什么都不操作 返回false
05-29 18:29:56.693 E/dangbei111( 1386): cccccc 开始扫描
05-29 18:29:56.693 D/BluetoothAdapter( 1386): isLeEnabled(): ON
05-29 18:29:56.697 E/dangbei111( 1386): cccccc scan 得到的设备和状态 Dangbei E4:BB:D3:57:C0:7D 12
05-29 18:29:56.700 E/dangbei111( 1386): cccccc 取消pair Dangbei E4:BB:D3:57:C0:7D 12
05-29 18:29:56.700 I/BluetoothDevice( 1386): removeBond() for device XX:XX:XX:XX:C0:7D called by pid: 1386 tid: 1386
05-29 18:29:56.703 I/bt_btif_dm( 1027): packages/modules/Bluetooth/system/btif/src/btif_dm.cc:695 btif_update_remote_properties: class of device (cod) is 0x00050c
05-29 18:29:56.706 E/dangbei111( 1386): cccccc 搜索到bond 什么都不处理 Dangbei E4:BB:D3:57:C0:7D
05-29 18:29:56.711 E/dangbei111( 1386): cccccc 检查遥控器是否连接: Dangbei E4:BB:D3:57:C0:7D
05-29 18:29:56.714 E/dangbei111( 1386): cccccc 检查遥控器是否连接: 蓝牙的结果 Dangbei E4:BB:D3:57:C0:7D false
05-29 18:29:56.715 E/dangbei111( 1386): cccccc input中没有遥控器 存在 先什么都不操作 返回false
05-29 18:29:56.716 E/dangbei111( 1386): cccccc 开始扫描
05-29 18:29:56.717 D/BluetoothAdapter( 1386): isLeEnabled(): ON
05-29 18:29:56.719 E/dangbei111( 1386): cccccc scan 得到的设备和状态 Dangbei E4:BB:D3:57:C0:7D 12
05-29 18:29:56.723 E/dangbei111( 1386): cccccc 取消pair Dangbei E4:BB:D3:57:C0:7D 12
05-29 18:29:56.723 I/BluetoothDevice( 1386): removeBond() for device XX:XX:XX:XX:C0:7D called by pid: 1386 tid: 1386
05-29 18:29:56.728 E/dangbei111( 1386): cccccc 搜索到bond 什么都不处理 Dangbei E4:BB:D3:57:C0:7D
05-29 18:29:56.729 I/bt_btif_dm( 1027): packages/modules/Bluetooth/system/btif/src/btif_dm.cc:695 btif_update_remote_properties: class of device (cod) is 0x00050c
05-29 18:29:56.734 E/dangbei111( 1386): cccccc 检查遥控器是否连接: Dangbei E4:BB:D3:57:C0:7D
05-29 18:29:56.740 E/dangbei111( 1386): cccccc 检查遥控器是否连接: 蓝牙的结果 Dangbei E4:BB:D3:57:C0:7D false
05-29 18:29:56.740 E/dangbei111( 1386): cccccc input中没有遥控器 存在 先什么都不操作 返回false
05-29 18:29:56.742 E/dangbei111( 1386): cccccc 开始扫描
05-29 18:29:56.742 D/BluetoothAdapter( 1386): isLeEnabled(): ON
05-29 18:29:56.744 E/dangbei111( 1386): cccccc scan 得到的设备和状态 Dangbei E4:BB:D3:57:C0:7D 12
05-29 18:29:56.749 E/dangbei111( 1386): cccccc 取消pair Dangbei E4:BB:D3:57:C0:7D 12
05-29 18:29:56.749 I/BluetoothDevice( 1386): removeBond() for device XX:XX:XX:XX:C0:7D called by pid: 1386 tid: 1386
05-29 18:29:56.753 E/dangbei111( 1386): cccccc 搜索到bond 什么都不处理 Dangbei E4:BB:D3:57:C0:7D
05-29 18:29:56.754 I/bt_btif_dm( 1027): packages/modules/Bluetooth/system/btif/src/btif_dm.cc:695 btif_update_remote_properties: class of device (cod) is 0x00050c
05-29 18:29:56.760 E/dangbei111( 1386): cccccc 检查遥控器是否连接: Dangbei E4:BB:D3:57:C0:7D
05-29 18:29:56.764 E/dangbei111( 1386): cccccc 检查遥控器是否连接: 蓝牙的结果 Dangbei E4:BB:D3:57:C0:7D false
05-29 18:29:56.764 E/dangbei111( 1386): cccccc input中没有遥控器 存在 先什么都不操作 返回false
05-29 18:29:56.766 E/dangbei111( 1386): cccccc 开始扫描
05-29 18:29:56.766 D/BluetoothAdapter( 1386): isLeEnabled(): ON
05-29 18:29:56.768 E/dangbei111( 1386): cccccc scan 得到的设备和状态 Dangbei E4:BB:D3:57:C0:7D 12
05-29 18:29:56.772 E/dangbei111( 1386): cccccc 取消pair Dangbei E4:BB:D3:57:C0:7D 12
05-29 18:29:56.773 I/BluetoothDevice( 1386): removeBond() for device XX:XX:XX:XX:C0:7D called by pid: 1386 tid: 1386
05-29 18:29:56.776 I/bt_btif_dm( 1027): packages/modules/Bluetooth/system/btif/src/btif_dm.cc:695 btif_update_remote_properties: class of device (cod) is 0x00050c
05-29 18:29:56.778 E/dangbei111( 1386): cccccc 搜索到bond 什么都不处理 Dangbei E4:BB:D3:57:C0:7D
05-29 18:29:56.783 E/dangbei111( 1386): cccccc 检查遥控器是否连接: Dangbei E4:BB:D3:57:C0:7D
05-29 18:29:56.785 E/dangbei111( 1386): cccccc 检查遥控器是否连接: 蓝牙的结果 Dangbei E4:BB:D3:57:C0:7D false
05-29 18:29:56.786 E/dangbei111( 1386): cccccc input中没有遥控器 存在 先什么都不操作 返回false
05-29 18:29:56.787 E/dangbei111( 1386): cccccc 开始扫描
05-29 18:29:56.787 D/BluetoothAdapter( 1386): isLeEnabled(): ON
05-29 18:29:56.789 E/dangbei111( 1386): cccccc scan 得到的设备和状态 Dangbei E4:BB:D3:57:C0:7D 12
05-29 18:29:56.794 E/dangbei111( 1386): cccccc 取消pair Dangbei E4:BB:D3:57:C0:7D 12
05-29 18:29:56.794 I/BluetoothDevice( 1386): removeBond() for device XX:XX:XX:XX:C0:7D called by pid: 1386 tid: 1386
05-29 18:29:56.798 E/dangbei111( 1386): cccccc 搜索到bond 什么都不处理 Dangbei E4:BB:D3:57:C0:7D
05-29 18:29:56.803 E/dangbei111( 1386): cccccc 检查遥控器是否连接: Dangbei E4:BB:D3:57:C0:7D
05-29 18:29:56.807 E/dangbei111( 1386): cccccc 检查遥控器是否连接: 蓝牙的结果 Dangbei E4:BB:D3:57:C0:7D false
05-29 18:29:56.807 E/dangbei111( 1386): cccccc input中没有遥控器 存在 先什么都不操作 返回false
05-29 18:29:56.809 E/dangbei111( 1386): cccccc 开始扫描
05-29 18:29:56.809 D/BluetoothAdapter( 1386): isLeEnabled(): ON
05-29 18:29:56.811 E/dangbei111( 1386): cccccc scan 得到的设备和状态 Dangbei E4:BB:D3:57:C0:7D 12
05-29 18:29:56.815 E/dangbei111( 1386): cccccc 取消pair Dangbei E4:BB:D3:57:C0:7D 12
05-29 18:29:56.815 I/BluetoothDevice( 1386): removeBond() for device XX:XX:XX:XX:C0:7D called by pid: 1386 tid: 1386
05-29 18:29:56.817 I/bt_btif_dm( 1027): packages/modules/Bluetooth/system/btif/src/btif_dm.cc:695 btif_update_remote_properties: class of device (cod) is 0x00050c
05-29 18:29:56.819 E/dangbei111( 1386): cccccc 搜索到bond 什么都不处理 Dangbei E4:BB:D3:57:C0:7D
05-29 18:29:56.825 E/dangbei111( 1386): cccccc 检查遥控器是否连接: Dangbei E4:BB:D3:57:C0:7D
05-29 18:29:56.828 E/dangbei111( 1386): cccccc 检查遥控器是否连接: 蓝牙的结果 Dangbei E4:BB:D3:57:C0:7D false
05-29 18:29:56.829 E/dangbei111( 1386): cccccc input中没有遥控器 存在 先什么都不操作 返回false
05-29 18:29:56.831 E/dangbei111( 1386): cccccc 开始扫描
05-29 18:29:56.831 D/BluetoothAdapter( 1386): isLeEnabled(): ON
05-29 18:29:56.833 E/dangbei111( 1386): cccccc scan 得到的设备和状态 Dangbei E4:BB:D3:57:C0:7D 12
05-29 18:29:56.836 E/dangbei111( 1386): cccccc 取消pair Dangbei E4:BB:D3:57:C0:7D 12
05-29 18:29:56.837 I/BluetoothDevice( 1386): removeBond() for device XX:XX:XX:XX:C0:7D called by pid: 1386 tid: 1386
05-29 18:29:56.841 E/dangbei111( 1386): cccccc 搜索到bond 什么都不处理 Dangbei E4:BB:D3:57:C0:7D
05-29 18:29:56.843 I/bt_btif_dm( 1027): packages/modules/Bluetooth/system/btif/src/btif_dm.cc:695 btif_update_remote_properties: class of device (cod) is 0x00050c
05-29 18:29:56.847 E/dangbei111( 1386): cccccc 检查遥控器是否连接: Dangbei E4:BB:D3:57:C0:7D
05-29 18:29:56.850 E/dangbei111( 1386): cccccc 检查遥控器是否连接: 蓝牙的结果 Dangbei E4:BB:D3:57:C0:7D false
05-29 18:29:56.850 E/dangbei111( 1386): cccccc input中没有遥控器 存在 先什么都不操作 返回false
