05-29 18:26:58.309 W/ContextImpl( 1259): Calling a method in the system process without a qualified user: android.app.ContextImpl.startForegroundService:1905 android.content.ContextWrapper.startForegroundService:830 android.content.ContextWrapper.startForegroundService:830 com.android.tv.settings.BootReceiver.onReceive:58 android.app.ActivityThread.handleReceiver:4494
05-29 18:26:58.309 W/ActivityManager( 700): Unable to start service Intent { act=android.intent.action.BOOT_COMPLETED flg=0x89000010 cmp=com.android.tv.settings/.BootReceiver (has extras) } U=0: not found
05-29 18:26:58.309 E/ccc ( 1386): cccccc etna-service onStartCommand
05-29 18:26:58.310 V/Settings_BootBroadcastReceiver( 1259): com.google.android.tv.remote.service启动成功
05-29 18:26:58.311 V/GraphicsEnvironment( 1633): Currently set values for:
05-29 18:26:58.311 V/GraphicsEnvironment( 1633): angle_gl_driver_selection_pkgs=[]
05-29 18:26:58.311 V/GraphicsEnvironment( 1633): angle_gl_driver_selection_values=[]
05-29 18:26:58.312 V/GraphicsEnvironment( 1633): ANGLE GameManagerService for com.android.providers.downloads: false
05-29 18:26:58.312 V/GraphicsEnvironment( 1633): com.android.providers.downloads is not listed in per-application setting
05-29 18:26:58.313 V/GraphicsEnvironment( 1633): Neither updatable production driver nor prerelease driver is supported.
05-29 18:26:58.314 I/CheckInBootCompletedReceiver( 1334): Received boot completed intent
05-29 18:26:58.317 D/AiPqService( 1049): [AIPQservice] onCreate sys_value= 0
05-29 18:26:58.318 D/AiPqService( 1049): [AIPQservice] onStartCommand
05-29 18:26:58.319 E/CoreService( 1386): onStartCommand
05-29 18:26:58.319 E/ccc ( 1386): cccccc etnaService addListener com.dangbei.lerad.etna.lib.client.EtnaServerListener@b118c67 com.dangbei.etna.update
05-29 18:26:58.319 E/ccc ( 1386): cccccc UpdateHelper onServerConnected
05-29 18:26:58.320 E/ccc ( 1386): cccccc etnaService addListener com.dangbei.lerad.etna.lib.client.EtnaServerListener@dea5a14 com.dangbei.etna.setting
05-29 18:26:58.320 E/ccc ( 1386): cccccc SettingHelper onServerConnected
05-29 18:26:58.321 I/ActivityManager( 700): com.android.dynsystem is exempt from freezer
05-29 18:26:58.322 W/ContextImpl( 1386): Calling a method in the system process without a qualified user: android.app.ContextImpl.bindService:1988 android.content.ContextWrapper.bindService:861 com.dangbei.lerad.etna.lib.client.EtnaClient.bindServer:138 com.dangbei.lerad.etna.lib.client.EtnaClient.access$600:29 com.dangbei.lerad.etna.lib.client.EtnaClient$3.call:205
05-29 18:26:58.322 D/CompatibilityChangeReporter( 700): Compat change id reported: 135634846; UID 1000; state: DISABLED
05-29 18:26:58.323 I/DlcClient( 1334): Binding com.android.devicelockcontroller/.storage.GlobalParametersService
05-29 18:26:58.342 D/CompatibilityChangeReporter( 1383): Compat change id reported: 194532703; UID 10074; state: ENABLED
05-29 18:26:58.343 D/CompatibilityChangeReporter( 1383): Compat change id reported: 253665015; UID 10074; state: ENABLED
05-29 18:26:58.343 I/DeviceCheckInHelper( 1334): enqueueDeviceCheckInWork with delay: PT0S
05-29 18:26:58.344 D/CompatibilityChangeReporter( 700): Compat change id reported: 253665015; UID 10074; state: ENABLED
05-29 18:26:58.345 D/CompatibilityChangeReporter( 700): Compat change id reported: 194532703; UID 10074; state: ENABLED
05-29 18:26:58.348 W/ContextImpl( 1386): Calling a method in the system process without a qualified user: android.app.ContextImpl.bindService:1988 android.content.ContextWrapper.bindService:861 com.dangbei.lerad.etna.lib.client.EtnaClient.bindServer:138 com.dangbei.lerad.etna.lib.client.EtnaClient.access$600:29 com.dangbei.lerad.etna.lib.client.EtnaClient$3.call:205
05-29 18:26:58.348 W/ContextImpl( 1386): Calling a method in the system process without a qualified user: android.app.ContextImpl.bindService:1988 android.content.ContextWrapper.bindService:861 com.dangbei.lerad.etna.lib.client.EtnaClient.bindServer:138 com.dangbei.lerad.etna.lib.client.EtnaClient.access$600:29 com.dangbei.lerad.etna.lib.client.EtnaClient$3.call:205
05-29 18:26:58.349 E/ccc ( 1386): cccccc etnaService addListener com.dangbei.lerad.etna.lib.client.EtnaServerListener@a6badb9 com.dangbei.lerad.etna.haqu.andes
05-29 18:26:58.350 E/ccc ( 1386): cccccc sendCycleCheckBootGuideStatusMessage
05-29 18:26:58.351 W/StorageManagerService( 700): Reporting emulated;0 unmounted due to system locked
05-29 18:26:58.351 E/hq ( 1431): USBReceiver:::USBReceiver onReceive: list=1
05-29 18:26:58.355 D/hq ( 1431): NetWorkStateReceiver:::检查网络,并且持续更新 isConnect=false
05-29 18:26:58.355 W/ContextImpl( 1386): Calling a method in the system process without a qualified user: android.app.ContextImpl.startService:1899 android.content.ContextWrapper.startService:825 com.dangbei.etna.setting.core.SettingHelper.startRocky:268 com.dangbei.etna.setting.core.SettingHelper.sendCycleCheckBootGuideStatusMessage:215 com.dangbei.etna.setting.core.SettingHelper.startLoop:204
05-29 18:26:58.356 E/DispatcherManager( 1431): publishMode=DBBOX-A3 piDispatcher=com.dangbei.launcher.dispatcher.function.BOXAXDispatcher@9172049
05-29 18:26:58.356 I/hq ( 1431): 当前的服务模式是,serviceMode=0
05-29 18:26:58.357 I/ActivityManager( 700): com.dangbei.lerad.rocky is exempt from freezer
05-29 18:26:58.360 E/ccc ( 1386): cccccc sendCycleCheckBroadcast
05-29 18:26:58.360 W/ContextImpl( 1386): Calling a method in the system process without a qualified user: android.app.ContextImpl.sendBroadcast:1220 android.content.ContextWrapper.sendBroadcast:504 com.dangbei.etna.setting.core.SettingHelper.sendCycleToProjector:258 com.dangbei.etna.setting.core.SettingHelper.sendCycleCheckBroadcast:227 com.dangbei.etna.setting.core.SettingHelper.sendCycleCheckBootGuideStatusMessage:216
05-29 18:26:58.362 W/ContextImpl( 1386): Calling a method in the system process without a qualified user: android.app.ContextImpl.sendBroadcast:1220 android.content.ContextWrapper.sendBroadcast:504 com.dangbei.etna.setting.core.SettingHelper.sendCycleToVoice:243 com.dangbei.etna.setting.core.SettingHelper.sendCycleCheckBroadcast:228 com.dangbei.etna.setting.core.SettingHelper.sendCycleCheckBootGuideStatusMessage:216
05-29 18:26:58.366 D/Zygote ( 464): Forked child process 1671
05-29 18:26:58.366 I/ActivityManager( 700): Start proc 1671:com.android.dynsystem/1000 for broadcast {com.android.dynsystem/com.android.dynsystem.BootCompletedReceiver}
05-29 18:26:58.371 D/nativeloader( 1633): Configuring clns-shared-5 for other apk /system/priv-app/MtpService/MtpService.apk. target_sdk_version=34, uses_libraries=, library_path=/system/priv-app/MtpService/lib/arm:/system/lib:/system_ext/lib, permitted_path=/data:/mnt/expand:/data/user/0/com.android.mtp:/system/priv-app/MtpService:/system/lib:/system_ext/lib
05-29 18:26:58.372 D/CompatibilityChangeReporter( 1386): Compat change id reported: 270306772; UID 1000; state: DISABLED
05-29 18:26:58.375 D/CompatibilityChangeReporter( 1386): Compat change id reported: 235355681; UID 1000; state: DISABLED
05-29 18:26:58.375 I/Zygote ( 1671): seccomp disabled by setenforce 0
05-29 18:26:58.378 E/MDnsDS ( 463): Failed to start: Service already running
05-29 18:26:58.380 E/MDnsManager( 700): Start mdns failed.
05-29 18:26:58.380 E/MDnsManager( 700): android.os.ServiceSpecificException: Device or resource busy (code 16)
05-29 18:26:58.380 E/MDnsManager( 700): at android.os.Parcel.createExceptionOrNull(Parcel.java:3071)
05-29 18:26:58.380 E/MDnsManager( 700): at android.os.Parcel.createException(Parcel.java:3041)
05-29 18:26:58.380 E/MDnsManager( 700): at android.os.Parcel.readException(Parcel.java:3024)
05-29 18:26:58.380 E/MDnsManager( 700): at android.os.Parcel.readException(Parcel.java:2966)
05-29 18:26:58.380 E/MDnsManager( 700): at android.net.connectivity.android.net.mdns.aidl.IMDns$Stub$Proxy.startDaemon(IMDns.java:216)
05-29 18:26:58.380 E/MDnsManager( 700): at android.net.connectivity.android.net.nsd.MDnsManager.startDaemon(MDnsManager.java:53)
05-29 18:26:58.380 E/MDnsManager( 700): at android.net.connectivity.com.android.server.NsdService$NsdStateMachine.maybeStartDaemon(NsdService.java:332)
05-29 18:26:58.380 E/MDnsManager( 700): at android.net.connectivity.com.android.server.NsdService$NsdStateMachine.-$$Nest$mmaybeStartDaemon(NsdService.java:0)
05-29 18:26:58.380 E/MDnsManager( 700): at android.net.connectivity.com.android.server.NsdService$NsdStateMachine$DefaultState.processMessage(NsdService.java:486)
05-29 18:26:58.380 E/MDnsManager( 700): at android.net.connectivity.com.android.internal.util.StateMachine$SmHandler.processMsg(StateMachine.java:993)
05-29 18:26:58.380 E/MDnsManager( 700): at android.net.connectivity.com.android.internal.util.StateMachine$SmHandler.handleMessage(StateMachine.java:810)
05-29 18:26:58.380 E/MDnsManager( 700): at android.os.Handler.dispatchMessage(Handler.java:106)
05-29 18:26:58.380 E/MDnsManager( 700): at android.os.Looper.loopOnce(Looper.java:205)
05-29 18:26:58.380 E/MDnsManager( 700): at android.os.Looper.loop(Looper.java:294)
05-29 18:26:58.380 E/MDnsManager( 700): at android.os.HandlerThread.run(HandlerThread.java:67)
05-29 18:26:58.382 I/droid.dynsystem( 1671): Using CollectorTypeCC GC.
05-29 18:26:58.386 I/hq ( 1431): getCurrentUser: visitorBean=Users{userId=-1, nickName='游客', avatarUrl='null', wxToken='null', vip='null', mobile='null', sex=null, description='null', city='null', province='null', country='null', launcherMode=null, token='null', token='null'}
05-29 18:26:58.387 E/hq ( 1431): 检查user:::switchDao id=390104
05-29 18:26:58.388 D/WanCommander( 1386): handleConnection:
05-29 18:26:58.391 E/droid.dynsystem( 1671): Not starting debugger since process cannot load the jdwp agent.
05-29 18:26:58.391 E/EtnaListener( 1386): onServerConnected
05-29 18:26:58.391 E/ccc ( 1386): cccccc etnaService addListener com.dangbei.lerad.etna.lib.client.EtnaServerListener@667c298 com.dangbei.etna.setting
05-29 18:26:58.391 E/ccc ( 1386): cccccc SettingHelper onServerConnected
05-29 18:26:58.392 D/WM-PackageManagerHelper( 1334): androidx.work.impl.background.systemjob.SystemJobService enabled
05-29 18:26:58.392 D/WM-Schedulers( 1334): Created SystemJobScheduler and enabled SystemJobService
05-29 18:26:58.393 E/ccc ( 1386): cccccc etnaService addListener com.dangbei.lerad.etna.lib.client.EtnaServerListener@1085af1 com.dangbei.etna.update
05-29 18:26:58.393 E/ccc ( 1386): cccccc UpdateHelper onServerConnected
05-29 18:26:58.395 E/ccc ( 1386): cccccc sendCycleCheckBootGuideStatusMessage
05-29 18:26:58.396 W/ContextImpl( 1386): Calling a method in the system process without a qualified user: android.app.ContextImpl.startService:1899 android.content.ContextWrapper.startService:825 com.dangbei.etna.setting.core.SettingHelper.startRocky:268 com.dangbei.etna.setting.core.SettingHelper.sendCycleCheckBootGuideStatusMessage:215 com.dangbei.etna.setting.core.SettingHelper.startLoop:204
05-29 18:26:58.399 E/ccc ( 1386): cccccc sendCycleCheckBroadcast
05-29 18:26:58.399 W/ContextImpl( 1386): Calling a method in the system process without a qualified user: android.app.ContextImpl.sendBroadcast:1220 android.content.ContextWrapper.sendBroadcast:504 com.dangbei.etna.setting.core.SettingHelper.sendCycleToProjector:258 com.dangbei.etna.setting.core.SettingHelper.sendCycleCheckBroadcast:227 com.dangbei.etna.setting.core.SettingHelper.sendCycleCheckBootGuideStatusMessage:216
05-29 18:26:58.401 W/ContextImpl( 1386): Calling a method in the system process without a qualified user: android.app.ContextImpl.sendBroadcast:1220 android.content.ContextWrapper.sendBroadcast:504 com.dangbei.etna.setting.core.SettingHelper.sendCycleToVoice:243 com.dangbei.etna.setting.core.SettingHelper.sendCycleCheckBroadcast:228 com.dangbei.etna.setting.core.SettingHelper.sendCycleCheckBootGuideStatusMessage:216
05-29 18:26:58.408 D/CompatibilityChangeReporter( 700): Compat change id reported: 168419799; UID 1000; state: DISABLED
05-29 18:26:58.408 D/CompatibilityChangeReporter( 700): Compat change id reported: 273564678; UID 1000; state: DISABLED
05-29 18:26:58.413 D/Zygote ( 464): Forked child process 1691
05-29 18:26:58.413 W/ActivityManager( 700): Slow operation: 56ms so far, now at startProcess: returned from zygote!
05-29 18:26:58.413 W/ActivityManager( 700): Slow operation: 57ms so far, now at startProcess: done updating battery stats
05-29 18:26:58.414 W/ActivityManager( 700): Slow operation: 57ms so far, now at startProcess: building log message
05-29 18:26:58.414 I/ActivityManager( 700): Start proc 1691:com.dangbei.lerad.rocky/1000 for service {com.dangbei.lerad.rocky/com.dangbei.rocky.RockyService}
05-29 18:26:58.414 W/ActivityManager( 700): Slow operation: 57ms so far, now at startProcess: starting to update pids map
05-29 18:26:58.414 W/ActivityManager( 700): Slow operation: 57ms so far, now at startProcess: done updating pids map
05-29 18:26:58.417 E/hq ( 1431): 检查user:::更新前的信息: null
05-29 18:26:58.417 E/hq ( 1431): 更新后的信息: Users{userId=390104, nickName='elsa', avatarUrl='https://thirdwx.qlogo.cn/mmopen/vi_32/PiajxSqBRaEL5ibv20OXAKjs6ZjhdJb535DMeqHRF2cAB9jCJVTlVqwgb1N4QDSyDAH45ibibFrlMlR4d8fgPGLl1eI4OhlYg3O9gYrF3u05ezDJSs1ZA5zd0A/132', wxToken='oV3gIwXmNPHiMu8sDtxu3ZHYcjAc', vip='[{"id":30,"memberCode":"bestv","mlUserId":"1e91e35876dacb1ef13d76cfb6f3832b","token":"","status":1,"endDate":"2025-09-24","pic":"http://dbimgsou.bestv.com.cn/newos/20240125/65b213276894c.png"},{"id":33,"memberCode":"dbmusic","mlUserId":"390104","token":"","status":0,"endDate":"2025-05-29","pic":""},{"id":13,"memberCode":"dbmusic","mlUserId":"390104","token":"","status":2,"endDate":"2024-04-13","pic":""},{"id":1,"memberCode":"iqiyi","mlUserId":"a5ec368857bb1acce5e3ed6c3fe2e6bb","token":"","status":1,"endDate":"2025-09-24","pic":"http://dbimgsou.bestv.com.cn/newos/20240125/65b213276894c.png"},{"id":35,"memberCode":"mitu","mlUserId":"","token":"","status":0,"endDate":"2025-05-29","pic":""}]', mobile='18923715203', sex=2, description='和丰账号ID:16dfafa010', city='', province='', country='', launcherMode=null, token='', token='f7a5f7bd2a98f0e20fb01d6ff91bad59'}
05-29 18:26:58.419 I/Zygote ( 1691): seccomp disabled by setenforce 0
05-29 18:26:58.421 D/AdHelper( 1431): ad server environment is official? false
05-29 18:26:58.421 D/AdHelper( 1431): ad server environment is official? false
05-29 18:26:58.421 D/AdHelper( 1431): ad server environment is official? false
05-29 18:26:58.421 D/AdHelper( 1431): ad server environment is official? false
05-29 18:26:58.425 D/CompatibilityChangeReporter( 1671): Compat change id reported: 171979766; UID 1000; state: ENABLED
05-29 18:26:58.425 D/CompatibilityChangeReporter( 1671): Compat change id reported: 242716250; UID 1000; state: ENABLED
05-29 18:26:58.428 I/bei.lerad.rocky( 1691): Using CollectorTypeCC GC.
05-29 18:26:58.428 D/AdHelper( 1431): AdHelper init: end
05-29 18:26:58.432 E/xxxxxxxxxxxxxxx( 1431): onConfigurationChanged2===>{1.0 ?mcc0mnc [zh_CN] ldltr sw720dp w1280dp h720dp 240dpi xlrg long land television -touch -keyb/v/h dpad/v winConfig={ mBounds=Rect(0, 0 - 1920, 1080) mAppBounds=Rect(0, 0 - 1920, 1080) mMaxBounds=Rect(0, 0 - 1920, 1080) mDisplayRotation=ROTATION_0 mWindowingMode=fullscreen mDisplayWindowingMode=fullscreen mActivityType=undefined mAlwaysOnTop=undefined mRotation=ROTATION_0} s.6 fontWeightAdjustment=0}
05-29 18:26:58.433 E/memInfo.totalMem( 1431): memInfo.totalMem=3856015360 1073741824
05-29 18:26:58.440 E/bei.lerad.rocky( 1691): Not starting debugger since process cannot load the jdwp agent.
05-29 18:26:58.451 D/getEthernetMacAddr( 1431): getEthernetMacAddr use eth0
05-29 18:26:58.458 D/CompatibilityChangeReporter( 700): Compat change id reported: 168419799; UID 1000; state: DISABLED
05-29 18:26:58.459 D/CompatibilityChangeReporter( 700): Compat change id reported: 273564678; UID 1000; state: DISABLED
05-29 18:26:58.471 D/nativeloader( 1671): Configuring clns-shared-4 for other apk /system/priv-app/DynamicSystemInstallationService/DynamicSystemInstallationService.apk. target_sdk_version=34, uses_libraries=, library_path=/system/priv-app/DynamicSystemInstallationService/lib/arm:/system/priv-app/DynamicSystemInstallationService/DynamicSystemInstallationService.apk!/lib/armeabi-v7a:/system/lib:/system_ext/lib, permitted_path=/data:/mnt/expand:/data/user/0/com.android.dynsystem:/system/priv-app/DynamicSystemInstallationService:/system/lib:/system_ext/lib
05-29 18:26:58.480 D/CompatibilityChangeReporter( 1691): Compat change id reported: 171979766; UID 1000; state: DISABLED
05-29 18:26:58.480 D/CompatibilityChangeReporter( 1691): Compat change id reported: 242716250; UID 1000; state: DISABLED
05-29 18:26:58.482 V/ContactsProvider( 1557): 0 Dangling Contacts have been cleaned up.
05-29 18:26:58.488 D/ApplicationLoaders( 1691): Returning zygote-cached class loader: /system/framework/android.test.base.jar
05-29 18:26:58.488 D/ApplicationLoaders( 1691): Returning zygote-cached class loader: /system/framework/android.hidl.manager-V1.0-java.jar
05-29 18:26:58.488 D/ApplicationLoaders( 1691): Returning zygote-cached class loader: /system/framework/android.hidl.base-V1.0-java.jar
05-29 18:26:58.493 D/CompatibilityChangeReporter( 700): Compat change id reported: 197654537; UID 1000; state: DISABLED
05-29 18:26:58.496 I/WebViewFactory( 1431): Loading com.android.webview version 116.0.5845.195 (code 584519500)
05-29 18:26:58.504 D/OsInitLaunch( 1431): send cache: homeCreate, null, null, null
05-29 18:26:58.506 D/nativeloader( 1431): InitLlndkLibrariesProduct: libEGL.so:libGLESv1_CM.so:libGLESv2.so:libGLESv3.so:libRS.so:libandroid_net.so:libbinder_ndk.so:libc.so:libcgrouprc.so:libclang_rt.asan-arm-android.so:libcom.android.tethering.connectivity_native.so:libdl.so:libft2.so:liblog.so:libm.so:libmediandk.so:libnativewindow.so:libneuralnetworks.so:libselinux.so:libsync.so:libvndksupport.so:libvulkan.so
05-29 18:26:58.506 D/nativeloader( 1431): Configuring product-clns-5 for unbundled product apk /product/app/webview/webview.apk. target_sdk_version=34, uses_libraries=, library_path=/product/app/webview/lib/arm:/product/app/webview/webview.apk!/lib/armeabi-v7a:/product/lib:/system/product/lib, permitted_path=/data:/mnt/expand:/product/lib:/system/product/lib
05-29 18:26:58.506 V/GraphicsEnvironment( 1671): Currently set values for:
05-29 18:26:58.507 V/GraphicsEnvironment( 1671): angle_gl_driver_selection_pkgs=[]
05-29 18:26:58.507 V/GraphicsEnvironment( 1671): angle_gl_driver_selection_values=[]
05-29 18:26:58.507 V/GraphicsEnvironment( 1671): ANGLE GameManagerService for com.android.dynsystem: false
05-29 18:26:58.509 D/nativeloader( 1431): InitVndkspLibrariesProduct: android.hardware.common-V2-ndk.so:android.hardware.common.fmq-V1-ndk.so:android.hardware.graphics.allocator-V2-ndk.so:android.hardware.graphics.common-V4-ndk.so:android.hardware.graphics.common@1.0.so:android.hardware.graphics.common@1.1.so:android.hardware.graphics.common@1.2.so:android.hardware.graphics.composer3-V1-ndk.so:android.hardware.graphics.mapper@2.0.so:android.hardware.graphics.mapper@2.1.so:android.hardware.graphics.mapper@3.0.so:android.hardware.graphics.mapper@4.0.so:android.hardware.renderscript@1.0.so:android.hidl.memory.token@1.0.so:android.hidl.memory@1.0-impl.so:android.hidl.memory@1.0.so:android.hidl.safe_union@1.0.so:libRSCpuRef.so:libRSDriver.so:libRS_internal.so:libbase.so:libbcinfo.so:libblas.so:libc++.so:libcompiler_rt.so:libcutils.so:libdmabufheap.so:libgralloctypes.so:libhardware.so:libhidlbase.so:libhidlmemory.so:libion.so:libjsoncpp.so:liblzma.so:libprocessgroup.so:libunwindstack.so:libutils.so:libutilscallstack.so:libz.so
05-29 18:26:58.509 D/ConnectivityService( 700): NetReassign [no changes] [c 0] [a 0] [i 0]
05-29 18:26:58.509 V/GraphicsEnvironment( 1671): com.android.dynsystem is not listed in per-application setting
05-29 18:26:58.510 V/GraphicsEnvironment( 1671): Neither updatable production driver nor prerelease driver is supported.
05-29 18:26:58.514 D/CompatibilityChangeReporter( 1334): Compat change id reported: 160794467; UID 10061; state: ENABLED
05-29 18:26:58.518 I/ActivityManager( 700): com.android.managedprovisioning is exempt from freezer
05-29 18:26:58.518 D/CompatibilityChangeReporter( 700): Compat change id reported: 135634846; UID 10021; state: DISABLED
05-29 18:26:58.519 D/CompatibilityChangeReporter( 700): Compat change id reported: 177438394; UID 10021; state: DISABLED
05-29 18:26:58.519 D/CompatibilityChangeReporter( 700): Compat change id reported: 135772972; UID 10021; state: DISABLED
05-29 18:26:58.519 D/CompatibilityChangeReporter( 700): Compat change id reported: 135754954; UID 10021; state: ENABLED
05-29 18:26:58.520 D/CompatibilityChangeReporter( 700): Compat change id reported: 143937733; UID 10021; state: ENABLED
05-29 18:26:58.524 I/ActivityManager( 700): com.android.dynsystem is exempt from freezer
05-29 18:26:58.524 D/CompatibilityChangeReporter( 700): Compat change id reported: 135634846; UID 1000; state: DISABLED
05-29 18:26:58.537 D/Zygote ( 464): Forked child process 1716
05-29 18:26:58.537 I/ActivityManager( 700): Start proc 1716:com.android.managedprovisioning/u0a21 for broadcast {com.android.managedprovisioning/com.android.managedprovisioning.BootReminder}
05-29 18:26:58.540 D/nativeloader( 1691): Configuring clns-shared-4 for other apk /system/app/Rocky/Rocky.apk. target_sdk_version=28, uses_libraries=, library_path=/system/app/Rocky/lib/arm:/system/app/Rocky/Rocky.apk!/lib/armeabi-v7a:/system/lib:/system_ext/lib, permitted_path=/data:/mnt/expand:/data/user/0/com.dangbei.lerad.rocky:/system/app/Rocky:/system/lib:/system_ext/lib
05-29 18:26:58.550 I/Zygote ( 1716): seccomp disabled by setenforce 0
05-29 18:26:58.553 D/nativeloader( 1633): Configuring clns-shared-6 for other apk /system/priv-app/MediaProviderLegacy/MediaProviderLegacy.apk. target_sdk_version=34, uses_libraries=, library_path=/system/priv-app/MediaProviderLegacy/lib/arm:/system/lib:/system_ext/lib, permitted_path=/data:/mnt/expand:/data/user/0/com.android.providers.media:/system/priv-app/MediaProviderLegacy:/system/lib:/system_ext/lib
05-29 18:26:58.554 D/Zygote ( 464): Forked child process 1719
05-29 18:26:58.555 I/ActivityManager( 700): Start proc 1719:com.android.dynsystem:dynsystem/1000 for service {com.android.dynsystem/com.android.dynsystem.DynamicSystemInstallationService}
05-29 18:26:58.557 I/gedprovisioning( 1716): Using CollectorTypeCC GC.
05-29 18:26:58.564 E/gedprovisioning( 1716): Not starting debugger since process cannot load the jdwp agent.
05-29 18:26:58.566 I/Zygote ( 1719): seccomp disabled by setenforce 0
05-29 18:26:58.571 I/cr_WVCFactoryProvider( 1431): Loaded version=116.0.5845.195 minSdkVersion=1 isBundle=false multiprocess=true packageId=2
05-29 18:26:58.585 D/CompatibilityChangeReporter( 700): Compat change id reported: 161145287; UID 10018; state: ENABLED
05-29 18:26:58.594 I/MobclickAgent( 1431): module init:azio
05-29 18:26:58.595 I/ystem:dynsystem( 1719): Using CollectorTypeCC GC.
05-29 18:26:58.599 E/hq ( 1431): LauncherCallback:::onViewCreate
05-29 18:26:58.599 E/hq ( 1431): LauncherCallback:::onAttach
05-29 18:26:58.607 E/ystem:dynsystem( 1719): Not starting debugger since process cannot load the jdwp agent.
05-29 18:26:58.617 D/CompatibilityChangeReporter( 700): Compat change id reported: 168419799; UID 10021; state: DISABLED
05-29 18:26:58.617 D/CompatibilityChangeReporter( 700): Compat change id reported: 273564678; UID 10021; state: DISABLED
05-29 18:26:58.621 D/CompatibilityChangeReporter( 700): Compat change id reported: 265195908; UID 10021; state: ENABLED
05-29 18:26:58.625 D/CompatibilityChangeReporter( 1716): Compat change id reported: 171979766; UID 10021; state: ENABLED
05-29 18:26:58.625 D/CompatibilityChangeReporter( 1716): Compat change id reported: 242716250; UID 10021; state: ENABLED
05-29 18:26:58.626 D/CompatibilityChangeReporter( 1719): Compat change id reported: 171979766; UID 1000; state: ENABLED
05-29 18:26:58.626 D/CompatibilityChangeReporter( 1719): Compat change id reported: 242716250; UID 1000; state: ENABLED
05-29 18:26:58.628 D/CompatibilityChangeReporter( 700): Compat change id reported: 170503758; UID 10021; state: ENABLED
05-29 18:26:58.641 D/nativeloader( 1719): Configuring clns-shared-4 for other apk /system/priv-app/DynamicSystemInstallationService/DynamicSystemInstallationService.apk. target_sdk_version=34, uses_libraries=, library_path=/system/priv-app/DynamicSystemInstallationService/lib/arm:/system/priv-app/DynamicSystemInstallationService/DynamicSystemInstallationService.apk!/lib/armeabi-v7a:/system/lib:/system_ext/lib, permitted_path=/data:/mnt/expand:/data/user/0/com.android.dynsystem:/system/priv-app/DynamicSystemInstallationService:/system/lib:/system_ext/lib
05-29 18:26:58.644 D/CompatibilityChangeReporter( 1633): Compat change id reported: 194532703; UID 10018; state: ENABLED
05-29 18:26:58.644 D/CompatibilityChangeReporter( 1633): Compat change id reported: 253665015; UID 10018; state: ENABLED
05-29 18:26:58.646 D/CompatibilityChangeReporter( 700): Compat change id reported: 253665015; UID 10018; state: ENABLED
05-29 18:26:58.647 W/StorageManagerService( 700): Reporting emulated;0 unmounted due to system locked
05-29 18:26:58.647 D/CompatibilityChangeReporter( 700): Compat change id reported: 194532703; UID 10018; state: ENABLED
05-29 18:26:58.650 V/GraphicsEnvironment( 1691): Currently set values for:
05-29 18:26:58.650 V/GraphicsEnvironment( 1691): angle_gl_driver_selection_pkgs=[]
05-29 18:26:58.650 V/GraphicsEnvironment( 1691): angle_gl_driver_selection_values=[]
05-29 18:26:58.652 V/GraphicsEnvironment( 1691): ANGLE GameManagerService for com.dangbei.lerad.rocky: false
05-29 18:26:58.652 V/GraphicsEnvironment( 1691): com.dangbei.lerad.rocky is not listed in per-application setting
05-29 18:26:58.652 V/GraphicsEnvironment( 1691): Neither updatable production driver nor prerelease driver is supported.
05-29 18:26:58.658 W/gedprovisioning( 1716): ClassLoaderContext shared library size mismatch. Expected=2, found=0 (PCL[]{PCL[/system_ext/framework/androidx.window.extensions.jar*875812793]#PCL[/system_ext/framework/androidx.window.sidecar.jar*2298648165]} | PCL[])
05-29 18:26:58.659 E/hq ( 1431): LauncherCallback:::inspect
05-29 18:26:58.661 D/CompatibilityChangeReporter( 1431): Compat change id reported: 289878283; UID 1000; state: DISABLED
05-29 18:26:58.661 E/hq ( 1431): AdHelper:::后台配置是否展现广告: true
05-29 18:26:58.662 D/OsInitLaunch( 1431): send cache: launchHome, launchMainActivity, null, 1
05-29 18:26:58.667 D/nativeloader( 1716): Configuring clns-shared-4 for other apk /system/priv-app/ManagedProvisioning/ManagedProvisioning.apk. target_sdk_version=34, uses_libraries=, library_path=/system/priv-app/ManagedProvisioning/lib/arm:/system/lib:/system_ext/lib, permitted_path=/data:/mnt/expand:/data/user/0/com.android.managedprovisioning:/system/priv-app/ManagedProvisioning:/system/lib:/system_ext/lib
05-29 18:26:58.677 D/CompatibilityChangeReporter( 1431): Compat change id reported: 210923482; UID 1000; state: DISABLED
05-29 18:26:58.678 D/CompatibilityChangeReporter( 1431): Compat change id reported: 37756858; UID 1000; state: ENABLED
05-29 18:26:58.678 I/MultiDex( 1691): VM with version 2.1.0 has multidex support
05-29 18:26:58.678 I/MultiDex( 1691): Installing application
05-29 18:26:58.678 I/MultiDex( 1691): VM has multidex support, MultiDex support library is disabled.
05-29 18:26:58.678 V/GraphicsEnvironment( 1719): Currently set values for:
05-29 18:26:58.678 V/GraphicsEnvironment( 1719): angle_gl_driver_selection_pkgs=[]
05-29 18:26:58.678 V/GraphicsEnvironment( 1719): angle_gl_driver_selection_values=[]
05-29 18:26:58.679 V/GraphicsEnvironment( 1719): ANGLE GameManagerService for com.android.dynsystem: false
05-29 18:26:58.679 V/GraphicsEnvironment( 1719): com.android.dynsystem is not listed in per-application setting
05-29 18:26:58.679 V/GraphicsEnvironment( 1719): Neither updatable production driver nor prerelease driver is supported.
05-29 18:26:58.682 W/StorageManagerService( 700): Reporting emulated;0 unmounted due to system locked
05-29 18:26:58.686 W/StorageManagerService( 700): Reporting emulated;0 unmounted due to system locked
05-29 18:26:58.698 W/StorageManagerService( 700): Reporting emulated;0 unmounted due to system locked
05-29 18:26:58.702 W/StorageManagerService( 700): Reporting emulated;0 unmounted due to system locked
05-29 18:26:58.703 D/CompatibilityChangeReporter( 1334): Compat change id reported: 194532703; UID 10061; state: ENABLED
05-29 18:26:58.704 D/CompatibilityChangeReporter( 1334): Compat change id reported: 253665015; UID 10061; state: ENABLED
05-29 18:26:58.706 D/CompatibilityChangeReporter( 700): Compat change id reported: 271850009; UID 10061; state: ENABLED
05-29 18:26:58.706 D/CompatibilityChangeReporter( 700): Compat change id reported: 253665015; UID 10061; state: ENABLED
05-29 18:26:58.707 D/CompatibilityChangeReporter( 700): Compat change id reported: 194532703; UID 10061; state: ENABLED
05-29 18:26:58.708 D/DynamicSystemInstallationService( 1719): onStartCommand(): action=android.os.image.action.NOTIFY_IF_IN_USE
05-29 18:26:58.708 D/ConnectivityService( 700): requestNetwork for uid/pid:1000/700 asUid: 10061 activeRequest: null callbackRequest: 38 [NetworkRequest [ REQUEST id=39, [ Capabilities: INTERNET&NOT_RESTRICTED&TRUSTED&NOT_VCN_MANAGED Uid: 10061 RequestorUid: 1000 RequestorPkg: android UnderlyingNetworks: Null] ]] callback flags: 0 order: 2147483647
05-29 18:26:58.709 D/WifiNetworkFactory( 700): got request NetworkRequest [ REQUEST id=39, [ Capabilities: INTERNET&NOT_RESTRICTED&TRUSTED&NOT_VCN_MANAGED Uid: 10061 RequestorUid: 1000 RequestorPkg: android UnderlyingNetworks: Null] ]
05-29 18:26:58.709 D/UntrustedWifiNetworkFactory( 700): got request NetworkRequest [ REQUEST id=39, [ Capabilities: INTERNET&NOT_RESTRICTED&TRUSTED&NOT_VCN_MANAGED Uid: 10061 RequestorUid: 1000 RequestorPkg: android UnderlyingNetworks: Null] ]
05-29 18:26:58.709 D/OemPaidWifiNetworkFactory( 700): got request NetworkRequest [ REQUEST id=39, [ Capabilities: INTERNET&NOT_RESTRICTED&TRUSTED&NOT_VCN_MANAGED Uid: 10061 RequestorUid: 1000 RequestorPkg: android UnderlyingNetworks: Null] ]
05-29 18:26:58.709 D/MultiInternetWifiNetworkFactory( 700): got request NetworkRequest [ REQUEST id=39, [ Capabilities: INTERNET&NOT_RESTRICTED&TRUSTED&NOT_VCN_MANAGED Uid: 10061 RequestorUid: 1000 RequestorPkg: android UnderlyingNetworks: Null] ]
05-29 18:26:58.709 D/ConnectivityService( 700): NetReassign [no changes] [c 0] [a 0] [i 0]
05-29 18:26:58.709 I/DynamicSystemService( 700): isInstalled(): false
05-29 18:26:58.725 V/GraphicsEnvironment( 1716): Currently set values for:
05-29 18:26:58.725 V/GraphicsEnvironment( 1716): angle_gl_driver_selection_pkgs=[]
05-29 18:26:58.725 V/GraphicsEnvironment( 1716): angle_gl_driver_selection_values=[]
05-29 18:26:58.726 D/ConnectivityService( 700): requestNetwork for uid/pid:10061/1334 activeRequest: null callbackRequest: 40 [NetworkRequest [ REQUEST id=41, [ Capabilities: INTERNET&NOT_RESTRICTED&TRUSTED&NOT_VCN_MANAGED Uid: 10061 RequestorUid: 10061 RequestorPkg: com.android.devicelockcontroller UnderlyingNetworks: Null] ]] callback flags: 0 order: 2147483647
05-29 18:26:58.726 V/GraphicsEnvironment( 1716): ANGLE GameManagerService for com.android.managedprovisioning: false
05-29 18:26:58.726 V/GraphicsEnvironment( 1716): com.android.managedprovisioning is not listed in per-application setting
05-29 18:26:58.727 V/GraphicsEnvironment( 1716): Neither updatable production driver nor prerelease driver is supported.
05-29 18:26:58.728 D/WifiNetworkFactory( 700): got request NetworkRequest [ REQUEST id=41, [ Capabilities: INTERNET&NOT_RESTRICTED&TRUSTED&NOT_VCN_MANAGED Uid: 10061 RequestorUid: 10061 RequestorPkg: com.android.devicelockcontroller UnderlyingNetworks: Null] ]
05-29 18:26:58.728 D/UntrustedWifiNetworkFactory( 700): got request NetworkRequest [ REQUEST id=41, [ Capabilities: INTERNET&NOT_RESTRICTED&TRUSTED&NOT_VCN_MANAGED Uid: 10061 RequestorUid: 10061 RequestorPkg: com.android.devicelockcontroller UnderlyingNetworks: Null] ]
05-29 18:26:58.728 D/OemPaidWifiNetworkFactory( 700): got request NetworkRequest [ REQUEST id=41, [ Capabilities: INTERNET&NOT_RESTRICTED&TRUSTED&NOT_VCN_MANAGED Uid: 10061 RequestorUid: 10061 RequestorPkg: com.android.devicelockcontroller UnderlyingNetworks: Null] ]
05-29 18:26:58.728 D/ConnectivityService( 700): NetReassign [no changes] [c 0] [a 0] [i 0]
05-29 18:26:58.728 D/MultiInternetWifiNetworkFactory( 700): got request NetworkRequest [ REQUEST id=41, [ Capabilities: INTERNET&NOT_RESTRICTED&TRUSTED&NOT_VCN_MANAGED Uid: 10061 RequestorUid: 10061 RequestorPkg: com.android.devicelockcontroller UnderlyingNetworks: Null] ]
05-29 18:26:58.724 I/nd.statics.boot( 1431): type=1400 audit(0.0:722): avc: denied { search } for name="net" dev="sysfs" ino=12345 scontext=u:r:system_app:s0 tcontext=u:object_r:sysfs_net:s0 tclass=dir permissive=1
05-29 18:26:58.724 I/nd.statics.boot( 1431): type=1400 audit(0.0:723): avc: denied { read } for name="address" dev="sysfs" ino=22127 scontext=u:r:system_app:s0 tcontext=u:object_r:sysfs_net:s0 tclass=file permissive=1
05-29 18:26:58.724 I/nd.statics.boot( 1431): type=1400 audit(0.0:724): avc: denied { open } for path="/sys/devices/virtual/net/dummy0/address" dev="sysfs" ino=22127 scontext=u:r:system_app:s0 tcontext=u:object_r:sysfs_net:s0 tclass=file permissive=1
05-29 18:26:58.724 I/nd.statics.boot( 1431): type=1400 audit(0.0:725): avc: denied { getattr } for path="/sys/devices/virtual/net/dummy0/address" dev="sysfs" ino=22127 scontext=u:r:system_app:s0 tcontext=u:object_r:sysfs_net:s0 tclass=file permissive=1
05-29 18:26:58.739 D/CompatibilityChangeReporter( 1383): Compat change id reported: 247079863; UID 10074; state: ENABLED
05-29 18:26:58.748 I/vold ( 246): fuse-bpf is enabled because /sys/fs/fuse/features/fuse_bpf reads 'supported'
05-29 18:26:58.748 I/vold ( 246): Setting ro.fuse.bpf.is_running to true
05-29 18:26:58.750 I/vold ( 246): Configuring read_ahead of /mnt/user/0/emulated fuse filesystem to 256kb
05-29 18:26:58.750 I/vold ( 246): Writing 256 to /sys/class/bdi/0:60/read_ahead_kb
05-29 18:26:58.750 I/vold ( 246): Configuring max_ratio of /mnt/user/0/emulated fuse filesystem to 40
05-29 18:26:58.750 I/vold ( 246): Writing 40 to /sys/class/bdi/0:60/max_ratio
05-29 18:26:58.751 I/StorageManagerService( 700): Mounted volume VolumeInfo{emulated;0}:
05-29 18:26:58.751 I/StorageManagerService( 700): type=EMULATED diskId=null partGuid= mountFlags=PRIMARY|VISIBLE_FOR_WRITE
05-29 18:26:58.751 I/StorageManagerService( 700): mountUserId=0 state=MOUNTED
05-29 18:26:58.751 I/StorageManagerService( 700): fsType=null fsUuid=null fsLabel=null
05-29 18:26:58.751 I/StorageManagerService( 700): path=/storage/emulated internalPath=/data/media
05-29 18:26:58.752 I/StorageSessionController( 700): Notifying volume state changed for session with id: emulated;0
05-29 18:26:58.764 D/RockyApplication( 1691): init: false
05-29 18:26:58.766 V/MediaStore( 1383): Examining volume emulated;0 with name external_primary and state mounted
05-29 18:26:58.778 I/ActivityManager( 700): com.android.packageinstaller is exempt from freezer
05-29 18:26:58.778 D/CompatibilityChangeReporter( 700): Compat change id reported: 135634846; UID 10025; state: DISABLED
05-29 18:26:58.778 D/CompatibilityChangeReporter( 700): Compat change id reported: 177438394; UID 10025; state: DISABLED
05-29 18:26:58.778 D/CompatibilityChangeReporter( 700): Compat change id reported: 135772972; UID 10025; state: DISABLED
05-29 18:26:58.778 D/CompatibilityChangeReporter( 700): Compat change id reported: 135754954; UID 10025; state: ENABLED
05-29 18:26:58.780 D/CompatibilityChangeReporter( 700): Compat change id reported: 143937733; UID 10025; state: ENABLED
05-29 18:26:58.782 I/StorageSessionController( 700): Notifying volume state changed for session with id: emulated;0
05-29 18:26:58.783 V/MediaStore( 1383): Examining volume emulated;0 with name external_primary and state mounted
05-29 18:26:58.787 I/ExternalStorageServiceImpl( 1383): Ignoring volume state for vol:external_primary. State: checking
05-29 18:26:58.793 V/MediaStore( 1383): Examining volume emulated;0 with name external_primary and state mounted
05-29 18:26:58.795 D/Zygote ( 464): Forked child process 1780
05-29 18:26:58.796 I/ActivityManager( 700): Start proc 1780:com.android.packageinstaller/u0a25 for broadcast {com.android.packageinstaller/com.android.packageinstaller.TemporaryFileManager}
05-29 18:26:58.797 I/StorageSessionController( 700): Notifying volume state changed for session with id: emulated;0
05-29 18:26:58.817 D/RockyVoice( 1691): RestartReceiver onReceive
05-29 18:26:58.827 I/MediaProvider( 1383): Begin Intent { act=com.android.providers.media.action.SCAN_VOLUME (has extras) }
05-29 18:26:58.832 I/nd.statics.boot( 1431): type=1400 audit(0.0:726): avc: denied { search } for name="net" dev="sysfs" ino=12345 scontext=u:r:system_app:s0 tcontext=u:object_r:sysfs_net:s0 tclass=dir permissive=1
05-29 18:26:58.832 I/Zygote ( 1780): seccomp disabled by setenforce 0
05-29 18:26:58.837 V/MediaStore( 1383): Examining volume emulated;0 with name external_primary and state mounted
05-29 18:26:58.839 I/ackageinstaller( 1780): Using CollectorTypeCC GC.
05-29 18:26:58.847 E/ackageinstaller( 1780): Not starting debugger since process cannot load the jdwp agent.
05-29 18:26:58.848 E/getHdmiStatus( 1431): sourceInputStatus=null mEtnaAdapter=null
05-29 18:26:58.851 W/BroadcastLoopers( 700): Found previously unknown looper Thread[StorageManagerService,5,main]
05-29 18:26:58.853 D/installd( 609): Found quota mount /dev/block/by-name/metadata at /metadata
05-29 18:26:58.853 D/installd( 609): Found quota mount /dev/block/dm-50 at /data
05-29 18:26:58.854 D/installd( 609): Found quota mount /dev/block/dm-50 at /data/user/0
05-29 18:26:58.855 D/installd( 609): Found quota mount /dev/block/dm-50 at /mnt/pass_through/0/emulated
05-29 18:26:58.856 D/installd( 609): Found storage mount /dev/block/dm-50 at /mnt/pass_through/0/emulated
05-29 18:26:58.856 D/installd( 609): Found storage mount at /mnt/pass_through/0/emulated
05-29 18:26:58.861 V/MediaStore( 1383): Examining volume emulated;0 with name external_primary and state mounted
05-29 18:26:58.862 D/StorageManagerService( 700): Volume emulated;0 broadcasting mounted to UserHandle{0}
05-29 18:26:58.866 D/StorageManagerService( 700): Volume emulated;0 broadcasting checking to UserHandle{0}
05-29 18:26:58.867 E/DiskReceiver( 1259): Missing fsUuid, not launching activity.
05-29 18:26:58.867 D/CompatibilityChangeReporter( 700): Compat change id reported: 168419799; UID 10025; state: DISABLED
05-29 18:26:58.867 D/RockyManager( 1691): initFarWakeStatus isMainFarSwitch: false
05-29 18:26:58.867 D/CompatibilityChangeReporter( 700): Compat change id reported: 273564678; UID 10025; state: DISABLED
05-29 18:26:58.868 I/RockyManager( 1691): isFarWake: false
05-29 18:26:58.871 W/System.err( 1431): java.net.UnknownHostException: Unable to resolve host "utoken.umeng.com": No address associated with hostname
05-29 18:26:58.871 W/System.err( 1431): at java.net.Inet6AddressImpl.lookupHostByName(Inet6AddressImpl.java:156)
05-29 18:26:58.871 W/System.err( 1431): at java.net.Inet6AddressImpl.lookupAllHostAddr(Inet6AddressImpl.java:103)
05-29 18:26:58.871 W/System.err( 1431): at java.net.InetAddress.getAllByName(InetAddress.java:1152)
05-29 18:26:58.871 W/System.err( 1431): at com.android.okhttp.Dns$1.lookup(Dns.java:41)
05-29 18:26:58.871 W/System.err( 1431): at com.android.okhttp.internal.http.RouteSelector.resetNextInetSocketAddress(RouteSelector.java:178)
05-29 18:26:58.871 V/MediaStore( 1383): Examining volume emulated;0 with name external_primary and state mounted
05-29 18:26:58.871 W/System.err( 1431): at com.android.okhttp.internal.http.RouteSelector.nextProxy(RouteSelector.java:144)
05-29 18:26:58.871 W/System.err( 1431): at com.android.okhttp.internal.http.RouteSelector.next(RouteSelector.java:86)
05-29 18:26:58.871 W/System.err( 1431): at com.android.okhttp.internal.http.StreamAllocation.findConnection(StreamAllocation.java:176)
05-29 18:26:58.871 W/System.err( 1431): at com.android.okhttp.internal.http.StreamAllocation.findHealthyConnection(StreamAllocation.java:128)
05-29 18:26:58.871 W/System.err( 1431): at com.android.okhttp.internal.http.StreamAllocation.newStream(StreamAllocation.java:97)
05-29 18:26:58.871 W/System.err( 1431): at com.android.okhttp.internal.http.HttpEngine.connect(HttpEngine.java:289)
05-29 18:26:58.871 W/System.err( 1431): at com.android.okhttp.internal.http.HttpEngine.sendRequest(HttpEngine.java:232)
05-29 18:26:58.871 W/System.err( 1431): at com.android.okhttp.internal.huc.HttpURLConnectionImpl.execute(HttpURLConnectionImpl.java:465)
05-29 18:26:58.871 W/System.err( 1431): at com.android.okhttp.internal.huc.HttpURLConnectionImpl.connect(HttpURLConnectionImpl.java:131)
05-29 18:26:58.871 W/System.err( 1431): at com.android.okhttp.internal.huc.HttpURLConnectionImpl.getOutputStream(HttpURLConnectionImpl.java:262)
05-29 18:26:58.871 W/System.err( 1431): at com.android.okhttp.internal.huc.DelegatingHttpsURLConnection.getOutputStream(DelegatingHttpsURLConnection.java:219)
05-29 18:26:58.871 W/System.err( 1431): at com.android.okhttp.internal.huc.HttpsURLConnectionImpl.getOutputStream(HttpsURLConnectionImpl.java:30)
05-29 18:26:58.871 W/System.err( 1431): at com.umeng.umzid.a.a(SourceFile:80)
05-29 18:26:58.871 W/System.err( 1431): at com.umeng.umzid.ZIDManager.b(SourceFile:298)
05-29 18:26:58.871 W/System.err( 1431): at com.umeng.umzid.ZIDManager$b.run(Unknown Source:4)
05-29 18:26:58.871 W/System.err( 1431): at java.util.concurrent.Executors$RunnableAdapter.call(Executors.java:487)
05-29 18:26:58.871 W/System.err( 1431): at java.util.concurrent.FutureTask.run(FutureTask.java:264)
05-29 18:26:58.871 W/System.err( 1431): at java.util.concurrent.ScheduledThreadPoolExecutor$ScheduledFutureTask.run(ScheduledThreadPoolExecutor.java:307)
05-29 18:26:58.871 W/System.err( 1431): at java.util.concurrent.ThreadPoolExecutor.runWorker(ThreadPoolExecutor.java:1145)
05-29 18:26:58.871 W/System.err( 1431): at java.util.concurrent.ThreadPoolExecutor$Worker.run(ThreadPoolExecutor.java:644)
05-29 18:26:58.871 W/System.err( 1431): at java.lang.Thread.run(Thread.java:1012)
05-29 18:26:58.871 W/System.err( 1431): Caused by: android.system.GaiException: android_getaddrinfo failed: EAI_NODATA (No address associated with hostname)
05-29 18:26:58.871 W/System.err( 1431): at libcore.io.Linux.android_getaddrinfo(Native Method)
05-29 18:26:58.871 W/System.err( 1431): at libcore.io.ForwardingOs.android_getaddrinfo(ForwardingOs.java:133)
05-29 18:26:58.872 W/System.err( 1431): at libcore.io.BlockGuardOs.android_getaddrinfo(BlockGuardOs.java:222)
05-29 18:26:58.872 W/System.err( 1431): at libcore.io.ForwardingOs.android_getaddrinfo(ForwardingOs.java:133)
05-29 18:26:58.872 W/System.err( 1431): at java.net.Inet6AddressImpl.lookupHostByName(Inet6AddressImpl.java:135)
05-29 18:26:58.872 W/System.err( 1431): ... 25 more
05-29 18:26:58.872 D/CompatibilityChangeReporter( 700): Compat change id reported: 265195908; UID 10025; state: ENABLED
05-29 18:26:58.874 D/CompatibilityChangeReporter( 1780): Compat change id reported: 171979766; UID 10025; state: ENABLED
05-29 18:26:58.874 D/CompatibilityChangeReporter( 1780): Compat change id reported: 242716250; UID 10025; state: ENABLED
05-29 18:26:58.877 D/StorageManagerService( 700): Volume emulated;0 broadcasting mounted to UserHandle{0}
05-29 18:26:58.878 D/CompatibilityChangeReporter( 700): Compat change id reported: 170503758; UID 10025; state: ENABLED
05-29 18:26:58.885 I/libusbconfigfs( 500): monitorFfs signalled error
05-29 18:26:58.886 I/usb.gadget.aidl-service.droidlogic( 500): unvote accessory limit current failed
05-29 18:26:58.886 I/usb.gadget.aidl-service.droidlogic( 500): Usb Gadget setcurrent functions called successfully
05-29 18:26:58.886 E/UsbDeviceManager( 700): Usb setCurrentUsbFunctionsCb failed ,functions:4 ,status:1 ,transactionId:6
05-29 18:26:58.886 I/UsbDeviceManager( 700): notifyCurrentFunction request:1 status:1
05-29 18:26:58.927 D/DiskReceiver( 1259): Scanning volume: VolumeInfo{emulated;0}:
05-29 18:26:58.927 D/DiskReceiver( 1259): type=EMULATED diskId=null partGuid= mountFlags=PRIMARY|VISIBLE_FOR_WRITE
05-29 18:26:58.927 D/DiskReceiver( 1259): mountUserId=0 state=MOUNTED
05-29 18:26:58.927 D/DiskReceiver( 1259): fsType=null fsUuid=null fsLabel=null
05-29 18:26:58.927 D/DiskReceiver( 1259): path=/storage/emulated internalPath=/data/media
05-29 18:26:58.929 W/ContextImpl( 1691): Calling a method in the system process without a qualified user: android.app.ContextImpl.startService:1899 android.content.ContextWrapper.startService:825 com.cvte.tv.api.TvApiSDKManager.:177 com.cvte.tv.api.TvApiSDKManager.init:217 com.dangbei.rocky.component.system.SystemControlUtils.initSystemAidl:82
05-29 18:26:58.930 W/ActivityManager( 700): Unable to start service Intent { act=com.cvte.tv.api.TV_API_SERVICE pkg=com.cvte.tv.api.impl } U=0: not found
05-29 18:26:58.931 W/ContextImpl( 1691): Calling a method in the system process without a qualified user: android.app.ContextImpl.bindService:1988 android.content.ContextWrapper.bindService:861 com.cvte.tv.api.TvApiSDKManager.:178 com.cvte.tv.api.TvApiSDKManager.init:217 com.dangbei.rocky.component.system.SystemControlUtils.initSystemAidl:82
05-29 18:26:58.932 W/ActivityManager( 700): Unable to start service Intent { act=com.cvte.tv.api.TV_API_SERVICE pkg=com.cvte.tv.api.impl } U=0: not found
05-29 18:26:58.932 D/nativeloader( 1780): Configuring clns-shared-4 for other apk /system/priv-app/PackageInstaller_tv/PackageInstaller_tv.apk. target_sdk_version=34, uses_libraries=, library_path=/system/priv-app/PackageInstaller_tv/lib/arm:/system/lib:/system_ext/lib, permitted_path=/data:/mnt/expand:/data/user_de/0/com.android.packageinstaller:/system/priv-app/PackageInstaller_tv:/system/lib:/system_ext/lib
05-29 18:26:58.933 D/TvApiSDKManager( 1691): getTvApi getSystemService = false
05-29 18:26:58.933 D/TvApiSDKManager( 1691): getTvApi startService
05-29 18:26:58.934 W/ContextImpl( 1691): Calling a method in the system process without a qualified user: android.app.ContextImpl.startService:1899 android.content.ContextWrapper.startService:825 com.cvte.tv.api.TvApiSDKManager.getTvApi:361 com.dangbei.rocky.component.system.SystemControlUtils.initSystemAidl:83 com.dangbei.rocky.component.system.SystemComponent.onAttached:38
05-29 18:26:58.934 W/ActivityManager( 700): Unable to start service Intent { act=com.cvte.tv.api.TV_API_SERVICE pkg=com.cvte.tv.api.impl } U=0: not found
05-29 18:26:58.935 W/ContextImpl( 1691): Calling a method in the system process without a qualified user: android.app.ContextImpl.bindService:1988 android.content.ContextWrapper.bindService:861 com.cvte.tv.api.TvApiSDKManager.getTvApi:362 com.dangbei.rocky.component.system.SystemControlUtils.initSystemAidl:83 com.dangbei.rocky.component.system.SystemComponent.onAttached:38
05-29 18:26:58.935 W/ActivityManager( 700): Unable to start service Intent { act=com.cvte.tv.api.TV_API_SERVICE pkg=com.cvte.tv.api.impl } U=0: not found
05-29 18:26:58.946 V/MediaProvider( 1383): onConfigure() for internal.db
05-29 18:26:58.957 V/MediaProvider( 1383): onOpen() for internal.db
05-29 18:26:58.957 V/MediaProvider( 1383): onOpen() finished for internal.db
05-29 18:26:58.966 W/ContextImpl( 1691): Calling a method in the system process without a qualified user: android.app.ContextImpl.startService:1899 android.content.ContextWrapper.startService:825 com.dangbei.phrike.core.DownloadManager.register:294 com.dangbei.component_appcontrol.phrike.XPhrikeAppCreator.register:47 com.dangbei.component_appcontrol.AppControlComponent.onAttached:65
05-29 18:26:58.969 I/RockyManager( 1691): initSDKDelegate:
05-29 18:26:58.972 D/OsInitLaunch( 1431): send cache: mangoAuth, null, AUTH_NO_NETWORK, null
05-29 18:26:58.976 D/CompatibilityChangeReporter( 700): Compat change id reported: 182734110; UID 10074; state: ENABLED
05-29 18:26:58.978 D/CompatibilityChangeReporter( 1431): Compat change id reported: 263076149; UID 1000; state: DISABLED
05-29 18:26:58.982 V/GraphicsEnvironment( 1780): Currently set values for:
05-29 18:26:58.983 V/GraphicsEnvironment( 1780): angle_gl_driver_selection_pkgs=[]
05-29 18:26:58.983 V/GraphicsEnvironment( 1780): angle_gl_driver_selection_values=[]
05-29 18:26:58.984 V/GraphicsEnvironment( 1780): ANGLE GameManagerService for com.android.packageinstaller: false
05-29 18:26:58.984 V/GraphicsEnvironment( 1780): com.android.packageinstaller is not listed in per-application setting
05-29 18:26:58.984 V/GraphicsEnvironment( 1780): Neither updatable production driver nor prerelease driver is supported.
05-29 18:26:58.986 D/StatisticParamUtil( 1431): getBluetoothAddressSdk23: error
05-29 18:26:58.990 D/ConnectivityService( 700): requestNetwork for uid/pid:1000/1431 activeRequest: null callbackRequest: 42 [NetworkRequest [ REQUEST id=43, [ Capabilities: INTERNET&NOT_RESTRICTED&TRUSTED&NOT_VCN_MANAGED Uid: 1000 RequestorUid: 1000 RequestorPkg: com.dangbei.leard.leradlauncher UnderlyingNetworks: Null] ]] callback flags: 0 order: 2147483647
05-29 18:26:58.991 D/WifiNetworkFactory( 700): got request NetworkRequest [ REQUEST id=43, [ Capabilities: INTERNET&NOT_RESTRICTED&TRUSTED&NOT_VCN_MANAGED Uid: 1000 RequestorUid: 1000 RequestorPkg: com.dangbei.leard.leradlauncher UnderlyingNetworks: Null] ]
05-29 18:26:58.992 D/UntrustedWifiNetworkFactory( 700): got request NetworkRequest [ REQUEST id=43, [ Capabilities: INTERNET&NOT_RESTRICTED&TRUSTED&NOT_VCN_MANAGED Uid: 1000 RequestorUid: 1000 RequestorPkg: com.dangbei.leard.leradlauncher UnderlyingNetworks: Null] ]
05-29 18:26:58.992 D/ConnectivityService( 700): NetReassign [no changes] [c 0] [a 0] [i 1]
