05-29 18:26:55.264 D/xm_audio( 475): adev_get_parameters
05-29 18:26:55.265 D/ConnectivityService( 700): NetReassign [no changes] [c 0] [a 0] [i 0]
05-29 18:26:55.270 D/AudioService( 700): updateVolumeGroupIndex for stream 4, muted=false, device=1024, index=700, group alarm Muted=false, Index=70, forceMuteState=false
05-29 18:26:55.273 D/xm_audio( 475): adev_get_parameters
05-29 18:26:55.273 D/CompatibilityChangeReporter( 918): Compat change id reported: 205919743; UID 10052; state: ENABLED
05-29 18:26:55.277 D/AudioService( 700): updateVolumeGroupIndex for stream 5, muted=false, device=1024, index=700, group notification Muted=false, Index=70, forceMuteState=false
05-29 18:26:55.279 D/xm_audio( 475): adev_get_parameters
05-29 18:26:55.280 D/ThemeOverlayController( 918): Start
05-29 18:26:55.288 D/xm_audio( 475): adev_get_parameters
05-29 18:26:55.289 D/StorageNotification( 918): Notifying about private volume: VolumeInfo{private}:
05-29 18:26:55.289 D/StorageNotification( 918): type=PRIVATE diskId=null partGuid=null mountFlags=0 mountUserId=-10000
05-29 18:26:55.289 D/StorageNotification( 918): state=MOUNTED
05-29 18:26:55.289 D/StorageNotification( 918): fsType=null fsUuid=null fsLabel=null
05-29 18:26:55.289 D/StorageNotification( 918): path=/data internalPath=null
05-29 18:26:55.291 D/AudioService( 700): updateVolumeGroupIndex for stream 7, muted=false, device=1024, index=700, group enforced_audible Muted=false, Index=70, forceMuteState=false
05-29 18:26:55.295 D/xm_audio( 475): adev_get_parameters
05-29 18:26:55.298 D/AudioService( 700): updateVolumeGroupIndex for stream 8, muted=false, device=1024, index=700, group dtmf Muted=false, Index=70, forceMuteState=false
05-29 18:26:55.300 D/xm_audio( 475): adev_get_parameters
05-29 18:26:55.304 D/AudioService( 700): updateVolumeGroupIndex for stream 9, muted=false, device=1024, index=700, group tts Muted=false, Index=70, forceMuteState=false
05-29 18:26:55.309 D/xm_audio( 475): adev_get_parameters
05-29 18:26:55.313 D/AudioService( 700): updateVolumeGroupIndex for stream 10, muted=false, device=1024, index=700, group accessibility Muted=false, Index=70, forceMuteState=false
05-29 18:26:55.315 D/xm_audio( 475): adev_get_parameters
05-29 18:26:55.316 I/vol.Events( 918): writeEvent collection_started
05-29 18:26:55.318 D/AudioService( 700): updateVolumeGroupIndex for stream 11, muted=false, device=1024, index=700, group system Muted=false, Index=70, forceMuteState=false
05-29 18:26:55.325 D/xm_audio( 475): adev_get_parameters
05-29 18:26:55.330 D/AudioService( 700): Restoring device volume behavior
05-29 18:26:55.330 D/AudioService( 700): Retrieving Volume Behavior for DeviceType: 8192
05-29 18:26:55.330 D/AudioService( 700): Skipping Setting Volume Behavior for DeviceType: 8192
05-29 18:26:55.330 D/AudioService( 700): Retrieving Volume Behavior for DeviceType: 512
05-29 18:26:55.330 D/AudioService( 700): Skipping Setting Volume Behavior for DeviceType: 512
05-29 18:26:55.330 D/AudioService( 700): Retrieving Volume Behavior for DeviceType: 64
05-29 18:26:55.330 D/AudioService( 700): Skipping Setting Volume Behavior for DeviceType: 64
05-29 18:26:55.330 D/AudioService( 700): Retrieving Volume Behavior for DeviceType: 128
05-29 18:26:55.330 D/AudioService( 700): Skipping Setting Volume Behavior for DeviceType: 128
05-29 18:26:55.330 D/AudioService( 700): Retrieving Volume Behavior for DeviceType: 256
05-29 18:26:55.330 D/AudioService( 700): Skipping Setting Volume Behavior for DeviceType: 256
05-29 18:26:55.330 D/AudioService( 700): Retrieving Volume Behavior for DeviceType: 1024
05-29 18:26:55.330 D/AudioService( 700): Skipping Setting Volume Behavior for DeviceType: 1024
05-29 18:26:55.330 D/AudioService( 700): Retrieving Volume Behavior for DeviceType: 2048
05-29 18:26:55.330 D/AudioService( 700): Skipping Setting Volume Behavior for DeviceType: 2048
05-29 18:26:55.330 D/AudioService( 700): Retrieving Volume Behavior for DeviceType: 4096
05-29 18:26:55.330 D/AudioService( 700): Skipping Setting Volume Behavior for DeviceType: 4096
05-29 18:26:55.330 D/AudioService( 700): Retrieving Volume Behavior for DeviceType: 16384
05-29 18:26:55.331 D/AudioService( 700): Skipping Setting Volume Behavior for DeviceType: 16384
05-29 18:26:55.331 D/AudioService( 700): Retrieving Volume Behavior for DeviceType: 32768
05-29 18:26:55.331 D/AudioService( 700): Skipping Setting Volume Behavior for DeviceType: 32768
05-29 18:26:55.331 D/AudioService( 700): Retrieving Volume Behavior for DeviceType: 4194304
05-29 18:26:55.331 D/AudioService( 700): Skipping Setting Volume Behavior for DeviceType: 4194304
05-29 18:26:55.331 D/AudioService( 700): Retrieving Volume Behavior for DeviceType: 8388608
05-29 18:26:55.331 D/AudioService( 700): Skipping Setting Volume Behavior for DeviceType: 8388608
05-29 18:26:55.331 D/AudioService( 700): Retrieving Volume Behavior for DeviceType: 16777216
05-29 18:26:55.331 D/AudioService( 700): Skipping Setting Volume Behavior for DeviceType: 16777216
05-29 18:26:55.331 D/AudioService( 700): Retrieving Volume Behavior for DeviceType: 33554432
05-29 18:26:55.331 D/AudioService( 700): Skipping Setting Volume Behavior for DeviceType: 33554432
05-29 18:26:55.331 D/AudioService( 700): Retrieving Volume Behavior for DeviceType: 67108864
05-29 18:26:55.331 D/AudioService( 700): Skipping Setting Volume Behavior for DeviceType: 67108864
05-29 18:26:55.331 D/AudioService( 700): Retrieving Volume Behavior for DeviceType: 134217728
05-29 18:26:55.331 D/AudioService( 700): Skipping Setting Volume Behavior for DeviceType: 134217728
05-29 18:26:55.331 D/AudioService( 700): Retrieving Volume Behavior for DeviceType: 268435456
05-29 18:26:55.331 D/AudioService( 700): Skipping Setting Volume Behavior for DeviceType: 268435456
05-29 18:26:55.331 D/AudioService( 700): Retrieving Volume Behavior for DeviceType: 536870912
05-29 18:26:55.331 D/AudioService( 700): Skipping Setting Volume Behavior for DeviceType: 536870912
05-29 18:26:55.331 D/AudioService( 700): Retrieving Volume Behavior for DeviceType: 1073741824
05-29 18:26:55.331 D/AudioService( 700): Skipping Setting Volume Behavior for DeviceType: 1073741824
05-29 18:26:55.331 D/AudioService( 700): Retrieving Volume Behavior for DeviceType: 1
05-29 18:26:55.331 D/AudioService( 700): Skipping Setting Volume Behavior for DeviceType: 1
05-29 18:26:55.331 D/AudioService( 700): Retrieving Volume Behavior for DeviceType: 65536
05-29 18:26:55.331 D/AudioService( 700): Skipping Setting Volume Behavior for DeviceType: 65536
05-29 18:26:55.331 D/AudioService( 700): Retrieving Volume Behavior for DeviceType: 536870913
05-29 18:26:55.331 D/AudioService( 700): Skipping Setting Volume Behavior for DeviceType: 536870913
05-29 18:26:55.331 D/AudioService( 700): Retrieving Volume Behavior for DeviceType: 2
05-29 18:26:55.331 D/AudioService( 700): Skipping Setting Volume Behavior for DeviceType: 2
05-29 18:26:55.331 D/AudioService( 700): Retrieving Volume Behavior for DeviceType: 131072
05-29 18:26:55.331 D/AudioService( 700): Skipping Setting Volume Behavior for DeviceType: 131072
05-29 18:26:55.331 D/AudioService( 700): Retrieving Volume Behavior for DeviceType: 536870914
05-29 18:26:55.331 D/AudioService( 700): Skipping Setting Volume Behavior for DeviceType: 536870914
05-29 18:26:55.331 D/AudioService( 700): Retrieving Volume Behavior for DeviceType: 4
05-29 18:26:55.331 D/AudioService( 700): Skipping Setting Volume Behavior for DeviceType: 4
05-29 18:26:55.331 D/AudioService( 700): Retrieving Volume Behavior for DeviceType: 262144
05-29 18:26:55.331 D/AudioService( 700): Skipping Setting Volume Behavior for DeviceType: 262144
05-29 18:26:55.331 D/AudioService( 700): Retrieving Volume Behavior for DeviceType: 262145
05-29 18:26:55.331 D/AudioService( 700): Skipping Setting Volume Behavior for DeviceType: 262145
05-29 18:26:55.331 D/AudioService( 700): Retrieving Volume Behavior for DeviceType: 8
05-29 18:26:55.331 D/AudioService( 700): Skipping Setting Volume Behavior for DeviceType: 8
05-29 18:26:55.331 D/AudioService( 700): Retrieving Volume Behavior for DeviceType: 524288
05-29 18:26:55.331 D/AudioService( 700): Skipping Setting Volume Behavior for DeviceType: 524288
05-29 18:26:55.331 D/AudioService( 700): Retrieving Volume Behavior for DeviceType: 16
05-29 18:26:55.331 D/AudioService( 700): Skipping Setting Volume Behavior for DeviceType: 16
05-29 18:26:55.331 D/AudioService( 700): Retrieving Volume Behavior for DeviceType: 1048576
05-29 18:26:55.331 D/AudioService( 700): Skipping Setting Volume Behavior for DeviceType: 1048576
05-29 18:26:55.331 D/AudioService( 700): Retrieving Volume Behavior for DeviceType: 32
05-29 18:26:55.331 D/AudioService( 700): Skipping Setting Volume Behavior for DeviceType: 32
05-29 18:26:55.331 D/AudioService( 700): Retrieving Volume Behavior for DeviceType: 2097152
05-29 18:26:55.331 D/AudioService( 700): Skipping Setting Volume Behavior for DeviceType: 2097152
05-29 18:26:55.332 W/Looper ( 700): Slow dispatch took 1250ms main h=android.app.ActivityThread$H c=android.app.LoadedApk$ReceiverDispatcher$Args$$ExternalSyntheticLambda0@e3ae472 m=0
05-29 18:26:55.332 D/xm_audio( 475): adev_get_parameters
05-29 18:26:55.333 D/xm_audio( 475): adev_get_parameters
05-29 18:26:55.337 D/xm_audio( 475): adev_get_parameters
05-29 18:26:55.338 D/xm_audio( 475): adev_get_parameters
05-29 18:26:55.344 D/xm_audio( 475): adev_get_parameters
05-29 18:26:55.345 D/vol.VolumeDialogImpl( 918): initDialog: called!
05-29 18:26:55.346 D/xm_audio( 475): adev_get_parameters
05-29 18:26:55.353 D/xm_audio( 475): adev_get_parameters
05-29 18:26:55.354 D/xm_audio( 475): adev_get_parameters
05-29 18:26:55.358 D/xm_audio( 475): adev_get_parameters
05-29 18:26:55.360 D/xm_audio( 475): adev_get_parameters
05-29 18:26:55.367 D/xm_audio( 475): adev_get_parameters
05-29 18:26:55.369 D/xm_audio( 475): adev_get_parameters
05-29 18:26:55.374 D/xm_audio( 475): adev_get_parameters
05-29 18:26:55.377 I/bluetooth( 1027): packages/modules/Bluetooth/system/gd/hci/controller.cc:412 read_default_erroneous_data_reporting_handler: erroneous data reporting: 0
05-29 18:26:55.378 D/xm_audio( 475): adev_get_parameters
05-29 18:26:55.382 E/bluetooth( 1027): packages/modules/Bluetooth/system/gd/hci/controller.cc:574 le_get_vendor_capabilities_handler: invalid data for hci requirements v0.96
05-29 18:26:55.383 D/xm_audio( 475): adev_get_parameters
05-29 18:26:55.384 I/BtGdModule( 1027): packages/modules/Bluetooth/system/gd/module.cc:99 Start: Started Controller
05-29 18:26:55.385 I/BtGdModule( 1027): packages/modules/Bluetooth/system/gd/module.cc:93 Start: Finished starting dependencies and calling Start() of Vendor Specific Event Manager
05-29 18:26:55.385 I/BtGdModule( 1027): packages/modules/Bluetooth/system/gd/module.cc:99 Start: Started Vendor Specific Event Manager
05-29 18:26:55.385 I/BtGdModule( 1027): packages/modules/Bluetooth/system/gd/module.cc:85 Start: Constructing next module
05-29 18:26:55.385 I/BtGdModule( 1027): packages/modules/Bluetooth/system/gd/module.cc:89 Start: Starting dependencies of AclSchedulerModule
05-29 18:26:55.385 I/BtGdModule( 1027): packages/modules/Bluetooth/system/gd/module.cc:93 Start: Finished starting dependencies and calling Start() of AclSchedulerModule
05-29 18:26:55.385 I/BtGdModule( 1027): packages/modules/Bluetooth/system/gd/module.cc:99 Start: Started AclSchedulerModule
05-29 18:26:55.385 I/BtGdModule( 1027): packages/modules/Bluetooth/system/gd/module.cc:85 Start: Constructing next module
05-29 18:26:55.385 I/BtGdModule( 1027): packages/modules/Bluetooth/system/gd/module.cc:89 Start: Starting dependencies of Acl Manager
05-29 18:26:55.385 I/BtGdModule( 1027): packages/modules/Bluetooth/system/gd/module.cc:93 Start: Finished starting dependencies and calling Start() of Acl Manager
05-29 18:26:55.385 I/BtGdModule( 1027): packages/modules/Bluetooth/system/gd/module.cc:99 Start: Started Acl Manager
05-29 18:26:55.385 I/BtGdModule( 1027): packages/modules/Bluetooth/system/gd/module.cc:85 Start: Constructing next module
05-29 18:26:55.385 I/BtGdModule( 1027): packages/modules/Bluetooth/system/gd/module.cc:89 Start: Starting dependencies of Le Advertising Manager
05-29 18:26:55.385 I/BtGdModule( 1027): packages/modules/Bluetooth/system/gd/module.cc:93 Start: Finished starting dependencies and calling Start() of Le Advertising Manager
05-29 18:26:55.385 I/bluetooth( 1027): packages/modules/Bluetooth/system/gd/hci/le_advertising_manager.cc:177 get_tx_path_loss_compensation: Tx path loss compensation: 0
05-29 18:26:55.385 I/BtGdModule( 1027): packages/modules/Bluetooth/system/gd/module.cc:99 Start: Started Le Advertising Manager
05-29 18:26:55.385 I/BtGdModule( 1027): packages/modules/Bluetooth/system/gd/module.cc:85 Start: Constructing next module
05-29 18:26:55.385 I/bluetooth( 1027): packages/modules/Bluetooth/system/gd/hci/msft.cc:305 MsftExtensionManager: MsftExtensionManager()
05-29 18:26:55.385 I/BtGdModule( 1027): packages/modules/Bluetooth/system/gd/module.cc:89 Start: Starting dependencies of Microsoft Extension Manager
05-29 18:26:55.385 I/BtGdModule( 1027): packages/modules/Bluetooth/system/gd/module.cc:93 Start: Finished starting dependencies and calling Start() of Microsoft Extension Manager
05-29 18:26:55.385 I/bluetooth( 1027): packages/modules/Bluetooth/system/gd/hci/msft.cc:51 start: MsftExtensionManager start()
05-29 18:26:55.385 I/bluetooth( 1027): packages/modules/Bluetooth/system/gd/hci/msft.cc:63 start: MSFT extension is not supported.
05-29 18:26:55.385 I/BtGdModule( 1027): packages/modules/Bluetooth/system/gd/module.cc:99 Start: Started Microsoft Extension Manager
05-29 18:26:55.385 I/BtGdModule( 1027): packages/modules/Bluetooth/system/gd/module.cc:85 Start: Constructing next module
05-29 18:26:55.385 I/BtGdModule( 1027): packages/modules/Bluetooth/system/gd/module.cc:89 Start: Starting dependencies of Le Scanning Manager
05-29 18:26:55.385 I/BtGdModule( 1027): packages/modules/Bluetooth/system/gd/module.cc:93 Start: Finished starting dependencies and calling Start() of Le Scanning Manager
05-29 18:26:55.385 I/bluetooth( 1027): packages/modules/Bluetooth/system/gd/hci/le_scanning_manager.cc:304 get_rx_path_loss_compensation: Rx path loss compensation: 0
05-29 18:26:55.385 I/BtGdModule( 1027): packages/modules/Bluetooth/system/gd/module.cc:99 Start: Started Le Scanning Manager
05-29 18:26:55.385 I/BtGdModule( 1027): packages/modules/Bluetooth/system/gd/module.cc:85 Start: Constructing next module
05-29 18:26:55.385 I/BtGdModule( 1027): packages/modules/Bluetooth/system/gd/module.cc:89 Start: Starting dependencies of Distance Measurement Manager
05-29 18:26:55.385 I/BtGdModule( 1027): packages/modules/Bluetooth/system/gd/module.cc:93 Start: Finished starting dependencies and calling Start() of Distance Measurement Manager
05-29 18:26:55.385 I/BtGdModule( 1027): packages/modules/Bluetooth/system/gd/module.cc:99 Start: Started Distance Measurement Manager
05-29 18:26:55.387 D/xm_audio( 475): adev_get_parameters
05-29 18:26:55.390 I/bluetooth( 1027): packages/modules/Bluetooth/system/gd/stack_manager.cc:52 StartUp: init_status == 0
05-29 18:26:55.390 I/bluetooth( 1027): packages/modules/Bluetooth/system/gd/stack_manager.cc:59 StartUp: init complete
05-29 18:26:55.390 I/bt_gd_shim( 1027): packages/modules/Bluetooth/system/main/shim/stack.cc:168 Start: Start Successfully toggled Gd stack
05-29 18:26:55.391 I/bt_shim_scanner( 1027): packages/modules/Bluetooth/system/main/shim/le_scanning_manager.cc:144 Init: init BleScannerInterfaceImpl
05-29 18:26:55.391 I/bt_core_module( 1027): packages/modules/Bluetooth/system/btcore/src/module.cc:91 module_start_up: module_start_up Started module "gd_shim_module"
05-29 18:26:55.391 I/bt_btif_core( 1027): packages/modules/Bluetooth/system/btif/src/btif_core.cc:228 btif_init_bluetooth: btif_init_bluetooth entered
05-29 18:26:55.391 I/droid.bluetooth( 1027): [0529/182655.391643:INFO:message_loop_thread.cc(184)] Run: message loop starting for thread bt_jni_thread
05-29 18:26:55.391 I/bt_btif_core( 1027): packages/modules/Bluetooth/system/btif/src/btif_core.cc:232 btif_init_bluetooth: btif_init_bluetooth finished
05-29 18:26:55.393 D/xm_audio( 475): adev_get_parameters
05-29 18:26:55.394 D/xm_audio( 475): adev_get_parameters
05-29 18:26:55.398 D/xm_audio( 475): adev_get_parameters
05-29 18:26:55.398 D/AudioService( 700): Volume controller: VolumeController(android.os.BinderProxy@f7ecf35,mVisible=false)
05-29 18:26:55.400 D/xm_audio( 475): adev_get_parameters
05-29 18:26:55.404 I/vol.Events( 918): writeEvent level_changed STREAM_VOICE_CALL 70
05-29 18:26:55.409 D/xm_audio( 475): adev_get_parameters
05-29 18:26:55.410 D/xm_audio( 475): adev_get_parameters
05-29 18:26:55.414 D/xm_audio( 475): adev_get_parameters
05-29 18:26:55.418 D/xm_audio( 475): adev_get_parameters
05-29 18:26:55.419 W/bt_device_interop( 1027): packages/modules/Bluetooth/system/device/src/interop.cc:1676 interop_database_save_allowlisted_media_players_list: found feature - INTEROP_BROWSE_PLAYER_ALLOW_LIST
05-29 18:26:55.419 I/bt_stack_config( 1027): packages/modules/Bluetooth/system/main/stack_config.cc:72 init: init attempt to load stack conf from /apex/com.android.btservices/etc/bluetooth/bt_stack.conf
05-29 18:26:55.420 I/bt_stack_manager( 1027): packages/modules/Bluetooth/system/btif/src/stack_manager.cc:285 event_init_stack: finished
05-29 18:26:55.420 I/bt_osi_wakelock( 1027): packages/modules/Bluetooth/system/osi/src/wakelock.cc:99 wakelock_set_os_callouts: wakelock_set_os_callouts set to non-native
05-29 18:26:55.420 I/bt_btif ( 1027): packages/modules/Bluetooth/system/btif/src/bluetooth.cc:829 get_profile_interface: get_profile_interface: id = socket
05-29 18:26:55.420 E/bt_btif_storage( 1027): packages/modules/Bluetooth/system/btif/src/btif_storage.cc:622 btif_storage_get_adapter_property: btif_storage_get_adapter_property: Controller not ready! Unable to return Bluetooth Address
05-29 18:26:55.421 E/BluetoothServiceJni( 1027): adapter_properties_callback: Status 1 is incorrect
05-29 18:26:55.416 I/bt_main_thread( 1027): type=1400 audit(0.0:685): avc: denied { open } for path="/dev/__properties__/u:object_r:vendor_default_prop:s0" dev="tmpfs" ino=377 scontext=u:r:bluetooth:s0 tcontext=u:object_r:vendor_default_prop:s0 tclass=file permissive=1
05-29 18:26:55.423 D/BluetoothKeystoreService( 1027): initJni()
05-29 18:26:55.424 I/bt_btif ( 1027): packages/modules/Bluetooth/system/btif/src/bluetooth.cc:829 get_profile_interface: get_profile_interface: id = bluetooth_keystore
05-29 18:26:55.424 I/droid.bluetooth( 1027): [0529/182655.424615:INFO:com_android_bluetooth_BluetoothQualityReport.cpp(88)] classInitNative: succeeds
05-29 18:26:55.424 I/bt_btif ( 1027): packages/modules/Bluetooth/system/btif/src/bluetooth.cc:829 get_profile_interface: get_profile_interface: id = bqr
05-29 18:26:55.424 I/bluetooth( 1027): packages/modules/Bluetooth/system/btif/src/btif_bqr.cc:739 init: BluetoothQualityReportInterfaceImpl
05-29 18:26:55.425 I/bt_btif ( 1027): packages/modules/Bluetooth/system/btif/src/bluetooth.cc:829 get_profile_interface: get_profile_interface: id = sdp
05-29 18:26:55.427 D/AdapterProperties( 1027): Name is: DBBOX-A3 6298
05-29 18:26:55.428 I/bluetooth( 1027): packages/modules/Bluetooth/system/gd/storage/config_cache.cc:289 ConvertEncryptOrDecryptKeyIfNeeded: ConvertEncryptOrDecryptKeyIfNeeded
05-29 18:26:55.416 I/bt_main_thread( 1027): type=1400 audit(0.0:686): avc: denied { getattr } for path="/dev/__properties__/u:object_r:vendor_default_prop:s0" dev="tmpfs" ino=377 scontext=u:r:bluetooth:s0 tcontext=u:object_r:vendor_default_prop:s0 tclass=file permissive=1
05-29 18:26:55.433 I/BluetoothAdapterService( 1027): loadLeAudioAllowDevices
05-29 18:26:55.416 I/bt_main_thread( 1027): type=1400 audit(0.0:687): avc: denied { map } for path="/dev/__properties__/u:object_r:vendor_default_prop:s0" dev="tmpfs" ino=377 scontext=u:r:bluetooth:s0 tcontext=u:object_r:vendor_default_prop:s0 tclass=file permissive=1
05-29 18:26:55.433 I/BluetoothAdapterService( 1027): LE Audio allow list is disabled.
05-29 18:26:55.434 I/audio_hw_hal_primary( 475): [adev_set_parameters:4123] dev:0xe69c14a0, kv: hal_param_enable_drc_rf_mode=1
05-29 18:26:55.434 D/audio_hw_hal_hfp( 475): [audio_extn_hfp_set_parameters:739] audio_extn_hfp_set_parameters
05-29 18:26:55.434 I/audio_hw_hal_primary( 475): Amlogic_HAL - adev_set_parameters: set drc is rf mode
05-29 18:26:55.434 I/audio_hw_decoder_ms12v2( 475): -drc DRCModesOfDownmixedOutput: 1
05-29 18:26:55.434 I/audio_hw_decoder_ms12v2( 475): -bs DRCBoostStereo: 0
05-29 18:26:55.434 I/audio_hw_decoder_ms12v2( 475): -cs DRCCutStereo: 0
05-29 18:26:55.434 I/audio_hw_decoder_ms12v2( 475): -dap_drc DAPDRCMode: 1
05-29 18:26:55.434 I/audio_hw_decoder_ms12v2( 475): -b DRCBoost: 0
05-29 18:26:55.434 I/audio_hw_decoder_ms12v2( 475): -c DRCCut: 0
05-29 18:26:55.435 D/BluetoothDatabase( 1027): start()
05-29 18:26:55.437 D/BluetoothDatabase( 1027): Load Database
05-29 18:26:55.438 I/BluetoothAdapterService( 1027): Phone policy enabled
05-29 18:26:55.441 D/ActiveDeviceManager( 1027): start()
05-29 18:26:55.444 D/xm_audio( 475): adev_get_parameters
05-29 18:26:55.448 D/DroidAudioManager.J( 1049): setDigitalAudioFormatOut: mode:[0]PCM, submode:
05-29 18:26:55.452 D/xm_audio( 475): adev_get_parameters
05-29 18:26:55.453 D/WindowManager( 700): ThemeHomeDelay: Home launch was deferred.
05-29 18:26:55.456 I/audio_hw_hal_primary( 475): [adev_set_parameters:4123] dev:0xe69c14a0, kv: hdmi_format=0
05-29 18:26:55.456 D/audio_hw_hal_hfp( 475): [audio_extn_hfp_set_parameters:739] audio_extn_hfp_set_parameters
05-29 18:26:55.456 I/audio_hw_hal_primary( 475): [adev_set_parameters:4275] digital audio mode: PCM
05-29 18:26:55.460 W/WindowManager( 700): Keyguard drawn timeout. Setting mKeyguardDrawComplete
05-29 18:26:55.466 D/xm_audio( 475): adev_get_parameters
05-29 18:26:55.469 D/xm_audio( 475): adev_get_parameters
05-29 18:26:55.470 W/AudioManager( 918): attempt to call registerAudioRecordingCallback() on a previouslyregistered callback
05-29 18:26:55.475 D/QSTileHost( 918): Loaded tile specs from setting: internet,bt,dnd,alarm,airplane,cast,screenrecord,mictoggle,cameratoggle
05-29 18:26:55.476 D/QSTileHost( 918): Recreating tiles: [internet, bt, dnd, alarm, airplane, cast, screenrecord, mictoggle, cameratoggle]
05-29 18:26:55.476 D/QSTileHost( 918): Creating tile: internet
05-29 18:26:55.479 I/audio_hw_hal_primary( 475): [adev_set_parameters:4123] dev:0xe69c14a0, kv: cmd_aed_lr_ch_volume_mute=0
05-29 18:26:55.479 D/audio_hw_hal_hfp( 475): [audio_extn_hfp_set_parameters:739] audio_extn_hfp_set_parameters
05-29 18:26:55.493 D/ActiveDeviceManager( 1027): onAudioDevicesAdded
05-29 18:26:55.493 D/ActiveDeviceManager( 1027): Audio device added: DBBOX-A3 type: 2
05-29 18:26:55.494 D/ActiveDeviceManager( 1027): Audio device added: DBBOX-A3 type: 9
05-29 18:26:55.494 D/ActiveDeviceManager( 1027): Audio device added: DBBOX-A3 type: 14
05-29 18:26:55.494 D/ActiveDeviceManager( 1027): Audio device added: DBBOX-A3 type: 15
05-29 18:26:55.494 D/ActiveDeviceManager( 1027): Audio device added: DBBOX-A3 type: 25
05-29 18:26:55.494 D/ActiveDeviceManager( 1027): Audio device added: DBBOX-A3 type: 17
05-29 18:26:55.494 D/ActiveDeviceManager( 1027): Audio device added: DBBOX-A3 type: 28
05-29 18:26:55.495 D/BluetoothDatabase( 1027): compactLastConnectionTime: Compacting metadata after load
05-29 18:26:55.495 D/BluetoothDatabase( 1027): compactLastConnectionTime: Setting last_active_item for device: XX:XX:XX:XX:C0:7D from 2 to 0
05-29 18:26:55.495 D/BluetoothDatabase( 1027): updateDatabase XX:XX:XX:XX:C0:7D
05-29 18:26:55.495 I/BluetoothDatabase( 1027): cacheMetadata
05-29 18:26:55.495 V/BluetoothDatabase( 1027): cacheMetadata: found device XX:XX:XX:XX:C0:7D
05-29 18:26:55.495 V/BluetoothDatabase( 1027): cacheMetadata: found device null
05-29 18:26:55.495 I/BluetoothDatabase( 1027): cacheMetadata: Database is ready
05-29 18:26:55.497 I/droid.bluetooth( 1027): [0529/182655.497142:INFO:com_android_bluetooth_btservice_ActivityAttribution.cpp(96)] classInitNative: succeeds
05-29 18:26:55.497 D/BluetoothAdapterService( 1027): setAdapterService() - trying to set service to com.android.bluetooth.btservice.AdapterService@b9dbd9f
05-29 18:26:55.498 D/QSTileHost( 918): Creating tile: bt
05-29 18:26:55.505 D/xm_audio( 475): adev_get_parameters
05-29 18:26:55.506 D/BluetoothAdapterService( 1027): onBind()
05-29 18:26:55.507 D/QSTileHost( 918): Creating tile: dnd
05-29 18:26:55.508 D/xm_audio( 475): adev_get_parameters
05-29 18:26:55.508 D/QSTileHost( 918): Creating tile: alarm
05-29 18:26:55.512 D/QSTileHost( 918): Creating tile: airplane
05-29 18:26:55.512 I/audio_hw_hal_primary( 475): [adev_set_parameters:4123] dev:0xe69c14a0, kv: ad_switch_enable=0
05-29 18:26:55.512 D/audio_hw_hal_hfp( 475): [audio_extn_hfp_set_parameters:739] audio_extn_hfp_set_parameters
05-29 18:26:55.513 D/QSTileHost( 918): Creating tile: cast
05-29 18:26:55.515 D/QSTileHost( 918): Creating tile: screenrecord
05-29 18:26:55.517 D/xm_audio( 475): adev_get_parameters
05-29 18:26:55.517 D/QSTileHost( 918): Creating tile: mictoggle
05-29 18:26:55.518 D/DroidAudioManager.J( 1049): setDialogEnhancerLevel level: 0
05-29 18:26:55.519 D/QSTileHost( 918): Creating tile: cameratoggle
05-29 18:26:55.520 D/xm_audio( 475): adev_get_parameters
05-29 18:26:55.522 I/audio_hw_hal_primary( 475): [adev_set_parameters:4123] dev:0xe69c14a0, kv: hal_param_dialogue_enhancement=0
05-29 18:26:55.522 D/audio_hw_hal_hfp( 475): [audio_extn_hfp_set_parameters:739] audio_extn_hfp_set_parameters
05-29 18:26:55.523 I/audio_hw_hal_primary( 475): Amlogic_HAL - adev_set_parameters: set MS12 ac4 Dialogue Enhancement gain :0.
05-29 18:26:55.523 I/audio_hw_decoder_ms12v2( 475): -ac4_de mAC4De: 0
05-29 18:26:55.523 E/libdolbyms12( 475): ms_get_runtime_params() line 3242
05-29 18:26:55.523 E/libdolbyms12( 475):
05-29 18:26:55.523 E/libdolbyms12( 475): Inapplicable or unsupported parameter - "ac4_de"
05-29 18:26:55.523 E/libdolbyms12( 475):
05-29 18:26:55.523 E/libdolbyms12( 475):
05-29 18:26:55.523 D/libdolbyms12( 475):
05-29 18:26:55.523 D/libdolbyms12( 475):
05-29 18:26:55.523 D/libdolbyms12( 475): ERROR:
05-29 18:26:55.523 D/libdolbyms12( 475):
05-29 18:26:55.523 E/libdolbyms12( 475): ms_handle_parser_retval() line 162
05-29 18:26:55.523 E/libdolbyms12( 475):
05-29 18:26:55.523 E/libdolbyms12( 475): ERROR:
05-29 18:26:55.523 E/libdolbyms12( 475):
05-29 18:26:55.523 D/libdolbyms12( 475): Type -h for help text
05-29 18:26:55.523 D/libdolbyms12( 475): Type -h [ddplus / he-aac / pcm] for codec-specific help text
05-29 18:26:55.529 D/DroidAudioManager.J( 1049): setSoundDmxMode: 0
05-29 18:26:55.531 V/WifiManager( 918): registerSoftApCallback: callback=com.android.systemui.statusbar.policy.HotspotControllerImpl@4173d9, executor=android.os.HandlerExecutor@fb7247f
05-29 18:26:55.533 V/WifiManager( 918): SoftApCallbackProxy on mode 1, send InfoChanged, newInfo: SoftApInfo{bandwidth= 0, frequency= 0, wifiStandard= 0, mApInstanceIdentifier= null, mIdleShutdownTimeoutMillis= 0}
05-29 18:26:55.533 V/WifiManager( 918): SoftApCallbackProxy on mode 1, send InfoChanged, changedInfoList: []
05-29 18:26:55.533 V/WifiManager( 918): SoftApCallbackProxy on mode 1, send onConnectedClientsChanged(clients): []
05-29 18:26:55.533 D/xm_audio( 475): adev_get_parameters
05-29 18:26:55.534 I/audio_hw_hal_primary( 475): [adev_set_parameters:4123] dev:0xe69c14a0, kv: hal_param_dmx_mode=0
05-29 18:26:55.534 D/audio_hw_hal_hfp( 475): [audio_extn_hfp_set_parameters:739] audio_extn_hfp_set_parameters
05-29 18:26:55.534 I/audio_hw_hal_primary( 475): Amlogic_HAL - adev_set_parameters: set MS12 Downmix modes :0.
05-29 18:26:55.534 I/audio_hw_decoder_ms12v2( 475): -dmx Downmix Mode: 0
05-29 18:26:55.536 D/xm_audio( 475): adev_get_parameters
05-29 18:26:55.536 I/WalletControllerImpl( 918): Setting WalletTile position: null
05-29 18:26:55.536 D/DroidAudioManager.J( 1049): setForceDDPEnable: false
05-29 18:26:55.539 I/audio_hw_hal_primary( 475): [adev_set_parameters:4123] dev:0xe69c14a0, kv: hal_param_force_ddp=0
05-29 18:26:55.539 D/audio_hw_hal_hfp( 475): [audio_extn_hfp_set_parameters:739] audio_extn_hfp_set_parameters
05-29 18:26:55.539 I/audio_hw_hal_primary( 475): adev_set_parameters hal_param_force_ddp set to 0
05-29 18:26:55.540 D/xm_audio( 475): adev_get_parameters
05-29 18:26:55.544 I/DroidAudioManager.J( 1049): getDtsXDrcMode: Mode:0
05-29 18:26:55.545 I/audio_hw_hal_primary( 475): dtsx_enable :0
05-29 18:26:55.545 D/xm_audio( 475): adev_get_parameters
05-29 18:26:55.550 D/DroidAudioManager.J( 1049): setDtsXDrcMode: Not support DTS-X
05-29 18:26:55.551 I/DroidAudioManager.J( 1049): refreshAudioCfgBySrc src:[4]SRC_MEDIA, delayEnable:false
05-29 18:26:55.554 D/xm_audio( 475): adev_get_parameters
05-29 18:26:55.555 I/audio_hw_hal_primary( 475): [adev_set_parameters:4123] dev:0xe69c14a0, kv: hal_param_out_dev_delay_time_ms=0
05-29 18:26:55.555 D/audio_hw_hal_hfp( 475): [audio_extn_hfp_set_parameters:739] audio_extn_hfp_set_parameters
05-29 18:26:55.555 I/audio_hw_hal_primary( 475): adev_set_parameters set audio delay =0
05-29 18:26:55.555 I/audio_hw_hal_delay( 475): set audio output type:0, delay time: 0ms, has init buffer: 0
05-29 18:26:55.556 D/ThemeOverlayController( 918): Boot colors: [WallpaperColors: ff000000 h: 6]
05-29 18:26:55.557 D/xm_audio( 475): adev_get_parameters
05-29 18:26:55.558 I/audio_hw_hal_primary( 475): [adev_set_parameters:4123] dev:0xe69c14a0, kv: hal_param_out_dev_delay_time_ms=65536
05-29 18:26:55.559 D/audio_hw_hal_hfp( 475): [audio_extn_hfp_set_parameters:739] audio_extn_hfp_set_parameters
05-29 18:26:55.559 I/audio_hw_hal_primary( 475): adev_set_parameters set audio delay =0
05-29 18:26:55.559 I/audio_hw_hal_delay( 475): set audio output type:1, delay time: 0ms, has init buffer: 0
05-29 18:26:55.562 D/xm_audio( 475): adev_get_parameters
05-29 18:26:55.563 D/xm_audio( 475): adev_get_parameters
05-29 18:26:55.567 I/audio_hw_hal_primary( 475): [adev_set_parameters:4123] dev:0xe69c14a0, kv: hal_param_out_dev_delay_time_ms=131072
05-29 18:26:55.567 D/audio_hw_hal_hfp( 475): [audio_extn_hfp_set_parameters:739] audio_extn_hfp_set_parameters
05-29 18:26:55.567 I/audio_hw_hal_primary( 475): adev_set_parameters set audio delay =0
05-29 18:26:55.567 I/audio_hw_hal_delay( 475): set audio output type:2, delay time: 0ms, has init buffer: 0
05-29 18:26:55.569 I/update_engine( 628): [INFO:cleanup_previous_update_action.cc(112)] Executing task 7
05-29 18:26:55.571 I/DroidAudioManager.J( 1049): setAudioOutputSpeakerDelay cur source:[4]SRC_MEDIA is not the same as the set source:[0]SRC_ATV, only save to DB
05-29 18:26:55.573 D/xm_audio( 475): adev_get_parameters
05-29 18:26:55.573 I/DroidAudioManager.J( 1049): setAudioOutputSpdifDelay cur source:[4]SRC_MEDIA is not the same as the set source:[0]SRC_ATV, only save to DB
05-29 18:26:55.573 I/update_engine( 628): [INFO:cleanup_previous_update_action.cc(124)] CleanupPreviousUpdateAction scheduled task ID 8 for WaitBootCompleted
05-29 18:26:55.575 I/DroidAudioManager.J( 1049): setAudioOutputHeadphoneDelay cur source:[4]SRC_MEDIA is not the same as the set source:[0]SRC_ATV, only save to DB
05-29 18:26:55.576 D/xm_audio( 475): adev_get_parameters
05-29 18:26:55.579 I/DroidAudioManager.J( 1049): setAudioOutputSpeakerDelay cur source:[4]SRC_MEDIA is not the same as the set source:[1]SRC_DTV, only save to DB
05-29 18:26:55.581 I/DroidAudioManager.J( 1049): setAudioOutputSpdifDelay cur source:[4]SRC_MEDIA is not the same as the set source:[1]SRC_DTV, only save to DB
05-29 18:26:55.583 I/DroidAudioManager.J( 1049): setAudioOutputHeadphoneDelay cur source:[4]SRC_MEDIA is not the same as the set source:[1]SRC_DTV, only save to DB
05-29 18:26:55.585 I/DroidAudioManager.J( 1049): setAudioOutputSpeakerDelay cur source:[4]SRC_MEDIA is not the same as the set source:[2]SRC_AV, only save to DB
05-29 18:26:55.587 D/ThemeOverlayController( 918): fetched overlays. accent: android.content.om.FabricatedOverlay@7da0549 neutral: android.content.om.FabricatedOverlay@4e6ae4e dynamic: android.content.om.FabricatedOverlay@da82b6f
05-29 18:26:55.587 D/ThemeOverlayController( 918): updateThemeOverlays. Setting: null
05-29 18:26:55.587 D/xm_audio( 475): adev_get_parameters
05-29 18:26:55.587 I/DroidAudioManager.J( 1049): setAudioOutputSpdifDelay cur source:[4]SRC_MEDIA is not the same as the set source:[2]SRC_AV, only save to DB
05-29 18:26:55.589 I/DroidAudioManager.J( 1049): setAudioOutputHeadphoneDelay cur source:[4]SRC_MEDIA is not the same as the set source:[2]SRC_AV, only save to DB
05-29 18:26:55.591 I/DroidAudioManager.J( 1049): setAudioOutputSpeakerDelay cur source:[4]SRC_MEDIA is not the same as the set source:[3]SRC_HDMI, only save to DB
05-29 18:26:55.592 D/ThemeOverlayController( 918): Skipping overlay creation. Theme was already: ColorScheme {
05-29 18:26:55.592 D/ThemeOverlayController( 918): seed color: H269 C70 T49 = #1B6EF3
05-29 18:26:55.592 D/ThemeOverlayController( 918): style: TONAL_SPOT
05-29 18:26:55.592 D/ThemeOverlayController( 918): palettes:
05-29 18:26:55.592 D/ThemeOverlayController( 918): PRIMARY
05-29 18:26:55.592 D/ThemeOverlayController( 918): H275 C4 T99 = #FEFBFF
05-29 18:26:55.592 D/ThemeOverlayController( 918): H270 C11 T95 = #EEF0FF
05-29 18:26:55.592 D/ThemeOverlayController( 918): H268 C19 T90 = #D9E2FF
05-29 18:26:55.592 D/ThemeOverlayController( 918): H268 C35 T80 = #B0C6FF
05-29 18:26:55.592 D/ThemeOverlayController( 918): H269 C36 T70 = #94AAE4
05-29 18:26:55.592 D/ThemeOverlayController( 918): H269 C36 T60 = #7A90C8
05-29 18:26:55.592 D/ThemeOverlayController( 918): H269 C36 T50 = #5F75AB
05-29 18:26:55.592 D/ThemeOverlayController( 918): H269 C36 T40 = #475D92
05-29 18:26:55.592 D/ThemeOverlayController( 918): H269 C36 T30 = #2F4578
05-29 18:26:55.592 D/ThemeOverlayController( 918): H269 C36 T20 = #152E60
05-29 18:26:55.592 D/ThemeOverlayController( 918): H269 C33 T10 = #001945
05-29 18:26:55.592 D/ThemeOverlayController( 918): H0 C0 T0 = #000000
05-29 18:26:55.592 D/ThemeOverlayController( 918): SECONDARY
05-29 18:26:55.592 D/ThemeOverlayController( 918): H275 C4 T99 = #FEFBFF
05-29 18:26:55.592 D/ThemeOverlayController( 918): H270 C11 T95 = #EEF0FF
05-29 18:26:55.592 D/ThemeOverlayController( 918): H269 C16 T90 = #DCE2F9
05-29 18:26:55.592 D/ThemeOverlayController( 918): H269 C16 T80 = #C0C6DC
05-29 18:26:55.592 D/ThemeOverlayController( 918): H268 C16 T70 = #A4ABC1
05-29 18:26:55.592 D/ThemeOverlayController( 918): H270 C16 T60 = #8A90A5
05-29 18:26:55.592 D/ThemeOverlayController( 918): H268 C16 T50 = #6F768A
05-29 18:26:55.592 D/ThemeOverlayController( 918): H268 C16 T40 = #575E71
05-29 18:26:55.592 D/ThemeOverlayController( 918): H271 C16 T30 = #404659
05-29 18:26:55.592 D/ThemeOverlayController( 918): H271 C16 T20 = #2A3042
05-29 18:26:55.592 D/ThemeOverlayController( 918): H271 C16 T10 = #151B2C
05-29 18:26:55.592 D/ThemeOverlayController( 918): H0 C0 T0 = #000000
05-29 18:26:55.592 D/ThemeOverlayController( 918): TERTIARY
05-29 18:26:55.592 D/ThemeOverlayController( 918): H285 C3 T99 = #FFFBFF
05-29 18:26:55.592 D/ThemeOverlayController( 918): H330 C12 T95 = #FFEBFA
05-29 18:26:55.592 D/ThemeOverlayController( 918): H329 C24 T90 = #FDD7FA
05-29 18:26:55.592 D/ThemeOverlayController( 918): H329 C24 T80 = #E0BBDD
05-29 18:26:55.592 D/ThemeOverlayController( 918): H329 C24 T70 = #C3A0C1
05-29 18:26:55.592 D/ThemeOverlayController( 918): H330 C24 T60 = #A886A6
05-29 18:26:55.592 D/ThemeOverlayController( 918): H328 C24 T50 = #8B6C8B
05-29 18:26:55.592 D/ThemeOverlayController( 918): H329 C24 T40 = #725572
05-29 18:26:55.592 D/ThemeOverlayController( 918): H329 C24 T30 = #593D59
05-29 18:26:55.592 D/ThemeOverlayController( 918): H329 C24 T20 = #412742
05-29 18:26:55.592 D/ThemeOverlayController( 918): H329 C24 T10 = #2A122C
05-29 18:26:55.592 D/ThemeOverlayController( 918): H0 C0 T0 = #000000
05-29 18:26:55.592 D/ThemeOverlayController( 918): NEUTRAL
05-29 18:26:55.592 D/ThemeOverlayController( 918): H275 C4 T99 = #FEFBFF
05-29 18:26:55.592 D/ThemeOverlayController( 918): H269 C6 T95 = #F1F0F7
05-29 18:26:55.592 D/ThemeOverlayController( 918): H265 C6 T90 = #E2E2E9
05-29 18:26:55.592 D/ThemeOverlayController( 918): H267 C6 T80 = #C6C6CD
05-29 18:26:55.592 D/ThemeOverlayController( 918): H267 C5 T70 = #ABABB1
05-29 18:26:55.592 D/ThemeOverlayController( 918): H272 C6 T60 = #909097
05-29 18:26:55.592 D/ThemeOverlayController( 918): H265 C6 T50 = #75767C
05-29 18:26:55.592 D/ThemeOverlayController( 918): H268 C6 T40 = #5D5E64
05-29 18:26:55.592 D/ThemeOverlayController( 918): H270 C6 T30 = #45464C
05-29 18:26:55.592 D/ThemeOverlayController( 918): H273 C6 T20 = #2F3036
05-29 18:26:55.592 D/ThemeOverlayController( 918): H273 C6 T10 = #1A1B20
05-29 18:26:55.592 D/ThemeOverlayController( 918): H0 C0 T0 = #000000
05-29 18:26:55.592 D/ThemeOverlayController( 918): NEUTRAL VARIANT
05-29 18:26:55.592 D/ThemeOverlayController( 918): H275 C4 T99 = #FEFBFF
05-29 18:26:55.592 D/ThemeOverlayController( 918): H270 C8 T95 = #F0F0FA
05-29 18:26:55.592 D/ThemeOverlayController( 918): H267 C8 T90 = #E1E2EC
05-29 18:26:55.592 D/ThemeOverlayController( 918): H268 C8 T80 = #C5C6D0
05-29 18:26:55.592 D/ThemeOverlayController( 918): H264 C8 T70 = #A9ABB4
05-29 18:26:55.592 D/ThemeOverlayController( 918): H270 C8 T60 = #8F9099
05-29 18:26:55.592 D/ThemeOverlayController( 918): H268 C8 T50 = #74767F
05-29 18:26:55.592 D/ThemeOverlayController( 918): H269 C8 T40 = #5C5E67
05-29 18:26:55.592 D/ThemeOverlayController( 918): H271 C9 T30 = #44464F
05-29 18:26:55.592 D/ThemeOverlayController( 918): H271 C8 T20 = #2E3038
05-29 18:26:55.592 D/ThemeOverlayController( 918): H273 C9 T10 = #191B23
05-29 18:26:55.592 D/ThemeOverlayController( 918): H0 C0 T0 = #000000
05-29 18:26:55.592 D/ThemeOverlayController( 918): }
05-29 18:26:55.592 D/ThemeOverlayController( 918): ThemeHomeDelay: ThemeOverlayController ready
05-29 18:26:55.593 I/DroidAudioManager.J( 1049): setAudioOutputSpdifDelay cur source:[4]SRC_MEDIA is not the same as the set source:[3]SRC_HDMI, only save to DB
05-29 18:26:55.594 D/xm_audio( 475): adev_get_parameters
05-29 18:26:55.595 I/DroidAudioManager.J( 1049): setAudioOutputHeadphoneDelay cur source:[4]SRC_MEDIA is not the same as the set source:[3]SRC_HDMI, only save to DB
05-29 18:26:55.596 D/CompatibilityChangeReporter( 700): Compat change id reported: 265464455; UID 1000; state: DISABLED
05-29 18:26:55.596 D/CompatibilityChangeReporter( 700): Compat change id reported: 265452344; UID 1000; state: DISABLED
05-29 18:26:55.596 D/CompatibilityChangeReporter( 700): Compat change id reported: 266124927; UID 1000; state: DISABLED
05-29 18:26:55.597 D/CompatibilityChangeReporter( 700): Compat change id reported: 265451093; UID 1000; state: DISABLED
05-29 18:26:55.597 D/CompatibilityChangeReporter( 700): Compat change id reported: 265456536; UID 1000; state: DISABLED
05-29 18:26:55.597 D/CompatibilityChangeReporter( 700): Compat change id reported: 255940284; UID 1000; state: DISABLED
05-29 18:26:55.597 D/CompatibilityChangeReporter( 700): Compat change id reported: 236283604; UID 1000; state: DISABLED
05-29 18:26:55.598 D/CompatibilityChangeReporter( 700): Compat change id reported: 263959004; UID 1000; state: DISABLED
05-29 18:26:55.598 I/audio_hw_hal_primary( 475): [adev_set_parameters:4123] dev:0xe69c14a0, kv: hal_param_out_dev_delay_time_ms=0
05-29 18:26:55.598 D/audio_hw_hal_hfp( 475): [audio_extn_hfp_set_parameters:739] audio_extn_hfp_set_parameters
05-29 18:26:55.598 I/audio_hw_hal_primary( 475): adev_set_parameters set audio delay =0
05-29 18:26:55.598 I/audio_hw_hal_delay( 475): set audio output type:0, delay time: 0ms, has init buffer: 0
05-29 18:26:55.598 D/CompatibilityChangeReporter( 700): Compat change id reported: 264304459; UID 1000; state: DISABLED
05-29 18:26:55.599 D/CompatibilityChangeReporter( 700): Compat change id reported: 264301586; UID 1000; state: DISABLED
05-29 18:26:55.600 D/CompatibilityChangeReporter( 700): Compat change id reported: 254631730; UID 1000; state: DISABLED
05-29 18:26:55.601 D/CompatibilityChangeReporter( 700): Compat change id reported: 273509367; UID 1000; state: DISABLED
05-29 18:26:55.601 D/CompatibilityChangeReporter( 700): Compat change id reported: 263259275; UID 1000; state: DISABLED
05-29 18:26:55.601 D/CompatibilityChangeReporter( 700): Compat change id reported: 174042980; UID 1000; state: DISABLED
05-29 18:26:55.601 D/CompatibilityChangeReporter( 700): Compat change id reported: 174042936; UID 1000; state: DISABLED
05-29 18:26:55.602 D/CompatibilityChangeReporter( 700): Compat change id reported: 181136395; UID 1000; state: DISABLED
05-29 18:26:55.602 I/audio_hw_hal_primary( 475): [adev_set_parameters:4123] dev:0xe69c14a0, kv: hal_param_out_dev_delay_time_ms=65536
05-29 18:26:55.602 D/audio_hw_hal_hfp( 475): [audio_extn_hfp_set_parameters:739] audio_extn_hfp_set_parameters
05-29 18:26:55.602 I/audio_hw_hal_primary( 475): adev_set_parameters set audio delay =0
05-29 18:26:55.602 I/audio_hw_hal_delay( 475): set audio output type:1, delay time: 0ms, has init buffer: 0
05-29 18:26:55.606 D/xm_audio( 475): adev_get_parameters
05-29 18:26:55.606 I/audio_hw_hal_primary( 475): [adev_set_parameters:4123] dev:0xe69c14a0, kv: hal_param_out_dev_delay_time_ms=131072
05-29 18:26:55.606 D/audio_hw_hal_hfp( 475): [audio_extn_hfp_set_parameters:739] audio_extn_hfp_set_parameters
05-29 18:26:55.606 I/audio_hw_hal_primary( 475): adev_set_parameters set audio delay =0
05-29 18:26:55.606 I/audio_hw_hal_delay( 475): set audio output type:2, delay time: 0ms, has init buffer: 0
05-29 18:26:55.611 D/xm_audio( 475): adev_get_parameters
05-29 18:26:55.612 I/audio_hw_hal_primary( 475): [adev_set_parameters:4123] dev:0xe69c14a0, kv: hal_param_out_dev_delay_time_ms=196608
05-29 18:26:55.612 D/audio_hw_hal_hfp( 475): [audio_extn_hfp_set_parameters:739] audio_extn_hfp_set_parameters
05-29 18:26:55.612 I/audio_hw_hal_primary( 475): adev_set_parameters set audio delay =0
05-29 18:26:55.612 I/audio_hw_hal_delay( 475): set audio output type:3, delay time: 0ms, has init buffer: 0
05-29 18:26:55.617 D/xm_audio( 475): adev_get_parameters
05-29 18:26:55.619 D/xm_audio( 475): adev_get_parameters
05-29 18:26:55.624 D/xm_audio( 475): adev_get_parameters
05-29 18:26:55.631 D/xm_audio( 475): adev_get_parameters
05-29 18:26:55.631 I/audio_hw_hal_primary( 475): [adev_set_parameters:4123] dev:0xe69c14a0, kv: SOURCE_GAIN=0.0 0.0 0.0 0.0 0.0
05-29 18:26:55.631 D/audio_hw_hal_hfp( 475): [audio_extn_hfp_set_parameters:739] audio_extn_hfp_set_parameters
05-29 18:26:55.631 I/audio_hw_aq_eqdrc( 475): set_AQ_parameters() audio source gain: atv:0.000000, dtv:0.000000, hdmiin:0.000000, av:0.000000, media:0.000000
05-29 18:26:55.631 D/audio_hw_hal_primary( 475): get AQ param(kv: SOURCE_GAIN=0.0 0.0 0.0 0.0 0.0 )
05-29 18:26:55.634 I/OutputModeManager( 1049): getPropertyString key:persist.vendor.sys.dtsdrcscale def:0
05-29 18:26:55.634 D/xm_audio( 475): adev_get_parameters
05-29 18:26:55.635 I/OutputModeManager( 1049): writeSysfs path:/sys/class/audiodsp/dts_dec_control value:0x00
05-29 18:26:55.636 I/SystemControl( 317): [/Ubootenv.cpp, get, 345] [ubootenv] search end and not find env:ffv_wake
05-29 18:26:55.637 I/DroidAudioCore( 1049): initVadStatus uboot status:off, prop:off
05-29 18:26:55.639 I/SysControlManager( 1049): setListener
05-29 18:26:55.641 I/DroidlogicApplication( 1049): set BluetoothAutoPairReceiver disabled
05-29 18:26:55.648 D/xm_audio( 475): adev_get_parameters
05-29 18:26:55.649 D/xm_audio( 475): adev_get_parameters
05-29 18:26:55.654 D/xm_audio( 475): adev_get_parameters
05-29 18:26:55.655 D/CompatibilityChangeReporter( 700): Compat change id reported: 194480991; UID 1000; state: ENABLED
05-29 18:26:55.655 D/xm_audio( 475): adev_get_parameters
05-29 18:26:55.658 E/CellBroadcastUtils( 700): getDefaultCellBroadcastReceiverPackageName: no package found
05-29 18:26:55.661 D/xm_audio( 475): adev_get_parameters
05-29 18:26:55.662 D/xm_audio( 475): adev_get_parameters
05-29 18:26:55.663 D/CompatibilityChangeReporter( 700): Compat change id reported: 197654537; UID 1000; state: ENABLED
05-29 18:26:55.666 I/ActivityTaskManager( 700): START u0 {act=android.intent.action.MAIN cat=[android.intent.category.HOME] flg=0x10000100 cmp=com.android.tv.settings/.system.FallbackHome (has extras)} with LAUNCH_MULTIPLE from uid 0 (BAL_ALLOW_ALLOWLISTED_UID) result code=0
05-29 18:26:55.670 I/ActivityManager( 700): com.android.tv.settings is exempt from freezer
05-29 18:26:55.671 D/CompatibilityChangeReporter( 700): Compat change id reported: 135634846; UID 1000; state: DISABLED
05-29 18:26:55.672 D/SystemServerTiming( 700): getUserSwitchability-0
05-29 18:26:55.672 D/SystemServerTiming( 700): TM.isInCall
05-29 18:26:55.674 W/Looper ( 1049): Slow dispatch took 2940ms main h=android.app.ActivityThread$H c=null m=110
05-29 18:26:55.676 D/SystemServerTiming( 700): hasUserRestriction-DISALLOW_USER_SWITCH
05-29 18:26:55.676 D/SystemServerTiming( 700): getInt-ALLOW_USER_SWITCHING_WHEN_SYSTEM_USER_LOCKED
05-29 18:26:55.676 D/SystemServerTiming( 700): isUserUnlocked-USER_SYSTEM
05-29 18:26:55.677 D/DroidlogicApplication( 1049): bootvideo stopped, start initializing AudioEffect
05-29 18:26:55.677 W/ContextImpl( 1049): Calling a method in the system process without a qualified user: android.app.ContextImpl.startService:1899 android.content.ContextWrapper.startService:825 com.droidlogic.DroidlogicApplication$1.handleMessage:93 android.os.Handler.dispatchMessage:106 android.os.Looper.loopOnce:205
05-29 18:26:55.684 D/Zygote ( 464): Forked child process 1259
05-29 18:26:55.686 D/xm_audio( 475): adev_get_parameters
05-29 18:26:55.688 D/xm_audio( 475): adev_get_parameters
05-29 18:26:55.694 D/QSTileHost( 918): Saving tiles: [internet, bt, dnd, alarm, airplane, cast, screenrecord, mictoggle, cameratoggle, custom(com.android.permissioncontroller/.permission.service.v33.SafetyCenterQsTileService)] for user: 0
05-29 18:26:55.696 I/Zygote ( 1259): seccomp disabled by setenforce 0
05-29 18:26:55.697 I/ActivityManager( 700): Start proc 1259:com.android.tv.settings/1000 for top-activity {com.android.tv.settings/com.android.tv.settings.system.FallbackHome}
05-29 18:26:55.697 D/AudioEffectsService( 1049): AudioEffectsService onCreate
05-29 18:26:55.700 D/CompatibilityChangeReporter( 1049): Compat change id reported: 263076149; UID 1000; state: ENABLED
05-29 18:26:55.704 I/oid.tv.settings( 1259): Using CollectorTypeCC GC.
05-29 18:26:55.707 D/xm_audio( 475): adev_get_parameters
05-29 18:26:55.704 I/rainbow_flow( 591): type=1400 audit(0.0:688): avc: denied { ioctl } for path="/dev/spidev1.0" dev="tmpfs" ino=531 ioctlcmd=0x6b00 scontext=u:r:init:s0 tcontext=u:object_r:device:s0 tclass=chr_file permissive=1
05-29 18:26:55.710 D/SystemServerTiming( 700): getUserSwitchability-0
05-29 18:26:55.710 D/xm_audio( 475): adev_get_parameters
05-29 18:26:55.710 D/SystemServerTiming( 700): TM.isInCall
05-29 18:26:55.711 D/SystemServerTiming( 700): hasUserRestriction-DISALLOW_USER_SWITCH
05-29 18:26:55.711 D/SystemServerTiming( 700): getInt-ALLOW_USER_SWITCHING_WHEN_SYSTEM_USER_LOCKED
05-29 18:26:55.711 D/SystemServerTiming( 700): isUserUnlocked-USER_SYSTEM
05-29 18:26:55.712 I/AudioEffectsService( 1049): handleActionStartUp: is tv:false
05-29 18:26:55.712 D/SoundEffectManager( 1049): init
05-29 18:26:55.713 E/oid.tv.settings( 1259): Not starting debugger since process cannot load the jdwp agent.
05-29 18:26:55.715 D/xm_audio( 475): adev_get_parameters
05-29 18:26:55.716 D/xm_audio( 475): adev_get_parameters
05-29 18:26:55.718 D/SoundEffectManager( 1049): getEffectFunctionConfig: UI:0 value:0
05-29 18:26:55.720 D/xm_audio( 475): adev_get_parameters
05-29 18:26:55.720 D/SoundEffectManager( 1049): getEffectFunctionConfig: UI:1 value:0
05-29 18:26:55.721 D/xm_audio( 475): adev_get_parameters
05-29 18:26:55.723 D/SystemServerTiming( 700): getUserSwitchability-0
05-29 18:26:55.723 D/SystemServerTiming( 700): TM.isInCall
05-29 18:26:55.723 D/SoundEffectManager( 1049): getEffectFunctionConfig: UI:2 value:0
05-29 18:26:55.723 D/SystemServerTiming( 700): hasUserRestriction-DISALLOW_USER_SWITCH
05-29 18:26:55.723 D/SystemServerTiming( 700): getInt-ALLOW_USER_SWITCHING_WHEN_SYSTEM_USER_LOCKED
05-29 18:26:55.723 D/SystemServerTiming( 700): isUserUnlocked-USER_SYSTEM
05-29 18:26:55.725 D/xm_audio( 475): adev_get_parameters
05-29 18:26:55.726 D/xm_audio( 475): adev_get_parameters
05-29 18:26:55.727 D/SoundEffectManager( 1049): getEffectFunctionConfig: UI:3 value:0
05-29 18:26:55.730 D/SystemServerTiming( 700): getUserSwitchability-0
05-29 18:26:55.730 D/SystemServerTiming( 700): TM.isInCall
05-29 18:26:55.731 D/SystemServerTiming( 700): hasUserRestriction-DISALLOW_USER_SWITCH
05-29 18:26:55.731 D/xm_audio( 475): adev_get_parameters
05-29 18:26:55.731 D/SystemServerTiming( 700): getInt-ALLOW_USER_SWITCHING_WHEN_SYSTEM_USER_LOCKED
05-29 18:26:55.731 D/SystemServerTiming( 700): isUserUnlocked-USER_SYSTEM
05-29 18:26:55.733 D/CompatibilityChangeReporter( 700): Compat change id reported: 168419799; UID 1000; state: DISABLED
05-29 18:26:55.734 D/CompatibilityChangeReporter( 700): Compat change id reported: 273564678; UID 1000; state: DISABLED
05-29 18:26:55.735 D/xm_audio( 475): adev_get_parameters
05-29 18:26:55.736 D/SoundEffectManager( 1049): getEffectFunctionConfig: UI:4 value:0
05-29 18:26:55.737 W/Looper ( 700): Slow dispatch took 406ms main h=android.app.ActivityThread$H c=android.app.LoadedApk$ReceiverDispatcher$Args$$ExternalSyntheticLambda0@55a9c53 m=0
05-29 18:26:55.738 D/xm_audio( 475): adev_get_parameters
05-29 18:26:55.737 I/vol.Events( 918): writeEvent level_changed STREAM_SYSTEM 70
05-29 18:26:55.740 D/SystemServerTiming( 700): getUserSwitchability-0
05-29 18:26:55.740 D/SystemServerTiming( 700): TM.isInCall
05-29 18:26:55.741 D/CompatibilityChangeReporter( 1259): Compat change id reported: 171979766; UID 1000; state: ENABLED
