05-29 18:27:01.962 D/SystemServerTimingAsync( 700): ssm.onCompletedEventUser-0_{|Unlocked|}_com.android.server.pm.CrossProfileAppsService
05-29 18:27:01.962 D/SystemServerTimingAsync( 700): ssm.onCompletedEventUser-0_{|Unlocked|}_com.android.server.people.PeopleService
05-29 18:27:01.962 D/SystemServerTimingAsync( 700): ssm.onCompletedEventUser-0_{|Unlocked|}_com.android.server.media.metrics.MediaMetricsManagerService
05-29 18:27:01.962 D/SystemServerTimingAsync( 700): ssm.onCompletedEventUser-0_{|Unlocked|}_com.android.server.pm.BackgroundInstallControlService
05-29 18:27:01.962 D/SystemServerTimingAsync( 700): ssm.onCompletedEventUser-0_{|Unlocked|}_com.android.server.media.projection.MediaProjectionManagerService
05-29 18:27:01.962 D/SystemServerTimingAsync( 700): ssm.onCompletedEventUser-0_{|Unlocked|}_com.android.server.slice.SliceManagerService$Lifecycle
05-29 18:27:01.962 D/SystemServerTimingAsync( 700): ssm.onCompletedEventUser-0_{|Unlocked|}_com.android.server.stats.StatsCompanion$Lifecycle
05-29 18:27:01.962 D/SystemServerTimingAsync( 700): ssm.onCompletedEventUser-0_{|Unlocked|}_com.android.server.scheduling.RebootReadinessManagerService$Lifecycle
05-29 18:27:01.962 D/SystemServerTimingAsync( 700): ssm.onCompletedEventUser-0_{|Unlocked|}_com.android.server.stats.pull.StatsPullAtomService
05-29 18:27:01.962 D/SystemServerTimingAsync( 700): ssm.onCompletedEventUser-0_{|Unlocked|}_com.android.server.stats.bootstrap.StatsBootstrapAtomService$Lifecycle
05-29 18:27:01.962 D/SystemServerTimingAsync( 700): ssm.onCompletedEventUser-0_{|Unlocked|}_com.android.server.incident.IncidentCompanionService
05-29 18:27:01.962 D/SystemServerTimingAsync( 700): ssm.onCompletedEventUser-0_{|Unlocked|}_com.android.server.sdksandbox.SdkSandboxManagerService$Lifecycle
05-29 18:27:01.962 D/SystemServerTimingAsync( 700): ssm.onCompletedEventUser-0_{|Unlocked|}_com.android.server.adservices.AdServicesManagerService$Lifecycle
05-29 18:27:01.962 D/SystemServerTimingAsync( 700): ssm.onCompletedEventUser-0_{|Unlocked|}_com.android.server.ondevicepersonalization.OnDevicePersonalizationSystemService$Lifecycle
05-29 18:27:01.962 D/SystemServerTimingAsync( 700): ssm.onCompletedEventUser-0_{|Unlocked|}_com.android.server.autofill.AutofillManagerService
05-29 18:27:01.962 D/SystemServerTimingAsync( 700): ssm.onCompletedEventUser-0_{|Unlocked|}_com.android.server.clipboard.ClipboardService
05-29 18:27:01.962 D/SystemServerTimingAsync( 700): ssm.onCompletedEventUser-0_{|Unlocked|}_com.android.server.appbinding.AppBindingService$Lifecycle
05-29 18:27:01.962 D/SystemServerTimingAsync( 700): ssm.onCompletedEventUser-0_{|Unlocked|}_com.android.server.tracing.TracingServiceProxy
05-29 18:27:01.962 D/SystemServerTimingAsync( 700): ssm.onCompletedEventUser-0_{|Unlocked|}_com.android.server.policy.PermissionPolicyService
05-29 18:27:01.962 D/SystemServerTimingAsync( 700): ssm.onCompletedEventUser-0_{|Unlocked|}_com.android.server.pm.StagingManager$Lifecycle
05-29 18:27:01.962 D/SystemServerTimingAsync( 700): ssm.onCompletedEventUser-0_{|Unlocked|}_com.android.server.app.GameManagerService$Lifecycle
05-29 18:27:01.962 D/SystemServerTimingAsync( 700): ssm.onCompletedEventUser-0_{|Unlocked|}_com.android.safetycenter.SafetyCenterService
05-29 18:27:01.962 D/SystemServerTimingAsync( 700): ssm.onCompletedEventUser-0_{|Unlocked|}_com.android.server.appsearch.AppSearchModule$Lifecycle
05-29 18:27:01.962 D/SystemServerTimingAsync( 700): ssm.onCompletedEventUser-0_{|Unlocked|}_com.android.server.media.MediaCommunicationService
05-29 18:27:01.962 D/SystemServerTimingAsync( 700): ssm.onCompletedEventUser-0_{|Unlocked|}_com.android.server.compat.overrides.AppCompatOverridesService$Lifecycle
05-29 18:27:01.962 D/SystemServerTimingAsync( 700): ssm.onCompletedEventUser-0_{|Unlocked|}_com.android.server.healthconnect.HealthConnectManagerService
05-29 18:27:01.962 D/SystemServerTimingAsync( 700): ssm.onCompletedEventUser-0_{|Unlocked|}_com.android.server.devicelock.DeviceLockService
05-29 18:27:01.974 I/WVCdm-DrmFactory( 527): [app][com.android.rkpdapp] calling virtual ::ndk::ScopedAStatus wvdrm::hardware::drm::widevine::WVDrmFactory::createDrmPlugin(const Uuid &, const string &, std::shared_ptr< ::aidl::android::hardware::drm::IDrmPlugin> *)
05-29 18:27:01.975 D/WVCdm ( 527): Instantiating CDM metrics queue
05-29 18:27:01.975 D/WVCdm ( 527): Instantiating CDM.
05-29 18:27:01.976 W/CheckInWorker( 1334): CheckIn failed. No device identifier available!
05-29 18:27:01.980 I/WM-WorkerWrapper( 1334): Worker result FAILURE for Work [ id=26246313-b1ba-412e-9b74-5fa30c33ac8b, tags={ com.android.devicelockcontroller.provision.worker.DeviceCheckInWorker } ]
05-29 18:27:01.984 D/AndroidAutoSize( 2078): designWidthInDp = 360, designHeightInDp = 640, screenWidth = 1920, screenHeight = 1080
05-29 18:27:01.984 D/AndroidAutoSize( 2078): initDensity = 1.5, initScaledDensity = 1.5
05-29 18:27:01.987 D/CompatibilityChangeReporter( 2043): Compat change id reported: 160794467; UID 10026; state: DISABLED
05-29 18:27:01.995 D/WVCdm ( 527): [cdm_engine.cpp(581):QueryStatus] security_level = Default, query_token = WidevineCdmVersion
05-29 18:27:01.997 I/WVCdm ( 527): [file_utils.cpp(38):Exists] stat failed: ENOENT
05-29 18:27:01.998 I/WVCdm ( 527): [oemcrypto_adapter_dynamic.cpp(783):Initialize] Level 3 Build Info (v18): {"soc_vendor":"L3_34136","soc_model":"ARM 32 bit","ta_ver":"18.1.0+May 15 2024_23:17:25_","uses_opk":false,"tee_os":"none","tee_os_ver":"0.0.0","form_factor":"L3","implementer":"Widevine","fused":false}
05-29 18:27:01.998 I/WVCdm ( 527): [(0):] Level3 Library 34136 May 15 2024 23:17:25
05-29 18:27:02.014 D/CompatibilityChangeReporter( 700): Compat change id reported: 149924527; UID 10044; state: ENABLED
05-29 18:27:02.015 D/CompatibilityChangeReporter( 700): Compat change id reported: 132649864; UID 10044; state: DISABLED
05-29 18:27:02.025 D/CompatibilityChangeReporter( 2078): Compat change id reported: 247079863; UID 10044; state: DISABLED
05-29 18:27:02.038 D/CompatibilityChangeReporter( 700): Compat change id reported: 161145287; UID 10044; state: DISABLED
05-29 18:27:02.066 W/OverlayManager( 700): service 'idmap' died
05-29 18:27:02.076 I/WVCdm ( 527): [oemcrypto_adapter_dynamic.cpp(797):Initialize] L3 Initialized. Trying L1.
05-29 18:27:02.077 W/WVCdm ( 527): [oemcrypto_adapter_dynamic.cpp(810):Initialize] Could not load oemcrypto from path liboemcrypto.so. dlopen failed: library "liboemcrypto.so" not found
05-29 18:27:02.077 W/WVCdm ( 527): [oemcrypto_adapter_dynamic.cpp(814):Initialize] Could not load oemcrypto. Falling back to L3.
05-29 18:27:02.077 E/WVCdm ( 527): [oemcrypto_adapter_dynamic.cpp(1271):ValidateOrInstallL1KeyboxOrCert] L1 not initialized. Falling back to L3
05-29 18:27:02.077 I/WVCdm ( 527): [file_utils.cpp(38):Exists] stat failed: ENOENT
05-29 18:27:02.077 W/WVCdm ( 527): [oemcrypto_adapter_dynamic.cpp(1470):OEMCrypto_InitializeAndCheckKeybox] Keybox error: 25. Falling back to L3.
05-29 18:27:02.077 I/WVCdm ( 527): [oemcrypto_adapter_dynamic.cpp(846):Level1Terminate] L1 Terminate not needed
05-29 18:27:02.077 D/WVCdm ( 527): [crypto_session.cpp(472):CacheVersion] OEMCrypto version (default security level): 18.1
05-29 18:27:02.077 D/WVCdm ( 527): [crypto_session.cpp(481):CacheVersion] OEMCrypto version (L3 security level): 18.1
05-29 18:27:02.082 D/WVCdm ( 527): [cdm_engine.cpp(581):QueryStatus] security_level = Default, query_token = ProvisioningModel
05-29 18:27:02.084 I/RkpdWidevine( 1968): Not a WV provisioning 4.0 device. No provisioning required.
05-29 18:27:02.094 D/statsd_drm( 612): statsd_mediadrm skipping empty entry
05-29 18:27:02.094 I/crashsdk( 2078): version unique build id: 6230cced
05-29 18:27:02.105 D/crashsdk( 2078): Native log stat thread 2182 setup, waiting
05-29 18:27:02.105 I/WVCdm ( 527): [(0):] L3 Terminate.
05-29 18:27:02.106 I/WM-WorkerWrapper( 1968): Worker result SUCCESS for Work [ id=a0224bab-5150-430a-896e-c427aabca4dd, tags={ com.android.rkpdapp.provisioner.WidevineProvisioner, WidevineProvisioner } ]
05-29 18:27:02.107 I/crashsdk( 2078): begin hack android.os.Process
05-29 18:27:02.107 I/crashsdk( 2078): end hack android.os.Process
05-29 18:27:02.116 I/TDLog ( 2078): setReportUncaughtExceptions: true
05-29 18:27:02.118 E/Application( 2078): onCreate:Version:v2.8.3/20830/883432e
05-29 18:27:02.127 I/TDLog ( 2078): TalkingData SDK init...
05-29 18:27:02.127 I/TDLog ( 2078): SDK_VERSION is: Android+TD+V5.0.7 gp Type:Native Build_Num:2141
05-29 18:27:02.127 I/TDLog ( 2078): App ID is: B9D7815EC975466AB1332111FCE62DF5
05-29 18:27:02.127 I/TDLog ( 2078): App Channel is: os
05-29 18:27:02.127 I/TDLog ( 2078): App Custom is:
05-29 18:27:02.127 I/TDLog ( 2078): SDK_OVC is: TDOVC+a3bb7754719798526508b6caad480dd7+SaaS
05-29 18:27:02.138 W/JobScheduler( 700): Job didn't exist in JobStore: 238acd4 #u0a73/39 com.android.rkpdapp/androidx.work.impl.background.systemjob.SystemJobService
05-29 18:27:02.148 D/CompatibilityChangeReporter( 2043): Compat change id reported: 194532703; UID 10026; state: DISABLED
05-29 18:27:02.148 D/CompatibilityChangeReporter( 2043): Compat change id reported: 253665015; UID 10026; state: DISABLED
05-29 18:27:02.148 I/Matrix.AnrTracer( 2078): anrTrace, final mAnrBeatTime:400, mAnrBeatRate:400
05-29 18:27:02.150 D/CompatibilityChangeReporter( 700): Compat change id reported: 271850009; UID 10026; state: DISABLED
05-29 18:27:02.150 D/CompatibilityChangeReporter( 700): Compat change id reported: 253665015; UID 10026; state: DISABLED
05-29 18:27:02.150 D/CompatibilityChangeReporter( 700): Compat change id reported: 194532703; UID 10026; state: DISABLED
05-29 18:27:02.152 D/ConnectivityService( 700): requestNetwork for uid/pid:1000/700 asUid: 10026 activeRequest: null callbackRequest: 49 [NetworkRequest [ REQUEST id=50, [ Capabilities: INTERNET&NOT_RESTRICTED&TRUSTED&NOT_VCN_MANAGED Uid: 10026 RequestorUid: 1000 RequestorPkg: android UnderlyingNetworks: Null] ]] callback flags: 0 order: 2147483647
05-29 18:27:02.153 D/WifiNetworkFactory( 700): got request NetworkRequest [ REQUEST id=50, [ Capabilities: INTERNET&NOT_RESTRICTED&TRUSTED&NOT_VCN_MANAGED Uid: 10026 RequestorUid: 1000 RequestorPkg: android UnderlyingNetworks: Null] ]
05-29 18:27:02.154 D/UntrustedWifiNetworkFactory( 700): got request NetworkRequest [ REQUEST id=50, [ Capabilities: INTERNET&NOT_RESTRICTED&TRUSTED&NOT_VCN_MANAGED Uid: 10026 RequestorUid: 1000 RequestorPkg: android UnderlyingNetworks: Null] ]
05-29 18:27:02.154 D/OemPaidWifiNetworkFactory( 700): got request NetworkRequest [ REQUEST id=50, [ Capabilities: INTERNET&NOT_RESTRICTED&TRUSTED&NOT_VCN_MANAGED Uid: 10026 RequestorUid: 1000 RequestorPkg: android UnderlyingNetworks: Null] ]
05-29 18:27:02.154 D/ConnectivityService( 700): NetReassign [50 : null → 100] [c 0] [a 0] [i 1]
05-29 18:27:02.154 D/MultiInternetWifiNetworkFactory( 700): got request NetworkRequest [ REQUEST id=50, [ Capabilities: INTERNET&NOT_RESTRICTED&TRUSTED&NOT_VCN_MANAGED Uid: 10026 RequestorUid: 1000 RequestorPkg: android UnderlyingNetworks: Null] ]
05-29 18:27:02.159 D/CompatibilityChangeReporter( 700): Compat change id reported: 135634846; UID 10019; state: DISABLED
05-29 18:27:02.160 D/CompatibilityChangeReporter( 700): Compat change id reported: 177438394; UID 10019; state: DISABLED
05-29 18:27:02.160 D/CompatibilityChangeReporter( 700): Compat change id reported: 135772972; UID 10019; state: DISABLED
05-29 18:27:02.160 D/CompatibilityChangeReporter( 700): Compat change id reported: 135754954; UID 10019; state: ENABLED
05-29 18:27:02.161 D/CompatibilityChangeReporter( 700): Compat change id reported: 143937733; UID 10019; state: ENABLED
05-29 18:27:02.162 I/crashsdk( 2078): Catcher mask: 5000, 20480
05-29 18:27:02.163 I/crashsdk( 2078): Catcher thread 2088
05-29 18:27:02.163 D/crashsdk( 2078): Register ANR handler ...
05-29 18:27:02.184 I/d.leradlauncher( 1431): NativeAlloc concurrent copying GC freed 431595(37MB) AllocSpace objects, 80(12MB) LOS objects, 49% free, 8041KB/15MB, paused 177us,99us total 262.522ms
05-29 18:27:02.191 I/ActivityManager( 700): Background started FGS: Allowed [callingPackage: com.dangbei.screencast; callingUid: 10044; uidState: CEM ; uidBFSL: n/a; intent: Intent { act=com.dangbei.screencast.STARTUP pkg=com.dangbei.screencast }; code:SYSTEM_ALERT_WINDOW_PERMISSION; tempAllowListReason:; targetSdkVersion:28; callerTargetSdkVersion:28; startForegroundCount:0; bindFromPackage:null: isBindService:false]
05-29 18:27:02.197 D/AppManager( 1431): checkLocalAppsIsValid:
05-29 18:27:02.200 D/Zygote ( 464): Forked child process 2198
05-29 18:27:02.201 I/ActivityManager( 700): Start proc 2198:com.android.externalstorage/u0a19 for broadcast {com.android.externalstorage/com.android.externalstorage.MountReceiver}
05-29 18:27:02.204 I/BroadcastQueue( 700): BOOT_COMPLETED_BROADCAST_COMPLETION_LATENCY_REPORTED action:android.intent.action.BOOT_COMPLETED dispatchLatency:-23114 completeLatency:5252 dispatchRealLatency:-23114 completeRealLatency:5252 receiversSize:39 userId:0 userType:android.os.usertype.full.SYSTEM
05-29 18:27:02.204 I/ActivityManager( 700): Finished processing BOOT_COMPLETED for u0
05-29 18:27:02.209 I/Zygote ( 2198): seccomp disabled by setenforce 0
05-29 18:27:02.215 I/externalstorage( 2198): Using CollectorTypeCC GC.
05-29 18:27:02.223 E/externalstorage( 2198): Not starting debugger since process cannot load the jdwp agent.
05-29 18:27:02.225 D/CompatibilityChangeReporter( 700): Compat change id reported: 170668199; UID 10044; state: DISABLED
05-29 18:27:02.225 W/ActivityManager( 700): Foreground service started from background can not have location/camera/microphone access: service com.dangbei.screencast/.startup.StartupService
05-29 18:27:02.226 D/CompatibilityChangeReporter( 700): Compat change id reported: 255038118; UID 10044; state: DISABLED
05-29 18:27:02.226 D/CompatibilityChangeReporter( 700): Compat change id reported: 255042465; UID 10044; state: DISABLED
05-29 18:27:02.228 W/ForegroundServiceTypeLoggerModule( 700): Foreground service start for UID: 10044 does not have any types
05-29 18:27:02.230 I/ActivityManager( 700): Deferring FGS notification in legacy app com.dangbei.screencast/u0a44 : Notification(channel=channel_record shortcut=null contentView=null vibrate=null sound=null defaults=0x0 flags=0x60 color=0x00000000 category=transport vis=PUBLIC)
05-29 18:27:02.238 D/CompatibilityChangeReporter( 700): Compat change id reported: 168419799; UID 10019; state: DISABLED
05-29 18:27:02.238 D/CompatibilityChangeReporter( 700): Compat change id reported: 273564678; UID 10019; state: DISABLED
05-29 18:27:02.244 D/CompatibilityChangeReporter( 700): Compat change id reported: 265195908; UID 10019; state: ENABLED
05-29 18:27:02.244 D/CompatibilityChangeReporter( 2198): Compat change id reported: 171979766; UID 10019; state: ENABLED
05-29 18:27:02.244 D/CompatibilityChangeReporter( 2198): Compat change id reported: 242716250; UID 10019; state: ENABLED
05-29 18:27:02.245 D/LaunchConfigManager( 2078): check in allready
05-29 18:27:02.247 I/LaunchTrace( 2078): begin sendLaunchCache
05-29 18:27:02.248 D/CompatibilityChangeReporter( 700): Compat change id reported: 170503758; UID 10019; state: ENABLED
05-29 18:27:02.252 W/d.leradlauncher( 1431): ApkAssets: Deleting an ApkAssets object ' and /product/app/webview/webview.apk' with 1 weak references
05-29 18:27:02.254 W/d.leradlauncher( 1431): ApkAssets: Deleting an ApkAssets object ' and /system/app/dangbei-steward/dangbei-steward.apk' with 1 weak references
05-29 18:27:02.256 W/d.leradlauncher( 1431): ApkAssets: Deleting an ApkAssets object ' and /system/app/dangbei-media-player/dangbei-media-player.apk' with 1 weak references
05-29 18:27:02.256 W/d.leradlauncher( 1431): ApkAssets: Deleting an ApkAssets object ' and /system/app/dangbei-feedback/dangbei-feedback.apk' with 1 weak references
05-29 18:27:02.256 W/d.leradlauncher( 1431): ApkAssets: Deleting an ApkAssets object ' and /system/app/dangbei-screencast/dangbei-screencast.apk' with 1 weak references
05-29 18:27:02.257 W/d.leradlauncher( 1431): ApkAssets: Deleting an ApkAssets object ' and /system/app/dangbei-file-manager/dangbei-file-manager.apk' with 1 weak references
05-29 18:27:02.257 W/d.leradlauncher( 1431): ApkAssets: Deleting an ApkAssets object ' and /system/app/dangbei-setting/dangbei-setting.apk' with 1 weak references
05-29 18:27:02.258 W/efs.send_log( 2078): tryFileLock start!
05-29 18:27:02.263 W/efs.send_log( 2078): tryFileLock sendlock sucess! processname: com.dangbei.screencast
05-29 18:27:02.264 I/efs.config( 2078): --->>> 删除旧的配置文件 false
05-29 18:27:02.270 I/efs.base( 2078): lt=event`ev_ct=efs_core`ev_ac=pvuv`tm=2025-05-29 18:27:26`dn=282ed398-9b16-46ad-b966-b16283254794`ps=com.dangbei.screencast`um_os=android`stime=1748514421910`pid=2078`fr=android`pkg=com.dangbei.screencast`vcode=20830`dsp_w=1920`uid=282ed398-9b16-46ad-b966-b16283254794`rom=14`wid=282ed398-9b16-46ad-b966-b16283254794`um_app_carrier=`um_access=wifi`um_app_channel=os`um_crash_sdk_version=1.4.0`ctime=1748514422`model=dbbox-a3`lang=zh`net=wifi`brand=amlogic`dsp_h=1080`um_network_type=0`ver=v2.8.3`build_model=DBBOX-A3`w_tm=1748514422`appid=5fc60c21094d637f3130af19`um_umid_header=aiaefbf3944cdb0a089a4288118ba20332`sdk=34`tzone=Asia/Shanghai`sdk_ver=1.3.6.umeng
05-29 18:27:02.275 D/nativeloader( 2198): Configuring clns-shared-4 for other apk /system/priv-app/ExternalStorageProvider/ExternalStorageProvider.apk. target_sdk_version=34, uses_libraries=, library_path=/system/priv-app/ExternalStorageProvider/lib/arm:/system/lib:/system_ext/lib, permitted_path=/data:/mnt/expand:/data/user/0/com.android.externalstorage:/system/priv-app/ExternalStorageProvider:/system/lib:/system_ext/lib
05-29 18:27:02.275 E/raop ( 2078): *********************AirplayBroadcastServer+++++++++
05-29 18:27:02.279 I/efs.config( 2078): current config version (-1) is older than another (1735614866)
05-29 18:27:02.280 D/CompatibilityChangeReporter( 2078): Compat change id reported: 270306772; UID 10044; state: DISABLED
05-29 18:27:02.282 D/CompatibilityChangeReporter( 2078): Compat change id reported: 235355681; UID 10044; state: DISABLED
05-29 18:27:02.283 I/efs.config( 2078): load config from storage and notify observer
05-29 18:27:02.325 D/audio_hw_hal_ms12common( 475): func:ms12_timer_callback_handler sigv:0 ~~~~~~~~~~
05-29 18:27:02.325 D/audio_hw_hal_ms12v2( 475): set_dolby_ms12_continuous_state audio_continuous_standby_set status 1
05-29 18:27:02.325 D/audio_hw_hal_continuous_standby( 475): audio_continuous_standby_set, type 0, params 1
05-29 18:27:02.325 D/audio_hw_hal_ms12common( 475): aml_send_ms12_scheduler_state_2_ms12 adev:0xe69c14a0, sch_state:1(SCHEDULER_STANDBY)
05-29 18:27:02.329 D/TrafficStats( 1691): tagSocket(161) with statsTag=0xffffffff, statsUid=-1
05-29 18:27:02.342 D/TrafficStats( 1691): tagSocket(157) with statsTag=0xffffffff, statsUid=-1
05-29 18:27:02.346 I/ActivityManager( 700): Background started FGS: Allowed [callingPackage: com.dangbei.screencast; callingUid: 10044; uidState: FGS ; uidBFSL: [BFSL]; intent: Intent { cmp=com.dangbei.screencast/.huaweicast.service.HuaweiCastService }; code:PROC_STATE_FGS; tempAllowListReason:; targetSdkVersion:28; callerTargetSdkVersion:28; startForegroundCount:0; bindFromPackage:null: isBindService:false]
05-29 18:27:02.352 V/GraphicsEnvironment( 2198): Currently set values for:
05-29 18:27:02.352 V/GraphicsEnvironment( 2198): angle_gl_driver_selection_pkgs=[]
05-29 18:27:02.352 V/GraphicsEnvironment( 2198): angle_gl_driver_selection_values=[]
05-29 18:27:02.352 E/H264FrameQueue( 2078): H264FrameQueue: mFullQueueCount:200
05-29 18:27:02.353 V/GraphicsEnvironment( 2198): ANGLE GameManagerService for com.android.externalstorage: false
05-29 18:27:02.353 V/GraphicsEnvironment( 2198): com.android.externalstorage is not listed in per-application setting
05-29 18:27:02.353 V/GraphicsEnvironment( 2198): Neither updatable production driver nor prerelease driver is supported.
05-29 18:27:02.371 D/wenhc ( 1431): getScreenInfo uri = content://com.dangbei.screencast.parts.info/screen_cast
05-29 18:27:02.380 W/System.err( 2078): java.lang.NullPointerException: Attempt to invoke virtual method 'byte[] java.net.NetworkInterface.getHardwareAddress()' on a null object reference
05-29 18:27:02.381 W/System.err( 2078): at b.f.f.y.g.b(Unknown Source:11)
05-29 18:27:02.381 W/System.err( 2078): at b.d.a.a.p.c0(Unknown Source:2)
05-29 18:27:02.381 W/System.err( 2078): at com.dangbei.screencast.startup.StartupService.onCreate(:5)
05-29 18:27:02.381 W/System.err( 2078): at android.app.ActivityThread.handleCreateService(ActivityThread.java:4696)
05-29 18:27:02.381 W/System.err( 2078): at android.app.ActivityThread.-$$Nest$mhandleCreateService(Unknown Source:0)
05-29 18:27:02.381 W/System.err( 2078): at android.app.ActivityThread$H.handleMessage(ActivityThread.java:2293)
05-29 18:27:02.381 W/System.err( 2078): at android.os.Handler.dispatchMessage(Handler.java:106)
05-29 18:27:02.381 W/System.err( 2078): at android.os.Looper.loopOnce(Looper.java:205)
05-29 18:27:02.381 W/System.err( 2078): at android.os.Looper.loop(Looper.java:294)
05-29 18:27:02.381 W/System.err( 2078): at android.app.ActivityThread.main(ActivityThread.java:8255)
05-29 18:27:02.381 W/System.err( 2078): at java.lang.reflect.Method.invoke(Native Method)
05-29 18:27:02.381 W/System.err( 2078): at com.android.internal.os.RuntimeInit$MethodAndArgsCaller.run(RuntimeInit.java:552)
05-29 18:27:02.381 W/System.err( 2078): at com.android.internal.os.ZygoteInit.main(ZygoteInit.java:978)
05-29 18:27:02.382 D/ExternalStorage( 2198): After updating volumes, found 1 active roots
05-29 18:27:02.398 D/AppManager( 1431): checkLocalAppsIsValid:
05-29 18:27:02.415 D/TrafficStats( 1431): tagSocket(5) with statsTag=0xffffffff, statsUid=-1
05-29 18:27:02.427 I/ActivityManager( 700): com.oranth.usbopenft is exempt from freezer
05-29 18:27:02.427 E/HuaweiCastService( 2078): onCreate called().
05-29 18:27:02.427 D/CompatibilityChangeReporter( 700): Compat change id reported: 135634846; UID 1000; state: DISABLED
05-29 18:27:02.429 D/ExternalStorage( 2198): After updating volumes, found 1 active roots
05-29 18:27:02.438 E/PlayerClient( 2078): registerCallback com.dangbei.screencast.huaweicast.service.HuaweiCastService$a@437a082
05-29 18:27:02.438 D/PlayerClient( 2078): registerCallback true
05-29 18:27:02.438 D/PlayerClient( 2078): init.
05-29 18:27:02.439 W/KIT_FWK_a( 2078): KitFwk is not installed, pls do not use related interfaces.
05-29 18:27:02.440 W/KIT_FWK_a( 2078): KitFwk is not installed, pls do not use related interfaces.
05-29 18:27:02.440 E/PlayerClient( 2078): bind player service by aar.
05-29 18:27:02.443 D/ExternalStorage( 2198): After updating volumes, found 1 active roots
05-29 18:27:02.443 D/CompatibilityChangeReporter( 700): Compat change id reported: 261072174; UID 10044; state: DISABLED
05-29 18:27:02.446 D/PlayerClient( 2078): bind player sink service true
05-29 18:27:02.453 I/MobclickAgent( 2078): module init:azioc
05-29 18:27:02.455 I/WifiService( 700): acquireMulticastLock uid=10044
05-29 18:27:02.457 I/WifiService( 700): acquireMulticastLock uid=10044
05-29 18:27:02.458 W/ActivityManager( 700): Foreground service started from background can not have location/camera/microphone access: service com.dangbei.screencast/.huaweicast.service.HuaweiCastService
05-29 18:27:02.459 W/ForegroundServiceTypeLoggerModule( 700): Foreground service start for UID: 10044 does not have any types
05-29 18:27:02.461 E/HuaweiCastService( 2078): startForeground!
05-29 18:27:02.462 D/WifiHAL ( 501): Setting APF program, halHandle = 0xebc024a0
05-29 18:27:02.463 I/WifiHAL ( 501): createRequest: APF set program request
05-29 18:27:02.463 D/WifiHAL ( 501): error code -95 mapped to -3
05-29 18:27:02.463 I/WifiHAL ( 501): Request Response failed for APF, result = -3
05-29 18:27:02.463 E/WifiStaIfaceAidlImpl( 700): installApfPacketFilter failed with service-specific exception: android.os.ServiceSpecificException: (code 4)
05-29 18:27:02.464 E/HuaweiCastService( 2078): onStartCommand in 0
05-29 18:27:02.471 E/StartupService( 2078): onConnected:
05-29 18:27:02.484 D/TrafficStats( 2078): tagSocket(154) with statsTag=0xffffffff, statsUid=-1
05-29 18:27:02.506 D/Zygote ( 464): Forked child process 2254
05-29 18:27:02.508 W/ActivityManager( 700): Slow operation: 81ms so far, now at startProcess: returned from zygote!
05-29 18:27:02.509 W/ActivityManager( 700): Slow operation: 82ms so far, now at startProcess: done updating battery stats
05-29 18:27:02.509 W/ActivityManager( 700): Slow operation: 82ms so far, now at startProcess: building log message
05-29 18:27:02.509 I/ActivityManager( 700): Start proc 2254:com.oranth.usbopenft/1000 for broadcast {com.oranth.usbopenft/com.oranth.usbopenft.UsbReceiver}
05-29 18:27:02.509 W/ActivityManager( 700): Slow operation: 82ms so far, now at startProcess: starting to update pids map
05-29 18:27:02.509 W/ActivityManager( 700): Slow operation: 82ms so far, now at startProcess: done updating pids map
05-29 18:27:02.521 I/Zygote ( 2254): seccomp disabled by setenforce 0
05-29 18:27:02.525 D/ConnectivityService( 700): requestNetwork for uid/pid:10026/2043 activeRequest: null callbackRequest: 51 [NetworkRequest [ REQUEST id=52, [ Capabilities: INTERNET&NOT_RESTRICTED&TRUSTED&NOT_VCN_MANAGED Uid: 10026 RequestorUid: 10026 RequestorPkg: com.android.statementservice UnderlyingNetworks: Null] ]] callback flags: 0 order: 2147483647
05-29 18:27:02.529 I/ranth.usbopenft( 2254): Using CollectorTypeCC GC.
05-29 18:27:02.529 D/WifiNetworkFactory( 700): got request NetworkRequest [ REQUEST id=52, [ Capabilities: INTERNET&NOT_RESTRICTED&TRUSTED&NOT_VCN_MANAGED Uid: 10026 RequestorUid: 10026 RequestorPkg: com.android.statementservice UnderlyingNetworks: Null] ]
05-29 18:27:02.530 D/UntrustedWifiNetworkFactory( 700): got request NetworkRequest [ REQUEST id=52, [ Capabilities: INTERNET&NOT_RESTRICTED&TRUSTED&NOT_VCN_MANAGED Uid: 10026 RequestorUid: 10026 RequestorPkg: com.android.statementservice UnderlyingNetworks: Null] ]
05-29 18:27:02.532 D/OemPaidWifiNetworkFactory( 700): got request NetworkRequest [ REQUEST id=52, [ Capabilities: INTERNET&NOT_RESTRICTED&TRUSTED&NOT_VCN_MANAGED Uid: 10026 RequestorUid: 10026 RequestorPkg: com.android.statementservice UnderlyingNetworks: Null] ]
05-29 18:27:02.532 D/ConnectivityService( 700): NetReassign [52 : null → 100] [c 1] [a 1] [i 4]
05-29 18:27:02.533 D/MultiInternetWifiNetworkFactory( 700): got request NetworkRequest [ REQUEST id=52, [ Capabilities: INTERNET&NOT_RESTRICTED&TRUSTED&NOT_VCN_MANAGED Uid: 10026 RequestorUid: 10026 RequestorPkg: com.android.statementservice UnderlyingNetworks: Null] ]
05-29 18:27:02.540 E/ranth.usbopenft( 2254): Not starting debugger since process cannot load the jdwp agent.
05-29 18:27:02.547 D/TrafficStats( 2078): tagSocket(152) with statsTag=0xffffffff, statsUid=-1
05-29 18:27:02.559 D/xm_audio( 475): socket_thread start
05-29 18:27:02.559 D/xm_audio( 475): create socket g_is_running4
05-29 18:27:02.559 D/XM_HIDREAD( 1904): Client connected.
05-29 18:27:02.560 D/XM_HIDREAD( 1904): accept before.
05-29 18:27:02.560 D/XM_HIDREAD( 1904): handle_client start.
05-29 18:27:02.560 D/CompatibilityChangeReporter( 2043): Compat change id reported: 263076149; UID 10026; state: DISABLED
05-29 18:27:02.563 D/xm_audio( 475): create socket g_is_running5
05-29 18:27:02.563 E/xm_audio( 475): so socket connect suc
05-29 18:27:02.564 D/xm_audio( 475): data_thread start
05-29 18:27:02.593 D/XHttpObservable( 1691): createNetWorkObservable subscribe: MediaControlEntity{code=0, data=PageEntity{list=[ContentEntity{packageName='com.dangbei.leard.leradlauncher', activityName='FilmDetailActivity'}, ContentEntity{packageName='com.dangbei.leard.leradlauncher', activityName='FullScreenDetailActivity'}, ContentEntity{packageName='com.dangbei.leard.leradlauncher', activityName='TencentSportActivity'}, ContentEntity{packageName='com.dangbei.leradVideoPlugins', activityName='FilmDetailActivity'}, ContentEntity{packageName='com.dangbei.leradVideoPlugins', activityName='FullScreenDetailActivity'}, ContentEntity{packageName='com.dangbei.leradVideoPlugins', activityName='TencentSportActivity'}, ContentEntity{packageName='com.dangbei.leradVideoPlugins', activityName='ShortPlayActivity'}, ContentEntity{packageName='com.dangbei.hqmedia', activityName='FilmDetailActivity'}, ContentEntity{packageName='com.dangbei.hqmedia', activityName='FullScreenDetailActivity'}, ContentEntity{packageName='com.dangbei.leradVideoPlugins', activityName='MangoMediaActivity'}, ContentEntity{packageName='com.dangbei.leradVideoPlugins', activityName='VcinemaActivity'}]}, message='success'} ,,, isDisposed = false
05-29 18:27:02.601 D/CompatibilityChangeReporter( 700): Compat change id reported: 168419799; UID 1000; state: DISABLED
05-29 18:27:02.602 D/CompatibilityChangeReporter( 700): Compat change id reported: 273564678; UID 1000; state: DISABLED
05-29 18:27:02.603 D/XHttpObservable( 1691): createNetWorkObservable subscribe: ShowMessageEntity{code=0, data=TipEntity{movieType=[我想看喜剧片, 动作片, 枪战片], movie=[庆余年, 误杀, 美丽人生, 爆笑虫子, 哪吒, 小猪佩奇, 胡歌的电视剧, 张艺谋导演的电影, 切换到1080P, 收藏], appController=[打开当贝市场, 下载哈趣影视, 爱奇艺, 卸载腾讯视频], weather=[今天的天气, 未来五天的天气, 杭州天气怎么样, 明天下不下雨], music=[我要听歌, 周杰伦的歌, 上一首, 下一首, 快进一分钟, 暂停], liveAppDownload='非常抱歉,根据监管部门政策管理要求,暂不提供相应服务。', subscreen=null, wakeUpVoiceResponse=[ProbabilityEntity{word='在呢', probability=30}, ProbabilityEntity{word='我在', probability=35}, ProbabilityEntity{word='你说', probability=15}, ProbabilityEntity{word='来啦', probability=20}], unrecognizedVoiceResponse=[ProbabilityEntity{word='可以再说一遍么', probability=45}, ProbabilityEntity{word='可以说的详细一点么', probability=30}, ProbabilityEntity{word='请问有什么可以帮您', probability=25}], notUnderstandVoiceResponse=[ProbabilityEntity{word='换个说法试试吧', probability=100}]}, message='success'} ,,, isDisposed = false
05-29 18:27:02.613 D/CompatibilityChangeReporter( 2254): Compat change id reported: 171979766; UID 1000; state: ENABLED
05-29 18:27:02.614 D/CompatibilityChangeReporter( 2254): Compat change id reported: 242716250; UID 1000; state: ENABLED
05-29 18:27:02.623 W/TelephonyPermissions( 700): reportAccessDeniedToReadIdentifiers:com.dangbei.screencast:getSerial:-1
05-29 18:27:02.648 D/nativeloader( 2254): Configuring clns-shared-4 for other apk /system/app/UsbOpenFT/UsbOpenFT.apk. target_sdk_version=35, uses_libraries=, library_path=/system/app/UsbOpenFT/lib/arm:/system/app/UsbOpenFT/UsbOpenFT.apk!/lib/armeabi-v7a:/system/lib:/system_ext/lib, permitted_path=/data:/mnt/expand:/data/user/0/com.oranth.usbopenft:/system/app/UsbOpenFT:/system/lib:/system_ext/lib
05-29 18:27:02.654 W/System.err( 2078): java.lang.NullPointerException: Attempt to invoke virtual method 'byte[] java.net.NetworkInterface.getHardwareAddress()' on a null object reference
05-29 18:27:02.654 W/System.err( 2078): at b.f.f.y.g.b(Unknown Source:11)
05-29 18:27:02.654 W/System.err( 2078): at b.d.a.a.p.c0(Unknown Source:2)
05-29 18:27:02.654 W/System.err( 2078): at b.f.f.w.b.(:16)
05-29 18:27:02.654 W/System.err( 2078): at com.dangbei.screencast.startup.StartupService.w(:2)
05-29 18:27:02.654 W/System.err( 2078): at b.f.f.h.g.b.run(:6)
05-29 18:27:02.654 W/System.err( 2078): at b.d.a.a.n.a(Unknown Source:10)
05-29 18:27:02.654 W/System.err( 2078): at b.f.f.h.g.j.onReceive(Unknown Source:20)
05-29 18:27:02.654 W/System.err( 2078): at android.app.LoadedApk$ReceiverDispatcher$Args.lambda$getRunnable$0(LoadedApk.java:1811)
05-29 18:27:02.654 W/System.err( 2078): at android.app.LoadedApk$ReceiverDispatcher$Args.$r8$lambda$gDuJqgxY6Zb-ifyeubKeivTLAwk(Unknown Source:0)
05-29 18:27:02.654 W/System.err( 2078): at android.app.LoadedApk$ReceiverDispatcher$Args$$ExternalSyntheticLambda0.run(Unknown Source:2)
05-29 18:27:02.654 W/System.err( 2078): at android.os.Handler.handleCallback(Handler.java:958)
05-29 18:27:02.654 W/System.err( 2078): at android.os.Handler.dispatchMessage(Handler.java:99)
05-29 18:27:02.654 W/System.err( 2078): at android.os.Looper.loopOnce(Looper.java:205)
05-29 18:27:02.654 W/System.err( 2078): at android.os.Looper.loop(Looper.java:294)
05-29 18:27:02.654 W/System.err( 2078): at android.app.ActivityThread.main(ActivityThread.java:8255)
05-29 18:27:02.655 W/System.err( 2078): at java.lang.reflect.Method.invoke(Native Method)
05-29 18:27:02.655 W/System.err( 2078): at com.android.internal.os.RuntimeInit$MethodAndArgsCaller.run(RuntimeInit.java:552)
05-29 18:27:02.655 W/System.err( 2078): at com.android.internal.os.ZygoteInit.main(ZygoteInit.java:978)
05-29 18:27:02.656 I/WM-WorkerWrapper( 2043): Worker result SUCCESS for Work [ id=ab2f4f67-1269-4226-b0b7-4c4ec89f197a, tags={ com.android.statementservice.domain.worker.RetryRequestWorker } ]
05-29 18:27:02.664 I/dangbei ad sdk( 1431): AdSplashView::show offline ad
05-29 18:27:02.666 W/JobScheduler( 700): Job didn't exist in JobStore: 1d37f03 #u0a26/21 com.android.statementservice/androidx.work.impl.background.systemjob.SystemJobService
05-29 18:27:02.683 V/GraphicsEnvironment( 2254): Currently set values for:
05-29 18:27:02.683 V/GraphicsEnvironment( 2254): angle_gl_driver_selection_pkgs=[]
05-29 18:27:02.683 V/GraphicsEnvironment( 2254): angle_gl_driver_selection_values=[]
05-29 18:27:02.684 V/GraphicsEnvironment( 2254): ANGLE GameManagerService for com.oranth.usbopenft: false
05-29 18:27:02.684 V/GraphicsEnvironment( 2254): com.oranth.usbopenft is not listed in per-application setting
05-29 18:27:02.684 V/GraphicsEnvironment( 2254): Neither updatable production driver nor prerelease driver is supported.
05-29 18:27:02.690 W/efs.info.manager( 2078): network change: wifi
05-29 18:27:02.692 D/HiSight-SinkService( 2078): onCreate.
05-29 18:27:02.699 D/HiSight-ConnectionManager( 2078): start ConnectionManager
05-29 18:27:02.704 D/HiSight-SinkService( 2078): onBind.
05-29 18:27:02.708 D/AppManager( 1431): checkLocalAppsIsValid: success
05-29 18:27:02.722 D/PlayerClient( 2078): service connected.
05-29 18:27:02.722 D/HiSight-SinkService( 2078): ITaskBinder registerCallback: true
05-29 18:27:02.722 D/HiSight-HiSightManager( 2078): ITaskBinder registerCallback.
05-29 18:27:02.723 D/HiSight-CallbackManager( 2078): addNewCallback. com.dangbei.screencast.huaweicast.service.HuaweiCastService$a@437a082
05-29 18:27:02.723 E/HuaweiCastService( 2078): eventId: 4001
05-29 18:27:02.723 E/HuaweiCastService( 2078): mPlayerClient is null.
05-29 18:27:02.724 D/HiSight-HiSightManager( 2078): check capability vbr range not setting, using default value
05-29 18:27:02.724 E/HuaweiCastService( 2078): mPlayerClient is null.
05-29 18:27:02.724 D/HiSight-SinkService( 2078): setAuthMode
05-29 18:27:02.724 W/HiSight-ConnectionManager( 2078): mSinkId is empty
05-29 18:27:02.774 D/AppManager( 1431): checkLocalAppsIsValid: success
05-29 18:27:02.880 I/serviceDiscovery( 700): [MdnsAdvertiser.wlan0] Probing finished for service 2
05-29 18:27:02.882 D/LanCommander( 1386): com.dangbei.andes.bean.RegistrationData@bde7a15----------------onServiceRegistered
05-29 18:27:03.041 D/TrafficStats( 1431): tagSocket(78) with statsTag=0xffffffff, statsUid=-1
05-29 18:27:03.428 I/WifiHAL ( 501): call wifi_get_link_stats handler
05-29 18:27:03.428 I/WifiHAL ( 501): Creating message to get link statistics; iface = 16
05-29 18:27:03.428 D/WifiHAL ( 501): error code -95 mapped to -3
05-29 18:27:03.428 E/WifiStaIfaceAidlImpl( 700): getLinkLayerStats failed with service-specific exception: android.os.ServiceSpecificException: (code 4)
05-29 18:27:03.439 D/InstantWifi( 700): Receive Wifi is connected, freq = 5745 and currentNetworkId : 0, wifiinfo = SSID: , BSSID: 02:00:00:00:00:00, MAC: 02:00:00:00:00:00, IP: /192.168.3.246, Security type: 2, Supplicant state: COMPLETED, Wi-Fi standard: 6, RSSI: -60, Link speed: 1200Mbps, Tx Link speed: 1200Mbps, Max Supported Tx Link speed: 1200Mbps, Rx Link speed: 6Mbps, Max Supported Rx Link speed: 1200Mbps, Frequency: 5745MHz, Net ID: -1, Metered hint: false, score: 60, isUsable: true, CarrierMerged: false, SubscriptionId: -1, IsPrimary: 1, Trusted: true, Restricted: false, Ephemeral: false, OEM paid: false, OEM private: false, OSU AP: false, FQDN: , Provider friendly name: , Requesting package name: MLO Information: , Is TID-To-Link negotiation supported by the AP: false, AP MLD Address: , AP MLO Link Id: , AP MLO Affiliated links:
05-29 18:27:03.909 E/hq ( 1431): ErrorCoroutineExceptionHandler:::runTry error:com.dangbei.leard.base.proider.error.EmptyApiException: 数据为空 from=requestMessageDialog from=requestMessageDialog
05-29 18:27:04.438 E/hq ( 1431): Etna:::sendInspectLauncherUpdate
05-29 18:27:04.443 E/ccc ( 1386): cccccc SystemUpdateHelper launcherUpdate {"launcherCodeLocal":102941,"launcherCodeNet":0,"launcherVersionLocal":"2.9.4.1","launcherVersionNet":"","otaCodeLocal":0,"otaCodeNet":0,"remoteNeedUpdate":false,"updateType":""}
05-29 18:27:04.446 D/etnaManager( 1431): 不需要更新桌面
05-29 18:27:04.772 D/ProfileInstaller( 1431): Installing profile for com.dangbei.leard.leradlauncher
05-29 18:27:05.047 D/OomAdjuster( 700): Not killing cached processes
05-29 18:27:05.049 D/CompatibilityChangeReporter( 1881): Compat change id reported: 253665015; UID 10016; state: ENABLED
05-29 18:27:05.051 D/CompatibilityChangeReporter( 1881): Compat change id reported: 194532703; UID 10016; state: ENABLED
05-29 18:27:05.052 D/CompatibilityChangeReporter( 700): Compat change id reported: 253665015; UID 10016; state: ENABLED
05-29 18:27:05.053 D/CompatibilityChangeReporter( 700): Compat change id reported: 194532703; UID 10016; state: ENABLED
05-29 18:27:05.118 D/TrafficStats( 2078): tagSocket(156) with statsTag=0xffffffff, statsUid=-1
05-29 18:27:05.961 E/hq ( 1431): ErrorCoroutineExceptionHandler:::runTry error:com.dangbei.leard.base.proider.error.EmptyApiException: 数据为空 from=requestMessageDialog from=requestMessageDialog
05-29 18:27:06.195 W/BroadcastLoopers( 700): Found previously unknown looper Thread[PackageManager,5,main]
05-29 18:27:06.210 I/RoleService( 700): Granting default roles...
05-29 18:27:06.212 W/Searchables( 700): No global search activity found
05-29 18:27:06.216 V/MediaPlayerList( 1027): mPackageChangedBroadcastReceiver: action: android.intent.action.PACKAGE_CHANGED
05-29 18:27:06.226 I/InputReader( 700): Reconfiguring input devices, changes=KEYBOARD_LAYOUTS
05-29 18:27:06.228 W/BroadcastLoopers( 700): Found previously unknown looper Thread[android.bg,5,main]
05-29 18:27:06.239 W/VoiceInteractionManager( 700): no available voice recognition services found for user 0
05-29 18:27:06.243 W/Searchables( 700): No global search activity found
05-29 18:27:06.252 V/MediaPlayerList( 1027): mPackageChangedBroadcastReceiver: action: android.intent.action.PACKAGE_CHANGED
05-29 18:27:06.253 I/InputReader( 700): Reconfiguring input devices, changes=KEYBOARD_LAYOUTS
05-29 18:27:06.259 W/VoiceInteractionManager( 700): no available voice recognition services found for user 0
05-29 18:27:06.259 I/PermissionControllerServiceImpl( 1811): Updating user sensitive for uid 1002
05-29 18:27:06.259 W/Role ( 1811): Cannot get ApplicationInfo for default holder: com.android.messaging
05-29 18:27:06.261 I/PermissionControllerServiceImpl( 1811): Updating user sensitive for uid 10061
05-29 18:27:06.264 W/Role ( 1811): Cannot get ApplicationInfo for default holder: com.android.tv.frameworkpackagestubs
05-29 18:27:06.294 D/SntpClient( 700): request time failed: java.net.SocketTimeoutException: Poll timed out
05-29 18:27:06.294 D/TrafficStats( 700): tagSocket(388) with statsTag=0xffffff41, statsUid=-1
05-29 18:27:06.313 E/DocumentManagerRoleBehavior( 1811): There should be exactly one documenter; found 0: matches=[]
05-29 18:27:06.315 W/Role ( 1811): Cannot get ApplicationInfo for default holder: com.android.gallery3d
05-29 18:27:06.356 D/CompatibilityChangeReporter( 700): Compat change id reported: 161145287; UID 10060; state: ENABLED
05-29 18:27:06.371 W/BroadcastLoopers( 700): Found previously unknown looper Thread[appscheduling.default,5,main]
05-29 18:27:06.434 I/WifiHAL ( 501): call wifi_get_link_stats handler
05-29 18:27:06.434 I/WifiHAL ( 501): Creating message to get link statistics; iface = 16
05-29 18:27:06.434 D/WifiHAL ( 501): error code -95 mapped to -3
05-29 18:27:06.434 E/WifiStaIfaceAidlImpl( 700): getLinkLayerStats failed with service-specific exception: android.os.ServiceSpecificException: (code 4)
05-29 18:27:07.005 D/AvrcpBrowsablePlayerConnector( 1027): Received a message: msg.what=2
05-29 18:27:07.005 V/AvrcpBrowsablePlayerConnector( 1027): Timed out waiting for players
05-29 18:27:07.005 I/AvrcpBrowsablePlayerConnector( 1027): Successfully connected to 0 browsable players.
05-29 18:27:07.005 I/MediaPlayerList( 1027): init: Browsable Player list size is 0
05-29 18:27:07.118 I/BLE_Service( 1049): mStartDiscoveryRunnable, return for nonGTV or usersetup finished
05-29 18:27:07.128 I/Timer-1 ( 2078): type=1400 audit(0.0:860): avc: denied { search } for name="net" dev="sysfs" ino=12345 scontext=u:r:untrusted_app_27:s0:c44,c256,c512,c768 tcontext=u:object_r:sysfs_net:s0 tclass=dir permissive=1 app=com.dangbei.screencast
05-29 18:27:07.144 W/TelephonyPermissions( 700): reportAccessDeniedToReadIdentifiers:com.dangbei.screencast:getSerial:-1
05-29 18:27:07.194 V/NFC ( 2078): this device does not have NFC support
05-29 18:27:07.282 I/efs.config( 2078): No update is required, less than 8h since the last update
05-29 18:27:07.295 I/WifiService( 700): releaseMulticastLock uid=10044
05-29 18:27:07.298 I/WifiService( 700): releaseMulticastLock uid=10044
05-29 18:27:07.292 I/gbei.screencast( 2078): type=1400 audit(0.0:861): avc: denied { write } for name="property_service" dev="tmpfs" ino=411 scontext=u:r:untrusted_app_27:s0:c44,c256,c512,c768 tcontext=u:object_r:property_socket:s0 tclass=sock_file permissive=1 app=com.dangbei.screencast
05-29 18:27:07.305 D/WifiHAL ( 501): Setting APF program, halHandle = 0xebc024a0
05-29 18:27:07.305 I/WifiHAL ( 501): createRequest: APF set program request
05-29 18:27:07.305 D/WifiHAL ( 501): error code -95 mapped to -3
05-29 18:27:07.305 I/WifiHAL ( 501): Request Response failed for APF, result = -3
05-29 18:27:07.296 I/gbei.screencast( 2078): type=1400 audit(0.0:862): avc: denied { connectto } for path="/dev/socket/property_service" scontext=u:r:untrusted_app_27:s0:c44,c256,c512,c768 tcontext=u:r:init:s0 tclass=unix_stream_socket permissive=1 app=com.dangbei.screencast
05-29 18:27:07.306 E/WifiStaIfaceAidlImpl( 700): installApfPacketFilter failed with service-specific exception: android.os.ServiceSpecificException: (code 4)
05-29 18:27:07.300 I//system/bin/init( 1): type=1107 audit(0.0:863): uid=0 auid=4294967295 ses=4294967295 subj=u:r:init:s0 msg='avc: denied { set } for property=persist.sys.wfd.devicename pid=2078 uid=10044 gid=10044 scontext=u:r:untrusted_app_27:s0:c44,c256,c512,c768 tcontext=u:object_r:system_prop:s0 tclass=property_service permissive=1'
05-29 18:27:07.321 D/HiSight-SinkService( 2078): setDiscoverable true
05-29 18:27:07.323 D/NearFieldManager( 2078): init.
05-29 18:27:07.323 D/NearFieldManager( 2078): try check dmsdp
05-29 18:27:07.328 D/wenhc ( 1431): getScreenInfo uri = content://com.dangbei.screencast.parts.info/screen_cast
05-29 18:27:07.334 D/NearFieldManager( 2078): package not exist
05-29 18:27:07.337 D/CompatibilityChangeReporter( 700): Compat change id reported: 135634846; UID 10044; state: DISABLED
05-29 18:27:07.338 D/CompatibilityChangeReporter( 700): Compat change id reported: 143937733; UID 10044; state: DISABLED
05-29 18:27:07.338 D/NearFieldManager( 2078): bind nearfield service true
05-29 18:27:07.339 D/NearFieldManager( 2078): registerCallback true
05-29 18:27:07.340 D/HiSight-Discovery( 2078): set deviceInfo type:46
05-29 18:27:07.340 D/HiSight-Discovery( 2078): startAdvertise 1
05-29 18:27:07.351 D/Zygote ( 464): Forked child process 2322
05-29 18:27:07.352 I/ActivityManager( 700): Start proc 2322:com.huawei.connection/u0a44 for service {com.dangbei.screencast/com.huawei.connection.service.NearFieldManagerService}
05-29 18:27:07.357 I/Zygote ( 2322): seccomp disabled by setenforce 0
05-29 18:27:07.364 I/awei.connection( 2322): Using CollectorTypeCC GC.
05-29 18:27:07.360 I/rainbow_flow( 2181): type=1400 audit(0.0:864): avc: denied { ioctl } for path="/dev/spidev1.0" dev="tmpfs" ino=531 ioctlcmd=0x6b00 scontext=u:r:init:s0 tcontext=u:object_r:device:s0 tclass=chr_file permissive=1
05-29 18:27:07.371 E/awei.connection( 2322): Not starting debugger since process cannot load the jdwp agent.
05-29 18:27:07.386 D/CompatibilityChangeReporter( 2322): Compat change id reported: 171979766; UID 10044; state: DISABLED
05-29 18:27:07.386 D/CompatibilityChangeReporter( 2322): Compat change id reported: 242716250; UID 10044; state: DISABLED
05-29 18:27:07.391 D/ApplicationLoaders( 2322): Returning zygote-cached class loader: /system/framework/android.test.base.jar
05-29 18:27:07.391 D/ApplicationLoaders( 2322): Returning zygote-cached class loader: /system/framework/android.hidl.manager-V1.0-java.jar
05-29 18:27:07.391 D/ApplicationLoaders( 2322): Returning zygote-cached class loader: /system/framework/android.hidl.base-V1.0-java.jar
05-29 18:27:07.403 D/nativeloader( 2322): Configuring clns-shared-4 for other apk /system/app/dangbei-screencast/dangbei-screencast.apk. target_sdk_version=28, uses_libraries=, library_path=/system/app/dangbei-screencast/lib/arm:/system/app/dangbei-screencast/dangbei-screencast.apk!/lib/armeabi-v7a:/system/lib:/system_ext/lib, permitted_path=/data:/mnt/expand:/data/user/0/com.dangbei.screencast:/system/app/dangbei-screencast:/system/lib:/system_ext/lib
05-29 18:27:07.429 V/GraphicsEnvironment( 2322): Currently set values for:
05-29 18:27:07.429 V/GraphicsEnvironment( 2322): angle_gl_driver_selection_pkgs=[]
05-29 18:27:07.430 V/GraphicsEnvironment( 2322): angle_gl_driver_selection_values=[]
05-29 18:27:07.430 V/GraphicsEnvironment( 2322): ANGLE GameManagerService for com.dangbei.screencast: false
05-29 18:27:07.430 V/GraphicsEnvironment( 2322): com.dangbei.screencast is not listed in per-application setting
05-29 18:27:07.430 V/GraphicsEnvironment( 2322): Neither updatable production driver nor prerelease driver is supported.
05-29 18:27:07.434 I/MultiDex( 2322): VM with version 2.1.0 has multidex support
05-29 18:27:07.434 I/MultiDex( 2322): Installing application
05-29 18:27:07.434 I/MultiDex( 2322): VM has multidex support, MultiDex support library is disabled.
05-29 18:27:07.435 D/CompatibilityChangeReporter( 2322): Compat change id reported: 247079863; UID 10044; state: DISABLED
05-29 18:27:07.480 I/crashsdk( 2322): version unique build id: 6230cced
05-29 18:27:07.480 I/crashsdk( 2322): version unique build id: 6230cced
05-29 18:27:07.482 D/crashsdk( 2322): Native log stat thread 2350 setup, waiting
05-29 18:27:07.484 I/crashsdk( 2322): begin hack android.os.Process
05-29 18:27:07.484 I/crashsdk( 2322): end hack android.os.Process
05-29 18:27:07.498 I/Matrix.AnrTracer( 2322): anrTrace, final mAnrBeatTime:400, mAnrBeatRate:400
05-29 18:27:07.499 W/efs.send_log( 2322): tryFileLock start!
05-29 18:27:07.499 E/LaunchManager( 2322): Non main process !
05-29 18:27:07.500 W/System.err( 2322): java.lang.NullPointerException: Attempt to invoke virtual method 'boolean com.efs.sdk.launch.LaunchConfigManager.enableTracer()' on a null object reference
05-29 18:27:07.500 W/System.err( 2322): at com.umeng.umcrash.UMCrash.init(Unknown Source:403)
05-29 18:27:07.500 W/System.err( 2322): at java.lang.reflect.Method.invoke(Native Method)
05-29 18:27:07.500 W/System.err( 2322): at com.umeng.commonsdk.UMConfigure.init(Unknown Source:811)
05-29 18:27:07.500 W/System.err( 2322): at b.f.f.b.a(:4)
05-29 18:27:07.500 W/System.err( 2322): at h.o.a.run(Unknown Source:2)
05-29 18:27:07.502 I/TDLog ( 2322): setReportUncaughtExceptions: true
05-29 18:27:07.503 E/Application( 2322): onCreate:Version:v2.8.3/20830/883432e
05-29 18:27:07.506 I/keystore2( 279): system/security/keystore2/src/watchdog.rs:319 - Watchdog thread idle -> terminating. Have a great day.
05-29 18:27:07.515 I/efs.config( 2322): --->>> 删除旧的配置文件 false
05-29 18:27:07.515 I/efs.base( 2322): lt=event`ev_ct=efs_core`ev_ac=pvuv`tm=2025-05-29 18:27:50`dn=282ed398-9b16-46ad-b966-b16283254794`ps=com.huawei.connection`um_os=android`stime=1748514427351`pid=2322`fr=android`pkg=com.dangbei.screencast`vcode=20830`dsp_w=1920`uid=282ed398-9b16-46ad-b966-b16283254794`rom=14`wid=282ed398-9b16-46ad-b966-b16283254794`um_app_carrier=`um_access=wifi`um_app_channel=os`um_crash_sdk_version=1.4.0`ctime=1748514427`model=dbbox-a3`lang=zh`net=wifi`brand=amlogic`dsp_h=1080`um_network_type=0`ver=v2.8.3`build_model=DBBOX-A3`w_tm=1748514427`appid=5fc60c21094d637f3130af19`um_umid_header=aiaefbf3944cdb0a089a4288118ba20332`sdk=34`tzone=Asia/Shanghai`sdk_ver=1.3.6.umeng
05-29 18:27:07.534 I/crashsdk( 2322): Catcher mask: 5000, 20480
05-29 18:27:07.534 I/crashsdk( 2322): Catcher thread 2327
05-29 18:27:07.534 D/crashsdk( 2322): Register ANR handler ...
05-29 18:27:07.536 D/NearFieldManagerService( 2322): NearFieldManagerService.
05-29 18:27:07.540 D/NearFieldManagerService( 2322): onCreate, enter.
05-29 18:27:07.540 I/NearFieldManagerService( 2322): onBind, enter.
05-29 18:27:07.540 D/NearFieldManagerService( 2322): initService
05-29 18:27:07.541 D/NearFieldManagerService( 2322): NearField starting...
05-29 18:27:07.541 I/efs.config( 2322): current config version (-1) is older than another (1735614866)
05-29 18:27:07.541 D/NearFieldUtils( 2322): checkSystemProperty in
05-29 18:27:07.541 D/NearFieldUtils( 2322): checkSystemProperty: systemProperties:
05-29 18:27:07.542 E/NearFieldUtils( 2322): validProperty: priority is null
05-29 18:27:07.542 I/efs.config( 2322): load config from storage and notify observer
05-29 18:27:07.545 D/NearFieldManager( 2078): service connected.
05-29 18:27:07.546 D/HiSight-Discovery( 2078): eventId: 4001
05-29 18:27:07.546 D/HiSight-Discovery( 2078): msg 4001
