05-29 18:26:56.110 W/ContextImpl( 700): Calling a method in the system process without a qualified user: android.app.ContextImpl.startService:1899 com.android.server.wm.DisplayPolicy.lambda$focusChangedLw$5:2126 com.android.server.wm.DisplayPolicy.$r8$lambda$Znxk63oh-WzVnzo_WQefN7uxV48:0 com.android.server.wm.DisplayPolicy$$ExternalSyntheticLambda13.run:0 android.os.Handler.handleCallback:958
05-29 18:26:56.110 D/audio_hw_hal_stream( 475): update_audio_hal_info() audio hal format change to 1, atmos flag = 0, is_dolby_atmos = 0, dts_hp_x = 0, update_type = 0 is_dolby_atmos_off = 1 virtual_bass_enable 0
05-29 18:26:56.110 D/audio_hw_hal_stream( 475): update_audio_hal_info() cur_out_devices 0x400, dap_bypass_enable = 0, is_ms12_tuning_dat = 0, dolby_ms12_enable = 1, output_config = 0x8
05-29 18:26:56.111 D/UEventObserver( 1049): change@/devices/platform/auge_sound/sound/card0/controlC0ACTION=changeDEVPATH=/devices/platform/auge_sound/sound/card0/controlC0SUBSYSTEM=soundAUDIO_FORMAT=0MAJOR=116MINOR=13DEVNAME=snd/controlC0SEQNUM=3514
05-29 18:26:56.112 W/ActivityManager( 700): Unable to start service Intent { cmp=com.oranth.ledstatus/.LedStatusService } U=0: not found
05-29 18:26:56.119 D/AdapterProperties( 1027): player_name: com.google.android.apps.youtube.music
05-29 18:26:56.119 D/AdapterProperties( 1027): updateAllowlistedMediaPlayers
05-29 18:26:56.119 D/AdapterProperties( 1027): Adding to Allowlisted Players list:com.google.android.apps.youtube.music
05-29 18:26:56.119 D/AdapterProperties( 1027): player_name: com.gaana
05-29 18:26:56.119 D/AdapterProperties( 1027): updateAllowlistedMediaPlayers
05-29 18:26:56.119 D/AdapterProperties( 1027): Adding to Allowlisted Players list:com.gaana
05-29 18:26:56.120 I/AdapterState( 1027): BLE_ON : entered
05-29 18:26:56.120 D/AdapterProperties( 1027): Setting state to BLE_ON
05-29 18:26:56.122 D/BluetoothAdapterService( 1027): updateAdapterState() - Broadcasting state BLE_ON to 1 receivers.
05-29 18:26:56.122 D/xm_audio( 475): adev_get_parameters
05-29 18:26:56.122 D/BluetoothManagerService( 700): MESSAGE_BLUETOOTH_STATE_CHANGE: BLE_TURNING_ON > BLE_ON
05-29 18:26:56.122 D/BluetoothManagerService( 700): Bluetooth is in LE only mode
05-29 18:26:56.123 D/BluetoothManagerService( 700): Binding Bluetooth GATT service
05-29 18:26:56.126 D/BluetoothManagerService( 700): Sending BLE State Change: BLE_TURNING_ON > BLE_ON
05-29 18:26:56.127 D/BluetoothManagerService( 700): BluetoothServiceConnection: com.android.bluetooth.gatt.GattService
05-29 18:26:56.130 D/BluetoothManagerService( 700): MESSAGE_BLUETOOTH_SERVICE_CONNECTED: 2
05-29 18:26:56.130 D/BluetoothManagerService( 700): continueFromBleOnState()
05-29 18:26:56.130 D/xm_audio( 475): adev_get_parameters
05-29 18:26:56.131 I/ActivityTaskManager( 700): Displayed com.android.tv.settings/.system.FallbackHome for user 0: +511ms
05-29 18:26:56.131 V/WindowManager( 700): Sent Transition #0 createdAt=05-29 18:26:53.690
05-29 18:26:56.132 V/WindowManager( 700): startWCT=WindowContainerTransaction { changes = {} hops = [] errorCallbackToken=null taskFragmentOrganizer=null }
05-29 18:26:56.132 V/WindowManager( 700): info=null
05-29 18:26:56.133 I/AdapterState( 1027): TURNING_ON : entered
05-29 18:26:56.134 D/AdapterProperties( 1027): Setting state to TURNING_ON
05-29 18:26:56.134 D/BluetoothManagerService( 700): Persisting Bluetooth Setting: 1
05-29 18:26:56.136 V/WindowManager( 700): Finish Transition #0: created at
05-29 18:26:53.690 collect-started=0.233ms request-sent=0.289ms started=30.02ms ready=2184.967ms sent=2430.608ms finished=2444.767ms
05-29 18:26:56.137 D/ActivityManagerTiming( 700): FinishBooting
05-29 18:26:56.138 D/BluetoothAdapterService( 1027): updateAdapterState() - Broadcasting state TURNING_ON to 1 receivers.
05-29 18:26:56.138 D/WindowManager( 700): updateCecScreenStatus 0
05-29 18:26:56.138 D/HDMI ( 700): setCecSettingIntValue name:cec_screen_state, value:0
05-29 18:26:56.138 D/BluetoothManagerService( 700): MESSAGE_BLUETOOTH_STATE_CHANGE: BLE_ON > TURNING_ON
05-29 18:26:56.138 D/BluetoothManagerService( 700): Sending BLE State Change: BLE_ON > TURNING_ON
05-29 18:26:56.138 I/HDMI ( 700): screen state is changing to 0
05-29 18:26:56.139 D/BluetoothAdapterService( 1027): startCoreServices()
05-29 18:26:56.139 D/BluetoothManagerService( 700): Sending State Change: OFF > TURNING_ON
05-29 18:26:56.142 I/A2dpService( 1027): create()
05-29 18:26:56.153 D/xm_audio( 475): adev_get_parameters
05-29 18:26:56.154 I/A2dpService( 1027): start()
05-29 18:26:56.154 I/BluetoothA2dpServiceJni( 1027): classInitNative: succeeds
05-29 18:26:56.154 I/A2dpService( 1027): Max connected audio devices set to 5
05-29 18:26:56.156 I/bt_btif ( 1027): packages/modules/Bluetooth/system/btif/src/bluetooth.cc:829 get_profile_interface: get_profile_interface: id = a2dp
05-29 18:26:56.156 I/btif_av ( 1027): packages/modules/Bluetooth/system/btif/src/btif_av.cc:1012 Init: bt_status_t BtifAvSource::Init(btav_source_callbacks_t *, int, const std::vector &, const std::vector &): max_connected_audio_devices=5
05-29 18:26:56.156 I/a2dp_codec( 1027): packages/modules/Bluetooth/system/stack/a2dp/a2dp_codec_config.cc:601 init: init
05-29 18:26:56.156 I/a2dp_codec( 1027): packages/modules/Bluetooth/system/stack/a2dp/a2dp_codec_config.cc:116 createCodec: SBC
05-29 18:26:56.156 I/a2dp_codec( 1027): packages/modules/Bluetooth/system/stack/a2dp/a2dp_codec_config.cc:642 init: init: updated SBC codec priority to 1001
05-29 18:26:56.156 I/a2dp_codec( 1027): packages/modules/Bluetooth/system/stack/a2dp/a2dp_codec_config.cc:116 createCodec: AAC
05-29 18:26:56.156 I/a2dp_codec( 1027): packages/modules/Bluetooth/system/stack/a2dp/a2dp_codec_config.cc:642 init: init: updated AAC codec priority to 2001
05-29 18:26:56.156 I/a2dp_codec( 1027): packages/modules/Bluetooth/system/stack/a2dp/a2dp_codec_config.cc:116 createCodec: aptX
05-29 18:26:56.156 I/a2dp_codec( 1027): packages/modules/Bluetooth/system/stack/a2dp/a2dp_codec_config.cc:642 init: init: updated aptX codec priority to 3001
05-29 18:26:56.156 I/a2dp_codec( 1027): packages/modules/Bluetooth/system/stack/a2dp/a2dp_codec_config.cc:116 createCodec: aptX-HD
05-29 18:26:56.156 I/a2dp_codec( 1027): packages/modules/Bluetooth/system/stack/a2dp/a2dp_codec_config.cc:642 init: init: updated aptX-HD codec priority to 4001
05-29 18:26:56.156 I/a2dp_codec( 1027): packages/modules/Bluetooth/system/stack/a2dp/a2dp_codec_config.cc:116 createCodec: LDAC
05-29 18:26:56.156 I/a2dp_codec( 1027): packages/modules/Bluetooth/system/stack/a2dp/a2dp_codec_config.cc:642 init: init: updated LDAC codec priority to 5001
05-29 18:26:56.156 I/a2dp_codec( 1027): packages/modules/Bluetooth/system/stack/a2dp/a2dp_codec_config.cc:116 createCodec: LC3 not implemented
05-29 18:26:56.156 I/a2dp_codec( 1027): packages/modules/Bluetooth/system/stack/a2dp/a2dp_codec_config.cc:633 init: init: OPUS codec disabled, updated priority to -1
05-29 18:26:56.156 I/a2dp_codec( 1027): packages/modules/Bluetooth/system/stack/a2dp/a2dp_codec_config.cc:116 createCodec: Opus
05-29 18:26:56.156 I/a2dp_codec( 1027): packages/modules/Bluetooth/system/stack/a2dp/a2dp_codec_config.cc:642 init: init: updated Opus codec priority to -1
05-29 18:26:56.156 I/a2dp_codec( 1027): packages/modules/Bluetooth/system/stack/a2dp/a2dp_codec_config.cc:116 createCodec: SBC SINK
05-29 18:26:56.156 I/a2dp_codec( 1027): packages/modules/Bluetooth/system/stack/a2dp/a2dp_codec_config.cc:116 createCodec: AAC SINK
05-29 18:26:56.156 D/xm_audio( 475): adev_get_parameters
05-29 18:26:56.156 I/a2dp_codec( 1027): packages/modules/Bluetooth/system/stack/a2dp/a2dp_codec_config.cc:116 createCodec: LDAC SINK
05-29 18:26:56.157 I/a2dp_vendor_ldac_decoder( 1027): packages/modules/Bluetooth/system/stack/a2dp/a2dp_vendor_ldac_decoder.cc:130 A2DP_VendorLoadDecoderLdac: A2DP_VendorLoadDecoderLdac: cannot open LDAC decoder library libldacBT_bco.so: dlopen failed: library "libldacBT_bco.so" not found
05-29 18:26:56.157 E/a2dp_vendor_ldac( 1027): packages/modules/Bluetooth/system/stack/a2dp/a2dp_vendor_ldac.cc:1422 init: init: cannot load the decoder
05-29 18:26:56.157 I/a2dp_codec( 1027): packages/modules/Bluetooth/system/stack/a2dp/a2dp_codec_config.cc:116 createCodec: Opus SINK
05-29 18:26:56.157 I/a2dp_codec( 1027): packages/modules/Bluetooth/system/stack/a2dp/a2dp_codec_config.cc:667 init: init: initialized Source codec LDAC
05-29 18:26:56.157 I/a2dp_codec( 1027): packages/modules/Bluetooth/system/stack/a2dp/a2dp_codec_config.cc:667 init: init: initialized Source codec aptX-HD
05-29 18:26:56.157 I/a2dp_codec( 1027): packages/modules/Bluetooth/system/stack/a2dp/a2dp_codec_config.cc:667 init: init: initialized Source codec aptX
05-29 18:26:56.157 I/a2dp_codec( 1027): packages/modules/Bluetooth/system/stack/a2dp/a2dp_codec_config.cc:667 init: init: initialized Source codec AAC
05-29 18:26:56.157 I/a2dp_codec( 1027): packages/modules/Bluetooth/system/stack/a2dp/a2dp_codec_config.cc:667 init: init: initialized Source codec SBC
05-29 18:26:56.157 I/a2dp_codec( 1027): packages/modules/Bluetooth/system/stack/a2dp/a2dp_codec_config.cc:674 init: init: initialized Sink codec Opus SINK
05-29 18:26:56.157 I/a2dp_codec( 1027): packages/modules/Bluetooth/system/stack/a2dp/a2dp_codec_config.cc:674 init: init: initialized Sink codec AAC SINK
05-29 18:26:56.157 I/a2dp_codec( 1027): packages/modules/Bluetooth/system/stack/a2dp/a2dp_codec_config.cc:674 init: init: initialized Sink codec SBC SINK
05-29 18:26:56.157 I/a2dp_codec( 1027): packages/modules/Bluetooth/system/stack/a2dp/a2dp_codec_config.cc:601 init: init
05-29 18:26:56.157 I/a2dp_codec( 1027): packages/modules/Bluetooth/system/stack/a2dp/a2dp_codec_config.cc:116 createCodec: SBC
05-29 18:26:56.158 I/a2dp_codec( 1027): packages/modules/Bluetooth/system/stack/a2dp/a2dp_codec_config.cc:642 init: init: updated SBC codec priority to 1001
05-29 18:26:56.158 I/a2dp_codec( 1027): packages/modules/Bluetooth/system/stack/a2dp/a2dp_codec_config.cc:116 createCodec: AAC
05-29 18:26:56.158 I/a2dp_codec( 1027): packages/modules/Bluetooth/system/stack/a2dp/a2dp_codec_config.cc:642 init: init: updated AAC codec priority to 2001
05-29 18:26:56.158 I/a2dp_codec( 1027): packages/modules/Bluetooth/system/stack/a2dp/a2dp_codec_config.cc:116 createCodec: aptX
05-29 18:26:56.158 I/a2dp_codec( 1027): packages/modules/Bluetooth/system/stack/a2dp/a2dp_codec_config.cc:642 init: init: updated aptX codec priority to 3001
05-29 18:26:56.158 I/a2dp_codec( 1027): packages/modules/Bluetooth/system/stack/a2dp/a2dp_codec_config.cc:116 createCodec: aptX-HD
05-29 18:26:56.158 I/a2dp_codec( 1027): packages/modules/Bluetooth/system/stack/a2dp/a2dp_codec_config.cc:642 init: init: updated aptX-HD codec priority to 4001
05-29 18:26:56.158 I/a2dp_codec( 1027): packages/modules/Bluetooth/system/stack/a2dp/a2dp_codec_config.cc:116 createCodec: LDAC
05-29 18:26:56.158 I/a2dp_codec( 1027): packages/modules/Bluetooth/system/stack/a2dp/a2dp_codec_config.cc:642 init: init: updated LDAC codec priority to 5001
05-29 18:26:56.158 I/a2dp_codec( 1027): packages/modules/Bluetooth/system/stack/a2dp/a2dp_codec_config.cc:116 createCodec: LC3 not implemented
05-29 18:26:56.158 I/a2dp_codec( 1027): packages/modules/Bluetooth/system/stack/a2dp/a2dp_codec_config.cc:633 init: init: OPUS codec disabled, updated priority to -1
05-29 18:26:56.158 I/a2dp_codec( 1027): packages/modules/Bluetooth/system/stack/a2dp/a2dp_codec_config.cc:116 createCodec: Opus
05-29 18:26:56.158 I/a2dp_codec( 1027): packages/modules/Bluetooth/system/stack/a2dp/a2dp_codec_config.cc:642 init: init: updated Opus codec priority to -1
05-29 18:26:56.158 I/a2dp_codec( 1027): packages/modules/Bluetooth/system/stack/a2dp/a2dp_codec_config.cc:116 createCodec: SBC SINK
05-29 18:26:56.158 I/a2dp_codec( 1027): packages/modules/Bluetooth/system/stack/a2dp/a2dp_codec_config.cc:116 createCodec: AAC SINK
05-29 18:26:56.158 I/a2dp_codec( 1027): packages/modules/Bluetooth/system/stack/a2dp/a2dp_codec_config.cc:116 createCodec: LDAC SINK
05-29 18:26:56.158 I/a2dp_vendor_ldac_decoder( 1027): packages/modules/Bluetooth/system/stack/a2dp/a2dp_vendor_ldac_decoder.cc:130 A2DP_VendorLoadDecoderLdac: A2DP_VendorLoadDecoderLdac: cannot open LDAC decoder library libldacBT_bco.so: dlopen failed: library "libldacBT_bco.so" not found
05-29 18:26:56.158 E/a2dp_vendor_ldac( 1027): packages/modules/Bluetooth/system/stack/a2dp/a2dp_vendor_ldac.cc:1422 init: init: cannot load the decoder
05-29 18:26:56.158 I/a2dp_codec( 1027): packages/modules/Bluetooth/system/stack/a2dp/a2dp_codec_config.cc:116 createCodec: Opus SINK
05-29 18:26:56.158 I/a2dp_codec( 1027): packages/modules/Bluetooth/system/stack/a2dp/a2dp_codec_config.cc:667 init: init: initialized Source codec LDAC
05-29 18:26:56.158 I/a2dp_codec( 1027): packages/modules/Bluetooth/system/stack/a2dp/a2dp_codec_config.cc:667 init: init: initialized Source codec aptX-HD
05-29 18:26:56.158 I/a2dp_codec( 1027): packages/modules/Bluetooth/system/stack/a2dp/a2dp_codec_config.cc:667 init: init: initialized Source codec aptX
05-29 18:26:56.158 I/a2dp_codec( 1027): packages/modules/Bluetooth/system/stack/a2dp/a2dp_codec_config.cc:667 init: init: initialized Source codec AAC
05-29 18:26:56.158 I/a2dp_codec( 1027): packages/modules/Bluetooth/system/stack/a2dp/a2dp_codec_config.cc:667 init: init: initialized Source codec SBC
05-29 18:26:56.158 I/a2dp_codec( 1027): packages/modules/Bluetooth/system/stack/a2dp/a2dp_codec_config.cc:674 init: init: initialized Sink codec Opus SINK
05-29 18:26:56.158 I/a2dp_codec( 1027): packages/modules/Bluetooth/system/stack/a2dp/a2dp_codec_config.cc:674 init: init: initialized Sink codec AAC SINK
05-29 18:26:56.158 I/a2dp_codec( 1027): packages/modules/Bluetooth/system/stack/a2dp/a2dp_codec_config.cc:674 init: init: initialized Sink codec SBC SINK
05-29 18:26:56.158 I/a2dp_codec( 1027): packages/modules/Bluetooth/system/stack/a2dp/a2dp_codec_config.cc:601 init: init
05-29 18:26:56.158 I/a2dp_codec( 1027): packages/modules/Bluetooth/system/stack/a2dp/a2dp_codec_config.cc:116 createCodec: SBC
05-29 18:26:56.158 I/a2dp_codec( 1027): packages/modules/Bluetooth/system/stack/a2dp/a2dp_codec_config.cc:642 init: init: updated SBC codec priority to 1001
05-29 18:26:56.158 I/a2dp_codec( 1027): packages/modules/Bluetooth/system/stack/a2dp/a2dp_codec_config.cc:116 createCodec: AAC
05-29 18:26:56.159 I/a2dp_codec( 1027): packages/modules/Bluetooth/system/stack/a2dp/a2dp_codec_config.cc:642 init: init: updated AAC codec priority to 2001
05-29 18:26:56.159 I/a2dp_codec( 1027): packages/modules/Bluetooth/system/stack/a2dp/a2dp_codec_config.cc:116 createCodec: aptX
05-29 18:26:56.159 I/a2dp_codec( 1027): packages/modules/Bluetooth/system/stack/a2dp/a2dp_codec_config.cc:642 init: init: updated aptX codec priority to 3001
05-29 18:26:56.159 I/a2dp_codec( 1027): packages/modules/Bluetooth/system/stack/a2dp/a2dp_codec_config.cc:116 createCodec: aptX-HD
05-29 18:26:56.159 I/a2dp_codec( 1027): packages/modules/Bluetooth/system/stack/a2dp/a2dp_codec_config.cc:642 init: init: updated aptX-HD codec priority to 4001
05-29 18:26:56.159 I/a2dp_codec( 1027): packages/modules/Bluetooth/system/stack/a2dp/a2dp_codec_config.cc:116 createCodec: LDAC
05-29 18:26:56.159 I/a2dp_codec( 1027): packages/modules/Bluetooth/system/stack/a2dp/a2dp_codec_config.cc:642 init: init: updated LDAC codec priority to 5001
05-29 18:26:56.159 I/a2dp_codec( 1027): packages/modules/Bluetooth/system/stack/a2dp/a2dp_codec_config.cc:116 createCodec: LC3 not implemented
05-29 18:26:56.159 I/a2dp_codec( 1027): packages/modules/Bluetooth/system/stack/a2dp/a2dp_codec_config.cc:633 init: init: OPUS codec disabled, updated priority to -1
05-29 18:26:56.159 I/a2dp_codec( 1027): packages/modules/Bluetooth/system/stack/a2dp/a2dp_codec_config.cc:116 createCodec: Opus
05-29 18:26:56.159 I/a2dp_codec( 1027): packages/modules/Bluetooth/system/stack/a2dp/a2dp_codec_config.cc:642 init: init: updated Opus codec priority to -1
05-29 18:26:56.159 I/a2dp_codec( 1027): packages/modules/Bluetooth/system/stack/a2dp/a2dp_codec_config.cc:116 createCodec: SBC SINK
05-29 18:26:56.159 I/a2dp_codec( 1027): packages/modules/Bluetooth/system/stack/a2dp/a2dp_codec_config.cc:116 createCodec: AAC SINK
05-29 18:26:56.159 I/a2dp_codec( 1027): packages/modules/Bluetooth/system/stack/a2dp/a2dp_codec_config.cc:116 createCodec: LDAC SINK
05-29 18:26:56.159 I/a2dp_vendor_ldac_decoder( 1027): packages/modules/Bluetooth/system/stack/a2dp/a2dp_vendor_ldac_decoder.cc:130 A2DP_VendorLoadDecoderLdac: A2DP_VendorLoadDecoderLdac: cannot open LDAC decoder library libldacBT_bco.so: dlopen failed: library "libldacBT_bco.so" not found
05-29 18:26:56.159 E/a2dp_vendor_ldac( 1027): packages/modules/Bluetooth/system/stack/a2dp/a2dp_vendor_ldac.cc:1422 init: init: cannot load the decoder
05-29 18:26:56.159 I/a2dp_codec( 1027): packages/modules/Bluetooth/system/stack/a2dp/a2dp_codec_config.cc:116 createCodec: Opus SINK
05-29 18:26:56.159 I/a2dp_codec( 1027): packages/modules/Bluetooth/system/stack/a2dp/a2dp_codec_config.cc:667 init: init: initialized Source codec LDAC
05-29 18:26:56.159 I/a2dp_codec( 1027): packages/modules/Bluetooth/system/stack/a2dp/a2dp_codec_config.cc:667 init: init: initialized Source codec aptX-HD
05-29 18:26:56.159 I/a2dp_codec( 1027): packages/modules/Bluetooth/system/stack/a2dp/a2dp_codec_config.cc:667 init: init: initialized Source codec aptX
05-29 18:26:56.159 I/a2dp_codec( 1027): packages/modules/Bluetooth/system/stack/a2dp/a2dp_codec_config.cc:667 init: init: initialized Source codec AAC
05-29 18:26:56.159 I/a2dp_codec( 1027): packages/modules/Bluetooth/system/stack/a2dp/a2dp_codec_config.cc:667 init: init: initialized Source codec SBC
05-29 18:26:56.159 I/a2dp_codec( 1027): packages/modules/Bluetooth/system/stack/a2dp/a2dp_codec_config.cc:674 init: init: initialized Sink codec Opus SINK
05-29 18:26:56.159 I/a2dp_codec( 1027): packages/modules/Bluetooth/system/stack/a2dp/a2dp_codec_config.cc:674 init: init: initialized Sink codec AAC SINK
05-29 18:26:56.159 I/a2dp_codec( 1027): packages/modules/Bluetooth/system/stack/a2dp/a2dp_codec_config.cc:674 init: init: initialized Sink codec SBC SINK
05-29 18:26:56.159 I/a2dp_codec( 1027): packages/modules/Bluetooth/system/stack/a2dp/a2dp_codec_config.cc:601 init: init
05-29 18:26:56.159 I/a2dp_codec( 1027): packages/modules/Bluetooth/system/stack/a2dp/a2dp_codec_config.cc:116 createCodec: SBC
05-29 18:26:56.159 I/a2dp_codec( 1027): packages/modules/Bluetooth/system/stack/a2dp/a2dp_codec_config.cc:642 init: init: updated SBC codec priority to 1001
05-29 18:26:56.159 I/a2dp_codec( 1027): packages/modules/Bluetooth/system/stack/a2dp/a2dp_codec_config.cc:116 createCodec: AAC
05-29 18:26:56.159 I/a2dp_codec( 1027): packages/modules/Bluetooth/system/stack/a2dp/a2dp_codec_config.cc:642 init: init: updated AAC codec priority to 2001
05-29 18:26:56.159 I/a2dp_codec( 1027): packages/modules/Bluetooth/system/stack/a2dp/a2dp_codec_config.cc:116 createCodec: aptX
05-29 18:26:56.159 I/a2dp_codec( 1027): packages/modules/Bluetooth/system/stack/a2dp/a2dp_codec_config.cc:642 init: init: updated aptX codec priority to 3001
05-29 18:26:56.159 I/a2dp_codec( 1027): packages/modules/Bluetooth/system/stack/a2dp/a2dp_codec_config.cc:116 createCodec: aptX-HD
05-29 18:26:56.159 I/a2dp_codec( 1027): packages/modules/Bluetooth/system/stack/a2dp/a2dp_codec_config.cc:642 init: init: updated aptX-HD codec priority to 4001
05-29 18:26:56.159 I/a2dp_codec( 1027): packages/modules/Bluetooth/system/stack/a2dp/a2dp_codec_config.cc:116 createCodec: LDAC
05-29 18:26:56.159 I/a2dp_codec( 1027): packages/modules/Bluetooth/system/stack/a2dp/a2dp_codec_config.cc:642 init: init: updated LDAC codec priority to 5001
05-29 18:26:56.159 I/a2dp_codec( 1027): packages/modules/Bluetooth/system/stack/a2dp/a2dp_codec_config.cc:116 createCodec: LC3 not implemented
05-29 18:26:56.160 I/a2dp_codec( 1027): packages/modules/Bluetooth/system/stack/a2dp/a2dp_codec_config.cc:633 init: init: OPUS codec disabled, updated priority to -1
05-29 18:26:56.160 I/a2dp_codec( 1027): packages/modules/Bluetooth/system/stack/a2dp/a2dp_codec_config.cc:116 createCodec: Opus
05-29 18:26:56.160 I/a2dp_codec( 1027): packages/modules/Bluetooth/system/stack/a2dp/a2dp_codec_config.cc:642 init: init: updated Opus codec priority to -1
05-29 18:26:56.160 I/a2dp_codec( 1027): packages/modules/Bluetooth/system/stack/a2dp/a2dp_codec_config.cc:116 createCodec: SBC SINK
05-29 18:26:56.160 I/a2dp_codec( 1027): packages/modules/Bluetooth/system/stack/a2dp/a2dp_codec_config.cc:116 createCodec: AAC SINK
05-29 18:26:56.160 I/a2dp_codec( 1027): packages/modules/Bluetooth/system/stack/a2dp/a2dp_codec_config.cc:116 createCodec: LDAC SINK
05-29 18:26:56.161 I/a2dp_vendor_ldac_decoder( 1027): packages/modules/Bluetooth/system/stack/a2dp/a2dp_vendor_ldac_decoder.cc:130 A2DP_VendorLoadDecoderLdac: A2DP_VendorLoadDecoderLdac: cannot open LDAC decoder library libldacBT_bco.so: dlopen failed: library "libldacBT_bco.so" not found
05-29 18:26:56.161 E/a2dp_vendor_ldac( 1027): packages/modules/Bluetooth/system/stack/a2dp/a2dp_vendor_ldac.cc:1422 init: init: cannot load the decoder
05-29 18:26:56.161 I/a2dp_codec( 1027): packages/modules/Bluetooth/system/stack/a2dp/a2dp_codec_config.cc:116 createCodec: Opus SINK
05-29 18:26:56.161 I/a2dp_codec( 1027): packages/modules/Bluetooth/system/stack/a2dp/a2dp_codec_config.cc:667 init: init: initialized Source codec LDAC
05-29 18:26:56.161 I/a2dp_codec( 1027): packages/modules/Bluetooth/system/stack/a2dp/a2dp_codec_config.cc:667 init: init: initialized Source codec aptX-HD
05-29 18:26:56.161 I/a2dp_codec( 1027): packages/modules/Bluetooth/system/stack/a2dp/a2dp_codec_config.cc:667 init: init: initialized Source codec aptX
05-29 18:26:56.161 I/a2dp_codec( 1027): packages/modules/Bluetooth/system/stack/a2dp/a2dp_codec_config.cc:667 init: init: initialized Source codec AAC
05-29 18:26:56.161 I/a2dp_codec( 1027): packages/modules/Bluetooth/system/stack/a2dp/a2dp_codec_config.cc:667 init: init: initialized Source codec SBC
05-29 18:26:56.161 I/a2dp_codec( 1027): packages/modules/Bluetooth/system/stack/a2dp/a2dp_codec_config.cc:674 init: init: initialized Sink codec Opus SINK
05-29 18:26:56.161 I/a2dp_codec( 1027): packages/modules/Bluetooth/system/stack/a2dp/a2dp_codec_config.cc:674 init: init: initialized Sink codec AAC SINK
05-29 18:26:56.161 I/a2dp_codec( 1027): packages/modules/Bluetooth/system/stack/a2dp/a2dp_codec_config.cc:674 init: init: initialized Sink codec SBC SINK
05-29 18:26:56.161 I/a2dp_codec( 1027): packages/modules/Bluetooth/system/stack/a2dp/a2dp_codec_config.cc:601 init: init
05-29 18:26:56.161 I/a2dp_codec( 1027): packages/modules/Bluetooth/system/stack/a2dp/a2dp_codec_config.cc:116 createCodec: SBC
05-29 18:26:56.161 I/a2dp_codec( 1027): packages/modules/Bluetooth/system/stack/a2dp/a2dp_codec_config.cc:642 init: init: updated SBC codec priority to 1001
05-29 18:26:56.161 I/a2dp_codec( 1027): packages/modules/Bluetooth/system/stack/a2dp/a2dp_codec_config.cc:116 createCodec: AAC
05-29 18:26:56.161 I/a2dp_codec( 1027): packages/modules/Bluetooth/system/stack/a2dp/a2dp_codec_config.cc:642 init: init: updated AAC codec priority to 2001
05-29 18:26:56.161 I/a2dp_codec( 1027): packages/modules/Bluetooth/system/stack/a2dp/a2dp_codec_config.cc:116 createCodec: aptX
05-29 18:26:56.161 I/a2dp_codec( 1027): packages/modules/Bluetooth/system/stack/a2dp/a2dp_codec_config.cc:642 init: init: updated aptX codec priority to 3001
05-29 18:26:56.161 I/a2dp_codec( 1027): packages/modules/Bluetooth/system/stack/a2dp/a2dp_codec_config.cc:116 createCodec: aptX-HD
05-29 18:26:56.161 I/a2dp_codec( 1027): packages/modules/Bluetooth/system/stack/a2dp/a2dp_codec_config.cc:642 init: init: updated aptX-HD codec priority to 4001
05-29 18:26:56.161 I/a2dp_codec( 1027): packages/modules/Bluetooth/system/stack/a2dp/a2dp_codec_config.cc:116 createCodec: LDAC
05-29 18:26:56.161 I/a2dp_codec( 1027): packages/modules/Bluetooth/system/stack/a2dp/a2dp_codec_config.cc:642 init: init: updated LDAC codec priority to 5001
05-29 18:26:56.161 I/a2dp_codec( 1027): packages/modules/Bluetooth/system/stack/a2dp/a2dp_codec_config.cc:116 createCodec: LC3 not implemented
05-29 18:26:56.161 I/a2dp_codec( 1027): packages/modules/Bluetooth/system/stack/a2dp/a2dp_codec_config.cc:633 init: init: OPUS codec disabled, updated priority to -1
05-29 18:26:56.161 I/a2dp_codec( 1027): packages/modules/Bluetooth/system/stack/a2dp/a2dp_codec_config.cc:116 createCodec: Opus
05-29 18:26:56.161 I/a2dp_codec( 1027): packages/modules/Bluetooth/system/stack/a2dp/a2dp_codec_config.cc:642 init: init: updated Opus codec priority to -1
05-29 18:26:56.161 I/a2dp_codec( 1027): packages/modules/Bluetooth/system/stack/a2dp/a2dp_codec_config.cc:116 createCodec: SBC SINK
05-29 18:26:56.161 I/a2dp_codec( 1027): packages/modules/Bluetooth/system/stack/a2dp/a2dp_codec_config.cc:116 createCodec: AAC SINK
05-29 18:26:56.161 I/a2dp_codec( 1027): packages/modules/Bluetooth/system/stack/a2dp/a2dp_codec_config.cc:116 createCodec: LDAC SINK
05-29 18:26:56.162 D/xm_audio( 475): adev_get_parameters
05-29 18:26:56.162 I/a2dp_vendor_ldac_decoder( 1027): packages/modules/Bluetooth/system/stack/a2dp/a2dp_vendor_ldac_decoder.cc:130 A2DP_VendorLoadDecoderLdac: A2DP_VendorLoadDecoderLdac: cannot open LDAC decoder library libldacBT_bco.so: dlopen failed: library "libldacBT_bco.so" not found
05-29 18:26:56.162 E/a2dp_vendor_ldac( 1027): packages/modules/Bluetooth/system/stack/a2dp/a2dp_vendor_ldac.cc:1422 init: init: cannot load the decoder
05-29 18:26:56.162 I/a2dp_codec( 1027): packages/modules/Bluetooth/system/stack/a2dp/a2dp_codec_config.cc:116 createCodec: Opus SINK
05-29 18:26:56.162 I/a2dp_codec( 1027): packages/modules/Bluetooth/system/stack/a2dp/a2dp_codec_config.cc:667 init: init: initialized Source codec LDAC
05-29 18:26:56.162 I/a2dp_codec( 1027): packages/modules/Bluetooth/system/stack/a2dp/a2dp_codec_config.cc:667 init: init: initialized Source codec aptX-HD
05-29 18:26:56.162 I/a2dp_codec( 1027): packages/modules/Bluetooth/system/stack/a2dp/a2dp_codec_config.cc:667 init: init: initialized Source codec aptX
05-29 18:26:56.162 I/a2dp_codec( 1027): packages/modules/Bluetooth/system/stack/a2dp/a2dp_codec_config.cc:667 init: init: initialized Source codec AAC
05-29 18:26:56.162 I/a2dp_codec( 1027): packages/modules/Bluetooth/system/stack/a2dp/a2dp_codec_config.cc:667 init: init: initialized Source codec SBC
05-29 18:26:56.162 I/a2dp_codec( 1027): packages/modules/Bluetooth/system/stack/a2dp/a2dp_codec_config.cc:674 init: init: initialized Sink codec Opus SINK
05-29 18:26:56.162 I/a2dp_codec( 1027): packages/modules/Bluetooth/system/stack/a2dp/a2dp_codec_config.cc:674 init: init: initialized Sink codec AAC SINK
05-29 18:26:56.162 I/a2dp_codec( 1027): packages/modules/Bluetooth/system/stack/a2dp/a2dp_codec_config.cc:674 init: init: initialized Sink codec SBC SINK
05-29 18:26:56.162 I/a2dp_codec( 1027): packages/modules/Bluetooth/system/stack/a2dp/a2dp_codec_config.cc:601 init: init
05-29 18:26:56.162 I/a2dp_codec( 1027): packages/modules/Bluetooth/system/stack/a2dp/a2dp_codec_config.cc:116 createCodec: SBC
05-29 18:26:56.162 I/a2dp_codec( 1027): packages/modules/Bluetooth/system/stack/a2dp/a2dp_codec_config.cc:642 init: init: updated SBC codec priority to 1001
05-29 18:26:56.162 I/a2dp_codec( 1027): packages/modules/Bluetooth/system/stack/a2dp/a2dp_codec_config.cc:116 createCodec: AAC
05-29 18:26:56.162 I/a2dp_codec( 1027): packages/modules/Bluetooth/system/stack/a2dp/a2dp_codec_config.cc:642 init: init: updated AAC codec priority to 2001
05-29 18:26:56.162 I/a2dp_codec( 1027): packages/modules/Bluetooth/system/stack/a2dp/a2dp_codec_config.cc:116 createCodec: aptX
05-29 18:26:56.162 I/a2dp_codec( 1027): packages/modules/Bluetooth/system/stack/a2dp/a2dp_codec_config.cc:642 init: init: updated aptX codec priority to 3001
05-29 18:26:56.162 I/a2dp_codec( 1027): packages/modules/Bluetooth/system/stack/a2dp/a2dp_codec_config.cc:116 createCodec: aptX-HD
05-29 18:26:56.162 I/a2dp_codec( 1027): packages/modules/Bluetooth/system/stack/a2dp/a2dp_codec_config.cc:642 init: init: updated aptX-HD codec priority to 4001
05-29 18:26:56.162 I/a2dp_codec( 1027): packages/modules/Bluetooth/system/stack/a2dp/a2dp_codec_config.cc:116 createCodec: LDAC
05-29 18:26:56.162 I/a2dp_codec( 1027): packages/modules/Bluetooth/system/stack/a2dp/a2dp_codec_config.cc:642 init: init: updated LDAC codec priority to 5001
05-29 18:26:56.162 I/a2dp_codec( 1027): packages/modules/Bluetooth/system/stack/a2dp/a2dp_codec_config.cc:116 createCodec: LC3 not implemented
05-29 18:26:56.162 I/a2dp_codec( 1027): packages/modules/Bluetooth/system/stack/a2dp/a2dp_codec_config.cc:633 init: init: OPUS codec disabled, updated priority to -1
05-29 18:26:56.162 I/a2dp_codec( 1027): packages/modules/Bluetooth/system/stack/a2dp/a2dp_codec_config.cc:116 createCodec: Opus
05-29 18:26:56.162 I/a2dp_codec( 1027): packages/modules/Bluetooth/system/stack/a2dp/a2dp_codec_config.cc:642 init: init: updated Opus codec priority to -1
05-29 18:26:56.162 I/a2dp_codec( 1027): packages/modules/Bluetooth/system/stack/a2dp/a2dp_codec_config.cc:116 createCodec: SBC SINK
05-29 18:26:56.162 I/a2dp_codec( 1027): packages/modules/Bluetooth/system/stack/a2dp/a2dp_codec_config.cc:116 createCodec: AAC SINK
05-29 18:26:56.162 I/a2dp_codec( 1027): packages/modules/Bluetooth/system/stack/a2dp/a2dp_codec_config.cc:116 createCodec: LDAC SINK
05-29 18:26:56.163 I/a2dp_vendor_ldac_decoder( 1027): packages/modules/Bluetooth/system/stack/a2dp/a2dp_vendor_ldac_decoder.cc:130 A2DP_VendorLoadDecoderLdac: A2DP_VendorLoadDecoderLdac: cannot open LDAC decoder library libldacBT_bco.so: dlopen failed: library "libldacBT_bco.so" not found
05-29 18:26:56.163 E/a2dp_vendor_ldac( 1027): packages/modules/Bluetooth/system/stack/a2dp/a2dp_vendor_ldac.cc:1422 init: init: cannot load the decoder
05-29 18:26:56.163 I/a2dp_codec( 1027): packages/modules/Bluetooth/system/stack/a2dp/a2dp_codec_config.cc:116 createCodec: Opus SINK
05-29 18:26:56.163 I/a2dp_codec( 1027): packages/modules/Bluetooth/system/stack/a2dp/a2dp_codec_config.cc:667 init: init: initialized Source codec LDAC
05-29 18:26:56.163 I/a2dp_codec( 1027): packages/modules/Bluetooth/system/stack/a2dp/a2dp_codec_config.cc:667 init: init: initialized Source codec aptX-HD
05-29 18:26:56.163 I/a2dp_codec( 1027): packages/modules/Bluetooth/system/stack/a2dp/a2dp_codec_config.cc:667 init: init: initialized Source codec aptX
05-29 18:26:56.163 I/a2dp_codec( 1027): packages/modules/Bluetooth/system/stack/a2dp/a2dp_codec_config.cc:667 init: init: initialized Source codec AAC
05-29 18:26:56.163 I/a2dp_codec( 1027): packages/modules/Bluetooth/system/stack/a2dp/a2dp_codec_config.cc:667 init: init: initialized Source codec SBC
05-29 18:26:56.163 I/a2dp_codec( 1027): packages/modules/Bluetooth/system/stack/a2dp/a2dp_codec_config.cc:674 init: init: initialized Sink codec Opus SINK
05-29 18:26:56.163 I/a2dp_codec( 1027): packages/modules/Bluetooth/system/stack/a2dp/a2dp_codec_config.cc:674 init: init: initialized Sink codec AAC SINK
05-29 18:26:56.163 I/a2dp_codec( 1027): packages/modules/Bluetooth/system/stack/a2dp/a2dp_codec_config.cc:674 init: init: initialized Sink codec SBC SINK
05-29 18:26:56.163 I/bt_btif_a2dp_source( 1027): packages/modules/Bluetooth/system/btif/src/btif_a2dp_source.cc:331 btif_a2dp_source_init: btif_a2dp_source_init
05-29 18:26:56.164 I/bt_stack( 1027): [INFO:message_loop_thread.cc(184)] Run: message loop starting for thread bt_a2dp_source_worker_thread
05-29 18:26:56.164 D/xm_audio( 475): adev_get_parameters
05-29 18:26:56.164 I/bt_btif_a2dp_source( 1027): packages/modules/Bluetooth/system/btif/src/btif_a2dp_source.cc:341 btif_a2dp_source_init_delayed: btif_a2dp_source_init_delayed
05-29 18:26:56.164 I/bt_btif_storage( 1027): packages/modules/Bluetooth/system/btif/src/btif_storage.cc:653 btif_storage_get_adapter_property: btif_storage_get_adapter_property service_mask:0x20000008
05-29 18:26:56.164 I/bt_bta_av( 1027): packages/modules/Bluetooth/system/bta/av/bta_av_main.cc:431 bta_av_api_register: bta_av_api_register: AVRCP version used for sdp: "avrcp15"
05-29 18:26:56.164 I/bt_l2cap( 1027): packages/modules/Bluetooth/system/stack/l2cap/l2c_api.cc:172 L2CA_Register: L2CAP Registered service classic PSM: 0x0019
05-29 18:26:56.164 I/bt_l2cap( 1027): packages/modules/Bluetooth/system/stack/l2cap/l2c_api.cc:172 L2CA_Register: L2CAP Registered service classic PSM: 0x0017
05-29 18:26:56.164 I/bt_l2cap( 1027): packages/modules/Bluetooth/system/stack/l2cap/l2c_api.cc:172 L2CA_Register: L2CAP Registered service classic PSM: 0x001b
05-29 18:26:56.164 I/bt_bta_dm( 1027): packages/modules/Bluetooth/system/bta/dm/bta_dm_act.cc:3456 bta_dm_eir_update_uuid: EIR Adding UUID=0x110A into extended inquiry response
05-29 18:26:56.164 I/bt_bta_dm( 1027): packages/modules/Bluetooth/system/bta/dm/bta_dm_act.cc:3155 bta_dm_set_eir: Generating extended inquiry response packet EIR
05-29 18:26:56.164 D/A2dpService( 1027): A2DP offload flag set to false
05-29 18:26:56.164 I/bt_bta_av( 1027): packages/modules/Bluetooth/system/bta/av/bta_av_act.cc:305 bta_av_rc_create: Skipping RC creation for the old AVRCP profile
05-29 18:26:56.164 I/bt_bta_av( 1027): packages/modules/Bluetooth/system/bta/av/bta_av_main.cc:431 bta_av_api_register: bta_av_api_register: AVRCP version used for sdp: "avrcp15"
05-29 18:26:56.164 I/bt_bta_av( 1027): packages/modules/Bluetooth/system/bta/av/bta_av_main.cc:431 bta_av_api_register: bta_av_api_register: AVRCP version used for sdp: "avrcp15"
05-29 18:26:56.164 I/bt_bta_av( 1027): packages/modules/Bluetooth/system/bta/av/bta_av_main.cc:431 bta_av_api_register: bta_av_api_register: AVRCP version used for sdp: "avrcp15"
05-29 18:26:56.164 I/bt_bta_av( 1027): packages/modules/Bluetooth/system/bta/av/bta_av_main.cc:431 bta_av_api_register: bta_av_api_register: AVRCP version used for sdp: "avrcp15"
05-29 18:26:56.165 I/bt_bta_av( 1027): packages/modules/Bluetooth/system/bta/av/bta_av_main.cc:431 bta_av_api_register: bta_av_api_register: AVRCP version used for sdp: "avrcp15"
05-29 18:26:56.166 D/A2dpService( 1027): setA2dpService(): set to: com.android.bluetooth.a2dp.A2dpService@113a04f
05-29 18:26:56.166 D/ActivityAttributionService( 1027): notifyActivityAttributionInfo UID=1002 packageName=com.android.bluetooth deviceAddress=no_active_device_address
05-29 18:26:56.166 I/bt_btif ( 1027): packages/modules/Bluetooth/system/btif/src/bluetooth.cc:829 get_profile_interface: get_profile_interface: id = activity_attribution
05-29 18:26:56.167 D/ActiveDeviceManager( 1027): handleAdapterStateChanged: currentState=11
05-29 18:26:56.170 I/AvrcpTargetService( 1027): Starting the AVRCP Target Service
05-29 18:26:56.171 D/xm_audio( 475): adev_get_parameters
05-29 18:26:56.172 V/MediaPlayerList( 1027): Creating MediaPlayerList
05-29 18:26:56.172 D/xm_audio( 475): adev_get_parameters
05-29 18:26:56.180 D/xm_audio( 475): adev_get_parameters
05-29 18:26:56.181 D/xm_audio( 475): adev_get_parameters
05-29 18:26:56.182 D/MediaSessionService( 700): The MediaKeyEventSessionChangedListener (android.os.BinderProxy@60b2e0d) is added by com.android.bluetooth
05-29 18:26:56.182 D/BootAnimation( 250): BootAnimationShownTiming End time: 22345ms
05-29 18:26:56.183 I/AvrcpTargetJni( 1027): classInitNative: AvrcpTargetJni initialized!
05-29 18:26:56.183 D/AvrcpTargetJni( 1027): initNative
05-29 18:26:56.183 I/bt_stack( 1027): [INFO:avrcp_service.cc(375)] AVRCP Target Service started
05-29 18:26:56.183 I/bt_bta_dm( 1027): packages/modules/Bluetooth/system/bta/dm/bta_dm_act.cc:3456 bta_dm_eir_update_uuid: EIR Adding UUID=0x110C into extended inquiry response
05-29 18:26:56.183 I/bt_bta_dm( 1027): packages/modules/Bluetooth/system/bta/dm/bta_dm_act.cc:3155 bta_dm_set_eir: Generating extended inquiry response packet EIR
05-29 18:26:56.183 I/bt_bta_dm( 1027): packages/modules/Bluetooth/system/bta/dm/bta_dm_act.cc:3456 bta_dm_eir_update_uuid: EIR Adding UUID=0x110E into extended inquiry response
05-29 18:26:56.183 I/bt_bta_dm( 1027): packages/modules/Bluetooth/system/bta/dm/bta_dm_act.cc:3155 bta_dm_set_eir: Generating extended inquiry response packet EIR
05-29 18:26:56.183 I/bt_stack( 1027): [INFO:connection_handler.cc(200)] Connect to device ff:ff:ff:ff:ff:ff
05-29 18:26:56.183 I/bt_stack( 1027): [INFO:connection_handler.cc(222)] virtual bool bluetooth::avrcp::ConnectionHandler::AvrcpConnect(bool, const RawAddress &): handle=0000 status= 000000
05-29 18:26:56.186 D/xm_audio( 475): adev_get_parameters
05-29 18:26:56.187 E/AvrcpTargetService( 1027): Please use AVRCP version 1.6 to enable cover art
05-29 18:26:56.188 D/xm_audio( 475): adev_get_parameters
05-29 18:26:56.189 D/ActivityAttributionService( 1027): notifyActivityAttributionInfo UID=1002 packageName=com.android.bluetooth deviceAddress=no_active_device_address
05-29 18:26:56.189 I/bt_btif ( 1027): packages/modules/Bluetooth/system/btif/src/bluetooth.cc:829 get_profile_interface: get_profile_interface: id = activity_attribution
05-29 18:26:56.190 I/HeadsetService( 1027): create()
05-29 18:26:56.191 I/HeadsetService( 1027): start()
05-29 18:26:56.197 D/BootAnimation( 250): BootAnimationStopTiming start time: 22359ms
05-29 18:26:56.197 D/xm_audio( 475): adev_get_parameters
05-29 18:26:56.199 D/xm_audio( 475): adev_get_parameters
05-29 18:26:56.200 I/BluetoothHeadsetServiceJni( 1027): classInitNative: succeeds
05-29 18:26:56.200 W/HeadsetClientService( 1027): getHeadsetClientService(): service is null
05-29 18:26:56.201 I/bt_btif ( 1027): packages/modules/Bluetooth/system/btif/src/bluetooth.cc:829 get_profile_interface: get_profile_interface: id = handsfree
05-29 18:26:56.201 I/bt_stack( 1027): [INFO:btif_hf.cc(1626)] GetInterface
05-29 18:26:56.201 I/bt_btif_hf( 1027): packages/modules/Bluetooth/system/btif/src/btif_hf.cc:1590 ExecuteService: service starts to: Initialize
05-29 18:26:56.201 I/bt_btif_storage( 1027): packages/modules/Bluetooth/system/btif/src/btif_storage.cc:653 btif_storage_get_adapter_property: btif_storage_get_adapter_property service_mask:0x20000048
05-29 18:26:56.201 I/bluetooth( 1027): packages/modules/Bluetooth/system/bta/ag/bta_ag_main.cc:405 bta_ag_api_enable: AG api enable
05-29 18:26:56.201 I/bluetooth( 1027): packages/modules/Bluetooth/system/bta/ag/bta_ag_sdp.cc:146 bta_ag_add_record: features: 135023
05-29 18:26:56.201 I/bt_bta_dm( 1027): packages/modules/Bluetooth/system/bta/dm/bta_dm_act.cc:3456 bta_dm_eir_update_uuid: EIR Adding UUID=0x1112 into extended inquiry response
05-29 18:26:56.201 I/bt_bta_dm( 1027): packages/modules/Bluetooth/system/bta/dm/bta_dm_act.cc:3155 bta_dm_set_eir: Generating extended inquiry response packet EIR
05-29 18:26:56.201 I/bt_stack( 1027): [INFO:btif_hf.cc(318)] btif_hf_upstreams_evt: AG enable/disable event 0
05-29 18:26:56.201 I/bluetooth( 1027): packages/modules/Bluetooth/system/bta/ag/bta_ag_sdp.cc:146 bta_ag_add_record: features: 135023
05-29 18:26:56.201 I/bt_bta_dm( 1027): packages/modules/Bluetooth/system/bta/dm/bta_dm_act.cc:3456 bta_dm_eir_update_uuid: EIR Adding UUID=0x111F into extended inquiry response
05-29 18:26:56.201 I/bt_bta_dm( 1027): packages/modules/Bluetooth/system/bta/dm/bta_dm_act.cc:3155 bta_dm_set_eir: Generating extended inquiry response packet EIR
05-29 18:26:56.201 I/bt_stack( 1027): [INFO:port_api.cc(220)] RFCOMM_CreateConnectionWithSecurity: bd_addr=ff:ff:ff:ff:ff:ff, scn=2, is_server=1, mtu=256, uuid=0x1112, dlci=4, signal_state=0x0b, p_port=0xbd2c03b0
05-29 18:26:56.201 I/bt_stack( 1027): [INFO:port_api.cc(220)] RFCOMM_CreateConnectionWithSecurity: bd_addr=ff:ff:ff:ff:ff:ff, scn=3, is_server=1, mtu=256, uuid=0x111f, dlci=6, signal_state=0x0b, p_port=0xbd2c0438
05-29 18:26:56.201 I/bt_stack( 1027): [INFO:port_api.cc(220)] RFCOMM_CreateConnectionWithSecurity: bd_addr=ff:ff:ff:ff:ff:ff, scn=2, is_server=1, mtu=256, uuid=0x1112, dlci=4, signal_state=0x0b, p_port=0xbd2c04c0
05-29 18:26:56.202 I/bt_stack( 1027): [INFO:port_api.cc(220)] RFCOMM_CreateConnectionWithSecurity: bd_addr=ff:ff:ff:ff:ff:ff, scn=3, is_server=1, mtu=256, uuid=0x111f, dlci=6, signal_state=0x0b, p_port=0xbd2c0548
05-29 18:26:56.202 I/bt_stack( 1027): [INFO:port_api.cc(220)] RFCOMM_CreateConnectionWithSecurity: bd_addr=ff:ff:ff:ff:ff:ff, scn=2, is_server=1, mtu=256, uuid=0x1112, dlci=4, signal_state=0x0b, p_port=0xbd2c05d0
05-29 18:26:56.202 I/bt_stack( 1027): [INFO:port_api.cc(220)] RFCOMM_CreateConnectionWithSecurity: bd_addr=ff:ff:ff:ff:ff:ff, scn=3, is_server=1, mtu=256, uuid=0x111f, dlci=6, signal_state=0x0b, p_port=0xbd2c0658
05-29 18:26:56.202 I/bt_stack( 1027): [INFO:port_api.cc(220)] RFCOMM_CreateConnectionWithSecurity: bd_addr=ff:ff:ff:ff:ff:ff, scn=2, is_server=1, mtu=256, uuid=0x1112, dlci=4, signal_state=0x0b, p_port=0xbd2c06e0
05-29 18:26:56.202 I/bt_stack( 1027): [INFO:port_api.cc(220)] RFCOMM_CreateConnectionWithSecurity: bd_addr=ff:ff:ff:ff:ff:ff, scn=3, is_server=1, mtu=256, uuid=0x111f, dlci=6, signal_state=0x0b, p_port=0xbd2c0768
05-29 18:26:56.202 I/bt_stack( 1027): [INFO:port_api.cc(220)] RFCOMM_CreateConnectionWithSecurity: bd_addr=ff:ff:ff:ff:ff:ff, scn=2, is_server=1, mtu=256, uuid=0x1112, dlci=4, signal_state=0x0b, p_port=0xbd2c07f0
05-29 18:26:56.202 I/bt_stack( 1027): [INFO:port_api.cc(220)] RFCOMM_CreateConnectionWithSecurity: bd_addr=ff:ff:ff:ff:ff:ff, scn=3, is_server=1, mtu=256, uuid=0x111f, dlci=6, signal_state=0x0b, p_port=0xbd2c0878
05-29 18:26:56.202 I/bt_stack( 1027): [INFO:port_api.cc(220)] RFCOMM_CreateConnectionWithSecurity: bd_addr=ff:ff:ff:ff:ff:ff, scn=2, is_server=1, mtu=256, uuid=0x1112, dlci=4, signal_state=0x0b, p_port=0xbd2c0900
05-29 18:26:56.202 I/bt_stack( 1027): [INFO:port_api.cc(220)] RFCOMM_CreateConnectionWithSecurity: bd_addr=ff:ff:ff:ff:ff:ff, scn=3, is_server=1, mtu=256, uuid=0x111f, dlci=6, signal_state=0x0b, p_port=0xbd2c0988
05-29 18:26:56.205 D/ActivityAttributionService( 1027): notifyActivityAttributionInfo UID=1002 packageName=com.android.bluetooth deviceAddress=no_active_device_address
05-29 18:26:56.205 I/bt_btif ( 1027): packages/modules/Bluetooth/system/btif/src/bluetooth.cc:829 get_profile_interface: get_profile_interface: id = activity_attribution
05-29 18:26:56.207 D/HearingAidService( 1027): create()
05-29 18:26:56.208 D/HearingAidService( 1027): start()
05-29 18:26:56.208 I/bt_stack( 1027): [INFO:com_android_bluetooth_hearing_aid.cpp(97)] classInitNative: succeeds
05-29 18:26:56.211 D/xm_audio( 475): adev_get_parameters
05-29 18:26:56.212 I/libperfmgr( 487): Hint type not present in actions: EXPENSIVE_RENDERING
05-29 18:26:56.212 I/android.hardware.power-service.libperfmgr( 487): Power mode EXPENSIVE_RENDERING isModeSupported: 0
05-29 18:26:56.213 D/xm_audio( 475): adev_get_parameters
05-29 18:26:56.214 D/HearingAidService( 1027): setHearingAidService(): set to: com.android.bluetooth.hearingaid.HearingAidService@8f86cf8
05-29 18:26:56.214 I/bt_btif ( 1027): packages/modules/Bluetooth/system/btif/src/bluetooth.cc:829 get_profile_interface: get_profile_interface: id = hearing_aid
05-29 18:26:56.214 D/ActivityAttributionService( 1027): notifyActivityAttributionInfo UID=1002 packageName=com.android.bluetooth deviceAddress=no_active_device_address
05-29 18:26:56.214 I/bt_btif ( 1027): packages/modules/Bluetooth/system/btif/src/bluetooth.cc:829 get_profile_interface: get_profile_interface: id = activity_attribution
05-29 18:26:56.214 I/bt_stack( 1027): [INFO:hearing_aid_software_encoding_aidl.cc(182)] init
05-29 18:26:56.216 I/BTAudioProviderFactoryAIDL( 475): getProviderCapabilities - SessionType=HEARING_AID_SOFTWARE_ENCODING_DATAPATH supports 1 codecs
05-29 18:26:56.216 I/bt_stack( 1027): [INFO:client_interface_aidl.cc(124)] FetchAudioProvider: BluetoothAudioHal SessionType=HEARING_AID_SOFTWARE_ENCODING_DATAPATH has 1 AudioCapabilities
05-29 18:26:56.217 I/BTAudioProviderFactoryAIDL( 475): openProvider - SessionType=HEARING_AID_SOFTWARE_ENCODING_DATAPATH
05-29 18:26:56.217 I/BTAudioProviderHearingAid( 475): HearingAidAudioProvider - size of audio buffer 3584 byte(s)
05-29 18:26:56.218 I/bt_stack( 1027): [INFO:client_interface_aidl.cc(143)] IBluetoothAudioProvidersFactory::openProvider() returned 0xebd633d0 (remote)
05-29 18:26:56.218 I/bluetooth( 1027): packages/modules/Bluetooth/system/stack/gatt/gatt_api.cc:1257 GATT_Register: Allocated name:GattClient uuid:73d61913-4388-8716-bdc8-dffb888b12dc gatt_if:4 eatt_support:0
05-29 18:26:56.222 I/bt_btif ( 1027): packages/modules/Bluetooth/system/btif/src/bluetooth.cc:829 get_profile_interface: get_profile_interface: id = hidhost
05-29 18:26:56.222 I/bt_btif_storage( 1027): packages/modules/Bluetooth/system/btif/src/btif_storage.cc:653 btif_storage_get_adapter_property: btif_storage_get_adapter_property service_mask:0x20100048
05-29 18:26:56.223 I/bt_l2cap( 1027): packages/modules/Bluetooth/system/stack/l2cap/l2c_api.cc:172 L2CA_Register: L2CAP Registered service classic PSM: 0x0011
05-29 18:26:56.223 I/bt_l2cap( 1027): packages/modules/Bluetooth/system/stack/l2cap/l2c_api.cc:172 L2CA_Register: L2CAP Registered service classic PSM: 0x0013
05-29 18:26:56.223 I/bluetooth( 1027): packages/modules/Bluetooth/system/stack/gatt/gatt_api.cc:1257 GATT_Register: Allocated name:GattClient uuid:b0486533-0ce4-782d-a1f0-de9e1e83e97c gatt_if:5 eatt_support:0
05-29 18:26:56.224 W/bt_stack( 1027): [WARNING:btif_hh.cc(467)] Added device xx:xx:xx:xx:c0:7d
05-29 18:26:56.225 W/bt_btif ( 1027): packages/modules/Bluetooth/system/main/bte_logmsg.cc:108 LogMsg: BTA_HH_ADD_DEV_EVT: status = 0, handle = 16
05-29 18:26:56.225 I/bt_bta_gattc( 1027): packages/modules/Bluetooth/system/bta/gatt/bta_gattc_act.cc:429 bta_gattc_init_bk_conn: Not a connected remote device yet
05-29 18:26:56.225 I/bluetooth( 1027): packages/modules/Bluetooth/system/gd/hci/le_address_manager.cc:178 register_client: Client registered
05-29 18:26:56.225 I/bluetooth( 1027): packages/modules/Bluetooth/system/gd/hci/le_address_manager.cc:265 ack_pause: Client already in paused state
05-29 18:26:56.228 D/xm_audio( 475): adev_get_parameters
05-29 18:26:56.229 D/xm_audio( 475): adev_get_parameters
05-29 18:26:56.230 I/bluetooth( 1027): packages/modules/Bluetooth/system/gd/hci/le_address_manager.cc:596 OnCommandComplete: Received command complete with op_code LE_ADD_DEVICE_TO_FILTER_ACCEPT_LIST
05-29 18:26:56.230 I/bluetooth( 1027): packages/modules/Bluetooth/system/gd/hci/le_address_manager.cc:294 resume_registered_clients: Resuming registered clients
05-29 18:26:56.233 I/bluetooth( 1027): packages/modules/Bluetooth/system/gd/hci/acl_manager/le_impl.h:878 update_connectability_state_after_armed: Le connection state machine armed state:ConnectabilityState::ARMED status:SUCCESS
05-29 18:26:56.236 D/xm_audio( 475): adev_get_parameters
05-29 18:26:56.240 D/xm_audio( 475): adev_get_parameters
05-29 18:26:56.259 D/xm_audio( 475): adev_get_parameters
05-29 18:26:56.261 D/xm_audio( 475): adev_get_parameters
05-29 18:26:56.271 D/xm_audio( 475): adev_get_parameters
05-29 18:26:56.273 E/BpTransactionCompletedListener( 263): Failed to transact (-32)
05-29 18:26:56.277 D/xm_audio( 475): adev_get_parameters
05-29 18:26:56.285 D/xm_audio( 475): adev_get_parameters
05-29 18:26:56.286 D/xm_audio( 475): adev_get_parameters
05-29 18:26:56.291 D/xm_audio( 475): adev_get_parameters
05-29 18:26:56.292 D/xm_audio( 475): adev_get_parameters
05-29 18:26:56.294 D/ActivityThread( 1027): Loading provider com.android.bluetooth.opp: com.android.bluetooth.opp.BluetoothOppProvider
05-29 18:26:56.298 D/BtOppService( 1027): setBluetoothOppService(): set to: com.android.bluetooth.opp.BluetoothOppService@ac360a4
05-29 18:26:56.298 D/ActivityAttributionService( 1027): notifyActivityAttributionInfo UID=1002 packageName=com.android.bluetooth deviceAddress=no_active_device_address
05-29 18:26:56.298 I/bt_btif ( 1027): packages/modules/Bluetooth/system/btif/src/bluetooth.cc:829 get_profile_interface: get_profile_interface: id = activity_attribution
05-29 18:26:56.300 D/xm_audio( 475): adev_get_parameters
05-29 18:26:56.301 D/BluetoothPanServiceJni( 1027): initializeNative(L113): pan
05-29 18:26:56.301 I/bt_btif ( 1027): packages/modules/Bluetooth/system/btif/src/bluetooth.cc:829 get_profile_interface: get_profile_interface: id = pan
05-29 18:26:56.301 I/bt_l2cap( 1027): packages/modules/Bluetooth/system/stack/l2cap/l2c_api.cc:172 L2CA_Register: L2CAP Registered service classic PSM: 0x000f
05-29 18:26:56.302 I/bt_bta_dm( 1027): packages/modules/Bluetooth/system/bta/dm/bta_dm_act.cc:3456 bta_dm_eir_update_uuid: EIR Adding UUID=0x1116 into extended inquiry response
05-29 18:26:56.302 I/bt_bta_dm( 1027): packages/modules/Bluetooth/system/bta/dm/bta_dm_act.cc:3155 bta_dm_set_eir: Generating extended inquiry response packet EIR
05-29 18:26:56.302 I/SurfaceFlinger( 263): Boot is finished (16944 ms)
05-29 18:26:56.302 I/bt_bta_dm( 1027): packages/modules/Bluetooth/system/bta/dm/bta_dm_act.cc:3456 bta_dm_eir_update_uuid: EIR Adding UUID=0x1115 into extended inquiry response
05-29 18:26:56.302 I/bt_bta_dm( 1027): packages/modules/Bluetooth/system/bta/dm/bta_dm_act.cc:3155 bta_dm_set_eir: Generating extended inquiry response packet EIR
05-29 18:26:56.302 I/bt_bta_dm( 1027): packages/modules/Bluetooth/system/bta/dm/bta_dm_act.cc:3456 bta_dm_eir_update_uuid: EIR Adding UUID=0x1116 into extended inquiry response
05-29 18:26:56.302 I/bt_bta_dm( 1027): packages/modules/Bluetooth/system/bta/dm/bta_dm_act.cc:3155 bta_dm_set_eir: Generating extended inquiry response packet EIR
05-29 18:26:56.302 I/bt_bta_dm( 1027): packages/modules/Bluetooth/system/bta/dm/bta_dm_act.cc:3456 bta_dm_eir_update_uuid: EIR Adding UUID=0x1115 into extended inquiry response
05-29 18:26:56.302 I/bt_bta_dm( 1027): packages/modules/Bluetooth/system/bta/dm/bta_dm_act.cc:3155 bta_dm_set_eir: Generating extended inquiry response packet EIR
05-29 18:26:56.303 D/BluetoothPanServiceJni( 1027): control_state_callback(L60): state:0, local_role:3, ifname:bt-pan
