05-29 18:29:56.851 E/dangbei111( 1386): cccccc 开始扫描
05-29 18:29:56.851 D/BluetoothAdapter( 1386): isLeEnabled(): ON
05-29 18:29:56.853 E/dangbei111( 1386): cccccc scan 得到的设备和状态 Dangbei E4:BB:D3:57:C0:7D 12
05-29 18:29:56.856 E/dangbei111( 1386): cccccc 取消pair Dangbei E4:BB:D3:57:C0:7D 12
05-29 18:29:56.856 I/BluetoothDevice( 1386): removeBond() for device XX:XX:XX:XX:C0:7D called by pid: 1386 tid: 1386
05-29 18:29:56.859 E/dangbei111( 1386): cccccc 搜索到bond 什么都不处理 Dangbei E4:BB:D3:57:C0:7D
05-29 18:29:56.864 E/dangbei111( 1386): cccccc 检查遥控器是否连接: Dangbei E4:BB:D3:57:C0:7D
05-29 18:29:56.866 E/dangbei111( 1386): cccccc 检查遥控器是否连接: 蓝牙的结果 Dangbei E4:BB:D3:57:C0:7D false
05-29 18:29:56.866 E/dangbei111( 1386): cccccc input中没有遥控器 存在 先什么都不操作 返回false
05-29 18:29:56.867 I/bt_btif_dm( 1027): packages/modules/Bluetooth/system/btif/src/btif_dm.cc:695 btif_update_remote_properties: class of device (cod) is 0x00050c
05-29 18:29:56.868 E/dangbei111( 1386): cccccc 开始扫描
05-29 18:29:56.868 D/BluetoothAdapter( 1386): isLeEnabled(): ON
05-29 18:29:56.870 E/dangbei111( 1386): cccccc scan 得到的设备和状态 Dangbei E4:BB:D3:57:C0:7D 12
05-29 18:29:56.874 E/dangbei111( 1386): cccccc 取消pair Dangbei E4:BB:D3:57:C0:7D 12
05-29 18:29:56.874 I/BluetoothDevice( 1386): removeBond() for device XX:XX:XX:XX:C0:7D called by pid: 1386 tid: 1386
05-29 18:29:56.878 E/dangbei111( 1386): cccccc 搜索到bond 什么都不处理 Dangbei E4:BB:D3:57:C0:7D
05-29 18:29:56.883 E/dangbei111( 1386): cccccc 检查遥控器是否连接: Dangbei E4:BB:D3:57:C0:7D
05-29 18:29:56.885 E/dangbei111( 1386): cccccc 检查遥控器是否连接: 蓝牙的结果 Dangbei E4:BB:D3:57:C0:7D false
05-29 18:29:56.885 E/dangbei111( 1386): cccccc input中没有遥控器 存在 先什么都不操作 返回false
05-29 18:29:56.887 E/dangbei111( 1386): cccccc 开始扫描
05-29 18:29:56.887 D/BluetoothAdapter( 1386): isLeEnabled(): ON
05-29 18:29:56.889 E/dangbei111( 1386): cccccc scan 得到的设备和状态 Dangbei E4:BB:D3:57:C0:7D 12
05-29 18:29:56.889 I/bt_btif_dm( 1027): packages/modules/Bluetooth/system/btif/src/btif_dm.cc:695 btif_update_remote_properties: class of device (cod) is 0x00050c
05-29 18:29:56.894 E/dangbei111( 1386): cccccc 取消pair Dangbei E4:BB:D3:57:C0:7D 12
05-29 18:29:56.894 I/BluetoothDevice( 1386): removeBond() for device XX:XX:XX:XX:C0:7D called by pid: 1386 tid: 1386
05-29 18:29:56.898 E/dangbei111( 1386): cccccc 搜索到bond 什么都不处理 Dangbei E4:BB:D3:57:C0:7D
05-29 18:29:56.903 E/dangbei111( 1386): cccccc 检查遥控器是否连接: Dangbei E4:BB:D3:57:C0:7D
05-29 18:29:56.906 E/dangbei111( 1386): cccccc 检查遥控器是否连接: 蓝牙的结果 Dangbei E4:BB:D3:57:C0:7D false
05-29 18:29:56.906 E/dangbei111( 1386): cccccc input中没有遥控器 存在 先什么都不操作 返回false
05-29 18:29:56.910 E/dangbei111( 1386): cccccc 开始扫描
05-29 18:29:56.910 D/BluetoothAdapter( 1386): isLeEnabled(): ON
05-29 18:29:56.911 E/dangbei111( 1386): cccccc scan 得到的设备和状态 Dangbei E4:BB:D3:57:C0:7D 12
05-29 18:29:56.914 E/dangbei111( 1386): cccccc 取消pair Dangbei E4:BB:D3:57:C0:7D 12
05-29 18:29:56.914 I/BluetoothDevice( 1386): removeBond() for device XX:XX:XX:XX:C0:7D called by pid: 1386 tid: 1386
05-29 18:29:56.917 E/dangbei111( 1386): cccccc 搜索到bond 什么都不处理 Dangbei E4:BB:D3:57:C0:7D
05-29 18:29:56.919 I/bt_btif_dm( 1027): packages/modules/Bluetooth/system/btif/src/btif_dm.cc:695 btif_update_remote_properties: class of device (cod) is 0x00050c
05-29 18:29:56.926 E/dangbei111( 1386): cccccc 检查遥控器是否连接: Dangbei E4:BB:D3:57:C0:7D
05-29 18:29:56.929 E/dangbei111( 1386): cccccc 检查遥控器是否连接: 蓝牙的结果 Dangbei E4:BB:D3:57:C0:7D false
05-29 18:29:56.929 E/dangbei111( 1386): cccccc input中没有遥控器 存在 先什么都不操作 返回false
05-29 18:29:56.930 E/dangbei111( 1386): cccccc 开始扫描
05-29 18:29:56.931 D/BluetoothAdapter( 1386): isLeEnabled(): ON
05-29 18:29:56.933 E/dangbei111( 1386): cccccc scan 得到的设备和状态 Dangbei E4:BB:D3:57:C0:7D 12
05-29 18:29:56.936 E/dangbei111( 1386): cccccc 取消pair Dangbei E4:BB:D3:57:C0:7D 12
05-29 18:29:56.936 I/BluetoothDevice( 1386): removeBond() for device XX:XX:XX:XX:C0:7D called by pid: 1386 tid: 1386
05-29 18:29:56.939 E/dangbei111( 1386): cccccc 搜索到bond 什么都不处理 Dangbei E4:BB:D3:57:C0:7D
05-29 18:29:56.976 I/bt_btif_dm( 1027): packages/modules/Bluetooth/system/btif/src/btif_dm.cc:695 btif_update_remote_properties: class of device (cod) is 0x00050c
05-29 18:29:56.983 E/dangbei111( 1386): cccccc 检查遥控器是否连接: Dangbei E4:BB:D3:57:C0:7D
05-29 18:29:56.986 E/dangbei111( 1386): cccccc 检查遥控器是否连接: 蓝牙的结果 Dangbei E4:BB:D3:57:C0:7D false
05-29 18:29:56.986 E/dangbei111( 1386): cccccc input中没有遥控器 存在 先什么都不操作 返回false
05-29 18:29:56.989 E/dangbei111( 1386): cccccc 开始扫描
05-29 18:29:56.989 D/BluetoothAdapter( 1386): isLeEnabled(): ON
05-29 18:29:56.992 E/dangbei111( 1386): cccccc scan 得到的设备和状态 Dangbei E4:BB:D3:57:C0:7D 12
05-29 18:29:56.996 E/dangbei111( 1386): cccccc 取消pair Dangbei E4:BB:D3:57:C0:7D 12
05-29 18:29:56.996 I/BluetoothDevice( 1386): removeBond() for device XX:XX:XX:XX:C0:7D called by pid: 1386 tid: 1386
05-29 18:29:57.000 E/dangbei111( 1386): cccccc 搜索到bond 什么都不处理 Dangbei E4:BB:D3:57:C0:7D
05-29 18:29:57.001 I/bt_btif_dm( 1027): packages/modules/Bluetooth/system/btif/src/btif_dm.cc:695 btif_update_remote_properties: class of device (cod) is 0x00050c
05-29 18:29:57.008 E/dangbei111( 1386): cccccc 检查遥控器是否连接: Dangbei E4:BB:D3:57:C0:7D
05-29 18:29:57.011 E/dangbei111( 1386): cccccc 检查遥控器是否连接: 蓝牙的结果 Dangbei E4:BB:D3:57:C0:7D false
05-29 18:29:57.011 E/dangbei111( 1386): cccccc input中没有遥控器 存在 先什么都不操作 返回false
05-29 18:29:57.013 E/dangbei111( 1386): cccccc 开始扫描
05-29 18:29:57.013 D/BluetoothAdapter( 1386): isLeEnabled(): ON
05-29 18:29:57.015 E/dangbei111( 1386): cccccc scan 得到的设备和状态 Dangbei E4:BB:D3:57:C0:7D 12
05-29 18:29:57.018 E/dangbei111( 1386): cccccc 取消pair Dangbei E4:BB:D3:57:C0:7D 12
05-29 18:29:57.018 I/BluetoothDevice( 1386): removeBond() for device XX:XX:XX:XX:C0:7D called by pid: 1386 tid: 1386
05-29 18:29:57.023 E/dangbei111( 1386): cccccc 搜索到bond 什么都不处理 Dangbei E4:BB:D3:57:C0:7D
05-29 18:29:57.024 I/bt_btif_dm( 1027): packages/modules/Bluetooth/system/btif/src/btif_dm.cc:695 btif_update_remote_properties: class of device (cod) is 0x00050c
05-29 18:29:57.031 E/dangbei111( 1386): cccccc 检查遥控器是否连接: Dangbei E4:BB:D3:57:C0:7D
05-29 18:29:57.035 E/dangbei111( 1386): cccccc 检查遥控器是否连接: 蓝牙的结果 Dangbei E4:BB:D3:57:C0:7D false
05-29 18:29:57.035 E/dangbei111( 1386): cccccc input中没有遥控器 存在 先什么都不操作 返回false
05-29 18:29:57.037 E/dangbei111( 1386): cccccc 开始扫描
05-29 18:29:57.038 D/BluetoothAdapter( 1386): isLeEnabled(): ON
05-29 18:29:57.040 E/dangbei111( 1386): cccccc scan 得到的设备和状态 Dangbei E4:BB:D3:57:C0:7D 12
05-29 18:29:57.043 E/dangbei111( 1386): cccccc 取消pair Dangbei E4:BB:D3:57:C0:7D 12
05-29 18:29:57.043 I/BluetoothDevice( 1386): removeBond() for device XX:XX:XX:XX:C0:7D called by pid: 1386 tid: 1386
05-29 18:29:57.047 E/dangbei111( 1386): cccccc 搜索到bond 什么都不处理 Dangbei E4:BB:D3:57:C0:7D
05-29 18:29:57.073 I/bt_btif_dm( 1027): packages/modules/Bluetooth/system/btif/src/btif_dm.cc:695 btif_update_remote_properties: class of device (cod) is 0x00050c
05-29 18:29:57.079 E/dangbei111( 1386): cccccc 检查遥控器是否连接: Dangbei E4:BB:D3:57:C0:7D
05-29 18:29:57.083 E/dangbei111( 1386): cccccc 检查遥控器是否连接: 蓝牙的结果 Dangbei E4:BB:D3:57:C0:7D false
05-29 18:29:57.083 E/dangbei111( 1386): cccccc input中没有遥控器 存在 先什么都不操作 返回false
05-29 18:29:57.085 E/dangbei111( 1386): cccccc 开始扫描
05-29 18:29:57.086 D/BluetoothAdapter( 1386): isLeEnabled(): ON
05-29 18:29:57.088 E/dangbei111( 1386): cccccc scan 得到的设备和状态 Dangbei E4:BB:D3:57:C0:7D 12
05-29 18:29:57.091 E/dangbei111( 1386): cccccc 取消pair Dangbei E4:BB:D3:57:C0:7D 12
05-29 18:29:57.091 I/BluetoothDevice( 1386): removeBond() for device XX:XX:XX:XX:C0:7D called by pid: 1386 tid: 1386
05-29 18:29:57.093 I/bt_btif_dm( 1027): packages/modules/Bluetooth/system/btif/src/btif_dm.cc:695 btif_update_remote_properties: class of device (cod) is 0x00050c
05-29 18:29:57.096 E/dangbei111( 1386): cccccc 搜索到bond 什么都不处理 Dangbei E4:BB:D3:57:C0:7D
05-29 18:29:57.102 E/dangbei111( 1386): cccccc 检查遥控器是否连接: Dangbei E4:BB:D3:57:C0:7D
05-29 18:29:57.106 E/dangbei111( 1386): cccccc 检查遥控器是否连接: 蓝牙的结果 Dangbei E4:BB:D3:57:C0:7D false
05-29 18:29:57.106 E/dangbei111( 1386): cccccc input中没有遥控器 存在 先什么都不操作 返回false
05-29 18:29:57.108 E/dangbei111( 1386): cccccc 开始扫描
05-29 18:29:57.108 D/BluetoothAdapter( 1386): isLeEnabled(): ON
05-29 18:29:57.110 E/dangbei111( 1386): cccccc scan 得到的设备和状态 Dangbei E4:BB:D3:57:C0:7D 12
05-29 18:29:57.114 E/dangbei111( 1386): cccccc 取消pair Dangbei E4:BB:D3:57:C0:7D 12
05-29 18:29:57.114 I/BluetoothDevice( 1386): removeBond() for device XX:XX:XX:XX:C0:7D called by pid: 1386 tid: 1386
05-29 18:29:57.118 I/bt_btif_dm( 1027): packages/modules/Bluetooth/system/btif/src/btif_dm.cc:695 btif_update_remote_properties: class of device (cod) is 0x00050c
05-29 18:29:57.120 E/dangbei111( 1386): cccccc 搜索到bond 什么都不处理 Dangbei E4:BB:D3:57:C0:7D
05-29 18:29:57.125 E/dangbei111( 1386): cccccc 检查遥控器是否连接: Dangbei E4:BB:D3:57:C0:7D
05-29 18:29:57.129 E/dangbei111( 1386): cccccc 检查遥控器是否连接: 蓝牙的结果 Dangbei E4:BB:D3:57:C0:7D false
05-29 18:29:57.129 E/dangbei111( 1386): cccccc input中没有遥控器 存在 先什么都不操作 返回false
05-29 18:29:57.131 E/dangbei111( 1386): cccccc 开始扫描
05-29 18:29:57.131 D/BluetoothAdapter( 1386): isLeEnabled(): ON
05-29 18:29:57.133 E/dangbei111( 1386): cccccc scan 得到的设备和状态 Dangbei E4:BB:D3:57:C0:7D 12
05-29 18:29:57.137 E/dangbei111( 1386): cccccc 取消pair Dangbei E4:BB:D3:57:C0:7D 12
05-29 18:29:57.137 I/BluetoothDevice( 1386): removeBond() for device XX:XX:XX:XX:C0:7D called by pid: 1386 tid: 1386
05-29 18:29:57.140 E/dangbei111( 1386): cccccc 搜索到bond 什么都不处理 Dangbei E4:BB:D3:57:C0:7D
05-29 18:29:57.207 I/bt_btif_dm( 1027): packages/modules/Bluetooth/system/btif/src/btif_dm.cc:695 btif_update_remote_properties: class of device (cod) is 0x00050c
05-29 18:29:57.217 E/dangbei111( 1386): cccccc 检查遥控器是否连接: Dangbei E4:BB:D3:57:C0:7D
05-29 18:29:57.220 E/dangbei111( 1386): cccccc 检查遥控器是否连接: 蓝牙的结果 Dangbei E4:BB:D3:57:C0:7D false
05-29 18:29:57.220 E/dangbei111( 1386): cccccc input中没有遥控器 存在 先什么都不操作 返回false
05-29 18:29:57.223 E/dangbei111( 1386): cccccc 开始扫描
05-29 18:29:57.223 D/BluetoothAdapter( 1386): isLeEnabled(): ON
05-29 18:29:57.225 E/dangbei111( 1386): cccccc scan 得到的设备和状态 Dangbei E4:BB:D3:57:C0:7D 12
05-29 18:29:57.230 E/dangbei111( 1386): cccccc 取消pair Dangbei E4:BB:D3:57:C0:7D 12
05-29 18:29:57.230 I/BluetoothDevice( 1386): removeBond() for device XX:XX:XX:XX:C0:7D called by pid: 1386 tid: 1386
05-29 18:29:57.237 E/dangbei111( 1386): cccccc 搜索到bond 什么都不处理 Dangbei E4:BB:D3:57:C0:7D
05-29 18:29:57.285 I/bt_btif_dm( 1027): packages/modules/Bluetooth/system/btif/src/btif_dm.cc:695 btif_update_remote_properties: class of device (cod) is 0x00050c
05-29 18:29:57.291 E/dangbei111( 1386): cccccc 检查遥控器是否连接: Dangbei E4:BB:D3:57:C0:7D
05-29 18:29:57.294 E/dangbei111( 1386): cccccc 检查遥控器是否连接: 蓝牙的结果 Dangbei E4:BB:D3:57:C0:7D false
05-29 18:29:57.294 E/dangbei111( 1386): cccccc input中没有遥控器 存在 先什么都不操作 返回false
05-29 18:29:57.296 E/dangbei111( 1386): cccccc 开始扫描
05-29 18:29:57.296 D/BluetoothAdapter( 1386): isLeEnabled(): ON
05-29 18:29:57.298 E/dangbei111( 1386): cccccc scan 得到的设备和状态 Dangbei E4:BB:D3:57:C0:7D 12
05-29 18:29:57.302 E/dangbei111( 1386): cccccc 取消pair Dangbei E4:BB:D3:57:C0:7D 12
05-29 18:29:57.302 I/BluetoothDevice( 1386): removeBond() for device XX:XX:XX:XX:C0:7D called by pid: 1386 tid: 1386
05-29 18:29:57.306 E/dangbei111( 1386): cccccc 搜索到bond 什么都不处理 Dangbei E4:BB:D3:57:C0:7D
05-29 18:29:57.328 I/bt_btif_dm( 1027): packages/modules/Bluetooth/system/btif/src/btif_dm.cc:695 btif_update_remote_properties: class of device (cod) is 0x00050c
05-29 18:29:57.336 E/dangbei111( 1386): cccccc 检查遥控器是否连接: Dangbei E4:BB:D3:57:C0:7D
05-29 18:29:57.340 E/dangbei111( 1386): cccccc 检查遥控器是否连接: 蓝牙的结果 Dangbei E4:BB:D3:57:C0:7D false
05-29 18:29:57.340 E/dangbei111( 1386): cccccc input中没有遥控器 存在 先什么都不操作 返回false
05-29 18:29:57.342 E/dangbei111( 1386): cccccc 开始扫描
05-29 18:29:57.342 D/BluetoothAdapter( 1386): isLeEnabled(): ON
05-29 18:29:57.345 E/dangbei111( 1386): cccccc scan 得到的设备和状态 Dangbei E4:BB:D3:57:C0:7D 12
05-29 18:29:57.349 E/dangbei111( 1386): cccccc 取消pair Dangbei E4:BB:D3:57:C0:7D 12
05-29 18:29:57.350 I/BluetoothDevice( 1386): removeBond() for device XX:XX:XX:XX:C0:7D called by pid: 1386 tid: 1386
05-29 18:29:57.354 E/dangbei111( 1386): cccccc 搜索到bond 什么都不处理 Dangbei E4:BB:D3:57:C0:7D
05-29 18:29:57.358 I/bt_btif_dm( 1027): packages/modules/Bluetooth/system/btif/src/btif_dm.cc:695 btif_update_remote_properties: class of device (cod) is 0x00050c
05-29 18:29:57.367 E/dangbei111( 1386): cccccc 检查遥控器是否连接: Dangbei E4:BB:D3:57:C0:7D
05-29 18:29:57.371 E/dangbei111( 1386): cccccc 检查遥控器是否连接: 蓝牙的结果 Dangbei E4:BB:D3:57:C0:7D false
05-29 18:29:57.371 E/dangbei111( 1386): cccccc input中没有遥控器 存在 先什么都不操作 返回false
05-29 18:29:57.374 E/dangbei111( 1386): cccccc 开始扫描
05-29 18:29:57.374 D/BluetoothAdapter( 1386): isLeEnabled(): ON
05-29 18:29:57.375 E/dangbei111( 1386): cccccc scan 得到的设备和状态 Dangbei E4:BB:D3:57:C0:7D 12
05-29 18:29:57.381 E/dangbei111( 1386): cccccc 取消pair Dangbei E4:BB:D3:57:C0:7D 12
05-29 18:29:57.381 I/BluetoothDevice( 1386): removeBond() for device XX:XX:XX:XX:C0:7D called by pid: 1386 tid: 1386
05-29 18:29:57.385 I/bt_btif_dm( 1027): packages/modules/Bluetooth/system/btif/src/btif_dm.cc:695 btif_update_remote_properties: class of device (cod) is 0x00050c
05-29 18:29:57.388 E/dangbei111( 1386): cccccc 搜索到bond 什么都不处理 Dangbei E4:BB:D3:57:C0:7D
05-29 18:29:57.393 E/dangbei111( 1386): cccccc 检查遥控器是否连接: Dangbei E4:BB:D3:57:C0:7D
05-29 18:29:57.397 E/dangbei111( 1386): cccccc 检查遥控器是否连接: 蓝牙的结果 Dangbei E4:BB:D3:57:C0:7D false
05-29 18:29:57.397 E/dangbei111( 1386): cccccc input中没有遥控器 存在 先什么都不操作 返回false
05-29 18:29:57.399 E/dangbei111( 1386): cccccc 开始扫描
05-29 18:29:57.399 D/BluetoothAdapter( 1386): isLeEnabled(): ON
05-29 18:29:57.401 E/dangbei111( 1386): cccccc scan 得到的设备和状态 Dangbei E4:BB:D3:57:C0:7D 12
05-29 18:29:57.402 I/WifiHAL ( 501): call wifi_get_link_stats handler
05-29 18:29:57.402 I/WifiHAL ( 501): Creating message to get link statistics; iface = 16
05-29 18:29:57.402 D/WifiHAL ( 501): error code -95 mapped to -3
05-29 18:29:57.402 E/WifiStaIfaceAidlImpl( 700): getLinkLayerStats failed with service-specific exception: android.os.ServiceSpecificException: (code 4)
05-29 18:29:57.406 E/dangbei111( 1386): cccccc 取消pair Dangbei E4:BB:D3:57:C0:7D 12
05-29 18:29:57.406 I/BluetoothDevice( 1386): removeBond() for device XX:XX:XX:XX:C0:7D called by pid: 1386 tid: 1386
05-29 18:29:57.410 E/dangbei111( 1386): cccccc 搜索到bond 什么都不处理 Dangbei E4:BB:D3:57:C0:7D
05-29 18:29:57.412 I/bt_btif_dm( 1027): packages/modules/Bluetooth/system/btif/src/btif_dm.cc:695 btif_update_remote_properties: class of device (cod) is 0x00050c
05-29 18:29:57.419 E/dangbei111( 1386): cccccc 检查遥控器是否连接: Dangbei E4:BB:D3:57:C0:7D
05-29 18:29:57.422 E/dangbei111( 1386): cccccc 检查遥控器是否连接: 蓝牙的结果 Dangbei E4:BB:D3:57:C0:7D false
05-29 18:29:57.422 E/dangbei111( 1386): cccccc input中没有遥控器 存在 先什么都不操作 返回false
05-29 18:29:57.423 E/dangbei111( 1386): cccccc 开始扫描
05-29 18:29:57.424 D/BluetoothAdapter( 1386): isLeEnabled(): ON
05-29 18:29:57.426 E/dangbei111( 1386): cccccc scan 得到的设备和状态 Dangbei E4:BB:D3:57:C0:7D 12
05-29 18:29:57.429 E/dangbei111( 1386): cccccc 取消pair Dangbei E4:BB:D3:57:C0:7D 12
05-29 18:29:57.430 I/BluetoothDevice( 1386): removeBond() for device XX:XX:XX:XX:C0:7D called by pid: 1386 tid: 1386
05-29 18:29:57.432 I/bt_btif_dm( 1027): packages/modules/Bluetooth/system/btif/src/btif_dm.cc:695 btif_update_remote_properties: class of device (cod) is 0x00050c
05-29 18:29:57.435 E/dangbei111( 1386): cccccc 搜索到bond 什么都不处理 Dangbei E4:BB:D3:57:C0:7D
05-29 18:29:57.441 E/dangbei111( 1386): cccccc 检查遥控器是否连接: Dangbei E4:BB:D3:57:C0:7D
05-29 18:29:57.444 E/dangbei111( 1386): cccccc 检查遥控器是否连接: 蓝牙的结果 Dangbei E4:BB:D3:57:C0:7D false
05-29 18:29:57.444 E/dangbei111( 1386): cccccc input中没有遥控器 存在 先什么都不操作 返回false
05-29 18:29:57.447 E/dangbei111( 1386): cccccc 开始扫描
05-29 18:29:57.447 D/BluetoothAdapter( 1386): isLeEnabled(): ON
05-29 18:29:57.449 E/dangbei111( 1386): cccccc scan 得到的设备和状态 Dangbei E4:BB:D3:57:C0:7D 12
05-29 18:29:57.453 E/dangbei111( 1386): cccccc 取消pair Dangbei E4:BB:D3:57:C0:7D 12
05-29 18:29:57.453 I/BluetoothDevice( 1386): removeBond() for device XX:XX:XX:XX:C0:7D called by pid: 1386 tid: 1386
05-29 18:29:57.457 E/dangbei111( 1386): cccccc 搜索到bond 什么都不处理 Dangbei E4:BB:D3:57:C0:7D
05-29 18:29:57.459 I/bt_btif_dm( 1027): packages/modules/Bluetooth/system/btif/src/btif_dm.cc:695 btif_update_remote_properties: class of device (cod) is 0x00050c
05-29 18:29:57.465 E/dangbei111( 1386): cccccc 检查遥控器是否连接: Dangbei E4:BB:D3:57:C0:7D
05-29 18:29:57.468 E/dangbei111( 1386): cccccc 检查遥控器是否连接: 蓝牙的结果 Dangbei E4:BB:D3:57:C0:7D false
05-29 18:29:57.468 E/dangbei111( 1386): cccccc input中没有遥控器 存在 先什么都不操作 返回false
05-29 18:29:57.472 E/dangbei111( 1386): cccccc 开始扫描
05-29 18:29:57.472 D/BluetoothAdapter( 1386): isLeEnabled(): ON
05-29 18:29:57.474 E/dangbei111( 1386): cccccc scan 得到的设备和状态 Dangbei E4:BB:D3:57:C0:7D 12
05-29 18:29:57.479 E/dangbei111( 1386): cccccc 取消pair Dangbei E4:BB:D3:57:C0:7D 12
05-29 18:29:57.479 I/BluetoothDevice( 1386): removeBond() for device XX:XX:XX:XX:C0:7D called by pid: 1386 tid: 1386
05-29 18:29:57.484 E/dangbei111( 1386): cccccc 搜索到bond 什么都不处理 Dangbei E4:BB:D3:57:C0:7D
05-29 18:29:57.507 I/bt_btif_dm( 1027): packages/modules/Bluetooth/system/btif/src/btif_dm.cc:695 btif_update_remote_properties: class of device (cod) is 0x00050c
05-29 18:29:57.514 E/dangbei111( 1386): cccccc 检查遥控器是否连接: Dangbei E4:BB:D3:57:C0:7D
05-29 18:29:57.519 E/dangbei111( 1386): cccccc 检查遥控器是否连接: 蓝牙的结果 Dangbei E4:BB:D3:57:C0:7D false
05-29 18:29:57.519 E/dangbei111( 1386): cccccc input中没有遥控器 存在 先什么都不操作 返回false
05-29 18:29:57.522 E/dangbei111( 1386): cccccc 开始扫描
05-29 18:29:57.522 D/BluetoothAdapter( 1386): isLeEnabled(): ON
05-29 18:29:57.524 E/dangbei111( 1386): cccccc scan 得到的设备和状态 Dangbei E4:BB:D3:57:C0:7D 12
05-29 18:29:57.528 E/dangbei111( 1386): cccccc 取消pair Dangbei E4:BB:D3:57:C0:7D 12
05-29 18:29:57.528 I/BluetoothDevice( 1386): removeBond() for device XX:XX:XX:XX:C0:7D called by pid: 1386 tid: 1386
05-29 18:29:57.532 E/dangbei111( 1386): cccccc 搜索到bond 什么都不处理 Dangbei E4:BB:D3:57:C0:7D
05-29 18:29:57.534 I/bt_btif_dm( 1027): packages/modules/Bluetooth/system/btif/src/btif_dm.cc:695 btif_update_remote_properties: class of device (cod) is 0x00050c
05-29 18:29:57.541 E/dangbei111( 1386): cccccc 检查遥控器是否连接: Dangbei E4:BB:D3:57:C0:7D
05-29 18:29:57.546 E/dangbei111( 1386): cccccc 检查遥控器是否连接: 蓝牙的结果 Dangbei E4:BB:D3:57:C0:7D false
05-29 18:29:57.546 E/dangbei111( 1386): cccccc input中没有遥控器 存在 先什么都不操作 返回false
05-29 18:29:57.548 E/dangbei111( 1386): cccccc 开始扫描
05-29 18:29:57.548 D/BluetoothAdapter( 1386): isLeEnabled(): ON
05-29 18:29:57.550 E/dangbei111( 1386): cccccc scan 得到的设备和状态 Dangbei E4:BB:D3:57:C0:7D 12
05-29 18:29:57.555 E/dangbei111( 1386): cccccc 取消pair Dangbei E4:BB:D3:57:C0:7D 12
05-29 18:29:57.555 I/BluetoothDevice( 1386): removeBond() for device XX:XX:XX:XX:C0:7D called by pid: 1386 tid: 1386
05-29 18:29:57.556 I/bt_btif_dm( 1027): packages/modules/Bluetooth/system/btif/src/btif_dm.cc:695 btif_update_remote_properties: class of device (cod) is 0x00050c
05-29 18:29:57.560 E/dangbei111( 1386): cccccc 搜索到bond 什么都不处理 Dangbei E4:BB:D3:57:C0:7D
05-29 18:29:57.564 E/dangbei111( 1386): cccccc 检查遥控器是否连接: Dangbei E4:BB:D3:57:C0:7D
05-29 18:29:57.568 E/dangbei111( 1386): cccccc 检查遥控器是否连接: 蓝牙的结果 Dangbei E4:BB:D3:57:C0:7D false
05-29 18:29:57.568 E/dangbei111( 1386): cccccc input中没有遥控器 存在 先什么都不操作 返回false
05-29 18:29:57.570 E/dangbei111( 1386): cccccc 开始扫描
05-29 18:29:57.570 D/BluetoothAdapter( 1386): isLeEnabled(): ON
05-29 18:29:57.573 E/dangbei111( 1386): cccccc scan 得到的设备和状态 Dangbei E4:BB:D3:57:C0:7D 12
05-29 18:29:57.577 E/dangbei111( 1386): cccccc 取消pair Dangbei E4:BB:D3:57:C0:7D 12
05-29 18:29:57.577 I/BluetoothDevice( 1386): removeBond() for device XX:XX:XX:XX:C0:7D called by pid: 1386 tid: 1386
05-29 18:29:57.579 I/bt_btif_dm( 1027): packages/modules/Bluetooth/system/btif/src/btif_dm.cc:695 btif_update_remote_properties: class of device (cod) is 0x00050c
05-29 18:29:57.583 E/dangbei111( 1386): cccccc 搜索到bond 什么都不处理 Dangbei E4:BB:D3:57:C0:7D
05-29 18:29:57.588 E/dangbei111( 1386): cccccc 检查遥控器是否连接: Dangbei E4:BB:D3:57:C0:7D
05-29 18:29:57.591 E/dangbei111( 1386): cccccc 检查遥控器是否连接: 蓝牙的结果 Dangbei E4:BB:D3:57:C0:7D false
05-29 18:29:57.591 E/dangbei111( 1386): cccccc input中没有遥控器 存在 先什么都不操作 返回false
05-29 18:29:57.593 E/dangbei111( 1386): cccccc 开始扫描
05-29 18:29:57.593 D/BluetoothAdapter( 1386): isLeEnabled(): ON
05-29 18:29:57.596 E/dangbei111( 1386): cccccc scan 得到的设备和状态 Dangbei E4:BB:D3:57:C0:7D 12
05-29 18:29:57.600 E/dangbei111( 1386): cccccc 取消pair Dangbei E4:BB:D3:57:C0:7D 12
05-29 18:29:57.600 I/BluetoothDevice( 1386): removeBond() for device XX:XX:XX:XX:C0:7D called by pid: 1386 tid: 1386
05-29 18:29:57.605 E/dangbei111( 1386): cccccc 搜索到bond 什么都不处理 Dangbei E4:BB:D3:57:C0:7D
05-29 18:29:57.605 I/bt_btif_dm( 1027): packages/modules/Bluetooth/system/btif/src/btif_dm.cc:695 btif_update_remote_properties: class of device (cod) is 0x00050c
05-29 18:29:57.612 E/dangbei111( 1386): cccccc 检查遥控器是否连接: Dangbei E4:BB:D3:57:C0:7D
05-29 18:29:57.617 E/dangbei111( 1386): cccccc 检查遥控器是否连接: 蓝牙的结果 Dangbei E4:BB:D3:57:C0:7D false
05-29 18:29:57.618 E/dangbei111( 1386): cccccc input中没有遥控器 存在 先什么都不操作 返回false
05-29 18:29:57.620 E/dangbei111( 1386): cccccc 开始扫描
05-29 18:29:57.620 D/BluetoothAdapter( 1386): isLeEnabled(): ON
05-29 18:29:57.624 E/dangbei111( 1386): cccccc scan 得到的设备和状态 Dangbei E4:BB:D3:57:C0:7D 12
05-29 18:29:57.628 E/dangbei111( 1386): cccccc 取消pair Dangbei E4:BB:D3:57:C0:7D 12
05-29 18:29:57.628 I/BluetoothDevice( 1386): removeBond() for device XX:XX:XX:XX:C0:7D called by pid: 1386 tid: 1386
05-29 18:29:57.632 I/bt_btif_dm( 1027): packages/modules/Bluetooth/system/btif/src/btif_dm.cc:695 btif_update_remote_properties: class of device (cod) is 0x00050c
05-29 18:29:57.633 E/dangbei111( 1386): cccccc 搜索到bond 什么都不处理 Dangbei E4:BB:D3:57:C0:7D
05-29 18:29:57.640 E/dangbei111( 1386): cccccc 检查遥控器是否连接: Dangbei E4:BB:D3:57:C0:7D
05-29 18:29:57.643 E/dangbei111( 1386): cccccc 检查遥控器是否连接: 蓝牙的结果 Dangbei E4:BB:D3:57:C0:7D false
05-29 18:29:57.643 E/dangbei111( 1386): cccccc input中没有遥控器 存在 先什么都不操作 返回false
05-29 18:29:57.646 E/dangbei111( 1386): cccccc 开始扫描
05-29 18:29:57.647 D/BluetoothAdapter( 1386): isLeEnabled(): ON
05-29 18:29:57.649 E/dangbei111( 1386): cccccc scan 得到的设备和状态 Dangbei E4:BB:D3:57:C0:7D 12
05-29 18:29:57.652 E/dangbei111( 1386): cccccc 取消pair Dangbei E4:BB:D3:57:C0:7D 12
05-29 18:29:57.653 I/BluetoothDevice( 1386): removeBond() for device XX:XX:XX:XX:C0:7D called by pid: 1386 tid: 1386
05-29 18:29:57.656 E/dangbei111( 1386): cccccc 搜索到bond 什么都不处理 Dangbei E4:BB:D3:57:C0:7D
05-29 18:29:57.660 I/bt_btif_dm( 1027): packages/modules/Bluetooth/system/btif/src/btif_dm.cc:695 btif_update_remote_properties: class of device (cod) is 0x00050c
05-29 18:29:57.667 E/dangbei111( 1386): cccccc 检查遥控器是否连接: Dangbei E4:BB:D3:57:C0:7D
05-29 18:29:57.671 E/dangbei111( 1386): cccccc 检查遥控器是否连接: 蓝牙的结果 Dangbei E4:BB:D3:57:C0:7D false
05-29 18:29:57.671 E/dangbei111( 1386): cccccc input中没有遥控器 存在 先什么都不操作 返回false
05-29 18:29:57.673 E/dangbei111( 1386): cccccc 开始扫描
05-29 18:29:57.673 D/BluetoothAdapter( 1386): isLeEnabled(): ON
05-29 18:29:57.676 E/dangbei111( 1386): cccccc scan 得到的设备和状态 Dangbei E4:BB:D3:57:C0:7D 12
05-29 18:29:57.680 E/dangbei111( 1386): cccccc 取消pair Dangbei E4:BB:D3:57:C0:7D 12
05-29 18:29:57.680 I/BluetoothDevice( 1386): removeBond() for device XX:XX:XX:XX:C0:7D called by pid: 1386 tid: 1386
05-29 18:29:57.686 E/dangbei111( 1386): cccccc 搜索到bond 什么都不处理 Dangbei E4:BB:D3:57:C0:7D
05-29 18:29:57.708 I/bt_btif_dm( 1027): packages/modules/Bluetooth/system/btif/src/btif_dm.cc:695 btif_update_remote_properties: class of device (cod) is 0x00050c
05-29 18:29:57.715 E/dangbei111( 1386): cccccc 检查遥控器是否连接: Dangbei E4:BB:D3:57:C0:7D
05-29 18:29:57.718 E/dangbei111( 1386): cccccc 检查遥控器是否连接: 蓝牙的结果 Dangbei E4:BB:D3:57:C0:7D false
05-29 18:29:57.718 E/dangbei111( 1386): cccccc input中没有遥控器 存在 先什么都不操作 返回false
05-29 18:29:57.720 E/dangbei111( 1386): cccccc 开始扫描
05-29 18:29:57.720 D/BluetoothAdapter( 1386): isLeEnabled(): ON
05-29 18:29:57.722 E/dangbei111( 1386): cccccc scan 得到的设备和状态 Dangbei E4:BB:D3:57:C0:7D 12
05-29 18:29:57.726 E/dangbei111( 1386): cccccc 取消pair Dangbei E4:BB:D3:57:C0:7D 12
05-29 18:29:57.726 I/BluetoothDevice( 1386): removeBond() for device XX:XX:XX:XX:C0:7D called by pid: 1386 tid: 1386
05-29 18:29:57.730 E/dangbei111( 1386): cccccc 搜索到bond 什么都不处理 Dangbei E4:BB:D3:57:C0:7D
05-29 18:29:57.757 I/bt_btif_dm( 1027): packages/modules/Bluetooth/system/btif/src/btif_dm.cc:695 btif_update_remote_properties: class of device (cod) is 0x00050c
05-29 18:29:57.766 E/dangbei111( 1386): cccccc 检查遥控器是否连接: Dangbei E4:BB:D3:57:C0:7D
05-29 18:29:57.771 E/dangbei111( 1386): cccccc 检查遥控器是否连接: 蓝牙的结果 Dangbei E4:BB:D3:57:C0:7D false
05-29 18:29:57.771 E/dangbei111( 1386): cccccc input中没有遥控器 存在 先什么都不操作 返回false
05-29 18:29:57.774 E/dangbei111( 1386): cccccc 开始扫描
05-29 18:29:57.774 D/BluetoothAdapter( 1386): isLeEnabled(): ON
05-29 18:29:57.777 E/dangbei111( 1386): cccccc scan 得到的设备和状态 Dangbei E4:BB:D3:57:C0:7D 12
05-29 18:29:57.781 E/dangbei111( 1386): cccccc 取消pair Dangbei E4:BB:D3:57:C0:7D 12
05-29 18:29:57.781 I/BluetoothDevice( 1386): removeBond() for device XX:XX:XX:XX:C0:7D called by pid: 1386 tid: 1386
05-29 18:29:57.785 E/dangbei111( 1386): cccccc 搜索到bond 什么都不处理 Dangbei E4:BB:D3:57:C0:7D
05-29 18:29:57.786 I/bt_btif_dm( 1027): packages/modules/Bluetooth/system/btif/src/btif_dm.cc:695 btif_update_remote_properties: class of device (cod) is 0x00050c
05-29 18:29:57.794 E/dangbei111( 1386): cccccc 检查遥控器是否连接: Dangbei E4:BB:D3:57:C0:7D
05-29 18:29:57.799 E/dangbei111( 1386): cccccc 检查遥控器是否连接: 蓝牙的结果 Dangbei E4:BB:D3:57:C0:7D false
05-29 18:29:57.799 E/dangbei111( 1386): cccccc input中没有遥控器 存在 先什么都不操作 返回false
05-29 18:29:57.802 E/dangbei111( 1386): cccccc 开始扫描
05-29 18:29:57.802 D/BluetoothAdapter( 1386): isLeEnabled(): ON
05-29 18:29:57.804 E/dangbei111( 1386): cccccc scan 得到的设备和状态 Dangbei E4:BB:D3:57:C0:7D 12
05-29 18:29:57.807 E/dangbei111( 1386): cccccc 取消pair Dangbei E4:BB:D3:57:C0:7D 12
05-29 18:29:57.808 I/BluetoothDevice( 1386): removeBond() for device XX:XX:XX:XX:C0:7D called by pid: 1386 tid: 1386
05-29 18:29:57.813 E/dangbei111( 1386): cccccc 搜索到bond 什么都不处理 Dangbei E4:BB:D3:57:C0:7D
05-29 18:29:57.816 I/bt_btif_dm( 1027): packages/modules/Bluetooth/system/btif/src/btif_dm.cc:695 btif_update_remote_properties: class of device (cod) is 0x00050c
05-29 18:29:57.822 E/dangbei111( 1386): cccccc 检查遥控器是否连接: Dangbei E4:BB:D3:57:C0:7D
05-29 18:29:57.825 E/dangbei111( 1386): cccccc 检查遥控器是否连接: 蓝牙的结果 Dangbei E4:BB:D3:57:C0:7D false
05-29 18:29:57.825 E/dangbei111( 1386): cccccc input中没有遥控器 存在 先什么都不操作 返回false
05-29 18:29:57.826 E/dangbei111( 1386): cccccc 开始扫描
05-29 18:29:57.826 D/BluetoothAdapter( 1386): isLeEnabled(): ON
05-29 18:29:57.828 E/dangbei111( 1386): cccccc scan 得到的设备和状态 Dangbei E4:BB:D3:57:C0:7D 12
05-29 18:29:57.832 E/dangbei111( 1386): cccccc 取消pair Dangbei E4:BB:D3:57:C0:7D 12
05-29 18:29:57.832 I/BluetoothDevice( 1386): removeBond() for device XX:XX:XX:XX:C0:7D called by pid: 1386 tid: 1386
05-29 18:29:57.838 E/dangbei111( 1386): cccccc 搜索到bond 什么都不处理 Dangbei E4:BB:D3:57:C0:7D
05-29 18:29:57.865 I/bt_btif_dm( 1027): packages/modules/Bluetooth/system/btif/src/btif_dm.cc:695 btif_update_remote_properties: class of device (cod) is 0x00050c
05-29 18:29:57.871 E/dangbei111( 1386): cccccc 检查遥控器是否连接: Dangbei E4:BB:D3:57:C0:7D
05-29 18:29:57.877 E/dangbei111( 1386): cccccc 检查遥控器是否连接: 蓝牙的结果 Dangbei E4:BB:D3:57:C0:7D false
05-29 18:29:57.877 E/dangbei111( 1386): cccccc input中没有遥控器 存在 先什么都不操作 返回false
05-29 18:29:57.879 E/dangbei111( 1386): cccccc 开始扫描
05-29 18:29:57.880 D/BluetoothAdapter( 1386): isLeEnabled(): ON
05-29 18:29:57.882 E/dangbei111( 1386): cccccc scan 得到的设备和状态 Dangbei E4:BB:D3:57:C0:7D 12
05-29 18:29:57.886 E/dangbei111( 1386): cccccc 取消pair Dangbei E4:BB:D3:57:C0:7D 12
05-29 18:29:57.886 I/BluetoothDevice( 1386): removeBond() for device XX:XX:XX:XX:C0:7D called by pid: 1386 tid: 1386
05-29 18:29:57.890 E/dangbei111( 1386): cccccc 搜索到bond 什么都不处理 Dangbei E4:BB:D3:57:C0:7D
05-29 18:29:57.929 I/bt_btif_dm( 1027): packages/modules/Bluetooth/system/btif/src/btif_dm.cc:695 btif_update_remote_properties: class of device (cod) is 0x00050c
05-29 18:29:57.936 E/dangbei111( 1386): cccccc 检查遥控器是否连接: Dangbei E4:BB:D3:57:C0:7D
05-29 18:29:57.939 E/dangbei111( 1386): cccccc 检查遥控器是否连接: 蓝牙的结果 Dangbei E4:BB:D3:57:C0:7D false
05-29 18:29:57.939 E/dangbei111( 1386): cccccc input中没有遥控器 存在 先什么都不操作 返回false
05-29 18:29:57.942 E/dangbei111( 1386): cccccc 开始扫描
05-29 18:29:57.942 D/BluetoothAdapter( 1386): isLeEnabled(): ON
05-29 18:29:57.944 E/dangbei111( 1386): cccccc scan 得到的设备和状态 Dangbei E4:BB:D3:57:C0:7D 12
05-29 18:29:57.948 E/dangbei111( 1386): cccccc 取消pair Dangbei E4:BB:D3:57:C0:7D 12
05-29 18:29:57.949 I/BluetoothDevice( 1386): removeBond() for device XX:XX:XX:XX:C0:7D called by pid: 1386 tid: 1386
05-29 18:29:57.953 E/dangbei111( 1386): cccccc 搜索到bond 什么都不处理 Dangbei E4:BB:D3:57:C0:7D
05-29 18:29:57.965 I/bluetooth( 1027): packages/modules/Bluetooth/system/gd/hci/le_scanning_reassembler.cc:56 ProcessAdvertisingReport: Ignoring scan response received without advertising event
05-29 18:29:58.047 D/bbb ( 1534): onStartCommand begin !!!!!!! data分区剩余 54460MB
05-29 18:29:58.063 I/bt_btif_dm( 1027): packages/modules/Bluetooth/system/btif/src/btif_dm.cc:695 btif_update_remote_properties: class of device (cod) is 0x00050c
05-29 18:29:58.069 E/dangbei111( 1386): cccccc 检查遥控器是否连接: Dangbei E4:BB:D3:57:C0:7D
05-29 18:29:58.073 E/dangbei111( 1386): cccccc 检查遥控器是否连接: 蓝牙的结果 Dangbei E4:BB:D3:57:C0:7D false
05-29 18:29:58.073 E/dangbei111( 1386): cccccc input中没有遥控器 存在 先什么都不操作 返回false
05-29 18:29:58.077 E/dangbei111( 1386): cccccc 开始扫描
05-29 18:29:58.077 D/BluetoothAdapter( 1386): isLeEnabled(): ON
05-29 18:29:58.079 E/dangbei111( 1386): cccccc scan 得到的设备和状态 Dangbei E4:BB:D3:57:C0:7D 12
05-29 18:29:58.083 E/dangbei111( 1386): cccccc 取消pair Dangbei E4:BB:D3:57:C0:7D 12
05-29 18:29:58.083 I/BluetoothDevice( 1386): removeBond() for device XX:XX:XX:XX:C0:7D called by pid: 1386 tid: 1386
05-29 18:29:58.086 E/dangbei111( 1386): cccccc 搜索到bond 什么都不处理 Dangbei E4:BB:D3:57:C0:7D
05-29 18:29:58.105 I/bt_btif_dm( 1027): packages/modules/Bluetooth/system/btif/src/btif_dm.cc:695 btif_update_remote_properties: class of device (cod) is 0x00050c
05-29 18:29:58.107 I/bluetooth( 1027): packages/modules/Bluetooth/system/gd/hci/le_scanning_reassembler.cc:56 ProcessAdvertisingReport: Ignoring scan response received without advertising event
05-29 18:29:58.112 E/dangbei111( 1386): cccccc 检查遥控器是否连接: Dangbei E4:BB:D3:57:C0:7D
05-29 18:29:58.116 E/dangbei111( 1386): cccccc 检查遥控器是否连接: 蓝牙的结果 Dangbei E4:BB:D3:57:C0:7D false
05-29 18:29:58.116 E/dangbei111( 1386): cccccc input中没有遥控器 存在 先什么都不操作 返回false
05-29 18:29:58.118 E/dangbei111( 1386): cccccc 开始扫描
05-29 18:29:58.118 D/BluetoothAdapter( 1386): isLeEnabled(): ON
05-29 18:29:58.121 E/dangbei111( 1386): cccccc scan 得到的设备和状态 Dangbei E4:BB:D3:57:C0:7D 12
05-29 18:29:58.125 E/dangbei111( 1386): cccccc 取消pair Dangbei E4:BB:D3:57:C0:7D 12
05-29 18:29:58.125 I/BluetoothDevice( 1386): removeBond() for device XX:XX:XX:XX:C0:7D called by pid: 1386 tid: 1386
05-29 18:29:58.128 E/dangbei111( 1386): cccccc 搜索到bond 什么都不处理 Dangbei E4:BB:D3:57:C0:7D
05-29 18:29:58.182 I/bt_btif_dm( 1027): packages/modules/Bluetooth/system/btif/src/btif_dm.cc:695 btif_update_remote_properties: class of device (cod) is 0x00050c
05-29 18:29:58.189 E/dangbei111( 1386): cccccc 检查遥控器是否连接: Dangbei E4:BB:D3:57:C0:7D
05-29 18:29:58.192 E/dangbei111( 1386): cccccc 检查遥控器是否连接: 蓝牙的结果 Dangbei E4:BB:D3:57:C0:7D false
05-29 18:29:58.192 E/dangbei111( 1386): cccccc input中没有遥控器 存在 先什么都不操作 返回false
05-29 18:29:58.194 E/dangbei111( 1386): cccccc 开始扫描
05-29 18:29:58.194 D/BluetoothAdapter( 1386): isLeEnabled(): ON
05-29 18:29:58.197 E/dangbei111( 1386): cccccc scan 得到的设备和状态 Dangbei E4:BB:D3:57:C0:7D 12
05-29 18:29:58.202 E/dangbei111( 1386): cccccc 取消pair Dangbei E4:BB:D3:57:C0:7D 12
05-29 18:29:58.203 I/BluetoothDevice( 1386): removeBond() for device XX:XX:XX:XX:C0:7D called by pid: 1386 tid: 1386
05-29 18:29:58.203 I/bt_btif_dm( 1027): packages/modules/Bluetooth/system/btif/src/btif_dm.cc:695 btif_update_remote_properties: class of device (cod) is 0x00050c
05-29 18:29:58.208 E/dangbei111( 1386): cccccc 搜索到bond 什么都不处理 Dangbei E4:BB:D3:57:C0:7D
05-29 18:29:58.214 E/dangbei111( 1386): cccccc 检查遥控器是否连接: Dangbei E4:BB:D3:57:C0:7D
05-29 18:29:58.216 E/dangbei111( 1386): cccccc 检查遥控器是否连接: 蓝牙的结果 Dangbei E4:BB:D3:57:C0:7D false
05-29 18:29:58.217 E/dangbei111( 1386): cccccc input中没有遥控器 存在 先什么都不操作 返回false
05-29 18:29:58.220 E/dangbei111( 1386): cccccc 开始扫描
05-29 18:29:58.221 D/BluetoothAdapter( 1386): isLeEnabled(): ON
05-29 18:29:58.223 E/dangbei111( 1386): cccccc scan 得到的设备和状态 Dangbei E4:BB:D3:57:C0:7D 12
05-29 18:29:58.227 E/dangbei111( 1386): cccccc 取消pair Dangbei E4:BB:D3:57:C0:7D 12
05-29 18:29:58.228 I/BluetoothDevice( 1386): removeBond() for device XX:XX:XX:XX:C0:7D called by pid: 1386 tid: 1386
05-29 18:29:58.230 I/bt_btif_dm( 1027): packages/modules/Bluetooth/system/btif/src/btif_dm.cc:695 btif_update_remote_properties: class of device (cod) is 0x00050c
05-29 18:29:58.233 E/dangbei111( 1386): cccccc 搜索到bond 什么都不处理 Dangbei E4:BB:D3:57:C0:7D
05-29 18:29:58.238 E/dangbei111( 1386): cccccc 检查遥控器是否连接: Dangbei E4:BB:D3:57:C0:7D
05-29 18:29:58.242 E/dangbei111( 1386): cccccc 检查遥控器是否连接: 蓝牙的结果 Dangbei E4:BB:D3:57:C0:7D false
05-29 18:29:58.243 E/dangbei111( 1386): cccccc input中没有遥控器 存在 先什么都不操作 返回false
05-29 18:29:58.245 E/dangbei111( 1386): cccccc 开始扫描
05-29 18:29:58.245 D/BluetoothAdapter( 1386): isLeEnabled(): ON
05-29 18:29:58.249 E/dangbei111( 1386): cccccc scan 得到的设备和状态 Dangbei E4:BB:D3:57:C0:7D 12
05-29 18:29:58.253 I/bt_btif_dm( 1027): packages/modules/Bluetooth/system/btif/src/btif_dm.cc:695 btif_update_remote_properties: class of device (cod) is 0x00050c
05-29 18:29:58.253 E/dangbei111( 1386): cccccc 取消pair Dangbei E4:BB:D3:57:C0:7D 12
05-29 18:29:58.253 I/BluetoothDevice( 1386): removeBond() for device XX:XX:XX:XX:C0:7D called by pid: 1386 tid: 1386
05-29 18:29:58.257 E/dangbei111( 1386): cccccc 搜索到bond 什么都不处理 Dangbei E4:BB:D3:57:C0:7D
05-29 18:29:58.264 E/dangbei111( 1386): cccccc 检查遥控器是否连接: Dangbei E4:BB:D3:57:C0:7D
05-29 18:29:58.268 E/dangbei111( 1386): cccccc 检查遥控器是否连接: 蓝牙的结果 Dangbei E4:BB:D3:57:C0:7D false
05-29 18:29:58.268 E/dangbei111( 1386): cccccc input中没有遥控器 存在 先什么都不操作 返回false
05-29 18:29:58.270 E/dangbei111( 1386): cccccc 开始扫描
05-29 18:29:58.270 D/BluetoothAdapter( 1386): isLeEnabled(): ON
05-29 18:29:58.273 I/bt_btif_dm( 1027): packages/modules/Bluetooth/system/btif/src/btif_dm.cc:695 btif_update_remote_properties: class of device (cod) is 0x00050c
05-29 18:29:58.274 E/dangbei111( 1386): cccccc scan 得到的设备和状态 Dangbei E4:BB:D3:57:C0:7D 12
05-29 18:29:58.278 E/dangbei111( 1386): cccccc 取消pair Dangbei E4:BB:D3:57:C0:7D 12
05-29 18:29:58.278 I/BluetoothDevice( 1386): removeBond() for device XX:XX:XX:XX:C0:7D called by pid: 1386 tid: 1386
05-29 18:29:58.282 E/dangbei111( 1386): cccccc 搜索到bond 什么都不处理 Dangbei E4:BB:D3:57:C0:7D
05-29 18:29:58.287 E/dangbei111( 1386): cccccc 检查遥控器是否连接: Dangbei E4:BB:D3:57:C0:7D
05-29 18:29:58.290 E/dangbei111( 1386): cccccc 检查遥控器是否连接: 蓝牙的结果 Dangbei E4:BB:D3:57:C0:7D false
05-29 18:29:58.290 E/dangbei111( 1386): cccccc input中没有遥控器 存在 先什么都不操作 返回false
05-29 18:29:58.293 E/dangbei111( 1386): cccccc 开始扫描
05-29 18:29:58.293 D/BluetoothAdapter( 1386): isLeEnabled(): ON
05-29 18:29:58.295 E/dangbei111( 1386): cccccc scan 得到的设备和状态 Dangbei E4:BB:D3:57:C0:7D 12
05-29 18:29:58.296 I/bt_btif_dm( 1027): packages/modules/Bluetooth/system/btif/src/btif_dm.cc:695 btif_update_remote_properties: class of device (cod) is 0x00050c
05-29 18:29:58.300 D/WifiNl80211Manager( 700): Scan result ready event
05-29 18:29:58.300 D/WifiNative( 700): Scan result ready event
05-29 18:29:58.301 E/dangbei111( 1386): cccccc 取消pair Dangbei E4:BB:D3:57:C0:7D 12
05-29 18:29:58.301 I/BluetoothDevice( 1386): removeBond() for device XX:XX:XX:XX:C0:7D called by pid: 1386 tid: 1386
05-29 18:29:58.305 E/dangbei111( 1386): cccccc 搜索到bond 什么都不处理 Dangbei E4:BB:D3:57:C0:7D
05-29 18:29:58.311 E/dangbei111( 1386): cccccc 检查遥控器是否连接: Dangbei E4:BB:D3:57:C0:7D
05-29 18:29:58.314 E/dangbei111( 1386): cccccc 检查遥控器是否连接: 蓝牙的结果 Dangbei E4:BB:D3:57:C0:7D false
05-29 18:29:58.314 E/dangbei111( 1386): cccccc input中没有遥控器 存在 先什么都不操作 返回false
05-29 18:29:58.316 E/dangbei111( 1386): cccccc 开始扫描
05-29 18:29:58.316 D/BluetoothAdapter( 1386): isLeEnabled(): ON
05-29 18:29:58.319 E/dangbei111( 1386): cccccc scan 得到的设备和状态 Dangbei E4:BB:D3:57:C0:7D 12
05-29 18:29:58.323 E/dangbei111( 1386): cccccc 取消pair Dangbei E4:BB:D3:57:C0:7D 12
05-29 18:29:58.323 I/BluetoothDevice( 1386): removeBond() for device XX:XX:XX:XX:C0:7D called by pid: 1386 tid: 1386
05-29 18:29:58.327 E/dangbei111( 1386): cccccc 搜索到bond 什么都不处理 Dangbei E4:BB:D3:57:C0:7D
05-29 18:29:58.346 I/bt_btif_dm( 1027): packages/modules/Bluetooth/system/btif/src/btif_dm.cc:695 btif_update_remote_properties: class of device (cod) is 0x00050c
05-29 18:29:58.353 E/dangbei111( 1386): cccccc 检查遥控器是否连接: Dangbei E4:BB:D3:57:C0:7D
05-29 18:29:58.356 E/hq ( 1431): NetWorkStateReceiver:::NetWorkStateReceiver onReceive: 网络变化广播 >>>> intent.action=android.net.wifi.SCAN_RESULTS
05-29 18:29:58.356 E/ccc ( 2814): cccccc SCAN_RESULTS_AVAILABLE_ACTION hhhh
05-29 18:29:58.357 E/dangbei111( 1386): cccccc 检查遥控器是否连接: 蓝牙的结果 Dangbei E4:BB:D3:57:C0:7D false
05-29 18:29:58.357 E/dangbei111( 1386): cccccc input中没有遥控器 存在 先什么都不操作 返回false
05-29 18:29:58.359 E/dangbei111( 1386): cccccc 开始扫描
05-29 18:29:58.360 D/BluetoothAdapter( 1386): isLeEnabled(): ON
05-29 18:29:58.362 I/WifiHAL ( 501): call wifi_get_link_stats handler
05-29 18:29:58.362 I/WifiHAL ( 501): Creating message to get link statistics; iface = 16
05-29 18:29:58.362 D/WifiHAL ( 501): error code -95 mapped to -3
05-29 18:29:58.362 E/WifiStaIfaceAidlImpl( 700): getLinkLayerStats failed with service-specific exception: android.os.ServiceSpecificException: (code 4)
05-29 18:29:58.362 E/dangbei111( 1386): cccccc scan 得到的设备和状态 Dangbei E4:BB:D3:57:C0:7D 12
05-29 18:29:58.367 E/dangbei111( 1386): cccccc 取消pair Dangbei E4:BB:D3:57:C0:7D 12
05-29 18:29:58.367 I/BluetoothDevice( 1386): removeBond() for device XX:XX:XX:XX:C0:7D called by pid: 1386 tid: 1386
05-29 18:29:58.370 E/dangbei111( 1386): cccccc 搜索到bond 什么都不处理 Dangbei E4:BB:D3:57:C0:7D
05-29 18:29:58.373 W/eventbuscore( 1431): post Event:com.dangbei.leard.base.entity.event.NetWifiRssiEvent
05-29 18:29:58.381 E/ccc ( 2814): cccccc result is not empty call back
05-29 18:29:58.381 E/ccc ( 2814): cccccc 666666666666666
05-29 18:29:58.382 I/bt_btif_dm( 1027): packages/modules/Bluetooth/system/btif/src/btif_dm.cc:695 btif_update_remote_properties: class of device (cod) is 0x00050c
05-29 18:29:58.390 E/dangbei111( 1386): cccccc 检查遥控器是否连接: Dangbei E4:BB:D3:57:C0:7D
05-29 18:29:58.391 E/ccc ( 2814): cccccc sort 2 57
05-29 18:29:58.394 E/dangbei111( 1386): cccccc 检查遥控器是否连接: 蓝牙的结果 Dangbei E4:BB:D3:57:C0:7D false
05-29 18:29:58.394 E/dangbei111( 1386): cccccc input中没有遥控器 存在 先什么都不操作 返回false
05-29 18:29:58.396 E/dangbei111( 1386): cccccc 开始扫描
05-29 18:29:58.397 D/BluetoothAdapter( 1386): isLeEnabled(): ON
05-29 18:29:58.399 E/dangbei111( 1386): cccccc scan 得到的设备和状态 Dangbei E4:BB:D3:57:C0:7D 12
05-29 18:29:58.403 E/dangbei111( 1386): cccccc 取消pair Dangbei E4:BB:D3:57:C0:7D 12
05-29 18:29:58.404 I/bt_btif_dm( 1027): packages/modules/Bluetooth/system/btif/src/btif_dm.cc:695 btif_update_remote_properties: class of device (cod) is 0x00050c
05-29 18:29:58.405 I/BluetoothDevice( 1386): removeBond() for device XX:XX:XX:XX:C0:7D called by pid: 1386 tid: 1386
05-29 18:29:58.410 E/dangbei111( 1386): cccccc 搜索到bond 什么都不处理 Dangbei E4:BB:D3:57:C0:7D
05-29 18:29:58.413 E/dangbei111( 1386): cccccc 检查遥控器是否连接: Dangbei E4:BB:D3:57:C0:7D
05-29 18:29:58.416 E/dangbei111( 1386): cccccc 检查遥控器是否连接: 蓝牙的结果 Dangbei E4:BB:D3:57:C0:7D false
05-29 18:29:58.416 E/dangbei111( 1386): cccccc input中没有遥控器 存在 先什么都不操作 返回false
05-29 18:29:58.418 E/dangbei111( 1386): cccccc 开始扫描
05-29 18:29:58.418 D/BluetoothAdapter( 1386): isLeEnabled(): ON
05-29 18:29:58.419 E/dangbei111( 1386): cccccc scan 得到的设备和状态 Dangbei E4:BB:D3:57:C0:7D 12
05-29 18:29:58.423 E/dangbei111( 1386): cccccc 取消pair Dangbei E4:BB:D3:57:C0:7D 12
05-29 18:29:58.423 I/BluetoothDevice( 1386): removeBond() for device XX:XX:XX:XX:C0:7D called by pid: 1386 tid: 1386
05-29 18:29:58.426 I/bt_btif_dm( 1027): packages/modules/Bluetooth/system/btif/src/btif_dm.cc:695 btif_update_remote_properties: class of device (cod) is 0x00050c
05-29 18:29:58.428 E/dangbei111( 1386): cccccc 搜索到bond 什么都不处理 Dangbei E4:BB:D3:57:C0:7D
05-29 18:29:58.433 E/dangbei111( 1386): cccccc 检查遥控器是否连接: Dangbei E4:BB:D3:57:C0:7D
05-29 18:29:58.435 E/dangbei111( 1386): cccccc 检查遥控器是否连接: 蓝牙的结果 Dangbei E4:BB:D3:57:C0:7D false
05-29 18:29:58.435 E/dangbei111( 1386): cccccc input中没有遥控器 存在 先什么都不操作 返回false
05-29 18:29:58.437 E/dangbei111( 1386): cccccc 开始扫描
05-29 18:29:58.437 D/BluetoothAdapter( 1386): isLeEnabled(): ON
05-29 18:29:58.439 E/dangbei111( 1386): cccccc scan 得到的设备和状态 Dangbei E4:BB:D3:57:C0:7D 12
05-29 18:29:58.442 E/dangbei111( 1386): cccccc 取消pair Dangbei E4:BB:D3:57:C0:7D 12
05-29 18:29:58.443 I/BluetoothDevice( 1386): removeBond() for device XX:XX:XX:XX:C0:7D called by pid: 1386 tid: 1386
05-29 18:29:58.446 E/dangbei111( 1386): cccccc 搜索到bond 什么都不处理 Dangbei E4:BB:D3:57:C0:7D
05-29 18:29:58.452 I/bt_btif_dm( 1027): packages/modules/Bluetooth/system/btif/src/btif_dm.cc:695 btif_update_remote_properties: class of device (cod) is 0x00050c
05-29 18:29:58.457 E/dangbei111( 1386): cccccc 检查遥控器是否连接: Dangbei E4:BB:D3:57:C0:7D
05-29 18:29:58.461 E/dangbei111( 1386): cccccc 检查遥控器是否连接: 蓝牙的结果 Dangbei E4:BB:D3:57:C0:7D false
05-29 18:29:58.461 E/dangbei111( 1386): cccccc input中没有遥控器 存在 先什么都不操作 返回false
05-29 18:29:58.464 E/dangbei111( 1386): cccccc 开始扫描
05-29 18:29:58.464 D/BluetoothAdapter( 1386): isLeEnabled(): ON
05-29 18:29:58.466 E/dangbei111( 1386): cccccc scan 得到的设备和状态 Dangbei E4:BB:D3:57:C0:7D 12
05-29 18:29:58.469 E/dangbei111( 1386): cccccc 取消pair Dangbei E4:BB:D3:57:C0:7D 12
05-29 18:29:58.469 I/BluetoothDevice( 1386): removeBond() for device XX:XX:XX:XX:C0:7D called by pid: 1386 tid: 1386
05-29 18:29:58.472 E/dangbei111( 1386): cccccc 搜索到bond 什么都不处理 Dangbei E4:BB:D3:57:C0:7D
05-29 18:29:59.785 D/nStackXCoAP( 2739): IsInSameNetwork:[276] :IsInSameNetwork exec
05-29 18:29:59.785 I/nStackXDFinder( 2739): GetLocalInterfaceDetail:[461] :GetLocalInterfaceDetail in
05-29 18:29:59.785 E/nStackXCoAP( 2739): IsInSameNetwork:[281] :IsInSameNetwork: not priority process
05-29 18:29:59.785 D/nStackXCoAP( 2739): ParseServiceDiscover:[330] :new device join
05-29 18:29:59.785 I/nStackXDFinder( 2739): NotifyDeviceListChanged:[540] :notify callback: device list changed callback is null
05-29 18:29:59.785 E/nStackXDFinder( 2739): GetLocalIp:[401] :GetLocalIp exec
05-29 18:29:59.818 D/nStackXCoAP( 2739): CoapMessageHandler:[133] :2.01
05-29 18:29:59.888 D/nStackXCoAP( 2739): IsInSameNetwork:[276] :IsInSameNetwork exec
05-29 18:29:59.888 I/nStackXDFinder( 2739): GetLocalInterfaceDetail:[461] :GetLocalInterfaceDetail in
05-29 18:29:59.888 E/nStackXCoAP( 2739): IsInSameNetwork:[281] :IsInSameNetwork: not priority process
05-29 18:29:59.888 D/nStackXCoAP( 2739): ParseServiceDiscover:[330] :new device join
05-29 18:29:59.888 E/nStackXDFinder( 2739): GetLocalIp:[401] :GetLocalIp exec
05-29 18:29:59.899 D/nStackXCoAP( 2739): CoapMessageHandler:[133] :2.01
05-29 18:30:00.095 D/nStackXCoAP( 2739): IsInSameNetwork:[276] :IsInSameNetwork exec
05-29 18:30:00.095 I/nStackXDFinder( 2739): GetLocalInterfaceDetail:[461] :GetLocalInterfaceDetail in
05-29 18:30:00.095 E/nStackXCoAP( 2739): IsInSameNetwork:[281] :IsInSameNetwork: not priority process
05-29 18:30:00.095 D/nStackXCoAP( 2739): ParseServiceDiscover:[330] :new device join
05-29 18:30:00.095 E/nStackXDFinder( 2739): GetLocalIp:[401] :GetLocalIp exec
05-29 18:30:00.106 D/nStackXCoAP( 2739): CoapMessageHandler:[133] :2.01
05-29 18:30:00.299 D/nStackXCoAP( 2739): IsInSameNetwork:[276] :IsInSameNetwork exec
05-29 18:30:00.299 I/nStackXDFinder( 2739): GetLocalInterfaceDetail:[461] :GetLocalInterfaceDetail in
05-29 18:30:00.299 E/nStackXCoAP( 2739): IsInSameNetwork:[281] :IsInSameNetwork: not priority process
05-29 18:30:00.299 D/nStackXCoAP( 2739): ParseServiceDiscover:[330] :new device join
05-29 18:30:00.299 E/nStackXDFinder( 2739): GetLocalIp:[401] :GetLocalIp exec
05-29 18:30:00.329 I/bluetooth( 1027): packages/modules/Bluetooth/system/gd/hci/le_scanning_reassembler.cc:56 ProcessAdvertisingReport: Ignoring scan response received without advertising event
05-29 18:30:00.408 I/WifiHAL ( 501): call wifi_get_link_stats handler
05-29 18:30:00.408 I/WifiHAL ( 501): Creating message to get link statistics; iface = 16
05-29 18:30:00.408 D/WifiHAL ( 501): error code -95 mapped to -3
05-29 18:30:00.409 E/WifiStaIfaceAidlImpl( 700): getLinkLayerStats failed with service-specific exception: android.os.ServiceSpecificException: (code 4)
05-29 18:30:00.487 D/nStackXCoAP( 2739): CoapMessageHandler:[133] :2.01
05-29 18:30:00.525 I/bluetooth( 1027): packages/modules/Bluetooth/system/gd/hci/le_scanning_reassembler.cc:56 ProcessAdvertisingReport: Ignoring scan response received without advertising event
05-29 18:30:00.808 D/nStackXCoAP( 2739): IsInSameNetwork:[276] :IsInSameNetwork exec
05-29 18:30:00.808 I/nStackXDFinder( 2739): GetLocalInterfaceDetail:[461] :GetLocalInterfaceDetail in
05-29 18:30:00.809 E/nStackXCoAP( 2739): IsInSameNetwork:[281] :IsInSameNetwork: not priority process
05-29 18:30:00.809 D/nStackXCoAP( 2739): ParseServiceDiscover:[330] :new device join
05-29 18:30:00.809 E/nStackXDFinder( 2739): GetLocalIp:[401] :GetLocalIp exec
05-29 18:30:01.066 E/ccc ( 1386): cccccc sendCycleCheckBroadcast
05-29 18:30:01.066 W/ContextImpl( 1386): Calling a method in the system process without a qualified user: android.app.ContextImpl.sendBroadcast:1220 android.content.ContextWrapper.sendBroadcast:504 com.dangbei.etna.setting.core.SettingHelper.sendCycleToProjector:258 com.dangbei.etna.setting.core.SettingHelper.sendCycleCheckBroadcast:227 com.dangbei.etna.setting.core.SettingHelper.startLoop$lambda-0:186
05-29 18:30:01.068 W/ContextImpl( 1386): Calling a method in the system process without a qualified user: android.app.ContextImpl.sendBroadcast:1220 android.content.ContextWrapper.sendBroadcast:504 com.dangbei.etna.setting.core.SettingHelper.sendCycleToVoice:243 com.dangbei.etna.setting.core.SettingHelper.sendCycleCheckBroadcast:228 com.dangbei.etna.setting.core.SettingHelper.startLoop$lambda-0:186
05-29 18:30:01.069 D/OomAdjuster( 700): Not killing cached processes
05-29 18:30:01.072 D/RockyVoice( 1691): RestartReceiver onReceive
05-29 18:30:01.131 I/bt_btif_dm( 1027): packages/modules/Bluetooth/system/btif/src/btif_dm.cc:695 btif_update_remote_properties: class of device (cod) is 0x00050c
05-29 18:30:01.320 I/bt_btif_dm( 1027): packages/modules/Bluetooth/system/btif/src/btif_dm.cc:695 btif_update_remote_properties: class of device (cod) is 0x00050c
05-29 18:30:01.393 D/nStackXCoAP( 2739): CoapMessageHandler:[133] :2.01
05-29 18:30:01.435 D/nStackXCoAP( 2739): IsInSameNetwork:[276] :IsInSameNetwork exec
05-29 18:30:01.435 I/nStackXDFinder( 2739): GetLocalInterfaceDetail:[461] :GetLocalInterfaceDetail in
05-29 18:30:01.435 E/nStackXCoAP( 2739): IsInSameNetwork:[281] :IsInSameNetwork: not priority process
05-29 18:30:01.435 D/nStackXCoAP( 2739): ParseServiceDiscover:[330] :new device join
05-29 18:30:01.435 E/nStackXDFinder( 2739): GetLocalIp:[401] :GetLocalIp exec
05-29 18:30:01.857 D/nStackXCoAP( 2739): CoapMessageHandler:[133] :2.01
05-29 18:30:01.969 I/audio_hw_hal_primary( 475): [register_audio_patch:8215] Patch 3:id:3 mix(io:13)->dev_0[OUT_HDMI(id:22)] found, register the same patch, do nothing.
05-29 18:30:01.969 I/audio_hw_hal_primary( 475): [adev_create_audio_patch:8316] Patch 3: MIX->DEVICE, num_src:1 num_sink:1 patch_src:INVAL
05-29 18:30:01.969 I/audio_hw_hal_primary( 475): [adev_create_audio_patch:8320] sink[0]: OUT_HDMI(id:22)
05-29 18:30:01.969 I/audio_hw_hal_primary( 475): [adev_create_audio_patch:8377] Patch 3: mix(io:13) -> dev[OUT_HDMI(id:22)]
05-29 18:30:01.969 D/UEventObserver( 1049): change@/devices/platform/auge_sound/sound/card0/controlC0ACTION=changeDEVPATH=/devices/platform/auge_sound/sound/card0/controlC0SUBSYSTEM=soundAUDIO_FORMAT=0MAJOR=116MINOR=13DEVNAME=snd/controlC0SEQNUM=3555
05-29 18:30:01.969 I/audio_hw_hal_primary( 475): [adev_create_audio_patch:8445] dev=0xe69c14a0 cur_out_device=0x400
05-29 18:30:01.968 I/xm_hidread( 1904): type=1400 audit(0.0:946): avc: denied { read } for scontext=u:r:init:s0 tcontext=u:r:init:s0 tclass=netlink_kobject_uevent_socket permissive=1
05-29 18:30:01.979 D/audioserver( 535): logFgsApiBegin: FGS Logger Transaction failed, -129
05-29 18:30:01.980 I/audio_hw_hal_primary( 475): out_update_source_metadata_v7() line 2013 usage:1 content_type:2
05-29 18:30:01.981 D/audio_hw_hal_ms12v2( 475): set_dolby_ms12_continuous_state audio_continuous_standby_set status 0
05-29 18:30:01.981 D/audio_hw_hal_continuous_standby( 475): audio_continuous_standby_set, type 0, params 0
05-29 18:30:01.981 I/audio_hw_hal_ms12common( 475): aml_set_ms12_scheduler_state ms12_scheduler_state:0, sch_state:0 SCHEDULER_RUNNING is sent to ms12
05-29 18:30:01.981 I/audio_hw_hal_primary( 475): [mixer_aux_buffer_write:7017] io 13: out:0xe59c6be0 usecase:PCM_NORMAL standby to unstandby
05-29 18:30:01.981 E/audio_hw_hal_virtualbuf( 475): ms12 system input underrun happens read=108047894801 write=6442666566 diff=101605228235
05-29 18:30:01.982 I/SogouIME( 1417): onKeyDown: keyoCode=20
05-29 18:30:01.982 I/DefaultIMS( 1417): onKeyDown: keyoCode=20
