05-29 18:27:20.228 W/bei.lerad.rocky( 1691): ApkAssets: Deleting an ApkAssets object ' and /system/app/CertInstaller/CertInstaller.apk' with 1 weak references
05-29 18:27:20.228 W/bei.lerad.rocky( 1691): ApkAssets: Deleting an ApkAssets object ' and /system/framework/framework-res.apk' with 1 weak references
05-29 18:27:20.229 W/bei.lerad.rocky( 1691): ApkAssets: Deleting an ApkAssets object ' and /product/app/Camera2/Camera2.apk' with 1 weak references
05-29 18:27:20.230 W/bei.lerad.rocky( 1691): ApkAssets: Deleting an ApkAssets object ' and /system/priv-app/MtpService/MtpService.apk' with 1 weak references
05-29 18:27:20.230 W/bei.lerad.rocky( 1691): ApkAssets: Deleting an ApkAssets object ' and /system/priv-app/StatementService/StatementService.apk' with 1 weak references
05-29 18:27:20.230 W/bei.lerad.rocky( 1691): ApkAssets: Deleting an ApkAssets object ' and /system/app/dangbei-screencast/dangbei-screencast.apk' with 1 weak references
05-29 18:27:20.230 W/bei.lerad.rocky( 1691): ApkAssets: Deleting an ApkAssets object ' and /product/priv-app/SettingsIntelligence/SettingsIntelligence.apk' with 1 weak references
05-29 18:27:20.231 W/bei.lerad.rocky( 1691): ApkAssets: Deleting an ApkAssets object ' and /system/app/dangbei-launcher/dangbei-launcher.apk' with 1 weak references
05-29 18:27:20.231 W/bei.lerad.rocky( 1691): ApkAssets: Deleting an ApkAssets object ' and /system/app/PrintSpooler/PrintSpooler.apk' with 1 weak references
05-29 18:27:20.231 W/bei.lerad.rocky( 1691): ApkAssets: Deleting an ApkAssets object ' and /system/app/BasicDreams/BasicDreams.apk' with 1 weak references
05-29 18:27:20.231 W/bei.lerad.rocky( 1691): ApkAssets: Deleting an ApkAssets object ' and /system/priv-app/InputDevices/InputDevices.apk' with 1 weak references
05-29 18:27:20.231 W/bei.lerad.rocky( 1691): ApkAssets: Deleting an ApkAssets object ' and /apex/com.android.rkpd/priv-app/rkpdapp@UD2A.240505.001.W1/rkpdapp.apk' with 1 weak references
05-29 18:27:20.232 W/bei.lerad.rocky( 1691): ApkAssets: Deleting an ApkAssets object ' and /system/app/InputMacSn/InputMacSn.apk' with 1 weak references
05-29 18:27:20.232 W/bei.lerad.rocky( 1691): ApkAssets: Deleting an ApkAssets object ' and /system/priv-app/MusicFX/MusicFX.apk' with 1 weak references
05-29 18:27:20.232 W/bei.lerad.rocky( 1691): ApkAssets: Deleting an ApkAssets object ' and /data/app/~~3qkxAw9G4ihTfR_C5xHSmQ==/com.dangbei.hqmedia-EMezaM37uvzL1injKVm4yw==/base.apk' with 1 weak references
05-29 18:27:20.232 W/bei.lerad.rocky( 1691): ApkAssets: Deleting an ApkAssets object ' and /system/priv-app/dangbei-boot-guide/dangbei-boot-guide.apk' with 1 weak references
05-29 18:27:20.232 W/bei.lerad.rocky( 1691): ApkAssets: Deleting an ApkAssets object ' and /system/app/ExtShared/ExtShared.apk' with 1 weak references
05-29 18:27:20.233 W/bei.lerad.rocky( 1691): ApkAssets: Deleting an ApkAssets object ' and /system/app/KeyChain/KeyChain.apk' with 1 weak references
05-29 18:27:20.233 W/bei.lerad.rocky( 1691): ApkAssets: Deleting an ApkAssets object ' and /apex/com.android.extservices/priv-app/ExtServices@UD2A.240505.001.W1/ExtServices.apk' with 1 weak references
05-29 18:27:20.233 W/bei.lerad.rocky( 1691): ApkAssets: Deleting an ApkAssets object ' and /apex/com.android.wifi/priv-app/ServiceWifiResources@UD2A.240505.001.W1/ServiceWifiResources.apk' with 1 weak references
05-29 18:27:20.234 W/bei.lerad.rocky( 1691): ApkAssets: Deleting an ApkAssets object '/product/overlay/TvWifiOverlay.apk' with 1 weak references
05-29 18:27:20.234 W/bei.lerad.rocky( 1691): ApkAssets: Deleting an ApkAssets object '/product/overlay/WiFiTetheringOverlay.apk' with 1 weak references
05-29 18:27:20.234 W/bei.lerad.rocky( 1691): ApkAssets: Deleting an ApkAssets object ' and /system/app/CameraExtensionsProxy/CameraExtensionsProxy.apk' with 1 weak references
05-29 18:27:20.235 W/bei.lerad.rocky( 1691): ApkAssets: Deleting an ApkAssets object ' and /system_ext/priv-app/MicToggleProvider/MicToggleProvider.apk' with 1 weak references
05-29 18:27:20.235 W/bei.lerad.rocky( 1691): ApkAssets: Deleting an ApkAssets object ' and /system/priv-app/PackageInstaller_tv/PackageInstaller_tv.apk' with 1 weak references
05-29 18:27:20.235 W/bei.lerad.rocky( 1691): ApkAssets: Deleting an ApkAssets object ' and /system/app/FactoryTest_oranth/FactoryTest_oranth.apk' with 1 weak references
05-29 18:27:20.235 W/bei.lerad.rocky( 1691): ApkAssets: Deleting an ApkAssets object ' and /system/priv-app/ProxyHandler/ProxyHandler.apk' with 1 weak references
05-29 18:27:20.236 W/bei.lerad.rocky( 1691): ApkAssets: Deleting an ApkAssets object ' and /system/priv-app/IntentResolver/IntentResolver.apk' with 1 weak references
05-29 18:27:20.236 W/bei.lerad.rocky( 1691): ApkAssets: Deleting an ApkAssets object ' and /system/priv-app/ManagedProvisioning/ManagedProvisioning.apk' with 1 weak references
05-29 18:27:20.236 W/bei.lerad.rocky( 1691): ApkAssets: Deleting an ApkAssets object ' and /system/app/UsbOpenFT/UsbOpenFT.apk' with 1 weak references
05-29 18:27:20.236 W/bei.lerad.rocky( 1691): ApkAssets: Deleting an ApkAssets object ' and /system/priv-app/SoundPicker/SoundPicker.apk' with 1 weak references
05-29 18:27:20.237 W/bei.lerad.rocky( 1691): ApkAssets: Deleting an ApkAssets object ' and /system/app/dangbei-etna-service/dangbei-etna-service.apk' with 1 weak references
05-29 18:27:20.237 W/bei.lerad.rocky( 1691): ApkAssets: Deleting an ApkAssets object ' and /product/app/Miracast/Miracast.apk' with 1 weak references
05-29 18:27:20.237 W/bei.lerad.rocky( 1691): ApkAssets: Deleting an ApkAssets object ' and /system/app/dangbei-file-manager/dangbei-file-manager.apk' with 1 weak references
05-29 18:27:20.237 W/bei.lerad.rocky( 1691): ApkAssets: Deleting an ApkAssets object ' and /system/app/PowerUI/PowerUI.apk' with 1 weak references
05-29 18:27:20.238 W/bei.lerad.rocky( 1691): ApkAssets: Deleting an ApkAssets object ' and /system/app/dangbei-screensaver/dangbei-screensaver.apk' with 1 weak references
05-29 18:27:20.238 W/bei.lerad.rocky( 1691): ApkAssets: Deleting an ApkAssets object ' and /product/app/Music/Music.apk' with 1 weak references
05-29 18:27:20.238 W/bei.lerad.rocky( 1691): ApkAssets: Deleting an ApkAssets object ' and /system/priv-app/Shell/Shell.apk' with 1 weak references
05-29 18:27:20.238 W/bei.lerad.rocky( 1691): ApkAssets: Deleting an ApkAssets object ' and /system/priv-app/UserDictionaryProvider/UserDictionaryProvider.apk' with 1 weak references
05-29 18:27:20.238 W/bei.lerad.rocky( 1691): ApkAssets: Deleting an ApkAssets object ' and /apex/com.android.mediaprovider/priv-app/MediaProvider@UD2A.240505.001.W1/MediaProvider.apk' with 1 weak references
05-29 18:27:20.239 W/bei.lerad.rocky( 1691): ApkAssets: Deleting an ApkAssets object ' and /system/app/Low_storage_dialog/Low_storage_dialog.apk' with 1 weak references
05-29 18:27:20.239 W/bei.lerad.rocky( 1691): ApkAssets: Deleting an ApkAssets object ' and /apex/com.android.wifi/app/OsuLogin@UD2A.240505.001.W1/OsuLogin.apk' with 1 weak references
05-29 18:27:20.239 W/bei.lerad.rocky( 1691): ApkAssets: Deleting an ApkAssets object ' and /system/priv-app/FusedLocation/FusedLocation.apk' with 1 weak references
05-29 18:27:20.239 W/bei.lerad.rocky( 1691): ApkAssets: Deleting an ApkAssets object ' and /product/app/DeskClock/DeskClock.apk' with 1 weak references
05-29 18:27:20.240 W/bei.lerad.rocky( 1691): ApkAssets: Deleting an ApkAssets object ' and /system_ext/priv-app/TvSystemUI/TvSystemUI.apk' with 1 weak references
05-29 18:27:20.240 W/bei.lerad.rocky( 1691): ApkAssets: Deleting an ApkAssets object '/vendor/overlay/TvSystemUI__auto_generated_rro_vendor.apk' with 1 weak references
05-29 18:27:20.240 W/bei.lerad.rocky( 1691): ApkAssets: Deleting an ApkAssets object '/product/overlay/SystemUIOverlay.apk' with 1 weak references
05-29 18:27:20.241 W/bei.lerad.rocky( 1691): ApkAssets: Deleting an ApkAssets object ' and /system/app/dangbei-setting/dangbei-setting.apk' with 1 weak references
05-29 18:27:20.241 W/bei.lerad.rocky( 1691): ApkAssets: Deleting an ApkAssets object ' and /apex/com.android.permission/priv-app/PermissionController@UD2A.240505.001.W1/PermissionController.apk' with 1 weak references
05-29 18:27:20.242 W/bei.lerad.rocky( 1691): ApkAssets: Deleting an ApkAssets object ' and /vendor/priv-app/AppInstaller/AppInstaller.apk' with 1 weak references
05-29 18:27:20.242 W/bei.lerad.rocky( 1691): ApkAssets: Deleting an ApkAssets object ' and /apex/com.android.btservices/app/Bluetooth@UD2A.240505.001.W1/Bluetooth.apk' with 1 weak references
05-29 18:27:20.242 W/bei.lerad.rocky( 1691): ApkAssets: Deleting an ApkAssets object ' and /system/priv-app/ContactsProvider/ContactsProvider.apk' with 1 weak references
05-29 18:27:20.242 W/bei.lerad.rocky( 1691): ApkAssets: Deleting an ApkAssets object ' and /system/app/CaptivePortalLogin/CaptivePortalLogin.apk' with 1 weak references
05-29 18:27:20.243 W/bei.lerad.rocky( 1691): ApkAssets: Deleting an ApkAssets object ' and /apex/com.android.devicelock/priv-app/DeviceLockController@UD2A.240505.001.W1/DeviceLockController.apk' with 1 weak references
05-29 18:27:20.243 W/bei.lerad.rocky( 1691): ApkAssets: Deleting an ApkAssets object ' and /apex/com.android.extservices/priv-app/AdExtServicesApk@UD2A.240505.001.W1/AdExtServicesApk.apk' with 1 weak references
05-29 18:27:21.092 D/OomAdjuster( 700): Not killing cached processes
05-29 18:27:21.318 D/SntpClient( 700): request time failed: java.net.SocketTimeoutException: Poll timed out
05-29 18:27:21.318 D/SntpClient( 700): request time failed
05-29 18:27:21.349 D/TrafficStats( 700): tagSocket(388) with statsTag=0xffffff41, statsUid=-1
05-29 18:27:21.466 I/WifiHAL ( 501): call wifi_get_link_stats handler
05-29 18:27:21.466 I/WifiHAL ( 501): Creating message to get link statistics; iface = 16
05-29 18:27:21.466 D/WifiHAL ( 501): error code -95 mapped to -3
05-29 18:27:21.467 E/WifiStaIfaceAidlImpl( 700): getLinkLayerStats failed with service-specific exception: android.os.ServiceSpecificException: (code 4)
05-29 18:27:24.470 I/WifiHAL ( 501): call wifi_get_link_stats handler
05-29 18:27:24.470 I/WifiHAL ( 501): Creating message to get link statistics; iface = 16
05-29 18:27:24.470 D/WifiHAL ( 501): error code -95 mapped to -3
05-29 18:27:24.471 E/WifiStaIfaceAidlImpl( 700): getLinkLayerStats failed with service-specific exception: android.os.ServiceSpecificException: (code 4)
05-29 18:27:25.220 D/bt_vendor( 477): op for 7
05-29 18:27:25.221 D/bt_upio ( 477): upio_set : pio 0 action 1, polarity 1
05-29 18:27:25.221 D/bt_upio ( 477): begin open btwrite.
05-29 18:27:25.221 E/bt_upio ( 477): upio_set : open(/proc/bluetooth/sleep/btwrite) for write failed: No such file or directory (2)
05-29 18:27:26.354 D/SntpClient( 700): request time failed: java.net.SocketTimeoutException: Poll timed out
05-29 18:27:26.354 D/TrafficStats( 700): tagSocket(351) with statsTag=0xffffff41, statsUid=-1
05-29 18:27:26.386 D/SntpClient( 700): round trip: 29ms, clock offset: 2603ms
05-29 18:27:26.388 D/SystemClockTime( 700): Setting time of day to sec=1748514448
05-29 18:27:28.993 E/LazyAlarmStore( 700): Removed TIME_TICK alarm
05-29 18:27:28.998 W/SyncManager( 700): Clock is valid now.
05-29 18:27:28.998 D/ConditionProviders.SCP( 700): onReceive android.intent.action.TIME_SET
05-29 18:27:29.002 D/OomAdjuster( 700): Not killing cached processes
05-29 18:27:29.012 I/rainbow_flow( 2181): type=1400 audit(0.0:886): avc: denied { ioctl } for path="/dev/spidev1.0" dev="tmpfs" ino=531 ioctlcmd=0x6b00 scontext=u:r:init:s0 tcontext=u:object_r:device:s0 tclass=chr_file permissive=1
05-29 18:27:29.030 D/ConditionProviders.SCP( 700): evaluateSubscriptionLocked cal=ScheduleCalendar[mDays={1, 2, 3, 4, 5, 6, 7}, mSchedule=ScheduleInfo{days=[1, 2, 3, 4, 5, 6, 7], startHour=22, startMinute=0, endHour=7, endMinute=0, exitAtAlarm=true, nextAlarm=Thu Jan 01 08:00:00 GMT+08:00 1970 (0)}], now=Thu May 29 18:27:28 GMT+08:00 2025 (1748514448998), nextUserAlarmTime=Thu Jan 01 08:00:00 GMT+08:00 1970 (0)
05-29 18:27:29.031 D/ConditionProviders.SCP( 700): notifyCondition condition://android/schedule?days=1.2.3.4.5.6.7&start=22.0&end=7.0&exitAtAlarm=true STATE_FALSE reason=!meetsSchedule
05-29 18:27:29.032 D/ConditionProviders.SCP( 700): Scheduling evaluate for Thu May 29 22:00:00 GMT+08:00 2025 (1748527200000), in +3h32m31s2ms, now=Thu May 29 18:27:28 GMT+08:00 2025 (1748514448998)
05-29 18:27:29.032 D/CompatibilityChangeReporter( 700): Compat change id reported: 171306433; UID 1000; state: ENABLED
05-29 18:27:29.033 D/CompatibilityChangeReporter( 700): Compat change id reported: 218533173; UID 1000; state: ENABLED
05-29 18:27:29.048 D/EpgDataCleanupService( 1915): Received intent: Intent { act=com.android.providers.tv.intent.CLEAN_UP_EPG_DATA cmp=com.android.providers.tv/.EpgDataCleanupService }
05-29 18:27:29.054 D/CompatibilityChangeReporter( 700): Compat change id reported: 143231523; UID 1000; state: DISABLED
05-29 18:27:29.072 I/binder:463_4( 463): type=1400 audit(0.0:887): avc: denied { add_name } for name="globalAlert" scontext=u:r:netd:s0 tcontext=u:object_r:proc_net:s0 tclass=dir permissive=1
05-29 18:27:29.085 I/UsageStatsService( 700): User[0] Time changed in by 2 seconds
05-29 18:27:29.085 I/UsageStatsService( 700): User[0] Flushing usage stats to disk
05-29 18:27:29.105 I/UsageStatsDatabase( 700): Time changed by +2s603ms. files deleted: 0 files moved: 4
05-29 18:27:29.115 I/UsageStatsService( 700): User[0] Rollover scheduled @ 2025-05-30 17:52:09(1748598729510)
05-29 18:27:29.119 D/CompatibilityChangeReporter( 700): Compat change id reported: 218533173; UID 10018; state: ENABLED
05-29 18:27:29.119 D/CompatibilityChangeReporter( 700): Compat change id reported: 262645982; UID 10018; state: ENABLED
05-29 18:27:29.120 D/CompatibilityChangeReporter( 700): Compat change id reported: 218533173; UID 10039; state: DISABLED
05-29 18:27:29.120 D/CompatibilityChangeReporter( 700): Compat change id reported: 262645982; UID 10039; state: DISABLED
05-29 18:27:29.120 D/CompatibilityChangeReporter( 700): Compat change id reported: 218533173; UID 10019; state: ENABLED
05-29 18:27:29.120 D/CompatibilityChangeReporter( 700): Compat change id reported: 262645982; UID 10019; state: ENABLED
05-29 18:27:29.122 D/CompatibilityChangeReporter( 700): Compat change id reported: 218533173; UID 10027; state: ENABLED
05-29 18:27:29.122 D/CompatibilityChangeReporter( 700): Compat change id reported: 262645982; UID 10027; state: ENABLED
05-29 18:27:29.126 D/CompatibilityChangeReporter( 700): Compat change id reported: 218533173; UID 10026; state: DISABLED
05-29 18:27:29.126 D/CompatibilityChangeReporter( 700): Compat change id reported: 262645982; UID 10026; state: DISABLED
05-29 18:27:29.127 D/CompatibilityChangeReporter( 700): Compat change id reported: 218533173; UID 10044; state: DISABLED
05-29 18:27:29.127 D/CompatibilityChangeReporter( 700): Compat change id reported: 262645982; UID 10044; state: DISABLED
05-29 18:27:29.128 D/CompatibilityChangeReporter( 700): Compat change id reported: 218533173; UID 10073; state: ENABLED
05-29 18:27:29.129 D/CompatibilityChangeReporter( 700): Compat change id reported: 262645982; UID 10073; state: ENABLED
05-29 18:27:29.132 D/CompatibilityChangeReporter( 700): Compat change id reported: 218533173; UID 10025; state: ENABLED
05-29 18:27:29.132 D/CompatibilityChangeReporter( 700): Compat change id reported: 262645982; UID 10025; state: ENABLED
05-29 18:27:29.133 D/CompatibilityChangeReporter( 700): Compat change id reported: 218533173; UID 10021; state: ENABLED
05-29 18:27:29.133 D/CompatibilityChangeReporter( 700): Compat change id reported: 262645982; UID 10021; state: ENABLED
05-29 18:27:29.135 D/CompatibilityChangeReporter( 700): Compat change id reported: 218533173; UID 10049; state: DISABLED
05-29 18:27:29.135 D/CompatibilityChangeReporter( 700): Compat change id reported: 262645982; UID 10049; state: DISABLED
05-29 18:27:29.135 D/CompatibilityChangeReporter( 700): Compat change id reported: 218533173; UID 10017; state: ENABLED
05-29 18:27:29.136 D/CompatibilityChangeReporter( 700): Compat change id reported: 262645982; UID 10017; state: ENABLED
05-29 18:27:29.136 D/CompatibilityChangeReporter( 700): Compat change id reported: 218533173; UID 10074; state: ENABLED
05-29 18:27:29.136 D/CompatibilityChangeReporter( 700): Compat change id reported: 262645982; UID 10074; state: ENABLED
05-29 18:27:29.137 D/CompatibilityChangeReporter( 700): Compat change id reported: 218533173; UID 10060; state: ENABLED
05-29 18:27:29.137 D/CompatibilityChangeReporter( 700): Compat change id reported: 262645982; UID 10060; state: ENABLED
05-29 18:27:29.491 W/id.ext.services( 1091): ApkAssets: Deleting an ApkAssets object ' and /system/app/dangbei-screencast/dangbei-screencast.apk' with 1 weak references
05-29 18:27:30.081 I/WifiHAL ( 501): call wifi_get_link_stats handler
05-29 18:27:30.081 I/WifiHAL ( 501): Creating message to get link statistics; iface = 16
05-29 18:27:30.081 D/WifiHAL ( 501): error code -95 mapped to -3
05-29 18:27:30.081 E/WifiStaIfaceAidlImpl( 700): getLinkLayerStats failed with service-specific exception: android.os.ServiceSpecificException: (code 4)
05-29 18:27:33.085 I/WifiHAL ( 501): call wifi_get_link_stats handler
05-29 18:27:33.085 I/WifiHAL ( 501): Creating message to get link statistics; iface = 16
05-29 18:27:33.085 D/WifiHAL ( 501): error code -95 mapped to -3
05-29 18:27:33.086 E/WifiStaIfaceAidlImpl( 700): getLinkLayerStats failed with service-specific exception: android.os.ServiceSpecificException: (code 4)
05-29 18:27:34.046 D/OomAdjuster( 700): Not killing cached processes
05-29 18:27:36.089 I/WifiHAL ( 501): call wifi_get_link_stats handler
05-29 18:27:36.089 I/WifiHAL ( 501): Creating message to get link statistics; iface = 16
05-29 18:27:36.089 D/WifiHAL ( 501): error code -95 mapped to -3
05-29 18:27:36.090 E/WifiStaIfaceAidlImpl( 700): getLinkLayerStats failed with service-specific exception: android.os.ServiceSpecificException: (code 4)
05-29 18:27:37.178 W/method.sogou.tv( 1417): Cleared Reference was only reachable from finalizer (only reported once)
05-29 18:27:38.688 I/adbd ( 1343): host-14: read thread spawning
05-29 18:27:38.688 I/adbd ( 1343): host-14: write thread spawning
05-29 18:27:38.690 I/adbd ( 1343): authentication not required
05-29 18:27:39.029 D/ActivityManager( 700): freezing 1557 android.process.acore
05-29 18:27:39.031 D/ActivityManager( 700): freezing 1633 android.process.media
05-29 18:27:39.074 D/OomAdjuster( 700): Not killing cached processes
05-29 18:27:39.081 E/dangbei111( 1386): cccccc 开始扫描
05-29 18:27:39.081 D/BluetoothAdapter( 1386): isLeEnabled(): ON
05-29 18:27:39.085 I/bt_stack( 1027): [INFO:le_scanning_manager.cc(155)] RegisterScanner in shim layer
05-29 18:27:39.086 D/BluetoothLeScanner( 1386): onScannerRegistered() - status=0 scannerId=1 mScannerId=0
05-29 18:27:39.091 D/ActivityAttributionService( 1027): notifyActivityAttributionInfo UID=1002 packageName=com.android.bluetooth deviceAddress=no_active_device_address
05-29 18:27:39.091 I/bt_btif ( 1027): packages/modules/Bluetooth/system/btif/src/bluetooth.cc:829 get_profile_interface: get_profile_interface: id = activity_attribution
05-29 18:27:39.091 I/bt_stack( 1027): [INFO:le_scanning_manager.cc(168)] Scan in shim layer started
05-29 18:27:39.091 I/bluetooth( 1027): packages/modules/Bluetooth/system/gd/hci/le_scanning_manager.cc:588 stop_scan: Scanning already stopped, return!
05-29 18:27:39.091 I/bt_stack( 1027): [INFO:le_scanning_manager.cc(168)] Scan in shim layer stopped
05-29 18:27:39.091 D/bt_vendor( 477): op for 7
05-29 18:27:39.092 I/bt_stack( 1027): [INFO:le_scanning_manager.cc(346)] SetScanParameters in shim layer
05-29 18:27:39.092 D/bt_upio ( 477): upio_set : pio 0 action 2, polarity 1
05-29 18:27:39.092 D/bt_upio ( 477): begin open btwrite.
05-29 18:27:39.092 I/bt_stack( 1027): [INFO:le_scanning_manager.cc(168)] Scan in shim layer started
05-29 18:27:39.092 E/bt_upio ( 477): upio_set : open(/proc/bluetooth/sleep/btwrite) for write failed: No such file or directory (2)
05-29 18:27:39.092 I/bluetooth( 1027): packages/modules/Bluetooth/system/gd/hci/le_address_manager.cc:178 register_client: Client registered
05-29 18:27:39.092 I/bluetooth( 1027): packages/modules/Bluetooth/system/gd/hci/le_address_manager.cc:193 unregister_client: Client unregistered
05-29 18:27:39.092 I/bluetooth( 1027): packages/modules/Bluetooth/system/gd/hci/le_scanning_manager.cc:588 stop_scan: Scanning already stopped, return!
05-29 18:27:39.092 I/bluetooth( 1027): packages/modules/Bluetooth/system/gd/hci/le_address_manager.cc:178 register_client: Client registered
05-29 18:27:39.093 I/WifiHAL ( 501): call wifi_get_link_stats handler
05-29 18:27:39.093 I/WifiHAL ( 501): Creating message to get link statistics; iface = 16
05-29 18:27:39.093 D/WifiHAL ( 501): error code -95 mapped to -3
05-29 18:27:39.095 E/WifiStaIfaceAidlImpl( 700): getLinkLayerStats failed with service-specific exception: android.os.ServiceSpecificException: (code 4)
05-29 18:27:39.132 D/ActivityManager( 700): freezing 1915 com.android.providers.tv
05-29 18:27:40.411 D/TrafficStats( 2078): tagSocket(219) with statsTag=0xffffffff, statsUid=-1
05-29 18:27:42.101 I/WifiHAL ( 501): call wifi_get_link_stats handler
05-29 18:27:42.101 I/WifiHAL ( 501): Creating message to get link statistics; iface = 16
05-29 18:27:42.101 D/WifiHAL ( 501): error code -95 mapped to -3
05-29 18:27:42.102 E/WifiStaIfaceAidlImpl( 700): getLinkLayerStats failed with service-specific exception: android.os.ServiceSpecificException: (code 4)
05-29 18:27:42.729 E/WifiHealthMonitor( 700): Hit PackageManager exception
05-29 18:27:42.729 E/WifiHealthMonitor( 700): android.content.pm.PackageManager$NameNotFoundException: No module info for package: com.android.wifi
05-29 18:27:42.729 E/WifiHealthMonitor( 700): at android.app.ApplicationPackageManager.getModuleInfo(ApplicationPackageManager.java:1190)
05-29 18:27:42.729 E/WifiHealthMonitor( 700): at com.android.server.wifi.WifiHealthMonitor.getWifiStackVersion(WifiHealthMonitor.java:367)
05-29 18:27:42.729 E/WifiHealthMonitor( 700): at com.android.server.wifi.WifiHealthMonitor.extractCurrentSoftwareBuildInfo(WifiHealthMonitor.java:588)
05-29 18:27:42.729 E/WifiHealthMonitor( 700): at com.android.server.wifi.WifiHealthMonitor.postBootSwBuildCheck(WifiHealthMonitor.java:523)
05-29 18:27:42.729 E/WifiHealthMonitor( 700): at com.android.server.wifi.WifiHealthMonitor.postBootDetectionHandler(WifiHealthMonitor.java:514)
05-29 18:27:42.729 E/WifiHealthMonitor( 700): at com.android.server.wifi.WifiHealthMonitor.-$$Nest$mpostBootDetectionHandler(WifiHealthMonitor.java:0)
05-29 18:27:42.729 E/WifiHealthMonitor( 700): at com.android.server.wifi.WifiHealthMonitor$2.onAlarm(WifiHealthMonitor.java:190)
05-29 18:27:42.729 E/WifiHealthMonitor( 700): at android.app.AlarmManager$ListenerWrapper.run(AlarmManager.java:375)
05-29 18:27:42.729 E/WifiHealthMonitor( 700): at android.os.Handler.handleCallback(Handler.java:958)
05-29 18:27:42.729 E/WifiHealthMonitor( 700): at android.os.Handler.dispatchMessage(Handler.java:99)
05-29 18:27:42.729 E/WifiHealthMonitor( 700): at com.android.server.wifi.RunnerHandler.dispatchMessage(RunnerHandler.java:122)
05-29 18:27:42.729 E/WifiHealthMonitor( 700): at android.os.Looper.loopOnce(Looper.java:205)
05-29 18:27:42.729 E/WifiHealthMonitor( 700): at android.os.Looper.loop(Looper.java:294)
05-29 18:27:42.729 E/WifiHealthMonitor( 700): at android.os.HandlerThread.run(HandlerThread.java:67)
05-29 18:27:45.106 I/WifiHAL ( 501): call wifi_get_link_stats handler
05-29 18:27:45.106 I/WifiHAL ( 501): Creating message to get link statistics; iface = 16
05-29 18:27:45.106 D/WifiHAL ( 501): error code -95 mapped to -3
05-29 18:27:45.106 E/WifiStaIfaceAidlImpl( 700): getLinkLayerStats failed with service-specific exception: android.os.ServiceSpecificException: (code 4)
05-29 18:27:48.113 I/WifiHAL ( 501): call wifi_get_link_stats handler
05-29 18:27:48.113 I/WifiHAL ( 501): Creating message to get link statistics; iface = 16
05-29 18:27:48.113 D/WifiHAL ( 501): error code -95 mapped to -3
05-29 18:27:48.113 E/WifiStaIfaceAidlImpl( 700): getLinkLayerStats failed with service-specific exception: android.os.ServiceSpecificException: (code 4)
05-29 18:27:49.027 D/OomAdjuster( 700): Not killing cached processes
05-29 18:27:49.055 W/bluetooth( 1027): packages/modules/Bluetooth/system/stack/smp/smp_utils.cc:980 smp_proc_pairing_cmpl: Pairing process has failed to remote:xx:xx:xx:xx:c0:53 smp_reason:SMP_FAIL sec_level:0x0
05-29 18:27:49.055 W/bt_stack( 1027): [WARNING:l2c_api.cc(1529)] L2CA_RemoveFixedChnl BDA: e4:bb:d3:57:c0:53 CID: 0x0006 not connected
05-29 18:27:49.055 I/bluetooth( 1027): packages/modules/Bluetooth/system/gd/hci/acl_manager/le_impl.h:1129 on_create_connection_timeout: on_create_connection_timeout, address: e4:bb:d3:57:c0:53[PUBLIC_DEVICE_ADDRESS]
05-29 18:27:49.055 I/bluetooth( 1027): packages/modules/Bluetooth/system/stack/btm/btm_dev.cc:174 BTM_SecDeleteDevice: Remove device xx:xx:xx:xx:c0:53 from filter accept list before delete record
05-29 18:27:49.055 I/bluetooth( 1027): packages/modules/Bluetooth/system/gd/metrics/metrics_state.cc:177 AddStateChangedEvent: LEConnectionMetricsRemoteDevice: Transaction State 0x00000004, Connection Type 0x00000001, Origin Type 0x00000001
05-29 18:27:49.055 I/bluetooth( 1027): packages/modules/Bluetooth/system/gd/metrics/metrics_state.cc:58 AddStateChangedEvent: LEConnectionMetricState: Origin Type: 0x00000001, Connection Type: 0x00000001, Transaction State: 0x00000004
05-29 18:27:49.055 I/bluetooth( 1027): packages/modules/Bluetooth/system/stack/btm/btm_dev.cc:192 BTM_SecDeleteDevice: BTM_SecDeleteDevice xx:xx:xx:xx:c0:53 complete
05-29 18:27:49.055 I/bluetooth( 1027): packages/modules/Bluetooth/system/gd/metrics/metrics_state.cc:161 UploadLEConnectionSession: LEConnectionMetricsRemoteDevice: The session is uploaded for xx:xx:xx:xx:c0:53
05-29 18:27:49.055 I/bt_btif_storage( 1027): packages/modules/Bluetooth/system/btif/src/btif_storage.cc:1263 btif_storage_remove_ble_bonding_keys: Removing bonding keys for bd addr:xx:xx:xx:xx:c0:53
05-29 18:27:49.055 I/bt_btif_dm( 1027): packages/modules/Bluetooth/system/btif/src/btif_dm.cc:489 get_cod: get_cod remote_cod = 0x0000050c
05-29 18:27:49.055 I/bt_btif_dm( 1027): packages/modules/Bluetooth/system/btif/src/btif_dm.cc:571 bond_state_changed: Bond state changed to state=0 [0:none, 1:bonding, 2:bonded], prev_state=1, sdp_attempts = 0
05-29 18:27:49.055 E/BluetoothMetricIdManager( 1027): packages/modules/Bluetooth/system/gd/common/metric_id_manager.cc:190 ForgetDevice: Failed to remove device from paired_device_cache_
05-29 18:27:49.055 I/bt_btif_dm( 1027): packages/modules/Bluetooth/system/btif/src/btif_dm.cc:620 bond_state_changed: clearing btif pairing_cb
05-29 18:27:49.055 E/bt_btm ( 1027): packages/modules/Bluetooth/system/main/bte_logmsg.cc:105 LogMsg: btm_proc_smp_cback: p_dev_rec is NULL
05-29 18:27:49.055 E/bt_stack( 1027): [ERROR:bta_gattc_utils.cc(576)] bta_gattc_mark_bg_conn unable to find the bg connection mask for bd_addr=xx:xx:xx:xx:c0:53
05-29 18:27:49.055 I/bluetooth( 1027): packages/modules/Bluetooth/system/gd/metrics/metrics_state.cc:177 AddStateChangedEvent: LEConnectionMetricsRemoteDevice: Transaction State 0x00000003, Connection Type 0x00000001, Origin Type 0x00000000
05-29 18:27:49.055 I/bluetooth( 1027): packages/modules/Bluetooth/system/gd/metrics/metrics_state.cc:183 AddStateChangedEvent: LEConnectionMetricsRemoteDevice: Empty Address Cancellation 0x00000003, 0x00000001, 0x00000003
05-29 18:27:49.055 I/bluetooth( 1027): packages/modules/Bluetooth/system/gd/hci/acl_manager/le_impl.h:1039 disarm_connectability: Disarming LE connection state machine with create connection cancel
05-29 18:27:49.056 W/bluetooth( 1027): packages/modules/Bluetooth/system/main/shim/acl.cc:189 Remove: Unknown device being removed from acceptlist:e4:bb:d3:57:c0:53[PUBLIC_DEVICE_ADDRESS]
05-29 18:27:49.056 W/bluetooth( 1027): packages/modules/Bluetooth/system/main/shim/acl.cc:1769 OnLeConnectFail: Connection failed le remote:e4:bb:d3:57:c0:53[PUBLIC_DEVICE_ADDRESS]
05-29 18:27:49.056 E/gatt_utils( 1027): packages/modules/Bluetooth/system/stack/gatt/gatt_utils.cc:1690 gatt_cleanup_upon_disc: Disconnect for unknown connection bd_addr:xx:xx:xx:xx:c0:53 reason:UNKNOWN[255] transport:BT_TRANSPORT_LE
05-29 18:27:49.056 W/bluetooth( 1027): packages/modules/Bluetooth/system/stack/acl/ble_acl.cc:153 acl_ble_connection_fail: LE connection fail peer:xx:xx:xx:xx:c0:53[public] bd_addr:xx:xx:xx:xx:c0:53 hci_status:HCI_ERR_HOST_TIMEOUT
05-29 18:27:49.056 W/bluetooth( 1027): packages/modules/Bluetooth/system/gd/hci/acl_manager/le_impl.h:821 remove_device_from_connect_list: Device not in acceptlist and cannot be removed:e4:bb:d3:57:c0:53[PUBLIC_DEVICE_ADDRESS]
05-29 18:27:49.056 I/bluetooth( 1027): packages/modules/Bluetooth/system/gd/hci/le_address_manager.cc:265 ack_pause: Client already in paused state
05-29 18:27:49.056 I/BluetoothBondStateMachine( 1027): bondStateChangeCallback: Status: 1 Address: XX:XX:XX:XX:C0:53 newState: 0 hciReason: 0
05-29 18:27:49.060 D/AdapterProperties( 1027): Failed to remove device: XX:XX:XX:XX:C0:53
05-29 18:27:49.060 D/BluetoothRemoteDevices( 1027): removeDualDevicesMapXX:XX:XX:XX:C0:53
05-29 18:27:49.062 I/bluetooth( 1027): packages/modules/Bluetooth/system/gd/metrics/metrics_state.cc:177 AddStateChangedEvent: LEConnectionMetricsRemoteDevice: Transaction State 0x00000002, Connection Type 0x00000001, Origin Type 0x00000001
05-29 18:27:49.062 I/bluetooth( 1027): packages/modules/Bluetooth/system/gd/metrics/metrics_state.cc:183 AddStateChangedEvent: LEConnectionMetricsRemoteDevice: Empty Address Cancellation 0x00000002, 0x00000001, 0x00000002
05-29 18:27:49.062 D/BluetoothRemoteDevices( 1027): mDualDevicesMap not have E4:BB:D3:57:C0:53
05-29 18:27:49.062 I/bluetooth( 1027): packages/modules/Bluetooth/system/gd/hci/le_address_manager.cc:265 ack_pause: Client already in paused state
05-29 18:27:49.062 I/bluetooth( 1027): packages/modules/Bluetooth/system/gd/hci/le_address_manager.cc:265 ack_pause: Client already in paused state
05-29 18:27:49.064 D/BluetoothCompanionManager( 1027): remove metadata listener: XX:XX:XX:XX:C0:53
05-29 18:27:49.064 I/bluetooth( 1027): packages/modules/Bluetooth/system/gd/hci/le_address_manager.cc:596 OnCommandComplete: Received command complete with op_code LE_REMOVE_DEVICE_FROM_FILTER_ACCEPT_LIST
05-29 18:27:49.064 D/BluetoothAdapter( 1027): removeOnMetadataChangedListener()
05-29 18:27:49.064 I/bluetooth( 1027): packages/modules/Bluetooth/system/gd/hci/le_address_manager.cc:294 resume_registered_clients: Resuming registered clients
05-29 18:27:49.064 I/bluetooth( 1027): packages/modules/Bluetooth/system/gd/hci/acl_manager/le_impl.h:906 arm_connectability: Ignored request to re-arm le connection state machine when filter accept list is empty
05-29 18:27:49.070 I/BluetoothBondStateMachine( 1027): Bond State Change Intent:XX:XX:XX:XX:C0:53 BOND_BONDING => BOND_NONE
05-29 18:27:49.070 W/HeadsetClientService( 1027): getHeadsetClientService(): service is null
05-29 18:27:49.070 W/PbapClientService( 1027): getPbapClientService(): service is null
05-29 18:27:49.070 V/BluetoothDatabase( 1027): setProfileConnectionPolicy connection policy not changed.
05-29 18:27:49.070 D/A2dpService( 1027): Saved connectionPolicy XX:XX:XX:XX:C0:53 = -1
05-29 18:27:49.070 V/BluetoothDatabase( 1027): setProfileConnectionPolicy connection policy not changed.
05-29 18:27:49.070 I/HeadsetService( 1027): setConnectionPolicy: device=XX:XX:XX:XX:C0:53, connectionPolicy=-1, uid/pid=1002/1027
05-29 18:27:49.070 V/BluetoothDatabase( 1027): setProfileConnectionPolicy connection policy not changed.
05-29 18:27:49.071 D/FastPairService( 700): onReceive: ACTION_BOND_STATE_CHANGED
05-29 18:27:49.071 D/FastPairService( 700): Forget device detect
05-29 18:27:49.075 D/A2dpService( 1027): Bond state changed for device: XX:XX:XX:XX:C0:53 state: 10
05-29 18:27:49.078 D/HearingAidService( 1027): Bond state changed for device: XX:XX:XX:XX:C0:53 state: 10
05-29 18:27:49.086 I/dangbei111( 1386): cccccc on receiver=android.bluetooth.device.action.BOND_STATE_CHANGED,mac=E4:BB:D3:57:C0:53
05-29 18:27:49.086 I/dangbei111( 1386): Wait for auto connection, processBondStateChange: bondState: 11 --> 10
05-29 18:27:49.090 I/BLE_Service( 1049): BOND STATE CHANGED [Dangbei] - was 11, now is 10
05-29 18:27:49.099 E/dangbei111( 1386): cccccc 开始扫描
05-29 18:27:49.099 D/BluetoothAdapter( 1386): isLeEnabled(): ON
05-29 18:27:49.107 D/BluetoothDatabase( 1027): getCustomMeta: device XX:XX:XX:XX:C0:53 is not in cache
05-29 18:27:49.115 D/BluetoothDatabase( 1027): getCustomMeta: device XX:XX:XX:XX:C0:53 is not in cache
05-29 18:27:49.117 W/BluetoothEventManager( 918): showUnbondMessage: Not displaying any message for reason: 9
05-29 18:27:49.124 D/BluetoothDatabase( 1027): getCustomMeta: device XX:XX:XX:XX:C0:53 is not in cache
05-29 18:27:49.126 W/BluetoothEventManager( 1049): showUnbondMessage: Not displaying any message for reason: 9
05-29 18:27:49.127 D/BluetoothDatabase( 1027): getCustomMeta: device XX:XX:XX:XX:C0:53 is not in cache
05-29 18:27:51.117 I/WifiHAL ( 501): call wifi_get_link_stats handler
05-29 18:27:51.117 I/WifiHAL ( 501): Creating message to get link statistics; iface = 16
05-29 18:27:51.117 D/WifiHAL ( 501): error code -95 mapped to -3
05-29 18:27:51.118 E/WifiStaIfaceAidlImpl( 700): getLinkLayerStats failed with service-specific exception: android.os.ServiceSpecificException: (code 4)
05-29 18:27:52.055 I/android.hardware.bluetooth@1.0-impl( 477): [HandleIncomingEvent-549]: rec adv direct packet
05-29 18:27:52.057 I/android.hardware.bluetooth@1.0-impl( 477): [HandleIncomingEvent-549]: rec adv direct packet
05-29 18:27:52.059 I/android.hardware.bluetooth@1.0-impl( 477): [HandleIncomingEvent-549]: rec adv direct packet
05-29 18:27:52.060 I/android.hardware.bluetooth@1.0-impl( 477): [HandleIncomingEvent-549]: rec adv direct packet
05-29 18:27:52.062 I/android.hardware.bluetooth@1.0-impl( 477): [HandleIncomingEvent-549]: rec adv direct packet
05-29 18:27:52.063 I/android.hardware.bluetooth@1.0-impl( 477): [HandleIncomingEvent-549]: rec adv direct packet
05-29 18:27:52.076 I/android.hardware.bluetooth@1.0-impl( 477): [HandleIncomingEvent-549]: rec adv direct packet
05-29 18:27:52.079 I/android.hardware.bluetooth@1.0-impl( 477): [HandleIncomingEvent-549]: rec adv direct packet
05-29 18:27:52.081 I/android.hardware.bluetooth@1.0-impl( 477): [HandleIncomingEvent-549]: rec adv direct packet
05-29 18:27:52.083 I/android.hardware.bluetooth@1.0-impl( 477): [HandleIncomingEvent-549]: rec adv direct packet
05-29 18:27:52.089 I/android.hardware.bluetooth@1.0-impl( 477): [HandleIncomingEvent-549]: rec adv direct packet
05-29 18:27:52.090 I/android.hardware.bluetooth@1.0-impl( 477): [HandleIncomingEvent-549]: rec adv direct packet
05-29 18:27:52.092 I/android.hardware.bluetooth@1.0-impl( 477): [HandleIncomingEvent-549]: rec adv direct packet
05-29 18:27:52.093 I/android.hardware.bluetooth@1.0-impl( 477): [HandleIncomingEvent-549]: rec adv direct packet
05-29 18:27:52.095 I/android.hardware.bluetooth@1.0-impl( 477): [HandleIncomingEvent-549]: rec adv direct packet
05-29 18:27:52.097 I/android.hardware.bluetooth@1.0-impl( 477): [HandleIncomingEvent-549]: rec adv direct packet
05-29 18:27:52.098 I/android.hardware.bluetooth@1.0-impl( 477): [HandleIncomingEvent-549]: rec adv direct packet
05-29 18:27:52.100 I/android.hardware.bluetooth@1.0-impl( 477): [HandleIncomingEvent-549]: rec adv direct packet
05-29 18:27:52.102 I/android.hardware.bluetooth@1.0-impl( 477): [HandleIncomingEvent-549]: rec adv direct packet
05-29 18:27:52.103 I/android.hardware.bluetooth@1.0-impl( 477): [HandleIncomingEvent-549]: rec adv direct packet
05-29 18:27:52.105 I/android.hardware.bluetooth@1.0-impl( 477): [HandleIncomingEvent-549]: rec adv direct packet
05-29 18:27:52.106 I/android.hardware.bluetooth@1.0-impl( 477): [HandleIncomingEvent-549]: rec adv direct packet
05-29 18:27:52.107 I/android.hardware.bluetooth@1.0-impl( 477): [HandleIncomingEvent-549]: rec adv direct packet
05-29 18:27:52.110 I/android.hardware.bluetooth@1.0-impl( 477): [HandleIncomingEvent-549]: rec adv direct packet
05-29 18:27:52.110 I/android.hardware.bluetooth@1.0-impl( 477): [HandleIncomingEvent-549]: rec adv direct packet
05-29 18:27:52.113 I/android.hardware.bluetooth@1.0-impl( 477): [HandleIncomingEvent-549]: rec adv direct packet
05-29 18:27:52.114 I/android.hardware.bluetooth@1.0-impl( 477): [HandleIncomingEvent-549]: rec adv direct packet
05-29 18:27:52.116 I/android.hardware.bluetooth@1.0-impl( 477): [HandleIncomingEvent-549]: rec adv direct packet
05-29 18:27:52.118 I/android.hardware.bluetooth@1.0-impl( 477): [HandleIncomingEvent-549]: rec adv direct packet
05-29 18:27:52.127 I/android.hardware.bluetooth@1.0-impl( 477): [HandleIncomingEvent-549]: rec adv direct packet
05-29 18:27:52.128 I/android.hardware.bluetooth@1.0-impl( 477): [HandleIncomingEvent-549]: rec adv direct packet
05-29 18:27:52.130 I/android.hardware.bluetooth@1.0-impl( 477): [HandleIncomingEvent-549]: rec adv direct packet
05-29 18:27:52.131 I/android.hardware.bluetooth@1.0-impl( 477): [HandleIncomingEvent-549]: rec adv direct packet
05-29 18:27:52.134 I/android.hardware.bluetooth@1.0-impl( 477): [HandleIncomingEvent-549]: rec adv direct packet
05-29 18:27:52.135 I/android.hardware.bluetooth@1.0-impl( 477): [HandleIncomingEvent-549]: rec adv direct packet
05-29 18:27:52.136 I/android.hardware.bluetooth@1.0-impl( 477): [HandleIncomingEvent-549]: rec adv direct packet
05-29 18:27:52.138 I/android.hardware.bluetooth@1.0-impl( 477): [HandleIncomingEvent-549]: rec adv direct packet
05-29 18:27:52.140 I/android.hardware.bluetooth@1.0-impl( 477): [HandleIncomingEvent-549]: rec adv direct packet
05-29 18:27:52.142 I/android.hardware.bluetooth@1.0-impl( 477): [HandleIncomingEvent-549]: rec adv direct packet
05-29 18:27:52.143 I/android.hardware.bluetooth@1.0-impl( 477): [HandleIncomingEvent-549]: rec adv direct packet
05-29 18:27:52.145 I/android.hardware.bluetooth@1.0-impl( 477): [HandleIncomingEvent-549]: rec adv direct packet
05-29 18:27:52.149 I/android.hardware.bluetooth@1.0-impl( 477): [HandleIncomingEvent-549]: rec adv direct packet
05-29 18:27:52.150 I/android.hardware.bluetooth@1.0-impl( 477): [HandleIncomingEvent-549]: rec adv direct packet
05-29 18:27:52.154 I/android.hardware.bluetooth@1.0-impl( 477): [HandleIncomingEvent-549]: rec adv direct packet
05-29 18:27:52.155 I/android.hardware.bluetooth@1.0-impl( 477): [HandleIncomingEvent-549]: rec adv direct packet
05-29 18:27:52.169 I/android.hardware.bluetooth@1.0-impl( 477): [HandleIncomingEvent-549]: rec adv direct packet
05-29 18:27:52.171 I/android.hardware.bluetooth@1.0-impl( 477): [HandleIncomingEvent-549]: rec adv direct packet
05-29 18:27:52.175 I/android.hardware.bluetooth@1.0-impl( 477): [HandleIncomingEvent-549]: rec adv direct packet
05-29 18:27:52.192 I/bt_btif_dm( 1027): packages/modules/Bluetooth/system/btif/src/btif_dm.cc:695 btif_update_remote_properties: class of device (cod) is 0x00050c
05-29 18:27:52.203 E/dangbei111( 1386): cccccc 检查遥控器是否连接: Dangbei E4:BB:D3:57:C0:7D
05-29 18:27:52.208 E/dangbei111( 1386): cccccc 检查遥控器是否连接: 蓝牙的结果 Dangbei E4:BB:D3:57:C0:7D false
05-29 18:27:52.208 E/dangbei111( 1386): cccccc input中没有遥控器 存在 先什么都不操作 返回false
05-29 18:27:52.211 E/dangbei111( 1386): cccccc 开始扫描
05-29 18:27:52.211 D/BluetoothAdapter( 1386): isLeEnabled(): ON
05-29 18:27:52.216 I/bt_btif_dm( 1027): packages/modules/Bluetooth/system/btif/src/btif_dm.cc:695 btif_update_remote_properties: class of device (cod) is 0x00050c
05-29 18:27:52.219 E/dangbei111( 1386): cccccc scan 得到的设备和状态 Dangbei E4:BB:D3:57:C0:7D 12
05-29 18:27:52.223 E/dangbei111( 1386): cccccc 取消pair Dangbei E4:BB:D3:57:C0:7D 12
05-29 18:27:52.223 I/BluetoothDevice( 1386): removeBond() for device XX:XX:XX:XX:C0:7D called by pid: 1386 tid: 1386
05-29 18:27:52.227 E/dangbei111( 1386): cccccc 搜索到bond 什么都不处理 Dangbei E4:BB:D3:57:C0:7D
05-29 18:27:52.234 E/dangbei111( 1386): cccccc 检查遥控器是否连接: Dangbei E4:BB:D3:57:C0:7D
05-29 18:27:52.240 I/bt_btif_dm( 1027): packages/modules/Bluetooth/system/btif/src/btif_dm.cc:695 btif_update_remote_properties: class of device (cod) is 0x00050c
05-29 18:27:52.241 E/dangbei111( 1386): cccccc 检查遥控器是否连接: 蓝牙的结果 Dangbei E4:BB:D3:57:C0:7D false
05-29 18:27:52.241 E/dangbei111( 1386): cccccc input中没有遥控器 存在 先什么都不操作 返回false
05-29 18:27:52.243 E/dangbei111( 1386): cccccc 开始扫描
05-29 18:27:52.243 D/BluetoothAdapter( 1386): isLeEnabled(): ON
05-29 18:27:52.245 E/dangbei111( 1386): cccccc scan 得到的设备和状态 Dangbei E4:BB:D3:57:C0:7D 12
05-29 18:27:52.253 E/dangbei111( 1386): cccccc 取消pair Dangbei E4:BB:D3:57:C0:7D 12
05-29 18:27:52.253 I/BluetoothDevice( 1386): removeBond() for device XX:XX:XX:XX:C0:7D called by pid: 1386 tid: 1386
05-29 18:27:52.258 E/dangbei111( 1386): cccccc 搜索到bond 什么都不处理 Dangbei E4:BB:D3:57:C0:7D
05-29 18:27:52.264 E/dangbei111( 1386): cccccc 检查遥控器是否连接: Dangbei E4:BB:D3:57:C0:7D
05-29 18:27:52.269 E/dangbei111( 1386): cccccc 检查遥控器是否连接: 蓝牙的结果 Dangbei E4:BB:D3:57:C0:7D false
05-29 18:27:52.269 E/dangbei111( 1386): cccccc input中没有遥控器 存在 先什么都不操作 返回false
05-29 18:27:52.272 E/dangbei111( 1386): cccccc 开始扫描
05-29 18:27:52.272 D/BluetoothAdapter( 1386): isLeEnabled(): ON
05-29 18:27:52.274 E/dangbei111( 1386): cccccc scan 得到的设备和状态 Dangbei E4:BB:D3:57:C0:7D 12
05-29 18:27:52.279 E/dangbei111( 1386): cccccc 取消pair Dangbei E4:BB:D3:57:C0:7D 12
05-29 18:27:52.279 I/BluetoothDevice( 1386): removeBond() for device XX:XX:XX:XX:C0:7D called by pid: 1386 tid: 1386
05-29 18:27:52.285 E/dangbei111( 1386): cccccc 搜索到bond 什么都不处理 Dangbei E4:BB:D3:57:C0:7D
05-29 18:27:52.307 I/bt_btif_dm( 1027): packages/modules/Bluetooth/system/btif/src/btif_dm.cc:695 btif_update_remote_properties: class of device (cod) is 0x00050c
05-29 18:27:52.318 E/dangbei111( 1386): cccccc 检查遥控器是否连接: Dangbei E4:BB:D3:57:C0:7D
05-29 18:27:52.322 E/dangbei111( 1386): cccccc 检查遥控器是否连接: 蓝牙的结果 Dangbei E4:BB:D3:57:C0:7D false
05-29 18:27:52.322 E/dangbei111( 1386): cccccc input中没有遥控器 存在 先什么都不操作 返回false
05-29 18:27:52.325 E/dangbei111( 1386): cccccc 开始扫描
05-29 18:27:52.325 D/BluetoothAdapter( 1386): isLeEnabled(): ON
05-29 18:27:52.329 E/dangbei111( 1386): cccccc scan 得到的设备和状态 Dangbei E4:BB:D3:57:C0:7D 12
05-29 18:27:52.330 I/bt_btif_dm( 1027): packages/modules/Bluetooth/system/btif/src/btif_dm.cc:695 btif_update_remote_properties: class of device (cod) is 0x00050c
05-29 18:27:52.337 E/dangbei111( 1386): cccccc 取消pair Dangbei E4:BB:D3:57:C0:7D 12
05-29 18:27:52.337 I/BluetoothDevice( 1386): removeBond() for device XX:XX:XX:XX:C0:7D called by pid: 1386 tid: 1386
05-29 18:27:52.341 E/dangbei111( 1386): cccccc 搜索到bond 什么都不处理 Dangbei E4:BB:D3:57:C0:7D
05-29 18:27:52.346 E/dangbei111( 1386): cccccc 检查遥控器是否连接: Dangbei E4:BB:D3:57:C0:7D
05-29 18:27:52.353 E/dangbei111( 1386): cccccc 检查遥控器是否连接: 蓝牙的结果 Dangbei E4:BB:D3:57:C0:7D false
05-29 18:27:52.353 E/dangbei111( 1386): cccccc input中没有遥控器 存在 先什么都不操作 返回false
05-29 18:27:52.356 E/dangbei111( 1386): cccccc 开始扫描
05-29 18:27:52.356 D/BluetoothAdapter( 1386): isLeEnabled(): ON
05-29 18:27:52.359 E/dangbei111( 1386): cccccc scan 得到的设备和状态 Dangbei E4:BB:D3:57:C0:7D 12
05-29 18:27:52.359 I/bt_btif_dm( 1027): packages/modules/Bluetooth/system/btif/src/btif_dm.cc:695 btif_update_remote_properties: class of device (cod) is 0x00050c
05-29 18:27:52.364 E/dangbei111( 1386): cccccc 取消pair Dangbei E4:BB:D3:57:C0:7D 12
05-29 18:27:52.364 I/BluetoothDevice( 1386): removeBond() for device XX:XX:XX:XX:C0:7D called by pid: 1386 tid: 1386
05-29 18:27:52.370 E/dangbei111( 1386): cccccc 搜索到bond 什么都不处理 Dangbei E4:BB:D3:57:C0:7D
05-29 18:27:52.374 E/dangbei111( 1386): cccccc 检查遥控器是否连接: Dangbei E4:BB:D3:57:C0:7D
05-29 18:27:52.378 E/dangbei111( 1386): cccccc 检查遥控器是否连接: 蓝牙的结果 Dangbei E4:BB:D3:57:C0:7D false
05-29 18:27:52.378 E/dangbei111( 1386): cccccc input中没有遥控器 存在 先什么都不操作 返回false
05-29 18:27:52.381 E/dangbei111( 1386): cccccc 开始扫描
05-29 18:27:52.381 D/BluetoothAdapter( 1386): isLeEnabled(): ON
05-29 18:27:52.384 E/dangbei111( 1386): cccccc scan 得到的设备和状态 Dangbei E4:BB:D3:57:C0:7D 12
05-29 18:27:52.388 E/dangbei111( 1386): cccccc 取消pair Dangbei E4:BB:D3:57:C0:7D 12
05-29 18:27:52.388 I/BluetoothDevice( 1386): removeBond() for device XX:XX:XX:XX:C0:7D called by pid: 1386 tid: 1386
05-29 18:27:52.392 E/dangbei111( 1386): cccccc 搜索到bond 什么都不处理 Dangbei E4:BB:D3:57:C0:7D
05-29 18:27:52.405 I/bt_btif_dm( 1027): packages/modules/Bluetooth/system/btif/src/btif_dm.cc:695 btif_update_remote_properties: class of device (cod) is 0x00050c
05-29 18:27:52.413 E/dangbei111( 1386): cccccc 检查遥控器是否连接: Dangbei E4:BB:D3:57:C0:7D
05-29 18:27:52.418 E/dangbei111( 1386): cccccc 检查遥控器是否连接: 蓝牙的结果 Dangbei E4:BB:D3:57:C0:7D false
05-29 18:27:52.419 E/dangbei111( 1386): cccccc input中没有遥控器 存在 先什么都不操作 返回false
05-29 18:27:52.422 E/dangbei111( 1386): cccccc 开始扫描
05-29 18:27:52.422 D/BluetoothAdapter( 1386): isLeEnabled(): ON
05-29 18:27:52.425 E/dangbei111( 1386): cccccc scan 得到的设备和状态 Dangbei E4:BB:D3:57:C0:7D 12
05-29 18:27:52.430 E/dangbei111( 1386): cccccc 取消pair Dangbei E4:BB:D3:57:C0:7D 12
05-29 18:27:52.430 I/BluetoothDevice( 1386): removeBond() for device XX:XX:XX:XX:C0:7D called by pid: 1386 tid: 1386
05-29 18:27:52.437 E/dangbei111( 1386): cccccc 搜索到bond 什么都不处理 Dangbei E4:BB:D3:57:C0:7D
05-29 18:27:52.498 I/bt_btif_dm( 1027): packages/modules/Bluetooth/system/btif/src/btif_dm.cc:695 btif_update_remote_properties: class of device (cod) is 0x00050c
05-29 18:27:52.509 E/dangbei111( 1386): cccccc 检查遥控器是否连接: Dangbei E4:BB:D3:57:C0:7D
05-29 18:27:52.513 E/dangbei111( 1386): cccccc 检查遥控器是否连接: 蓝牙的结果 Dangbei E4:BB:D3:57:C0:7D false
05-29 18:27:52.513 E/dangbei111( 1386): cccccc input中没有遥控器 存在 先什么都不操作 返回false
05-29 18:27:52.517 E/dangbei111( 1386): cccccc 开始扫描
05-29 18:27:52.517 D/BluetoothAdapter( 1386): isLeEnabled(): ON
05-29 18:27:52.521 I/bt_btif_dm( 1027): packages/modules/Bluetooth/system/btif/src/btif_dm.cc:695 btif_update_remote_properties: class of device (cod) is 0x00050c
05-29 18:27:52.523 E/dangbei111( 1386): cccccc scan 得到的设备和状态 Dangbei E4:BB:D3:57:C0:7D 12
05-29 18:27:52.529 E/dangbei111( 1386): cccccc 取消pair Dangbei E4:BB:D3:57:C0:7D 12
05-29 18:27:52.529 I/BluetoothDevice( 1386): removeBond() for device XX:XX:XX:XX:C0:7D called by pid: 1386 tid: 1386
05-29 18:27:52.535 E/dangbei111( 1386): cccccc 搜索到bond 什么都不处理 Dangbei E4:BB:D3:57:C0:7D
05-29 18:27:52.542 I/bt_btif_dm( 1027): packages/modules/Bluetooth/system/btif/src/btif_dm.cc:695 btif_update_remote_properties: class of device (cod) is 0x00050c
05-29 18:27:52.543 E/dangbei111( 1386): cccccc 检查遥控器是否连接: Dangbei E4:BB:D3:57:C0:7D
05-29 18:27:52.548 E/dangbei111( 1386): cccccc 检查遥控器是否连接: 蓝牙的结果 Dangbei E4:BB:D3:57:C0:7D false
05-29 18:27:52.548 E/dangbei111( 1386): cccccc input中没有遥控器 存在 先什么都不操作 返回false
05-29 18:27:52.554 E/dangbei111( 1386): cccccc 开始扫描
05-29 18:27:52.554 D/BluetoothAdapter( 1386): isLeEnabled(): ON
05-29 18:27:52.556 E/dangbei111( 1386): cccccc scan 得到的设备和状态 Dangbei E4:BB:D3:57:C0:7D 12
05-29 18:27:52.562 E/dangbei111( 1386): cccccc 取消pair Dangbei E4:BB:D3:57:C0:7D 12
05-29 18:27:52.562 I/BluetoothDevice( 1386): removeBond() for device XX:XX:XX:XX:C0:7D called by pid: 1386 tid: 1386
05-29 18:27:52.568 E/dangbei111( 1386): cccccc 搜索到bond 什么都不处理 Dangbei E4:BB:D3:57:C0:7D
05-29 18:27:52.572 E/dangbei111( 1386): cccccc 检查遥控器是否连接: Dangbei E4:BB:D3:57:C0:7D
05-29 18:27:52.576 E/dangbei111( 1386): cccccc 检查遥控器是否连接: 蓝牙的结果 Dangbei E4:BB:D3:57:C0:7D false
05-29 18:27:52.576 E/dangbei111( 1386): cccccc input中没有遥控器 存在 先什么都不操作 返回false
05-29 18:27:52.579 E/dangbei111( 1386): cccccc 开始扫描
05-29 18:27:52.579 D/BluetoothAdapter( 1386): isLeEnabled(): ON
05-29 18:27:52.582 E/dangbei111( 1386): cccccc scan 得到的设备和状态 Dangbei E4:BB:D3:57:C0:7D 12
05-29 18:27:52.589 E/dangbei111( 1386): cccccc 取消pair Dangbei E4:BB:D3:57:C0:7D 12
05-29 18:27:52.589 I/BluetoothDevice( 1386): removeBond() for device XX:XX:XX:XX:C0:7D called by pid: 1386 tid: 1386
05-29 18:27:52.594 E/dangbei111( 1386): cccccc 搜索到bond 什么都不处理 Dangbei E4:BB:D3:57:C0:7D
05-29 18:27:52.692 I/bt_btif_dm( 1027): packages/modules/Bluetooth/system/btif/src/btif_dm.cc:695 btif_update_remote_properties: class of device (cod) is 0x00050c
05-29 18:27:52.699 E/dangbei111( 1386): cccccc 检查遥控器是否连接: Dangbei E4:BB:D3:57:C0:7D
05-29 18:27:52.703 E/dangbei111( 1386): cccccc 检查遥控器是否连接: 蓝牙的结果 Dangbei E4:BB:D3:57:C0:7D false
05-29 18:27:52.703 E/dangbei111( 1386): cccccc input中没有遥控器 存在 先什么都不操作 返回false
05-29 18:27:52.706 E/dangbei111( 1386): cccccc 开始扫描
05-29 18:27:52.706 D/BluetoothAdapter( 1386): isLeEnabled(): ON
05-29 18:27:52.709 E/dangbei111( 1386): cccccc scan 得到的设备和状态 Dangbei E4:BB:D3:57:C0:7D 12
05-29 18:27:52.715 E/dangbei111( 1386): cccccc 取消pair Dangbei E4:BB:D3:57:C0:7D 12
05-29 18:27:52.716 I/BluetoothDevice( 1386): removeBond() for device XX:XX:XX:XX:C0:7D called by pid: 1386 tid: 1386
05-29 18:27:52.720 E/dangbei111( 1386): cccccc 搜索到bond 什么都不处理 Dangbei E4:BB:D3:57:C0:7D
05-29 18:27:52.743 I/bt_btif_dm( 1027): packages/modules/Bluetooth/system/btif/src/btif_dm.cc:695 btif_update_remote_properties: class of device (cod) is 0x00050c
05-29 18:27:52.753 E/dangbei111( 1386): cccccc 检查遥控器是否连接: Dangbei E4:BB:D3:57:C0:7D
05-29 18:27:52.758 E/dangbei111( 1386): cccccc 检查遥控器是否连接: 蓝牙的结果 Dangbei E4:BB:D3:57:C0:7D false
05-29 18:27:52.758 E/dangbei111( 1386): cccccc input中没有遥控器 存在 先什么都不操作 返回false
05-29 18:27:52.760 E/dangbei111( 1386): cccccc 开始扫描
05-29 18:27:52.761 D/BluetoothAdapter( 1386): isLeEnabled(): ON
05-29 18:27:52.763 E/dangbei111( 1386): cccccc scan 得到的设备和状态 Dangbei E4:BB:D3:57:C0:7D 12
05-29 18:27:52.768 E/dangbei111( 1386): cccccc 取消pair Dangbei E4:BB:D3:57:C0:7D 12
05-29 18:27:52.768 I/BluetoothDevice( 1386): removeBond() for device XX:XX:XX:XX:C0:7D called by pid: 1386 tid: 1386
05-29 18:27:52.780 E/dangbei111( 1386): cccccc 搜索到bond 什么都不处理 Dangbei E4:BB:D3:57:C0:7D
