05-29 18:27:54.721 I/bt_btif_dm( 1027): packages/modules/Bluetooth/system/btif/src/btif_dm.cc:695 btif_update_remote_properties: class of device (cod) is 0x00050c
05-29 18:27:54.725 E/dangbei111( 1386): cccccc 搜索到bond 什么都不处理 Dangbei E4:BB:D3:57:C0:7D
05-29 18:27:54.731 E/dangbei111( 1386): cccccc 检查遥控器是否连接: Dangbei E4:BB:D3:57:C0:7D
05-29 18:27:54.736 E/dangbei111( 1386): cccccc 检查遥控器是否连接: 蓝牙的结果 Dangbei E4:BB:D3:57:C0:7D false
05-29 18:27:54.736 E/dangbei111( 1386): cccccc input中没有遥控器 存在 先什么都不操作 返回false
05-29 18:27:54.738 E/dangbei111( 1386): cccccc 开始扫描
05-29 18:27:54.738 D/BluetoothAdapter( 1386): isLeEnabled(): ON
05-29 18:27:54.741 I/bt_btif_dm( 1027): packages/modules/Bluetooth/system/btif/src/btif_dm.cc:695 btif_update_remote_properties: class of device (cod) is 0x00050c
05-29 18:27:54.742 E/dangbei111( 1386): cccccc scan 得到的设备和状态 Dangbei E4:BB:D3:57:C0:7D 12
05-29 18:27:54.749 E/dangbei111( 1386): cccccc 取消pair Dangbei E4:BB:D3:57:C0:7D 12
05-29 18:27:54.749 I/BluetoothDevice( 1386): removeBond() for device XX:XX:XX:XX:C0:7D called by pid: 1386 tid: 1386
05-29 18:27:54.755 E/dangbei111( 1386): cccccc 搜索到bond 什么都不处理 Dangbei E4:BB:D3:57:C0:7D
05-29 18:27:54.761 E/dangbei111( 1386): cccccc 检查遥控器是否连接: Dangbei E4:BB:D3:57:C0:7D
05-29 18:27:54.766 E/dangbei111( 1386): cccccc 检查遥控器是否连接: 蓝牙的结果 Dangbei E4:BB:D3:57:C0:7D false
05-29 18:27:54.766 E/dangbei111( 1386): cccccc input中没有遥控器 存在 先什么都不操作 返回false
05-29 18:27:54.768 E/dangbei111( 1386): cccccc 开始扫描
05-29 18:27:54.768 D/BluetoothAdapter( 1386): isLeEnabled(): ON
05-29 18:27:54.771 E/dangbei111( 1386): cccccc scan 得到的设备和状态 Dangbei E4:BB:D3:57:C0:7D 12
05-29 18:27:54.775 E/dangbei111( 1386): cccccc 取消pair Dangbei E4:BB:D3:57:C0:7D 12
05-29 18:27:54.775 I/BluetoothDevice( 1386): removeBond() for device XX:XX:XX:XX:C0:7D called by pid: 1386 tid: 1386
05-29 18:27:54.780 E/dangbei111( 1386): cccccc 搜索到bond 什么都不处理 Dangbei E4:BB:D3:57:C0:7D
05-29 18:27:54.813 I/bt_btif_dm( 1027): packages/modules/Bluetooth/system/btif/src/btif_dm.cc:695 btif_update_remote_properties: class of device (cod) is 0x00050c
05-29 18:27:54.820 E/dangbei111( 1386): cccccc 检查遥控器是否连接: Dangbei E4:BB:D3:57:C0:7D
05-29 18:27:54.825 E/dangbei111( 1386): cccccc 检查遥控器是否连接: 蓝牙的结果 Dangbei E4:BB:D3:57:C0:7D false
05-29 18:27:54.825 E/dangbei111( 1386): cccccc input中没有遥控器 存在 先什么都不操作 返回false
05-29 18:27:54.827 E/dangbei111( 1386): cccccc 开始扫描
05-29 18:27:54.827 D/BluetoothAdapter( 1386): isLeEnabled(): ON
05-29 18:27:54.829 E/dangbei111( 1386): cccccc scan 得到的设备和状态 Dangbei E4:BB:D3:57:C0:7D 12
05-29 18:27:54.833 E/dangbei111( 1386): cccccc 取消pair Dangbei E4:BB:D3:57:C0:7D 12
05-29 18:27:54.833 I/BluetoothDevice( 1386): removeBond() for device XX:XX:XX:XX:C0:7D called by pid: 1386 tid: 1386
05-29 18:27:54.835 I/bt_btif_dm( 1027): packages/modules/Bluetooth/system/btif/src/btif_dm.cc:695 btif_update_remote_properties: class of device (cod) is 0x00050c
05-29 18:27:54.839 E/dangbei111( 1386): cccccc 搜索到bond 什么都不处理 Dangbei E4:BB:D3:57:C0:7D
05-29 18:27:54.846 E/dangbei111( 1386): cccccc 检查遥控器是否连接: Dangbei E4:BB:D3:57:C0:7D
05-29 18:27:54.850 E/dangbei111( 1386): cccccc 检查遥控器是否连接: 蓝牙的结果 Dangbei E4:BB:D3:57:C0:7D false
05-29 18:27:54.850 E/dangbei111( 1386): cccccc input中没有遥控器 存在 先什么都不操作 返回false
05-29 18:27:54.852 E/dangbei111( 1386): cccccc 开始扫描
05-29 18:27:54.852 D/BluetoothAdapter( 1386): isLeEnabled(): ON
05-29 18:27:54.854 E/dangbei111( 1386): cccccc scan 得到的设备和状态 Dangbei E4:BB:D3:57:C0:7D 12
05-29 18:27:54.860 E/dangbei111( 1386): cccccc 取消pair Dangbei E4:BB:D3:57:C0:7D 12
05-29 18:27:54.860 I/BluetoothDevice( 1386): removeBond() for device XX:XX:XX:XX:C0:7D called by pid: 1386 tid: 1386
05-29 18:27:54.865 E/dangbei111( 1386): cccccc 搜索到bond 什么都不处理 Dangbei E4:BB:D3:57:C0:7D
05-29 18:27:54.911 I/bt_btif_dm( 1027): packages/modules/Bluetooth/system/btif/src/btif_dm.cc:695 btif_update_remote_properties: class of device (cod) is 0x00050c
05-29 18:27:54.918 E/dangbei111( 1386): cccccc 检查遥控器是否连接: Dangbei E4:BB:D3:57:C0:7D
05-29 18:27:54.922 E/dangbei111( 1386): cccccc 检查遥控器是否连接: 蓝牙的结果 Dangbei E4:BB:D3:57:C0:7D false
05-29 18:27:54.923 E/dangbei111( 1386): cccccc input中没有遥控器 存在 先什么都不操作 返回false
05-29 18:27:54.925 E/dangbei111( 1386): cccccc 开始扫描
05-29 18:27:54.925 D/BluetoothAdapter( 1386): isLeEnabled(): ON
05-29 18:27:54.927 E/dangbei111( 1386): cccccc scan 得到的设备和状态 Dangbei E4:BB:D3:57:C0:7D 12
05-29 18:27:54.932 E/dangbei111( 1386): cccccc 取消pair Dangbei E4:BB:D3:57:C0:7D 12
05-29 18:27:54.932 I/BluetoothDevice( 1386): removeBond() for device XX:XX:XX:XX:C0:7D called by pid: 1386 tid: 1386
05-29 18:27:54.936 E/dangbei111( 1386): cccccc 搜索到bond 什么都不处理 Dangbei E4:BB:D3:57:C0:7D
05-29 18:27:54.941 I/bt_btif_dm( 1027): packages/modules/Bluetooth/system/btif/src/btif_dm.cc:695 btif_update_remote_properties: class of device (cod) is 0x00050c
05-29 18:27:54.949 E/dangbei111( 1386): cccccc 检查遥控器是否连接: Dangbei E4:BB:D3:57:C0:7D
05-29 18:27:54.953 E/dangbei111( 1386): cccccc 检查遥控器是否连接: 蓝牙的结果 Dangbei E4:BB:D3:57:C0:7D false
05-29 18:27:54.953 E/dangbei111( 1386): cccccc input中没有遥控器 存在 先什么都不操作 返回false
05-29 18:27:54.956 E/dangbei111( 1386): cccccc 开始扫描
05-29 18:27:54.956 D/BluetoothAdapter( 1386): isLeEnabled(): ON
05-29 18:27:54.960 E/dangbei111( 1386): cccccc scan 得到的设备和状态 Dangbei E4:BB:D3:57:C0:7D 12
05-29 18:27:54.967 E/dangbei111( 1386): cccccc 取消pair Dangbei E4:BB:D3:57:C0:7D 12
05-29 18:27:54.967 I/BluetoothDevice( 1386): removeBond() for device XX:XX:XX:XX:C0:7D called by pid: 1386 tid: 1386
05-29 18:27:54.973 I/bt_btif_dm( 1027): packages/modules/Bluetooth/system/btif/src/btif_dm.cc:695 btif_update_remote_properties: class of device (cod) is 0x00050c
05-29 18:27:54.975 E/dangbei111( 1386): cccccc 搜索到bond 什么都不处理 Dangbei E4:BB:D3:57:C0:7D
05-29 18:27:54.983 E/dangbei111( 1386): cccccc 检查遥控器是否连接: Dangbei E4:BB:D3:57:C0:7D
05-29 18:27:54.987 I/bt_btif_dm( 1027): packages/modules/Bluetooth/system/btif/src/btif_dm.cc:695 btif_update_remote_properties: class of device (cod) is 0x00050c
05-29 18:27:54.988 E/dangbei111( 1386): cccccc 检查遥控器是否连接: 蓝牙的结果 Dangbei E4:BB:D3:57:C0:7D false
05-29 18:27:54.989 E/dangbei111( 1386): cccccc input中没有遥控器 存在 先什么都不操作 返回false
05-29 18:27:54.990 E/dangbei111( 1386): cccccc 开始扫描
05-29 18:27:54.991 D/BluetoothAdapter( 1386): isLeEnabled(): ON
05-29 18:27:54.993 E/dangbei111( 1386): cccccc scan 得到的设备和状态 Dangbei E4:BB:D3:57:C0:7D 12
05-29 18:27:54.996 E/dangbei111( 1386): cccccc 取消pair Dangbei E4:BB:D3:57:C0:7D 12
05-29 18:27:54.996 I/BluetoothDevice( 1386): removeBond() for device XX:XX:XX:XX:C0:7D called by pid: 1386 tid: 1386
05-29 18:27:55.000 E/dangbei111( 1386): cccccc 搜索到bond 什么都不处理 Dangbei E4:BB:D3:57:C0:7D
05-29 18:27:55.006 E/dangbei111( 1386): cccccc 检查遥控器是否连接: Dangbei E4:BB:D3:57:C0:7D
05-29 18:27:55.010 E/dangbei111( 1386): cccccc 检查遥控器是否连接: 蓝牙的结果 Dangbei E4:BB:D3:57:C0:7D false
05-29 18:27:55.010 E/dangbei111( 1386): cccccc input中没有遥控器 存在 先什么都不操作 返回false
05-29 18:27:55.013 E/dangbei111( 1386): cccccc 开始扫描
05-29 18:27:55.013 I/bt_btif_dm( 1027): packages/modules/Bluetooth/system/btif/src/btif_dm.cc:695 btif_update_remote_properties: class of device (cod) is 0x00050c
05-29 18:27:55.013 D/BluetoothAdapter( 1386): isLeEnabled(): ON
05-29 18:27:55.016 E/dangbei111( 1386): cccccc scan 得到的设备和状态 Dangbei E4:BB:D3:57:C0:7D 12
05-29 18:27:55.020 E/dangbei111( 1386): cccccc 取消pair Dangbei E4:BB:D3:57:C0:7D 12
05-29 18:27:55.020 I/BluetoothDevice( 1386): removeBond() for device XX:XX:XX:XX:C0:7D called by pid: 1386 tid: 1386
05-29 18:27:55.024 E/dangbei111( 1386): cccccc 搜索到bond 什么都不处理 Dangbei E4:BB:D3:57:C0:7D
05-29 18:27:55.029 E/dangbei111( 1386): cccccc 检查遥控器是否连接: Dangbei E4:BB:D3:57:C0:7D
05-29 18:27:55.032 E/dangbei111( 1386): cccccc 检查遥控器是否连接: 蓝牙的结果 Dangbei E4:BB:D3:57:C0:7D false
05-29 18:27:55.032 E/dangbei111( 1386): cccccc input中没有遥控器 存在 先什么都不操作 返回false
05-29 18:27:55.034 E/dangbei111( 1386): cccccc 开始扫描
05-29 18:27:55.034 D/BluetoothAdapter( 1386): isLeEnabled(): ON
05-29 18:27:55.037 I/bt_btif_dm( 1027): packages/modules/Bluetooth/system/btif/src/btif_dm.cc:695 btif_update_remote_properties: class of device (cod) is 0x00050c
05-29 18:27:55.039 E/dangbei111( 1386): cccccc scan 得到的设备和状态 Dangbei E4:BB:D3:57:C0:7D 12
05-29 18:27:55.042 E/dangbei111( 1386): cccccc 取消pair Dangbei E4:BB:D3:57:C0:7D 12
05-29 18:27:55.043 I/BluetoothDevice( 1386): removeBond() for device XX:XX:XX:XX:C0:7D called by pid: 1386 tid: 1386
05-29 18:27:55.047 E/dangbei111( 1386): cccccc 搜索到bond 什么都不处理 Dangbei E4:BB:D3:57:C0:7D
05-29 18:27:55.052 E/dangbei111( 1386): cccccc 检查遥控器是否连接: Dangbei E4:BB:D3:57:C0:7D
05-29 18:27:55.056 E/dangbei111( 1386): cccccc 检查遥控器是否连接: 蓝牙的结果 Dangbei E4:BB:D3:57:C0:7D false
05-29 18:27:55.056 E/dangbei111( 1386): cccccc input中没有遥控器 存在 先什么都不操作 返回false
05-29 18:27:55.058 E/dangbei111( 1386): cccccc 开始扫描
05-29 18:27:55.058 D/BluetoothAdapter( 1386): isLeEnabled(): ON
05-29 18:27:55.059 E/dangbei111( 1386): cccccc scan 得到的设备和状态 Dangbei E4:BB:D3:57:C0:7D 12
05-29 18:27:55.063 E/dangbei111( 1386): cccccc 取消pair Dangbei E4:BB:D3:57:C0:7D 12
05-29 18:27:55.063 I/BluetoothDevice( 1386): removeBond() for device XX:XX:XX:XX:C0:7D called by pid: 1386 tid: 1386
05-29 18:27:55.066 I/bt_btif_dm( 1027): packages/modules/Bluetooth/system/btif/src/btif_dm.cc:695 btif_update_remote_properties: class of device (cod) is 0x00050c
05-29 18:27:55.068 E/dangbei111( 1386): cccccc 搜索到bond 什么都不处理 Dangbei E4:BB:D3:57:C0:7D
05-29 18:27:55.072 E/dangbei111( 1386): cccccc 检查遥控器是否连接: Dangbei E4:BB:D3:57:C0:7D
05-29 18:27:55.076 E/dangbei111( 1386): cccccc 检查遥控器是否连接: 蓝牙的结果 Dangbei E4:BB:D3:57:C0:7D false
05-29 18:27:55.076 E/dangbei111( 1386): cccccc input中没有遥控器 存在 先什么都不操作 返回false
05-29 18:27:55.078 E/dangbei111( 1386): cccccc 开始扫描
05-29 18:27:55.078 D/BluetoothAdapter( 1386): isLeEnabled(): ON
05-29 18:27:55.079 E/dangbei111( 1386): cccccc scan 得到的设备和状态 Dangbei E4:BB:D3:57:C0:7D 12
05-29 18:27:55.082 E/dangbei111( 1386): cccccc 取消pair Dangbei E4:BB:D3:57:C0:7D 12
05-29 18:27:55.082 I/BluetoothDevice( 1386): removeBond() for device XX:XX:XX:XX:C0:7D called by pid: 1386 tid: 1386
05-29 18:27:55.085 E/dangbei111( 1386): cccccc 搜索到bond 什么都不处理 Dangbei E4:BB:D3:57:C0:7D
05-29 18:27:55.087 I/bt_btif_dm( 1027): packages/modules/Bluetooth/system/btif/src/btif_dm.cc:695 btif_update_remote_properties: class of device (cod) is 0x00050c
05-29 18:27:55.092 E/dangbei111( 1386): cccccc 检查遥控器是否连接: Dangbei E4:BB:D3:57:C0:7D
05-29 18:27:55.095 E/dangbei111( 1386): cccccc 检查遥控器是否连接: 蓝牙的结果 Dangbei E4:BB:D3:57:C0:7D false
05-29 18:27:55.095 E/dangbei111( 1386): cccccc input中没有遥控器 存在 先什么都不操作 返回false
05-29 18:27:55.096 E/dangbei111( 1386): cccccc 开始扫描
05-29 18:27:55.097 D/BluetoothAdapter( 1386): isLeEnabled(): ON
05-29 18:27:55.098 E/dangbei111( 1386): cccccc scan 得到的设备和状态 Dangbei E4:BB:D3:57:C0:7D 12
05-29 18:27:55.101 E/dangbei111( 1386): cccccc 取消pair Dangbei E4:BB:D3:57:C0:7D 12
05-29 18:27:55.101 I/BluetoothDevice( 1386): removeBond() for device XX:XX:XX:XX:C0:7D called by pid: 1386 tid: 1386
05-29 18:27:55.107 E/dangbei111( 1386): cccccc 搜索到bond 什么都不处理 Dangbei E4:BB:D3:57:C0:7D
05-29 18:27:55.116 I/bt_btif_dm( 1027): packages/modules/Bluetooth/system/btif/src/btif_dm.cc:695 btif_update_remote_properties: class of device (cod) is 0x00050c
05-29 18:27:55.124 E/dangbei111( 1386): cccccc 检查遥控器是否连接: Dangbei E4:BB:D3:57:C0:7D
05-29 18:27:55.126 E/dangbei111( 1386): cccccc 检查遥控器是否连接: 蓝牙的结果 Dangbei E4:BB:D3:57:C0:7D false
05-29 18:27:55.126 E/dangbei111( 1386): cccccc input中没有遥控器 存在 先什么都不操作 返回false
05-29 18:27:55.128 E/dangbei111( 1386): cccccc 开始扫描
05-29 18:27:55.128 D/BluetoothAdapter( 1386): isLeEnabled(): ON
05-29 18:27:55.130 E/dangbei111( 1386): cccccc scan 得到的设备和状态 Dangbei E4:BB:D3:57:C0:7D 12
05-29 18:27:55.133 E/dangbei111( 1386): cccccc 取消pair Dangbei E4:BB:D3:57:C0:7D 12
05-29 18:27:55.133 I/BluetoothDevice( 1386): removeBond() for device XX:XX:XX:XX:C0:7D called by pid: 1386 tid: 1386
05-29 18:27:55.137 E/dangbei111( 1386): cccccc 搜索到bond 什么都不处理 Dangbei E4:BB:D3:57:C0:7D
05-29 18:27:55.213 I/bt_btif_dm( 1027): packages/modules/Bluetooth/system/btif/src/btif_dm.cc:695 btif_update_remote_properties: class of device (cod) is 0x00050c
05-29 18:27:55.220 E/dangbei111( 1386): cccccc 检查遥控器是否连接: Dangbei E4:BB:D3:57:C0:7D
05-29 18:27:55.225 E/dangbei111( 1386): cccccc 检查遥控器是否连接: 蓝牙的结果 Dangbei E4:BB:D3:57:C0:7D false
05-29 18:27:55.225 E/dangbei111( 1386): cccccc input中没有遥控器 存在 先什么都不操作 返回false
05-29 18:27:55.227 E/dangbei111( 1386): cccccc 开始扫描
05-29 18:27:55.227 D/BluetoothAdapter( 1386): isLeEnabled(): ON
05-29 18:27:55.229 E/dangbei111( 1386): cccccc scan 得到的设备和状态 Dangbei E4:BB:D3:57:C0:7D 12
05-29 18:27:55.233 E/dangbei111( 1386): cccccc 取消pair Dangbei E4:BB:D3:57:C0:7D 12
05-29 18:27:55.234 I/BluetoothDevice( 1386): removeBond() for device XX:XX:XX:XX:C0:7D called by pid: 1386 tid: 1386
05-29 18:27:55.239 E/dangbei111( 1386): cccccc 搜索到bond 什么都不处理 Dangbei E4:BB:D3:57:C0:7D
05-29 18:27:55.248 I/bt_btif_dm( 1027): packages/modules/Bluetooth/system/btif/src/btif_dm.cc:695 btif_update_remote_properties: class of device (cod) is 0x00050c
05-29 18:27:55.260 E/dangbei111( 1386): cccccc 检查遥控器是否连接: Dangbei E4:BB:D3:57:C0:7D
05-29 18:27:55.264 E/dangbei111( 1386): cccccc 检查遥控器是否连接: 蓝牙的结果 Dangbei E4:BB:D3:57:C0:7D false
05-29 18:27:55.264 E/dangbei111( 1386): cccccc input中没有遥控器 存在 先什么都不操作 返回false
05-29 18:27:55.268 E/dangbei111( 1386): cccccc 开始扫描
05-29 18:27:55.268 D/BluetoothAdapter( 1386): isLeEnabled(): ON
05-29 18:27:55.273 E/dangbei111( 1386): cccccc scan 得到的设备和状态 Dangbei E4:BB:D3:57:C0:7D 12
05-29 18:27:55.274 I/bt_btif_dm( 1027): packages/modules/Bluetooth/system/btif/src/btif_dm.cc:695 btif_update_remote_properties: class of device (cod) is 0x00050c
05-29 18:27:55.279 E/dangbei111( 1386): cccccc 取消pair Dangbei E4:BB:D3:57:C0:7D 12
05-29 18:27:55.279 I/BluetoothDevice( 1386): removeBond() for device XX:XX:XX:XX:C0:7D called by pid: 1386 tid: 1386
05-29 18:27:55.285 E/dangbei111( 1386): cccccc 搜索到bond 什么都不处理 Dangbei E4:BB:D3:57:C0:7D
05-29 18:27:55.292 E/dangbei111( 1386): cccccc 检查遥控器是否连接: Dangbei E4:BB:D3:57:C0:7D
05-29 18:27:55.296 E/dangbei111( 1386): cccccc 检查遥控器是否连接: 蓝牙的结果 Dangbei E4:BB:D3:57:C0:7D false
05-29 18:27:55.296 E/dangbei111( 1386): cccccc input中没有遥控器 存在 先什么都不操作 返回false
05-29 18:27:55.297 E/dangbei111( 1386): cccccc 开始扫描
05-29 18:27:55.298 D/BluetoothAdapter( 1386): isLeEnabled(): ON
05-29 18:27:55.300 E/dangbei111( 1386): cccccc scan 得到的设备和状态 Dangbei E4:BB:D3:57:C0:7D 12
05-29 18:27:55.300 I/bt_btif_dm( 1027): packages/modules/Bluetooth/system/btif/src/btif_dm.cc:695 btif_update_remote_properties: class of device (cod) is 0x00050c
05-29 18:27:55.304 E/dangbei111( 1386): cccccc 取消pair Dangbei E4:BB:D3:57:C0:7D 12
05-29 18:27:55.304 I/BluetoothDevice( 1386): removeBond() for device XX:XX:XX:XX:C0:7D called by pid: 1386 tid: 1386
05-29 18:27:55.309 E/dangbei111( 1386): cccccc 搜索到bond 什么都不处理 Dangbei E4:BB:D3:57:C0:7D
05-29 18:27:55.316 E/dangbei111( 1386): cccccc 检查遥控器是否连接: Dangbei E4:BB:D3:57:C0:7D
05-29 18:27:55.320 E/dangbei111( 1386): cccccc 检查遥控器是否连接: 蓝牙的结果 Dangbei E4:BB:D3:57:C0:7D false
05-29 18:27:55.320 E/dangbei111( 1386): cccccc input中没有遥控器 存在 先什么都不操作 返回false
05-29 18:27:55.323 E/dangbei111( 1386): cccccc 开始扫描
05-29 18:27:55.323 D/BluetoothAdapter( 1386): isLeEnabled(): ON
05-29 18:27:55.326 E/dangbei111( 1386): cccccc scan 得到的设备和状态 Dangbei E4:BB:D3:57:C0:7D 12
05-29 18:27:55.329 I/bt_btif_dm( 1027): packages/modules/Bluetooth/system/btif/src/btif_dm.cc:695 btif_update_remote_properties: class of device (cod) is 0x00050c
05-29 18:27:55.330 E/dangbei111( 1386): cccccc 取消pair Dangbei E4:BB:D3:57:C0:7D 12
05-29 18:27:55.330 I/BluetoothDevice( 1386): removeBond() for device XX:XX:XX:XX:C0:7D called by pid: 1386 tid: 1386
05-29 18:27:55.334 E/dangbei111( 1386): cccccc 搜索到bond 什么都不处理 Dangbei E4:BB:D3:57:C0:7D
05-29 18:27:55.341 E/dangbei111( 1386): cccccc 检查遥控器是否连接: Dangbei E4:BB:D3:57:C0:7D
05-29 18:27:55.343 E/dangbei111( 1386): cccccc 检查遥控器是否连接: 蓝牙的结果 Dangbei E4:BB:D3:57:C0:7D false
05-29 18:27:55.344 E/dangbei111( 1386): cccccc input中没有遥控器 存在 先什么都不操作 返回false
05-29 18:27:55.345 E/dangbei111( 1386): cccccc 开始扫描
05-29 18:27:55.345 D/BluetoothAdapter( 1386): isLeEnabled(): ON
05-29 18:27:55.349 E/dangbei111( 1386): cccccc scan 得到的设备和状态 Dangbei E4:BB:D3:57:C0:7D 12
05-29 18:27:55.356 I/bt_btif_dm( 1027): packages/modules/Bluetooth/system/btif/src/btif_dm.cc:695 btif_update_remote_properties: class of device (cod) is 0x00050c
05-29 18:27:55.356 E/dangbei111( 1386): cccccc 取消pair Dangbei E4:BB:D3:57:C0:7D 12
05-29 18:27:55.356 I/BluetoothDevice( 1386): removeBond() for device XX:XX:XX:XX:C0:7D called by pid: 1386 tid: 1386
05-29 18:27:55.360 E/dangbei111( 1386): cccccc 搜索到bond 什么都不处理 Dangbei E4:BB:D3:57:C0:7D
05-29 18:27:55.363 E/dangbei111( 1386): cccccc 检查遥控器是否连接: Dangbei E4:BB:D3:57:C0:7D
05-29 18:27:55.367 E/dangbei111( 1386): cccccc 检查遥控器是否连接: 蓝牙的结果 Dangbei E4:BB:D3:57:C0:7D false
05-29 18:27:55.367 E/dangbei111( 1386): cccccc input中没有遥控器 存在 先什么都不操作 返回false
05-29 18:27:55.370 E/dangbei111( 1386): cccccc 开始扫描
05-29 18:27:55.370 D/BluetoothAdapter( 1386): isLeEnabled(): ON
05-29 18:27:55.373 E/dangbei111( 1386): cccccc scan 得到的设备和状态 Dangbei E4:BB:D3:57:C0:7D 12
05-29 18:27:55.376 E/dangbei111( 1386): cccccc 取消pair Dangbei E4:BB:D3:57:C0:7D 12
05-29 18:27:55.376 I/BluetoothDevice( 1386): removeBond() for device XX:XX:XX:XX:C0:7D called by pid: 1386 tid: 1386
05-29 18:27:55.377 I/bt_btif_dm( 1027): packages/modules/Bluetooth/system/btif/src/btif_dm.cc:695 btif_update_remote_properties: class of device (cod) is 0x00050c
05-29 18:27:55.380 E/dangbei111( 1386): cccccc 搜索到bond 什么都不处理 Dangbei E4:BB:D3:57:C0:7D
05-29 18:27:55.383 E/dangbei111( 1386): cccccc 检查遥控器是否连接: Dangbei E4:BB:D3:57:C0:7D
05-29 18:27:55.388 E/dangbei111( 1386): cccccc 检查遥控器是否连接: 蓝牙的结果 Dangbei E4:BB:D3:57:C0:7D false
05-29 18:27:55.388 E/dangbei111( 1386): cccccc input中没有遥控器 存在 先什么都不操作 返回false
05-29 18:27:55.390 E/dangbei111( 1386): cccccc 开始扫描
05-29 18:27:55.390 D/BluetoothAdapter( 1386): isLeEnabled(): ON
05-29 18:27:55.392 E/dangbei111( 1386): cccccc scan 得到的设备和状态 Dangbei E4:BB:D3:57:C0:7D 12
05-29 18:27:55.395 E/dangbei111( 1386): cccccc 取消pair Dangbei E4:BB:D3:57:C0:7D 12
05-29 18:27:55.395 I/BluetoothDevice( 1386): removeBond() for device XX:XX:XX:XX:C0:7D called by pid: 1386 tid: 1386
05-29 18:27:55.398 E/dangbei111( 1386): cccccc 搜索到bond 什么都不处理 Dangbei E4:BB:D3:57:C0:7D
05-29 18:27:55.407 I/bt_btif_dm( 1027): packages/modules/Bluetooth/system/btif/src/btif_dm.cc:695 btif_update_remote_properties: class of device (cod) is 0x00050c
05-29 18:27:55.413 E/dangbei111( 1386): cccccc 检查遥控器是否连接: Dangbei E4:BB:D3:57:C0:7D
05-29 18:27:55.416 E/dangbei111( 1386): cccccc 检查遥控器是否连接: 蓝牙的结果 Dangbei E4:BB:D3:57:C0:7D false
05-29 18:27:55.416 E/dangbei111( 1386): cccccc input中没有遥控器 存在 先什么都不操作 返回false
05-29 18:27:55.418 E/dangbei111( 1386): cccccc 开始扫描
05-29 18:27:55.418 D/BluetoothAdapter( 1386): isLeEnabled(): ON
05-29 18:27:55.421 E/dangbei111( 1386): cccccc scan 得到的设备和状态 Dangbei E4:BB:D3:57:C0:7D 12
05-29 18:27:55.424 E/dangbei111( 1386): cccccc 取消pair Dangbei E4:BB:D3:57:C0:7D 12
05-29 18:27:55.425 I/BluetoothDevice( 1386): removeBond() for device XX:XX:XX:XX:C0:7D called by pid: 1386 tid: 1386
05-29 18:27:55.428 E/dangbei111( 1386): cccccc 搜索到bond 什么都不处理 Dangbei E4:BB:D3:57:C0:7D
05-29 18:27:55.460 I/bt_btif_dm( 1027): packages/modules/Bluetooth/system/btif/src/btif_dm.cc:695 btif_update_remote_properties: class of device (cod) is 0x00050c
05-29 18:27:55.466 E/dangbei111( 1386): cccccc 检查遥控器是否连接: Dangbei E4:BB:D3:57:C0:7D
05-29 18:27:55.471 E/dangbei111( 1386): cccccc 检查遥控器是否连接: 蓝牙的结果 Dangbei E4:BB:D3:57:C0:7D false
05-29 18:27:55.471 E/dangbei111( 1386): cccccc input中没有遥控器 存在 先什么都不操作 返回false
05-29 18:27:55.473 E/dangbei111( 1386): cccccc 开始扫描
05-29 18:27:55.474 D/BluetoothAdapter( 1386): isLeEnabled(): ON
05-29 18:27:55.477 E/dangbei111( 1386): cccccc scan 得到的设备和状态 Dangbei E4:BB:D3:57:C0:7D 12
05-29 18:27:55.482 E/dangbei111( 1386): cccccc 取消pair Dangbei E4:BB:D3:57:C0:7D 12
05-29 18:27:55.483 I/BluetoothDevice( 1386): removeBond() for device XX:XX:XX:XX:C0:7D called by pid: 1386 tid: 1386
05-29 18:27:55.487 I/bt_btif_dm( 1027): packages/modules/Bluetooth/system/btif/src/btif_dm.cc:695 btif_update_remote_properties: class of device (cod) is 0x00050c
05-29 18:27:55.490 E/dangbei111( 1386): cccccc 搜索到bond 什么都不处理 Dangbei E4:BB:D3:57:C0:7D
05-29 18:27:55.496 E/dangbei111( 1386): cccccc 检查遥控器是否连接: Dangbei E4:BB:D3:57:C0:7D
05-29 18:27:55.499 E/dangbei111( 1386): cccccc 检查遥控器是否连接: 蓝牙的结果 Dangbei E4:BB:D3:57:C0:7D false
05-29 18:27:55.499 E/dangbei111( 1386): cccccc input中没有遥控器 存在 先什么都不操作 返回false
05-29 18:27:55.501 E/dangbei111( 1386): cccccc 开始扫描
05-29 18:27:55.502 D/BluetoothAdapter( 1386): isLeEnabled(): ON
05-29 18:27:55.506 E/dangbei111( 1386): cccccc scan 得到的设备和状态 Dangbei E4:BB:D3:57:C0:7D 12
05-29 18:27:55.511 E/dangbei111( 1386): cccccc 取消pair Dangbei E4:BB:D3:57:C0:7D 12
05-29 18:27:55.511 I/BluetoothDevice( 1386): removeBond() for device XX:XX:XX:XX:C0:7D called by pid: 1386 tid: 1386
05-29 18:27:55.514 I/bt_btif_dm( 1027): packages/modules/Bluetooth/system/btif/src/btif_dm.cc:695 btif_update_remote_properties: class of device (cod) is 0x00050c
05-29 18:27:55.516 E/dangbei111( 1386): cccccc 搜索到bond 什么都不处理 Dangbei E4:BB:D3:57:C0:7D
05-29 18:27:55.522 E/dangbei111( 1386): cccccc 检查遥控器是否连接: Dangbei E4:BB:D3:57:C0:7D
05-29 18:27:55.525 E/dangbei111( 1386): cccccc 检查遥控器是否连接: 蓝牙的结果 Dangbei E4:BB:D3:57:C0:7D false
05-29 18:27:55.525 E/dangbei111( 1386): cccccc input中没有遥控器 存在 先什么都不操作 返回false
05-29 18:27:55.526 E/dangbei111( 1386): cccccc 开始扫描
05-29 18:27:55.527 D/BluetoothAdapter( 1386): isLeEnabled(): ON
05-29 18:27:55.529 E/dangbei111( 1386): cccccc scan 得到的设备和状态 Dangbei E4:BB:D3:57:C0:7D 12
05-29 18:27:55.533 E/dangbei111( 1386): cccccc 取消pair Dangbei E4:BB:D3:57:C0:7D 12
05-29 18:27:55.533 I/BluetoothDevice( 1386): removeBond() for device XX:XX:XX:XX:C0:7D called by pid: 1386 tid: 1386
05-29 18:27:55.537 E/dangbei111( 1386): cccccc 搜索到bond 什么都不处理 Dangbei E4:BB:D3:57:C0:7D
05-29 18:27:55.556 I/bt_btif_dm( 1027): packages/modules/Bluetooth/system/btif/src/btif_dm.cc:695 btif_update_remote_properties: class of device (cod) is 0x00050c
05-29 18:27:55.563 E/dangbei111( 1386): cccccc 检查遥控器是否连接: Dangbei E4:BB:D3:57:C0:7D
05-29 18:27:55.568 E/dangbei111( 1386): cccccc 检查遥控器是否连接: 蓝牙的结果 Dangbei E4:BB:D3:57:C0:7D false
05-29 18:27:55.568 E/dangbei111( 1386): cccccc input中没有遥控器 存在 先什么都不操作 返回false
05-29 18:27:55.572 E/dangbei111( 1386): cccccc 开始扫描
05-29 18:27:55.572 D/BluetoothAdapter( 1386): isLeEnabled(): ON
05-29 18:27:55.574 E/dangbei111( 1386): cccccc scan 得到的设备和状态 Dangbei E4:BB:D3:57:C0:7D 12
05-29 18:27:55.578 E/dangbei111( 1386): cccccc 取消pair Dangbei E4:BB:D3:57:C0:7D 12
05-29 18:27:55.578 I/BluetoothDevice( 1386): removeBond() for device XX:XX:XX:XX:C0:7D called by pid: 1386 tid: 1386
05-29 18:27:55.582 E/dangbei111( 1386): cccccc 搜索到bond 什么都不处理 Dangbei E4:BB:D3:57:C0:7D
05-29 18:27:55.583 I/bt_btif_dm( 1027): packages/modules/Bluetooth/system/btif/src/btif_dm.cc:695 btif_update_remote_properties: class of device (cod) is 0x00050c
05-29 18:27:55.592 E/dangbei111( 1386): cccccc 检查遥控器是否连接: Dangbei E4:BB:D3:57:C0:7D
05-29 18:27:55.595 E/dangbei111( 1386): cccccc 检查遥控器是否连接: 蓝牙的结果 Dangbei E4:BB:D3:57:C0:7D false
05-29 18:27:55.595 E/dangbei111( 1386): cccccc input中没有遥控器 存在 先什么都不操作 返回false
05-29 18:27:55.598 E/dangbei111( 1386): cccccc 开始扫描
05-29 18:27:55.598 D/BluetoothAdapter( 1386): isLeEnabled(): ON
05-29 18:27:55.601 E/dangbei111( 1386): cccccc scan 得到的设备和状态 Dangbei E4:BB:D3:57:C0:7D 12
05-29 18:27:55.605 E/dangbei111( 1386): cccccc 取消pair Dangbei E4:BB:D3:57:C0:7D 12
05-29 18:27:55.606 I/BluetoothDevice( 1386): removeBond() for device XX:XX:XX:XX:C0:7D called by pid: 1386 tid: 1386
05-29 18:27:55.610 E/dangbei111( 1386): cccccc 搜索到bond 什么都不处理 Dangbei E4:BB:D3:57:C0:7D
05-29 18:27:55.635 I/bt_btif_dm( 1027): packages/modules/Bluetooth/system/btif/src/btif_dm.cc:695 btif_update_remote_properties: class of device (cod) is 0x00050c
05-29 18:27:55.642 E/dangbei111( 1386): cccccc 检查遥控器是否连接: Dangbei E4:BB:D3:57:C0:7D
05-29 18:27:55.647 E/dangbei111( 1386): cccccc 检查遥控器是否连接: 蓝牙的结果 Dangbei E4:BB:D3:57:C0:7D false
05-29 18:27:55.647 E/dangbei111( 1386): cccccc input中没有遥控器 存在 先什么都不操作 返回false
05-29 18:27:55.649 E/dangbei111( 1386): cccccc 开始扫描
05-29 18:27:55.650 D/BluetoothAdapter( 1386): isLeEnabled(): ON
05-29 18:27:55.652 E/dangbei111( 1386): cccccc scan 得到的设备和状态 Dangbei E4:BB:D3:57:C0:7D 12
05-29 18:27:55.657 E/dangbei111( 1386): cccccc 取消pair Dangbei E4:BB:D3:57:C0:7D 12
05-29 18:27:55.657 I/BluetoothDevice( 1386): removeBond() for device XX:XX:XX:XX:C0:7D called by pid: 1386 tid: 1386
05-29 18:27:55.664 E/dangbei111( 1386): cccccc 搜索到bond 什么都不处理 Dangbei E4:BB:D3:57:C0:7D
05-29 18:27:55.666 I/bt_btif_dm( 1027): packages/modules/Bluetooth/system/btif/src/btif_dm.cc:695 btif_update_remote_properties: class of device (cod) is 0x00050c
05-29 18:27:55.674 E/dangbei111( 1386): cccccc 检查遥控器是否连接: Dangbei E4:BB:D3:57:C0:7D
05-29 18:27:55.678 E/dangbei111( 1386): cccccc 检查遥控器是否连接: 蓝牙的结果 Dangbei E4:BB:D3:57:C0:7D false
05-29 18:27:55.679 E/dangbei111( 1386): cccccc input中没有遥控器 存在 先什么都不操作 返回false
05-29 18:27:55.681 E/dangbei111( 1386): cccccc 开始扫描
05-29 18:27:55.681 D/BluetoothAdapter( 1386): isLeEnabled(): ON
05-29 18:27:55.683 E/dangbei111( 1386): cccccc scan 得到的设备和状态 Dangbei E4:BB:D3:57:C0:7D 12
05-29 18:27:55.688 E/dangbei111( 1386): cccccc 取消pair Dangbei E4:BB:D3:57:C0:7D 12
05-29 18:27:55.688 I/BluetoothDevice( 1386): removeBond() for device XX:XX:XX:XX:C0:7D called by pid: 1386 tid: 1386
05-29 18:27:55.690 I/bt_btif_dm( 1027): packages/modules/Bluetooth/system/btif/src/btif_dm.cc:695 btif_update_remote_properties: class of device (cod) is 0x00050c
05-29 18:27:55.694 E/dangbei111( 1386): cccccc 搜索到bond 什么都不处理 Dangbei E4:BB:D3:57:C0:7D
05-29 18:27:55.701 E/dangbei111( 1386): cccccc 检查遥控器是否连接: Dangbei E4:BB:D3:57:C0:7D
05-29 18:27:55.704 E/dangbei111( 1386): cccccc 检查遥控器是否连接: 蓝牙的结果 Dangbei E4:BB:D3:57:C0:7D false
05-29 18:27:55.704 E/dangbei111( 1386): cccccc input中没有遥控器 存在 先什么都不操作 返回false
05-29 18:27:55.707 E/dangbei111( 1386): cccccc 开始扫描
05-29 18:27:55.707 D/BluetoothAdapter( 1386): isLeEnabled(): ON
05-29 18:27:55.709 E/dangbei111( 1386): cccccc scan 得到的设备和状态 Dangbei E4:BB:D3:57:C0:7D 12
05-29 18:27:55.714 E/dangbei111( 1386): cccccc 取消pair Dangbei E4:BB:D3:57:C0:7D 12
05-29 18:27:55.714 I/BluetoothDevice( 1386): removeBond() for device XX:XX:XX:XX:C0:7D called by pid: 1386 tid: 1386
05-29 18:27:55.719 I/bt_btif_dm( 1027): packages/modules/Bluetooth/system/btif/src/btif_dm.cc:695 btif_update_remote_properties: class of device (cod) is 0x00050c
05-29 18:27:55.719 E/dangbei111( 1386): cccccc 搜索到bond 什么都不处理 Dangbei E4:BB:D3:57:C0:7D
05-29 18:27:55.728 E/dangbei111( 1386): cccccc 检查遥控器是否连接: Dangbei E4:BB:D3:57:C0:7D
05-29 18:27:55.731 E/dangbei111( 1386): cccccc 检查遥控器是否连接: 蓝牙的结果 Dangbei E4:BB:D3:57:C0:7D false
05-29 18:27:55.732 E/dangbei111( 1386): cccccc input中没有遥控器 存在 先什么都不操作 返回false
05-29 18:27:55.734 E/dangbei111( 1386): cccccc 开始扫描
05-29 18:27:55.734 D/BluetoothAdapter( 1386): isLeEnabled(): ON
05-29 18:27:55.736 E/dangbei111( 1386): cccccc scan 得到的设备和状态 Dangbei E4:BB:D3:57:C0:7D 12
05-29 18:27:55.740 E/dangbei111( 1386): cccccc 取消pair Dangbei E4:BB:D3:57:C0:7D 12
05-29 18:27:55.740 I/BluetoothDevice( 1386): removeBond() for device XX:XX:XX:XX:C0:7D called by pid: 1386 tid: 1386
05-29 18:27:55.742 I/bt_btif_dm( 1027): packages/modules/Bluetooth/system/btif/src/btif_dm.cc:695 btif_update_remote_properties: class of device (cod) is 0x00050c
05-29 18:27:55.746 E/dangbei111( 1386): cccccc 搜索到bond 什么都不处理 Dangbei E4:BB:D3:57:C0:7D
05-29 18:27:55.753 E/dangbei111( 1386): cccccc 检查遥控器是否连接: Dangbei E4:BB:D3:57:C0:7D
05-29 18:27:55.757 E/dangbei111( 1386): cccccc 检查遥控器是否连接: 蓝牙的结果 Dangbei E4:BB:D3:57:C0:7D false
05-29 18:27:55.757 E/dangbei111( 1386): cccccc input中没有遥控器 存在 先什么都不操作 返回false
05-29 18:27:55.759 E/dangbei111( 1386): cccccc 开始扫描
05-29 18:27:55.760 D/BluetoothAdapter( 1386): isLeEnabled(): ON
05-29 18:27:55.762 E/dangbei111( 1386): cccccc scan 得到的设备和状态 Dangbei E4:BB:D3:57:C0:7D 12
05-29 18:27:55.766 E/dangbei111( 1386): cccccc 取消pair Dangbei E4:BB:D3:57:C0:7D 12
05-29 18:27:55.767 I/BluetoothDevice( 1386): removeBond() for device XX:XX:XX:XX:C0:7D called by pid: 1386 tid: 1386
05-29 18:27:55.771 I/bt_btif_dm( 1027): packages/modules/Bluetooth/system/btif/src/btif_dm.cc:695 btif_update_remote_properties: class of device (cod) is 0x00050c
05-29 18:27:55.772 E/dangbei111( 1386): cccccc 搜索到bond 什么都不处理 Dangbei E4:BB:D3:57:C0:7D
05-29 18:27:55.778 E/dangbei111( 1386): cccccc 检查遥控器是否连接: Dangbei E4:BB:D3:57:C0:7D
05-29 18:27:55.782 E/dangbei111( 1386): cccccc 检查遥控器是否连接: 蓝牙的结果 Dangbei E4:BB:D3:57:C0:7D false
05-29 18:27:55.782 E/dangbei111( 1386): cccccc input中没有遥控器 存在 先什么都不操作 返回false
05-29 18:27:55.785 E/dangbei111( 1386): cccccc 开始扫描
05-29 18:27:55.785 D/BluetoothAdapter( 1386): isLeEnabled(): ON
05-29 18:27:55.788 E/dangbei111( 1386): cccccc scan 得到的设备和状态 Dangbei E4:BB:D3:57:C0:7D 12
05-29 18:27:55.792 E/dangbei111( 1386): cccccc 取消pair Dangbei E4:BB:D3:57:C0:7D 12
05-29 18:27:55.792 I/BluetoothDevice( 1386): removeBond() for device XX:XX:XX:XX:C0:7D called by pid: 1386 tid: 1386
05-29 18:27:55.796 E/dangbei111( 1386): cccccc 搜索到bond 什么都不处理 Dangbei E4:BB:D3:57:C0:7D
05-29 18:27:55.799 I/bt_btif_dm( 1027): packages/modules/Bluetooth/system/btif/src/btif_dm.cc:695 btif_update_remote_properties: class of device (cod) is 0x00050c
05-29 18:27:55.805 E/dangbei111( 1386): cccccc 检查遥控器是否连接: Dangbei E4:BB:D3:57:C0:7D
05-29 18:27:55.808 E/dangbei111( 1386): cccccc 检查遥控器是否连接: 蓝牙的结果 Dangbei E4:BB:D3:57:C0:7D false
05-29 18:27:55.808 E/dangbei111( 1386): cccccc input中没有遥控器 存在 先什么都不操作 返回false
05-29 18:27:55.810 E/dangbei111( 1386): cccccc 开始扫描
05-29 18:27:55.811 D/BluetoothAdapter( 1386): isLeEnabled(): ON
05-29 18:27:55.814 E/dangbei111( 1386): cccccc scan 得到的设备和状态 Dangbei E4:BB:D3:57:C0:7D 12
05-29 18:27:55.819 E/dangbei111( 1386): cccccc 取消pair Dangbei E4:BB:D3:57:C0:7D 12
05-29 18:27:55.819 I/BluetoothDevice( 1386): removeBond() for device XX:XX:XX:XX:C0:7D called by pid: 1386 tid: 1386
05-29 18:27:55.824 E/dangbei111( 1386): cccccc 搜索到bond 什么都不处理 Dangbei E4:BB:D3:57:C0:7D
05-29 18:27:55.827 I/bt_btif_dm( 1027): packages/modules/Bluetooth/system/btif/src/btif_dm.cc:695 btif_update_remote_properties: class of device (cod) is 0x00050c
05-29 18:27:55.833 E/dangbei111( 1386): cccccc 检查遥控器是否连接: Dangbei E4:BB:D3:57:C0:7D
05-29 18:27:55.836 E/dangbei111( 1386): cccccc 检查遥控器是否连接: 蓝牙的结果 Dangbei E4:BB:D3:57:C0:7D false
05-29 18:27:55.836 E/dangbei111( 1386): cccccc input中没有遥控器 存在 先什么都不操作 返回false
05-29 18:27:55.838 E/dangbei111( 1386): cccccc 开始扫描
05-29 18:27:55.838 D/BluetoothAdapter( 1386): isLeEnabled(): ON
05-29 18:27:55.842 E/dangbei111( 1386): cccccc scan 得到的设备和状态 Dangbei E4:BB:D3:57:C0:7D 12
05-29 18:27:55.846 E/dangbei111( 1386): cccccc 取消pair Dangbei E4:BB:D3:57:C0:7D 12
05-29 18:27:55.846 I/BluetoothDevice( 1386): removeBond() for device XX:XX:XX:XX:C0:7D called by pid: 1386 tid: 1386
05-29 18:27:55.851 E/dangbei111( 1386): cccccc 搜索到bond 什么都不处理 Dangbei E4:BB:D3:57:C0:7D
05-29 18:27:55.905 I/bt_btif_dm( 1027): packages/modules/Bluetooth/system/btif/src/btif_dm.cc:695 btif_update_remote_properties: class of device (cod) is 0x00050c
05-29 18:27:55.912 E/dangbei111( 1386): cccccc 检查遥控器是否连接: Dangbei E4:BB:D3:57:C0:7D
05-29 18:27:55.916 E/dangbei111( 1386): cccccc 检查遥控器是否连接: 蓝牙的结果 Dangbei E4:BB:D3:57:C0:7D false
05-29 18:27:55.916 E/dangbei111( 1386): cccccc input中没有遥控器 存在 先什么都不操作 返回false
05-29 18:27:55.918 E/dangbei111( 1386): cccccc 开始扫描
05-29 18:27:55.918 D/BluetoothAdapter( 1386): isLeEnabled(): ON
05-29 18:27:55.921 E/dangbei111( 1386): cccccc scan 得到的设备和状态 Dangbei E4:BB:D3:57:C0:7D 12
05-29 18:27:55.924 E/dangbei111( 1386): cccccc 取消pair Dangbei E4:BB:D3:57:C0:7D 12
05-29 18:27:55.924 I/BluetoothDevice( 1386): removeBond() for device XX:XX:XX:XX:C0:7D called by pid: 1386 tid: 1386
05-29 18:27:55.929 E/dangbei111( 1386): cccccc 搜索到bond 什么都不处理 Dangbei E4:BB:D3:57:C0:7D
05-29 18:27:55.933 I/bt_btif_dm( 1027): packages/modules/Bluetooth/system/btif/src/btif_dm.cc:695 btif_update_remote_properties: class of device (cod) is 0x00050c
05-29 18:27:55.942 E/dangbei111( 1386): cccccc 检查遥控器是否连接: Dangbei E4:BB:D3:57:C0:7D
05-29 18:27:55.945 E/dangbei111( 1386): cccccc 检查遥控器是否连接: 蓝牙的结果 Dangbei E4:BB:D3:57:C0:7D false
05-29 18:27:55.945 E/dangbei111( 1386): cccccc input中没有遥控器 存在 先什么都不操作 返回false
05-29 18:27:55.947 E/dangbei111( 1386): cccccc 开始扫描
05-29 18:27:55.947 D/BluetoothAdapter( 1386): isLeEnabled(): ON
05-29 18:27:55.950 E/dangbei111( 1386): cccccc scan 得到的设备和状态 Dangbei E4:BB:D3:57:C0:7D 12
05-29 18:27:55.954 E/dangbei111( 1386): cccccc 取消pair Dangbei E4:BB:D3:57:C0:7D 12
05-29 18:27:55.955 I/BluetoothDevice( 1386): removeBond() for device XX:XX:XX:XX:C0:7D called by pid: 1386 tid: 1386
05-29 18:27:55.960 E/dangbei111( 1386): cccccc 搜索到bond 什么都不处理 Dangbei E4:BB:D3:57:C0:7D
05-29 18:27:55.960 I/bt_btif_dm( 1027): packages/modules/Bluetooth/system/btif/src/btif_dm.cc:695 btif_update_remote_properties: class of device (cod) is 0x00050c
05-29 18:27:55.967 E/dangbei111( 1386): cccccc 检查遥控器是否连接: Dangbei E4:BB:D3:57:C0:7D
05-29 18:27:55.970 E/dangbei111( 1386): cccccc 检查遥控器是否连接: 蓝牙的结果 Dangbei E4:BB:D3:57:C0:7D false
05-29 18:27:55.970 E/dangbei111( 1386): cccccc input中没有遥控器 存在 先什么都不操作 返回false
05-29 18:27:55.974 E/dangbei111( 1386): cccccc 开始扫描
05-29 18:27:55.974 D/BluetoothAdapter( 1386): isLeEnabled(): ON
05-29 18:27:55.979 E/dangbei111( 1386): cccccc scan 得到的设备和状态 Dangbei E4:BB:D3:57:C0:7D 12
05-29 18:27:55.985 E/dangbei111( 1386): cccccc 取消pair Dangbei E4:BB:D3:57:C0:7D 12
05-29 18:27:55.985 I/BluetoothDevice( 1386): removeBond() for device XX:XX:XX:XX:C0:7D called by pid: 1386 tid: 1386
05-29 18:27:55.991 E/dangbei111( 1386): cccccc 搜索到bond 什么都不处理 Dangbei E4:BB:D3:57:C0:7D
05-29 18:27:56.009 I/bt_btif_dm( 1027): packages/modules/Bluetooth/system/btif/src/btif_dm.cc:695 btif_update_remote_properties: class of device (cod) is 0x00050c
05-29 18:27:56.024 E/dangbei111( 1386): cccccc 检查遥控器是否连接: Dangbei E4:BB:D3:57:C0:7D
05-29 18:27:56.027 E/dangbei111( 1386): cccccc 检查遥控器是否连接: 蓝牙的结果 Dangbei E4:BB:D3:57:C0:7D false
05-29 18:27:56.027 E/dangbei111( 1386): cccccc input中没有遥控器 存在 先什么都不操作 返回false
05-29 18:27:56.029 E/dangbei111( 1386): cccccc 开始扫描
05-29 18:27:56.029 D/BluetoothAdapter( 1386): isLeEnabled(): ON
05-29 18:27:56.032 E/dangbei111( 1386): cccccc scan 得到的设备和状态 Dangbei E4:BB:D3:57:C0:7D 12
05-29 18:27:56.037 E/dangbei111( 1386): cccccc 取消pair Dangbei E4:BB:D3:57:C0:7D 12
05-29 18:27:56.037 I/BluetoothDevice( 1386): removeBond() for device XX:XX:XX:XX:C0:7D called by pid: 1386 tid: 1386
05-29 18:27:56.042 E/dangbei111( 1386): cccccc 搜索到bond 什么都不处理 Dangbei E4:BB:D3:57:C0:7D
05-29 18:27:56.055 I/bt_btif_dm( 1027): packages/modules/Bluetooth/system/btif/src/btif_dm.cc:695 btif_update_remote_properties: class of device (cod) is 0x00050c
05-29 18:27:56.064 E/dangbei111( 1386): cccccc 检查遥控器是否连接: Dangbei E4:BB:D3:57:C0:7D
05-29 18:27:56.068 E/dangbei111( 1386): cccccc 检查遥控器是否连接: 蓝牙的结果 Dangbei E4:BB:D3:57:C0:7D false
05-29 18:27:56.068 E/dangbei111( 1386): cccccc input中没有遥控器 存在 先什么都不操作 返回false
05-29 18:27:56.070 E/dangbei111( 1386): cccccc 开始扫描
05-29 18:27:56.070 D/BluetoothAdapter( 1386): isLeEnabled(): ON
05-29 18:27:56.072 E/dangbei111( 1386): cccccc scan 得到的设备和状态 Dangbei E4:BB:D3:57:C0:7D 12
05-29 18:27:56.077 E/dangbei111( 1386): cccccc 取消pair Dangbei E4:BB:D3:57:C0:7D 12
05-29 18:27:56.077 I/BluetoothDevice( 1386): removeBond() for device XX:XX:XX:XX:C0:7D called by pid: 1386 tid: 1386
05-29 18:27:56.084 E/dangbei111( 1386): cccccc 搜索到bond 什么都不处理 Dangbei E4:BB:D3:57:C0:7D
05-29 18:27:56.101 I/bt_btif_dm( 1027): packages/modules/Bluetooth/system/btif/src/btif_dm.cc:695 btif_update_remote_properties: class of device (cod) is 0x00050c
05-29 18:27:56.109 E/dangbei111( 1386): cccccc 检查遥控器是否连接: Dangbei E4:BB:D3:57:C0:7D
05-29 18:27:56.115 E/dangbei111( 1386): cccccc 检查遥控器是否连接: 蓝牙的结果 Dangbei E4:BB:D3:57:C0:7D false
05-29 18:27:56.115 E/dangbei111( 1386): cccccc input中没有遥控器 存在 先什么都不操作 返回false
05-29 18:27:56.118 E/dangbei111( 1386): cccccc 开始扫描
05-29 18:27:56.118 D/BluetoothAdapter( 1386): isLeEnabled(): ON
05-29 18:27:56.120 E/dangbei111( 1386): cccccc scan 得到的设备和状态 Dangbei E4:BB:D3:57:C0:7D 12
05-29 18:27:56.124 E/dangbei111( 1386): cccccc 取消pair Dangbei E4:BB:D3:57:C0:7D 12
05-29 18:27:56.124 I/BluetoothDevice( 1386): removeBond() for device XX:XX:XX:XX:C0:7D called by pid: 1386 tid: 1386
05-29 18:27:56.129 E/dangbei111( 1386): cccccc 搜索到bond 什么都不处理 Dangbei E4:BB:D3:57:C0:7D
05-29 18:27:56.152 I/bt_btif_dm( 1027): packages/modules/Bluetooth/system/btif/src/btif_dm.cc:695 btif_update_remote_properties: class of device (cod) is 0x00050c
05-29 18:27:56.161 E/dangbei111( 1386): cccccc 检查遥控器是否连接: Dangbei E4:BB:D3:57:C0:7D
05-29 18:27:56.163 E/dangbei111( 1386): cccccc 检查遥控器是否连接: 蓝牙的结果 Dangbei E4:BB:D3:57:C0:7D false
05-29 18:27:56.164 E/dangbei111( 1386): cccccc input中没有遥控器 存在 先什么都不操作 返回false
05-29 18:27:56.165 E/dangbei111( 1386): cccccc 开始扫描
05-29 18:27:56.166 D/BluetoothAdapter( 1386): isLeEnabled(): ON
05-29 18:27:56.169 E/dangbei111( 1386): cccccc scan 得到的设备和状态 Dangbei E4:BB:D3:57:C0:7D 12
05-29 18:27:56.174 E/dangbei111( 1386): cccccc 取消pair Dangbei E4:BB:D3:57:C0:7D 12
05-29 18:27:56.174 I/BluetoothDevice( 1386): removeBond() for device XX:XX:XX:XX:C0:7D called by pid: 1386 tid: 1386
05-29 18:27:56.179 E/dangbei111( 1386): cccccc 搜索到bond 什么都不处理 Dangbei E4:BB:D3:57:C0:7D
05-29 18:27:56.199 I/bt_btif_dm( 1027): packages/modules/Bluetooth/system/btif/src/btif_dm.cc:695 btif_update_remote_properties: class of device (cod) is 0x00050c
05-29 18:27:56.209 E/dangbei111( 1386): cccccc 检查遥控器是否连接: Dangbei E4:BB:D3:57:C0:7D
05-29 18:27:56.212 E/dangbei111( 1386): cccccc 检查遥控器是否连接: 蓝牙的结果 Dangbei E4:BB:D3:57:C0:7D false
05-29 18:27:56.213 E/dangbei111( 1386): cccccc input中没有遥控器 存在 先什么都不操作 返回false
05-29 18:27:56.215 E/dangbei111( 1386): cccccc 开始扫描
05-29 18:27:56.215 D/BluetoothAdapter( 1386): isLeEnabled(): ON
05-29 18:27:56.218 E/dangbei111( 1386): cccccc scan 得到的设备和状态 Dangbei E4:BB:D3:57:C0:7D 12
05-29 18:27:56.222 E/dangbei111( 1386): cccccc 取消pair Dangbei E4:BB:D3:57:C0:7D 12
05-29 18:27:56.222 I/BluetoothDevice( 1386): removeBond() for device XX:XX:XX:XX:C0:7D called by pid: 1386 tid: 1386
05-29 18:27:56.226 E/dangbei111( 1386): cccccc 搜索到bond 什么都不处理 Dangbei E4:BB:D3:57:C0:7D
05-29 18:27:56.228 I/bt_btif_dm( 1027): packages/modules/Bluetooth/system/btif/src/btif_dm.cc:695 btif_update_remote_properties: class of device (cod) is 0x00050c
05-29 18:27:56.235 E/dangbei111( 1386): cccccc 检查遥控器是否连接: Dangbei E4:BB:D3:57:C0:7D
05-29 18:27:56.239 E/dangbei111( 1386): cccccc 检查遥控器是否连接: 蓝牙的结果 Dangbei E4:BB:D3:57:C0:7D false
05-29 18:27:56.239 E/dangbei111( 1386): cccccc input中没有遥控器 存在 先什么都不操作 返回false
05-29 18:27:56.242 E/dangbei111( 1386): cccccc 开始扫描
05-29 18:27:56.242 D/BluetoothAdapter( 1386): isLeEnabled(): ON
05-29 18:27:56.244 E/dangbei111( 1386): cccccc scan 得到的设备和状态 Dangbei E4:BB:D3:57:C0:7D 12
05-29 18:27:56.248 E/dangbei111( 1386): cccccc 取消pair Dangbei E4:BB:D3:57:C0:7D 12
05-29 18:27:56.248 I/BluetoothDevice( 1386): removeBond() for device XX:XX:XX:XX:C0:7D called by pid: 1386 tid: 1386
05-29 18:27:56.253 E/dangbei111( 1386): cccccc 搜索到bond 什么都不处理 Dangbei E4:BB:D3:57:C0:7D
05-29 18:27:56.258 I/bt_btif_dm( 1027): packages/modules/Bluetooth/system/btif/src/btif_dm.cc:695 btif_update_remote_properties: class of device (cod) is 0x00050c
05-29 18:27:56.264 E/dangbei111( 1386): cccccc 检查遥控器是否连接: Dangbei E4:BB:D3:57:C0:7D
05-29 18:27:56.267 E/dangbei111( 1386): cccccc 检查遥控器是否连接: 蓝牙的结果 Dangbei E4:BB:D3:57:C0:7D false
05-29 18:27:56.267 E/dangbei111( 1386): cccccc input中没有遥控器 存在 先什么都不操作 返回false
05-29 18:27:56.268 E/dangbei111( 1386): cccccc 开始扫描
05-29 18:27:56.269 D/BluetoothAdapter( 1386): isLeEnabled(): ON
05-29 18:27:56.271 E/dangbei111( 1386): cccccc scan 得到的设备和状态 Dangbei E4:BB:D3:57:C0:7D 12
05-29 18:27:56.277 E/dangbei111( 1386): cccccc 取消pair Dangbei E4:BB:D3:57:C0:7D 12
05-29 18:27:56.277 I/BluetoothDevice( 1386): removeBond() for device XX:XX:XX:XX:C0:7D called by pid: 1386 tid: 1386
05-29 18:27:56.282 E/dangbei111( 1386): cccccc 搜索到bond 什么都不处理 Dangbei E4:BB:D3:57:C0:7D
05-29 18:27:56.301 I/bt_btif_dm( 1027): packages/modules/Bluetooth/system/btif/src/btif_dm.cc:695 btif_update_remote_properties: class of device (cod) is 0x00050c
05-29 18:27:56.308 E/dangbei111( 1386): cccccc 检查遥控器是否连接: Dangbei E4:BB:D3:57:C0:7D
05-29 18:27:56.311 E/dangbei111( 1386): cccccc 检查遥控器是否连接: 蓝牙的结果 Dangbei E4:BB:D3:57:C0:7D false
05-29 18:27:56.311 E/dangbei111( 1386): cccccc input中没有遥控器 存在 先什么都不操作 返回false
05-29 18:27:56.314 E/dangbei111( 1386): cccccc 开始扫描
05-29 18:27:56.314 D/BluetoothAdapter( 1386): isLeEnabled(): ON
05-29 18:27:56.317 E/dangbei111( 1386): cccccc scan 得到的设备和状态 Dangbei E4:BB:D3:57:C0:7D 12
05-29 18:27:56.320 I/bt_btif_dm( 1027): packages/modules/Bluetooth/system/btif/src/btif_dm.cc:695 btif_update_remote_properties: class of device (cod) is 0x00050c
05-29 18:27:56.324 E/dangbei111( 1386): cccccc 取消pair Dangbei E4:BB:D3:57:C0:7D 12
05-29 18:27:56.324 I/BluetoothDevice( 1386): removeBond() for device XX:XX:XX:XX:C0:7D called by pid: 1386 tid: 1386
05-29 18:27:56.327 E/dangbei111( 1386): cccccc 搜索到bond 什么都不处理 Dangbei E4:BB:D3:57:C0:7D
05-29 18:27:56.332 E/dangbei111( 1386): cccccc 检查遥控器是否连接: Dangbei E4:BB:D3:57:C0:7D
05-29 18:27:56.336 E/dangbei111( 1386): cccccc 检查遥控器是否连接: 蓝牙的结果 Dangbei E4:BB:D3:57:C0:7D false
05-29 18:27:56.336 E/dangbei111( 1386): cccccc input中没有遥控器 存在 先什么都不操作 返回false
05-29 18:27:56.339 E/dangbei111( 1386): cccccc 开始扫描
05-29 18:27:56.339 D/BluetoothAdapter( 1386): isLeEnabled(): ON
05-29 18:27:56.341 E/dangbei111( 1386): cccccc scan 得到的设备和状态 Dangbei E4:BB:D3:57:C0:7D 12
05-29 18:27:56.346 I/bt_btif_dm( 1027): packages/modules/Bluetooth/system/btif/src/btif_dm.cc:695 btif_update_remote_properties: class of device (cod) is 0x00050c
05-29 18:27:56.347 E/dangbei111( 1386): cccccc 取消pair Dangbei E4:BB:D3:57:C0:7D 12
05-29 18:27:56.347 I/BluetoothDevice( 1386): removeBond() for device XX:XX:XX:XX:C0:7D called by pid: 1386 tid: 1386
05-29 18:27:56.352 E/dangbei111( 1386): cccccc 搜索到bond 什么都不处理 Dangbei E4:BB:D3:57:C0:7D
05-29 18:27:56.358 E/dangbei111( 1386): cccccc 检查遥控器是否连接: Dangbei E4:BB:D3:57:C0:7D
05-29 18:27:56.362 E/dangbei111( 1386): cccccc 检查遥控器是否连接: 蓝牙的结果 Dangbei E4:BB:D3:57:C0:7D false
05-29 18:27:56.363 E/dangbei111( 1386): cccccc input中没有遥控器 存在 先什么都不操作 返回false
05-29 18:27:56.365 E/dangbei111( 1386): cccccc 开始扫描
05-29 18:27:56.365 D/BluetoothAdapter( 1386): isLeEnabled(): ON
05-29 18:27:56.367 E/dangbei111( 1386): cccccc scan 得到的设备和状态 Dangbei E4:BB:D3:57:C0:7D 12
05-29 18:27:56.370 I/bt_btif_dm( 1027): packages/modules/Bluetooth/system/btif/src/btif_dm.cc:695 btif_update_remote_properties: class of device (cod) is 0x00050c
05-29 18:27:56.372 E/dangbei111( 1386): cccccc 取消pair Dangbei E4:BB:D3:57:C0:7D 12
05-29 18:27:56.372 I/BluetoothDevice( 1386): removeBond() for device XX:XX:XX:XX:C0:7D called by pid: 1386 tid: 1386
05-29 18:27:56.376 E/dangbei111( 1386): cccccc 搜索到bond 什么都不处理 Dangbei E4:BB:D3:57:C0:7D
05-29 18:27:56.382 E/dangbei111( 1386): cccccc 检查遥控器是否连接: Dangbei E4:BB:D3:57:C0:7D
05-29 18:27:56.386 E/dangbei111( 1386): cccccc 检查遥控器是否连接: 蓝牙的结果 Dangbei E4:BB:D3:57:C0:7D false
05-29 18:27:56.386 E/dangbei111( 1386): cccccc input中没有遥控器 存在 先什么都不操作 返回false
05-29 18:27:56.388 E/dangbei111( 1386): cccccc 开始扫描
05-29 18:27:56.388 D/BluetoothAdapter( 1386): isLeEnabled(): ON
05-29 18:27:56.391 E/dangbei111( 1386): cccccc scan 得到的设备和状态 Dangbei E4:BB:D3:57:C0:7D 12
05-29 18:27:56.395 I/bt_btif_dm( 1027): packages/modules/Bluetooth/system/btif/src/btif_dm.cc:695 btif_update_remote_properties: class of device (cod) is 0x00050c
05-29 18:27:56.397 E/dangbei111( 1386): cccccc 取消pair Dangbei E4:BB:D3:57:C0:7D 12
05-29 18:27:56.397 I/BluetoothDevice( 1386): removeBond() for device XX:XX:XX:XX:C0:7D called by pid: 1386 tid: 1386
05-29 18:27:56.403 D/nStackXCoAP( 2322): IsInSameNetwork:[276] :IsInSameNetwork exec
05-29 18:27:56.403 I/nStackXDFinder( 2322): GetLocalInterfaceDetail:[461] :GetLocalInterfaceDetail in
05-29 18:27:56.403 E/nStackXCoAP( 2322): IsInSameNetwork:[281] :IsInSameNetwork: not priority process
05-29 18:27:56.403 D/nStackXCoAP( 2322): ParseServiceDiscover:[330] :new device join
05-29 18:27:56.403 I/nStackXDFinder( 2322): NotifyDeviceListChanged:[540] :notify callback: device list changed callback is null
05-29 18:27:56.403 E/nStackXDFinder( 2322): GetLocalIp:[401] :GetLocalIp exec
05-29 18:27:56.404 E/dangbei111( 1386): cccccc 搜索到bond 什么都不处理 Dangbei E4:BB:D3:57:C0:7D
05-29 18:27:56.410 E/dangbei111( 1386): cccccc 检查遥控器是否连接: Dangbei E4:BB:D3:57:C0:7D
05-29 18:27:56.413 E/dangbei111( 1386): cccccc 检查遥控器是否连接: 蓝牙的结果 Dangbei E4:BB:D3:57:C0:7D false
05-29 18:27:56.413 E/dangbei111( 1386): cccccc input中没有遥控器 存在 先什么都不操作 返回false
05-29 18:27:56.417 E/dangbei111( 1386): cccccc 开始扫描
05-29 18:27:56.418 D/BluetoothAdapter( 1386): isLeEnabled(): ON
05-29 18:27:56.420 E/dangbei111( 1386): cccccc scan 得到的设备和状态 Dangbei E4:BB:D3:57:C0:7D 12
05-29 18:27:56.425 E/dangbei111( 1386): cccccc 取消pair Dangbei E4:BB:D3:57:C0:7D 12
05-29 18:27:56.425 I/BluetoothDevice( 1386): removeBond() for device XX:XX:XX:XX:C0:7D called by pid: 1386 tid: 1386
05-29 18:27:56.428 D/nStackXCoAP( 2322): CoapMessageHandler:[133] :2.01
05-29 18:27:56.431 E/dangbei111( 1386): cccccc 搜索到bond 什么都不处理 Dangbei E4:BB:D3:57:C0:7D
05-29 18:27:56.474 I/bt_btif_dm( 1027): packages/modules/Bluetooth/system/btif/src/btif_dm.cc:695 btif_update_remote_properties: class of device (cod) is 0x00050c
05-29 18:27:56.482 E/dangbei111( 1386): cccccc 检查遥控器是否连接: Dangbei E4:BB:D3:57:C0:7D
05-29 18:27:56.486 E/dangbei111( 1386): cccccc 检查遥控器是否连接: 蓝牙的结果 Dangbei E4:BB:D3:57:C0:7D false
05-29 18:27:56.487 E/dangbei111( 1386): cccccc input中没有遥控器 存在 先什么都不操作 返回false
05-29 18:27:56.489 E/dangbei111( 1386): cccccc 开始扫描
05-29 18:27:56.490 D/BluetoothAdapter( 1386): isLeEnabled(): ON
05-29 18:27:56.492 D/nStackXCoAP( 2322): IsInSameNetwork:[276] :IsInSameNetwork exec
05-29 18:27:56.492 I/nStackXDFinder( 2322): GetLocalInterfaceDetail:[461] :GetLocalInterfaceDetail in
05-29 18:27:56.492 E/nStackXCoAP( 2322): IsInSameNetwork:[281] :IsInSameNetwork: not priority process
05-29 18:27:56.492 D/nStackXCoAP( 2322): ParseServiceDiscover:[330] :new device join
05-29 18:27:56.492 E/nStackXDFinder( 2322): GetLocalIp:[401] :GetLocalIp exec
05-29 18:27:56.493 E/dangbei111( 1386): cccccc scan 得到的设备和状态 Dangbei E4:BB:D3:57:C0:7D 12
05-29 18:27:56.496 I/bt_btif_dm( 1027): packages/modules/Bluetooth/system/btif/src/btif_dm.cc:695 btif_update_remote_properties: class of device (cod) is 0x00050c
05-29 18:27:56.498 E/dangbei111( 1386): cccccc 取消pair Dangbei E4:BB:D3:57:C0:7D 12
05-29 18:27:56.499 I/BluetoothDevice( 1386): removeBond() for device XX:XX:XX:XX:C0:7D called by pid: 1386 tid: 1386
05-29 18:27:56.503 E/dangbei111( 1386): cccccc 搜索到bond 什么都不处理 Dangbei E4:BB:D3:57:C0:7D
05-29 18:27:56.509 E/dangbei111( 1386): cccccc 检查遥控器是否连接: Dangbei E4:BB:D3:57:C0:7D
05-29 18:27:56.512 E/dangbei111( 1386): cccccc 检查遥控器是否连接: 蓝牙的结果 Dangbei E4:BB:D3:57:C0:7D false
05-29 18:27:56.512 E/dangbei111( 1386): cccccc input中没有遥控器 存在 先什么都不操作 返回false
05-29 18:27:56.515 E/dangbei111( 1386): cccccc 开始扫描
05-29 18:27:56.515 D/BluetoothAdapter( 1386): isLeEnabled(): ON
05-29 18:27:56.518 E/dangbei111( 1386): cccccc scan 得到的设备和状态 Dangbei E4:BB:D3:57:C0:7D 12
05-29 18:27:56.522 E/dangbei111( 1386): cccccc 取消pair Dangbei E4:BB:D3:57:C0:7D 12
05-29 18:27:56.522 I/BluetoothDevice( 1386): removeBond() for device XX:XX:XX:XX:C0:7D called by pid: 1386 tid: 1386
05-29 18:27:56.525 I/bt_btif_dm( 1027): packages/modules/Bluetooth/system/btif/src/btif_dm.cc:695 btif_update_remote_properties: class of device (cod) is 0x00050c
05-29 18:27:56.527 E/dangbei111( 1386): cccccc 搜索到bond 什么都不处理 Dangbei E4:BB:D3:57:C0:7D
05-29 18:27:56.532 E/dangbei111( 1386): cccccc 检查遥控器是否连接: Dangbei E4:BB:D3:57:C0:7D
05-29 18:27:56.536 E/dangbei111( 1386): cccccc 检查遥控器是否连接: 蓝牙的结果 Dangbei E4:BB:D3:57:C0:7D false
05-29 18:27:56.536 E/dangbei111( 1386): cccccc input中没有遥控器 存在 先什么都不操作 返回false
05-29 18:27:56.539 E/dangbei111( 1386): cccccc 开始扫描
05-29 18:27:56.539 D/BluetoothAdapter( 1386): isLeEnabled(): ON
05-29 18:27:56.541 E/dangbei111( 1386): cccccc scan 得到的设备和状态 Dangbei E4:BB:D3:57:C0:7D 12
05-29 18:27:56.545 E/dangbei111( 1386): cccccc 取消pair Dangbei E4:BB:D3:57:C0:7D 12
05-29 18:27:56.545 I/BluetoothDevice( 1386): removeBond() for device XX:XX:XX:XX:C0:7D called by pid: 1386 tid: 1386
05-29 18:27:56.548 I/bt_btif_dm( 1027): packages/modules/Bluetooth/system/btif/src/btif_dm.cc:695 btif_update_remote_properties: class of device (cod) is 0x00050c
05-29 18:27:56.549 E/dangbei111( 1386): cccccc 搜索到bond 什么都不处理 Dangbei E4:BB:D3:57:C0:7D
05-29 18:27:56.555 E/dangbei111( 1386): cccccc 检查遥控器是否连接: Dangbei E4:BB:D3:57:C0:7D
05-29 18:27:56.559 E/dangbei111( 1386): cccccc 检查遥控器是否连接: 蓝牙的结果 Dangbei E4:BB:D3:57:C0:7D false
05-29 18:27:56.559 E/dangbei111( 1386): cccccc input中没有遥控器 存在 先什么都不操作 返回false
05-29 18:27:56.561 E/dangbei111( 1386): cccccc 开始扫描
05-29 18:27:56.562 D/BluetoothAdapter( 1386): isLeEnabled(): ON
05-29 18:27:56.564 E/dangbei111( 1386): cccccc scan 得到的设备和状态 Dangbei E4:BB:D3:57:C0:7D 12
05-29 18:27:56.568 E/dangbei111( 1386): cccccc 取消pair Dangbei E4:BB:D3:57:C0:7D 12
05-29 18:27:56.568 I/BluetoothDevice( 1386): removeBond() for device XX:XX:XX:XX:C0:7D called by pid: 1386 tid: 1386
05-29 18:27:56.569 D/nStackXCoAP( 2322): CoapMessageHandler:[133] :2.01
05-29 18:27:56.572 E/dangbei111( 1386): cccccc 搜索到bond 什么都不处理 Dangbei E4:BB:D3:57:C0:7D
05-29 18:27:56.577 I/bt_btif_dm( 1027): packages/modules/Bluetooth/system/btif/src/btif_dm.cc:695 btif_update_remote_properties: class of device (cod) is 0x00050c
