05-29 18:26:54.514 I/audio_hw_hal_profile( 475): [out_get_parameters:2089] out:0xe59c0010 query sample rate. Format:PCM_16_BIT(0x1) ++++++++++ hal_format:PCM_16_BIT
05-29 18:26:54.514 D/audio_hw_hal_profile( 475): get_hdmi_sink_cap_new is running...
05-29 18:26:54.514 D/audio_hw_hal_profile( 475): [get_hdmi_sink_cap_new:960] query hdmi sample_rate... format: PCM_16_BIT(0x1)
05-29 18:26:54.514 I/audio_hw_hal_profile( 475): get_hdmi_sink_cap_new format =0x1 support rate =sup_sampling_rates=32000|44100|48000|88200|96000|176400|192000
05-29 18:26:54.514 I/audio_hw_hal_profile( 475): [out_get_parameters:2165] sup_sampling_rates=32000|44100|48000|88200|96000|176400|192000
05-29 18:26:54.515 I/audio_hw_hal_profile( 475): [out_get_parameters:2092] out:0xe59c0010 query channels. Format:PCM_16_BIT(0x1) ++++++++++ hal_format:PCM_16_BIT
05-29 18:26:54.515 D/audio_hw_hal_profile( 475): get_hdmi_sink_cap_new is running...
05-29 18:26:54.515 D/audio_hw_hal_profile( 475): [get_hdmi_sink_cap_new:887] query hdmi channels... format: PCM_16_BIT(0x1)
05-29 18:26:54.515 I/audio_hw_hal_profile( 475): [out_get_parameters:2165] sup_channels=AUDIO_CHANNEL_OUT_STEREO
05-29 18:26:54.515 I/audio_hw_hal_profile( 475): [out_get_parameters:2089] out:0xe59c0010 query sample rate. Format:IEC61937(0xd000000) ++++++++++ hal_format:PCM_16_BIT
05-29 18:26:54.515 D/audio_hw_hal_profile( 475): get_hdmi_sink_cap_new is running...
05-29 18:26:54.515 D/audio_hw_hal_profile( 475): [get_hdmi_sink_cap_new:960] query hdmi sample_rate... format: IEC61937(0xd000000)
05-29 18:26:54.515 I/audio_hw_hal_profile( 475): [out_get_parameters:2165] sup_sampling_rates=8000|11025|16000|22050|24000|32000|44100|48000|128000|176400|192000
05-29 18:26:54.516 I/audio_hw_hal_profile( 475): [out_get_parameters:2092] out:0xe59c0010 query channels. Format:IEC61937(0xd000000) ++++++++++ hal_format:PCM_16_BIT
05-29 18:26:54.516 D/audio_hw_hal_profile( 475): get_hdmi_sink_cap_new is running...
05-29 18:26:54.516 D/audio_hw_hal_profile( 475): [get_hdmi_sink_cap_new:887] query hdmi channels... format: IEC61937(0xd000000)
05-29 18:26:54.516 I/audio_hw_hal_profile( 475): [out_get_parameters:2165] sup_channels=AUDIO_CHANNEL_OUT_MONO|AUDIO_CHANNEL_OUT_STEREO|AUDIO_CHANNEL_OUT_TRI|AUDIO_CHANNEL_OUT_TRI_BACK|AUDIO_CHANNEL_OUT_3POINT1|AUDIO_CHANNEL_OUT_QUAD|AUDIO_CHANNEL_OUT_SURROUND|AUDIO_CHANNEL_OUT_PENTA|AUDIO_CHANNEL_OUT_5POINT1|AUDIO_CHANNEL_OUT_7POINT1
05-29 18:26:54.517 D/audio_hw_hal_primary( 475): [out_dump:848] io 149: out:0xe59c0010, fd:20
05-29 18:26:54.518 I/C2VendorComponentStore( 485): C2VendorComponentStore::createInterface name c2.android.opus.encoder
05-29 18:26:54.518 I/C2VendorComponentStore( 485): findComponent
05-29 18:26:54.519 D/audio_hw_hal_primary( 475): [out_set_parameters:971] out:0xe59c0010 kvpairs:closing=true;exiting=1 out->out_device:0x400, adev->out_device:0x80002
05-29 18:26:54.519 E/audio_hw_hal_primary( 475): out_set_parameters, ret:-2, hw_sync_mode:is false
05-29 18:26:54.520 I/audio_hw_hal_primary( 475): [out_set_event_callback:3158] io 149: out:0xe59c0010, callback:0xe79d791d cookie:0xe81020b0
05-29 18:26:54.522 I/Codec2InfoBuilder( 616): adding type 'audio/opus'
05-29 18:26:54.523 I/C2VendorComponentStore( 485): C2VendorComponentStore::createInterface name c2.android.raw.decoder
05-29 18:26:54.523 I/C2VendorComponentStore( 485): findComponent
05-29 18:26:54.525 I/Codec2InfoBuilder( 616): adding type 'audio/raw'
05-29 18:26:54.526 I/C2VendorComponentStore( 485): C2VendorComponentStore::createInterface name c2.android.vorbis.decoder
05-29 18:26:54.526 I/C2VendorComponentStore( 485): findComponent
05-29 18:26:54.528 I/Codec2InfoBuilder( 616): adding type 'audio/vorbis'
05-29 18:26:54.529 I/C2VendorComponentStore( 485): C2VendorComponentStore::createInterface name c2.android.vp8.decoder
05-29 18:26:54.529 I/C2VendorComponentStore( 485): findComponent
05-29 18:26:54.532 I/audio_hw_hal_primary( 475): [adev_close_output_stream_new:8052] io handle 149: out:0xe59c0010
05-29 18:26:54.532 D/audio_hw_hal_primary( 475): adev_close_output_stream_new: enter usecase = PCM_DIRECT
05-29 18:26:54.532 I/audio_hw_hal_primary( 475): [adev_close_output_stream:3695] io 149: out:0xe59c0010 dev:OUT_HDMI(0x400) flags:0x1, usecase:PCM_DIRECT
05-29 18:26:54.532 D/audio_hw_hal_primary( 475): [out_standby_new:5767] io 149: out:0xe59c0010 usecase:PCM_DIRECT
05-29 18:26:54.532 I/audio_hw_hal_primary( 475): already standby, do nothing
05-29 18:26:54.532 I/audio_hw_hal_resourcemgr( 475): [is_output_device_muted:710] device:0x2 port_mute:0, fade_mute:0
05-29 18:26:54.532 I/audio_hw_hal_primary( 475): [adev_close_output_stream:3863] io 149: out:0xe59c0010 exit ------
05-29 18:26:54.532 D/CompatibilityChangeReporter( 700): Compat change id reported: 161145287; UID 1002; state: ENABLED
05-29 18:26:54.533 I/AudioFlinger( 535): openOutput() this 0xeeec4630, module 10 Device AUDIO_DEVICE_OUT_HDMI, @:, SamplingRate 8000, Format 0xd000000, Channels 0x1, flags 0x1
05-29 18:26:54.533 I/Codec2InfoBuilder( 616): adding type 'video/x-vnd.on2.vp8'
05-29 18:26:54.534 D/audio_hw_hal_primary( 475): [adev_open_output_stream_new:7868] enter: dev=0xe69c14a0 handle=9d devices=0x400/'HDMI,' flags=0x401/'DIRECT,IEC958_NONAUDIO,' config=(rt=8000 ch_mask=0x1 fmt=0xd000000) address=''
05-29 18:26:54.534 D/audio_hw_hal_primary( 475): adev_open_output_stream_new: enter
05-29 18:26:54.534 I/audio_hw_hal_primary( 475): [adev_open_output_stream:3285] io 157: out:0xe59cbaf0 dev:OUT_HDMI(0x400) addr:
05-29 18:26:54.534 I/audio_hw_hal_primary( 475): [adev_open_output_stream:3287] ch_mask:0x1 rate:8000 format:IEC61937(0xd000000) flags:0x401
05-29 18:26:54.534 D/audio_hw_hal_primary( 475): [adev_open_output_stream:3381] current format is IEC61937
05-29 18:26:54.534 I/audio_hw_hal_primary( 475): [adev_open_output_stream:3610] result profile ch_mask:0x1 rate:8000 format:IEC61937(0xd000000) usecase:RAW_DIRECT
05-29 18:26:54.534 I/audio_hw_hal_utils( 475): aml_get_stream_dump_file_name line 2929 file_name /data/vendor/audiohal/stream_pid475_tid674.pcm
05-29 18:26:54.534 I/audio_hw_hal_primary( 475): [adev_open_output_stream_new:8037] io 157: out: 0xe59cbaf0 card:0 alsa devices:0 exit ------
05-29 18:26:54.537 I/audio_hw_hal_primary( 475): [out_get_buffer_size:552] out:0xe59cbaf0 config.rate=8000, format:IEC61937(0xd000000), stream format:IEC61937(0xd000000)
05-29 18:26:54.537 I/audio_hw_hal_primary( 475): out_get_buffer_size AUDIO_FORMAT_IEC61937 buffer size = 4096 frames
05-29 18:26:54.538 I/C2VendorComponentStore( 485): C2VendorComponentStore::createInterface name c2.android.vp8.encoder
05-29 18:26:54.538 I/C2VendorComponentStore( 485): findComponent
05-29 18:26:54.539 I/AudioFlinger( 535): HAL output buffer size 2048 frames, normal sink buffer size 2048 frames
05-29 18:26:54.539 I/audio_hw_hal_primary( 475): [audiohal_get_latency:1333] io 157: out:0xe59cbaf0 frames:1024 rate:8000 whole_latency:128 alsa_latency:128
05-29 18:26:54.541 I/audio_hw_hal_primary( 475): [out_set_event_callback:3158] io 157: out:0xe59cbaf0, callback:0xe79d791d cookie:0xe81007f0
05-29 18:26:54.542 I/audio_hw_hal_primary( 475): [audiohal_get_latency:1333] io 157: out:0xe59cbaf0 frames:1152 rate:8000 whole_latency:144 alsa_latency:144
05-29 18:26:54.543 I/AudioFlinger( 535): AudioFlinger's thread 0xe9360490 tid=1190 ready to run
05-29 18:26:54.543 I/audio_hw_hal_primary( 475): [audiohal_get_latency:1333] io 157: out:0xe59cbaf0 frames:1024 rate:8000 whole_latency:128 alsa_latency:128
05-29 18:26:54.544 I/C2SoftVpxEnc( 623): setting temporal layering 0 + 0
05-29 18:26:54.545 I/C2SoftVpxEnc( 623): setting temporal layering 0 + 0
05-29 18:26:54.547 D/AdapterState( 1027): make() - Creating AdapterState
05-29 18:26:54.548 D/audio_hw_hal_primary( 475): [out_standby_new:5767] io 157: out:0xe59cbaf0 usecase:RAW_DIRECT
05-29 18:26:54.548 I/audio_hw_hal_primary( 475): already standby, do nothing
05-29 18:26:54.549 I/AdapterState( 1027): OFF : entered
05-29 18:26:54.549 D/AdapterProperties( 1027): Setting state to OFF
05-29 18:26:54.549 I/Codec2InfoBuilder( 616): adding type 'video/x-vnd.on2.vp8'
05-29 18:26:54.552 D/BluetoothKeystoreService( 1027): new BluetoothKeystoreService isCommonCriteriaMode: false
05-29 18:26:54.552 D/BluetoothKeystoreService( 1027): start
05-29 18:26:54.554 I/C2VendorComponentStore( 485): C2VendorComponentStore::createInterface name c2.android.vp9.decoder
05-29 18:26:54.554 I/C2VendorComponentStore( 485): findComponent
05-29 18:26:54.556 I/droid.bluetooth( 1027): [0529/182654.556565:INFO:com_android_bluetooth_btservice_BluetoothKeystore.cpp(97)] classInitNative: succeeds
05-29 18:26:54.556 D/BluetoothKeystoreService( 1027): setBluetoothKeystoreService(): set to: com.android.bluetooth.btservice.bluetoothkeystore.BluetoothKeystoreService@112ca1
05-29 18:26:54.562 D/BluetoothKeystoreService( 1027): loadConfigData
05-29 18:26:54.563 I/Codec2InfoBuilder( 616): adding type 'video/x-vnd.on2.vp9'
05-29 18:26:54.563 D/BluetoothKeystoreService( 1027): getCompareResult: 0
05-29 18:26:54.567 I/C2VendorComponentStore( 485): C2VendorComponentStore::createInterface name c2.android.vp9.encoder
05-29 18:26:54.567 I/C2VendorComponentStore( 485): findComponent
05-29 18:26:54.568 D/CompatibilityChangeReporter( 1027): Compat change id reported: 183155436; UID 1002; state: ENABLED
05-29 18:26:54.569 I/C2SoftVpxEnc( 623): setting temporal layering 0 + 0
05-29 18:26:54.569 I/bt_btif ( 1027): packages/modules/Bluetooth/system/btif/src/bluetooth.cc:386 init: init: start restricted = 0 ; common criteria mode = 0, config compare result = 0
05-29 18:26:54.570 I/bt ( 1027): bt_common::init_flags: Flags loaded: asha_packet_drop_frequency_threshold=60asha_phy_update_retry_limit=5always_send_services_if_gatt_disc_done=truealways_use_private_gatt_for_debugging=falseasynchronously_start_l2cap_coc=truebtaa_hci=truebta_dm_clear_conn_id_on_client_close=truebtm_dm_flush_discovery_queue_on_search_cancel=falseclassic_discovery_only=falseclear_hidd_interrupt_cid_on_disconnect=truedelay_hidh_cleanup_until_hidh_ready_start=truedevice_iot_config_logging=falsedynamic_avrcp_version_enhancement=truefinite_att_timeout=truegatt_robust_caching_client=truegatt_robust_caching_server=falsegd_core=falsegd_hal_snoop_logger_socket=truegd_hal_snoop_logger_filtering=truegd_l2cap=falsegd_link_policy=falsegd_remote_name_request=falsegd_rust=falsehci_adapter=0hfp_dynamic_version=trueirk_rotation=falseleaudio_targeted_announcement_reconnection_mode=truepass_phy_update_callback=truepbap_pse_dynamic_version_upgrade=falseperiodic_advertising_adi=trueprivate_gatt=truequeue_l2cap_coc_while_encrypting=trueread_encryption_key_size=trueredact_log=truerust_event_loop=truesco_codec_select_lc3=falsesco_codec_timeout_clear=falsesdp_serialization=truesdp_skip_rnr_if_known=truebluetooth_quality_report_callback=trueset_min_encryption=truesubrating=truetrigger_advertising_callbacks_on_first_resume_after_pause=trueuse_unified_connection_manager=falsesdp_return_classic_services_when_le_discovery_fails=truedefault_log_level=4logging_explicit_tag_settings={}
05-29 18:26:54.571 I/C2SoftVpxEnc( 623): setting temporal layering 0 + 0
05-29 18:26:54.571 I/droid.bluetooth( 1027): [0529/182654.571197:INFO:message_loop_thread.cc(184)] Run: message loop starting for thread bt_stack_manager_thread
05-29 18:26:54.573 D/Codec2InfoBuilder( 616): codec entry for 'c2.android.vp9.encoder' is disabled
05-29 18:26:54.575 I/bt_stack_manager( 1027): packages/modules/Bluetooth/system/btif/src/stack_manager.cc:277 event_init_stack: is initializing the stack
05-29 18:26:54.575 I/droid.bluetooth( 1027): [0529/182654.575813:INFO:message_loop_thread.cc(184)] Run: message loop starting for thread bt_main_thread
05-29 18:26:54.576 I/device_iot_config( 1027): packages/modules/Bluetooth/system/device/src/device_iot_config_int.cc:68 device_iot_config_module_init:
05-29 18:26:54.576 E/droid.bluetooth( 1027): [0529/182654.576280:ERROR:config.cc(106)] config_new: unable to open file '/data/misc/bluedroid/bt_remote_dev_info.conf': No such file or directory
05-29 18:26:54.576 W/device_iot_config( 1027): packages/modules/Bluetooth/system/device/src/device_iot_config_int.cc:83 device_iot_config_module_init: Unable to load config file: /data/misc/bluedroid/bt_remote_dev_info.conf; using backup.
05-29 18:26:54.576 E/droid.bluetooth( 1027): [0529/182654.576436:ERROR:config.cc(106)] config_new: unable to open file '/data/misc/bluedroid/bt_remote_dev_info.bak': No such file or directory
05-29 18:26:54.576 E/device_iot_config( 1027): packages/modules/Bluetooth/system/device/src/device_iot_config_int.cc:89 device_iot_config_module_init: Unable to load bak file; creating empty config.
05-29 18:26:54.576 I/device_iot_config( 1027): packages/modules/Bluetooth/system/device/src/device_iot_config_int.cc:130 device_iot_config_module_init: Devices loaded 0
05-29 18:26:54.577 D/MediaCodecList( 700): codecHandlesFormat: no format, so no extra checks
05-29 18:26:54.578 D/MediaCodecList( 700): codecHandlesFormat: no format, so no extra checks
05-29 18:26:54.578 I/bt_osi_thread( 1027): packages/modules/Bluetooth/system/osi/src/thread.cc:210 run_thread: run_thread: thread id 1200, thread name alarm_default_ca started
05-29 18:26:54.580 I/bt_osi_thread( 1027): packages/modules/Bluetooth/system/osi/src/thread.cc:210 run_thread: run_thread: thread id 1201, thread name alarm_dispatcher started
05-29 18:26:54.582 I/bt_core_module( 1027): packages/modules/Bluetooth/system/btcore/src/module.cc:86 module_start_up: module_start_up Starting module "gd_shim_module"
05-29 18:26:54.582 I/bt_gd_shim( 1027): packages/modules/Bluetooth/system/main/shim/stack.cc:81 StartEverything: StartEverything Starting Gd stack
05-29 18:26:54.583 I/bt_gd_shim( 1027): packages/modules/Bluetooth/system/main/shim/stack.cc:160 Start: Start Starting Gd stack
05-29 18:26:54.583 I/BtGdWakelockNative( 1027): packages/modules/Bluetooth/system/gd/os/android/wakelock_native.cc:79 Initialize: Initializing native wake locks
05-29 18:26:54.588 D/xm_audio( 475): adev_get_parameters
05-29 18:26:54.589 I/BtGdModule( 1027): packages/modules/Bluetooth/system/gd/module.cc:85 Start: Constructing next module
05-29 18:26:54.589 I/BtGdModule( 1027): packages/modules/Bluetooth/system/gd/module.cc:89 Start: Starting dependencies of BluetoothCounterMetrics
05-29 18:26:54.589 I/BtGdModule( 1027): packages/modules/Bluetooth/system/gd/module.cc:93 Start: Finished starting dependencies and calling Start() of BluetoothCounterMetrics
05-29 18:26:54.589 I/BluetoothCounterMetrics( 1027): packages/modules/Bluetooth/system/gd/metrics/counter_metrics.cc:40 Start: Counter metrics initialized
05-29 18:26:54.589 I/BtGdModule( 1027): packages/modules/Bluetooth/system/gd/module.cc:99 Start: Started BluetoothCounterMetrics
05-29 18:26:54.589 I/BtGdModule( 1027): packages/modules/Bluetooth/system/gd/module.cc:85 Start: Constructing next module
05-29 18:26:54.589 I/BtGdModule( 1027): packages/modules/Bluetooth/system/gd/module.cc:89 Start: Starting dependencies of HciHalHidl
05-29 18:26:54.589 I/BtGdModule( 1027): packages/modules/Bluetooth/system/gd/module.cc:85 Start: Constructing next module
05-29 18:26:54.589 I/bluetooth( 1027): packages/modules/Bluetooth/system/gd/common/strings.cc:153 Uint64FromString: cannot parse whole string '0xffff'
05-29 18:26:54.589 I/bluetooth( 1027): packages/modules/Bluetooth/system/gd/hal/snoop_logger.cc:1432 GetBtSnoopMode: btsnoop_mode_empty: 1
05-29 18:26:54.590 I/bluetooth( 1027): packages/modules/Bluetooth/system/gd/hal/snoop_logger.cc:520 SnoopLogger: Snoop Logs disabled
05-29 18:26:54.590 I/bluetooth( 1027): packages/modules/Bluetooth/system/gd/hal/snoop_logger.cc:334 delete_btsnoop_files: Deleting logs if they exist
05-29 18:26:54.590 I/bluetooth( 1027): packages/modules/Bluetooth/system/gd/hal/snoop_logger.cc:340 delete_btsnoop_files: Main log file does not exist at "/data/misc/bluetooth/logs/btsnoop_hci.log.filtered"
05-29 18:26:54.590 I/bluetooth( 1027): packages/modules/Bluetooth/system/gd/hal/snoop_logger.cc:348 delete_btsnoop_files: Last log file does not exist at "/data/misc/bluetooth/logs/btsnoop_hci.log.filtered"
05-29 18:26:54.590 I/bluetooth( 1027): packages/modules/Bluetooth/system/gd/hal/snoop_logger.cc:334 delete_btsnoop_files: Deleting logs if they exist
05-29 18:26:54.590 I/bluetooth( 1027): packages/modules/Bluetooth/system/gd/hal/snoop_logger.cc:340 delete_btsnoop_files: Main log file does not exist at "/data/misc/bluetooth/logs/btsnoop_hci.log"
05-29 18:26:54.590 I/bluetooth( 1027): packages/modules/Bluetooth/system/gd/hal/snoop_logger.cc:348 delete_btsnoop_files: Last log file does not exist at "/data/misc/bluetooth/logs/btsnoop_hci.log"
05-29 18:26:54.590 I/BtGdModule( 1027): packages/modules/Bluetooth/system/gd/module.cc:89 Start: Starting dependencies of SnoopLogger
05-29 18:26:54.590 I/BtGdModule( 1027): packages/modules/Bluetooth/system/gd/module.cc:93 Start: Finished starting dependencies and calling Start() of SnoopLogger
05-29 18:26:54.590 I/BtGdModule( 1027): packages/modules/Bluetooth/system/gd/module.cc:99 Start: Started SnoopLogger
05-29 18:26:54.590 I/BtGdModule( 1027): packages/modules/Bluetooth/system/gd/module.cc:85 Start: Constructing next module
05-29 18:26:54.590 I/BtGdModule( 1027): packages/modules/Bluetooth/system/gd/module.cc:89 Start: Starting dependencies of Btaa Module
05-29 18:26:54.590 I/BtGdModule( 1027): packages/modules/Bluetooth/system/gd/module.cc:93 Start: Finished starting dependencies and calling Start() of Btaa Module
05-29 18:26:54.591 D/CCodec ( 700): allocate(c2.android.vorbis.decoder)
05-29 18:26:54.591 D/CCodec ( 700): allocate(c2.android.vorbis.decoder)
05-29 18:26:54.595 E/btaa ( 1027): packages/modules/Bluetooth/system/gd/btaa/android/activity_attribution.cc:107 impl: No suspend control service available.
05-29 18:26:54.595 I/BtGdModule( 1027): packages/modules/Bluetooth/system/gd/module.cc:99 Start: Started Btaa Module
05-29 18:26:54.595 I/BtGdModule( 1027): packages/modules/Bluetooth/system/gd/module.cc:93 Start: Finished starting dependencies and calling Start() of HciHalHidl
05-29 18:26:54.596 I/Codec2Client( 700): Available Codec2 services: "default" "software"
05-29 18:26:54.597 D/audio_hw_hal_primary( 475): [out_dump:848] io 85: out:0xe59c5d80, fd:20
05-29 18:26:54.597 I/bluetooth( 1027): packages/modules/Bluetooth/system/gd/hal/hci_hal_android_hidl.cc:439 start_hidl: Trying to find a HIDL interface
05-29 18:26:54.598 D/audio_hw_hal_primary( 475): [out_set_parameters:971] out:0xe59c5d80 kvpairs:closing=true;exiting=1 out->out_device:0x400, adev->out_device:0x80002
05-29 18:26:54.598 E/audio_hw_hal_primary( 475): out_set_parameters, ret:-2, hw_sync_mode:is false
05-29 18:26:54.599 I/audio_hw_hal_primary( 475): [out_set_event_callback:3158] io 85: out:0xe59c5d80, callback:0xe79d791d cookie:0xe8101330
05-29 18:26:54.600 I/CCodec ( 700): setting up 'default' as default (vendor) store
05-29 18:26:54.600 I/audio_hw_hal_primary( 475): [adev_close_output_stream_new:8052] io handle 85: out:0xe59c5d80
05-29 18:26:54.600 D/audio_hw_hal_primary( 475): adev_close_output_stream_new: enter usecase = RAW_DIRECT
05-29 18:26:54.600 I/audio_hw_hal_primary( 475): [adev_close_output_stream:3695] io 85: out:0xe59c5d80 dev:OUT_HDMI(0x400) flags:0x11, usecase:RAW_DIRECT
05-29 18:26:54.600 D/audio_hw_hal_primary( 475): [out_standby_new:5767] io 85: out:0xe59c5d80 usecase:RAW_DIRECT
05-29 18:26:54.600 I/audio_hw_hal_primary( 475): already standby, do nothing
05-29 18:26:54.600 I/audio_hw_hal_resourcemgr( 475): [is_output_device_muted:710] device:0x2 port_mute:0, fade_mute:0
05-29 18:26:54.600 I/audio_hw_hal_primary( 475): [adev_close_output_stream:3863] io 85: out:0xe59c5d80 exit ------
05-29 18:26:54.602 I/android.hardware.bluetooth@1.1-impl( 477): BluetoothHci::initialize_1_1()
05-29 18:26:54.602 E/android.hardware.bluetooth@1.0-impl( 477): bt_vendor_acquire_wake_lock call in
05-29 18:26:54.602 I/CCodec ( 700): setting up 'default' as default (vendor) store
05-29 18:26:54.604 D/AudioFlinger( 535): closing mmapThread 0xe9040010
05-29 18:26:54.605 D/AudioFlinger( 535): mmapThread exit()
05-29 18:26:54.605 I/audio_hw_hal_primary( 475): [adev_close_output_stream_new:8052] io handle 101: out:0xe59c3990
05-29 18:26:54.605 D/audio_hw_hal_primary( 475): adev_close_output_stream_new: enter usecase = PCM_MMAP
05-29 18:26:54.605 I/audio_hw_hal_primary( 475): [adev_close_output_stream:3695] io 101: out:0xe59c3990 dev:OUT_HDMI(0x400) flags:0x4001, usecase:PCM_MMAP
05-29 18:26:54.605 D/audio_hw_hal_primary( 475): [out_standby_new:5767] io 101: out:0xe59c3990 usecase:PCM_MMAP
05-29 18:26:54.605 I/audio_hw_hal_primary( 475): already standby, do nothing
05-29 18:26:54.605 I/audio_hw_hal_mmap( 475): [outMmapDeInit:743] stream:0xe59c3990
05-29 18:26:54.605 I/audio_hw_hal_mmap( 475): [mmap_audio_unregister_client:955] OK ! stream 0xe59c3990, client id 0
05-29 18:26:54.605 I/audio_hw_hal_primary( 475): when close aaudio stream, send STANDBY msg to submix & ms12
05-29 18:26:54.605 I/audio_hw_hal_ms12common( 475): aml_set_ms12_scheduler_state ms12_scheduler_state:1, sch_state:1 SCHEDULER_STANDBY is sent to ms12
05-29 18:26:54.605 I/audio_hw_hal_resourcemgr( 475): [is_output_device_muted:710] device:0x2 port_mute:0, fade_mute:0
05-29 18:26:54.605 I/audio_hw_hal_primary( 475): [adev_close_output_stream:3863] io 101: out:0xe59c3990 exit ------
05-29 18:26:54.605 I/C2VendorComponentStore( 485): C2VendorComponentStore::createComponent name c2.android.vorbis.decoder
05-29 18:26:54.605 I/C2VendorComponentStore( 485): findComponent
05-29 18:26:54.606 I/C2VendorComponentStore( 485): C2VendorComponentStore::createComponent name c2.android.vorbis.decoder
05-29 18:26:54.606 I/C2VendorComponentStore( 485): findComponent
05-29 18:26:54.607 I/audio_hw_hal_primary( 475): [audiohal_get_latency:1333] io 157: out:0xe59cbaf0 frames:1024 rate:8000 whole_latency:128 alsa_latency:128
05-29 18:26:54.608 I/audio_hw_hal_primary( 475): [audiohal_get_latency:1333] io 13: out:0xe59c6be0 frames:1024 rate:48000 whole_latency:21 alsa_latency:21
05-29 18:26:54.610 E/android.hardware.bluetooth@1.0-impl( 477): bt_vendor_acquire_wake_lock get lock
05-29 18:26:54.610 I/audio_hw_hal_primary( 475): [audiohal_get_latency:1333] io 141: out:0xe59c2b30 frames:1262 rate:32000 whole_latency:39 alsa_latency:39
05-29 18:26:54.610 E/fwlog_bt( 477): updateLogFile
05-29 18:26:54.611 I/audio_hw_hal_primary( 475): [audiohal_get_latency:1333] io 125: out:0xe59c3260 frames:1152 rate:32000 whole_latency:36 alsa_latency:36
05-29 18:26:54.611 D/audio_hw_hal_primary( 475): [out_dump:848] io 117: out:0xe59c0740, fd:17
05-29 18:26:54.611 I/audio_hw_hal_primary( 475): [audiohal_get_latency:1333] io 69: out:0xe59c1cd0 frames:1152 rate:48000 whole_latency:24 alsa_latency:24
05-29 18:26:54.611 I/audio_hw_hal_primary( 475): [audiohal_get_latency:1333] io 133: out:0xe59c4f20 frames:1152 rate:32000 whole_latency:36 alsa_latency:36
05-29 18:26:54.613 I/audio_hw_hal_primary( 475): [audiohal_get_latency:1333] io 117: out:0xe59c0740 frames:1024 rate:8000 whole_latency:128 alsa_latency:128
05-29 18:26:54.615 D/audio_hw_hal_primary( 475): [out_set_parameters:971] out:0xe59c0740 kvpairs:closing=true;exiting=1 out->out_device:0x400, adev->out_device:0x80002
05-29 18:26:54.615 E/audio_hw_hal_primary( 475): out_set_parameters, ret:-2, hw_sync_mode:is false
05-29 18:26:54.615 I/audio_hw_hal_primary( 475): [adev_set_parameters:4123] dev:0xe69c14a0, kv: hal_param_soundbar_mode=0
05-29 18:26:54.615 D/audio_hw_hal_hfp( 475): [audio_extn_hfp_set_parameters:739] audio_extn_hfp_set_parameters
05-29 18:26:54.615 I/audio_hw_hal_primary( 475): adev_set_parameters enable 0 adev->enable_soundbar_mode 0
05-29 18:26:54.615 I/audio_hw_hal_primary( 475): [out_set_event_callback:3158] io 117: out:0xe59c0740, callback:0xe79d791d cookie:0xe8100df0
05-29 18:26:54.616 I/audio_hw_hal_primary( 475): [adev_close_output_stream_new:8052] io handle 117: out:0xe59c0740
05-29 18:26:54.616 D/audio_hw_hal_primary( 475): adev_close_output_stream_new: enter usecase = RAW_DIRECT
05-29 18:26:54.616 I/audio_hw_hal_primary( 475): [adev_close_output_stream:3695] io 117: out:0xe59c0740 dev:OUT_HDMI(0x400) flags:0x441, usecase:RAW_DIRECT
05-29 18:26:54.616 D/audio_hw_hal_primary( 475): [out_standby_new:5767] io 117: out:0xe59c0740 usecase:RAW_DIRECT
05-29 18:26:54.616 I/audio_hw_hal_primary( 475): already standby, do nothing
05-29 18:26:54.616 I/audio_hw_hal_resourcemgr( 475): [is_output_device_muted:710] device:0x2 port_mute:0, fade_mute:0
05-29 18:26:54.616 I/audio_hw_hal_primary( 475): [adev_close_output_stream:3863] io 117: out:0xe59c0740 exit ------
05-29 18:26:54.619 D/audio_hw_hal_primary( 475): [out_dump:848] io 125: out:0xe59c3260, fd:17
05-29 18:26:54.622 D/audio_hw_hal_primary( 475): [out_set_parameters:971] out:0xe59c3260 kvpairs:closing=true;exiting=1 out->out_device:0x400, adev->out_device:0x80002
05-29 18:26:54.622 E/audio_hw_hal_primary( 475): out_set_parameters, ret:-2, hw_sync_mode:is false
05-29 18:26:54.623 I/audio_hw_hal_primary( 475): [out_set_event_callback:3158] io 125: out:0xe59c3260, callback:0xe79d791d cookie:0xe8101db0
05-29 18:26:54.623 I/audio_hw_hal_primary( 475): [adev_close_output_stream_new:8052] io handle 125: out:0xe59c3260
05-29 18:26:54.623 D/audio_hw_hal_primary( 475): adev_close_output_stream_new: enter usecase = PCM_HWSYNC
05-29 18:26:54.624 D/audio_hw_hal_timer( 475): func:audio_timer_delete delete timer.1 success.
05-29 18:26:54.624 D/audio_hw_hal_timer( 475): func:audio_timer_delete delete timer.2 success.
05-29 18:26:54.624 D/audio_hw_hal_primary( 475): [adev_close_output_stream_new:8076] timer_id:1 ret:2
05-29 18:26:54.624 I/audio_hw_hal_primary( 475): [adev_close_output_stream:3695] io 125: out:0xe59c3260 dev:OUT_HDMI(0x400) flags:0x41, usecase:PCM_HWSYNC
05-29 18:26:54.624 D/audio_hw_hal_primary( 475): [out_standby_new:5767] io 125: out:0xe59c3260 usecase:PCM_HWSYNC
05-29 18:26:54.624 I/audio_hw_hal_primary( 475): already standby, do nothing
05-29 18:26:54.624 I/audio_hw_hal_resourcemgr( 475): [is_output_device_muted:710] device:0x2 port_mute:0, fade_mute:0
05-29 18:26:54.624 I/audio_hw_hal_primary( 475): [adev_close_output_stream:3863] io 125: out:0xe59c3260 exit ------
05-29 18:26:54.624 I/CCodec ( 700): Created component [c2.android.vorbis.decoder]
05-29 18:26:54.625 D/audio_hw_hal_primary( 475): [out_dump:848] io 133: out:0xe59c4f20, fd:17
05-29 18:26:54.626 D/CCodecConfig( 700): read media type: audio/vorbis
05-29 18:26:54.626 I/CCodec ( 700): Created component [c2.android.vorbis.decoder]
05-29 18:26:54.627 D/CCodecConfig( 700): read media type: audio/vorbis
05-29 18:26:54.627 D/audio_hw_hal_primary( 475): [out_set_parameters:971] out:0xe59c4f20 kvpairs:closing=true;exiting=1 out->out_device:0x400, adev->out_device:0x80002
05-29 18:26:54.627 E/audio_hw_hal_primary( 475): out_set_parameters, ret:-2, hw_sync_mode:is false
05-29 18:26:54.628 I/audio_hw_hal_primary( 475): [out_set_event_callback:3158] io 133: out:0xe59c4f20, callback:0xe79d791d cookie:0xe8102470
05-29 18:26:54.629 E/fwlog_bt( 477): updateLogFile: to open /data/vendor/fw_log.txt
05-29 18:26:54.629 I/audio_hw_hal_primary( 475): [adev_close_output_stream_new:8052] io handle 133: out:0xe59c4f20
05-29 18:26:54.629 D/audio_hw_hal_primary( 475): adev_close_output_stream_new: enter usecase = RAW_HWSYNC
05-29 18:26:54.629 I/audio_hw_hal_primary( 475): [adev_close_output_stream:3695] io 133: out:0xe59c4f20 dev:OUT_HDMI(0x400) flags:0x51, usecase:RAW_HWSYNC
05-29 18:26:54.629 D/audio_hw_hal_primary( 475): [out_standby_new:5767] io 133: out:0xe59c4f20 usecase:RAW_HWSYNC
05-29 18:26:54.629 I/audio_hw_hal_primary( 475): already standby, do nothing
05-29 18:26:54.629 I/audio_hw_hal_resourcemgr( 475): [is_output_device_muted:710] device:0x2 port_mute:0, fade_mute:0
05-29 18:26:54.629 I/audio_hw_hal_primary( 475): [adev_close_output_stream:3863] io 133: out:0xe59c4f20 exit ------
05-29 18:26:54.629 I/android.hardware.bluetooth@1.0-impl( 477): [Open-284]: ro.vendor.btmodule:multibt
05-29 18:26:54.630 E/Multi_BT( 477): [get_config_param-707]: debug config file not exist
05-29 18:26:54.630 I/Multi_BT( 477): [get_bt_prop-353]: bt_prop_val dev_name:aml_w2_s, mod_name:, vnd_lib_name:libbt-vendor_amlMulti.so, wifi_bt_name:,
05-29 18:26:54.630 I/android.hardware.bluetooth@1.0-impl( 477): [Open-290]: cur dev_name:aml_w2_s, wifi_bt_name:, libbt_vendor:libbt-vendor_amlMulti.so,
05-29 18:26:54.630 I/Multi_BT( 477): [mailbox_qca_bt_name-280]: bt_name:aml_w2_s, not qca6174
05-29 18:26:54.630 I/Multi_BT( 477): [get_aml_bt_module-445]: get aml bt module: aml_w2_s
05-29 18:26:54.630 I/Multi_BT( 477): [aml_special_handle-658]: aml modules need rmmod wifi_comm
05-29 18:26:54.630 E/Multi_BT( 477): [rmmod-641]: Unable to unload driver module wifi_comm
05-29 18:26:54.630 I/Multi_BT( 477): [matching_dev_name-418]: matched dev_name:aml_w2_s, cnt:9
05-29 18:26:54.630 D/audio_hw_hal_primary( 475): [out_dump:848] io 141: out:0xe59c2b30, fd:17
05-29 18:26:54.630 I/Multi_BT( 477): [clr_bt_power_bit-798]: aml w2_s needn't clr bt power bit
05-29 18:26:54.631 I/android.hardware.bluetooth@1.0-impl( 477): [Open-310]: open vnd_lib_name:libbt-vendor_aml.so
05-29 18:26:54.632 D/audio_hw_hal_primary( 475): [out_set_parameters:971] out:0xe59c2b30 kvpairs:closing=true;exiting=1 out->out_device:0x400, adev->out_device:0x80002
05-29 18:26:54.632 E/audio_hw_hal_primary( 475): out_set_parameters, ret:-2, hw_sync_mode:is false
05-29 18:26:54.633 D/ReflectedParamUpdater( 700): extent() != 1 for single value type: algo.buffers.max-count.values
05-29 18:26:54.633 I/audio_hw_hal_primary( 475): [out_set_event_callback:3158] io 141: out:0xe59c2b30, callback:0xe79d791d cookie:0xe8101690
05-29 18:26:54.635 I/audio_hw_hal_primary( 475): [adev_close_output_stream_new:8052] io handle 141: out:0xe59c2b30
05-29 18:26:54.635 D/audio_hw_hal_primary( 475): adev_close_output_stream_new: enter usecase = RAW_DIRECT
05-29 18:26:54.635 I/audio_hw_hal_primary( 475): [adev_close_output_stream:3695] io 141: out:0xe59c2b30 dev:OUT_HDMI(0x400) flags:0x1, usecase:RAW_DIRECT
05-29 18:26:54.635 D/audio_hw_hal_primary( 475): [out_standby_new:5767] io 141: out:0xe59c2b30 usecase:RAW_DIRECT
05-29 18:26:54.635 I/audio_hw_hal_primary( 475): already standby, do nothing
05-29 18:26:54.635 I/audio_hw_hal_resourcemgr( 475): [is_output_device_muted:710] device:0x2 port_mute:0, fade_mute:0
05-29 18:26:54.635 I/audio_hw_hal_primary( 475): [adev_close_output_stream:3863] io 141: out:0xe59c2b30 exit ------
05-29 18:26:54.635 D/ReflectedParamUpdater( 700): extent() != 1 for single value type: output.subscribed-indices.values
05-29 18:26:54.636 D/ReflectedParamUpdater( 700): extent() != 1 for single value type: input.buffers.allocator-ids.values
05-29 18:26:54.636 D/ReflectedParamUpdater( 700): extent() != 1 for single value type: output.buffers.allocator-ids.values
05-29 18:26:54.636 D/ReflectedParamUpdater( 700): extent() != 1 for single value type: algo.buffers.allocator-ids.values
05-29 18:26:54.637 D/audio_hw_hal_primary( 475): [out_dump:848] io 157: out:0xe59cbaf0, fd:17
05-29 18:26:54.637 D/ReflectedParamUpdater( 700): extent() != 1 for single value type: output.buffers.pool-ids.values
05-29 18:26:54.638 D/ReflectedParamUpdater( 700): extent() != 1 for single value type: algo.buffers.pool-ids.values
05-29 18:26:54.638 D/audio_hw_hal_primary( 475): [out_set_parameters:971] out:0xe59cbaf0 kvpairs:closing=true;exiting=1 out->out_device:0x400, adev->out_device:0x80002
05-29 18:26:54.638 E/audio_hw_hal_primary( 475): out_set_parameters, ret:-2, hw_sync_mode:is false
05-29 18:26:54.638 D/ReflectedParamUpdater( 700): extent() != 1 for single value type: algo.buffers.max-count.values
05-29 18:26:54.639 I/audio_hw_hal_primary( 475): [out_set_event_callback:3158] io 157: out:0xe59cbaf0, callback:0xe79d791d cookie:0xe81007f0
05-29 18:26:54.639 I/audio_hw_hal_primary( 475): [adev_close_output_stream_new:8052] io handle 157: out:0xe59cbaf0
05-29 18:26:54.639 D/audio_hw_hal_primary( 475): adev_close_output_stream_new: enter usecase = RAW_DIRECT
05-29 18:26:54.639 I/audio_hw_hal_primary( 475): [adev_close_output_stream:3695] io 157: out:0xe59cbaf0 dev:OUT_HDMI(0x400) flags:0x401, usecase:RAW_DIRECT
05-29 18:26:54.639 D/audio_hw_hal_primary( 475): [out_standby_new:5767] io 157: out:0xe59cbaf0 usecase:RAW_DIRECT
05-29 18:26:54.639 I/audio_hw_hal_primary( 475): already standby, do nothing
05-29 18:26:54.639 I/audio_hw_hal_resourcemgr( 475): [is_output_device_muted:710] device:0x2 port_mute:0, fade_mute:0
05-29 18:26:54.639 I/audio_hw_hal_primary( 475): [adev_close_output_stream:3863] io 157: out:0xe59cbaf0 exit ------
05-29 18:26:54.640 I/bt_vendor( 477): amlbt release init 0x2024-0821-1954
05-29 18:26:54.640 I/bt_vendor( 477): I1b034743deac6dfde92346a715774f36b96e2c4b
05-29 18:26:54.640 I/bt_vendor( 477): release base commit:bb2e79fb184ca4ddf6686f77cdb0bf91f6a6fe67
05-29 18:26:54.642 D/ReflectedParamUpdater( 700): extent() != 1 for single value type: output.subscribed-indices.values
05-29 18:26:54.642 I/AS.AudioDeviceInventory( 700): sendDeviceConnectionIntent(dev:0x400 state:0x1 address: name:);
05-29 18:26:54.644 I/AudioService( 700): onAccessoryPlugMediaUnmute newDevice=1024 [hdmi]
05-29 18:26:54.645 D/AudioService( 700): Master mono false
05-29 18:26:54.645 D/ReflectedParamUpdater( 700): extent() != 1 for single value type: input.buffers.allocator-ids.values
05-29 18:26:54.645 D/ReflectedParamUpdater( 700): extent() != 1 for single value type: output.buffers.allocator-ids.values
05-29 18:26:54.645 I/CCodecConfig( 700): query failed after returning 7 values (BAD_INDEX)
05-29 18:26:54.646 D/AudioService( 700): Master balance 0.000000
05-29 18:26:54.646 D/CCodecConfig( 700): c2 config diff is Dict {
05-29 18:26:54.646 D/CCodecConfig( 700): c2::u32 coded.bitrate.value = 64000
05-29 18:26:54.646 D/CCodecConfig( 700): c2::u32 input.buffers.max-size.value = 32768
05-29 18:26:54.646 D/CCodecConfig( 700): c2::u32 input.delay.value = 0
05-29 18:26:54.646 D/CCodecConfig( 700): string input.media-type.value = "audio/vorbis"
05-29 18:26:54.646 D/CCodecConfig( 700): string output.media-type.value = "audio/raw"
05-29 18:26:54.646 D/CCodecConfig( 700): c2::u32 raw.channel-count.value = 1
05-29 18:26:54.646 D/CCodecConfig( 700): c2::u32 raw.sample-rate.value = 48000
05-29 18:26:54.646 D/CCodecConfig( 700): }
05-29 18:26:54.646 D/ReflectedParamUpdater( 700): extent() != 1 for single value type: algo.buffers.allocator-ids.values
05-29 18:26:54.647 D/AudioService( 700): Master mute false, user=0
05-29 18:26:54.648 D/ReflectedParamUpdater( 700): extent() != 1 for single value type: output.buffers.pool-ids.values
05-29 18:26:54.648 D/ReflectedParamUpdater( 700): extent() != 1 for single value type: algo.buffers.pool-ids.values
05-29 18:26:54.649 D/AudioService( 700): Mic mute false, user=0
05-29 18:26:54.650 D/AudioService( 700): Mic mute false, user=0
05-29 18:26:54.651 I/CCodecConfig( 700): query failed after returning 7 values (BAD_INDEX)
05-29 18:26:54.652 D/CCodecConfig( 700): c2 config diff is Dict {
05-29 18:26:54.652 D/CCodecConfig( 700): c2::u32 coded.bitrate.value = 64000
05-29 18:26:54.652 D/CCodecConfig( 700): c2::u32 input.buffers.max-size.value = 32768
05-29 18:26:54.652 D/CCodecConfig( 700): c2::u32 input.delay.value = 0
05-29 18:26:54.652 D/CCodecConfig( 700): string input.media-type.value = "audio/vorbis"
05-29 18:26:54.652 D/CCodecConfig( 700): string output.media-type.value = "audio/raw"
05-29 18:26:54.652 D/CCodecConfig( 700): c2::u32 raw.channel-count.value = 1
05-29 18:26:54.652 D/CCodecConfig( 700): c2::u32 raw.sample-rate.value = 48000
05-29 18:26:54.652 D/CCodecConfig( 700): }
05-29 18:26:54.653 D/MediaCodec( 700): flushMediametrics
05-29 18:26:54.654 D/CCodec ( 700): [c2.android.vorbis.decoder] buffers are bound to CCodec for this session
05-29 18:26:54.654 D/CCodecConfig( 700): no c2 equivalents for durationUs
05-29 18:26:54.654 D/CCodecConfig( 700): no c2 equivalents for track-id
05-29 18:26:54.654 D/CCodecConfig( 700): no c2 equivalents for csd-1
05-29 18:26:54.654 D/CCodecConfig( 700): no c2 equivalents for flags
05-29 18:26:54.654 D/MediaCodec( 700): flushMediametrics
05-29 18:26:54.654 D/CCodec ( 700): [c2.android.vorbis.decoder] buffers are bound to CCodec for this session
05-29 18:26:54.655 D/CCodecConfig( 700): no c2 equivalents for durationUs
05-29 18:26:54.655 D/CCodecConfig( 700): no c2 equivalents for track-id
05-29 18:26:54.655 D/CCodecConfig( 700): no c2 equivalents for csd-1
05-29 18:26:54.655 D/CCodecConfig( 700): no c2 equivalents for flags
05-29 18:26:54.655 D/CCodecConfig( 700): c2 config diff is c2::u32 coded.bitrate.value = 96000
05-29 18:26:54.655 D/CCodecConfig( 700): c2::u32 raw.channel-count.value = 2
05-29 18:26:54.656 W/Codec2Client( 700): query -- param skipped: index = 1107298332.
05-29 18:26:54.656 D/CCodec ( 700): encoding statistics level = 0
05-29 18:26:54.656 D/CCodec ( 700): setup formats input: AMessage(what = 0x00000000) = {
05-29 18:26:54.656 D/CCodec ( 700): int32_t bitrate = 96000
05-29 18:26:54.656 D/CCodec ( 700): int32_t channel-count = 2
05-29 18:26:54.656 D/CCodec ( 700): int32_t max-input-size = 32768
05-29 18:26:54.656 D/CCodec ( 700): string mime = "audio/vorbis"
05-29 18:26:54.656 D/CCodec ( 700): int32_t sample-rate = 48000
05-29 18:26:54.656 D/CCodec ( 700): }
05-29 18:26:54.656 D/CCodec ( 700): setup formats output: AMessage(what = 0x00000000) = {
05-29 18:26:54.656 D/CCodec ( 700): int32_t channel-count = 2
05-29 18:26:54.656 D/CCodec ( 700): string mime = "audio/raw"
05-29 18:26:54.656 D/CCodec ( 700): int32_t sample-rate = 48000
05-29 18:26:54.656 D/CCodec ( 700): int32_t channel-mask = 3
05-29 18:26:54.656 D/CCodec ( 700): int32_t android._config-pcm-encoding = 2
05-29 18:26:54.656 D/CCodec ( 700): }
05-29 18:26:54.657 V/MediaRouter( 918): Audio routes updated: AudioRoutesInfo{ type=HDMI }, a2dp=false
05-29 18:26:54.657 D/AudioService( 700): readVolumeGroupsSettings userSwitch=true
05-29 18:26:54.657 V/MediaRouter( 918): Selecting route: RouteInfo{ name=外部设备, description=null, status=null, category=RouteCategory{ name=系统 types=ROUTE_TYPE_LIVE_AUDIO ROUTE_TYPE_LIVE_VIDEO groupable=false }, supportedTypes=ROUTE_TYPE_LIVE_AUDIO ROUTE_TYPE_LIVE_VIDEO , presentationDisplay=null }
05-29 18:26:54.657 I/MediaRouter( 918): Skip setBluetoothA2dpOn(): types=1, isPlaybackActive()=false, BT route=null
05-29 18:26:54.657 V/AudioService( 700): readSettings: found stored index 14 for group voice_call, device: volume_music_hdmi, User=0
05-29 18:26:54.657 I/CCodecConfig( 700): query failed after returning 7 values (BAD_INDEX)
05-29 18:26:54.658 D/CCodecConfig( 700): c2 config diff is c2::u32 coded.bitrate.value = 140000
05-29 18:26:54.658 V/AudioService( 700): readSettings: found stored index 100 for group voice_call, device: volume_music_0x40000000, User=0
05-29 18:26:54.659 W/Codec2Client( 700): query -- param skipped: index = 1107298332.
05-29 18:26:54.659 D/CCodec ( 700): encoding statistics level = 0
05-29 18:26:54.659 D/CCodec ( 700): setup formats input: AMessage(what = 0x00000000) = {
05-29 18:26:54.659 D/CCodec ( 700): int32_t bitrate = 140000
05-29 18:26:54.659 D/CCodec ( 700): int32_t channel-count = 1
05-29 18:26:54.659 D/CCodec ( 700): int32_t max-input-size = 32768
05-29 18:26:54.659 D/CCodec ( 700): string mime = "audio/vorbis"
05-29 18:26:54.659 D/CCodec ( 700): int32_t sample-rate = 48000
05-29 18:26:54.659 D/CCodec ( 700): }
05-29 18:26:54.659 D/CCodec ( 700): setup formats output: AMessage(what = 0x00000000) = {
05-29 18:26:54.659 D/CCodec ( 700): int32_t channel-count = 1
05-29 18:26:54.659 D/CCodec ( 700): string mime = "audio/raw"
05-29 18:26:54.659 D/CCodec ( 700): int32_t sample-rate = 48000
05-29 18:26:54.659 D/CCodec ( 700): int32_t channel-mask = 1
05-29 18:26:54.659 D/CCodec ( 700): int32_t android._config-pcm-encoding = 2
05-29 18:26:54.659 D/CCodec ( 700): }
05-29 18:26:54.660 W/Codec2Client( 700): query -- param skipped: index = 1342179345.
05-29 18:26:54.660 W/Codec2Client( 700): query -- param skipped: index = 2415921170.
05-29 18:26:54.660 I/CCodecConfig( 700): query failed after returning 7 values (BAD_INDEX)
05-29 18:26:54.661 D/C2Store ( 700): debug.c2.use_dmabufheaps set, forcing DMABUF Heaps
05-29 18:26:54.661 D/C2Store ( 700): Using DMABUF Heaps
05-29 18:26:54.661 I/DMABUFHEAPS( 700): Using : Non-legacy ION heaps
05-29 18:26:54.662 E/bt_vnd_conf( 477): load_aml_stack_conf success to open file '/vendor/firmware/aml_bt.conf'
05-29 18:26:54.662 E/bt_vnd_conf( 477): load_aml_stack_conf BtChip 2
05-29 18:26:54.662 E/bt_vnd_conf( 477): load_aml_stack_conf amlbt_chiptype '2'
05-29 18:26:54.662 E/bt_vnd_conf( 477): load_aml_stack_conf BtPowerOn 2
05-29 18:26:54.662 E/bt_vnd_conf( 477): load_aml_stack_conf amlbt_poweron '2'
05-29 18:26:54.662 E/bt_vnd_conf( 477): load_aml_stack_conf RomCheck 0
05-29 18:26:54.662 E/bt_vnd_conf( 477): load_aml_stack_conf BtRecovery 0
05-29 18:26:54.662 E/bt_vnd_conf( 477): load_aml_stack_conf amlbt_btrecovery '0'
05-29 18:26:54.662 E/bt_vnd_conf( 477): load_aml_stack_conf BtSink 0
05-29 18:26:54.662 E/bt_vnd_conf( 477): load_aml_stack_conf amlbt_btsink '0'
05-29 18:26:54.662 E/bt_vnd_conf( 477): load_aml_stack_conf BtAntenna 2
05-29 18:26:54.662 E/bt_vnd_conf( 477): load_aml_stack_conf amlbt_rftype '2'
05-29 18:26:54.662 E/bt_vnd_conf( 477): load_aml_stack_conf FirmwareMode 1
05-29 18:26:54.662 E/bt_vnd_conf( 477): load_aml_stack_conf amlbt_fw_mode '1'
05-29 18:26:54.662 E/bt_vnd_conf( 477): load_aml_stack_conf ChangePinMux 0
05-29 18:26:54.662 E/bt_vnd_conf( 477): load_aml_stack_conf amlbt_pin_mux '0'
05-29 18:26:54.662 E/bt_vnd_conf( 477): load_aml_stack_conf BrDigitGain 66
05-29 18:26:54.662 E/bt_vnd_conf( 477): load_aml_stack_conf amlbt_br_digit_gain '0x42'
05-29 18:26:54.662 E/bt_vnd_conf( 477): load_aml_stack_conf EdrDigitGain 98
05-29 18:26:54.662 E/bt_vnd_conf( 477): load_aml_stack_conf amlbt_edr_digit_gain '0x62'
05-29 18:26:54.662 E/bt_vnd_conf( 477): load_aml_stack_conf Btfwlog 1
05-29 18:26:54.662 E/bt_vnd_conf( 477): load_aml_stack_conf amlbt_edr_digit_gain '0x1'
05-29 18:26:54.662 E/bt_vnd_conf( 477): load_aml_stack_conf ManfData 0519ff010a0b 051316010406
05-29 18:26:54.662 E/bt_vnd_conf( 477): load_aml_stack_conf manfdata '0519ff010a0b 051316010406' len 25
05-29 18:26:54.663 E/bt_vnd_conf( 477): load_aml_stack_conf manfdata cnt 2 strlen 12
05-29 18:26:54.663 E/bt_vnd_conf( 477): load_aml_stack_conf Btlog 3
05-29 18:26:54.663 E/bt_vnd_conf( 477): load_aml_stack_conf Btfactory 0
05-29 18:26:54.663 E/bt_vnd_conf( 477): load_aml_stack_conf Btsystem 1
05-29 18:26:54.663 D/bt_vendor( 477): [AML_BT] amlbt_transtype_check_by_persist aml_w2_s
05-29 18:26:54.663 D/bt_vendor( 477): [AML_BT] W2S Chip type(3:0:0)
05-29 18:26:54.663 D/bt_vendor( 477): property_get_state: value 0
05-29 18:26:54.663 I/bt_vnd_conf( 477): Attempt to load conf from /vendor/etc/bluetooth/bt_vendor.conf
05-29 18:26:54.663 D/android.hardware.bluetooth@1.0-impl( 477): Open vendor library loaded
05-29 18:26:54.663 D/bt_vendor( 477): op for 0
05-29 18:26:54.663 D/bt_vendor( 477): === power on BT ===
05-29 18:26:54.663 D/bt_vendor( 477): bt_power 0
05-29 18:26:54.663 D/bt_upio ( 477): is_rfkill_disabled ? [0]
05-29 18:26:54.663 E/bt_upio ( 477): break
05-29 18:26:54.663 D/bt_upio ( 477): rfkill_state_path : /sys/class/rfkill/rfkill0/state
05-29 18:26:54.663 D/bt_upio ( 477): upio_power_get read 1
05-29 18:26:54.663 D/bt_upio ( 477): upio_power_get buffer 0 , ret 0
05-29 18:26:54.663 D/bt_vendor( 477): first, set bt power
05-29 18:26:54.663 D/bt_upio ( 477): is_emulator_context : 0
05-29 18:26:54.663 D/bt_upio ( 477): is_rfkill_disabled ? [0]
05-29 18:26:54.665 W/Codec2Client( 700): query -- param skipped: index = 1342179345.
05-29 18:26:54.665 W/Codec2Client( 700): query -- param skipped: index = 2415921170.
05-29 18:26:54.666 W/AudioCapabilities( 700): Unsupported mime audio/vnd.dts.hd;profile=lbr
05-29 18:26:54.666 W/AudioCapabilities( 700): Unsupported mime audio/ffmpeg
05-29 18:26:54.667 W/AudioCapabilities( 700): Unsupported mime audio/mpeg-L1
05-29 18:26:54.667 W/AudioCapabilities( 700): Unsupported mime audio/mpeg-L2
05-29 18:26:54.668 D/AudioService( 700): updateVolumeGroupIndex for stream 0, muted=false, device=1024, index=140, group voice_call Muted=false, Index=14, forceMuteState=false
05-29 18:26:54.668 D/AudioService( 700): applyAllVolumes: apply index 14, group voice_call and device hdmi
05-29 18:26:54.670 W/VideoCapabilities( 700): Unsupported mime video/avs
05-29 18:26:54.670 D/CCodecBufferChannel( 700): [c2.android.vorbis.decoder#261] Created input block pool with allocatorID 16 => poolID 17 - OK (0)
05-29 18:26:54.670 W/VideoCapabilities( 700): Unsupported mime video/avs2
05-29 18:26:54.671 D/C2Store ( 623): debug.c2.use_dmabufheaps set, forcing DMABUF Heaps
05-29 18:26:54.671 D/C2Store ( 623): Using DMABUF Heaps
05-29 18:26:54.671 I/DMABUFHEAPS( 623): Using : Non-legacy ION heaps
05-29 18:26:54.672 W/VideoCapabilities( 700): Unsupported mime video/x-motion-jpeg
05-29 18:26:54.672 D/CCodecBufferChannel( 700): [c2.android.vorbis.decoder#100] Created input block pool with allocatorID 16 => poolID 18 - OK (0)
05-29 18:26:54.672 W/VideoCapabilities( 700): Unrecognized profile/level 0/4 for video/mpeg2
05-29 18:26:54.672 I/VideoCapabilities( 700): Unsupported profile 3 for video/mpeg2
05-29 18:26:54.672 I/VideoCapabilities( 700): Unsupported profile 4 for video/mpeg2
05-29 18:26:54.672 I/VideoCapabilities( 700): Unsupported profile 5 for video/mpeg2
05-29 18:26:54.673 W/VideoCapabilities( 700): Unrecognized profile/level 0/4 for video/mpeg2
05-29 18:26:54.673 I/VideoCapabilities( 700): Unsupported profile 3 for video/mpeg2
05-29 18:26:54.674 I/VideoCapabilities( 700): Unsupported profile 4 for video/mpeg2
05-29 18:26:54.674 I/VideoCapabilities( 700): Unsupported profile 5 for video/mpeg2
05-29 18:26:54.674 I/VideoCapabilities( 700): Unsupported profile 2 for video/mp4v-es
05-29 18:26:54.674 I/VideoCapabilities( 700): Unsupported profile 8 for video/mp4v-es
05-29 18:26:54.674 I/VideoCapabilities( 700): Unsupported profile 16 for video/mp4v-es
05-29 18:26:54.675 I/VideoCapabilities( 700): Unsupported profile 1024 for video/mp4v-es
05-29 18:26:54.675 W/VideoCapabilities( 700): Unsupported mime video/rm10
05-29 18:26:54.676 W/VideoCapabilities( 700): Unsupported mime video/rm20
05-29 18:26:54.676 W/VideoCapabilities( 700): Unsupported mime video/rm30
05-29 18:26:54.677 W/VideoCapabilities( 700): Unsupported mime video/rm40
05-29 18:26:54.677 V/AudioService( 700): readSettings: found stored index 14 for group system, device: volume_music_hdmi, User=0
05-29 18:26:54.677 W/VideoCapabilities( 700): Unsupported mime video/vc1
05-29 18:26:54.678 V/AudioService( 700): readSettings: found stored index 100 for group system, device: volume_music_0x40000000, User=0
05-29 18:26:54.678 W/VideoCapabilities( 700): Unsupported mime video/vc1
05-29 18:26:54.678 I/CCodecBufferChannel( 700): [c2.android.vorbis.decoder#261] Created output block pool with allocatorID 16 => poolID 17 - OK
05-29 18:26:54.680 D/CCodecBufferChannel( 700): [c2.android.vorbis.decoder#261] Configured output block pool ids 17 => OK
05-29 18:26:54.680 D/AudioService( 700): updateVolumeGroupIndex for stream 1, muted=false, device=1024, index=140, group system Muted=false, Index=14, forceMuteState=false
05-29 18:26:54.680 D/AudioService( 700): applyAllVolumes: apply index 14, group system and device hdmi
05-29 18:26:54.680 W/VideoCapabilities( 700): Unsupported mime video/x-vnd.on2.vp6a
05-29 18:26:54.681 W/VideoCapabilities( 700): Unsupported mime video/x-vnd.on2.vp6f
05-29 18:26:54.681 I/CCodecBufferChannel( 700): [c2.android.vorbis.decoder#100] Created output block pool with allocatorID 16 => poolID 18 - OK
05-29 18:26:54.682 D/CCodecBufferChannel( 700): [c2.android.vorbis.decoder#100] Configured output block pool ids 18 => OK
05-29 18:26:54.686 V/AudioService( 700): readSettings: found stored index 14 for group ring, device: volume_music_hdmi, User=0
05-29 18:26:54.686 V/AudioService( 700): readSettings: found stored index 100 for group ring, device: volume_music_0x40000000, User=0
05-29 18:26:54.687 I/C2VendorComponentStore( 485): setDmaBufUsage 5
05-29 18:26:54.688 D/AudioService( 700): updateVolumeGroupIndex for stream 2, muted=false, device=1024, index=140, group ring Muted=false, Index=14, forceMuteState=false
05-29 18:26:54.688 D/AudioService( 700): applyAllVolumes: apply index 14, group ring and device hdmi
05-29 18:26:54.688 I/DMABUFHEAPS( 700): Using DMA-BUF heap named: system
05-29 18:26:54.690 D/SimpleC2Component( 623): Using output block pool with poolID 17 => got 17 - 0
05-29 18:26:54.690 W/VideoCapabilities( 700): Unsupported mime video/wmv1
05-29 18:26:54.691 W/VideoCapabilities( 700): Unsupported mime video/wmv2
05-29 18:26:54.693 D/SimpleC2Component( 623): Using output block pool with poolID 18 => got 18 - 0
05-29 18:26:54.695 V/AudioService( 700): readSettings: found stored index 14 for group alarm, device: volume_music_hdmi, User=0
05-29 18:26:54.695 V/AudioService( 700): readSettings: found stored index 100 for group alarm, device: volume_music_0x40000000, User=0
05-29 18:26:54.702 D/AudioService( 700): updateVolumeGroupIndex for stream 4, muted=false, device=1024, index=140, group alarm Muted=false, Index=14, forceMuteState=false
05-29 18:26:54.702 D/AudioService( 700): applyAllVolumes: apply index 14, group alarm and device hdmi
05-29 18:26:54.702 W/VideoCapabilities( 700): Unsupported mime video/wmv3
05-29 18:26:54.705 D/AudioService( 700): applyAllVolumes: apply default device index 100, group alarm
05-29 18:26:54.708 V/AudioService( 700): readSettings: found stored index 14 for group notification, device: volume_music_hdmi, User=0
05-29 18:26:54.708 V/AudioService( 700): readSettings: found stored index 100 for group notification, device: volume_music_0x40000000, User=0
