05-29 18:27:07.546 D/HiSight-Discovery( 2078): bind success, status Ready
05-29 18:27:07.546 D/HiSight-Discovery( 2078): startAdvertise 2
05-29 18:27:07.546 D/HiSight-Discovery( 2078): stopAdvertise.
05-29 18:27:07.546 D/HiSight-Discovery( 2078): nearFieldStartListen deviceType 46
05-29 18:27:07.547 I/NearFieldManagerImpl( 2322): setDeviceInfo, sDeviceId changes
05-29 18:27:07.547 I/NearFieldManagerImpl( 2322): setDeviceInfo, sDeviceName changes
05-29 18:27:07.548 D/NearFieldManagerImpl( 2322): setServiceData, sServiceData=[], serviceData=[32]
05-29 18:27:07.548 E/NearFieldManager( 2078): setIdnNetworkPriority: networkPortPriority is empty
05-29 18:27:07.548 D/NearFieldManager( 2078): StartListen moduleId: CastPlusDiscoveryModule
05-29 18:27:07.562 I/TDLog ( 2322): TalkingData SDK init...
05-29 18:27:07.562 I/TDLog ( 2322): SDK_VERSION is: Android+TD+V5.0.7 gp Type:Native Build_Num:2141
05-29 18:27:07.562 I/TDLog ( 2322): App ID is: B9D7815EC975466AB1332111FCE62DF5
05-29 18:27:07.562 I/TDLog ( 2322): App Channel is: os
05-29 18:27:07.562 I/TDLog ( 2322): App Custom is:
05-29 18:27:07.562 I/TDLog ( 2322): SDK_OVC is: TDOVC+a3bb7754719798526508b6caad480dd7+SaaS
05-29 18:27:07.563 D/NearFieldManagerImpl( 2322): startListen: moduleId: CastPlusDiscoveryModule
05-29 18:27:07.563 D/NearFieldUtils( 2322): getPreferredIpAddress exec
05-29 18:27:07.563 D/NearFieldUtils( 2322): getPreferredIpAddress by custom priority
05-29 18:27:07.563 D/NearFieldUtils( 2322): getIpByInterfaceSetting customIdnNetworkPriority:[]
05-29 18:27:07.563 D/NearFieldUtils( 2322): getPreferredIpAddress by default priority
05-29 18:27:07.563 D/TrafficStats( 2322): tagSocket(134) with statsTag=0xffffffff, statsUid=-1
05-29 18:27:07.575 D/NearFieldUtils( 2322): to get wlan0 ip address
05-29 18:27:07.575 D/NearFieldUtils( 2322): get wlan0 IP succeed.
05-29 18:27:07.576 D/NearFieldManagerImpl( 2322): sDeviceType: 46
05-29 18:27:07.576 D/NearFieldManagerImpl( 2322): registerDevice() is called.
05-29 18:27:07.578 E/NearFieldManagerUtilsNative( 2322): Begin System.loadLibrary()
05-29 18:27:07.606 D/ActivityManager( 700): freezing 1459 com.android.music
05-29 18:27:07.627 D/TrafficStats( 2322): tagSocket(141) with statsTag=0xffffffff, statsUid=-1
05-29 18:27:07.642 I/HicomNfTimerManager( 2322): epoll fd:136 create success
05-29 18:27:07.642 I/HicomNfTimerManager( 2322): epoll add fd:140--->136 success
05-29 18:27:07.642 I/HicomNfTimerManager( 2322): time fd:140 add to epoll success
05-29 18:27:07.646 D/nStackXDFinder( 2322): NSTACKX_Init:[146] :nstack ctrl creat epollfd 142
05-29 18:27:07.646 I/nStackXDFinder( 2322): InitDefaultInterfaceName:[779] :InitDefaultInterfaceName exec
05-29 18:27:07.646 D/nStackXCoAP( 2322): CoapServerInit:[174] :CoapServerInit is called
05-29 18:27:07.646 E/nStackXDFinder( 2322): GetLocalIp:[401] :GetLocalIp exec
05-29 18:27:07.646 E/nStackXDFinder( 2322): GetLocalIp:[407] :GetLocalIp, ifInfo is null
05-29 18:27:07.646 I/HicomNfMainCtrlManager( 2322): NSTACKX_RegisterDevice is called
05-29 18:27:07.647 D/NearFieldManagerImpl( 2322): Register device success.
05-29 18:27:07.647 I/NearFieldManagerImpl( 2322): serviceName is castPlus
05-29 18:27:07.647 D/NearFieldManagerImpl( 2322): registerCapability() called with: capabilityBitmapNum = 1, capabilityBitmap = [8]
05-29 18:27:07.647 I/HicomNf_java_to_c( 2322): registerCapability, capabilityBitmapNum: 1
05-29 18:27:07.647 I/HicomNfMainCtrlManager( 2322): RegisterCapability: 1, 8
05-29 18:27:07.647 D/NearFieldManagerImpl( 2322): Register capability succeed with capabilityBitmapNum = 1, capabilityBitmap = [8]
05-29 18:27:07.647 D/NearFieldManagerImpl( 2322): registerServiceData() called with: serviceData = 32
05-29 18:27:07.647 D/NearFieldManagerImpl( 2322): registerModule() called with: packageModuleName = com.huawei.connection+CastPlusDiscoveryModule
05-29 18:27:07.647 I/HicomNf_java_to_c( 2322): registerModule, moduleName: com.huawei.connection+CastPlusDiscoveryModule
05-29 18:27:07.647 I/HicomNfMainCtrlManager( 2322): Enter RegisterModule
05-29 18:27:07.647 I/HicomNfRegManager( 2322): RegisterModule OK, add module name com.huawei.connection+CastPlusDiscoveryModule
05-29 18:27:07.648 I/Hisight-DeviceListManager( 2078): init DeviceListManager.
05-29 18:27:07.651 I/nStackXDFinder( 2322): UpdateLocalNetworkInterface:[472] :UpdateLocalNetworkInterface exec,initerfaceName:wlan0
05-29 18:27:07.651 E/nStackXDFinder( 2322): GetLocalIp:[401] :GetLocalIp exec
05-29 18:27:07.651 E/nStackXDFinder( 2322): GetLocalIp:[407] :GetLocalIp, ifInfo is null
05-29 18:27:07.651 I/nStackXDFinder( 2322): UpdateLocalNetworkInterface:[498] :UpdateLocalNetworkInterface copy ip value in default process
05-29 18:27:07.651 E/nStackXDFinder( 2322): GetLocalIp:[401] :GetLocalIp exec
05-29 18:27:07.651 D/nStackXCoAP( 2322): CoapServerInit:[174] :CoapServerInit is called
05-29 18:27:07.651 E/nStackXDFinder( 2322): GetLocalIp:[401] :GetLocalIp exec
05-29 18:27:07.651 I/nStackXUtil( 2322): BindToDevice:[352] :BindToDevice exec
05-29 18:27:07.652 I/nStackXUtil( 2322): GetInterfaceByPriority:[279] :GetInterfaceByPriority exec
05-29 18:27:07.652 I/nStackXUtil( 2322): GetInterfaceByDefault:[309] :GetInterfaceByDefault exec
05-29 18:27:07.652 I/nStackXUtil( 2322): GetInterfaceByDefault:[316] :GetInterfaceByDefault, ndevice name: lo
05-29 18:27:07.652 I/nStackXUtil( 2322): GetInterfaceByDefault:[316] :GetInterfaceByDefault, ndevice name: wlan0
05-29 18:27:07.652 I/nStackXUtil( 2322): BindToDevice:[374] :BindToDevice, Bind localAddr name: wlan0
05-29 18:27:07.652 I/nStackXUtil( 2322): BindToDeviceInner:[191] :binding interface wlan0 success
05-29 18:27:07.653 D/nStackXCoAP( 2322): CoapInitResources:[744] :CoapInitResources g_wlanOrEthContext update
05-29 18:27:07.653 I/nStackXDFinder( 2322): RegisterServiceData:[728] :RegisterServiceData, serviceData=[32]
05-29 18:27:07.655 D/Hisight-DeviceListManager( 2078): get old secret key
05-29 18:27:07.660 E/Hisight-ConnectAuthCallBack( 2078): readSecureFile failed, no such file
05-29 18:27:07.660 W/Hisight-DeviceListManager( 2078): deviceRecords is empty
05-29 18:27:07.660 W/Hisight-DeviceListManager( 2078): occur error, clear all the list
05-29 18:27:07.661 D/Hisight-HiChainAuthControl( 2078): start HiChainAuthControl
05-29 18:27:07.677 I/ConnectAuthJNI( 2078): JNI_OnLoad begin load
05-29 18:27:07.677 I/ConnectAuthJNI( 2078): RegisterNativeMethod begin
05-29 18:27:07.677 I/ConnectAuthJNI( 2078): RegisterNativeMethod end
05-29 18:27:07.677 I/ConnectAuthJNI( 2078): RegisterNativeMethod 1004 methodLen=10
05-29 18:27:07.677 I/ConnectAuthJNI( 2078): RegisterNativeMethod 1007 RegisterNatives=0
05-29 18:27:07.677 I/ConnectAuthJNI( 2078): InitArraylist 1013
05-29 18:27:07.677 I/ConnectAuthJNI( 2078): InitConnectAuthStaticJNIMethod 1114 methodRet=0
05-29 18:27:07.677 E/ConnectAuthJNI( 2078): JNI_OnLoad finish....1138
05-29 18:27:07.677 D/Hisight-HiChainAuthControl( 2078): setupAuthIfNeeded, HiChainInstance hasn't been initialized
05-29 18:27:07.677 I/ConnectAuthJNI( 2078): Java_com_huawei_hisight_security_ConnectAuthNative_nativeSetup 795 call HiChainNativeSetup
05-29 18:27:07.677 I/ConnectAuthJNI( 2078): HiChainNativeSetup 565 registe_log
05-29 18:27:07.678 I/ConnectAuthJNI( 2078): HksStorageRegisterFileCallbacks 245 register hks file callback status =0
05-29 18:27:07.678 I/ConnectAuthJNI( 2078): HksRegisterGetDeviceIdCallback 268 register hks get hardware udid callback status =0
05-29 18:27:07.678 D/ConnectAuthJNI( 2078): [HiChain] get_instance Begin get instance
05-29 18:27:07.678 I/ConnectAuthJNI( 2078): [HKS] hks_service_key_info_init hks init : begin
05-29 18:27:07.678 I/ConnectAuthJNI( 2078): FileRead 113 FileRead
05-29 18:27:07.678 I/ConnectAuthJNI( 2078): FileRead 122 FileRead call readSecureFile begin
05-29 18:27:07.679 E/Hisight-ConnectAuthCallBack( 2078): readSecureFile failed, no such file
05-29 18:27:07.679 W/ConnectAuthJNI( 2078): FileRead 132 FileRead call readSecureFile byteArray is null
05-29 18:27:07.679 I/ConnectAuthJNI( 2078): [HKS] hks_rkc_init RKC init:begin, is_key_info_exist=0
05-29 18:27:07.679 I/ConnectAuthJNI( 2078): [HKS] hks_rkc_init_entropy the entropy is empty
05-29 18:27:07.679 I/ConnectAuthJNI( 2078): FileSize 214 FileSize
05-29 18:27:07.680 I/ConnectAuthJNI( 2078): FileSize 230 fileSize=258
05-29 18:27:07.680 I/ConnectAuthJNI( 2078): FileRead 113 FileRead
05-29 18:27:07.680 I/ConnectAuthJNI( 2078): FileRead 122 FileRead call readSecureFile begin
05-29 18:27:07.682 I/ConnectAuthJNI( 2078): FileRead 135 FileRead call readSecureFile end
05-29 18:27:07.682 I/ConnectAuthJNI( 2078): FileRead 150 fileBuff size 258, buf len 258
05-29 18:27:07.682 I/ConnectAuthJNI( 2078): FileSize 214 FileSize
05-29 18:27:07.693 I/ConnectAuthJNI( 2078): FileSize 230 fileSize=258
05-29 18:27:07.693 I/ConnectAuthJNI( 2078): FileRead 113 FileRead
05-29 18:27:07.693 I/ConnectAuthJNI( 2078): FileRead 122 FileRead call readSecureFile begin
05-29 18:27:07.696 I/ConnectAuthJNI( 2078): FileRead 135 FileRead call readSecureFile end
05-29 18:27:07.696 I/ConnectAuthJNI( 2078): FileRead 150 fileBuff size 258, buf len 258
05-29 18:27:07.698 D/HiSight-SinkService( 2078): setDiscoverable true
05-29 18:27:07.698 I/ConnectAuthJNI( 2078): [HKS] hks_rkc_load_ksf load ksf success
05-29 18:27:07.698 D/HiSight-Discovery( 2078): set deviceInfo type:46
05-29 18:27:07.698 I/ConnectAuthJNI( 2078): [HKS] hks_rkc_init root key component init success
05-29 18:27:07.698 I/ConnectAuthJNI( 2078): [HKS] hks_rkc_init RKC init:end,rc=0
05-29 18:27:07.698 I/ConnectAuthJNI( 2078): [HKS] hks_service_key_info_init hks init : end
05-29 18:27:07.698 I/ConnectAuthJNI( 2078): GetHiChainProtocolParamsCallback 371 GetHiChainProtocolParamsCallback operation_code= 99
05-29 18:27:07.698 I/ConnectAuthJNI( 2078): paramLen is ,=0
05-29 18:27:07.698 I/ConnectAuthJNI( 2078): paramLen is ,=0
05-29 18:27:07.698 I/ConnectAuthJNI( 2078): GetHiChainProtocolParamsCallback 402 GetHiChainProtocolParamsCallback end
05-29 18:27:07.698 D/HiSight-Discovery( 2078): startAdvertise 3
05-29 18:27:07.698 D/HiSight-Discovery( 2078): stopAdvertise.
05-29 18:27:07.698 D/NearFieldManager( 2078): StopListen moduleId: CastPlusDiscoveryModule
05-29 18:27:07.698 D/NearFieldManagerImpl( 2322): stopListen: moduleId: CastPlusDiscoveryModule
05-29 18:27:07.698 D/NearFieldManagerImpl( 2322): registerCapability() called with: capabilityBitmapNum = 1, capabilityBitmap = [0]
05-29 18:27:07.698 I/HicomNf_java_to_c( 2322): registerCapability, capabilityBitmapNum: 1
05-29 18:27:07.698 I/HicomNfMainCtrlManager( 2322): RegisterCapability: 1, 0
05-29 18:27:07.698 D/NearFieldManagerImpl( 2322): Register capability succeed with capabilityBitmapNum = 1, capabilityBitmap = [0]
05-29 18:27:07.699 D/HiSight-Discovery( 2078): nearFieldStartListen deviceType 46
05-29 18:27:07.699 I/ConnectAuthJNI( 2078): [HiChain] get_instance Get instance success
05-29 18:27:07.699 I/ConnectAuthJNI( 2078): Java_com_huawei_hisight_security_ConnectAuthNative_nativeGetHiChainInstance 598 get instance success
05-29 18:27:07.699 D/Hisight-HiChainAuthControl( 2078): destroyAuth
05-29 18:27:07.699 I/ConnectAuthJNI( 2078): Java_com_huawei_hisight_security_ConnectAuthNative_nativeDestroy 603 destroy
05-29 18:27:07.699 D/Hisight-HiChainAuthControl( 2078): setupAuthIfNeeded, HiChainInstance hasn't been initialized
05-29 18:27:07.699 I/ConnectAuthJNI( 2078): Java_com_huawei_hisight_security_ConnectAuthNative_nativeSetup 795 call HiChainNativeSetup
05-29 18:27:07.699 I/ConnectAuthJNI( 2078): HiChainNativeSetup 565 registe_log
05-29 18:27:07.699 I/ConnectAuthJNI( 2078): HksStorageRegisterFileCallbacks 245 register hks file callback status =0
05-29 18:27:07.699 I/ConnectAuthJNI( 2078): HksRegisterGetDeviceIdCallback 268 register hks get hardware udid callback status =0
05-29 18:27:07.699 D/ConnectAuthJNI( 2078): [HiChain] get_instance Begin get instance
05-29 18:27:07.699 I/ConnectAuthJNI( 2078): [HKS] hks_service_key_info_init hks init : begin
05-29 18:27:07.699 I/ConnectAuthJNI( 2078): [HKS] hks_service_key_info_init hks init : end
05-29 18:27:07.700 I/ConnectAuthJNI( 2078): GetHiChainProtocolParamsCallback 371 GetHiChainProtocolParamsCallback operation_code= 99
05-29 18:27:07.700 I/ConnectAuthJNI( 2078): paramLen is ,=0
05-29 18:27:07.700 I/ConnectAuthJNI( 2078): paramLen is ,=0
05-29 18:27:07.700 I/ConnectAuthJNI( 2078): GetHiChainProtocolParamsCallback 402 GetHiChainProtocolParamsCallback end
05-29 18:27:07.700 I/ConnectAuthJNI( 2078): [HiChain] get_instance Get instance success
05-29 18:27:07.700 I/ConnectAuthJNI( 2078): Java_com_huawei_hisight_security_ConnectAuthNative_nativeGetHiChainInstance 598 get instance success
05-29 18:27:07.700 W/ConnectAuthJNI( 2078): GetListTrustPeers 899 trustPeerSize=0
05-29 18:27:07.700 D/Hisight-HiChainAuthControl( 2078): destroyAuth
05-29 18:27:07.700 I/ConnectAuthJNI( 2078): Java_com_huawei_hisight_security_ConnectAuthNative_nativeDestroy 603 destroy
05-29 18:27:07.700 D/Hisight-HiChainAuthControl( 2078): setupAuthIfNeeded, HiChainInstance hasn't been initialized
05-29 18:27:07.700 I/ConnectAuthJNI( 2078): Java_com_huawei_hisight_security_ConnectAuthNative_nativeSetup 795 call HiChainNativeSetup
05-29 18:27:07.700 I/ConnectAuthJNI( 2078): HiChainNativeSetup 565 registe_log
05-29 18:27:07.700 I/ConnectAuthJNI( 2078): HksStorageRegisterFileCallbacks 245 register hks file callback status =0
05-29 18:27:07.700 I/ConnectAuthJNI( 2078): HksRegisterGetDeviceIdCallback 268 register hks get hardware udid callback status =0
05-29 18:27:07.700 D/ConnectAuthJNI( 2078): [HiChain] get_instance Begin get instance
05-29 18:27:07.700 I/ConnectAuthJNI( 2078): [HKS] hks_service_key_info_init hks init : begin
05-29 18:27:07.700 I/ConnectAuthJNI( 2078): [HKS] hks_service_key_info_init hks init : end
05-29 18:27:07.700 I/ConnectAuthJNI( 2078): GetHiChainProtocolParamsCallback 371 GetHiChainProtocolParamsCallback operation_code= 99
05-29 18:27:07.700 I/ConnectAuthJNI( 2078): paramLen is ,=0
05-29 18:27:07.700 I/ConnectAuthJNI( 2078): paramLen is ,=0
05-29 18:27:07.700 I/ConnectAuthJNI( 2078): GetHiChainProtocolParamsCallback 402 GetHiChainProtocolParamsCallback end
05-29 18:27:07.700 I/ConnectAuthJNI( 2078): [HiChain] get_instance Get instance success
05-29 18:27:07.700 I/ConnectAuthJNI( 2078): Java_com_huawei_hisight_security_ConnectAuthNative_nativeGetHiChainInstance 598 get instance success
05-29 18:27:07.700 W/ConnectAuthJNI( 2078): GetListTrustPeers 899 trustPeerSize=0
05-29 18:27:07.701 D/Hisight-DeviceListManager( 2078): init trusted list size: 0
05-29 18:27:07.701 D/HiSight-ConnectionManager( 2078): setAuthInfo, authMode: 1
05-29 18:27:07.706 D/wenhc ( 1431): getScreenInfo uri = content://com.dangbei.screencast.parts.info/screen_cast
05-29 18:27:07.730 D/NearFieldManagerImpl( 2322): setServiceData, sServiceData=[32], serviceData=[32]
05-29 18:27:07.730 E/NearFieldManagerImpl( 2322): setServiceData, serviceData exists
05-29 18:27:07.733 E/NearFieldManager( 2078): setIdnNetworkPriority: networkPortPriority is empty
05-29 18:27:07.733 D/NearFieldManager( 2078): StartListen moduleId: CastPlusDiscoveryModule
05-29 18:27:07.734 D/NearFieldManagerImpl( 2322): startListen: moduleId: CastPlusDiscoveryModule
05-29 18:27:07.734 D/NearFieldUtils( 2322): getPreferredIpAddress exec
05-29 18:27:07.734 D/NearFieldUtils( 2322): getPreferredIpAddress by custom priority
05-29 18:27:07.734 D/NearFieldUtils( 2322): getIpByInterfaceSetting customIdnNetworkPriority:[]
05-29 18:27:07.734 D/NearFieldUtils( 2322): getPreferredIpAddress by default priority
05-29 18:27:07.745 D/NearFieldUtils( 2322): to get wlan0 ip address
05-29 18:27:07.745 D/NearFieldUtils( 2322): get wlan0 IP succeed.
05-29 18:27:07.745 D/NearFieldManagerImpl( 2322): sDeviceType: 46
05-29 18:27:07.745 D/NearFieldManagerImpl( 2322): registerDevice() is called.
05-29 18:27:07.745 I/HicomNfMainCtrlManager( 2322): NSTACKX_RegisterDevice is called
05-29 18:27:07.745 I/nStackXDFinder( 2322): UpdateLocalNetworkInterface:[472] :UpdateLocalNetworkInterface exec,initerfaceName:wlan0
05-29 18:27:07.745 E/nStackXDFinder( 2322): GetLocalIp:[401] :GetLocalIp exec
05-29 18:27:07.745 I/nStackXDFinder( 2322): UpdateLocalNetworkInterface:[498] :UpdateLocalNetworkInterface copy ip value in default process
05-29 18:27:07.745 E/nStackXDFinder( 2322): GetLocalIp:[401] :GetLocalIp exec
05-29 18:27:07.745 I/nStackXDFinder( 2322): UpdateLocalNetworkInterface:[505] :UpdateLocalNetworkInterface: ip not change
05-29 18:27:07.745 D/NearFieldManagerImpl( 2322): Register device success.
05-29 18:27:07.745 I/NearFieldManagerImpl( 2322): serviceName is castPlus
05-29 18:27:07.745 D/NearFieldManagerImpl( 2322): registerCapability() called with: capabilityBitmapNum = 1, capabilityBitmap = [8]
05-29 18:27:07.745 I/HicomNf_java_to_c( 2322): registerCapability, capabilityBitmapNum: 1
05-29 18:27:07.745 I/HicomNfMainCtrlManager( 2322): RegisterCapability: 1, 8
05-29 18:27:07.746 D/NearFieldManagerImpl( 2322): Register capability succeed with capabilityBitmapNum = 1, capabilityBitmap = [8]
05-29 18:27:07.746 D/NearFieldManagerImpl( 2322): registerServiceData() called with: serviceData = 32
05-29 18:27:07.746 D/NearFieldManagerImpl( 2322): registerModule() called with: packageModuleName = com.huawei.connection+CastPlusDiscoveryModule
05-29 18:27:07.746 I/nStackXDFinder( 2322): RegisterServiceData:[728] :RegisterServiceData, serviceData=[32]
05-29 18:27:07.746 D/NearFieldManagerImpl( 2322): registerModule, registered before
05-29 18:27:07.746 I/HicomNf_java_to_c( 2322): registerModule, moduleName: com.huawei.connection+CastPlusDiscoveryModule
05-29 18:27:07.746 I/HicomNfMainCtrlManager( 2322): Enter RegisterModule
05-29 18:27:07.746 I/HicomNfRegManager( 2322): RegisterModule OK, already registered com.huawei.connection+CastPlusDiscoveryModule
05-29 18:27:07.766 D/HiSight-SinkService( 2078): setDiscoverable true
05-29 18:27:07.766 D/HiSight-Discovery( 2078): set deviceInfo type:46
05-29 18:27:07.766 D/HiSight-Discovery( 2078): startAdvertise 3
05-29 18:27:07.766 D/HiSight-Discovery( 2078): stopAdvertise.
05-29 18:27:07.766 D/NearFieldManager( 2078): StopListen moduleId: CastPlusDiscoveryModule
05-29 18:27:07.766 D/NearFieldManagerImpl( 2322): stopListen: moduleId: CastPlusDiscoveryModule
05-29 18:27:07.766 D/NearFieldManagerImpl( 2322): registerCapability() called with: capabilityBitmapNum = 1, capabilityBitmap = [0]
05-29 18:27:07.766 I/HicomNf_java_to_c( 2322): registerCapability, capabilityBitmapNum: 1
05-29 18:27:07.766 I/HicomNfMainCtrlManager( 2322): RegisterCapability: 1, 0
05-29 18:27:07.766 D/NearFieldManagerImpl( 2322): Register capability succeed with capabilityBitmapNum = 1, capabilityBitmap = [0]
05-29 18:27:07.766 D/HiSight-Discovery( 2078): nearFieldStartListen deviceType 46
05-29 18:27:07.769 D/NearFieldManagerImpl( 2322): setServiceData, sServiceData=[32], serviceData=[32]
05-29 18:27:07.769 E/NearFieldManagerImpl( 2322): setServiceData, serviceData exists
05-29 18:27:07.769 E/NearFieldManager( 2078): setIdnNetworkPriority: networkPortPriority is empty
05-29 18:27:07.769 D/NearFieldManager( 2078): StartListen moduleId: CastPlusDiscoveryModule
05-29 18:27:07.769 D/NearFieldManagerImpl( 2322): startListen: moduleId: CastPlusDiscoveryModule
05-29 18:27:07.769 D/NearFieldUtils( 2322): getPreferredIpAddress exec
05-29 18:27:07.769 D/NearFieldUtils( 2322): getPreferredIpAddress by custom priority
05-29 18:27:07.769 D/NearFieldUtils( 2322): getIpByInterfaceSetting customIdnNetworkPriority:[]
05-29 18:27:07.769 D/NearFieldUtils( 2322): getPreferredIpAddress by default priority
05-29 18:27:07.770 D/wenhc ( 1431): getScreenInfo uri = content://com.dangbei.screencast.parts.info/screen_cast
05-29 18:27:07.778 D/NearFieldUtils( 2322): to get wlan0 ip address
05-29 18:27:07.778 D/NearFieldUtils( 2322): get wlan0 IP succeed.
05-29 18:27:07.778 D/NearFieldManagerImpl( 2322): sDeviceType: 46
05-29 18:27:07.778 D/NearFieldManagerImpl( 2322): registerDevice() is called.
05-29 18:27:07.778 I/HicomNfMainCtrlManager( 2322): NSTACKX_RegisterDevice is called
05-29 18:27:07.778 D/NearFieldManagerImpl( 2322): Register device success.
05-29 18:27:07.778 I/NearFieldManagerImpl( 2322): serviceName is castPlus
05-29 18:27:07.778 I/nStackXDFinder( 2322): UpdateLocalNetworkInterface:[472] :UpdateLocalNetworkInterface exec,initerfaceName:wlan0
05-29 18:27:07.778 E/nStackXDFinder( 2322): GetLocalIp:[401] :GetLocalIp exec
05-29 18:27:07.778 I/nStackXDFinder( 2322): UpdateLocalNetworkInterface:[498] :UpdateLocalNetworkInterface copy ip value in default process
05-29 18:27:07.778 E/nStackXDFinder( 2322): GetLocalIp:[401] :GetLocalIp exec
05-29 18:27:07.778 I/nStackXDFinder( 2322): UpdateLocalNetworkInterface:[505] :UpdateLocalNetworkInterface: ip not change
05-29 18:27:07.778 D/NearFieldManagerImpl( 2322): registerCapability() called with: capabilityBitmapNum = 1, capabilityBitmap = [8]
05-29 18:27:07.778 I/HicomNf_java_to_c( 2322): registerCapability, capabilityBitmapNum: 1
05-29 18:27:07.778 I/HicomNfMainCtrlManager( 2322): RegisterCapability: 1, 8
05-29 18:27:07.778 D/NearFieldManagerImpl( 2322): Register capability succeed with capabilityBitmapNum = 1, capabilityBitmap = [8]
05-29 18:27:07.778 D/NearFieldManagerImpl( 2322): registerServiceData() called with: serviceData = 32
05-29 18:27:07.778 I/nStackXDFinder( 2322): RegisterServiceData:[728] :RegisterServiceData, serviceData=[32]
05-29 18:27:07.778 D/NearFieldManagerImpl( 2322): registerModule() called with: packageModuleName = com.huawei.connection+CastPlusDiscoveryModule
05-29 18:27:07.778 D/NearFieldManagerImpl( 2322): registerModule, registered before
05-29 18:27:07.778 I/HicomNf_java_to_c( 2322): registerModule, moduleName: com.huawei.connection+CastPlusDiscoveryModule
05-29 18:27:07.778 I/HicomNfMainCtrlManager( 2322): Enter RegisterModule
05-29 18:27:07.779 I/HicomNfRegManager( 2322): RegisterModule OK, already registered com.huawei.connection+CastPlusDiscoveryModule
05-29 18:27:07.779 E/HuaweiCastService( 2078): onStartCommand in 0
05-29 18:27:07.816 D/TrafficStats( 2078): tagSocket(155) with statsTag=0xffffffff, statsUid=-1
05-29 18:27:07.872 D/TrafficStats( 2322): tagSocket(134) with statsTag=0xffffffff, statsUid=-1
05-29 18:27:07.982 D/NearFieldManagerImpl( 2322): onReceive action get:android.net.conn.CONNECTIVITY_CHANGE
05-29 18:27:07.983 W/efs.info.manager( 2322): network change: wifi
05-29 18:27:07.983 D/NearFieldUtils( 2322): getPreferredIpAddress exec
05-29 18:27:07.983 D/NearFieldUtils( 2322): getPreferredIpAddress by custom priority
05-29 18:27:07.983 D/NearFieldUtils( 2322): getIpByInterfaceSetting customIdnNetworkPriority:[]
05-29 18:27:07.983 D/NearFieldUtils( 2322): getPreferredIpAddress by default priority
05-29 18:27:07.988 D/NearFieldUtils( 2322): to get wlan0 ip address
05-29 18:27:07.988 D/NearFieldUtils( 2322): get wlan0 IP succeed.
05-29 18:27:07.988 E/NearFieldManagerImpl( 2322): notifyByPriority: interfaceNameInUse is null
05-29 18:27:07.989 D/NearFieldManagerImpl( 2322): handleConnectivityAction: notified by default
05-29 18:27:07.991 D/NearFieldUtils( 2322): to get wlan0 ip address
05-29 18:27:07.991 D/NearFieldUtils( 2322): get wlan0 IP succeed.
05-29 18:27:07.991 I/NearFieldManagerImpl( 2322): wlan Connected
05-29 18:27:07.991 I/HicomNf_java_to_c( 2322): notifyNetworkStateChanged with maskStr, networkType: 0, networkState: 0, mask:
05-29 18:27:07.991 I/HicomNfMainCtrlManager( 2322): NotifyNetworkStateChanged is called with networkState: 0
05-29 18:27:07.991 I/HicomNfMainCtrlManager( 2322): P2P and USB are both disconnected
05-29 18:27:07.991 I/HicomNfSecureManager( 2322): stop listening
05-29 18:27:07.991 I/HicomNfSecureManager( 2322): StopListening, m_sessionInfoLock out, before calling NSTACKX_DMsgClose 2
05-29 18:27:07.991 I/HicomNfSecureManager( 2322): StopListening, after calling NSTACKX_DMsgClose 2
05-29 18:27:07.994 I/HicomNf_java_to_c( 2322): notifyNetworkStateChanged with maskStr, networkType: 0, networkState: 1, mask: 255.255.254.0
05-29 18:27:07.995 I/HicomNfMainCtrlManager( 2322): NotifyNetworkStateChanged is called with networkState: 1
05-29 18:27:07.995 I/HicomNfSecureManager( 2322): StartListening, before calling NSTACKX_DMsgServer
05-29 18:27:07.995 I/nStackXDMsg( 2322): NSTACKX_DMsgServer:[1335] :msgReceiver is not NULL
05-29 18:27:07.995 D/nStackXDMsg( 2322): StartDMsgMainThread:[1274] :pthread_create
05-29 18:27:07.995 I/HicomNfSecureManager( 2322): StartListening, after calling NSTACKX_DMsgServer
05-29 18:27:07.995 I/HicomNfSecureManager( 2322): OnehopSecureCtrlManager: succeeded to StartListening with type 0
05-29 18:27:08.293 E/dangbei111( 1386): cccccc 检查遥控器是否连接: Dangbei E4:BB:D3:57:C0:7D
05-29 18:27:08.297 E/dangbei111( 1386): cccccc 检查遥控器是否连接: 蓝牙的结果 Dangbei E4:BB:D3:57:C0:7D false
05-29 18:27:08.306 E/dangbei111( 1386): cccccc input中没有遥控器 存在 先什么都不操作 返回false
05-29 18:27:08.309 E/dangbei111( 1386): cccccc 开始扫描
05-29 18:27:08.309 D/BluetoothAdapter( 1386): isLeEnabled(): ON
05-29 18:27:08.314 E/raop ( 2078): JavaCallback init
05-29 18:27:08.315 I/bt_stack( 1027): [INFO:le_scanning_manager.cc(155)] RegisterScanner in shim layer
05-29 18:27:08.316 D/BluetoothLeScanner( 1386): onScannerRegistered() - status=0 scannerId=1 mScannerId=0
05-29 18:27:08.330 D/ActivityAttributionService( 1027): notifyActivityAttributionInfo UID=1002 packageName=com.android.bluetooth deviceAddress=no_active_device_address
05-29 18:27:08.330 I/bt_btif ( 1027): packages/modules/Bluetooth/system/btif/src/bluetooth.cc:829 get_profile_interface: get_profile_interface: id = activity_attribution
05-29 18:27:08.331 I/bt_stack( 1027): [INFO:le_scanning_manager.cc(168)] Scan in shim layer started
05-29 18:27:08.331 I/bluetooth( 1027): packages/modules/Bluetooth/system/gd/hci/le_scanning_manager.cc:588 stop_scan: Scanning already stopped, return!
05-29 18:27:08.332 I/bluetooth( 1027): packages/modules/Bluetooth/system/gd/hci/le_address_manager.cc:178 register_client: Client registered
05-29 18:27:08.333 E/dangbei111( 1386): cccccc 开始扫描
05-29 18:27:08.334 D/BluetoothAdapter( 1386): isLeEnabled(): ON
05-29 18:27:08.336 I/bt_stack( 1027): [INFO:le_scanning_manager.cc(168)] Scan in shim layer stopped
05-29 18:27:08.337 I/bluetooth( 1027): packages/modules/Bluetooth/system/gd/hci/le_address_manager.cc:193 unregister_client: Client unregistered
05-29 18:27:08.337 I/bt_stack( 1027): [INFO:le_scanning_manager.cc(346)] SetScanParameters in shim layer
05-29 18:27:08.337 I/bt_stack( 1027): [INFO:le_scanning_manager.cc(168)] Scan in shim layer started
05-29 18:27:08.337 I/bluetooth( 1027): packages/modules/Bluetooth/system/gd/hci/le_scanning_manager.cc:588 stop_scan: Scanning already stopped, return!
05-29 18:27:08.338 I/bluetooth( 1027): packages/modules/Bluetooth/system/gd/hci/le_address_manager.cc:178 register_client: Client registered
05-29 18:27:08.452 D/TrafficStats( 1431): tagSocket(135) with statsTag=0xffffffff, statsUid=-1
05-29 18:27:08.814 D/TrafficStats( 2078): tagSocket(168) with statsTag=0xffffffff, statsUid=-1
05-29 18:27:09.439 I/WifiHAL ( 501): call wifi_get_link_stats handler
05-29 18:27:09.439 I/WifiHAL ( 501): Creating message to get link statistics; iface = 16
05-29 18:27:09.439 D/WifiHAL ( 501): error code -95 mapped to -3
05-29 18:27:09.440 E/WifiStaIfaceAidlImpl( 700): getLinkLayerStats failed with service-specific exception: android.os.ServiceSpecificException: (code 4)
05-29 18:27:09.462 E/hq ( 1431): Etna:::getFindLookupControllerState isConnect=true
05-29 18:27:09.462 E/Etna ( 1431): getFindLookupControllerState1111111
05-29 18:27:09.464 E/hq ( 1431): Etna:::getFindLookupControllerState valueStr=1
05-29 18:27:09.465 E/hq ( 1431): LookupControler:::isLookupController=true
05-29 18:27:09.465 I/hq ( 1431): LookupControler:::time=110000
05-29 18:27:09.539 I/system_server( 700): Background young concurrent copying GC freed 308573(11MB) AllocSpace objects, 26(1032KB) LOS objects, 49% free, 13MB/26MB, paused 318us,200us total 100.450ms
05-29 18:27:10.124 D/TrafficStats( 2078): tagSocket(170) with statsTag=0xffffffff, statsUid=-1
05-29 18:27:10.503 D/TrafficStats( 2322): tagSocket(151) with statsTag=0xffffffff, statsUid=-1
05-29 18:27:10.704 I/bt_btif_dm( 1027): packages/modules/Bluetooth/system/btif/src/btif_dm.cc:691 btif_update_remote_properties: cod from storage is also unclassified
05-29 18:27:10.763 D/TrafficStats( 2078): tagSocket(169) with statsTag=0xffffffff, statsUid=-1
05-29 18:27:10.772 W/System.err( 2078): java.lang.NullPointerException: Attempt to invoke virtual method 'byte[] java.net.NetworkInterface.getHardwareAddress()' on a null object reference
05-29 18:27:10.772 W/System.err( 2078): at b.f.f.y.g.b(Unknown Source:11)
05-29 18:27:10.772 W/System.err( 2078): at b.d.a.a.p.c0(Unknown Source:2)
05-29 18:27:10.772 W/System.err( 2078): at b.f.f.o.f.c.a(Unknown Source:23)
05-29 18:27:10.772 W/System.err( 2078): at b.f.f.d.b.c(:5)
05-29 18:27:10.772 W/System.err( 2078): at b.f.f.n.d$a.handleMessage(:3)
05-29 18:27:10.772 W/System.err( 2078): at android.os.Handler.dispatchMessage(Handler.java:106)
05-29 18:27:10.772 W/System.err( 2078): at android.os.Looper.loopOnce(Looper.java:205)
05-29 18:27:10.772 W/System.err( 2078): at android.os.Looper.loop(Looper.java:294)
05-29 18:27:10.772 W/System.err( 2078): at android.os.HandlerThread.run(HandlerThread.java:67)
05-29 18:27:10.793 I/PlatformDependent( 2078): Your platform does not provide complete low-level API for accessing direct buffers reliably. Unless explicitly requested, heap buffer will always be preferred to avoid potential system instability.
05-29 18:27:10.802 W/AudioCapabilities( 2078): Unsupported mime audio/vnd.dts.hd;profile=lbr
05-29 18:27:10.803 W/AudioCapabilities( 2078): Unsupported mime audio/ffmpeg
05-29 18:27:10.803 W/AudioCapabilities( 2078): Unsupported mime audio/mpeg-L1
05-29 18:27:10.803 W/AudioCapabilities( 2078): Unsupported mime audio/mpeg-L2
05-29 18:27:10.808 W/VideoCapabilities( 2078): Unsupported mime video/avs
05-29 18:27:10.808 W/VideoCapabilities( 2078): Unsupported mime video/avs2
05-29 18:27:10.809 D/TrafficStats( 2078): tagSocket(209) with statsTag=0xffffffff, statsUid=-1
05-29 18:27:10.810 W/VideoCapabilities( 2078): Unsupported mime video/x-motion-jpeg
05-29 18:27:10.811 W/VideoCapabilities( 2078): Unrecognized profile/level 0/4 for video/mpeg2
05-29 18:27:10.811 I/VideoCapabilities( 2078): Unsupported profile 3 for video/mpeg2
05-29 18:27:10.811 I/VideoCapabilities( 2078): Unsupported profile 4 for video/mpeg2
05-29 18:27:10.811 I/VideoCapabilities( 2078): Unsupported profile 5 for video/mpeg2
05-29 18:27:10.811 W/VideoCapabilities( 2078): Unrecognized profile/level 0/4 for video/mpeg2
05-29 18:27:10.811 I/VideoCapabilities( 2078): Unsupported profile 3 for video/mpeg2
05-29 18:27:10.811 I/VideoCapabilities( 2078): Unsupported profile 4 for video/mpeg2
05-29 18:27:10.811 I/VideoCapabilities( 2078): Unsupported profile 5 for video/mpeg2
05-29 18:27:10.811 I/VideoCapabilities( 2078): Unsupported profile 2 for video/mp4v-es
05-29 18:27:10.811 I/VideoCapabilities( 2078): Unsupported profile 8 for video/mp4v-es
05-29 18:27:10.811 I/VideoCapabilities( 2078): Unsupported profile 16 for video/mp4v-es
05-29 18:27:10.811 I/VideoCapabilities( 2078): Unsupported profile 1024 for video/mp4v-es
05-29 18:27:10.812 W/VideoCapabilities( 2078): Unsupported mime video/rm10
05-29 18:27:10.812 W/VideoCapabilities( 2078): Unsupported mime video/rm20
05-29 18:27:10.812 W/VideoCapabilities( 2078): Unsupported mime video/rm30
05-29 18:27:10.813 W/VideoCapabilities( 2078): Unsupported mime video/rm40
05-29 18:27:10.813 W/VideoCapabilities( 2078): Unsupported mime video/vc1
05-29 18:27:10.813 W/VideoCapabilities( 2078): Unsupported mime video/vc1
05-29 18:27:10.813 W/VideoCapabilities( 2078): Unsupported mime video/x-vnd.on2.vp6a
05-29 18:27:10.813 W/VideoCapabilities( 2078): Unsupported mime video/x-vnd.on2.vp6f
05-29 18:27:10.814 W/VideoCapabilities( 2078): Unsupported mime video/wmv1
05-29 18:27:10.815 W/VideoCapabilities( 2078): Unsupported mime video/wmv2
05-29 18:27:10.815 W/VideoCapabilities( 2078): Unsupported mime video/wmv3
05-29 18:27:10.812 I/Thread-18( 2078): type=1400 audit(0.0:874): avc: denied { read } for name="somaxconn" dev="proc" ino=36171 scontext=u:r:untrusted_app_27:s0:c44,c256,c512,c768 tcontext=u:object_r:proc_net:s0 tclass=file permissive=1 app=com.dangbei.screencast
05-29 18:27:10.812 I/Thread-18( 2078): type=1400 audit(0.0:875): avc: denied { open } for path="/proc/sys/net/core/somaxconn" dev="proc" ino=36171 scontext=u:r:untrusted_app_27:s0:c44,c256,c512,c768 tcontext=u:object_r:proc_net:s0 tclass=file permissive=1 app=com.dangbei.screencast
05-29 18:27:10.823 I/serviceDiscovery( 700): [MdnsAdvertiser] Adding service name: 当贝投屏B4, type: _airplay._tcp, hostAddresses: , port: 45065, network: null, txtRecord: srcvers=220.68features=0x527FFFF7,0x1E'pi=2e388006-13ba-4041-9a67-25dd4a43d536Cpk=b07727d6f6cd6e08b58ede525ec3cdeaa252ad9f683feb212ef8a205246554e7vv=2 flags=0x4model=AppleTV2,1deviceid=1c:79:2d:20:62:97 with ID 3 and subtype null
05-29 18:27:10.812 I/Thread-18( 2078): type=1400 audit(0.0:876): avc: denied { getattr } for path="/proc/sys/net/core/somaxconn" dev="proc" ino=36171 scontext=u:r:untrusted_app_27:s0:c44,c256,c512,c768 tcontext=u:object_r:proc_net:s0 tclass=file permissive=1 app=com.dangbei.screencast
05-29 18:27:10.837 I/serviceDiscovery( 700): [MdnsAdvertiser] Adding service name: 1c792d206297@当贝投屏B4, type: _raop._tcp, hostAddresses: , port: 39707, network: null, txtRecord: txtvers=1 am=AppleTV2,1ch=2
05-29 18:27:10.837 I/serviceDiscovery( 700): cn=0,1,2,3da=trueet=0,3,5ft=0x527FFFF7,0x1Emd=0,1,2Cpk=b07727d6f6cd6e08b58ede525ec3cdeaa252ad9f683feb212ef8a205246554e7pw=falsesf=0x4sr=44100ss=16sv=falsetp=UDPvn=65537 vs=220.68vv=2 rhd=5.6.0.0 with ID 4 and subtype null
05-29 18:27:11.260 I/MirrorHelper( 2078): type=1400 audit(0.0:877): avc: denied { search } for name="net" dev="sysfs" ino=12345 scontext=u:r:untrusted_app_27:s0:c44,c256,c512,c768 tcontext=u:object_r:sysfs_net:s0 tclass=dir permissive=1 app=com.dangbei.screencast
05-29 18:27:11.282 W/System.err( 2078): java.lang.NullPointerException: Attempt to invoke virtual method 'byte[] java.net.NetworkInterface.getHardwareAddress()' on a null object reference
05-29 18:27:11.283 W/System.err( 2078): at b.f.f.y.g.b(Unknown Source:11)
05-29 18:27:11.283 W/System.err( 2078): at b.d.a.a.p.c0(Unknown Source:2)
05-29 18:27:11.283 W/System.err( 2078): at b.f.f.o.f.c.a(Unknown Source:23)
05-29 18:27:11.283 W/System.err( 2078): at b.f.f.t.d.c(:1)
05-29 18:27:11.283 W/System.err( 2078): at b.f.f.n.d$a.handleMessage(:3)
05-29 18:27:11.283 W/System.err( 2078): at android.os.Handler.dispatchMessage(Handler.java:106)
05-29 18:27:11.283 W/System.err( 2078): at android.os.Looper.loopOnce(Looper.java:205)
05-29 18:27:11.283 W/System.err( 2078): at android.os.Looper.loop(Looper.java:294)
05-29 18:27:11.283 W/System.err( 2078): at android.os.HandlerThread.run(HandlerThread.java:67)
05-29 18:27:11.295 I/serviceDiscovery( 700): [MdnsAdvertiser] Adding service name: 当贝投屏B4, type: _db_cast_screen._tcp, hostAddresses: , port: 32969, network: null, txtRecord: au=1cV=20830mV=100h265=0maxR=4096-4096model=DBBOX-A3deviceid=1c:79:2d:20:62:97 with ID 5 and subtype null
05-29 18:27:11.295 E/MdnsAdvertiser( 700): Name conflict adding services that should have unique names
05-29 18:27:11.295 E/MdnsAdvertiser( 700): android.net.connectivity.com.android.server.connectivity.mdns.NameConflictException
05-29 18:27:11.295 E/MdnsAdvertiser( 700): at android.net.connectivity.com.android.server.connectivity.mdns.MdnsRecordRepository.addService(MdnsRecordRepository.java:314)
05-29 18:27:11.295 E/MdnsAdvertiser( 700): at android.net.connectivity.com.android.server.connectivity.mdns.MdnsInterfaceAdvertiser.addService(MdnsInterfaceAdvertiser.java:217)
05-29 18:27:11.295 E/MdnsAdvertiser( 700): at android.net.connectivity.com.android.server.connectivity.mdns.MdnsAdvertiser$InterfaceAdvertiserRequest.addService(MdnsAdvertiser.java:273)
05-29 18:27:11.295 E/MdnsAdvertiser( 700): at android.net.connectivity.com.android.server.connectivity.mdns.MdnsAdvertiser.addService(MdnsAdvertiser.java:488)
05-29 18:27:11.295 E/MdnsAdvertiser( 700): at android.net.connectivity.com.android.server.NsdService$NsdStateMachine$EnabledState.processMessage(NsdService.java:730)
05-29 18:27:11.295 E/MdnsAdvertiser( 700): at android.net.connectivity.com.android.internal.util.StateMachine$SmHandler.processMsg(StateMachine.java:993)
05-29 18:27:11.295 E/MdnsAdvertiser( 700): at android.net.connectivity.com.android.internal.util.StateMachine$SmHandler.handleMessage(StateMachine.java:810)
05-29 18:27:11.295 E/MdnsAdvertiser( 700): at android.os.Handler.dispatchMessage(Handler.java:106)
05-29 18:27:11.295 E/MdnsAdvertiser( 700): at android.os.Looper.loopOnce(Looper.java:205)
05-29 18:27:11.295 E/MdnsAdvertiser( 700): at android.os.Looper.loop(Looper.java:294)
05-29 18:27:11.295 E/MdnsAdvertiser( 700): at android.os.HandlerThread.run(HandlerThread.java:67)
05-29 18:27:11.302 D/SntpClient( 700): request time failed: java.net.SocketTimeoutException: Poll timed out
05-29 18:27:11.302 D/TrafficStats( 700): tagSocket(388) with statsTag=0xffffff41, statsUid=-1
05-29 18:27:11.304 I/DefaultDispatch( 1386): type=1400 audit(0.0:878): avc: denied { read } for name="devices" dev="proc" ino=4026531982 scontext=u:r:system_app:s0 tcontext=u:object_r:proc:s0 tclass=file permissive=1
05-29 18:27:11.310 E/RCInfo ( 1386): vid:
05-29 18:27:11.310 E/RCInfo ( 1386): pid:
05-29 18:27:11.312 E/RCInfo ( 1386): vid:
05-29 18:27:11.312 E/RCInfo ( 1386): pid:
05-29 18:27:11.366 W/System ( 1386): A resource failed to call close.
05-29 18:27:11.366 W/System ( 1386): A resource failed to call close.
05-29 18:27:11.366 W/System ( 1386): A resource failed to call close.
05-29 18:27:11.366 W/System ( 1386): A resource failed to call close.
05-29 18:27:11.366 W/System ( 1386): A resource failed to call close.
05-29 18:27:11.366 W/System ( 1386): A resource failed to call close.
05-29 18:27:11.366 W/System ( 1386): A resource failed to call close.
05-29 18:27:11.366 W/System ( 1386): A resource failed to call close.
05-29 18:27:11.474 I/ActivityManager( 700): Skip zero pid ANR, process=WebViewLoader-armeabi-v7a
05-29 18:27:11.656 I/serviceDiscovery( 700): [MdnsAdvertiser.wlan0] Probing finished for service 3
05-29 18:27:11.774 E/accept ( 2078): myIp:192.168.3.246
05-29 18:27:11.774 D/TrafficStats( 2078): tagSocket(5) with statsTag=0xffffffff, statsUid=-1
05-29 18:27:11.776 E/accept ( 2078): connect error
05-29 18:27:11.784 I/UpnpServiceImpl( 2078): >>> Starting UPnP service...
05-29 18:27:11.784 I/UpnpServiceImpl( 2078): Using configuration: org.fourthline.cling.android.AndroidUpnpServiceConfiguration
05-29 18:27:11.787 I/serviceDiscovery( 700): [MdnsAdvertiser.wlan0] Probing finished for service 4
05-29 18:27:11.788 I/Router ( 2078): Creating Router: org.fourthline.cling.android.AndroidRouter
05-29 18:27:11.790 W/Router ( 2078): enable lock:org.fourthline.cling.android.AndroidRouter@177daa1_java.util.concurrent.locks.ReentrantReadWriteLock$WriteLock@e2b54c6[Unlocked]
05-29 18:27:11.797 W/tworkAddressFactoryImpl( 2078): Network interface may not be multicast capable: dummy0
05-29 18:27:11.801 I/MulticastReceiver( 2078): Creating wildcard socket (for receiving multicast datagrams) on port: 1900
05-29 18:27:11.801 D/TrafficStats( 2078): tagSocket(5) with statsTag=0xffffffff, statsUid=-1
05-29 18:27:11.801 I/MulticastReceiver( 2078): Joining multicast group: /239.255.255.250:1900 on network interface: wlan0
05-29 18:27:11.819 E/accept ( 2078): Adding connector try: 192.168.3.246/192.168.3.246:36401
05-29 18:27:11.822 D/TrafficStats( 2078): tagSocket(214) with statsTag=0xffffffff, statsUid=-1
05-29 18:27:11.822 E/accept ( 2078): Adding connector result: 192.168.3.246/192.168.3.246:36401
05-29 18:27:11.828 I/bluetooth( 1027): packages/modules/Bluetooth/system/gd/metrics/metrics_state.cc:177 AddStateChangedEvent: LEConnectionMetricsRemoteDevice: Transaction State 0x00000002, Connection Type 0x00000001, Origin Type 0x00000001
05-29 18:27:11.828 I/bluetooth( 1027): packages/modules/Bluetooth/system/gd/metrics/metrics_state.cc:58 AddStateChangedEvent: LEConnectionMetricState: Origin Type: 0x00000001, Connection Type: 0x00000001, Transaction State: 0x00000002
05-29 18:27:11.828 I/bluetooth( 1027): packages/modules/Bluetooth/system/gd/metrics/metrics_state.cc:161 UploadLEConnectionSession: LEConnectionMetricsRemoteDevice: The session is uploaded for xx:xx:xx:xx:c0:7d
05-29 18:27:11.829 I/bluetooth( 1027): packages/modules/Bluetooth/system/gd/hci/le_address_manager.cc:265 ack_pause: Client already in paused state
05-29 18:27:11.829 I/bluetooth( 1027): packages/modules/Bluetooth/system/stack/gatt/connection_manager.cc:438 on_connection_complete: Le connection completed to device:xx:xx:xx:xx:c0:7d
05-29 18:27:11.829 I/bluetooth( 1027): packages/modules/Bluetooth/system/stack/gatt/connection_manager.cc:438 on_connection_complete: Le connection completed to device:xx:xx:xx:xx:c0:7d
05-29 18:27:11.829 I/bt_btm_ble( 1027): packages/modules/Bluetooth/system/stack/btm/btm_ble.cc:1730 btm_ble_connected: Updating device record timestamp for existing ble connection
05-29 18:27:11.829 I/bluetooth( 1027): packages/modules/Bluetooth/system/gd/hci/le_address_manager.cc:265 ack_pause: Client already in paused state
05-29 18:27:11.829 I/bluetooth( 1027): packages/modules/Bluetooth/system/gd/hci/le_address_manager.cc:265 ack_pause: Client already in paused state
05-29 18:27:11.836 I/bluetooth( 1027): packages/modules/Bluetooth/system/gd/hci/le_address_manager.cc:596 OnCommandComplete: Received command complete with op_code LE_REMOVE_DEVICE_FROM_FILTER_ACCEPT_LIST
05-29 18:27:11.836 E/bluetooth( 1027): packages/modules/Bluetooth/system/gd/hci/le_address_manager.cc:586 on_command_complete: Received LE_REMOVE_DEVICE_FROM_FILTER_ACCEPT_LIST complete with status COMMAND_DISALLOWED
05-29 18:27:11.836 I/bluetooth( 1027): packages/modules/Bluetooth/system/gd/hci/le_address_manager.cc:294 resume_registered_clients: Resuming registered clients
05-29 18:27:11.853 I/bt_btif_dm( 1027): packages/modules/Bluetooth/system/btif/src/btif_dm.cc:695 btif_update_remote_properties: class of device (cod) is 0x00050c
05-29 18:27:11.860 E/dangbei111( 1386): cccccc 检查遥控器是否连接: Dangbei E4:BB:D3:57:C0:7D
05-29 18:27:11.863 E/dangbei111( 1386): cccccc 检查遥控器是否连接: 蓝牙的结果 Dangbei E4:BB:D3:57:C0:7D false
05-29 18:27:11.863 E/dangbei111( 1386): cccccc input中没有遥控器 存在 先什么都不操作 返回false
05-29 18:27:11.864 E/dangbei111( 1386): cccccc 开始扫描
05-29 18:27:11.865 D/BluetoothAdapter( 1386): isLeEnabled(): ON
05-29 18:27:11.867 E/dangbei111( 1386): cccccc scan 得到的设备和状态 Dangbei E4:BB:D3:57:C0:7D 12
05-29 18:27:11.871 E/dangbei111( 1386): cccccc 取消pair Dangbei E4:BB:D3:57:C0:7D 12
05-29 18:27:11.872 I/BluetoothDevice( 1386): removeBond() for device XX:XX:XX:XX:C0:7D called by pid: 1386 tid: 1386
05-29 18:27:11.874 I/BluetoothBondStateMachine( 1027): Entering PendingCommandState State
05-29 18:27:11.874 I/bt_btif_dm( 1027): packages/modules/Bluetooth/system/btif/src/btif_dm.cc:489 get_cod: get_cod remote_cod = 0x0000050c
05-29 18:27:11.874 E/bt_btif ( 1027): packages/modules/Bluetooth/system/main/bte_logmsg.cc:105 LogMsg: btif_hh_virtual_unplug: Error, device xx:xx:xx:xx:c0:7d not opened, status = 1
05-29 18:27:11.874 I/bt_bta_dm( 1027): packages/modules/Bluetooth/system/bta/dm/bta_dm_act.cc:684 bta_dm_remove_device: other_address 00:00:00:00:00:00 with transport 2 connected
05-29 18:27:11.876 E/dangbei111( 1386): cccccc 搜索到bond 什么都不处理 Dangbei E4:BB:D3:57:C0:7D
05-29 18:27:11.900 I/bt_btif_dm( 1027): packages/modules/Bluetooth/system/btif/src/btif_dm.cc:695 btif_update_remote_properties: class of device (cod) is 0x00050c
05-29 18:27:11.902 I/JettyServletContainer( 2078): Registering UPnP servlet under context path: /upnp
05-29 18:27:11.906 E/dangbei111( 1386): cccccc 检查遥控器是否连接: Dangbei E4:BB:D3:57:C0:7D
05-29 18:27:11.906 I/DatagramIO( 2078): Creating bound socket (for datagram input/output) on: 192.168.3.246/192.168.3.246
05-29 18:27:11.906 D/TrafficStats( 2078): tagSocket(215) with statsTag=0xffffffff, statsUid=-1
05-29 18:27:11.907 E/JettyServletContainer( 2078): gogogo
05-29 18:27:11.908 I/JettyServletContainer( 2078): Starting Jetty server...
05-29 18:27:11.908 W/System.err( 2078): 2025-05-29 18:27:11.908:INFO:lcaf.p:jetty-8.y.z-SNAPSHOT
05-29 18:27:11.909 E/dangbei111( 1386): cccccc 检查遥控器是否连接: 蓝牙的结果 Dangbei E4:BB:D3:57:C0:7D false
05-29 18:27:11.909 E/dangbei111( 1386): cccccc input中没有遥控器 存在 先什么都不操作 返回false
05-29 18:27:11.911 I/Router ( 2078): WiFi multicast lock acquired
05-29 18:27:11.911 E/dangbei111( 1386): cccccc 开始扫描
05-29 18:27:11.911 D/BluetoothAdapter( 1386): isLeEnabled(): ON
05-29 18:27:11.912 I/WifiService( 700): acquireMulticastLock uid=10044
05-29 18:27:11.914 I/Router ( 2078): WiFi lock acquired
05-29 18:27:11.915 D/WifiHAL ( 501): Setting APF program, halHandle = 0xebc024a0
05-29 18:27:11.915 I/WifiHAL ( 501): createRequest: APF set program request
05-29 18:27:11.915 E/dangbei111( 1386): cccccc scan 得到的设备和状态 Dangbei E4:BB:D3:57:C0:7D 12
05-29 18:27:11.915 D/WifiHAL ( 501): error code -95 mapped to -3
05-29 18:27:11.915 I/WifiHAL ( 501): Request Response failed for APF, result = -3
05-29 18:27:11.915 I/WifiService( 700): acquireWifiLock uid=10044 lockMode=3
05-29 18:27:11.916 E/WifiStaIfaceAidlImpl( 700): installApfPacketFilter failed with service-specific exception: android.os.ServiceSpecificException: (code 4)
05-29 18:27:11.917 I/WifiHAL ( 501): wifi_set_latency_mode set to 1
05-29 18:27:11.919 E/dangbei111( 1386): cccccc 取消pair Dangbei E4:BB:D3:57:C0:7D 12
05-29 18:27:11.919 I/BluetoothDevice( 1386): removeBond() for device XX:XX:XX:XX:C0:7D called by pid: 1386 tid: 1386
05-29 18:27:11.921 I/bt_btif_dm( 1027): packages/modules/Bluetooth/system/btif/src/btif_dm.cc:489 get_cod: get_cod remote_cod = 0x0000050c
05-29 18:27:11.921 E/bt_btif ( 1027): packages/modules/Bluetooth/system/main/bte_logmsg.cc:105 LogMsg: btif_hh_virtual_unplug: Error, device xx:xx:xx:xx:c0:7d not opened, status = 1
05-29 18:27:11.921 I/bt_bta_dm( 1027): packages/modules/Bluetooth/system/bta/dm/bta_dm_act.cc:684 bta_dm_remove_device: other_address 00:00:00:00:00:00 with transport 2 connected
05-29 18:27:11.924 E/dangbei111( 1386): cccccc 搜索到bond 什么都不处理 Dangbei E4:BB:D3:57:C0:7D
05-29 18:27:11.924 I/bt_btif_dm( 1027): packages/modules/Bluetooth/system/btif/src/btif_dm.cc:695 btif_update_remote_properties: class of device (cod) is 0x00050c
05-29 18:27:11.927 W/Router ( 2078): enable unlock:org.fourthline.cling.android.AndroidRouter@177daa1
05-29 18:27:11.927 I/UpnpServiceImpl( 2078): <<< UPnP service started successfully
05-29 18:27:11.929 E/dangbei111( 1386): cccccc 检查遥控器是否连接: Dangbei E4:BB:D3:57:C0:7D
05-29 18:27:11.932 E/dangbei111( 1386): cccccc 检查遥控器是否连接: 蓝牙的结果 Dangbei E4:BB:D3:57:C0:7D false
05-29 18:27:11.932 E/dangbei111( 1386): cccccc input中没有遥控器 存在 先什么都不操作 返回false
05-29 18:27:11.934 E/dangbei111( 1386): cccccc 开始扫描
05-29 18:27:11.934 D/BluetoothAdapter( 1386): isLeEnabled(): ON
05-29 18:27:11.937 E/dangbei111( 1386): cccccc scan 得到的设备和状态 Dangbei E4:BB:D3:57:C0:7D 12
05-29 18:27:11.942 E/dangbei111( 1386): cccccc 取消pair Dangbei E4:BB:D3:57:C0:7D 12
05-29 18:27:11.942 I/BluetoothDevice( 1386): removeBond() for device XX:XX:XX:XX:C0:7D called by pid: 1386 tid: 1386
05-29 18:27:11.946 W/System.err( 2078): 2025-05-29 18:27:11.946:INFO:lcaf.a:Started @192.168.3.246:36401
05-29 18:27:11.947 E/dangbei111( 1386): cccccc 搜索到bond 什么都不处理 Dangbei E4:BB:D3:57:C0:7D
05-29 18:27:11.994 I/bt_btif_dm( 1027): packages/modules/Bluetooth/system/btif/src/btif_dm.cc:695 btif_update_remote_properties: class of device (cod) is 0x00050c
05-29 18:27:12.000 E/dangbei111( 1386): cccccc 检查遥控器是否连接: Dangbei E4:BB:D3:57:C0:7D
05-29 18:27:12.003 E/dangbei111( 1386): cccccc 检查遥控器是否连接: 蓝牙的结果 Dangbei E4:BB:D3:57:C0:7D false
05-29 18:27:12.003 E/dangbei111( 1386): cccccc input中没有遥控器 存在 先什么都不操作 返回false
05-29 18:27:12.004 E/g ( 2078): channel :os
05-29 18:27:12.006 E/dangbei111( 1386): cccccc 开始扫描
05-29 18:27:12.006 D/BluetoothAdapter( 1386): isLeEnabled(): ON
05-29 18:27:12.008 E/dangbei111( 1386): cccccc scan 得到的设备和状态 Dangbei E4:BB:D3:57:C0:7D 12
05-29 18:27:12.012 E/dangbei111( 1386): cccccc 取消pair Dangbei E4:BB:D3:57:C0:7D 12
05-29 18:27:12.012 I/BluetoothDevice( 1386): removeBond() for device XX:XX:XX:XX:C0:7D called by pid: 1386 tid: 1386
05-29 18:27:12.016 E/dangbei111( 1386): cccccc 搜索到bond 什么都不处理 Dangbei E4:BB:D3:57:C0:7D
05-29 18:27:12.020 I/bt_btif_dm( 1027): packages/modules/Bluetooth/system/btif/src/btif_dm.cc:695 btif_update_remote_properties: class of device (cod) is 0x00050c
05-29 18:27:12.025 E/dangbei111( 1386): cccccc 检查遥控器是否连接: Dangbei E4:BB:D3:57:C0:7D
05-29 18:27:12.029 E/dangbei111( 1386): cccccc 检查遥控器是否连接: 蓝牙的结果 Dangbei E4:BB:D3:57:C0:7D false
05-29 18:27:12.029 E/dangbei111( 1386): cccccc input中没有遥控器 存在 先什么都不操作 返回false
05-29 18:27:12.030 E/dangbei111( 1386): cccccc 开始扫描
05-29 18:27:12.030 D/BluetoothAdapter( 1386): isLeEnabled(): ON
05-29 18:27:12.033 E/dangbei111( 1386): cccccc scan 得到的设备和状态 Dangbei E4:BB:D3:57:C0:7D 12
05-29 18:27:12.035 E/dangbei111( 1386): cccccc 取消pair Dangbei E4:BB:D3:57:C0:7D 12
05-29 18:27:12.036 I/BluetoothDevice( 1386): removeBond() for device XX:XX:XX:XX:C0:7D called by pid: 1386 tid: 1386
05-29 18:27:12.039 E/dangbei111( 1386): cccccc 搜索到bond 什么都不处理 Dangbei E4:BB:D3:57:C0:7D
05-29 18:27:12.047 I/bt_btif_dm( 1027): packages/modules/Bluetooth/system/btif/src/btif_dm.cc:695 btif_update_remote_properties: class of device (cod) is 0x00050c
05-29 18:27:12.052 E/dangbei111( 1386): cccccc 检查遥控器是否连接: Dangbei E4:BB:D3:57:C0:7D
05-29 18:27:12.054 E/dangbei111( 1386): cccccc 检查遥控器是否连接: 蓝牙的结果 Dangbei E4:BB:D3:57:C0:7D false
05-29 18:27:12.054 E/dangbei111( 1386): cccccc input中没有遥控器 存在 先什么都不操作 返回false
05-29 18:27:12.055 E/dangbei111( 1386): cccccc 开始扫描
