05-29 18:28:14.806 I/audio_hw_hal_primary( 475): out_update_source_metadata_v7() line 2013 usage:1 content_type:2
05-29 18:28:14.812 I/SogouIME( 1417): onKeyDown: keyoCode=22
05-29 18:28:14.812 I/DefaultIMS( 1417): onKeyDown: keyoCode=22
05-29 18:28:14.813 E/SecondScreen( 1431): FirstScreenLayoutView dispatchKeyEvent 22
05-29 18:28:14.829 W/AudioFlinger( 535): createTrack_l(): mismatch between requested flags (00000004) and output flags (00000002)
05-29 18:28:14.832 I/audio_hw_hal_primary( 475): [audiohal_get_latency:1333] io 13: out:0xe59c6be0 frames:1152 rate:48000 whole_latency:24 alsa_latency:24
05-29 18:28:14.839 I/audio_hw_hal_primary( 475): [audiohal_get_latency:1333] io 13: out:0xe59c6be0 frames:1280 rate:48000 whole_latency:26 alsa_latency:26
05-29 18:28:14.839 D/audioserver( 535): logFgsApiEnd: FGS Logger Transaction failed, -129
05-29 18:28:14.840 I/audio_hw_hal_primary( 475): out_update_source_metadata_v7() line 2013 usage:1 content_type:2
05-29 18:28:14.866 I/SogouIME( 1417): onKeyUp: keyoCode=22
05-29 18:28:14.866 I/DefaultIMS( 1417): onKeyUp: keyoCode=22
05-29 18:28:14.866 E/SecondScreen( 1431): FirstScreenLayoutView dispatchKeyEvent 22
05-29 18:28:14.880 I/audio_hw_hal_primary( 475): [register_audio_patch:8215] Patch 3:id:3 mix(io:13)->dev_0[OUT_HDMI(id:22)] found, register the same patch, do nothing.
05-29 18:28:14.880 I/audio_hw_hal_primary( 475): [adev_create_audio_patch:8316] Patch 3: MIX->DEVICE, num_src:1 num_sink:1 patch_src:INVAL
05-29 18:28:14.880 I/audio_hw_hal_primary( 475): [adev_create_audio_patch:8320] sink[0]: OUT_HDMI(id:22)
05-29 18:28:14.880 I/audio_hw_hal_primary( 475): [adev_create_audio_patch:8377] Patch 3: mix(io:13) -> dev[OUT_HDMI(id:22)]
05-29 18:28:14.880 I/audio_hw_hal_primary( 475): [adev_create_audio_patch:8445] dev=0xe69c14a0 cur_out_device=0x400
05-29 18:28:14.880 D/UEventObserver( 1049): change@/devices/platform/auge_sound/sound/card0/controlC0ACTION=changeDEVPATH=/devices/platform/auge_sound/sound/card0/controlC0SUBSYSTEM=soundAUDIO_FORMAT=0MAJOR=116MINOR=13DEVNAME=snd/controlC0SEQNUM=3551
05-29 18:28:14.880 D/audioserver( 535): logFgsApiEnd: FGS Logger Transaction failed, -129
05-29 18:28:14.880 D/audioserver( 535): logFgsApiBegin: FGS Logger Transaction failed, -129
05-29 18:28:14.881 I/audio_hw_hal_primary( 475): out_update_source_metadata_v7() line 2013 usage:1 content_type:2
05-29 18:28:14.885 D/audioserver( 535): logFgsApiBegin: FGS Logger Transaction failed, -129
05-29 18:28:14.920 I/audio_hw_hal_primary( 475): out_update_source_metadata_v7() line 2013 usage:13 content_type:4
05-29 18:28:15.041 I/SogouIME( 1417): onKeyDown: keyoCode=22
05-29 18:28:15.041 I/DefaultIMS( 1417): onKeyDown: keyoCode=22
05-29 18:28:15.041 E/SecondScreen( 1431): FirstScreenLayoutView dispatchKeyEvent 22
05-29 18:28:15.065 I/SogouIME( 1417): onKeyUp: keyoCode=22
05-29 18:28:15.065 I/DefaultIMS( 1417): onKeyUp: keyoCode=22
05-29 18:28:15.066 E/SecondScreen( 1431): FirstScreenLayoutView dispatchKeyEvent 22
05-29 18:28:15.080 D/TrafficStats( 2617): tagSocket(173) with statsTag=0xffffffff, statsUid=-1
05-29 18:28:15.172 I/audio_hw_hal_primary( 475): [audiohal_get_latency:1333] io 13: out:0xe59c6be0 frames:1152 rate:48000 whole_latency:24 alsa_latency:24
05-29 18:28:15.180 I/WifiHAL ( 501): call wifi_get_link_stats handler
05-29 18:28:15.180 I/WifiHAL ( 501): Creating message to get link statistics; iface = 16
05-29 18:28:15.180 D/WifiHAL ( 501): error code -95 mapped to -3
05-29 18:28:15.181 E/WifiStaIfaceAidlImpl( 700): getLinkLayerStats failed with service-specific exception: android.os.ServiceSpecificException: (code 4)
05-29 18:28:15.215 I/audio_hw_hal_primary( 475): [audiohal_get_latency:1333] io 13: out:0xe59c6be0 frames:1152 rate:48000 whole_latency:24 alsa_latency:24
05-29 18:28:15.240 D/ActivityManager( 700): freezing 1881 com.android.providers.calendar
05-29 18:28:15.257 I/audio_hw_hal_primary( 475): [audiohal_get_latency:1333] io 13: out:0xe59c6be0 frames:1152 rate:48000 whole_latency:24 alsa_latency:24
05-29 18:28:15.300 I/audio_hw_hal_primary( 475): [audiohal_get_latency:1333] io 13: out:0xe59c6be0 frames:1152 rate:48000 whole_latency:24 alsa_latency:24
05-29 18:28:15.300 I/audio_hw_hal_primary( 475): [audiohal_get_latency:1333] io 13: out:0xe59c6be0 frames:1152 rate:48000 whole_latency:24 alsa_latency:24
05-29 18:28:15.323 I/audio_hw_hal_primary( 475): [audiohal_get_latency:1333] io 13: out:0xe59c6be0 frames:1024 rate:48000 whole_latency:21 alsa_latency:21
05-29 18:28:15.323 I/audio_hw_hal_primary( 475): [audiohal_get_latency:1333] io 13: out:0xe59c6be0 frames:1024 rate:48000 whole_latency:21 alsa_latency:21
05-29 18:28:15.343 I/audio_hw_hal_primary( 475): [audiohal_get_latency:1333] io 13: out:0xe59c6be0 frames:1152 rate:48000 whole_latency:24 alsa_latency:24
05-29 18:28:15.343 I/audio_hw_hal_primary( 475): [audiohal_get_latency:1333] io 13: out:0xe59c6be0 frames:1152 rate:48000 whole_latency:24 alsa_latency:24
05-29 18:28:15.344 D/audioserver( 535): logFgsApiEnd: FGS Logger Transaction failed, -129
05-29 18:28:15.345 I/audio_hw_hal_primary( 475): out_update_source_metadata_v7() line 2013 usage:1 content_type:2
05-29 18:28:15.367 I/audio_hw_hal_primary( 475): [audiohal_get_latency:1333] io 13: out:0xe59c6be0 frames:1280 rate:48000 whole_latency:26 alsa_latency:26
05-29 18:28:15.386 I/audio_hw_hal_primary( 475): [audiohal_get_latency:1333] io 13: out:0xe59c6be0 frames:1152 rate:48000 whole_latency:24 alsa_latency:24
05-29 18:28:15.407 I/audio_hw_hal_primary( 475): [audiohal_get_latency:1333] io 13: out:0xe59c6be0 frames:1152 rate:48000 whole_latency:24 alsa_latency:24
05-29 18:28:15.428 I/audio_hw_hal_primary( 475): [audiohal_get_latency:1333] io 13: out:0xe59c6be0 frames:1152 rate:48000 whole_latency:24 alsa_latency:24
05-29 18:28:15.433 E/GuardService( 2543): killMyselfRunnable:
05-29 18:28:15.433 I/crashsdk( 2543): android_os_Process_sendSignal. PID: 2543 SIG: 9
05-29 18:28:15.433 I/crashsdk( 2543): onKillProcess. SIG: 9
05-29 18:28:15.436 I/crashsdk( 2543): Kill PID: 2543 (com.dangbei.screencast:bg_guard) by pid: 2543 (com.dangbei.screencast:bg_guard) tid: 2543 (main)
05-29 18:28:15.436 I/crashsdk( 2543): SIG: 9, fg: false, exiting: false, main process: false, time: 20250529182815
05-29 18:28:15.436 I/crashsdk( 2543): State in disk: 'b'
05-29 18:28:15.436 I/crashsdk( 2543): at android.os.Process.sendSignal(Native Method)
05-29 18:28:15.436 I/crashsdk( 2543): at android.os.Process.killProcess(Process.java:1315)
05-29 18:28:15.436 I/crashsdk( 2543): at com.dangbei.screencast.startup.GuardService$a.run(:2)
05-29 18:28:15.436 I/crashsdk( 2543): at android.os.Handler.handleCallback(Handler.java:958)
05-29 18:28:15.436 I/crashsdk( 2543): at android.os.Handler.dispatchMessage(Handler.java:99)
05-29 18:28:15.436 I/crashsdk( 2543): at android.os.Looper.loopOnce(Looper.java:205)
05-29 18:28:15.436 I/crashsdk( 2543): at android.os.Looper.loop(Looper.java:294)
05-29 18:28:15.436 I/crashsdk( 2543): at android.app.ActivityThread.main(ActivityThread.java:8255)
05-29 18:28:15.436 I/crashsdk( 2543): at java.lang.reflect.Method.invoke(Native Method)
05-29 18:28:15.436 I/crashsdk( 2543): at com.android.internal.os.RuntimeInit$MethodAndArgsCaller.run(RuntimeInit.java:552)
05-29 18:28:15.436 I/crashsdk( 2543): at com.android.internal.os.ZygoteInit.main(ZygoteInit.java:978)
05-29 18:28:15.437 I/Process ( 2543): Sending signal. PID: 2543 SIG: 9
05-29 18:28:15.451 I/SogouIME( 1417): onKeyDown: keyoCode=23
05-29 18:28:15.452 I/DefaultIMS( 1417): onKeyDown: keyoCode=23
05-29 18:28:15.452 E/SecondScreen( 1431): FirstScreenLayoutView dispatchKeyEvent 23
05-29 18:28:15.469 W/efs.send_log( 2617): tryFileLock sendlock sucess! processname: com.dangbei.screencast
05-29 18:28:15.471 I/ActivityManager( 700): Process com.dangbei.screencast:bg_guard (pid 2543) has died: prcp FGS
05-29 18:28:15.471 I/libprocessgroup( 700): Successfully killed process cgroup uid 10044 pid 2543 in 0ms
05-29 18:28:15.472 I/Zygote ( 464): Process 2543 exited due to signal 9 (Killed)
05-29 18:28:15.473 W/ForegroundServiceTypeLoggerModule( 700): FGS stop call for: 10044 has no types!
05-29 18:28:15.579 I/SogouIME( 1417): onKeyUp: keyoCode=23
05-29 18:28:15.580 I/DefaultIMS( 1417): onKeyUp: keyoCode=23
05-29 18:28:15.580 E/SecondScreen( 1431): FirstScreenLayoutView dispatchKeyEvent 23
05-29 18:28:15.585 D/CompatibilityChangeReporter( 700): Compat change id reported: 265464455; UID 1000; state: DISABLED
05-29 18:28:15.586 D/CompatibilityChangeReporter( 700): Compat change id reported: 265452344; UID 1000; state: DISABLED
05-29 18:28:15.587 D/CompatibilityChangeReporter( 700): Compat change id reported: 266124927; UID 1000; state: DISABLED
05-29 18:28:15.588 D/CompatibilityChangeReporter( 700): Compat change id reported: 265451093; UID 1000; state: DISABLED
05-29 18:28:15.588 D/CompatibilityChangeReporter( 700): Compat change id reported: 265456536; UID 1000; state: DISABLED
05-29 18:28:15.588 D/CompatibilityChangeReporter( 700): Compat change id reported: 255940284; UID 1000; state: DISABLED
05-29 18:28:15.588 D/CompatibilityChangeReporter( 700): Compat change id reported: 236283604; UID 1000; state: DISABLED
05-29 18:28:15.589 D/CompatibilityChangeReporter( 700): Compat change id reported: 263959004; UID 1000; state: DISABLED
05-29 18:28:15.589 D/CompatibilityChangeReporter( 700): Compat change id reported: 264304459; UID 1000; state: DISABLED
05-29 18:28:15.590 D/CompatibilityChangeReporter( 700): Compat change id reported: 264301586; UID 1000; state: DISABLED
05-29 18:28:15.590 D/CompatibilityChangeReporter( 700): Compat change id reported: 254631730; UID 1000; state: DISABLED
05-29 18:28:15.591 D/CompatibilityChangeReporter( 700): Compat change id reported: 273509367; UID 1000; state: DISABLED
05-29 18:28:15.592 D/CompatibilityChangeReporter( 700): Compat change id reported: 263259275; UID 1000; state: DISABLED
05-29 18:28:15.592 D/CompatibilityChangeReporter( 700): Compat change id reported: 174042980; UID 1000; state: DISABLED
05-29 18:28:15.593 D/CompatibilityChangeReporter( 700): Compat change id reported: 174042936; UID 1000; state: DISABLED
05-29 18:28:15.593 D/CompatibilityChangeReporter( 700): Compat change id reported: 181136395; UID 1000; state: DISABLED
05-29 18:28:15.601 D/CompatibilityChangeReporter( 700): Compat change id reported: 194480991; UID 1000; state: ENABLED
05-29 18:28:15.606 E/CellBroadcastUtils( 700): getDefaultCellBroadcastReceiverPackageName: no package found
05-29 18:28:15.612 D/CompatibilityChangeReporter( 700): Compat change id reported: 197654537; UID 1000; state: ENABLED
05-29 18:28:15.616 D/CompatibilityChangeReporter( 700): Compat change id reported: 205907456; UID 1000; state: DISABLED
05-29 18:28:15.622 I/ActivityTaskManager( 700): START u0 {dat=haqu://setting:8080/... flg=0x10000000 pkg=com.dangbei.haqusetting cmp=com.dangbei.haqusetting/.ui.HomeActivity} with LAUNCH_MULTIPLE from uid 1000 (BAL_ALLOW_ALLOWLISTED_UID) result code=0
05-29 18:28:15.625 V/WindowManagerShell( 918): Transition requested: android.os.BinderProxy@9e8a1d7 TransitionRequestInfo { type = 1, triggerTask = TaskInfo{userId=0 taskId=26 displayId=0 isRunning=true baseIntent=Intent { dat=haqu://setting:8080/... flg=0x10000000 pkg=com.dangbei.haqusetting cmp=com.dangbei.haqusetting/.ui.HomeActivity } baseActivity=ComponentInfo{com.dangbei.haqusetting/com.dangbei.haqusetting.ui.HomeActivity} topActivity=ComponentInfo{com.dangbei.haqusetting/com.dangbei.haqusetting.ui.HomeActivity} origActivity=null realActivity=ComponentInfo{com.dangbei.haqusetting/com.dangbei.haqusetting.ui.HomeActivity} numActivities=1 lastActiveTime=99179 supportsMultiWindow=true resizeMode=1 isResizeable=true minWidth=-1 minHeight=-1 defaultMinSize=220 token=WCT{android.window.IWindowContainerToken$Stub$Proxy@ca69ac4} topActivityType=1 pictureInPictureParams=null shouldDockBigOverlays=true launchIntoPipHostTaskId=-1 lastParentTaskIdBeforePip=-1 displayCutoutSafeInsets=null topActivityInfo=ActivityInfo{dafcdad com.dangbei.haqusetting.ui.HomeActivity} launchCookies=[] positionInParent=Point(0, 0) parentTaskId=-1 isFocused=false isVisible=false isVisibleRequested=false isSleeping=false topActivityInSizeCompat=false topActivityEligibleForLetterboxEducation= false isLetterboxDoubleTapEnabled= false topActivityEligibleForUserAspectRatioButton= false topActivityBoundsLetterboxed= false isFromLetterboxDoubleTap= false topActivityLetterboxVerticalPosition= -1 topActivityLetterboxHorizontalPosition= -1 topActivityLetterboxWidth=-1 topActivityLetterboxHeight=-1 isUserFullscreenOverrideEnabled=false isTopActivityTransparent=true locusId=null displayAreaFeatureId=1 cameraCompatControlState=hidden}, remoteTransition = null, displayChange = null, flags = 0 }
05-29 18:28:15.627 I/ActivityManager( 700): com.dangbei.haqusetting is exempt from freezer
05-29 18:28:15.627 D/CompatibilityChangeReporter( 700): Compat change id reported: 135634846; UID 1000; state: DISABLED
05-29 18:28:15.640 I/xm_hidread( 1904): type=1400 audit(0.0:930): avc: denied { read } for scontext=u:r:init:s0 tcontext=u:r:init:s0 tclass=netlink_kobject_uevent_socket permissive=1
05-29 18:28:15.642 I/audio_hw_hal_primary( 475): [register_audio_patch:8215] Patch 3:id:3 mix(io:13)->dev_0[OUT_HDMI(id:22)] found, register the same patch, do nothing.
05-29 18:28:15.642 I/audio_hw_hal_primary( 475): [adev_create_audio_patch:8316] Patch 3: MIX->DEVICE, num_src:1 num_sink:1 patch_src:INVAL
05-29 18:28:15.642 I/audio_hw_hal_primary( 475): [adev_create_audio_patch:8320] sink[0]: OUT_HDMI(id:22)
05-29 18:28:15.642 I/audio_hw_hal_primary( 475): [adev_create_audio_patch:8377] Patch 3: mix(io:13) -> dev[OUT_HDMI(id:22)]
05-29 18:28:15.643 I/audio_hw_hal_primary( 475): [adev_create_audio_patch:8445] dev=0xe69c14a0 cur_out_device=0x400
05-29 18:28:15.643 D/audioserver( 535): logFgsApiEnd: FGS Logger Transaction failed, -129
05-29 18:28:15.644 D/audioserver( 535): logFgsApiBegin: FGS Logger Transaction failed, -129
05-29 18:28:15.646 I/audio_hw_hal_primary( 475): out_update_source_metadata_v7() line 2013 usage:1 content_type:2
05-29 18:28:15.652 D/Zygote ( 464): Forked child process 2814
05-29 18:28:15.653 I/ActivityManager( 700): Start proc 2814:com.dangbei.haqusetting/1000 for next-top-activity {com.dangbei.haqusetting/com.dangbei.haqusetting.ui.HomeActivity}
05-29 18:28:15.653 D/audioserver( 535): logFgsApiBegin: FGS Logger Transaction failed, -129
05-29 18:28:15.655 W/SQLiteLog( 1431): (28) double-quoted string literal: "
05-29 18:28:15.655 W/SQLiteLog( 1431): (28) double-quoted string literal: "E719B02F932234D04C25FE455AF082AD"
05-29 18:28:15.656 I/BpBinder( 263): onLastStrongRef automatically unlinking death recipients:
05-29 18:28:15.658 D/UEventObserver( 1049): change@/devices/platform/auge_sound/sound/card0/controlC0ACTION=changeDEVPATH=/devices/platform/auge_sound/sound/card0/controlC0SUBSYSTEM=soundAUDIO_FORMAT=0MAJOR=116MINOR=13DEVNAME=snd/controlC0SEQNUM=3552
05-29 18:28:15.661 D/TrafficStats( 1431): tagSocket(148) with statsTag=0xffffffff, statsUid=-1
05-29 18:28:15.664 I/Zygote ( 2814): seccomp disabled by setenforce 0
05-29 18:28:15.671 I/bei.haqusetting( 2814): Using CollectorTypeCC GC.
05-29 18:28:15.678 E/bei.haqusetting( 2814): Not starting debugger since process cannot load the jdwp agent.
05-29 18:28:15.684 I/audio_hw_hal_primary( 475): [audiohal_get_latency:1333] io 13: out:0xe59c6be0 frames:1152 rate:48000 whole_latency:24 alsa_latency:24
05-29 18:28:15.685 I/audio_hw_hal_primary( 475): out_update_source_metadata_v7() line 2013 usage:13 content_type:4
05-29 18:28:15.690 D/CompatibilityChangeReporter( 700): Compat change id reported: 168419799; UID 1000; state: DISABLED
05-29 18:28:15.691 D/CompatibilityChangeReporter( 700): Compat change id reported: 273564678; UID 1000; state: DISABLED
05-29 18:28:15.699 D/CompatibilityChangeReporter( 2814): Compat change id reported: 171979766; UID 1000; state: ENABLED
05-29 18:28:15.700 D/CompatibilityChangeReporter( 2814): Compat change id reported: 242716250; UID 1000; state: DISABLED
05-29 18:28:15.727 I/audio_hw_hal_primary( 475): [audiohal_get_latency:1333] io 13: out:0xe59c6be0 frames:1152 rate:48000 whole_latency:24 alsa_latency:24
05-29 18:28:15.745 D/WindowManagerShell( 918): TvPipController: onTaskStackChanged()
05-29 18:28:15.769 I/audio_hw_hal_primary( 475): [audiohal_get_latency:1333] io 13: out:0xe59c6be0 frames:1152 rate:48000 whole_latency:24 alsa_latency:24
05-29 18:28:15.784 D/nativeloader( 2814): Configuring clns-shared-4 for other apk /system/app/dangbei-setting/dangbei-setting.apk. target_sdk_version=31, uses_libraries=, library_path=/system/app/dangbei-setting/lib/arm:/system/app/dangbei-setting/dangbei-setting.apk!/lib/armeabi-v7a:/system/lib:/system_ext/lib, permitted_path=/data:/mnt/expand:/data/user/0/com.dangbei.haqusetting:/system/app/dangbei-setting:/system/lib:/system_ext/lib
05-29 18:28:15.812 I/audio_hw_hal_primary( 475): [audiohal_get_latency:1333] io 13: out:0xe59c6be0 frames:1152 rate:48000 whole_latency:24 alsa_latency:24
05-29 18:28:15.812 I/audio_hw_hal_primary( 475): [audiohal_get_latency:1333] io 13: out:0xe59c6be0 frames:1152 rate:48000 whole_latency:24 alsa_latency:24
05-29 18:28:15.825 V/GraphicsEnvironment( 2814): Currently set values for:
05-29 18:28:15.825 V/GraphicsEnvironment( 2814): angle_gl_driver_selection_pkgs=[]
05-29 18:28:15.825 V/GraphicsEnvironment( 2814): angle_gl_driver_selection_values=[]
05-29 18:28:15.826 V/GraphicsEnvironment( 2814): ANGLE GameManagerService for com.dangbei.haqusetting: false
05-29 18:28:15.826 V/GraphicsEnvironment( 2814): com.dangbei.haqusetting is not listed in per-application setting
05-29 18:28:15.827 V/GraphicsEnvironment( 2814): Neither updatable production driver nor prerelease driver is supported.
05-29 18:28:15.830 I/MultiDex( 2814): VM with version 2.1.0 has multidex support
05-29 18:28:15.830 I/MultiDex( 2814): Installing application
05-29 18:28:15.830 I/MultiDex( 2814): VM has multidex support, MultiDex support library is disabled.
05-29 18:28:15.834 I/audio_hw_hal_primary( 475): [audiohal_get_latency:1333] io 13: out:0xe59c6be0 frames:1152 rate:48000 whole_latency:24 alsa_latency:24
05-29 18:28:15.834 I/audio_hw_hal_primary( 475): [audiohal_get_latency:1333] io 13: out:0xe59c6be0 frames:1152 rate:48000 whole_latency:24 alsa_latency:24
05-29 18:28:15.843 E/ccc ( 2814): cccccc HaquSettingApplication app onCreate start
05-29 18:28:15.847 E/ccc ( 2814): cccccc HaquSettingApplication app onCreate end
05-29 18:28:15.848 V/WindowManager( 700): app ------------- force_land :0
05-29 18:28:15.852 D/CompatibilityChangeReporter( 700): Compat change id reported: 161145287; UID 1000; state: ENABLED
05-29 18:28:15.852 D/CompatibilityChangeReporter( 700): Compat change id reported: 161145287; UID 1000; state: DISABLED
05-29 18:28:15.856 I/audio_hw_hal_primary( 475): [audiohal_get_latency:1333] io 13: out:0xe59c6be0 frames:1024 rate:48000 whole_latency:21 alsa_latency:21
05-29 18:28:15.856 I/audio_hw_hal_primary( 475): [audiohal_get_latency:1333] io 13: out:0xe59c6be0 frames:1024 rate:48000 whole_latency:21 alsa_latency:21
05-29 18:28:15.856 D/audioserver( 535): logFgsApiEnd: FGS Logger Transaction failed, -129
05-29 18:28:15.858 I/audio_hw_hal_primary( 475): out_update_source_metadata_v7() line 2013 usage:13 content_type:4
05-29 18:28:15.875 W/ContextImpl( 2814): Calling a method in the system process without a qualified user: android.app.ContextImpl.bindService:1988 android.content.ContextWrapper.bindService:861 com.dangbei.lerad.etna.lib.client.EtnaClient.bindServer:138 com.dangbei.lerad.etna.lib.client.EtnaClient.access$600:29 com.dangbei.lerad.etna.lib.client.EtnaClient$3.call:205
05-29 18:28:15.877 D/CompatibilityChangeReporter( 700): Compat change id reported: 261072174; UID 1000; state: DISABLED
05-29 18:28:15.879 I/audio_hw_hal_primary( 475): [audiohal_get_latency:1333] io 13: out:0xe59c6be0 frames:1280 rate:48000 whole_latency:26 alsa_latency:26
05-29 18:28:15.897 I/audio_hw_hal_primary( 475): [audiohal_get_latency:1333] io 13: out:0xe59c6be0 frames:1152 rate:48000 whole_latency:24 alsa_latency:24
05-29 18:28:15.919 I/audio_hw_hal_primary( 475): [audiohal_get_latency:1333] io 13: out:0xe59c6be0 frames:1152 rate:48000 whole_latency:24 alsa_latency:24
05-29 18:28:15.926 I/audio_hw_hal_alsamgr( 475): alsa format =0x1 delay frames =1024 total frames=4279040
05-29 18:28:15.941 I/audio_hw_hal_primary( 475): [audiohal_get_latency:1333] io 13: out:0xe59c6be0 frames:1024 rate:48000 whole_latency:21 alsa_latency:21
05-29 18:28:15.951 I/bluetooth( 1027): packages/modules/Bluetooth/system/gd/hci/le_scanning_reassembler.cc:56 ProcessAdvertisingReport: Ignoring scan response received without advertising event
05-29 18:28:15.963 I/audio_hw_hal_primary( 475): [audiohal_get_latency:1333] io 13: out:0xe59c6be0 frames:1024 rate:48000 whole_latency:21 alsa_latency:21
05-29 18:28:15.988 I/audio_hw_hal_primary( 475): [audiohal_get_latency:1333] io 13: out:0xe59c6be0 frames:1152 rate:48000 whole_latency:24 alsa_latency:24
05-29 18:28:15.989 D/audioserver( 535): logFgsApiEnd: FGS Logger Transaction failed, -129
05-29 18:28:16.021 D/CompatibilityChangeReporter( 2814): Compat change id reported: 237531167; UID 1000; state: DISABLED
05-29 18:28:16.022 W/OpenGLRenderer( 2814): Unknown dataspace 0
05-29 18:28:16.027 W/WindowManager( 700): [addWindow] title:com.dangbei.haqusetting/com.dangbei.haqusetting.ui.HomeActivity
05-29 18:28:16.031 E/ccc ( 1386): cccccc etnaService addListener com.dangbei.lerad.etna.aidl.IEtnaAidlListener$Stub$Proxy@8f39464 com.dangbei.haqusetting
05-29 18:28:16.031 E/ccc ( 2814): cccccc etna-haqu-connected
05-29 18:28:16.061 D/CoreBackPreview( 700): Window{9c3be46 u0 com.dangbei.haqusetting/com.dangbei.haqusetting.ui.HomeActivity}: Setting back callback OnBackInvokedCallbackInfo{mCallback=android.window.IOnBackInvokedCallback$Stub$Proxy@9e73d34, mPriority=0, mIsAnimationCallback=false}
05-29 18:28:16.071 I/mali ( 2814): Successfully parsed 1 environment variable(s) from /vendor/etc/mali_platform.config.
05-29 18:28:16.073 I/mali ( 2814): Successfully parsed 1 environment variable(s) from /vendor/etc/mali_platform.config.
05-29 18:28:16.083 I/hwservicemanager( 233): getTransport: Cannot find entry android.hardware.configstore@1.0::ISurfaceFlingerConfigs/default in either framework or device VINTF manifest.
05-29 18:28:16.114 I/MesonDisplay( 289): [/mode_policy.c, meson_mode_set_policy, 1177] connector:0 to policy:0
05-29 18:28:16.114 I/MesonDisplay( 289): [/mode_policy.c, is_dv_prefer, 66] not prefer dv, hdr_priority:10000010
05-29 18:28:16.114 I/MesonDisplay( 289): [/mode_policy.c, is_dv_prefer, 66] not prefer dv, hdr_priority:10000010
05-29 18:28:16.114 I/MesonDisplay( 289): [/mode_policy.c, hdr_scene_process, 724] policy:0 is_bestcolorspace:1 state:0
05-29 18:28:16.114 I/MesonDisplay( 289): [/mode_policy_parser.c, is_support_hdmimode, 110] is_support_hdmimode mode: 2160p60hz
05-29 18:28:16.114 I/MesonDisplay( 289): [/mode_policy_parser.c, is_support_hdmimode, 110] is_support_hdmimode mode: 2160p60hz
05-29 18:28:16.114 D/MesonDisplay( 289): meson_write /sys/class/amhdmitx/amhdmitx0/valid_mode, outputmode:2160p60hz420,10bit
05-29 18:28:16.114 D/MesonDisplay( 289): valid mode is true!
05-29 18:28:16.114 I/MesonDisplay( 289): [/mode_policy.c, is_support_4kHDR, 499] is_support_4kHDR mode:[420,10bit], deep color:[2160p60hz]
05-29 18:28:16.114 I/MesonDisplay( 289): [/mode_policy.c, meson_mode_get_policy_output, 1289] final_displaymode:2160p60hz, final_deepcolor:420,10bit, amdv_type:0
05-29 18:28:16.114 I/MesonDisplay( 289): [/mode_policy.c, meson_mode_set_policy, 1177] connector:0 to policy:0
05-29 18:28:16.116 E/OpenGLRenderer( 2814): Unable to match the desired swap behavior.
05-29 18:28:16.149 V/WindowManagerShell( 918): onTransitionReady android.os.BinderProxy@9e8a1d7: {id=3 t=OPEN f=0x0 trk=0 r=[0@Point(0, 0)] c=[{WCT{android.window.IWindowContainerToken$Stub$Proxy@cd49f30} m=OPEN f=TRANSLUCENT leash=Surface(name=Task=26)/@0x55378e2 sb=Rect(0, 0 - 1920, 1080) eb=Rect(0, 0 - 1920, 1080) d=0}]}
05-29 18:28:16.150 V/WindowManagerShell( 918): Playing animation for (#3)android.os.BinderProxy@9e8a1d7@0
05-29 18:28:16.150 V/WindowManagerShell( 918): try handler com.android.wm.shell.keyguard.KeyguardTransitionHandler@176aa41
05-29 18:28:16.150 V/WindowManagerShell( 918): try handler com.android.wm.shell.pip.tv.TvPipTransition@6ac7be6
05-29 18:28:16.150 V/WindowManagerShell( 918): try handler com.android.wm.shell.activityembedding.ActivityEmbeddingController@f150527
05-29 18:28:16.150 V/WindowManagerShell( 918): try handler com.android.wm.shell.transition.RemoteTransitionHandler@6af43d4
05-29 18:28:16.150 V/WindowManagerShell( 918): Transition doesn't have explicit remote, search filters for match for {id=3 t=OPEN f=0x0 trk=0 r=[0@Point(0, 0)] c=[{WCT{android.window.IWindowContainerToken$Stub$Proxy@cd49f30} m=OPEN f=TRANSLUCENT leash=Surface(name=Task=26)/@0x55378e2 sb=Rect(0, 0 - 1920, 1080) eb=Rect(0, 0 - 1920, 1080) d=0}]}
05-29 18:28:16.150 V/WindowManagerShell( 918): Delegate animation for #3 to null
05-29 18:28:16.150 V/WindowManagerShell( 918): try handler com.android.wm.shell.transition.DefaultTransitionHandler@942a97d
05-29 18:28:16.150 V/WindowManagerShell( 918): start default transition animation, info = {id=3 t=OPEN f=0x0 trk=0 r=[0@Point(0, 0)] c=[{WCT{android.window.IWindowContainerToken$Stub$Proxy@cd49f30} m=OPEN f=TRANSLUCENT leash=Surface(name=Task=26)/@0x55378e2 sb=Rect(0, 0 - 1920, 1080) eb=Rect(0, 0 - 1920, 1080) d=0}]}
05-29 18:28:16.151 W/RecyclerView( 2814): No adapter attached; skipping layout
05-29 18:28:16.151 V/WindowManagerShell( 918): loadAnimation: anim=android.view.animation.AlphaAnimation@b34412e animAttr=0x4 type=OPEN isEntrance=true
05-29 18:28:16.153 V/WindowManagerShell( 918): animated by com.android.wm.shell.transition.DefaultTransitionHandler@942a97d
05-29 18:28:16.155 I/ActivityTaskManager( 700): Displayed com.dangbei.haqusetting/.ui.HomeActivity for user 0: +562ms
05-29 18:28:16.157 V/WindowManager( 700): Sent Transition #3 createdAt=05-29 18:28:15.605 via request=TransitionRequestInfo { type = 1, triggerTask = TaskInfo{userId=0 taskId=26 displayId=0 isRunning=true baseIntent=Intent { dat=haqu://setting:8080/... flg=0x10000000 pkg=com.dangbei.haqusetting cmp=com.dangbei.haqusetting/.ui.HomeActivity } baseActivity=ComponentInfo{com.dangbei.haqusetting/com.dangbei.haqusetting.ui.HomeActivity} topActivity=ComponentInfo{com.dangbei.haqusetting/com.dangbei.haqusetting.ui.HomeActivity} origActivity=null realActivity=ComponentInfo{com.dangbei.haqusetting/com.dangbei.haqusetting.ui.HomeActivity} numActivities=1 lastActiveTime=99179 supportsMultiWindow=true resizeMode=1 isResizeable=true minWidth=-1 minHeight=-1 defaultMinSize=220 token=WCT{RemoteToken{d54f8a0 Task{ee91d79 #26 type=standard A=1000:com.dangbei.haqusetting}}} topActivityType=1 pictureInPictureParams=null shouldDockBigOverlays=true launchIntoPipHostTaskId=-1 lastParentTaskIdBeforePip=-1 displayCutoutSafeInsets=null topActivityInfo=ActivityInfo{caecc59 com.dangbei.haqusetting.ui.HomeActivity} launchCookies=[] positionInParent=Point(0, 0) parentTaskId=-1 isFocused=false isVisible=false isVisibleRequested=false isSleeping=false topActivityInSizeCompat=false topActivityEligibleForLetterboxEducation= false isLetterboxDoubleTapEnabled= false topActivityEligibleForUserAspectRatioButton= false topActivityBoundsLetterboxed= false isFromLetterboxDoubleTap= false topActivityLetterboxVerticalPosition= -1 topActivityLetterboxHorizontalPosition= -1 topActivityLetterboxWidth=-1 topActivityLetterboxHeight=-1 isUserFullscreenOverrideEnabled=false isTopActivityTransparent=true locusId=null displayAreaFeatureId=1 cameraCompatControlState=hidden}, remoteTransition = null, displayChange = null, flags = 0 }
05-29 18:28:16.157 V/WindowManager( 700): startWCT=WindowContainerTransaction { changes = {} hops = [] errorCallbackToken=null taskFragmentOrganizer=null }
05-29 18:28:16.158 V/WindowManager( 700): info={id=3 t=OPEN f=0x0 trk=0 r=[0@Point(0, 0)] c=[{WCT{RemoteToken{d54f8a0 Task{ee91d79 #26 type=standard A=1000:com.dangbei.haqusetting}}} m=OPEN f=TRANSLUCENT leash=Surface(name=Task=26)/@0x653175d sb=Rect(0, 0 - 1920, 1080) eb=Rect(0, 0 - 1920, 1080) d=0}]}
05-29 18:28:16.167 W/ContextImpl( 700): Calling a method in the system process without a qualified user: android.app.ContextImpl.startService:1899 com.android.server.wm.DisplayPolicy.lambda$focusChangedLw$5:2126 com.android.server.wm.DisplayPolicy.$r8$lambda$Znxk63oh-WzVnzo_WQefN7uxV48:0 com.android.server.wm.DisplayPolicy$$ExternalSyntheticLambda13.run:0 android.os.Handler.handleCallback:958
05-29 18:28:16.170 D/aaa ( 1469): LedStatusService onStartCommand begin
05-29 18:28:16.172 D/aaa ( 1469): topPkg is -------------- :com.dangbei.haqusetting
05-29 18:28:16.193 D/CompatibilityChangeReporter( 700): Compat change id reported: 214016041; UID 1000; state: ENABLED
05-29 18:28:16.194 D/CompatibilityChangeReporter( 700): Compat change id reported: 214016041; UID 1000; state: DISABLED
05-29 18:28:16.195 I/ImeTracker( 700): com.dangbei.haqusetting:c142f664: onRequestHide at ORIGIN_SERVER_HIDE_INPUT reason HIDE_UNSPECIFIED_WINDOW
05-29 18:28:16.195 I/ImeTracker( 700): com.dangbei.haqusetting:c142f664: onCancelled at PHASE_SERVER_SHOULD_HIDE
05-29 18:28:16.200 I/DefaultIMS( 1417): onStartInput attribute=android.view.inputmethod.EditorInfo@f52528b restarting=false inputType: 0
05-29 18:28:16.363 E/ccc ( 1386): cccccc UpdateHelper onMessageReceived com.dangbei.haqusetting com.dangbei.etna.update {"action":"get","functionTag":"leaf_controller_function_controller_dangbei_update","value":0} com.dangbei.lerad.etna.aidl.IEtnaAidlCallback$Stub$Proxy@44d6cd
05-29 18:28:16.373 E/ccc ( 1386): cccccc 请求电量实时 -1
05-29 18:28:16.372 I/binder:1386_4( 1386): type=1400 audit(0.0:931): avc: denied { read } for name="devices" dev="proc" ino=4026531982 scontext=u:r:system_app:s0 tcontext=u:object_r:proc:s0 tclass=file permissive=1
05-29 18:28:16.377 E/RCInfo ( 1386): vid:
05-29 18:28:16.377 E/RCInfo ( 1386): pid:
05-29 18:28:16.376 I/binder:1386_4( 1386): type=1400 audit(0.0:932): avc: denied { open } for path="/proc/bus/input/devices" dev="proc" ino=4026531982 scontext=u:r:system_app:s0 tcontext=u:object_r:proc:s0 tclass=file permissive=1
05-29 18:28:16.376 I/binder:1386_4( 1386): type=1400 audit(0.0:933): avc: denied { getattr } for path="/proc/bus/input/devices" dev="proc" ino=4026531982 scontext=u:r:system_app:s0 tcontext=u:object_r:proc:s0 tclass=file permissive=1
05-29 18:28:16.394 D/CompatibilityChangeReporter( 2814): Compat change id reported: 210923482; UID 1000; state: DISABLED
05-29 18:28:16.394 D/CompatibilityChangeReporter( 2814): Compat change id reported: 37756858; UID 1000; state: ENABLED
05-29 18:28:16.489 D/TrafficStats( 2617): tagSocket(175) with statsTag=0xffffffff, statsUid=-1
05-29 18:28:16.503 D/ConnectivityService( 700): requestNetwork for uid/pid:1000/2814 activeRequest: null callbackRequest: 53 [NetworkRequest [ REQUEST id=54, [ Capabilities: INTERNET&NOT_RESTRICTED&TRUSTED&NOT_VCN_MANAGED Uid: 1000 RequestorUid: 1000 RequestorPkg: com.dangbei.haqusetting UnderlyingNetworks: Null] ]] callback flags: 0 order: 2147483647
05-29 18:28:16.511 I/DefaultIMS( 1417): onStartInput attribute=android.view.inputmethod.EditorInfo@db5af68 restarting=false inputType: 0
05-29 18:28:16.513 D/WifiNetworkFactory( 700): got request NetworkRequest [ REQUEST id=54, [ Capabilities: INTERNET&NOT_RESTRICTED&TRUSTED&NOT_VCN_MANAGED Uid: 1000 RequestorUid: 1000 RequestorPkg: com.dangbei.haqusetting UnderlyingNetworks: Null] ]
05-29 18:28:16.513 D/UntrustedWifiNetworkFactory( 700): got request NetworkRequest [ REQUEST id=54, [ Capabilities: INTERNET&NOT_RESTRICTED&TRUSTED&NOT_VCN_MANAGED Uid: 1000 RequestorUid: 1000 RequestorPkg: com.dangbei.haqusetting UnderlyingNetworks: Null] ]
05-29 18:28:16.513 D/OemPaidWifiNetworkFactory( 700): got request NetworkRequest [ REQUEST id=54, [ Capabilities: INTERNET&NOT_RESTRICTED&TRUSTED&NOT_VCN_MANAGED Uid: 1000 RequestorUid: 1000 RequestorPkg: com.dangbei.haqusetting UnderlyingNetworks: Null] ]
05-29 18:28:16.513 D/ConnectivityService( 700): NetReassign [54 : null → 100] [c 0] [a 8] [i 0]
05-29 18:28:16.513 D/MultiInternetWifiNetworkFactory( 700): got request NetworkRequest [ REQUEST id=54, [ Capabilities: INTERNET&NOT_RESTRICTED&TRUSTED&NOT_VCN_MANAGED Uid: 1000 RequestorUid: 1000 RequestorPkg: com.dangbei.haqusetting UnderlyingNetworks: Null] ]
05-29 18:28:16.556 V/WindowManagerShell( 918): Transition animation finished (aborted=false), notifying core (#3)android.os.BinderProxy@9e8a1d7@0
05-29 18:28:16.560 V/WindowManagerShell( 918): Track 0 became idle
05-29 18:28:16.560 V/WindowManagerShell( 918): All active transition animations finished
05-29 18:28:16.560 V/WindowManager( 700): Finish Transition #3: created at
05-29 18:28:15.605 collect-started=0.119ms request-sent=15.86ms started=21.204ms ready=246.293ms sent=542.626ms finished=952.539ms
05-29 18:28:16.663 E/ccc ( 1386): cccccc settingHelper resetManager
05-29 18:28:16.665 V/HdmiDisplayManager( 1386): Amlogic Y5
05-29 18:28:16.686 E/ccc ( 1386): cccccc ColorFormatManager reset
05-29 18:28:16.688 V/MesonDisplayServer( 289): GetDisplayMode:2160p60hz
05-29 18:28:16.691 V/MesonDisplayServer( 289): GetDisplayMode:2160p60hz
05-29 18:28:16.691 D/MesonDisplay( 289): meson_write /sys/class/amhdmitx/amhdmitx0/valid_mode, outputmode:2160p60hz420,12bit
05-29 18:28:16.692 D/MesonDisplay( 289): valid mode is true!
05-29 18:28:16.692 D/MesonDisplay( 289): meson_write /sys/class/amhdmitx/amhdmitx0/valid_mode, outputmode:2160p60hz420,10bit
05-29 18:28:16.692 D/MesonDisplay( 289): valid mode is true!
05-29 18:28:16.692 D/MesonDisplay( 289): meson_write /sys/class/amhdmitx/amhdmitx0/valid_mode, outputmode:2160p60hz420,8bit
05-29 18:28:16.692 D/MesonDisplay( 289): valid mode is true!
05-29 18:28:16.692 D/MesonDisplay( 289): meson_write /sys/class/amhdmitx/amhdmitx0/valid_mode, outputmode:2160p60hz444,12bit
05-29 18:28:16.692 D/MesonDisplay( 289): valid mode is false!
05-29 18:28:16.692 D/MesonDisplay( 289): meson_write /sys/class/amhdmitx/amhdmitx0/valid_mode, outputmode:2160p60hz444,10bit
05-29 18:28:16.692 D/MesonDisplay( 289): valid mode is false!
05-29 18:28:16.692 D/MesonDisplay( 289): meson_write /sys/class/amhdmitx/amhdmitx0/valid_mode, outputmode:2160p60hz444,8bit
05-29 18:28:16.692 D/MesonDisplay( 289): valid mode is true!
05-29 18:28:16.692 D/MesonDisplay( 289): meson_write /sys/class/amhdmitx/amhdmitx0/valid_mode, outputmode:2160p60hz422,12bit
05-29 18:28:16.692 D/MesonDisplay( 289): valid mode is true!
05-29 18:28:16.693 D/MesonDisplay( 289): meson_write /sys/class/amhdmitx/amhdmitx0/valid_mode, outputmode:2160p60hzrgb,12bit
05-29 18:28:16.693 D/MesonDisplay( 289): valid mode is false!
05-29 18:28:16.693 D/MesonDisplay( 289): meson_write /sys/class/amhdmitx/amhdmitx0/valid_mode, outputmode:2160p60hzrgb,10bit
05-29 18:28:16.693 D/MesonDisplay( 289): valid mode is false!
05-29 18:28:16.693 D/MesonDisplay( 289): meson_write /sys/class/amhdmitx/amhdmitx0/valid_mode, outputmode:2160p60hzrgb,8bit
05-29 18:28:16.693 D/MesonDisplay( 289): valid mode is true!
05-29 18:28:16.693 I/MesonHwc( 289): [/ModePolicy.cpp, getCurrentSupportDeepColor, 736] getCurrentSupportDeepColor current mode: 2160p60hz supported color: 420,12bit
05-29 18:28:16.693 I/MesonHwc( 289): 420,10bit
05-29 18:28:16.693 I/MesonHwc( 289): 420,8bit
05-29 18:28:16.693 I/MesonHwc( 289): 444,8bit
05-29 18:28:16.693 I/MesonHwc( 289): 422,12bit
05-29 18:28:16.693 I/MesonHwc( 289): rgb,8bit
05-29 18:28:16.696 D/MesonDisplayServer( 289): use connector getDisplayAttribute "HDR Priority": "268435472"
05-29 18:28:16.696 I/SystemControl( 317): [/DisplayMode.cpp, getCurrentHdrPriority, 2840] getCurrentHdrPriority is [0x10000010]
05-29 18:28:16.696 V/MesonDisplayServer( 289): GetDisplayMode:2160p60hz
05-29 18:28:16.698 D/MesonDisplayServer( 289): use connector getDisplayAttribute "HDR Priority": "268435472"
05-29 18:28:16.698 I/SystemControl( 317): [/DisplayMode.cpp, getCurrentHdrPriority, 2840] getCurrentHdrPriority is [0x10000010]
05-29 18:28:16.700 V/MesonDisplayServer( 289): GetDisplayMode:2160p60hz
05-29 18:28:16.700 D/MesonDisplay( 289): meson_write /sys/class/amhdmitx/amhdmitx0/valid_mode, outputmode:2160p60hz420,12bit
05-29 18:28:16.700 D/MesonDisplay( 289): valid mode is true!
05-29 18:28:16.700 D/MesonDisplay( 289): meson_write /sys/class/amhdmitx/amhdmitx0/valid_mode, outputmode:2160p60hz420,10bit
05-29 18:28:16.700 D/MesonDisplay( 289): valid mode is true!
05-29 18:28:16.700 D/MesonDisplay( 289): meson_write /sys/class/amhdmitx/amhdmitx0/valid_mode, outputmode:2160p60hz420,8bit
05-29 18:28:16.701 D/MesonDisplay( 289): valid mode is true!
05-29 18:28:16.701 D/MesonDisplay( 289): meson_write /sys/class/amhdmitx/amhdmitx0/valid_mode, outputmode:2160p60hz444,12bit
05-29 18:28:16.701 D/MesonDisplay( 289): valid mode is false!
05-29 18:28:16.701 D/MesonDisplay( 289): meson_write /sys/class/amhdmitx/amhdmitx0/valid_mode, outputmode:2160p60hz444,10bit
05-29 18:28:16.701 D/MesonDisplay( 289): valid mode is false!
05-29 18:28:16.701 D/MesonDisplay( 289): meson_write /sys/class/amhdmitx/amhdmitx0/valid_mode, outputmode:2160p60hz444,8bit
05-29 18:28:16.701 D/MesonDisplay( 289): valid mode is true!
05-29 18:28:16.701 D/MesonDisplay( 289): meson_write /sys/class/amhdmitx/amhdmitx0/valid_mode, outputmode:2160p60hz422,12bit
05-29 18:28:16.701 D/MesonDisplay( 289): valid mode is true!
05-29 18:28:16.701 D/MesonDisplay( 289): meson_write /sys/class/amhdmitx/amhdmitx0/valid_mode, outputmode:2160p60hzrgb,12bit
05-29 18:28:16.701 D/MesonDisplay( 289): valid mode is false!
05-29 18:28:16.701 D/MesonDisplay( 289): meson_write /sys/class/amhdmitx/amhdmitx0/valid_mode, outputmode:2160p60hzrgb,10bit
05-29 18:28:16.701 D/MesonDisplay( 289): valid mode is false!
05-29 18:28:16.701 D/MesonDisplay( 289): meson_write /sys/class/amhdmitx/amhdmitx0/valid_mode, outputmode:2160p60hzrgb,8bit
05-29 18:28:16.701 D/MesonDisplay( 289): valid mode is true!
05-29 18:28:16.702 I/MesonHwc( 289): [/ModePolicy.cpp, getCurrentSupportDeepColor, 736] getCurrentSupportDeepColor current mode: 2160p60hz supported color: 420,12bit
05-29 18:28:16.702 I/MesonHwc( 289): 420,10bit
05-29 18:28:16.702 I/MesonHwc( 289): 420,8bit
05-29 18:28:16.702 I/MesonHwc( 289): 444,8bit
05-29 18:28:16.702 I/MesonHwc( 289): 422,12bit
05-29 18:28:16.702 I/MesonHwc( 289): rgb,8bit
05-29 18:28:16.703 V/MesonDisplayServer( 289): GetDisplayMode:2160p60hz
05-29 18:28:16.706 D/MesonDisplayServer( 289): use connector getDisplayAttribute "HDMI Color ATTR": "422,12bit"
05-29 18:28:16.706 I/SystemControl( 317): [/DisplayMode.cpp, getDeepColorAttr, 2290] getDeepColorAttr colorspace:422,12bit
05-29 18:28:16.706 I/SystemControl( 317): get deep color attr mode 2160p60hz, value 422,12bit
05-29 18:28:16.707 E/ccc ( 1386): cccccc ColorHelper current get YCbCr 4:2:2 12-bit
05-29 18:28:16.724 E/ccc ( 1386): cccccc ColorFormatManager reset
05-29 18:28:16.725 D/MesonDisplayServer( 289): use connector getDisplayAttribute "HDR Priority": "268435472"
05-29 18:28:16.726 I/SystemControl( 317): [/DisplayMode.cpp, getCurrentHdrPriority, 2840] getCurrentHdrPriority is [0x10000010]
05-29 18:28:16.726 V/MesonDisplayServer( 289): GetDisplayMode:2160p60hz
05-29 18:28:16.728 D/MesonDisplayServer( 289): use connector getDisplayAttribute "HDR Priority": "268435472"
05-29 18:28:16.728 I/SystemControl( 317): [/DisplayMode.cpp, getCurrentHdrPriority, 2840] getCurrentHdrPriority is [0x10000010]
05-29 18:28:16.731 V/MesonDisplayServer( 289): GetDisplayMode:2160p60hz
05-29 18:28:16.731 D/MesonDisplay( 289): meson_write /sys/class/amhdmitx/amhdmitx0/valid_mode, outputmode:2160p60hz420,12bit
05-29 18:28:16.731 D/MesonDisplay( 289): valid mode is true!
05-29 18:28:16.731 D/MesonDisplay( 289): meson_write /sys/class/amhdmitx/amhdmitx0/valid_mode, outputmode:2160p60hz420,10bit
05-29 18:28:16.731 D/MesonDisplay( 289): valid mode is true!
05-29 18:28:16.731 D/MesonDisplay( 289): meson_write /sys/class/amhdmitx/amhdmitx0/valid_mode, outputmode:2160p60hz420,8bit
05-29 18:28:16.731 D/MesonDisplay( 289): valid mode is true!
05-29 18:28:16.731 D/MesonDisplay( 289): meson_write /sys/class/amhdmitx/amhdmitx0/valid_mode, outputmode:2160p60hz444,12bit
05-29 18:28:16.731 D/MesonDisplay( 289): valid mode is false!
05-29 18:28:16.731 D/MesonDisplay( 289): meson_write /sys/class/amhdmitx/amhdmitx0/valid_mode, outputmode:2160p60hz444,10bit
05-29 18:28:16.731 D/MesonDisplay( 289): valid mode is false!
05-29 18:28:16.731 D/MesonDisplay( 289): meson_write /sys/class/amhdmitx/amhdmitx0/valid_mode, outputmode:2160p60hz444,8bit
05-29 18:28:16.731 D/MesonDisplay( 289): valid mode is true!
05-29 18:28:16.732 D/MesonDisplay( 289): meson_write /sys/class/amhdmitx/amhdmitx0/valid_mode, outputmode:2160p60hz422,12bit
05-29 18:28:16.732 D/MesonDisplay( 289): valid mode is true!
05-29 18:28:16.732 D/MesonDisplay( 289): meson_write /sys/class/amhdmitx/amhdmitx0/valid_mode, outputmode:2160p60hzrgb,12bit
05-29 18:28:16.732 D/MesonDisplay( 289): valid mode is false!
05-29 18:28:16.732 D/MesonDisplay( 289): meson_write /sys/class/amhdmitx/amhdmitx0/valid_mode, outputmode:2160p60hzrgb,10bit
05-29 18:28:16.732 D/MesonDisplay( 289): valid mode is false!
05-29 18:28:16.732 D/MesonDisplay( 289): meson_write /sys/class/amhdmitx/amhdmitx0/valid_mode, outputmode:2160p60hzrgb,8bit
05-29 18:28:16.733 D/MesonDisplay( 289): valid mode is true!
05-29 18:28:16.733 I/MesonHwc( 289): [/ModePolicy.cpp, getCurrentSupportDeepColor, 736] getCurrentSupportDeepColor current mode: 2160p60hz supported color: 420,12bit
05-29 18:28:16.733 I/MesonHwc( 289): 420,10bit
05-29 18:28:16.733 I/MesonHwc( 289): 420,8bit
05-29 18:28:16.733 I/MesonHwc( 289): 444,8bit
05-29 18:28:16.733 I/MesonHwc( 289): 422,12bit
05-29 18:28:16.733 I/MesonHwc( 289): rgb,8bit
05-29 18:28:16.734 V/MesonDisplayServer( 289): GetDisplayMode:2160p60hz
05-29 18:28:16.736 D/MesonDisplayServer( 289): use connector getDisplayAttribute "HDMI Color ATTR": "422,12bit"
05-29 18:28:16.736 I/SystemControl( 317): [/DisplayMode.cpp, getDeepColorAttr, 2290] getDeepColorAttr colorspace:422,12bit
05-29 18:28:16.736 I/SystemControl( 317): get deep color attr mode 2160p60hz, value 422,12bit
05-29 18:28:16.736 E/ccc ( 1386): cccccc ColorHelper current get YCbCr 4:2:2 12-bit
05-29 18:28:16.752 I/audio_hw_hal_primary( 475): [register_audio_patch:8215] Patch 3:id:3 mix(io:13)->dev_0[OUT_HDMI(id:22)] found, register the same patch, do nothing.
05-29 18:28:16.752 I/audio_hw_hal_primary( 475): [adev_create_audio_patch:8316] Patch 3: MIX->DEVICE, num_src:1 num_sink:1 patch_src:INVAL
05-29 18:28:16.752 I/audio_hw_hal_primary( 475): [adev_create_audio_patch:8320] sink[0]: OUT_HDMI(id:22)
05-29 18:28:16.752 I/audio_hw_hal_primary( 475): [adev_create_audio_patch:8377] Patch 3: mix(io:13) -> dev[OUT_HDMI(id:22)]
05-29 18:28:16.753 I/audio_hw_hal_primary( 475): [adev_create_audio_patch:8445] dev=0xe69c14a0 cur_out_device=0x400
05-29 18:28:16.754 D/UEventObserver( 1049): change@/devices/platform/auge_sound/sound/card0/controlC0ACTION=changeDEVPATH=/devices/platform/auge_sound/sound/card0/controlC0SUBSYSTEM=soundAUDIO_FORMAT=0MAJOR=116MINOR=13DEVNAME=snd/controlC0SEQNUM=3553
05-29 18:28:16.760 D/audioserver( 535): logFgsApiBegin: FGS Logger Transaction failed, -129
05-29 18:28:16.779 D/TrafficStats( 2739): tagSocket(155) with statsTag=0xffffffff, statsUid=-1
05-29 18:28:16.794 I/audio_hw_hal_primary( 475): out_update_source_metadata_v7() line 2013 usage:1 content_type:2
05-29 18:28:16.806 I/SogouIME( 1417): onKeyDown: keyoCode=20
05-29 18:28:16.806 I/DefaultIMS( 1417): onKeyDown: keyoCode=20
05-29 18:28:16.821 I/DefaultIMS( 1417): onStartInput attribute=android.view.inputmethod.EditorInfo@43d8f81 restarting=false inputType: 0
05-29 18:28:16.826 I/SogouIME( 1417): onKeyUp: keyoCode=20
05-29 18:28:16.826 I/DefaultIMS( 1417): onKeyUp: keyoCode=20
05-29 18:28:16.836 I/audio_hw_hal_primary( 475): [register_audio_patch:8215] Patch 3:id:3 mix(io:13)->dev_0[OUT_HDMI(id:22)] found, register the same patch, do nothing.
05-29 18:28:16.836 I/audio_hw_hal_primary( 475): [adev_create_audio_patch:8316] Patch 3: MIX->DEVICE, num_src:1 num_sink:1 patch_src:INVAL
05-29 18:28:16.836 I/audio_hw_hal_primary( 475): [adev_create_audio_patch:8320] sink[0]: OUT_HDMI(id:22)
05-29 18:28:16.836 I/audio_hw_hal_primary( 475): [adev_create_audio_patch:8377] Patch 3: mix(io:13) -> dev[OUT_HDMI(id:22)]
05-29 18:28:16.837 I/audio_hw_hal_primary( 475): [adev_create_audio_patch:8445] dev=0xe69c14a0 cur_out_device=0x400
05-29 18:28:16.837 D/UEventObserver( 1049): change@/devices/platform/auge_sound/sound/card0/controlC0ACTION=changeDEVPATH=/devices/platform/auge_sound/sound/card0/controlC0SUBSYSTEM=soundAUDIO_FORMAT=0MAJOR=116MINOR=13DEVNAME=snd/controlC0SEQNUM=3554
05-29 18:28:16.837 D/audioserver( 535): logFgsApiEnd: FGS Logger Transaction failed, -129
05-29 18:28:16.837 D/audioserver( 535): logFgsApiBegin: FGS Logger Transaction failed, -129
05-29 18:28:16.839 I/audio_hw_hal_primary( 475): out_update_source_metadata_v7() line 2013 usage:1 content_type:2
05-29 18:28:16.844 D/audioserver( 535): logFgsApiBegin: FGS Logger Transaction failed, -129
05-29 18:28:16.880 I/audio_hw_hal_primary( 475): out_update_source_metadata_v7() line 2013 usage:13 content_type:4
05-29 18:28:16.955 I/bluetooth( 1027): packages/modules/Bluetooth/system/gd/hci/le_scanning_reassembler.cc:56 ProcessAdvertisingReport: Ignoring scan response received without advertising event
05-29 18:28:17.007 I/audio_hw_hal_primary( 475): [audiohal_get_latency:1333] io 13: out:0xe59c6be0 frames:1152 rate:48000 whole_latency:24 alsa_latency:24
05-29 18:28:17.033 I/bluetooth( 1027): packages/modules/Bluetooth/system/gd/hci/le_scanning_reassembler.cc:56 ProcessAdvertisingReport: Ignoring scan response received without advertising event
05-29 18:28:17.050 I/audio_hw_hal_primary( 475): [audiohal_get_latency:1333] io 13: out:0xe59c6be0 frames:1152 rate:48000 whole_latency:24 alsa_latency:24
05-29 18:28:17.050 I/audio_hw_hal_primary( 475): [audiohal_get_latency:1333] io 13: out:0xe59c6be0 frames:1152 rate:48000 whole_latency:24 alsa_latency:24
05-29 18:28:17.060 I/WifiService( 700): startScan uid=1000
05-29 18:28:17.060 I/audio_hw_hal_primary( 475): [audiohal_get_latency:1333] io 13: out:0xe59c6be0 frames:1152 rate:48000 whole_latency:24 alsa_latency:24
05-29 18:28:17.062 E/ccc ( 2814): cccccc i will start scan
05-29 18:28:17.066 I/SogouIME( 1417): onKeyDown: keyoCode=20
05-29 18:28:17.066 I/DefaultIMS( 1417): onKeyDown: keyoCode=20
05-29 18:28:17.069 E/ccc ( 2814): cccccc 222222222222222222
05-29 18:28:17.069 D/InstantWifi( 700): Drop, size: 1
05-29 18:28:17.072 D/WifiNl80211Manager( 700): Scan result ready event
05-29 18:28:17.073 D/WifiNative( 700): Scan result ready event
05-29 18:28:17.074 D/WificondScannerImpl( 700): Filtering out 1 scan results.
05-29 18:28:17.076 D/TrafficStats( 2617): tagSocket(174) with statsTag=0xffffffff, statsUid=-1
05-29 18:28:17.078 I/WifiHAL ( 501): call wifi_get_link_stats handler
05-29 18:28:17.079 I/WifiHAL ( 501): Creating message to get link statistics; iface = 16
05-29 18:28:17.079 D/WifiHAL ( 501): error code -95 mapped to -3
05-29 18:28:17.079 E/WifiStaIfaceAidlImpl( 700): getLinkLayerStats failed with service-specific exception: android.os.ServiceSpecificException: (code 4)
05-29 18:28:17.076 I/MirrorHelper( 2617): type=1400 audit(0.0:934): avc: denied { search } for name="net" dev="sysfs" ino=12345 scontext=u:r:untrusted_app_27:s0:c44,c256,c512,c768 tcontext=u:object_r:sysfs_net:s0 tclass=dir permissive=1 app=com.dangbei.screencast
05-29 18:28:17.078 E/hq ( 1431): NetWorkStateReceiver:::NetWorkStateReceiver onReceive: 网络变化广播 >>>> intent.action=android.net.wifi.SCAN_RESULTS
05-29 18:28:17.089 W/eventbuscore( 1431): post Event:com.dangbei.leard.base.entity.event.NetWifiRssiEvent
05-29 18:28:17.092 W/ScanResultUtil( 700): Empty or null ScanResult list
05-29 18:28:17.092 W/WifiService( 700): Attempt to retrieve WifiConfiguration with invalid scanResult List
05-29 18:28:17.093 E/ccc ( 2814): cccccc sort 2 47
05-29 18:28:17.094 W/ScanResultUtil( 700): Empty or null ScanResult list
05-29 18:28:17.094 E/WifiService( 700): Attempt to retrieve passpoint with invalid scanResult List
05-29 18:28:17.096 W/ScanResultUtil( 700): Empty or null ScanResult list
05-29 18:28:17.096 E/ccc ( 2814): cccccc 4444444444444444444 CONNECTED
05-29 18:28:17.097 W/WifiService( 700): Attempt to retrieve OsuProviders with invalid scanResult List
05-29 18:28:17.098 W/System.err( 2617): java.lang.NullPointerException: Attempt to invoke virtual method 'byte[] java.net.NetworkInterface.getHardwareAddress()' on a null object reference
05-29 18:28:17.099 W/System.err( 2617): at b.f.f.y.g.b(Unknown Source:11)
05-29 18:28:17.099 W/System.err( 2617): at b.d.a.a.p.c0(Unknown Source:2)
05-29 18:28:17.099 W/System.err( 2617): at b.f.f.o.f.c.a(Unknown Source:23)
05-29 18:28:17.099 W/System.err( 2617): at b.f.f.d.b.c(:5)
05-29 18:28:17.099 W/System.err( 2617): at b.f.f.n.d$a.handleMessage(:3)
05-29 18:28:17.099 W/System.err( 2617): at android.os.Handler.dispatchMessage(Handler.java:106)
05-29 18:28:17.099 W/System.err( 2617): at android.os.Looper.loopOnce(Looper.java:205)
05-29 18:28:17.099 W/System.err( 2617): at android.os.Looper.loop(Looper.java:294)
05-29 18:28:17.099 W/System.err( 2617): at android.os.HandlerThread.run(HandlerThread.java:67)
05-29 18:28:17.110 E/ccc ( 2814): cccccc sort 2 0
05-29 18:28:17.111 E/ccc ( 2814): cccccc scanResult size is zero reset
05-29 18:28:17.140 I/bluetooth( 1027): packages/modules/Bluetooth/system/gd/hci/le_scanning_reassembler.cc:56 ProcessAdvertisingReport: Ignoring scan response received without advertising event
05-29 18:28:17.157 I/SogouIME( 1417): onKeyUp: keyoCode=20
05-29 18:28:17.157 I/DefaultIMS( 1417): onKeyUp: keyoCode=20
