05-29 18:26:51.054 D/SystemServerTiming( 700): OnBootPhase_550_com.android.server.voiceinteraction.VoiceInteractionManagerService
05-29 18:26:51.054 D/SystemServerTiming( 700): OnBootPhase_550_com.android.server.GestureLauncherService
05-29 18:26:51.054 D/SystemServerTiming( 700): OnBootPhase_550_com.android.server.SensorNotificationService
05-29 18:26:51.054 D/SystemServerTiming( 700): OnBootPhase_550_com.android.server.emergency.EmergencyAffordanceService
05-29 18:26:51.054 D/SystemServerTiming( 700): OnBootPhase_550_com.android.server.blob.BlobStoreManagerService
05-29 18:26:51.056 D/SystemServerTiming( 700): OnBootPhase_550_com.android.server.dreams.DreamManagerService
05-29 18:26:51.056 D/SystemServerTiming( 700): OnBootPhase_550_com.android.server.security.AttestationVerificationManagerService
05-29 18:26:51.056 D/SystemServerTiming( 700): OnBootPhase_550_com.android.server.restrictions.RestrictionsManagerService
05-29 18:26:51.056 D/SystemServerTiming( 700): OnBootPhase_550_com.android.server.media.MediaSessionService
05-29 18:26:51.058 I/UsbPortManager( 700): all: opID:1 successful
05-29 18:26:51.059 D/SystemServerTiming( 700): OnBootPhase_550_com.android.server.hdmi.HdmiControlService
05-29 18:26:51.059 D/SystemServerTiming( 700): OnBootPhase_550_com.android.server.tv.interactive.TvInteractiveAppManagerService
05-29 18:26:51.059 D/SystemServerTiming( 700): OnBootPhase_550_com.android.server.tv.TvInputManagerService
05-29 18:26:51.059 D/SystemServerTiming( 700): OnBootPhase_550_com.android.server.media.MediaResourceMonitorService
05-29 18:26:51.059 D/SystemServerTiming( 700): OnBootPhase_550_com.android.server.tv.TvRemoteService
05-29 18:26:51.059 D/SystemServerTiming( 700): OnBootPhase_550_com.android.server.biometrics.BiometricService
05-29 18:26:51.059 D/SystemServerTiming( 700): OnBootPhase_550_com.android.server.biometrics.AuthService
05-29 18:26:51.059 D/SystemServerTiming( 700): OnBootPhase_550_com.android.server.pm.ShortcutService$Lifecycle
05-29 18:26:51.059 D/SystemServerTiming( 700): OnBootPhase_550_com.android.server.pm.LauncherAppsService
05-29 18:26:51.059 D/SystemServerTiming( 700): OnBootPhase_550_com.android.server.pm.CrossProfileAppsService
05-29 18:26:51.059 D/SystemServerTiming( 700): OnBootPhase_550_com.android.server.people.PeopleService
05-29 18:26:51.059 D/SystemServerTiming( 700): OnBootPhase_550_com.android.server.media.metrics.MediaMetricsManagerService
05-29 18:26:51.059 D/SystemServerTiming( 700): OnBootPhase_550_com.android.server.pm.BackgroundInstallControlService
05-29 18:26:51.059 D/SystemServerTiming( 700): OnBootPhase_550_com.android.server.media.projection.MediaProjectionManagerService
05-29 18:26:51.059 D/SystemServerTiming( 700): OnBootPhase_550_com.android.server.slice.SliceManagerService$Lifecycle
05-29 18:26:51.059 D/SystemServerTiming( 700): OnBootPhase_550_com.android.server.stats.StatsCompanion$Lifecycle
05-29 18:26:51.059 D/SystemServerTiming( 700): OnBootPhase_550_com.android.server.scheduling.RebootReadinessManagerService$Lifecycle
05-29 18:26:51.059 D/SystemServerTiming( 700): OnBootPhase_550_com.android.server.stats.pull.StatsPullAtomService
05-29 18:26:51.059 D/SystemServerTiming( 700): OnBootPhase_550_com.android.server.stats.bootstrap.StatsBootstrapAtomService$Lifecycle
05-29 18:26:51.059 D/SystemServerTiming( 700): OnBootPhase_550_com.android.server.incident.IncidentCompanionService
05-29 18:26:51.059 D/SystemServerTiming( 700): OnBootPhase_550_com.android.server.sdksandbox.SdkSandboxManagerService$Lifecycle
05-29 18:26:51.059 D/SystemServerTiming( 700): OnBootPhase_550_com.android.server.adservices.AdServicesManagerService$Lifecycle
05-29 18:26:51.059 D/SystemServerTiming( 700): OnBootPhase_550_com.android.server.ondevicepersonalization.OnDevicePersonalizationSystemService$Lifecycle
05-29 18:26:51.059 D/SystemServerTiming( 700): OnBootPhase_550_com.android.server.autofill.AutofillManagerService
05-29 18:26:51.059 D/SystemServerTiming( 700): OnBootPhase_550_com.android.server.clipboard.ClipboardService
05-29 18:26:51.059 D/SystemServerTiming( 700): OnBootPhase_550_com.android.server.appbinding.AppBindingService$Lifecycle
05-29 18:26:51.060 I/AppBindingService( 700): Updating constants with: null
05-29 18:26:51.060 D/SystemServerTiming( 700): OnBootPhase_550_com.android.server.tracing.TracingServiceProxy
05-29 18:26:51.060 D/SystemServerTiming( 700): OnBootPhase_550_com.android.server.policy.PermissionPolicyService
05-29 18:26:51.060 D/SystemServerTiming( 700): Permission_grant_default_permissions-0
05-29 18:26:51.061 D/SystemServerTiming( 700): Permission_synchronize_permissions-0
05-29 18:26:51.061 D/SystemServerTiming( 700): Permission_synchronize_addPackages-0
05-29 18:26:51.062 W/BroadcastLoopers( 700): Found previously unknown looper Thread[AudioDeviceBroker,5,main]
05-29 18:26:51.064 I/ActivityManager( 700): Start proc 918:com.android.systemui/u0a52 for service {com.android.systemui/com.android.systemui.wallpapers.ImageWallpaper}
05-29 18:26:51.066 D/HDMI ( 700): Process pid:700 is calling addHotplugEventListener
05-29 18:26:51.115 D/SystemServerTiming( 700): Permission_syncPackages-0
05-29 18:26:51.116 D/SystemServerTiming( 700): Permission_onInitialized-0
05-29 18:26:51.116 I/PermissionManager( 700): Permission ownership changed. Updating all permissions.
05-29 18:26:51.118 D/GameManagerService( 700): User ID '0' does not have a Game Mode selected for package: 'com.android.systemui'
05-29 18:26:51.119 D/CompatibilityChangeReporter( 700): Compat change id reported: 168419799; UID 10052; state: DISABLED
05-29 18:26:51.120 D/CompatibilityChangeReporter( 700): Compat change id reported: 273564678; UID 10052; state: DISABLED
05-29 18:26:51.121 W/PermissionManager( 700): Package com.android.adservices.api is an APK in APEX, but has permission allowlist on the system image. Please bundle the allowlist in the com.android.adservices APEX instead.
05-29 18:26:51.146 D/CompatibilityChangeReporter( 700): Compat change id reported: 265195908; UID 10052; state: ENABLED
05-29 18:26:51.211 D/AudioService( 700): No vibrator found
05-29 18:26:51.212 D/CompatibilityChangeReporter( 700): Compat change id reported: 170503758; UID 10052; state: ENABLED
05-29 18:26:51.232 W/PermissionManager( 700): Package com.android.providers.media.module is an APK in APEX, but has permission allowlist on the system image. Please bundle the allowlist in the com.android.mediaprovider APEX instead.
05-29 18:26:51.233 W/PermissionManager( 700): Package com.android.providers.media.module is an APK in APEX, but has permission allowlist on the system image. Please bundle the allowlist in the com.android.mediaprovider APEX instead.
05-29 18:26:51.233 W/PermissionManager( 700): Package com.android.providers.media.module is an APK in APEX, but has permission allowlist on the system image. Please bundle the allowlist in the com.android.mediaprovider APEX instead.
05-29 18:26:51.233 W/PermissionManager( 700): Package com.android.providers.media.module is an APK in APEX, but has permission allowlist on the system image. Please bundle the allowlist in the com.android.mediaprovider APEX instead.
05-29 18:26:51.233 W/PermissionManager( 700): Package com.android.providers.media.module is an APK in APEX, but has permission allowlist on the system image. Please bundle the allowlist in the com.android.mediaprovider APEX instead.
05-29 18:26:51.233 W/PermissionManager( 700): Package com.android.providers.media.module is an APK in APEX, but has permission allowlist on the system image. Please bundle the allowlist in the com.android.mediaprovider APEX instead.
05-29 18:26:51.237 W/PermissionManager( 700): Package com.android.providers.media.module is an APK in APEX, but has permission allowlist on the system image. Please bundle the allowlist in the com.android.mediaprovider APEX instead.
05-29 18:26:51.239 W/PermissionManager( 700): Package com.android.providers.media.module is an APK in APEX, but has permission allowlist on the system image. Please bundle the allowlist in the com.android.mediaprovider APEX instead.
05-29 18:26:51.239 W/PermissionManager( 700): Package com.android.providers.media.module is an APK in APEX, but has permission allowlist on the system image. Please bundle the allowlist in the com.android.mediaprovider APEX instead.
05-29 18:26:51.239 W/PermissionManager( 700): Package com.android.providers.media.module is an APK in APEX, but has permission allowlist on the system image. Please bundle the allowlist in the com.android.mediaprovider APEX instead.
05-29 18:26:51.239 W/PermissionManager( 700): Package com.android.providers.media.module is an APK in APEX, but has permission allowlist on the system image. Please bundle the allowlist in the com.android.mediaprovider APEX instead.
05-29 18:26:51.239 W/PermissionManager( 700): Package com.android.providers.media.module is an APK in APEX, but has permission allowlist on the system image. Please bundle the allowlist in the com.android.mediaprovider APEX instead.
05-29 18:26:51.239 W/PermissionManager( 700): Package com.android.providers.media.module is an APK in APEX, but has permission allowlist on the system image. Please bundle the allowlist in the com.android.mediaprovider APEX instead.
05-29 18:26:51.350 W/SystemServiceManager( 700): Service com.android.server.policy.PermissionPolicyService took 290 ms in onBootPhase
05-29 18:26:51.350 D/SystemServerTiming( 700): OnBootPhase_550_com.android.server.pm.StagingManager$Lifecycle
05-29 18:26:51.350 D/SystemServerTiming( 700): OnBootPhase_550_com.android.server.app.GameManagerService$Lifecycle
05-29 18:26:51.350 D/SystemServerTiming( 700): OnBootPhase_550_com.android.safetycenter.SafetyCenterService
05-29 18:26:51.350 D/SystemServerTiming( 700): OnBootPhase_550_com.android.server.appsearch.AppSearchModule$Lifecycle
05-29 18:26:51.350 D/SystemServerTiming( 700): OnBootPhase_550_com.android.server.media.MediaCommunicationService
05-29 18:26:51.350 D/SystemServerTiming( 700): OnBootPhase_550_com.android.server.compat.overrides.AppCompatOverridesService$Lifecycle
05-29 18:26:51.350 D/SystemServerTiming( 700): OnBootPhase_550_com.android.server.healthconnect.HealthConnectManagerService
05-29 18:26:51.351 D/SystemServerTiming( 700): OnBootPhase_550_com.android.server.devicelock.DeviceLockService
05-29 18:26:51.352 D/DeviceLockService( 700): onBootPhase: 550
05-29 18:26:51.352 D/SystemServerTiming( 700): StartObservingNativeCrashes
05-29 18:26:51.354 D/SystemServerTiming( 700): RegisterAppOpsPolicy
05-29 18:26:51.360 D/SystemServerTiming( 700): MakeNetworkManagementServiceReady
05-29 18:26:51.361 D/SystemServerTimingAsync( 700): InitThreadPoolExec:WebViewFactoryPreparation
05-29 18:26:51.361 I/SystemServer( 700): WebViewFactoryPreparation
05-29 18:26:51.361 D/SystemServerTimingAsync( 700): WebViewFactoryPreparation
05-29 18:26:51.364 E/AppOps ( 700): Bad call made by uid 1000. Package "android" does not belong to uid 1037.
05-29 18:26:51.366 D/SystemServerTiming( 700): MakeConnectivityServiceReady
05-29 18:26:51.368 E/AppOps ( 700): Cannot checkOperation
05-29 18:26:51.368 E/AppOps ( 700): java.lang.SecurityException: Specified package "android" under uid 1037 but it is not
05-29 18:26:51.368 E/AppOps ( 700): at com.android.server.appop.AppOpsService.verifyAndGetBypass(AppOpsService.java:3894)
05-29 18:26:51.368 E/AppOps ( 700): at com.android.server.appop.AppOpsService.verifyAndGetBypass(AppOpsService.java:3754)
05-29 18:26:51.368 E/AppOps ( 700): at com.android.server.appop.AppOpsService.verifyAndGetBypass(AppOpsService.java:3746)
05-29 18:26:51.368 E/AppOps ( 700): at com.android.server.appop.AppOpsService.checkOperationUnchecked(AppOpsService.java:2417)
05-29 18:26:51.368 E/AppOps ( 700): at com.android.server.appop.AppOpsService.checkOperationImpl(AppOpsService.java:2400)
05-29 18:26:51.368 E/AppOps ( 700): at com.android.server.appop.AppOpsService.-$$Nest$mcheckOperationImpl(AppOpsService.java:0)
05-29 18:26:51.368 E/AppOps ( 700): at com.android.server.appop.AppOpsService$CheckOpsDelegateDispatcher.$r8$lambda$fx57Sum-uA3sXo7NCFwrI3iq4WM(AppOpsService.java:0)
05-29 18:26:51.368 E/AppOps ( 700): at com.android.server.appop.AppOpsService$CheckOpsDelegateDispatcher$$ExternalSyntheticLambda9.apply(R8$$SyntheticClass:0)
05-29 18:26:51.368 E/AppOps ( 700): at com.android.server.policy.AppOpsPolicy.checkOperation(AppOpsPolicy.java:221)
05-29 18:26:51.368 E/AppOps ( 700): at com.android.server.appop.AppOpsService$CheckOpsDelegateDispatcher.checkOperation(AppOpsService.java:6427)
05-29 18:26:51.368 E/AppOps ( 700): at com.android.server.appop.AppOpsService.checkOperation(AppOpsService.java:2385)
05-29 18:26:51.368 E/AppOps ( 700): at com.android.server.StorageManagerService$StorageManagerInternalImpl.hasExternalStorageAccess(StorageManagerService.java:4728)
05-29 18:26:51.368 E/AppOps ( 700): at com.android.server.am.ProcessList.startProcessLocked(ProcessList.java:1778)
05-29 18:26:51.368 E/AppOps ( 700): at com.android.server.am.ProcessList.startProcessLocked(ProcessList.java:2484)
05-29 18:26:51.368 E/AppOps ( 700): at com.android.server.am.ProcessList.startProcessLocked(ProcessList.java:2629)
05-29 18:26:51.368 E/AppOps ( 700): at com.android.server.am.ActivityManagerService.startIsolatedProcess(ActivityManagerService.java:2949)
05-29 18:26:51.368 E/AppOps ( 700): at com.android.server.am.ActivityManagerService$LocalService.startIsolatedProcess(ActivityManagerService.java:17521)
05-29 18:26:51.368 E/AppOps ( 700): at android.webkit.WebViewLibraryLoader.createRelroFile(WebViewLibraryLoader.java:126)
05-29 18:26:51.368 E/AppOps ( 700): at android.webkit.WebViewLibraryLoader.createRelros(WebViewLibraryLoader.java:164)
05-29 18:26:51.368 E/AppOps ( 700): at android.webkit.WebViewLibraryLoader.prepareNativeLibraries(WebViewLibraryLoader.java:152)
05-29 18:26:51.368 E/AppOps ( 700): at android.webkit.WebViewFactory.onWebViewProviderChanged(WebViewFactory.java:555)
05-29 18:26:51.368 E/AppOps ( 700): at com.android.server.webkit.SystemImpl.onWebViewProviderChanged(SystemImpl.java:174)
05-29 18:26:51.368 E/AppOps ( 700): at com.android.server.webkit.WebViewUpdateServiceImpl.onWebViewProviderChanged(WebViewUpdateServiceImpl.java:351)
05-29 18:26:51.368 E/AppOps ( 700): at com.android.server.webkit.WebViewUpdateServiceImpl.prepareWebViewInSystemServer(WebViewUpdateServiceImpl.java:182)
05-29 18:26:51.368 E/AppOps ( 700): at com.android.server.webkit.WebViewUpdateService.prepareWebViewInSystemServer(WebViewUpdateService.java:129)
05-29 18:26:51.368 E/AppOps ( 700): at com.android.server.SystemServer.lambda$startOtherServices$4(SystemServer.java:2939)
05-29 18:26:51.368 E/AppOps ( 700): at com.android.server.SystemServer.$r8$lambda$t1R-mpe1gQ3l_T3UqaEuPqwZT88(SystemServer.java:0)
05-29 18:26:51.368 E/AppOps ( 700): at com.android.server.SystemServer$$ExternalSyntheticLambda7.run(R8$$SyntheticClass:0)
05-29 18:26:51.368 E/AppOps ( 700): at com.android.server.SystemServerInitThreadPool.lambda$submitTask$0(SystemServerInitThreadPool.java:107)
05-29 18:26:51.368 E/AppOps ( 700): at com.android.server.SystemServerInitThreadPool.$r8$lambda$iar571g8isa6ZrPZMHj1USmyX48(SystemServerInitThreadPool.java:0)
05-29 18:26:51.368 E/AppOps ( 700): at com.android.server.SystemServerInitThreadPool$$ExternalSyntheticLambda1.run(R8$$SyntheticClass:0)
05-29 18:26:51.368 E/AppOps ( 700): at java.util.concurrent.Executors$RunnableAdapter.call(Executors.java:487)
05-29 18:26:51.368 E/AppOps ( 700): at java.util.concurrent.FutureTask.run(FutureTask.java:264)
05-29 18:26:51.368 E/AppOps ( 700): at java.util.concurrent.ThreadPoolExecutor.runWorker(ThreadPoolExecutor.java:1145)
05-29 18:26:51.368 E/AppOps ( 700): at java.util.concurrent.ThreadPoolExecutor$Worker.run(ThreadPoolExecutor.java:644)
05-29 18:26:51.368 E/AppOps ( 700): at com.android.internal.util.ConcurrentUtils$1$1.run(ConcurrentUtils.java:65)
05-29 18:26:51.369 I/ActivityManager( 700): android is exempt from freezer
05-29 18:26:51.369 D/CompatibilityChangeReporter( 700): Compat change id reported: 135634846; UID 1000; state: DISABLED
05-29 18:26:51.369 D/CompatibilityChangeReporter( 700): Compat change id reported: 177438394; UID 1000; state: DISABLED
05-29 18:26:51.370 D/CompatibilityChangeReporter( 700): Compat change id reported: 135772972; UID 1000; state: DISABLED
05-29 18:26:51.370 D/CompatibilityChangeReporter( 700): Compat change id reported: 178038272; UID 1000; state: DISABLED
05-29 18:26:51.394 I/ActivityManager( 700): Start proc 942:WebViewLoader-armeabi-v7a/1037 [android.webkit.WebViewLibraryLoader$RelroFileCreator] for
05-29 18:26:51.418 W/BatteryExternalStatsWorker( 700): error reading modem stats:ERROR_PHONE_NOT_AVAILABLE
05-29 18:26:51.421 W/ActivityManager( 700): Slow operation: 57ms so far, now at startProcess: done updating pids map
05-29 18:26:51.470 D/GameManagerService( 700): User ID '0' does not have a Game Mode selected for package: 'android'
05-29 18:26:51.471 D/CompatibilityChangeReporter( 700): Compat change id reported: 168419799; UID 1000; state: DISABLED
05-29 18:26:51.471 D/CompatibilityChangeReporter( 700): Compat change id reported: 273564678; UID 1000; state: DISABLED
05-29 18:26:51.483 D/SystemServerTiming( 700): MakeVpnManagerServiceReady
05-29 18:26:51.484 W/NetworkPolicy( 700): setRestrictBackgroundUL: already false
05-29 18:26:51.498 E/android.hardware.wifi-service.droidlogic( 501): get aml true wifi is aml_w2_s
05-29 18:26:51.499 E/android.hardware.wifi-service.droidlogic( 501): multiwifi will rmmod wifi comm
05-29 18:26:51.499 D/SystemServerTiming( 700): MakeVcnManagementServiceReady
05-29 18:26:51.538 I/android.hardware.wifi-service.droidlogic( 501): found the match wifi is: aml_w2_s
05-29 18:26:51.538 I/android.hardware.wifi-service.droidlogic( 501): insmod driver: /vendor/lib/modules/w2_comm.ko
05-29 18:26:51.586 D/SystemServerTiming( 700): MakeNetworkPolicyServiceReady
05-29 18:26:51.616 I/android.hardware.wifi-service.droidlogic( 501): insmod driver: /vendor/lib/modules/aml_bt.ko
05-29 18:26:51.636 I/android.hardware.wifi-service.droidlogic( 501): insmod driver: /vendor/lib/modules/w2.ko
05-29 18:26:51.662 D/SystemServerTiming( 700): PhaseThirdPartyAppsCanStart
05-29 18:26:51.663 I/SystemServiceManager( 700): Starting phase 600
05-29 18:26:51.663 D/SystemServerTiming( 700): OnBootPhase_600
05-29 18:26:51.663 D/SystemServerTiming( 700): OnBootPhase_600_com.android.server.security.FileIntegrityService
05-29 18:26:51.663 D/SystemServerTiming( 700): OnBootPhase_600_com.android.server.pm.Installer
05-29 18:26:51.663 D/SystemServerTiming( 700): OnBootPhase_600_com.android.server.os.DeviceIdentifiersPolicyService
05-29 18:26:51.663 D/SystemServerTiming( 700): OnBootPhase_600_com.android.server.flags.FeatureFlagsService
05-29 18:26:51.663 D/SystemServerTiming( 700): OnBootPhase_600_com.android.server.uri.UriGrantsManagerService$Lifecycle
05-29 18:26:51.663 D/SystemServerTiming( 700): OnBootPhase_600_com.android.server.powerstats.PowerStatsService
05-29 18:26:51.663 D/SystemServerTiming( 700): OnBootPhase_600_com.android.server.permission.access.AccessCheckingService
05-29 18:26:51.663 D/SystemServerTiming( 700): OnBootPhase_600_com.android.server.wm.ActivityTaskManagerService$Lifecycle
05-29 18:26:51.663 D/SystemServerTiming( 700): OnBootPhase_600_com.android.server.am.ActivityManagerService$Lifecycle
05-29 18:26:51.669 I/ExplicitHealthCheckController( 700): Explicit health checks enabled.
05-29 18:26:51.669 I/PackageWatchdog( 700): Syncing state, reason: health check state enabled
05-29 18:26:51.669 I/PackageWatchdog( 700): Not pruning observers, elapsed time: 0ms
05-29 18:26:51.670 I/PackageWatchdog( 700): Saving observer state to file
05-29 18:26:51.670 I/PackageWatchdog( 700): Cancelling state sync, nothing to sync
05-29 18:26:51.673 D/SystemServerTiming( 700): OnBootPhase_600_com.android.server.pm.DataLoaderManagerService
05-29 18:26:51.673 D/SystemServerTiming( 700): OnBootPhase_600_com.android.server.power.PowerManagerService
05-29 18:26:51.676 D/SystemServerTiming( 700): OnBootPhase_600_com.android.server.power.ThermalManagerService
05-29 18:26:51.676 D/SystemServerTiming( 700): OnBootPhase_600_com.android.server.power.hint.HintManagerService
05-29 18:26:51.676 D/SystemServerTiming( 700): OnBootPhase_600_com.android.server.recoverysystem.RecoverySystemService$Lifecycle
05-29 18:26:51.676 D/SystemServerTiming( 700): OnBootPhase_600_com.android.server.lights.LightsService
05-29 18:26:51.676 D/SystemServerTiming( 700): OnBootPhase_600_com.android.server.display.DisplayManagerService
05-29 18:26:51.676 D/SystemServerTiming( 700): OnBootPhase_600_com.android.server.pm.verify.domain.DomainVerificationService
05-29 18:26:51.676 D/SystemServerTiming( 700): OnBootPhase_600_com.android.server.pm.PackageInstallerService$Lifecycle
05-29 18:26:51.676 D/SystemServerTiming( 700): OnBootPhase_600_com.android.server.pm.UserManagerService$LifeCycle
05-29 18:26:51.676 D/SystemServerTiming( 700): OnBootPhase_600_com.android.server.om.OverlayManagerService
05-29 18:26:51.676 D/SystemServerTiming( 700): OnBootPhase_600_com.android.server.resources.ResourcesManagerService
05-29 18:26:51.676 D/SystemServerTiming( 700): OnBootPhase_600_com.android.server.sensorprivacy.SensorPrivacyService
05-29 18:26:51.676 D/SystemServerTiming( 700): OnBootPhase_600_com.android.server.sensors.SensorService
05-29 18:26:51.676 D/SystemServerTiming( 700): OnBootPhase_600_com.android.server.SystemConfigService
05-29 18:26:51.676 D/SystemServerTiming( 700): OnBootPhase_600_com.android.server.BatteryService
05-29 18:26:51.676 D/SystemServerTiming( 700): OnBootPhase_600_com.android.server.usage.UsageStatsService
05-29 18:26:51.676 D/SystemServerTiming( 700): OnBootPhase_600_com.android.server.webkit.WebViewUpdateService
05-29 18:26:51.676 D/SystemServerTiming( 700): OnBootPhase_600_com.android.server.CachedDeviceStateService
05-29 18:26:51.676 D/SystemServerTiming( 700): OnBootPhase_600_com.android.server.BinderCallsStatsService$LifeCycle
05-29 18:26:51.676 D/SystemServerTiming( 700): OnBootPhase_600_com.android.server.LooperStatsService$Lifecycle
05-29 18:26:51.676 D/SystemServerTiming( 700): OnBootPhase_600_com.android.server.rollback.RollbackManagerService
05-29 18:26:51.676 D/SystemServerTiming( 700): OnBootPhase_600_com.android.server.os.NativeTombstoneManagerService
05-29 18:26:51.676 D/SystemServerTiming( 700): OnBootPhase_600_com.android.server.os.BugreportManagerService
05-29 18:26:51.676 D/SystemServerTiming( 700): OnBootPhase_600_com.android.server.gpu.GpuService
05-29 18:26:51.676 D/SystemServerTiming( 700): OnBootPhase_600_com.android.server.security.rkp.RemoteProvisioningService
05-29 18:26:51.676 D/SystemServerTiming( 700): OnBootPhase_600_com.android.server.security.KeyChainSystemService
05-29 18:26:51.676 D/SystemServerTiming( 700): OnBootPhase_600_com.android.server.BinaryTransparencyService
05-29 18:26:51.676 D/SystemServerTiming( 700): OnBootPhase_600_com.android.server.accounts.AccountManagerService$Lifecycle
05-29 18:26:51.676 D/SystemServerTiming( 700): OnBootPhase_600_com.android.server.content.ContentService$Lifecycle
05-29 18:26:51.676 W/BroadcastLoopers( 700): Found previously unknown looper Thread[NetworkStats,5,main]
05-29 18:26:51.677 D/SystemServerTiming( 700): OnBootPhase_600_com.android.server.deviceconfig.DeviceConfigInit$Lifecycle
05-29 18:26:51.677 D/SystemServerTiming( 700): OnBootPhase_600_com.android.server.DropBoxManagerService
05-29 18:26:51.677 D/SystemServerTiming( 700): OnBootPhase_600_com.android.role.RoleService
05-29 18:26:51.677 D/SystemServerTiming( 700): OnBootPhase_600_com.android.server.vibrator.VibratorManagerService$Lifecycle
05-29 18:26:51.677 D/SystemServerTiming( 700): OnBootPhase_600_com.android.server.tare.InternalResourceService
05-29 18:26:51.677 D/SystemServerTiming( 700): OnBootPhase_600_com.android.server.alarm.AlarmManagerService
05-29 18:26:51.677 D/SystemServerTiming( 700): OnBootPhase_600_com.android.server.devicestate.DeviceStateManagerService
05-29 18:26:51.677 D/SystemServerTiming( 700): OnBootPhase_600_com.android.server.camera.CameraServiceProxy
05-29 18:26:51.677 D/SystemServerTiming( 700): OnBootPhase_600_com.android.server.bluetooth.BluetoothService
05-29 18:26:51.677 D/SystemServerTiming( 700): OnBootPhase_600_com.android.server.connectivity.IpConnectivityMetrics
05-29 18:26:51.677 D/SystemServerTiming( 700): OnBootPhase_600_com.android.server.net.watchlist.NetworkWatchlistService$Lifecycle
05-29 18:26:51.677 D/SystemServerTiming( 700): OnBootPhase_600_com.android.server.PinnerService
05-29 18:26:51.678 D/SystemServerTiming( 700): OnBootPhase_600_com.android.server.integrity.AppIntegrityManagerService
05-29 18:26:51.678 D/SystemServerTiming( 700): OnBootPhase_600_com.android.server.logcat.LogcatManagerService
05-29 18:26:51.678 D/SystemServerTiming( 700): OnBootPhase_600_com.android.server.inputmethod.InputMethodManagerService$Lifecycle
05-29 18:26:51.678 D/SystemServerTiming( 700): OnBootPhase_600_com.android.server.accessibility.AccessibilityManagerService$Lifecycle
05-29 18:26:51.680 D/SystemServerTiming( 700): OnBootPhase_600_com.android.server.StorageManagerService$Lifecycle
05-29 18:26:51.680 D/SystemServerTiming( 700): OnBootPhase_600_com.android.server.usage.StorageStatsService$Lifecycle
05-29 18:26:51.680 D/SystemServerTiming( 700): OnBootPhase_600_com.android.server.UiModeManagerService
05-29 18:26:51.680 D/SystemServerTiming( 700): OnBootPhase_600_com.android.server.locales.LocaleManagerService
05-29 18:26:51.680 D/SystemServerTiming( 700): OnBootPhase_600_com.android.server.grammaticalinflection.GrammaticalInflectionService
05-29 18:26:51.680 D/SystemServerTiming( 700): OnBootPhase_600_com.android.server.apphibernation.AppHibernationService
05-29 18:26:51.680 D/SystemServerTiming( 700): OnBootPhase_600_com.android.server.locksettings.LockSettingsService$Lifecycle
05-29 18:26:51.680 D/SystemServerTiming( 700): OnBootPhase_600_com.android.server.PersistentDataBlockService
05-29 18:26:51.680 D/SystemServerTiming( 700): OnBootPhase_600_com.android.server.testharness.TestHarnessModeService
05-29 18:26:51.680 D/SystemServerTiming( 700): OnBootPhase_600_com.android.server.oemlock.OemLockService
05-29 18:26:51.680 D/SystemServerTiming( 700): OnBootPhase_600_com.android.server.DeviceIdleController
05-29 18:26:51.680 D/SystemServerTiming( 700): OnBootPhase_600_com.android.server.devicepolicy.DevicePolicyManagerService$Lifecycle
05-29 18:26:51.680 D/SystemServerTiming( 700): OnBootPhase_600_com.android.server.texttospeech.TextToSpeechManagerService
05-29 18:26:51.681 D/SystemServerTiming( 700): OnBootPhase_600_com.android.server.ambientcontext.AmbientContextManagerService
05-29 18:26:51.681 D/SystemServerTiming( 700): OnBootPhase_600_com.android.server.wearable.WearableSensingManagerService
05-29 18:26:51.681 D/SystemServerTiming( 700): OnBootPhase_600_com.android.server.speech.SpeechRecognitionManagerService
05-29 18:26:51.681 D/SystemServerTiming( 700): OnBootPhase_600_com.android.server.searchui.SearchUiManagerService
05-29 18:26:51.681 D/SystemServerTiming( 700): OnBootPhase_600_com.android.server.smartspace.SmartspaceManagerService
05-29 18:26:51.682 D/SystemServerTiming( 700): OnBootPhase_600_com.android.server.graphics.fonts.FontManagerService$Lifecycle
05-29 18:26:51.682 D/SystemServerTiming( 700): OnBootPhase_600_com.android.server.textservices.TextServicesManagerService$Lifecycle
05-29 18:26:51.682 D/SystemServerTiming( 700): OnBootPhase_600_com.android.server.textclassifier.TextClassificationManagerService$Lifecycle
05-29 18:26:51.682 D/SystemServerTiming( 700): OnBootPhase_600_com.android.server.NetworkScoreService$Lifecycle
05-29 18:26:51.682 D/SystemServerTiming( 700): OnBootPhase_600_com.android.server.NetworkStatsServiceInitializer
05-29 18:26:51.682 D/SystemServerTiming( 700): OnBootPhase_600_com.android.server.wifi.WifiService
05-29 18:26:51.682 D/SystemServerTiming( 700): OnBootPhase_600_com.android.server.wifi.scanner.WifiScanningService
05-29 18:26:51.682 D/SystemServerTiming( 700): OnBootPhase_600_com.android.server.wifi.p2p.WifiP2pService
05-29 18:26:51.682 D/SystemServerTiming( 700): OnBootPhase_600_com.android.server.ConnectivityServiceInitializer
05-29 18:26:51.685 D/SystemServerTiming( 700): OnBootPhase_600_com.android.server.notification.NotificationManagerService
05-29 18:26:51.685 W/PackageManager( 700): Invalid dex load report. loadingPackageName=null, uid=1037
05-29 18:26:51.699 D/SystemServerTiming( 700): OnBootPhase_600_com.android.server.storage.DeviceStorageMonitorService
05-29 18:26:51.699 D/SystemServerTiming( 700): OnBootPhase_600_com.android.server.timedetector.TimeDetectorService$Lifecycle
05-29 18:26:51.699 D/SystemServerTiming( 700): OnBootPhase_600_com.android.server.location.LocationManagerService$Lifecycle
05-29 18:26:51.709 D/CompatibilityChangeReporter( 700): Compat change id reported: 261072174; UID 1000; state: ENABLED
05-29 18:26:51.721 D/SystemServerTiming( 700): OnBootPhase_600_com.android.server.timezonedetector.TimeZoneDetectorService$Lifecycle
05-29 18:26:51.721 D/SystemServerTiming( 700): OnBootPhase_600_com.android.server.location.altitude.AltitudeService$Lifecycle
05-29 18:26:51.721 D/SystemServerTiming( 700): OnBootPhase_600_com.android.server.timezonedetector.location.LocationTimeZoneManagerService$Lifecycle
05-29 18:26:51.721 D/SystemServerTiming( 700): OnBootPhase_600_com.android.server.search.SearchManagerService$Lifecycle
05-29 18:26:51.721 D/SystemServerTiming( 700): OnBootPhase_600_com.android.server.wallpaper.WallpaperManagerService$Lifecycle
05-29 18:26:51.722 D/WallpaperManagerService( 700): Wallpaper_switch-user-0
05-29 18:26:51.722 V/WallpaperManagerService( 700): bindWallpaperComponentLocked: componentName=ComponentInfo{com.android.systemui/com.android.systemui.wallpapers.ImageWallpaper}
05-29 18:26:51.722 D/WallpaperManagerService( 700): WPMS.bindWallpaperComponentLocked-ComponentInfo{com.android.systemui/com.android.systemui.wallpapers.ImageWallpaper}
05-29 18:26:51.728 D/SystemServerTiming( 700): OnBootPhase_600_com.android.server.wallpapereffectsgeneration.WallpaperEffectsGenerationManagerService
05-29 18:26:51.731 D/SystemServerTiming( 700): OnBootPhase_600_com.android.server.audio.AudioService$Lifecycle
05-29 18:26:51.731 D/SystemServerTiming( 700): OnBootPhase_600_com.android.server.soundtrigger_middleware.SoundTriggerMiddlewareService$Lifecycle
05-29 18:26:51.731 D/SystemServerTiming( 700): OnBootPhase_600_com.android.server.adb.AdbService$Lifecycle
05-29 18:26:51.731 D/SystemServerTiming( 700): OnBootPhase_600_com.android.server.usb.UsbService$Lifecycle
05-29 18:26:51.731 D/SystemServerTiming( 700): OnBootPhase_600_com.android.server.twilight.TwilightService
05-29 18:26:51.731 D/SystemServerTiming( 700): OnBootPhase_600_com.android.server.display.color.ColorDisplayService
05-29 18:26:51.731 D/SystemServerTiming( 700): OnBootPhase_600_com.android.server.job.JobSchedulerService
05-29 18:26:51.736 D/SystemServerTiming( 700): OnBootPhase_600_com.android.server.soundtrigger.SoundTriggerService
05-29 18:26:51.736 D/SoundTriggerService( 700): onBootPhase: 600 : false
05-29 18:26:51.742 D/SystemServerTiming( 700): OnBootPhase_600_com.android.server.trust.TrustManagerService
05-29 18:26:51.745 I/keystore2( 279): system/security/keystore2/src/authorization.rs:143 - on_lock_screen_event(r#UNLOCK, user_id=0, password.is_some()=false, unlocking_sids=Some([]))
05-29 18:26:51.746 D/SystemServerTiming( 700): OnBootPhase_600_com.android.server.backup.BackupManagerService$Lifecycle
05-29 18:26:51.746 D/SystemServerTiming( 700): OnBootPhase_600_com.android.server.appwidget.AppWidgetService
05-29 18:26:51.746 D/SystemServerTiming( 700): OnBootPhase_600_com.android.server.voiceinteraction.VoiceInteractionManagerService
05-29 18:26:51.747 D/SystemServerTiming( 700): OnBootPhase_600_com.android.server.GestureLauncherService
05-29 18:26:51.749 D/SystemServerTiming( 700): OnBootPhase_600_com.android.server.SensorNotificationService
05-29 18:26:51.750 D/SystemServerTiming( 700): OnBootPhase_600_com.android.server.emergency.EmergencyAffordanceService
05-29 18:26:51.750 D/SystemServerTiming( 700): OnBootPhase_600_com.android.server.blob.BlobStoreManagerService
05-29 18:26:51.755 D/SystemServerTiming( 700): OnBootPhase_600_com.android.server.dreams.DreamManagerService
05-29 18:26:51.759 D/SystemServerTiming( 700): OnBootPhase_600_com.android.server.security.AttestationVerificationManagerService
05-29 18:26:51.759 D/SystemServerTiming( 700): OnBootPhase_600_com.android.server.restrictions.RestrictionsManagerService
05-29 18:26:51.759 D/SystemServerTiming( 700): OnBootPhase_600_com.android.server.media.MediaSessionService
05-29 18:26:51.759 D/SystemServerTiming( 700): OnBootPhase_600_com.android.server.hdmi.HdmiControlService
05-29 18:26:51.759 D/SystemServerTiming( 700): OnBootPhase_600_com.android.server.tv.interactive.TvInteractiveAppManagerService
05-29 18:26:51.766 D/SystemServerTiming( 700): OnBootPhase_600_com.android.server.tv.TvInputManagerService
05-29 18:26:51.766 D/SystemServerTiming( 700): OnBootPhase_600_com.android.server.media.MediaResourceMonitorService
05-29 18:26:51.766 D/SystemServerTiming( 700): OnBootPhase_600_com.android.server.tv.TvRemoteService
05-29 18:26:51.768 D/SystemServerTiming( 700): OnBootPhase_600_com.android.server.biometrics.BiometricService
05-29 18:26:51.768 D/SystemServerTiming( 700): OnBootPhase_600_com.android.server.biometrics.AuthService
05-29 18:26:51.768 D/SystemServerTiming( 700): OnBootPhase_600_com.android.server.pm.ShortcutService$Lifecycle
05-29 18:26:51.769 D/SystemServerTiming( 700): OnBootPhase_600_com.android.server.pm.LauncherAppsService
05-29 18:26:51.769 D/SystemServerTiming( 700): OnBootPhase_600_com.android.server.pm.CrossProfileAppsService
05-29 18:26:51.769 D/SystemServerTiming( 700): OnBootPhase_600_com.android.server.people.PeopleService
05-29 18:26:51.769 D/SystemServerTiming( 700): OnBootPhase_600_com.android.server.media.metrics.MediaMetricsManagerService
05-29 18:26:51.769 D/SystemServerTiming( 700): OnBootPhase_600_com.android.server.pm.BackgroundInstallControlService
05-29 18:26:51.769 D/SystemServerTiming( 700): OnBootPhase_600_com.android.server.media.projection.MediaProjectionManagerService
05-29 18:26:51.769 D/SystemServerTiming( 700): OnBootPhase_600_com.android.server.slice.SliceManagerService$Lifecycle
05-29 18:26:51.769 D/SystemServerTiming( 700): OnBootPhase_600_com.android.server.stats.StatsCompanion$Lifecycle
05-29 18:26:51.794 D/SystemServerTiming( 700): OnBootPhase_600_com.android.server.scheduling.RebootReadinessManagerService$Lifecycle
05-29 18:26:51.794 D/SystemServerTiming( 700): OnBootPhase_600_com.android.server.stats.pull.StatsPullAtomService
05-29 18:26:51.794 D/SystemServerTiming( 700): OnBootPhase_600_com.android.server.stats.bootstrap.StatsBootstrapAtomService$Lifecycle
05-29 18:26:51.794 D/SystemServerTiming( 700): OnBootPhase_600_com.android.server.incident.IncidentCompanionService
05-29 18:26:51.794 D/SystemServerTiming( 700): OnBootPhase_600_com.android.server.sdksandbox.SdkSandboxManagerService$Lifecycle
05-29 18:26:51.794 D/SystemServerTiming( 700): OnBootPhase_600_com.android.server.adservices.AdServicesManagerService$Lifecycle
05-29 18:26:51.794 D/SystemServerTiming( 700): OnBootPhase_600_com.android.server.ondevicepersonalization.OnDevicePersonalizationSystemService$Lifecycle
05-29 18:26:51.794 D/SystemServerTiming( 700): OnBootPhase_600_com.android.server.autofill.AutofillManagerService
05-29 18:26:51.795 D/StatsPullAtomService( 700): Registering NetworkStats pullers with statsd
05-29 18:26:51.796 D/SystemServerTiming( 700): OnBootPhase_600_com.android.server.clipboard.ClipboardService
05-29 18:26:51.796 D/SystemServerTiming( 700): OnBootPhase_600_com.android.server.appbinding.AppBindingService$Lifecycle
05-29 18:26:51.797 D/SystemServerTiming( 700): OnBootPhase_600_com.android.server.tracing.TracingServiceProxy
05-29 18:26:51.797 D/SystemServerTiming( 700): OnBootPhase_600_com.android.server.policy.PermissionPolicyService
05-29 18:26:51.797 D/SystemServerTiming( 700): OnBootPhase_600_com.android.server.pm.StagingManager$Lifecycle
05-29 18:26:51.797 D/SystemServerTiming( 700): OnBootPhase_600_com.android.server.app.GameManagerService$Lifecycle
05-29 18:26:51.797 D/SystemServerTiming( 700): OnBootPhase_600_com.android.safetycenter.SafetyCenterService
05-29 18:26:51.797 D/SystemServerTiming( 700): OnBootPhase_600_com.android.server.appsearch.AppSearchModule$Lifecycle
05-29 18:26:51.797 D/SystemServerTiming( 700): OnBootPhase_600_com.android.server.media.MediaCommunicationService
05-29 18:26:51.797 D/SystemServerTiming( 700): OnBootPhase_600_com.android.server.compat.overrides.AppCompatOverridesService$Lifecycle
05-29 18:26:51.797 D/SystemServerTiming( 700): OnBootPhase_600_com.android.server.healthconnect.HealthConnectManagerService
05-29 18:26:51.797 D/SystemServerTiming( 700): OnBootPhase_600_com.android.server.devicelock.DeviceLockService
05-29 18:26:51.797 D/DeviceLockService( 700): onBootPhase: 600
05-29 18:26:51.797 D/SystemServerTiming( 700): StartNetworkStack
05-29 18:26:51.804 D/CompatibilityChangeReporter( 700): Compat change id reported: 135634846; UID 1073; state: DISABLED
05-29 18:26:51.805 D/SystemServerTiming( 700): StartTethering
05-29 18:26:51.809 D/SystemServerTiming( 700): MakeCountryDetectionServiceReady
05-29 18:26:51.809 D/SystemServerTiming( 700): MakeNetworkTimeUpdateReady
05-29 18:26:51.818 V/WindowManagerShell( 918): Adding init callback for DisplayChangeController
05-29 18:26:51.819 V/WindowManagerShell( 918): Adding init callback for DisplayController
05-29 18:26:51.819 V/WindowManagerShell( 918): Adding init callback for DisplayInsetsController
05-29 18:26:51.819 V/WindowManagerShell( 918): Adding init callback for DisplayImeController
05-29 18:26:51.819 V/WindowManagerShell( 918): Adding init callback for ShellController
05-29 18:26:51.822 V/WindowManagerShell( 918): Adding init callback for DragAndDropController
05-29 18:26:51.854 W/ActivityManager( 700): Slow operation: 53ms so far, now at startProcess: done updating battery stats
05-29 18:26:51.855 W/ActivityManager( 700): Slow operation: 53ms so far, now at startProcess: building log message
05-29 18:26:51.855 I/ActivityManager( 700): Start proc 976:com.android.networkstack.process/1073 for service {com.android.networkstack/com.android.server.NetworkStackService}
05-29 18:26:51.855 W/ActivityManager( 700): Slow operation: 53ms so far, now at startProcess: starting to update pids map
05-29 18:26:51.857 W/ActivityManager( 700): Slow operation: 56ms so far, now at startProcess: done updating pids map
05-29 18:26:51.858 D/SystemServerTiming( 700): MakeInputManagerServiceReady
05-29 18:26:51.898 D/GameManagerService( 700): User ID '0' does not have a Game Mode selected for package: 'com.android.networkstack'
05-29 18:26:51.898 D/CompatibilityChangeReporter( 700): Compat change id reported: 168419799; UID 1073; state: DISABLED
05-29 18:26:51.899 D/CompatibilityChangeReporter( 700): Compat change id reported: 273564678; UID 1073; state: DISABLED
05-29 18:26:51.912 D/CompatibilityChangeReporter( 700): Compat change id reported: 265195908; UID 1073; state: ENABLED
05-29 18:26:51.919 V/WindowManagerShell( 918): Adding init callback for CompatUIController
05-29 18:26:51.925 D/CompatibilityChangeReporter( 700): Compat change id reported: 135634846; UID 10051; state: DISABLED
05-29 18:26:51.928 D/CompatibilityChangeReporter( 700): Compat change id reported: 177438394; UID 10051; state: DISABLED
05-29 18:26:51.928 D/SystemServerTiming( 700): MakeTelephonyRegistryReady
05-29 18:26:51.928 D/CompatibilityChangeReporter( 700): Compat change id reported: 135772972; UID 10051; state: DISABLED
05-29 18:26:51.929 D/CompatibilityChangeReporter( 700): Compat change id reported: 135754954; UID 10051; state: ENABLED
05-29 18:26:51.936 D/SystemServerTiming( 700): MakeMediaRouterServiceReady
05-29 18:26:51.939 I/MR2ServiceImpl( 700): switchUser | user: 0
05-29 18:26:51.940 V/WindowManagerShell( 918): Adding init callback for ShellTaskOrganizer
05-29 18:26:51.940 D/SystemServerTiming( 700): IncidentDaemonReady
05-29 18:26:51.942 D/SystemServerTiming( 700): MakeIncrementalServiceReady
05-29 18:26:51.942 D/SystemServerTiming( 700): OdsignStatsLogger
05-29 18:26:51.943 D/SystemServerTiming( 700): getCurrentUser
05-29 18:26:51.943 I/ActivityManager( 700): Current user:0
05-29 18:26:51.943 D/SystemServerTiming( 700): ActivityManagerStartApps
05-29 18:26:51.943 D/SystemServerTimingAsync( 700): ssm.StartUser-0
05-29 18:26:51.943 I/SystemServiceManager( 700): Calling onStartUser 0
05-29 18:26:51.944 D/SystemServerTimingAsync( 700): ssm.onStartUser-0_com.android.server.security.FileIntegrityService
05-29 18:26:51.944 D/SystemServerTimingAsync( 700): ssm.onStartUser-0_com.android.server.pm.Installer
05-29 18:26:51.944 D/SystemServerTimingAsync( 700): ssm.onStartUser-0_com.android.server.os.DeviceIdentifiersPolicyService
05-29 18:26:51.944 D/SystemServerTimingAsync( 700): ssm.onStartUser-0_com.android.server.flags.FeatureFlagsService
05-29 18:26:51.944 D/SystemServerTimingAsync( 700): ssm.onStartUser-0_com.android.server.uri.UriGrantsManagerService$Lifecycle
05-29 18:26:51.944 D/SystemServerTimingAsync( 700): ssm.onStartUser-0_com.android.server.powerstats.PowerStatsService
05-29 18:26:51.944 D/SystemServerTimingAsync( 700): ssm.onStartUser-0_com.android.server.permission.access.AccessCheckingService
05-29 18:26:51.945 D/SystemServerTimingAsync( 700): ssm.onStartUser-0_com.android.server.wm.ActivityTaskManagerService$Lifecycle
05-29 18:26:51.946 D/SystemServerTimingAsync( 700): ssm.onStartUser-0_com.android.server.am.ActivityManagerService$Lifecycle
05-29 18:26:51.946 D/SystemServerTimingAsync( 700): ssm.onStartUser-0_com.android.server.pm.DataLoaderManagerService
05-29 18:26:51.946 D/SystemServerTimingAsync( 700): ssm.onStartUser-0_com.android.server.power.PowerManagerService
05-29 18:26:51.946 D/SystemServerTimingAsync( 700): ssm.onStartUser-0_com.android.server.power.ThermalManagerService
05-29 18:26:51.946 D/SystemServerTimingAsync( 700): ssm.onStartUser-0_com.android.server.power.hint.HintManagerService
05-29 18:26:51.946 D/SystemServerTimingAsync( 700): ssm.onStartUser-0_com.android.server.recoverysystem.RecoverySystemService$Lifecycle
05-29 18:26:51.946 D/SystemServerTimingAsync( 700): ssm.onStartUser-0_com.android.server.lights.LightsService
05-29 18:26:51.946 D/SystemServerTimingAsync( 700): ssm.onStartUser-0_com.android.server.display.DisplayManagerService
05-29 18:26:51.946 D/SystemServerTimingAsync( 700): ssm.onStartUser-0_com.android.server.pm.verify.domain.DomainVerificationService
05-29 18:26:51.946 D/SystemServerTimingAsync( 700): ssm.onStartUser-0_com.android.server.pm.PackageInstallerService$Lifecycle
05-29 18:26:51.946 D/SystemServerTimingAsync( 700): ssm.onStartUser-0_com.android.server.pm.UserManagerService$LifeCycle
05-29 18:26:51.946 D/SystemServerTimingAsync( 700): ssm.onStartUser-0_com.android.server.om.OverlayManagerService
05-29 18:26:52.006 V/WindowManagerShell( 918): Adding init callback for DefaultTransitionHandler
05-29 18:26:52.007 V/WindowManagerShell( 918): addHandler: Default
05-29 18:26:52.007 V/WindowManagerShell( 918): addHandler: Remote
05-29 18:26:52.007 V/WindowManagerShell( 918): Adding init callback for Transitions
05-29 18:26:52.011 V/WindowManagerShell( 918): Adding init callback for FullscreenTaskListener
05-29 18:26:52.014 I/ActivityManager( 700): Process WebViewLoader-armeabi-v7a (pid 942) has died: psvc PER
05-29 18:26:52.017 D/DisplayManagerService( 700): Drop pending events for gone uid 1037
05-29 18:26:52.025 V/WindowManagerShell( 918): Adding init callback for ActivityEmbeddingController
05-29 18:26:52.029 D/CompatibilityChangeReporter( 700): Compat change id reported: 161145287; UID 10052; state: ENABLED
05-29 18:26:52.032 V/WindowManagerShell( 918): Adding init callback for StartingWindowController
05-29 18:26:52.032 V/WindowManagerShell( 918): Adding init callback for ProtoLogController
05-29 18:26:52.046 V/WindowManagerShell( 918): Adding init callback for TvPipTransition
05-29 18:26:52.068 W/SystemServiceManager( 700): Service com.android.server.om.OverlayManagerService took 122 ms in onStartUser-0
05-29 18:26:52.068 D/SystemServerTimingAsync( 700): ssm.onStartUser-0_com.android.server.resources.ResourcesManagerService
05-29 18:26:52.068 D/SystemServerTimingAsync( 700): ssm.onStartUser-0_com.android.server.sensorprivacy.SensorPrivacyService
05-29 18:26:52.086 D/CompatibilityChangeReporter( 700): Compat change id reported: 265464455; UID 10052; state: DISABLED
05-29 18:26:52.086 D/CompatibilityChangeReporter( 700): Compat change id reported: 265452344; UID 10052; state: DISABLED
05-29 18:26:52.087 D/CompatibilityChangeReporter( 700): Compat change id reported: 266124927; UID 10052; state: DISABLED
05-29 18:26:52.087 D/CompatibilityChangeReporter( 700): Compat change id reported: 265451093; UID 10052; state: DISABLED
05-29 18:26:52.088 D/CompatibilityChangeReporter( 700): Compat change id reported: 265456536; UID 10052; state: DISABLED
05-29 18:26:52.088 D/CompatibilityChangeReporter( 700): Compat change id reported: 255940284; UID 10052; state: DISABLED
05-29 18:26:52.088 D/CompatibilityChangeReporter( 700): Compat change id reported: 236283604; UID 10052; state: DISABLED
05-29 18:26:52.089 D/CompatibilityChangeReporter( 700): Compat change id reported: 263959004; UID 10052; state: DISABLED
05-29 18:26:52.089 D/CompatibilityChangeReporter( 700): Compat change id reported: 264304459; UID 10052; state: DISABLED
05-29 18:26:52.090 D/WindowManagerShell( 918): TvPipActionsProvider: onMediaActionsChanged()
05-29 18:26:52.091 D/WindowManagerShell( 918): TvPipActionsProvider: replaceCustomActions, count: 0
05-29 18:26:52.091 D/WindowManagerShell( 918): TvPipMenuController: setDelegate(), delegate=com.android.wm.shell.pip.tv.TvPipController@ba19531
05-29 18:26:52.091 V/WindowManagerShell( 918): Adding init callback for TvPipController
05-29 18:26:52.091 V/WindowManagerShell( 918): Adding init callback for KeyguardTransitionHandler
05-29 18:26:52.094 D/CompatibilityChangeReporter( 700): Compat change id reported: 253665015; UID 1073; state: ENABLED
05-29 18:26:52.094 D/CompatibilityChangeReporter( 700): Compat change id reported: 264301586; UID 10052; state: DISABLED
05-29 18:26:52.095 D/CompatibilityChangeReporter( 700): Compat change id reported: 254631730; UID 10052; state: DISABLED
05-29 18:26:52.095 D/CompatibilityChangeReporter( 700): Compat change id reported: 194532703; UID 1073; state: ENABLED
05-29 18:26:52.095 D/CompatibilityChangeReporter( 700): Compat change id reported: 273509367; UID 10052; state: DISABLED
05-29 18:26:52.096 D/CompatibilityChangeReporter( 700): Compat change id reported: 263259275; UID 10052; state: DISABLED
05-29 18:26:52.097 D/CompatibilityChangeReporter( 700): Compat change id reported: 174042980; UID 10052; state: DISABLED
05-29 18:26:52.098 D/CompatibilityChangeReporter( 700): Compat change id reported: 174042936; UID 10052; state: DISABLED
05-29 18:26:52.099 D/CompatibilityChangeReporter( 700): Compat change id reported: 181136395; UID 10052; state: DISABLED
05-29 18:26:52.110 D/CompatibilityChangeReporter( 700): Compat change id reported: 194480991; UID 10052; state: ENABLED
05-29 18:26:52.115 W/ActivityTaskManager( 700): startActivity called from non-Activity context; forcing Intent.FLAG_ACTIVITY_NEW_TASK for: Intent { flg=0x840000 cmp=com.android.systemui/.sensorprivacy.television.TvSensorPrivacyChangedActivity (has extras) }
05-29 18:26:52.122 D/CompatibilityChangeReporter( 700): Compat change id reported: 184838306; UID 10052; state: DISABLED
05-29 18:26:52.122 D/CompatibilityChangeReporter( 700): Compat change id reported: 185004937; UID 10052; state: DISABLED
05-29 18:26:52.126 D/CompatibilityChangeReporter( 700): Compat change id reported: 197654537; UID 10052; state: ENABLED
05-29 18:26:52.131 D/CountryDetector( 700): Using custom country detector class: com.android.server.location.ComprehensiveCountryDetector
05-29 18:26:52.131 E/CountryDetector( 700): Could not instantiate the custom country detector class
05-29 18:26:52.131 D/CountryDetector( 700): Using default country detector
05-29 18:26:52.132 I/ActivityTaskManager( 700): START u0 {flg=0x840000 cmp=com.android.systemui/.sensorprivacy.television.TvSensorPrivacyChangedActivity (has extras)} with LAUNCH_SINGLE_TOP from uid 1000 (BAL_ALLOW_ALLOWLISTED_UID) result code=0
05-29 18:26:52.135 V/WindowManagerShell( 918): Adding init callback for BackAnimationController
05-29 18:26:52.136 W/ActivityTaskManager( 700): startActivity called from non-Activity context; forcing Intent.FLAG_ACTIVITY_NEW_TASK for: Intent { flg=0x840000 cmp=com.android.systemui/.sensorprivacy.television.TvSensorPrivacyChangedActivity (has extras) }
05-29 18:26:52.141 V/WindowManagerShell( 918): Initializing Shell Components: 18
05-29 18:26:52.142 I/ActivityTaskManager( 700): START u0 {flg=0x840000 cmp=com.android.systemui/.sensorprivacy.television.TvSensorPrivacyChangedActivity (has extras)} with LAUNCH_SINGLE_TOP from uid 1000 (BAL_ALLOW_ALLOWLISTED_UID) result code=3
05-29 18:26:52.145 V/WindowManagerShell( 918): DisplayChangeController init took 3ms
05-29 18:26:52.148 W/ActivityTaskManager( 700): startActivity called from non-Activity context; forcing Intent.FLAG_ACTIVITY_NEW_TASK for: Intent { flg=0x840000 cmp=com.android.systemui/.sensorprivacy.television.TvSensorPrivacyChangedActivity (has extras) }
05-29 18:26:52.153 I/ActivityTaskManager( 700): START u0 {flg=0x840000 cmp=com.android.systemui/.sensorprivacy.television.TvSensorPrivacyChangedActivity (has extras)} with LAUNCH_SINGLE_TOP from uid 1000 (BAL_ALLOW_ALLOWLISTED_UID) result code=3
05-29 18:26:52.156 V/WindowManagerShell( 918): DisplayController init took 11ms
