05-29 18:28:17.157 E/ccc ( 2814): cccccc SCAN_RESULTS_AVAILABLE_ACTION hhhh
05-29 18:28:17.160 E/ccc ( 2814): cccccc result is empty start scan
05-29 18:28:17.160 I/WifiService( 700): startScan uid=1000
05-29 18:28:17.169 D/InstantWifi( 700): Drop, size: 1
05-29 18:28:17.173 I/PlatformDependent( 2617): Your platform does not provide complete low-level API for accessing direct buffers reliably. Unless explicitly requested, heap buffer will always be preferred to avoid potential system instability.
05-29 18:28:17.181 W/AudioCapabilities( 2617): Unsupported mime audio/vnd.dts.hd;profile=lbr
05-29 18:28:17.182 W/AudioCapabilities( 2617): Unsupported mime audio/ffmpeg
05-29 18:28:17.182 W/AudioCapabilities( 2617): Unsupported mime audio/mpeg-L1
05-29 18:28:17.182 W/AudioCapabilities( 2617): Unsupported mime audio/mpeg-L2
05-29 18:28:17.189 W/VideoCapabilities( 2617): Unsupported mime video/avs
05-29 18:28:17.190 W/VideoCapabilities( 2617): Unsupported mime video/avs2
05-29 18:28:17.196 W/VideoCapabilities( 2617): Unsupported mime video/x-motion-jpeg
05-29 18:28:17.197 W/VideoCapabilities( 2617): Unrecognized profile/level 0/4 for video/mpeg2
05-29 18:28:17.197 I/VideoCapabilities( 2617): Unsupported profile 3 for video/mpeg2
05-29 18:28:17.197 I/VideoCapabilities( 2617): Unsupported profile 4 for video/mpeg2
05-29 18:28:17.197 I/VideoCapabilities( 2617): Unsupported profile 5 for video/mpeg2
05-29 18:28:17.198 W/VideoCapabilities( 2617): Unrecognized profile/level 0/4 for video/mpeg2
05-29 18:28:17.198 I/VideoCapabilities( 2617): Unsupported profile 3 for video/mpeg2
05-29 18:28:17.198 I/VideoCapabilities( 2617): Unsupported profile 4 for video/mpeg2
05-29 18:28:17.198 I/VideoCapabilities( 2617): Unsupported profile 5 for video/mpeg2
05-29 18:28:17.199 I/VideoCapabilities( 2617): Unsupported profile 2 for video/mp4v-es
05-29 18:28:17.199 I/VideoCapabilities( 2617): Unsupported profile 8 for video/mp4v-es
05-29 18:28:17.199 I/VideoCapabilities( 2617): Unsupported profile 16 for video/mp4v-es
05-29 18:28:17.199 I/VideoCapabilities( 2617): Unsupported profile 1024 for video/mp4v-es
05-29 18:28:17.199 W/VideoCapabilities( 2617): Unsupported mime video/rm10
05-29 18:28:17.201 W/VideoCapabilities( 2617): Unsupported mime video/rm20
05-29 18:28:17.202 W/VideoCapabilities( 2617): Unsupported mime video/rm30
05-29 18:28:17.203 W/VideoCapabilities( 2617): Unsupported mime video/rm40
05-29 18:28:17.204 W/VideoCapabilities( 2617): Unsupported mime video/vc1
05-29 18:28:17.204 W/VideoCapabilities( 2617): Unsupported mime video/vc1
05-29 18:28:17.206 W/VideoCapabilities( 2617): Unsupported mime video/x-vnd.on2.vp6a
05-29 18:28:17.207 W/VideoCapabilities( 2617): Unsupported mime video/x-vnd.on2.vp6f
05-29 18:28:17.210 W/VideoCapabilities( 2617): Unsupported mime video/wmv1
05-29 18:28:17.211 W/VideoCapabilities( 2617): Unsupported mime video/wmv2
05-29 18:28:17.211 W/VideoCapabilities( 2617): Unsupported mime video/wmv3
05-29 18:28:17.213 D/OpenGLRenderer( 2814): --- Failed to create image decoder with message 'unimplemented'
05-29 18:28:17.215 D/OpenGLRenderer( 2814): --- Failed to create image decoder with message 'unimplemented'
05-29 18:28:17.217 D/OpenGLRenderer( 2814): --- Failed to create image decoder with message 'unimplemented'
05-29 18:28:17.219 D/OpenGLRenderer( 2814): --- Failed to create image decoder with message 'unimplemented'
05-29 18:28:17.220 I/audio_hw_hal_primary( 475): [audiohal_get_latency:1333] io 13: out:0xe59c6be0 frames:1152 rate:48000 whole_latency:24 alsa_latency:24
05-29 18:28:17.221 D/OpenGLRenderer( 2814): --- Failed to create image decoder with message 'unimplemented'
05-29 18:28:17.221 D/OpenGLRenderer( 2814): --- Failed to create image decoder with message 'unimplemented'
05-29 18:28:17.229 I/serviceDiscovery( 700): [MdnsAdvertiser] Adding service name: 当贝投屏B4, type: _airplay._tcp, hostAddresses: , port: 44367, network: null, txtRecord: srcvers=220.68features=0x527FFFF7,0x1E'pi=2e388006-13ba-4041-9a67-25dd4a43d536Cpk=b07727d6f6cd6e08b58ede525ec3cdeaa252ad9f683feb212ef8a205246554e7vv=2 flags=0x4model=AppleTV2,1deviceid=1c:79:2d:20:62:97 with ID 6 and subtype null
05-29 18:28:17.228 I/Thread-17( 2617): type=1400 audit(0.0:935): avc: denied { read } for name="address" dev="sysfs" ino=22127 scontext=u:r:untrusted_app_27:s0:c44,c256,c512,c768 tcontext=u:object_r:sysfs_net:s0 tclass=file permissive=1 app=com.dangbei.screencast
05-29 18:28:17.232 I/Thread-17( 2617): type=1400 audit(0.0:936): avc: denied { open } for path="/sys/devices/virtual/net/dummy0/address" dev="sysfs" ino=22127 scontext=u:r:untrusted_app_27:s0:c44,c256,c512,c768 tcontext=u:object_r:sysfs_net:s0 tclass=file permissive=1 app=com.dangbei.screencast
05-29 18:28:17.241 D/TrafficStats( 2617): tagSocket(214) with statsTag=0xffffffff, statsUid=-1
05-29 18:28:17.246 I/serviceDiscovery( 700): [MdnsAdvertiser] Adding service name: 1c792d206297@当贝投屏B4, type: _raop._tcp, hostAddresses: , port: 40089, network: null, txtRecord: txtvers=1 am=AppleTV2,1ch=2
05-29 18:28:17.246 I/serviceDiscovery( 700): cn=0,1,2,3da=trueet=0,3,5ft=0x527FFFF7,0x1Emd=0,1,2Cpk=b07727d6f6cd6e08b58ede525ec3cdeaa252ad9f683feb212ef8a205246554e7pw=falsesf=0x4sr=44100ss=16sv=falsetp=UDPvn=65537 vs=220.68vv=2 rhd=5.6.0.0 with ID 7 and subtype null
05-29 18:28:17.232 I/Thread-17( 2617): type=1400 audit(0.0:937): avc: denied { getattr } for path="/sys/devices/virtual/net/dummy0/address" dev="sysfs" ino=22127 scontext=u:r:untrusted_app_27:s0:c44,c256,c512,c768 tcontext=u:object_r:sysfs_net:s0 tclass=file permissive=1 app=com.dangbei.screencast
05-29 18:28:17.263 I/audio_hw_hal_primary( 475): [audiohal_get_latency:1333] io 13: out:0xe59c6be0 frames:1152 rate:48000 whole_latency:24 alsa_latency:24
05-29 18:28:17.252 I/Thread-17( 2617): type=1400 audit(0.0:938): avc: denied { read } for name="somaxconn" dev="proc" ino=36171 scontext=u:r:untrusted_app_27:s0:c44,c256,c512,c768 tcontext=u:object_r:proc_net:s0 tclass=file permissive=1 app=com.dangbei.screencast
05-29 18:28:17.252 I/Thread-17( 2617): type=1400 audit(0.0:939): avc: denied { open } for path="/proc/sys/net/core/somaxconn" dev="proc" ino=36171 scontext=u:r:untrusted_app_27:s0:c44,c256,c512,c768 tcontext=u:object_r:proc_net:s0 tclass=file permissive=1 app=com.dangbei.screencast
05-29 18:28:17.287 D/CompatibilityChangeReporter( 2814): Compat change id reported: 263076149; UID 1000; state: DISABLED
05-29 18:28:17.305 I/audio_hw_hal_primary( 475): [audiohal_get_latency:1333] io 13: out:0xe59c6be0 frames:1152 rate:48000 whole_latency:24 alsa_latency:24
05-29 18:28:17.306 I/audio_hw_hal_primary( 475): [audiohal_get_latency:1333] io 13: out:0xe59c6be0 frames:1152 rate:48000 whole_latency:24 alsa_latency:24
05-29 18:28:17.327 I/audio_hw_hal_primary( 475): [audiohal_get_latency:1333] io 13: out:0xe59c6be0 frames:1152 rate:48000 whole_latency:24 alsa_latency:24
05-29 18:28:17.328 I/audio_hw_hal_primary( 475): [audiohal_get_latency:1333] io 13: out:0xe59c6be0 frames:1152 rate:48000 whole_latency:24 alsa_latency:24
05-29 18:28:17.348 I/audio_hw_hal_primary( 475): [audiohal_get_latency:1333] io 13: out:0xe59c6be0 frames:1152 rate:48000 whole_latency:24 alsa_latency:24
05-29 18:28:17.348 I/audio_hw_hal_primary( 475): [audiohal_get_latency:1333] io 13: out:0xe59c6be0 frames:1152 rate:48000 whole_latency:24 alsa_latency:24
05-29 18:28:17.370 I/audio_hw_hal_primary( 475): [audiohal_get_latency:1333] io 13: out:0xe59c6be0 frames:1152 rate:48000 whole_latency:24 alsa_latency:24
05-29 18:28:17.370 I/audio_hw_hal_primary( 475): [audiohal_get_latency:1333] io 13: out:0xe59c6be0 frames:1152 rate:48000 whole_latency:24 alsa_latency:24
05-29 18:28:17.391 I/audio_hw_hal_primary( 475): [audiohal_get_latency:1333] io 13: out:0xe59c6be0 frames:1152 rate:48000 whole_latency:24 alsa_latency:24
05-29 18:28:17.391 I/audio_hw_hal_primary( 475): [audiohal_get_latency:1333] io 13: out:0xe59c6be0 frames:1152 rate:48000 whole_latency:24 alsa_latency:24
05-29 18:28:17.391 D/audioserver( 535): logFgsApiEnd: FGS Logger Transaction failed, -129
05-29 18:28:17.392 I/audio_hw_hal_primary( 475): out_update_source_metadata_v7() line 2013 usage:1 content_type:2
05-29 18:28:17.416 I/audio_hw_hal_primary( 475): [audiohal_get_latency:1333] io 13: out:0xe59c6be0 frames:1152 rate:48000 whole_latency:24 alsa_latency:24
05-29 18:28:17.433 I/audio_hw_hal_primary( 475): [audiohal_get_latency:1333] io 13: out:0xe59c6be0 frames:1152 rate:48000 whole_latency:24 alsa_latency:24
05-29 18:28:17.455 I/audio_hw_hal_primary( 475): [audiohal_get_latency:1333] io 13: out:0xe59c6be0 frames:1152 rate:48000 whole_latency:24 alsa_latency:24
05-29 18:28:17.477 I/audio_hw_hal_primary( 475): [audiohal_get_latency:1333] io 13: out:0xe59c6be0 frames:1152 rate:48000 whole_latency:24 alsa_latency:24
05-29 18:28:17.478 D/audioserver( 535): logFgsApiEnd: FGS Logger Transaction failed, -129
05-29 18:28:17.595 W/System.err( 2617): java.lang.NullPointerException: Attempt to invoke virtual method 'byte[] java.net.NetworkInterface.getHardwareAddress()' on a null object reference
05-29 18:28:17.596 W/System.err( 2617): at b.f.f.y.g.b(Unknown Source:11)
05-29 18:28:17.596 W/System.err( 2617): at b.d.a.a.p.c0(Unknown Source:2)
05-29 18:28:17.596 W/System.err( 2617): at b.f.f.o.f.c.a(Unknown Source:23)
05-29 18:28:17.596 W/System.err( 2617): at b.f.f.t.d.c(:1)
05-29 18:28:17.596 W/System.err( 2617): at b.f.f.n.d$a.handleMessage(:3)
05-29 18:28:17.596 W/System.err( 2617): at android.os.Handler.dispatchMessage(Handler.java:106)
05-29 18:28:17.596 W/System.err( 2617): at android.os.Looper.loopOnce(Looper.java:205)
05-29 18:28:17.596 W/System.err( 2617): at android.os.Looper.loop(Looper.java:294)
05-29 18:28:17.596 W/System.err( 2617): at android.os.HandlerThread.run(HandlerThread.java:67)
05-29 18:28:17.609 I/serviceDiscovery( 700): [MdnsAdvertiser] Adding service name: 当贝投屏B4, type: _db_cast_screen._tcp, hostAddresses: , port: 46365, network: null, txtRecord: au=1cV=20830mV=100h265=0maxR=4096-4096model=DBBOX-A3deviceid=1c:79:2d:20:62:97 with ID 8 and subtype null
05-29 18:28:17.610 E/MdnsAdvertiser( 700): Name conflict adding services that should have unique names
05-29 18:28:17.610 E/MdnsAdvertiser( 700): android.net.connectivity.com.android.server.connectivity.mdns.NameConflictException
05-29 18:28:17.610 E/MdnsAdvertiser( 700): at android.net.connectivity.com.android.server.connectivity.mdns.MdnsRecordRepository.addService(MdnsRecordRepository.java:314)
05-29 18:28:17.610 E/MdnsAdvertiser( 700): at android.net.connectivity.com.android.server.connectivity.mdns.MdnsInterfaceAdvertiser.addService(MdnsInterfaceAdvertiser.java:217)
05-29 18:28:17.610 E/MdnsAdvertiser( 700): at android.net.connectivity.com.android.server.connectivity.mdns.MdnsAdvertiser$InterfaceAdvertiserRequest.addService(MdnsAdvertiser.java:273)
05-29 18:28:17.610 E/MdnsAdvertiser( 700): at android.net.connectivity.com.android.server.connectivity.mdns.MdnsAdvertiser.addService(MdnsAdvertiser.java:488)
05-29 18:28:17.610 E/MdnsAdvertiser( 700): at android.net.connectivity.com.android.server.NsdService$NsdStateMachine$EnabledState.processMessage(NsdService.java:730)
05-29 18:28:17.610 E/MdnsAdvertiser( 700): at android.net.connectivity.com.android.internal.util.StateMachine$SmHandler.processMsg(StateMachine.java:993)
05-29 18:28:17.610 E/MdnsAdvertiser( 700): at android.net.connectivity.com.android.internal.util.StateMachine$SmHandler.handleMessage(StateMachine.java:810)
05-29 18:28:17.610 E/MdnsAdvertiser( 700): at android.os.Handler.dispatchMessage(Handler.java:106)
05-29 18:28:17.610 E/MdnsAdvertiser( 700): at android.os.Looper.loopOnce(Looper.java:205)
05-29 18:28:17.610 E/MdnsAdvertiser( 700): at android.os.Looper.loop(Looper.java:294)
05-29 18:28:17.610 E/MdnsAdvertiser( 700): at android.os.HandlerThread.run(HandlerThread.java:67)
05-29 18:28:17.638 W/TelephonyPermissions( 700): reportAccessDeniedToReadIdentifiers:com.dangbei.screencast:getSerial:-1
05-29 18:28:17.660 V/NFC ( 2739): this device does not have NFC support
05-29 18:28:17.848 D/BufferPoolAccessor2.0( 700): bufferpool2 0xb7cf7588 : 0(0 size) total buffers - 0(0 size) used buffers - 2/7 (recycle/alloc) - 5/60 (fetch/transfer)
05-29 18:28:17.849 D/BufferPoolAccessor2.0( 700): evictor expired: 1, evicted: 1
05-29 18:28:17.850 D/BufferPoolAccessor2.0( 623): evictor expired: 5, evicted: 0
05-29 18:28:18.068 I/serviceDiscovery( 700): [MdnsAdvertiser.wlan0] Probing finished for service 7
05-29 18:28:18.079 E/accept ( 2617): myIp:192.168.3.246
05-29 18:28:18.079 D/TrafficStats( 2617): tagSocket(215) with statsTag=0xffffffff, statsUid=-1
05-29 18:28:18.083 E/accept ( 2617): connect error
05-29 18:28:18.089 I/UpnpServiceImpl( 2617): >>> Starting UPnP service...
05-29 18:28:18.089 I/UpnpServiceImpl( 2617): Using configuration: org.fourthline.cling.android.AndroidUpnpServiceConfiguration
05-29 18:28:18.092 I/Router ( 2617): Creating Router: org.fourthline.cling.android.AndroidRouter
05-29 18:28:18.094 W/Router ( 2617): enable lock:org.fourthline.cling.android.AndroidRouter@5840a9b_java.util.concurrent.locks.ReentrantReadWriteLock$WriteLock@355ee38[Unlocked]
05-29 18:28:18.100 W/tworkAddressFactoryImpl( 2617): Network interface may not be multicast capable: dummy0
05-29 18:28:18.104 I/MulticastReceiver( 2617): Creating wildcard socket (for receiving multicast datagrams) on port: 1900
05-29 18:28:18.104 D/TrafficStats( 2617): tagSocket(215) with statsTag=0xffffffff, statsUid=-1
05-29 18:28:18.105 I/MulticastReceiver( 2617): Joining multicast group: /239.255.255.250:1900 on network interface: wlan0
05-29 18:28:18.121 E/accept ( 2617): Adding connector try: 192.168.3.246/192.168.3.246:36401
05-29 18:28:18.123 D/TrafficStats( 2617): tagSocket(220) with statsTag=0xffffffff, statsUid=-1
05-29 18:28:18.123 E/accept ( 2617): Adding connector result: 192.168.3.246/192.168.3.246:36401
05-29 18:28:18.181 I/JettyServletContainer( 2617): Registering UPnP servlet under context path: /upnp
05-29 18:28:18.184 I/WifiHAL ( 501): call wifi_get_link_stats handler
05-29 18:28:18.184 I/WifiHAL ( 501): Creating message to get link statistics; iface = 16
05-29 18:28:18.185 D/WifiHAL ( 501): error code -95 mapped to -3
05-29 18:28:18.185 E/WifiStaIfaceAidlImpl( 700): getLinkLayerStats failed with service-specific exception: android.os.ServiceSpecificException: (code 4)
05-29 18:28:18.185 I/DatagramIO( 2617): Creating bound socket (for datagram input/output) on: 192.168.3.246/192.168.3.246
05-29 18:28:18.186 D/TrafficStats( 2617): tagSocket(221) with statsTag=0xffffffff, statsUid=-1
05-29 18:28:18.187 E/JettyServletContainer( 2617): gogogo
05-29 18:28:18.188 I/JettyServletContainer( 2617): Starting Jetty server...
05-29 18:28:18.189 W/System.err( 2617): 2025-05-29 18:28:18.188:INFO:lcaf.p:jetty-8.y.z-SNAPSHOT
05-29 18:28:18.191 I/Router ( 2617): WiFi multicast lock acquired
05-29 18:28:18.192 I/WifiService( 700): acquireMulticastLock uid=10044
05-29 18:28:18.193 I/Router ( 2617): WiFi lock acquired
05-29 18:28:18.194 D/IpClient.wlan0( 976): set max DTIM multiplier to 1
05-29 18:28:18.195 D/WifiHAL ( 501): Setting APF program, halHandle = 0xebc024a0
05-29 18:28:18.195 I/WifiHAL ( 501): createRequest: APF set program request
05-29 18:28:18.195 D/WifiHAL ( 501): error code -95 mapped to -3
05-29 18:28:18.195 I/WifiHAL ( 501): Request Response failed for APF, result = -3
05-29 18:28:18.194 I/WifiService( 700): acquireWifiLock uid=10044 lockMode=3
05-29 18:28:18.196 E/WifiStaIfaceAidlImpl( 700): installApfPacketFilter failed with service-specific exception: android.os.ServiceSpecificException: (code 4)
05-29 18:28:18.196 D/WifiHAL ( 501): Setting DTIM config , halHandle = 0xebc024a0 Multiplier = 1
05-29 18:28:18.196 I/WifiHAL ( 501): Successfully configured dtim multiplier 1
05-29 18:28:18.196 D/WifiHAL ( 501): error code -95 mapped to -3
05-29 18:28:18.197 E/WifiStaIfaceAidlImpl( 700): setDtimMultiplier failed with service-specific exception: android.os.ServiceSpecificException: (code 4)
05-29 18:28:18.198 I/WifiHAL ( 501): wifi_set_latency_mode set to 1
05-29 18:28:18.207 W/Router ( 2617): enable unlock:org.fourthline.cling.android.AndroidRouter@5840a9b
05-29 18:28:18.208 I/UpnpServiceImpl( 2617): <<< UPnP service started successfully
05-29 18:28:18.222 I/serviceDiscovery( 700): [MdnsAdvertiser.wlan0] Probing finished for service 6
05-29 18:28:18.233 W/System.err( 2617): 2025-05-29 18:28:18.232:INFO:lcaf.a:Started @192.168.3.246:36401
05-29 18:28:18.275 E/g ( 2617): channel :os
05-29 18:28:18.508 I/efs.base( 2617): lt=event`ev_ct=efs_core`ev_ac=log_lag`tm=2025-05-29 18:28:50`dn=282ed398-9b16-46ad-b966-b16283254794`ps=com.dangbei.screencast`um_os=android`stime=1748514488344`pid=2617`fr=android`pkg=com.dangbei.screencast`vcode=20830`dsp_w=1920`uid=282ed398-9b16-46ad-b966-b16283254794`rom=14`wid=282ed398-9b16-46ad-b966-b16283254794`um_app_carrier=`um_access=wifi`um_app_channel=os`um_crash_sdk_version=1.4.0`ctime=1748514498`model=dbbox-a3`lang=zh`net=wifi`brand=amlogic`dsp_h=1080`um_network_type=0`ver=v2.8.3`cnt=1`build_model=DBBOX-A3`w_tm=1748514498`appid=5fc60c21094d637f3130af19`um_umid_header=aiaefbf3944cdb0a089a4288118ba20332`sdk=34`tzone=Asia/Shanghai`sdk_ver=1.3.6.umeng
05-29 18:28:18.530 D/TrafficStats( 2617): tagSocket(224) with statsTag=0xffffffff, statsUid=-1
05-29 18:28:18.628 I/gbei.screencast( 2617): Background concurrent copying GC freed 215336(11MB) AllocSpace objects, 82(3284KB) LOS objects, 49% free, 5496KB/10MB, paused 189us,76us total 124.117ms
05-29 18:28:18.835 D/TrafficStats( 2739): tagSocket(161) with statsTag=0xffffffff, statsUid=-1
05-29 18:28:18.849 D/BufferPoolAccessor2.0( 700): bufferpool2 0xb7cc0da8 : 0(0 size) total buffers - 0(0 size) used buffers - 2/7 (recycle/alloc) - 5/50 (fetch/transfer)
05-29 18:28:18.849 D/BufferPoolAccessor2.0( 700): bufferpool2 0xb7cfc8c8 : 0(0 size) total buffers - 0(0 size) used buffers - 2/7 (recycle/alloc) - 5/42 (fetch/transfer)
05-29 18:28:18.849 D/BufferPoolAccessor2.0( 700): evictor expired: 8, evicted: 2
05-29 18:28:18.850 D/BufferPoolAccessor2.0( 623): bufferpool2 0xe5c83ce8 : 0(0 size) total buffers - 0(0 size) used buffers - 20/23 (recycle/alloc) - 3/22 (fetch/transfer)
05-29 18:28:18.850 D/BufferPoolAccessor2.0( 623): bufferpool2 0xe5c817c8 : 0(0 size) total buffers - 0(0 size) used buffers - 17/19 (recycle/alloc) - 2/18 (fetch/transfer)
05-29 18:28:18.850 D/BufferPoolAccessor2.0( 623): bufferpool2 0xe5c805c8 : 0(0 size) total buffers - 0(0 size) used buffers - 25/28 (recycle/alloc) - 3/27 (fetch/transfer)
05-29 18:28:18.850 D/BufferPoolAccessor2.0( 623): evictor expired: 4, evicted: 3
05-29 18:28:18.924 I/ip ( 2886): type=1400 audit(0.0:941): avc: denied { bind } for scontext=u:r:untrusted_app_27:s0:c44,c256,c512,c768 tcontext=u:r:untrusted_app_27:s0:c44,c256,c512,c768 tclass=netlink_route_socket permissive=1 app=com.dangbei.screencast
05-29 18:28:18.924 I/ip ( 2886): type=1400 audit(0.0:942): avc: denied { nlmsg_readpriv } for scontext=u:r:untrusted_app_27:s0:c44,c256,c512,c768 tcontext=u:r:untrusted_app_27:s0:c44,c256,c512,c768 tclass=netlink_route_socket permissive=1 app=com.dangbei.screencast
05-29 18:28:18.924 W/ip ( 2886): type=1400 audit(0.0:943): avc: granted { nlmsg_getneigh } for scontext=u:r:untrusted_app_27:s0:c44,c256,c512,c768 tcontext=u:r:untrusted_app_27:s0:c44,c256,c512,c768 tclass=netlink_route_socket app=com.dangbei.screencast
05-29 18:28:18.969 I/audio_hw_hal_stream( 475): aml_stream_out_info_print: out:0xe59c6be0, stream_type:pcm, sync_mode:non tunnel, input_size:1654784 bytes
05-29 18:28:18.969 I/audio_hw_hal_stream( 475): aml_stream_out_info_print: last_time:102505 ms (sec:102, nsec:505655589), last_position:8433 ms (404816), cur_time:102526 ms (sec:102, nsec:526382797), cur_position:8455 ms (405840)
05-29 18:28:18.969 I/audio_hw_hal_stream( 475): aml_stream_out_info_print: time_gap:21 ms (thr:100 ms), position_gap:21 ms, delay:163 ms, jitter: Position gap is ahead of system time gap by 0 ms (thr:100 ms)
05-29 18:28:18.974 I/bluetooth( 1027): packages/modules/Bluetooth/system/gd/hci/le_scanning_reassembler.cc:56 ProcessAdvertisingReport: Ignoring scan response received without advertising event
05-29 18:28:19.452 I/rainbow_flow( 2181): type=1400 audit(0.0:944): avc: denied { ioctl } for path="/dev/spidev1.0" dev="tmpfs" ino=531 ioctlcmd=0x6b00 scontext=u:r:init:s0 tcontext=u:object_r:device:s0 tclass=chr_file permissive=1
05-29 18:28:19.622 I/efs.base( 2617): wa upload succ, HttpResponse {succ=true, code=200, data='暂不支持该服务', extra={req_url=https://errlog.umeng.com/api/crashsdk/logcollect}}
05-29 18:28:19.632 E/TaskPersister( 700): File error accessing recents directory (directory doesn't exist?).
05-29 18:28:19.846 D/WifiNl80211Manager( 700): Scan result ready event
05-29 18:28:19.847 D/WifiNative( 700): Scan result ready event
05-29 18:28:19.907 E/hq ( 1431): NetWorkStateReceiver:::NetWorkStateReceiver onReceive: 网络变化广播 >>>> intent.action=android.net.wifi.SCAN_RESULTS
05-29 18:28:19.907 E/ccc ( 2814): cccccc SCAN_RESULTS_AVAILABLE_ACTION hhhh
05-29 18:28:19.916 I/WifiHAL ( 501): call wifi_get_link_stats handler
05-29 18:28:19.916 I/WifiHAL ( 501): Creating message to get link statistics; iface = 16
05-29 18:28:19.916 D/WifiHAL ( 501): error code -95 mapped to -3
05-29 18:28:19.917 E/WifiStaIfaceAidlImpl( 700): getLinkLayerStats failed with service-specific exception: android.os.ServiceSpecificException: (code 4)
05-29 18:28:19.932 W/eventbuscore( 1431): post Event:com.dangbei.leard.base.entity.event.NetWifiRssiEvent
05-29 18:28:19.942 E/ccc ( 2814): cccccc result is not empty call back
05-29 18:28:19.942 E/ccc ( 2814): cccccc 666666666666666
05-29 18:28:19.957 E/ccc ( 2814): cccccc sort 2 49
05-29 18:28:20.005 D/OpenGLRenderer( 2814): --- Failed to create image decoder with message 'unimplemented'
05-29 18:28:20.007 D/OpenGLRenderer( 2814): --- Failed to create image decoder with message 'unimplemented'
05-29 18:28:20.007 D/OpenGLRenderer( 2814): --- Failed to create image decoder with message 'unimplemented'
05-29 18:28:20.008 D/OpenGLRenderer( 2814): --- Failed to create image decoder with message 'unimplemented'
05-29 18:28:20.009 D/OpenGLRenderer( 2814): --- Failed to create image decoder with message 'unimplemented'
05-29 18:28:20.009 D/OpenGLRenderer( 2814): --- Failed to create image decoder with message 'unimplemented'
05-29 18:28:20.021 D/OpenGLRenderer( 2814): --- Failed to create image decoder with message 'unimplemented'
05-29 18:28:20.022 D/OpenGLRenderer( 2814): --- Failed to create image decoder with message 'unimplemented'
05-29 18:28:20.023 D/OpenGLRenderer( 2814): --- Failed to create image decoder with message 'unimplemented'
05-29 18:28:20.024 D/OpenGLRenderer( 2814): --- Failed to create image decoder with message 'unimplemented'
05-29 18:28:20.025 D/OpenGLRenderer( 2814): --- Failed to create image decoder with message 'unimplemented'
05-29 18:28:20.025 D/OpenGLRenderer( 2814): --- Failed to create image decoder with message 'unimplemented'
05-29 18:28:20.030 D/OpenGLRenderer( 2814): --- Failed to create image decoder with message 'unimplemented'
05-29 18:28:20.030 D/OpenGLRenderer( 2814): --- Failed to create image decoder with message 'unimplemented'
05-29 18:28:20.031 D/OpenGLRenderer( 2814): --- Failed to create image decoder with message 'unimplemented'
05-29 18:28:20.032 D/OpenGLRenderer( 2814): --- Failed to create image decoder with message 'unimplemented'
05-29 18:28:20.034 D/OpenGLRenderer( 2814): --- Failed to create image decoder with message 'unimplemented'
05-29 18:28:20.035 D/OpenGLRenderer( 2814): --- Failed to create image decoder with message 'unimplemented'
05-29 18:28:20.272 D/audio_hw_hal_primary( 475): [out_standby_new:5767] io 13: out:0xe59c6be0 usecase:PCM_NORMAL
05-29 18:28:20.272 I/audio_hw_hal_primary( 475): [do_output_standby_l:5663] io 13: out:0xe59c6be0, stream usecase:PCM_NORMAL, continuous:1
05-29 18:28:20.272 I/audio_hw_hal_primary( 475): [usecase_change_validate_l:7436] ++ io 13: out:0xe59c6be0 dev masks:0x1 is_standby:1 out usecase:PCM_NORMAL
05-29 18:28:20.272 I/audio_hw_hal_ms12common( 475): aml_set_ms12_scheduler_state ms12_scheduler_state:1, sch_state:1 SCHEDULER_STANDBY is sent to ms12
05-29 18:28:20.272 I/audio_hw_hal_primary( 475): [usecase_change_validate_l:7477] -- dev masks:0 is_standby:1 out usecase PCM_NORMAL
05-29 18:28:20.272 D/audio_hw_hal_primary( 475): [out_standby_new:5790] io 13: out:0xe59c6be0 usecase:PCM_NORMAL exit
05-29 18:28:20.358 D/libdolbyms12( 475): continuous underrun 2
05-29 18:28:21.191 I/WifiHAL ( 501): call wifi_get_link_stats handler
05-29 18:28:21.191 I/WifiHAL ( 501): Creating message to get link statistics; iface = 16
05-29 18:28:21.191 D/WifiHAL ( 501): error code -95 mapped to -3
05-29 18:28:21.191 E/WifiStaIfaceAidlImpl( 700): getLinkLayerStats failed with service-specific exception: android.os.ServiceSpecificException: (code 4)
05-29 18:28:21.242 D/TrafficStats( 2617): tagSocket(5) with statsTag=0xffffffff, statsUid=-1
05-29 18:28:21.261 I/audio_hw_hal_alsamgr( 475): alsa format =0x1 delay frames =1024 total frames=4535040
05-29 18:28:21.333 D/TrafficStats( 2617): tagSocket(224) with statsTag=0xffffffff, statsUid=-1
05-29 18:28:21.336 W/ServiceDescriptorBinder( 2617): UPnP specification violation: Not producing element to be compatible with WMP12: (ActionArgument, OUT) Actions
05-29 18:28:21.435 W/ServiceDescriptorBinder( 2617): UPnP specification violation: Not producing element to be compatible with WMP12: (ActionArgument, OUT) Actions
05-29 18:28:21.470 W/ServiceDescriptorBinder( 2617): UPnP specification violation: Not producing element to be compatible with WMP12: (ActionArgument, OUT) CurrentMute
05-29 18:28:21.471 W/ServiceDescriptorBinder( 2617): UPnP specification violation: Not producing element to be compatible with WMP12: (ActionArgument, OUT) CurrentVolume
05-29 18:28:21.471 W/ServiceDescriptorBinder( 2617): UPnP specification violation: Not producing element to be compatible with WMP12: (ActionArgument, OUT) CurrentPresetNameList
05-29 18:28:21.471 W/ServiceDescriptorBinder( 2617): UPnP specification violation: Not producing element to be compatible with WMP12: (ActionArgument, OUT) CurrentLoudness
05-29 18:28:21.471 W/ServiceDescriptorBinder( 2617): UPnP specification violation: Not producing element to be compatible with WMP12: (ActionArgument, OUT) CurrentVolume
05-29 18:28:21.526 W/ServiceDescriptorBinder( 2617): UPnP specification violation: Not producing element to be compatible with WMP12: (ActionArgument, OUT) ConnectionIDs
05-29 18:28:21.575 I/bluetooth( 1027): packages/modules/Bluetooth/system/gd/hci/le_scanning_reassembler.cc:56 ProcessAdvertisingReport: Ignoring scan response received without advertising event
05-29 18:28:21.775 I/bluetooth( 1027): packages/modules/Bluetooth/system/gd/hci/le_scanning_reassembler.cc:56 ProcessAdvertisingReport: Ignoring scan response received without advertising event
05-29 18:28:21.842 I/bluetooth( 1027): packages/modules/Bluetooth/system/gd/hci/le_scanning_reassembler.cc:56 ProcessAdvertisingReport: Ignoring scan response received without advertising event
05-29 18:28:21.882 W/ServiceDescriptorBinder( 2617): UPnP specification violation: Not producing element to be compatible with WMP12: (ActionArgument, OUT) CurrentMute
05-29 18:28:21.882 W/ServiceDescriptorBinder( 2617): UPnP specification violation: Not producing element to be compatible with WMP12: (ActionArgument, OUT) CurrentVolume
05-29 18:28:21.882 W/ServiceDescriptorBinder( 2617): UPnP specification violation: Not producing element to be compatible with WMP12: (ActionArgument, OUT) CurrentPresetNameList
05-29 18:28:21.883 W/ServiceDescriptorBinder( 2617): UPnP specification violation: Not producing element to be compatible with WMP12: (ActionArgument, OUT) CurrentLoudness
05-29 18:28:21.883 W/ServiceDescriptorBinder( 2617): UPnP specification violation: Not producing element to be compatible with WMP12: (ActionArgument, OUT) CurrentVolume
05-29 18:28:21.968 W/ServiceDescriptorBinder( 2617): UPnP specification violation: Not producing element to be compatible with WMP12: (ActionArgument, OUT) ConnectionIDs
05-29 18:28:22.891 D/TrafficStats( 2617): tagSocket(225) with statsTag=0xffffffff, statsUid=-1
05-29 18:28:23.248 I/binder:463_4( 463): type=1400 audit(0.0:945): avc: denied { add_name } for name="globalAlert" scontext=u:r:netd:s0 tcontext=u:object_r:proc_net:s0 tclass=dir permissive=1
05-29 18:28:23.272 D/audio_hw_hal_ms12common( 475): func:ms12_timer_callback_handler sigv:0 ~~~~~~~~~~
05-29 18:28:23.272 D/audio_hw_hal_ms12v2( 475): set_dolby_ms12_continuous_state audio_continuous_standby_set status 1
05-29 18:28:23.272 D/audio_hw_hal_continuous_standby( 475): audio_continuous_standby_set, type 0, params 1
05-29 18:28:23.272 D/audio_hw_hal_ms12common( 475): aml_send_ms12_scheduler_state_2_ms12 adev:0xe69c14a0, sch_state:1(SCHEDULER_STANDBY)
05-29 18:28:23.593 I/crashsdk( 2617): crashsdk uploading logs
05-29 18:28:24.198 I/WifiHAL ( 501): call wifi_get_link_stats handler
05-29 18:28:24.198 I/WifiHAL ( 501): Creating message to get link statistics; iface = 16
05-29 18:28:24.199 D/WifiHAL ( 501): error code -95 mapped to -3
05-29 18:28:24.200 E/WifiStaIfaceAidlImpl( 700): getLinkLayerStats failed with service-specific exception: android.os.ServiceSpecificException: (code 4)
05-29 18:28:24.489 I/keystore2( 279): system/security/keystore2/src/watchdog.rs:319 - Watchdog thread idle -> terminating. Have a great day.
05-29 18:28:26.113 I/bluetooth( 1027): packages/modules/Bluetooth/system/gd/hci/le_scanning_reassembler.cc:56 ProcessAdvertisingReport: Ignoring scan response received without advertising event
05-29 18:28:26.251 I/bluetooth( 1027): packages/modules/Bluetooth/system/gd/hci/le_scanning_reassembler.cc:56 ProcessAdvertisingReport: Ignoring scan response received without advertising event
05-29 18:28:27.203 I/WifiHAL ( 501): call wifi_get_link_stats handler
05-29 18:28:27.203 I/WifiHAL ( 501): Creating message to get link statistics; iface = 16
05-29 18:28:27.204 D/WifiHAL ( 501): error code -95 mapped to -3
05-29 18:28:27.204 E/WifiStaIfaceAidlImpl( 700): getLinkLayerStats failed with service-specific exception: android.os.ServiceSpecificException: (code 4)
05-29 18:28:28.511 I/bluetooth( 1027): packages/modules/Bluetooth/system/gd/hci/le_scanning_reassembler.cc:56 ProcessAdvertisingReport: Ignoring scan response received without advertising event
05-29 18:28:28.539 I/bluetooth( 1027): packages/modules/Bluetooth/system/gd/hci/le_scanning_reassembler.cc:56 ProcessAdvertisingReport: Ignoring scan response received without advertising event
05-29 18:28:28.601 I/bluetooth( 1027): packages/modules/Bluetooth/system/gd/hci/le_scanning_reassembler.cc:56 ProcessAdvertisingReport: Ignoring scan response received without advertising event
05-29 18:28:28.675 I/bluetooth( 1027): packages/modules/Bluetooth/system/gd/hci/le_scanning_reassembler.cc:56 ProcessAdvertisingReport: Ignoring scan response received without advertising event
05-29 18:28:30.212 I/WifiHAL ( 501): call wifi_get_link_stats handler
05-29 18:28:30.212 I/WifiHAL ( 501): Creating message to get link statistics; iface = 16
05-29 18:28:30.213 D/WifiHAL ( 501): error code -95 mapped to -3
05-29 18:28:30.213 E/WifiStaIfaceAidlImpl( 700): getLinkLayerStats failed with service-specific exception: android.os.ServiceSpecificException: (code 4)
05-29 18:28:32.386 I/bluetooth( 1027): packages/modules/Bluetooth/system/gd/hci/le_scanning_reassembler.cc:56 ProcessAdvertisingReport: Ignoring scan response received without advertising event
05-29 18:28:32.550 I/bluetooth( 1027): packages/modules/Bluetooth/system/gd/hci/le_scanning_reassembler.cc:56 ProcessAdvertisingReport: Ignoring scan response received without advertising event
05-29 18:28:33.218 I/WifiHAL ( 501): call wifi_get_link_stats handler
05-29 18:28:33.218 I/WifiHAL ( 501): Creating message to get link statistics; iface = 16
05-29 18:28:33.218 D/WifiHAL ( 501): error code -95 mapped to -3
05-29 18:28:33.218 E/WifiStaIfaceAidlImpl( 700): getLinkLayerStats failed with service-specific exception: android.os.ServiceSpecificException: (code 4)
05-29 18:28:34.499 D/OomAdjuster( 700): Not killing cached processes
05-29 18:28:34.614 I/bluetooth( 1027): packages/modules/Bluetooth/system/gd/hci/le_scanning_reassembler.cc:56 ProcessAdvertisingReport: Ignoring scan response received without advertising event
05-29 18:28:34.642 I/bluetooth( 1027): packages/modules/Bluetooth/system/gd/hci/le_scanning_reassembler.cc:56 ProcessAdvertisingReport: Ignoring scan response received without advertising event
05-29 18:28:36.225 I/WifiHAL ( 501): call wifi_get_link_stats handler
05-29 18:28:36.225 I/WifiHAL ( 501): Creating message to get link statistics; iface = 16
05-29 18:28:36.225 D/WifiHAL ( 501): error code -95 mapped to -3
05-29 18:28:36.226 E/WifiStaIfaceAidlImpl( 700): getLinkLayerStats failed with service-specific exception: android.os.ServiceSpecificException: (code 4)
05-29 18:28:36.688 I/bluetooth( 1027): packages/modules/Bluetooth/system/gd/hci/le_scanning_reassembler.cc:56 ProcessAdvertisingReport: Ignoring scan response received without advertising event
05-29 18:28:39.233 I/WifiHAL ( 501): call wifi_get_link_stats handler
05-29 18:28:39.233 I/WifiHAL ( 501): Creating message to get link statistics; iface = 16
05-29 18:28:39.233 D/WifiHAL ( 501): error code -95 mapped to -3
05-29 18:28:39.233 E/WifiStaIfaceAidlImpl( 700): getLinkLayerStats failed with service-specific exception: android.os.ServiceSpecificException: (code 4)
05-29 18:28:40.945 I/audio_hw_hal_alsamgr( 475): alsa format =0x1 delay frames =768 total frames=5480960
05-29 18:28:41.126 I/bluetooth( 1027): packages/modules/Bluetooth/system/gd/hci/le_scanning_reassembler.cc:56 ProcessAdvertisingReport: Ignoring scan response received without advertising event
05-29 18:28:41.206 I/bluetooth( 1027): packages/modules/Bluetooth/system/gd/hci/le_scanning_reassembler.cc:56 ProcessAdvertisingReport: Ignoring scan response received without advertising event
05-29 18:28:42.237 I/WifiHAL ( 501): call wifi_get_link_stats handler
05-29 18:28:42.237 I/WifiHAL ( 501): Creating message to get link statistics; iface = 16
05-29 18:28:42.237 D/WifiHAL ( 501): error code -95 mapped to -3
05-29 18:28:42.238 E/WifiStaIfaceAidlImpl( 700): getLinkLayerStats failed with service-specific exception: android.os.ServiceSpecificException: (code 4)
05-29 18:28:44.337 D/TrafficStats( 2617): tagSocket(224) with statsTag=0xffffffff, statsUid=-1
05-29 18:28:45.241 I/WifiHAL ( 501): call wifi_get_link_stats handler
05-29 18:28:45.241 I/WifiHAL ( 501): Creating message to get link statistics; iface = 16
05-29 18:28:45.241 D/WifiHAL ( 501): error code -95 mapped to -3
05-29 18:28:45.242 E/WifiStaIfaceAidlImpl( 700): getLinkLayerStats failed with service-specific exception: android.os.ServiceSpecificException: (code 4)
05-29 18:28:45.871 I/bluetooth( 1027): packages/modules/Bluetooth/system/gd/hci/le_scanning_reassembler.cc:56 ProcessAdvertisingReport: Ignoring scan response received without advertising event
05-29 18:28:45.878 I/bluetooth( 1027): packages/modules/Bluetooth/system/gd/hci/le_scanning_reassembler.cc:56 ProcessAdvertisingReport: Ignoring scan response received without advertising event
05-29 18:28:48.197 I/bluetooth( 1027): packages/modules/Bluetooth/system/gd/hci/le_scanning_reassembler.cc:56 ProcessAdvertisingReport: Ignoring scan response received without advertising event
05-29 18:28:48.240 I/bluetooth( 1027): packages/modules/Bluetooth/system/gd/hci/le_scanning_reassembler.cc:56 ProcessAdvertisingReport: Ignoring scan response received without advertising event
05-29 18:28:48.249 I/WifiHAL ( 501): call wifi_get_link_stats handler
05-29 18:28:48.249 I/WifiHAL ( 501): Creating message to get link statistics; iface = 16
05-29 18:28:48.249 D/WifiHAL ( 501): error code -95 mapped to -3
05-29 18:28:48.249 E/WifiStaIfaceAidlImpl( 700): getLinkLayerStats failed with service-specific exception: android.os.ServiceSpecificException: (code 4)
05-29 18:28:49.978 I/WifiService( 700): startScan uid=1000
05-29 18:28:49.980 E/ccc ( 2814): cccccc i will start scan
05-29 18:28:49.988 D/InstantWifi( 700): Drop, size: 1
05-29 18:28:50.753 I/bluetooth( 1027): packages/modules/Bluetooth/system/gd/hci/le_scanning_reassembler.cc:56 ProcessAdvertisingReport: Ignoring scan response received without advertising event
05-29 18:28:51.255 I/WifiHAL ( 501): call wifi_get_link_stats handler
05-29 18:28:51.255 I/WifiHAL ( 501): Creating message to get link statistics; iface = 16
05-29 18:28:51.255 D/WifiHAL ( 501): error code -95 mapped to -3
05-29 18:28:51.256 E/WifiStaIfaceAidlImpl( 700): getLinkLayerStats failed with service-specific exception: android.os.ServiceSpecificException: (code 4)
05-29 18:28:52.667 D/WifiNl80211Manager( 700): Scan result ready event
05-29 18:28:52.668 D/WifiNative( 700): Scan result ready event
05-29 18:28:52.730 E/ccc ( 2814): cccccc SCAN_RESULTS_AVAILABLE_ACTION hhhh
05-29 18:28:52.730 E/hq ( 1431): NetWorkStateReceiver:::NetWorkStateReceiver onReceive: 网络变化广播 >>>> intent.action=android.net.wifi.SCAN_RESULTS
05-29 18:28:52.734 I/WifiHAL ( 501): call wifi_get_link_stats handler
05-29 18:28:52.734 I/WifiHAL ( 501): Creating message to get link statistics; iface = 16
05-29 18:28:52.734 D/WifiHAL ( 501): error code -95 mapped to -3
05-29 18:28:52.734 E/WifiStaIfaceAidlImpl( 700): getLinkLayerStats failed with service-specific exception: android.os.ServiceSpecificException: (code 4)
05-29 18:28:52.746 W/eventbuscore( 1431): post Event:com.dangbei.leard.base.entity.event.NetWifiRssiEvent
05-29 18:28:52.756 E/ccc ( 2814): cccccc result is not empty call back
05-29 18:28:52.756 E/ccc ( 2814): cccccc 666666666666666
05-29 18:28:52.774 E/ccc ( 2814): cccccc sort 2 47
05-29 18:28:53.198 I/bluetooth( 1027): packages/modules/Bluetooth/system/gd/hci/le_scanning_reassembler.cc:56 ProcessAdvertisingReport: Ignoring scan response received without advertising event
05-29 18:28:53.241 I/bluetooth( 1027): packages/modules/Bluetooth/system/gd/hci/le_scanning_reassembler.cc:56 ProcessAdvertisingReport: Ignoring scan response received without advertising event
05-29 18:28:54.261 I/WifiHAL ( 501): call wifi_get_link_stats handler
05-29 18:28:54.261 I/WifiHAL ( 501): Creating message to get link statistics; iface = 16
05-29 18:28:54.261 D/WifiHAL ( 501): error code -95 mapped to -3
05-29 18:28:54.261 E/WifiStaIfaceAidlImpl( 700): getLinkLayerStats failed with service-specific exception: android.os.ServiceSpecificException: (code 4)
05-29 18:28:55.548 I/bluetooth( 1027): packages/modules/Bluetooth/system/gd/hci/le_scanning_reassembler.cc:56 ProcessAdvertisingReport: Ignoring scan response received without advertising event
05-29 18:28:57.268 I/WifiHAL ( 501): call wifi_get_link_stats handler
05-29 18:28:57.269 I/WifiHAL ( 501): Creating message to get link statistics; iface = 16
05-29 18:28:57.269 D/WifiHAL ( 501): error code -95 mapped to -3
05-29 18:28:57.269 E/WifiStaIfaceAidlImpl( 700): getLinkLayerStats failed with service-specific exception: android.os.ServiceSpecificException: (code 4)
05-29 18:28:58.039 D/OomAdjuster( 700): Not killing cached processes
05-29 18:28:58.042 D/bbb ( 1534): onStartCommand begin !!!!!!! data分区剩余 54464MB
05-29 18:29:00.277 I/WifiHAL ( 501): call wifi_get_link_stats handler
05-29 18:29:00.277 I/WifiHAL ( 501): Creating message to get link statistics; iface = 16
05-29 18:29:00.277 D/WifiHAL ( 501): error code -95 mapped to -3
05-29 18:29:00.277 E/WifiStaIfaceAidlImpl( 700): getLinkLayerStats failed with service-specific exception: android.os.ServiceSpecificException: (code 4)
05-29 18:29:00.569 I/bluetooth( 1027): packages/modules/Bluetooth/system/gd/hci/le_scanning_reassembler.cc:56 ProcessAdvertisingReport: Ignoring scan response received without advertising event
05-29 18:29:00.613 I/bluetooth( 1027): packages/modules/Bluetooth/system/gd/hci/le_scanning_reassembler.cc:56 ProcessAdvertisingReport: Ignoring scan response received without advertising event
05-29 18:29:02.978 I/bt_btif_dm( 1027): packages/modules/Bluetooth/system/btif/src/btif_dm.cc:695 btif_update_remote_properties: class of device (cod) is 0x00050c
05-29 18:29:03.189 I/bt_btif_dm( 1027): packages/modules/Bluetooth/system/btif/src/btif_dm.cc:695 btif_update_remote_properties: class of device (cod) is 0x00050c
05-29 18:29:03.282 I/WifiHAL ( 501): call wifi_get_link_stats handler
05-29 18:29:03.282 I/WifiHAL ( 501): Creating message to get link statistics; iface = 16
05-29 18:29:03.283 D/WifiHAL ( 501): error code -95 mapped to -3
05-29 18:29:03.283 E/WifiStaIfaceAidlImpl( 700): getLinkLayerStats failed with service-specific exception: android.os.ServiceSpecificException: (code 4)
05-29 18:29:03.355 I/bluetooth( 1027): packages/modules/Bluetooth/system/gd/hci/le_scanning_reassembler.cc:56 ProcessAdvertisingReport: Ignoring scan response received without advertising event
05-29 18:29:05.857 I/bluetooth( 1027): packages/modules/Bluetooth/system/gd/hci/le_scanning_reassembler.cc:56 ProcessAdvertisingReport: Ignoring scan response received without advertising event
05-29 18:29:06.290 I/WifiHAL ( 501): call wifi_get_link_stats handler
05-29 18:29:06.290 I/WifiHAL ( 501): Creating message to get link statistics; iface = 16
05-29 18:29:06.290 D/WifiHAL ( 501): error code -95 mapped to -3
05-29 18:29:06.291 E/WifiStaIfaceAidlImpl( 700): getLinkLayerStats failed with service-specific exception: android.os.ServiceSpecificException: (code 4)
05-29 18:29:08.344 I/bluetooth( 1027): packages/modules/Bluetooth/system/gd/hci/le_scanning_reassembler.cc:56 ProcessAdvertisingReport: Ignoring scan response received without advertising event
05-29 18:29:08.478 I/bluetooth( 1027): packages/modules/Bluetooth/system/gd/hci/le_scanning_reassembler.cc:56 ProcessAdvertisingReport: Ignoring scan response received without advertising event
05-29 18:29:09.297 I/WifiHAL ( 501): call wifi_get_link_stats handler
05-29 18:29:09.297 I/WifiHAL ( 501): Creating message to get link statistics; iface = 16
05-29 18:29:09.297 D/WifiHAL ( 501): error code -95 mapped to -3
05-29 18:29:09.298 E/WifiStaIfaceAidlImpl( 700): getLinkLayerStats failed with service-specific exception: android.os.ServiceSpecificException: (code 4)
05-29 18:29:09.731 W/System ( 700): A resource failed to call release.
05-29 18:29:09.815 D/TrafficStats( 2617): tagSocket(134) with statsTag=0xffffffff, statsUid=-1
05-29 18:29:10.035 I/efs.base( 2617): wa upload succ, HttpResponse {succ=true, code=200, data='暂不支持该服务', extra={req_url=https://errlog.umeng.com/api/crashsdk/logcollect}}
05-29 18:29:10.604 W/resolv ( 463): SSL_connect write error 0, mark 0xf0064: Try again
05-29 18:29:10.605 W/resolv ( 463): TLS Handshake failed
05-29 18:29:10.605 W/resolv ( 463): query failed
05-29 18:29:10.605 W/resolv ( 463): validateDnsTlsServer returned 0 for 202.96.134.133
05-29 18:29:10.606 W/resolv ( 463): Validation failed
05-29 18:29:10.665 W/resolv ( 463): SSL_connect write error 0, mark 0xf0064: Try again
05-29 18:29:10.665 W/resolv ( 463): TLS Handshake failed
05-29 18:29:10.665 W/resolv ( 463): query failed
05-29 18:29:10.665 W/resolv ( 463): validateDnsTlsServer returned 0 for 202.96.128.166
05-29 18:29:10.665 W/resolv ( 463): Validation failed
05-29 18:29:10.764 I/bluetooth( 1027): packages/modules/Bluetooth/system/gd/hci/le_scanning_reassembler.cc:56 ProcessAdvertisingReport: Ignoring scan response received without advertising event
05-29 18:29:12.305 I/WifiHAL ( 501): call wifi_get_link_stats handler
05-29 18:29:12.305 I/WifiHAL ( 501): Creating message to get link statistics; iface = 16
05-29 18:29:12.305 D/WifiHAL ( 501): error code -95 mapped to -3
05-29 18:29:12.305 E/WifiStaIfaceAidlImpl( 700): getLinkLayerStats failed with service-specific exception: android.os.ServiceSpecificException: (code 4)
05-29 18:29:12.944 I/audio_hw_hal_alsamgr( 475): alsa format =0x1 delay frames =768 total frames=7016960
05-29 18:29:13.222 I/bluetooth( 1027): packages/modules/Bluetooth/system/gd/hci/le_scanning_reassembler.cc:56 ProcessAdvertisingReport: Ignoring scan response received without advertising event
05-29 18:29:15.310 I/WifiHAL ( 501): call wifi_get_link_stats handler
05-29 18:29:15.311 I/WifiHAL ( 501): Creating message to get link statistics; iface = 16
05-29 18:29:15.311 D/WifiHAL ( 501): error code -95 mapped to -3
05-29 18:29:15.311 E/WifiStaIfaceAidlImpl( 700): getLinkLayerStats failed with service-specific exception: android.os.ServiceSpecificException: (code 4)
05-29 18:29:15.426 I/bluetooth( 1027): packages/modules/Bluetooth/system/gd/hci/le_scanning_reassembler.cc:56 ProcessAdvertisingReport: Ignoring scan response received without advertising event
05-29 18:29:15.514 I/bluetooth( 1027): packages/modules/Bluetooth/system/gd/hci/le_scanning_reassembler.cc:56 ProcessAdvertisingReport: Ignoring scan response received without advertising event
05-29 18:29:18.318 I/WifiHAL ( 501): call wifi_get_link_stats handler
05-29 18:29:18.318 I/WifiHAL ( 501): Creating message to get link statistics; iface = 16
05-29 18:29:18.318 D/WifiHAL ( 501): error code -95 mapped to -3
05-29 18:29:18.319 E/WifiStaIfaceAidlImpl( 700): getLinkLayerStats failed with service-specific exception: android.os.ServiceSpecificException: (code 4)
05-29 18:29:18.565 D/TrafficStats( 2617): tagSocket(134) with statsTag=0xffffffff, statsUid=-1
05-29 18:29:19.974 I/bluetooth( 1027): packages/modules/Bluetooth/system/gd/hci/le_scanning_reassembler.cc:56 ProcessAdvertisingReport: Ignoring scan response received without advertising event
05-29 18:29:20.071 D/TrafficStats( 2617): tagSocket(134) with statsTag=0xffffffff, statsUid=-1
05-29 18:29:20.591 I/efs.base( 2617): wa upload succ, HttpResponse {succ=true, code=200, data='暂不支持该服务', extra={req_url=https://errlog.umeng.com/api/crashsdk/logcollect}}
05-29 18:29:21.326 I/WifiHAL ( 501): call wifi_get_link_stats handler
05-29 18:29:21.326 I/WifiHAL ( 501): Creating message to get link statistics; iface = 16
05-29 18:29:21.326 D/WifiHAL ( 501): error code -95 mapped to -3
05-29 18:29:21.327 E/WifiStaIfaceAidlImpl( 700): getLinkLayerStats failed with service-specific exception: android.os.ServiceSpecificException: (code 4)
05-29 18:29:22.267 I/bluetooth( 1027): packages/modules/Bluetooth/system/gd/hci/le_scanning_reassembler.cc:56 ProcessAdvertisingReport: Ignoring scan response received without advertising event
05-29 18:29:22.789 I/WifiService( 700): startScan uid=1000
05-29 18:29:22.791 E/ccc ( 2814): cccccc i will start scan
05-29 18:29:22.799 D/InstantWifi( 700): Drop, size: 1
05-29 18:29:24.332 I/WifiHAL ( 501): call wifi_get_link_stats handler
05-29 18:29:24.333 I/WifiHAL ( 501): Creating message to get link statistics; iface = 16
05-29 18:29:24.333 D/WifiHAL ( 501): error code -95 mapped to -3
05-29 18:29:24.333 E/WifiStaIfaceAidlImpl( 700): getLinkLayerStats failed with service-specific exception: android.os.ServiceSpecificException: (code 4)
05-29 18:29:25.484 D/WifiNl80211Manager( 700): Scan result ready event
05-29 18:29:25.484 D/WifiNative( 700): Scan result ready event
05-29 18:29:25.549 E/ccc ( 2814): cccccc SCAN_RESULTS_AVAILABLE_ACTION hhhh
05-29 18:29:25.549 E/hq ( 1431): NetWorkStateReceiver:::NetWorkStateReceiver onReceive: 网络变化广播 >>>> intent.action=android.net.wifi.SCAN_RESULTS
05-29 18:29:25.561 I/WifiHAL ( 501): call wifi_get_link_stats handler
05-29 18:29:25.562 I/WifiHAL ( 501): Creating message to get link statistics; iface = 16
05-29 18:29:25.562 D/WifiHAL ( 501): error code -95 mapped to -3
05-29 18:29:25.562 E/WifiStaIfaceAidlImpl( 700): getLinkLayerStats failed with service-specific exception: android.os.ServiceSpecificException: (code 4)
05-29 18:29:25.577 W/eventbuscore( 1431): post Event:com.dangbei.leard.base.entity.event.NetWifiRssiEvent
05-29 18:29:25.585 E/ccc ( 2814): cccccc result is not empty call back
05-29 18:29:25.586 E/ccc ( 2814): cccccc 666666666666666
05-29 18:29:25.604 E/ccc ( 2814): cccccc sort 2 59
05-29 18:29:27.115 I/bluetooth( 1027): packages/modules/Bluetooth/system/gd/hci/le_scanning_reassembler.cc:56 ProcessAdvertisingReport: Ignoring scan response received without advertising event
05-29 18:29:27.337 I/WifiHAL ( 501): call wifi_get_link_stats handler
05-29 18:29:27.337 I/WifiHAL ( 501): Creating message to get link statistics; iface = 16
05-29 18:29:27.337 D/WifiHAL ( 501): error code -95 mapped to -3
05-29 18:29:27.338 E/WifiStaIfaceAidlImpl( 700): getLinkLayerStats failed with service-specific exception: android.os.ServiceSpecificException: (code 4)
05-29 18:29:29.888 I/bluetooth( 1027): packages/modules/Bluetooth/system/gd/hci/le_scanning_reassembler.cc:56 ProcessAdvertisingReport: Ignoring scan response received without advertising event
05-29 18:29:30.345 I/WifiHAL ( 501): call wifi_get_link_stats handler
05-29 18:29:30.345 I/WifiHAL ( 501): Creating message to get link statistics; iface = 16
05-29 18:29:30.345 D/WifiHAL ( 501): error code -95 mapped to -3
05-29 18:29:30.346 E/WifiStaIfaceAidlImpl( 700): getLinkLayerStats failed with service-specific exception: android.os.ServiceSpecificException: (code 4)
05-29 18:29:32.128 I/bluetooth( 1027): packages/modules/Bluetooth/system/gd/hci/le_scanning_reassembler.cc:56 ProcessAdvertisingReport: Ignoring scan response received without advertising event
05-29 18:29:33.353 I/WifiHAL ( 501): call wifi_get_link_stats handler
05-29 18:29:33.353 I/WifiHAL ( 501): Creating message to get link statistics; iface = 16
05-29 18:29:33.353 D/WifiHAL ( 501): error code -95 mapped to -3
05-29 18:29:33.354 E/WifiStaIfaceAidlImpl( 700): getLinkLayerStats failed with service-specific exception: android.os.ServiceSpecificException: (code 4)
05-29 18:29:36.357 I/WifiHAL ( 501): call wifi_get_link_stats handler
05-29 18:29:36.357 I/WifiHAL ( 501): Creating message to get link statistics; iface = 16
05-29 18:29:36.357 D/WifiHAL ( 501): error code -95 mapped to -3
