05-29 18:26:52.158 W/ActivityTaskManager( 700): startActivity called from non-Activity context; forcing Intent.FLAG_ACTIVITY_NEW_TASK for: Intent { flg=0x840000 cmp=com.android.systemui/.sensorprivacy.television.TvSensorPrivacyChangedActivity (has extras) }
05-29 18:26:52.160 I/ActivityTaskManager( 700): START u0 {flg=0x840000 cmp=com.android.systemui/.sensorprivacy.television.TvSensorPrivacyChangedActivity (has extras)} with LAUNCH_SINGLE_TOP from uid 1000 (BAL_ALLOW_ALLOWLISTED_UID) result code=3
05-29 18:26:52.161 W/SystemServiceManager( 700): Service com.android.server.sensorprivacy.SensorPrivacyService took 93 ms in onStartUser-0
05-29 18:26:52.161 D/SystemServerTimingAsync( 700): ssm.onStartUser-0_com.android.server.sensors.SensorService
05-29 18:26:52.161 D/SystemServerTimingAsync( 700): ssm.onStartUser-0_com.android.server.SystemConfigService
05-29 18:26:52.161 D/SystemServerTimingAsync( 700): ssm.onStartUser-0_com.android.server.BatteryService
05-29 18:26:52.161 D/SystemServerTimingAsync( 700): ssm.onStartUser-0_com.android.server.usage.UsageStatsService
05-29 18:26:52.161 D/SystemServerTimingAsync( 700): ssm.onStartUser-0_com.android.server.webkit.WebViewUpdateService
05-29 18:26:52.161 D/SystemServerTimingAsync( 700): ssm.onStartUser-0_com.android.server.CachedDeviceStateService
05-29 18:26:52.161 D/SystemServerTimingAsync( 700): ssm.onStartUser-0_com.android.server.BinderCallsStatsService$LifeCycle
05-29 18:26:52.161 D/SystemServerTimingAsync( 700): ssm.onStartUser-0_com.android.server.LooperStatsService$Lifecycle
05-29 18:26:52.161 D/SystemServerTimingAsync( 700): ssm.onStartUser-0_com.android.server.rollback.RollbackManagerService
05-29 18:26:52.161 D/SystemServerTimingAsync( 700): ssm.onStartUser-0_com.android.server.os.NativeTombstoneManagerService
05-29 18:26:52.161 D/SystemServerTimingAsync( 700): ssm.onStartUser-0_com.android.server.os.BugreportManagerService
05-29 18:26:52.161 D/SystemServerTimingAsync( 700): ssm.onStartUser-0_com.android.server.gpu.GpuService
05-29 18:26:52.161 D/SystemServerTimingAsync( 700): ssm.onStartUser-0_com.android.server.security.rkp.RemoteProvisioningService
05-29 18:26:52.161 D/SystemServerTimingAsync( 700): ssm.onStartUser-0_com.android.server.security.KeyChainSystemService
05-29 18:26:52.161 D/SystemServerTimingAsync( 700): ssm.onStartUser-0_com.android.server.BinaryTransparencyService
05-29 18:26:52.161 D/SystemServerTimingAsync( 700): ssm.onStartUser-0_com.android.server.accounts.AccountManagerService$Lifecycle
05-29 18:26:52.161 D/SystemServerTimingAsync( 700): ssm.onStartUser-0_com.android.server.content.ContentService$Lifecycle
05-29 18:26:52.161 D/SystemServerTimingAsync( 700): ssm.onStartUser-0_com.android.server.deviceconfig.DeviceConfigInit$Lifecycle
05-29 18:26:52.161 D/SystemServerTimingAsync( 700): ssm.onStartUser-0_com.android.server.DropBoxManagerService
05-29 18:26:52.161 D/SystemServerTimingAsync( 700): ssm.onStartUser-0_com.android.role.RoleService
05-29 18:26:52.162 V/WindowManagerShell( 918): DisplayInsetsController init took 6ms
05-29 18:26:52.162 V/WindowManagerShell( 918): DisplayImeController init took 0ms
05-29 18:26:52.163 V/WindowManagerShell( 918): Adding dump callback for ShellController
05-29 18:26:52.163 V/WindowManagerShell( 918): ShellController init took 0ms
05-29 18:26:52.163 V/WindowManagerShell( 918): Adding external interface from DragAndDropController with key extra_shell_drag_and_drop
05-29 18:26:52.163 V/WindowManagerShell( 918): Adding dump callback for DragAndDropController
05-29 18:26:52.163 V/WindowManagerShell( 918): DragAndDropController init took 0ms
05-29 18:26:52.163 V/WindowManagerShell( 918): Adding command class compatui for CompatUIShellCommandHandler
05-29 18:26:52.163 V/WindowManagerShell( 918): CompatUIController init took 0ms
05-29 18:26:52.163 V/WindowManagerShell( 918): Adding dump callback for ShellTaskOrganizer
05-29 18:26:52.168 V/WindowManagerShell( 918): ShellTaskOrganizer init took 5ms
05-29 18:26:52.176 D/SystemServerTimingAsync( 700): ssm.onStartUser-0_com.android.server.vibrator.VibratorManagerService$Lifecycle
05-29 18:26:52.176 D/SystemServerTimingAsync( 700): ssm.onStartUser-0_com.android.server.tare.InternalResourceService
05-29 18:26:52.176 D/SystemServerTimingAsync( 700): ssm.onStartUser-0_com.android.server.alarm.AlarmManagerService
05-29 18:26:52.176 D/SystemServerTimingAsync( 700): ssm.onStartUser-0_com.android.server.devicestate.DeviceStateManagerService
05-29 18:26:52.176 D/SystemServerTimingAsync( 700): ssm.onStartUser-0_com.android.server.camera.CameraServiceProxy
05-29 18:26:52.177 D/SystemServerTimingAsync( 700): ssm.onStartUser-0_com.android.server.bluetooth.BluetoothService
05-29 18:26:52.183 D/CompatibilityChangeReporter( 700): Compat change id reported: 135634846; UID 1002; state: DISABLED
05-29 18:26:52.196 V/WindowManagerShell( 918): DefaultTransitionHandler init took 28ms
05-29 18:26:52.197 I/ActivityManager( 700): Start proc 1027:com.android.bluetooth/1002 for service {com.android.bluetooth/com.android.bluetooth.btservice.AdapterService}
05-29 18:26:52.197 V/WindowManagerShell( 918): Adding external interface from Transitions with key extra_shell_shell_transitions
05-29 18:26:52.204 D/SystemServerTimingAsync( 700): ssm.onStartUser-0_com.android.server.connectivity.IpConnectivityMetrics
05-29 18:26:52.204 D/SystemServerTimingAsync( 700): ssm.onStartUser-0_com.android.server.net.watchlist.NetworkWatchlistService$Lifecycle
05-29 18:26:52.205 D/SystemServerTimingAsync( 700): ssm.onStartUser-0_com.android.server.PinnerService
05-29 18:26:52.205 D/SystemServerTimingAsync( 700): ssm.onStartUser-0_com.android.server.integrity.AppIntegrityManagerService
05-29 18:26:52.205 D/SystemServerTimingAsync( 700): ssm.onStartUser-0_com.android.server.logcat.LogcatManagerService
05-29 18:26:52.205 D/SystemServerTimingAsync( 700): ssm.onStartUser-0_com.android.server.inputmethod.InputMethodManagerService$Lifecycle
05-29 18:26:52.205 D/SystemServerTimingAsync( 700): ssm.onStartUser-0_com.android.server.accessibility.AccessibilityManagerService$Lifecycle
05-29 18:26:52.205 D/SystemServerTimingAsync( 700): ssm.onStartUser-0_com.android.server.StorageManagerService$Lifecycle
05-29 18:26:52.206 V/WindowManagerShell( 918): Adding command class transitions for Transitions
05-29 18:26:52.206 V/WindowManagerShell( 918): Transitions init took 10ms
05-29 18:26:52.206 V/WindowManagerShell( 918): FullscreenTaskListener init took 0ms
05-29 18:26:52.206 V/WindowManagerShell( 918): addHandler: ActivityEmbeddingController
05-29 18:26:52.206 V/WindowManagerShell( 918): ActivityEmbeddingController init took 0ms
05-29 18:26:52.206 V/WindowManagerShell( 918): Adding external interface from StartingWindowController with key extra_shell_starting_window
05-29 18:26:52.206 V/WindowManagerShell( 918): StartingWindowController init took 0ms
05-29 18:26:52.206 V/WindowManagerShell( 918): Adding command class protolog for ProtoLogController
05-29 18:26:52.206 V/WindowManagerShell( 918): ProtoLogController init took 0ms
05-29 18:26:52.207 V/WindowManagerShell( 918): addHandler: TvPipTransition
05-29 18:26:52.207 V/WindowManagerShell( 918): TvPipTransition init took 0ms
05-29 18:26:52.207 V/StorageManagerService( 700): Package com.dangbei.lerad.leradwatcher has legacy storage
05-29 18:26:52.207 V/StorageManagerService( 700): Package com.android.cts.priv.ctsshim does not have legacy storage
05-29 18:26:52.207 V/StorageManagerService( 700): Package com.android.uwb.resources does not have legacy storage
05-29 18:26:52.207 V/StorageManagerService( 700): Package com.android.adservices.api does not have legacy storage
05-29 18:26:52.207 V/StorageManagerService( 700): Package com.android.dynsystem does not have legacy storage
05-29 18:26:52.207 V/StorageManagerService( 700): Package com.dangbei.lerad.rocky does not have legacy storage
05-29 18:26:52.207 V/StorageManagerService( 700): Package com.android.healthconnect.controller does not have legacy storage
05-29 18:26:52.207 V/StorageManagerService( 700): Package com.android.providers.calendar does not have legacy storage
05-29 18:26:52.208 V/StorageManagerService( 700): Package com.android.tv.settings does not have legacy storage
05-29 18:26:52.208 V/StorageManagerService( 700): Package com.android.providers.media does not have legacy storage
05-29 18:26:52.208 V/StorageManagerService( 700): Package com.android.health.connect.backuprestore does not have legacy storage
05-29 18:26:52.208 V/StorageManagerService( 700): Package com.android.virtualmachine.res does not have legacy storage
05-29 18:26:52.208 V/StorageManagerService( 700): Package com.dangbei.zhushou.os does not have legacy storage
05-29 18:26:52.208 V/StorageManagerService( 700): Package com.sohu.inputmethod.sogou.tv has legacy storage
05-29 18:26:52.208 V/StorageManagerService( 700): Package com.droidlogic.tvprovider.overlay does not have legacy storage
05-29 18:26:52.208 V/StorageManagerService( 700): Package com.android.externalstorage does not have legacy storage
05-29 18:26:52.208 V/StorageManagerService( 700): Package com.android.htmlviewer does not have legacy storage
05-29 18:26:52.208 V/StorageManagerService( 700): Package com.android.companiondevicemanager does not have legacy storage
05-29 18:26:52.208 V/StorageManagerService( 700): Package com.android.providers.downloads does not have legacy storage
05-29 18:26:52.208 V/StorageManagerService( 700): Package com.android.providers.tv does not have legacy storage
05-29 18:26:52.209 V/StorageManagerService( 700): Package com.droidlogic.mediacenter does not have legacy storage
05-29 18:26:52.209 V/StorageManagerService( 700): Package com.android.federatedcompute.services does not have legacy storage
05-29 18:26:52.209 V/StorageManagerService( 700): Package com.droidlogic does not have legacy storage
05-29 18:26:52.209 V/StorageManagerService( 700): Package com.droidlogic.tv.settings does not have legacy storage
05-29 18:26:52.209 V/StorageManagerService( 700): Package com.oranth.ledstatus does not have legacy storage
05-29 18:26:52.209 V/StorageManagerService( 700): Package com.android.tv.overlay.lps.disabled does not have legacy storage
05-29 18:26:52.209 V/StorageManagerService( 700): Package com.dangbei.lerad.videoposter has legacy storage
05-29 18:26:52.209 V/StorageManagerService( 700): Package com.android.tv.overlay.settingsprovider does not have legacy storage
05-29 18:26:52.209 V/StorageManagerService( 700): Package com.android.safetycenter.resources does not have legacy storage
05-29 18:26:52.209 V/StorageManagerService( 700): Package com.android.pacprocessor does not have legacy storage
05-29 18:26:52.209 V/StorageManagerService( 700): Package com.android.networkstack does not have legacy storage
05-29 18:26:52.209 V/StorageManagerService( 700): Package com.android.connectivity.resources does not have legacy storage
05-29 18:26:52.209 V/StorageManagerService( 700): Package com.android.modulemetadata does not have legacy storage
05-29 18:26:52.209 V/StorageManagerService( 700): Package com.android.certinstaller does not have legacy storage
05-29 18:26:52.209 V/StorageManagerService( 700): Package com.android.wifi.dialog does not have legacy storage
05-29 18:26:52.209 V/StorageManagerService( 700): Package android does not have legacy storage
05-29 18:26:52.209 V/StorageManagerService( 700): Package com.android.camera2 does not have legacy storage
05-29 18:26:52.209 V/StorageManagerService( 700): Package com.android.mtp does not have legacy storage
05-29 18:26:52.210 V/StorageManagerService( 700): Package com.android.backupconfirm does not have legacy storage
05-29 18:26:52.211 V/WindowManagerShell( 918): TvPipController init took 4ms
05-29 18:26:52.211 V/WindowManagerShell( 918): addHandler: KeyguardTransitionHandler
05-29 18:26:52.211 V/WindowManagerShell( 918): KeyguardTransitionHandler init took 0ms
05-29 18:26:52.211 V/StorageManagerService( 700): Package com.android.systemui.auto_generated_rro_vendor__ does not have legacy storage
05-29 18:26:52.211 V/StorageManagerService( 700): Package com.android.tv.overlay.networkstack does not have legacy storage
05-29 18:26:52.211 V/StorageManagerService( 700): Package com.android.statementservice does not have legacy storage
05-29 18:26:52.211 V/StorageManagerService( 700): Package com.dangbei.screencast has legacy storage
05-29 18:26:52.211 V/StorageManagerService( 700): Package com.android.settings.intelligence does not have legacy storage
05-29 18:26:52.211 V/StorageManagerService( 700): Package com.dangbei.leard.leradlauncher does not have legacy storage
05-29 18:26:52.211 V/StorageManagerService( 700): Package com.android.providers.settings does not have legacy storage
05-29 18:26:52.212 V/StorageManagerService( 700): Package com.android.sharedstoragebackup does not have legacy storage
05-29 18:26:52.212 V/StorageManagerService( 700): Package com.android.printspooler does not have legacy storage
05-29 18:26:52.212 V/StorageManagerService( 700): Package com.android.dreams.basic does not have legacy storage
05-29 18:26:52.212 V/StorageManagerService( 700): Package com.android.webview does not have legacy storage
05-29 18:26:52.212 V/StorageManagerService( 700): Package com.android.se does not have legacy storage
05-29 18:26:52.212 V/StorageManagerService( 700): Package com.android.inputdevices does not have legacy storage
05-29 18:26:52.212 V/StorageManagerService( 700): Package com.android.rkpdapp does not have legacy storage
05-29 18:26:52.212 V/StorageManagerService( 700): Package com.android.tv.overlay.wifi.resources does not have legacy storage
05-29 18:26:52.212 V/StorageManagerService( 700): Package com.oranth.inputmacsn does not have legacy storage
05-29 18:26:52.212 V/StorageManagerService( 700): Package com.android.musicfx does not have legacy storage
05-29 18:26:52.212 V/StorageManagerService( 700): Package com.dangbei.hqguide does not have legacy storage
05-29 18:26:52.212 V/StorageManagerService( 700): Package com.dangbei.hqmedia does not have legacy storage
05-29 18:26:52.212 V/StorageManagerService( 700): Package com.droidlogic.systemui.overlay does not have legacy storage
05-29 18:26:52.212 V/StorageManagerService( 700): Package android.ext.shared does not have legacy storage
05-29 18:26:52.212 V/StorageManagerService( 700): Package com.android.keychain does not have legacy storage
05-29 18:26:52.212 V/StorageManagerService( 700): Package com.dlg.framework.overlay does not have legacy storage
05-29 18:26:52.212 V/StorageManagerService( 700): Package android.ext.services does not have legacy storage
05-29 18:26:52.212 V/StorageManagerService( 700): Package com.android.wifi.resources does not have legacy storage
05-29 18:26:52.212 V/StorageManagerService( 700): Package com.android.cameraextensions does not have legacy storage
05-29 18:26:52.212 V/StorageManagerService( 700): Package com.android.localtransport does not have legacy storage
05-29 18:26:52.212 V/StorageManagerService( 700): Package com.android.networkstack.tethering.droidlogic does not have legacy storage
05-29 18:26:52.212 V/StorageManagerService( 700): Package com.droidlogic.mictoggle does not have legacy storage
05-29 18:26:52.212 V/StorageManagerService( 700): Package com.android.packageinstaller does not have legacy storage
05-29 18:26:52.212 V/StorageManagerService( 700): Package com.cskj.factorytest does not have legacy storage
05-29 18:26:52.212 V/StorageManagerService( 700): Package com.android.proxyhandler does not have legacy storage
05-29 18:26:52.213 V/StorageManagerService( 700): Package com.android.intentresolver does not have legacy storage
05-29 18:26:52.213 V/StorageManagerService( 700): Package com.android.nearby.halfsheet does not have legacy storage
05-29 18:26:52.213 V/StorageManagerService( 700): Package com.android.managedprovisioning does not have legacy storage
05-29 18:26:52.213 V/StorageManagerService( 700): Package com.oranth.usbopenft does not have legacy storage
05-29 18:26:52.213 V/StorageManagerService( 700): Package com.android.networkstack.tethering does not have legacy storage
05-29 18:26:52.213 V/StorageManagerService( 700): Package com.android.soundpicker does not have legacy storage
05-29 18:26:52.213 V/StorageManagerService( 700): Package com.dangbei.lerad.etna.haqu does not have legacy storage
05-29 18:26:52.213 V/StorageManagerService( 700): Package com.droidlogic.miracast does not have legacy storage
05-29 18:26:52.213 V/StorageManagerService( 700): Package com.amlogic.tv.overlay.matchcontent does not have legacy storage
05-29 18:26:52.214 V/StorageManagerService( 700): Package com.droidlogic.wifitetheringoverlay does not have legacy storage
05-29 18:26:52.214 V/StorageManagerService( 700): Package com.tv.filemanager.os has legacy storage
05-29 18:26:52.214 D/ShellBackPreview( 918): Back animation enabled=false
05-29 18:26:52.214 V/StorageManagerService( 700): Package com.oranth.powerwindow does not have legacy storage
05-29 18:26:52.214 V/StorageManagerService( 700): Package com.android.cts.ctsshim does not have legacy storage
05-29 18:26:52.214 V/StorageManagerService( 700): Package com.dangbei.lerad.screensaver does not have legacy storage
05-29 18:26:52.214 V/StorageManagerService( 700): Package com.droidlogic.wifion does not have legacy storage
05-29 18:26:52.214 V/StorageManagerService( 700): Package com.android.vpndialogs does not have legacy storage
05-29 18:26:52.214 V/StorageManagerService( 700): Package com.android.music does not have legacy storage
05-29 18:26:52.214 V/StorageManagerService( 700): Package com.android.shell does not have legacy storage
05-29 18:26:52.214 V/StorageManagerService( 700): Package com.android.sdksandbox does not have legacy storage
05-29 18:26:52.214 V/StorageManagerService( 700): Package com.android.wallpaperbackup does not have legacy storage
05-29 18:26:52.214 V/StorageManagerService( 700): Package com.android.providers.userdictionary does not have legacy storage
05-29 18:26:52.214 V/StorageManagerService( 700): Package com.android.providers.media.module does not have legacy storage
05-29 18:26:52.214 V/StorageManagerService( 700): Package com.oranth.storage does not have legacy storage
05-29 18:26:52.214 V/StorageManagerService( 700): Package com.android.hotspot2.osulogin does not have legacy storage
05-29 18:26:52.214 V/WindowManagerShell( 918): Adding external interface from BackAnimationController with key extra_shell_back_animation
05-29 18:26:52.214 V/StorageManagerService( 700): Package com.android.location.fused does not have legacy storage
05-29 18:26:52.214 V/StorageManagerService( 700): Package com.android.deskclock does not have legacy storage
05-29 18:26:52.214 V/StorageManagerService( 700): Package com.android.systemui does not have legacy storage
05-29 18:26:52.215 V/StorageManagerService( 700): Package com.dangbei.haqusetting does not have legacy storage
05-29 18:26:52.215 V/StorageManagerService( 700): Package com.android.tv.overlay.framework does not have legacy storage
05-29 18:26:52.215 V/StorageManagerService( 700): Package com.android.permissioncontroller does not have legacy storage
05-29 18:26:52.215 V/StorageManagerService( 700): Package com.droidlogic.appinstall does not have legacy storage
05-29 18:26:52.215 V/StorageManagerService( 700): Package com.android.ondevicepersonalization.services does not have legacy storage
05-29 18:26:52.215 V/StorageManagerService( 700): Package com.android.bluetooth does not have legacy storage
05-29 18:26:52.215 V/StorageManagerService( 700): Package com.android.providers.contacts does not have legacy storage
05-29 18:26:52.215 V/StorageManagerService( 700): Package com.android.captiveportallogin does not have legacy storage
05-29 18:26:52.215 V/StorageManagerService( 700): Package com.droidlogic.overlay does not have legacy storage
05-29 18:26:52.215 V/StorageManagerService( 700): Package com.android.devicelockcontroller does not have legacy storage
05-29 18:26:52.215 V/StorageManagerService( 700): Package com.android.ext.adservices.api does not have legacy storage
05-29 18:26:52.215 V/StorageManagerService( 700): Package android.auto_generated_rro_vendor__ does not have legacy storage
05-29 18:26:52.217 D/SystemServerTimingAsync( 700): ssm.onStartUser-0_com.android.server.usage.StorageStatsService$Lifecycle
05-29 18:26:52.217 D/SystemServerTimingAsync( 700): ssm.onStartUser-0_com.android.server.UiModeManagerService
05-29 18:26:52.217 D/SystemServerTimingAsync( 700): ssm.onStartUser-0_com.android.server.locales.LocaleManagerService
05-29 18:26:52.217 D/SystemServerTimingAsync( 700): ssm.onStartUser-0_com.android.server.grammaticalinflection.GrammaticalInflectionService
05-29 18:26:52.217 D/SystemServerTimingAsync( 700): ssm.onStartUser-0_com.android.server.apphibernation.AppHibernationService
05-29 18:26:52.217 D/SystemServerTimingAsync( 700): ssm.onStartUser-0_com.android.server.locksettings.LockSettingsService$Lifecycle
05-29 18:26:52.217 D/SystemServerTimingAsync( 700): ssm.onStartUser-0_com.android.server.PersistentDataBlockService
05-29 18:26:52.217 D/SystemServerTimingAsync( 700): ssm.onStartUser-0_com.android.server.testharness.TestHarnessModeService
05-29 18:26:52.217 D/SystemServerTimingAsync( 700): ssm.onStartUser-0_com.android.server.oemlock.OemLockService
05-29 18:26:52.217 D/SystemServerTimingAsync( 700): ssm.onStartUser-0_com.android.server.DeviceIdleController
05-29 18:26:52.217 D/SystemServerTimingAsync( 700): ssm.onStartUser-0_com.android.server.devicepolicy.DevicePolicyManagerService$Lifecycle
05-29 18:26:52.224 V/WindowManagerShell( 918): BackAnimationController init took 13ms
05-29 18:26:52.225 V/ShellDragAndDrop( 918): Display added: 0
05-29 18:26:52.227 D/SystemServerTimingAsync( 700): ssm.onStartUser-0_com.android.server.texttospeech.TextToSpeechManagerService
05-29 18:26:52.227 D/SystemServerTimingAsync( 700): ssm.onStartUser-0_com.android.server.ambientcontext.AmbientContextManagerService
05-29 18:26:52.227 D/SystemServerTimingAsync( 700): ssm.onStartUser-0_com.android.server.wearable.WearableSensingManagerService
05-29 18:26:52.227 D/SystemServerTimingAsync( 700): ssm.onStartUser-0_com.android.server.speech.SpeechRecognitionManagerService
05-29 18:26:52.227 D/SystemServerTimingAsync( 700): ssm.onStartUser-0_com.android.server.searchui.SearchUiManagerService
05-29 18:26:52.227 D/SystemServerTimingAsync( 700): ssm.onStartUser-0_com.android.server.smartspace.SmartspaceManagerService
05-29 18:26:52.227 D/SystemServerTimingAsync( 700): ssm.onStartUser-0_com.android.server.graphics.fonts.FontManagerService$Lifecycle
05-29 18:26:52.227 D/SystemServerTimingAsync( 700): ssm.onStartUser-0_com.android.server.textservices.TextServicesManagerService$Lifecycle
05-29 18:26:52.227 D/SystemServerTimingAsync( 700): ssm.onStartUser-0_com.android.server.textclassifier.TextClassificationManagerService$Lifecycle
05-29 18:26:52.229 D/SystemServerTimingAsync( 700): ssm.onStartUser-0_com.android.server.NetworkScoreService$Lifecycle
05-29 18:26:52.229 D/SystemServerTimingAsync( 700): ssm.onStartUser-0_com.android.server.NetworkStatsServiceInitializer
05-29 18:26:52.229 D/SystemServerTimingAsync( 700): ssm.onStartUser-0_com.android.server.wifi.WifiService
05-29 18:26:52.229 D/SystemServerTimingAsync( 700): ssm.onStartUser-0_com.android.server.wifi.scanner.WifiScanningService
05-29 18:26:52.229 D/SystemServerTimingAsync( 700): ssm.onStartUser-0_com.android.server.wifi.p2p.WifiP2pService
05-29 18:26:52.229 D/SystemServerTimingAsync( 700): ssm.onStartUser-0_com.android.server.ConnectivityServiceInitializer
05-29 18:26:52.229 D/SystemServerTimingAsync( 700): ssm.onStartUser-0_com.android.server.notification.NotificationManagerService
05-29 18:26:52.229 D/SystemServerTimingAsync( 700): ssm.onStartUser-0_com.android.server.storage.DeviceStorageMonitorService
05-29 18:26:52.229 D/SystemServerTimingAsync( 700): ssm.onStartUser-0_com.android.server.timedetector.TimeDetectorService$Lifecycle
05-29 18:26:52.229 D/SystemServerTimingAsync( 700): ssm.onStartUser-0_com.android.server.location.LocationManagerService$Lifecycle
05-29 18:26:52.230 D/SystemServerTimingAsync( 700): ssm.onStartUser-0_com.android.server.timezonedetector.TimeZoneDetectorService$Lifecycle
05-29 18:26:52.230 D/SystemServerTimingAsync( 700): ssm.onStartUser-0_com.android.server.location.altitude.AltitudeService$Lifecycle
05-29 18:26:52.230 D/SystemServerTimingAsync( 700): ssm.onStartUser-0_com.android.server.timezonedetector.location.LocationTimeZoneManagerService$Lifecycle
05-29 18:26:52.231 D/SystemServerTimingAsync( 700): ssm.onStartUser-0_com.android.server.search.SearchManagerService$Lifecycle
05-29 18:26:52.231 D/SystemServerTimingAsync( 700): ssm.onStartUser-0_com.android.server.wallpaper.WallpaperManagerService$Lifecycle
05-29 18:26:52.231 D/SystemServerTimingAsync( 700): ssm.onStartUser-0_com.android.server.wallpapereffectsgeneration.WallpaperEffectsGenerationManagerService
05-29 18:26:52.231 D/SystemServerTimingAsync( 700): ssm.onStartUser-0_com.android.server.audio.AudioService$Lifecycle
05-29 18:26:52.231 D/SystemServerTimingAsync( 700): ssm.onStartUser-0_com.android.server.soundtrigger_middleware.SoundTriggerMiddlewareService$Lifecycle
05-29 18:26:52.231 D/SystemServerTimingAsync( 700): ssm.onStartUser-0_com.android.server.adb.AdbService$Lifecycle
05-29 18:26:52.231 D/SystemServerTimingAsync( 700): ssm.onStartUser-0_com.android.server.usb.UsbService$Lifecycle
05-29 18:26:52.231 D/SystemServerTimingAsync( 700): ssm.onStartUser-0_com.android.server.twilight.TwilightService
05-29 18:26:52.231 D/SystemServerTimingAsync( 700): ssm.onStartUser-0_com.android.server.display.color.ColorDisplayService
05-29 18:26:52.231 D/SystemServerTimingAsync( 700): ssm.onStartUser-0_com.android.server.job.JobSchedulerService
05-29 18:26:52.231 D/SystemServerTimingAsync( 700): ssm.onStartUser-0_com.android.server.soundtrigger.SoundTriggerService
05-29 18:26:52.231 D/SystemServerTimingAsync( 700): ssm.onStartUser-0_com.android.server.trust.TrustManagerService
05-29 18:26:52.231 D/SystemServerTimingAsync( 700): ssm.onStartUser-0_com.android.server.backup.BackupManagerService$Lifecycle
05-29 18:26:52.231 D/SystemServerTimingAsync( 700): ssm.onStartUser-0_com.android.server.appwidget.AppWidgetService
05-29 18:26:52.231 D/SystemServerTimingAsync( 700): ssm.onStartUser-0_com.android.server.voiceinteraction.VoiceInteractionManagerService
05-29 18:26:52.232 W/VoiceInteractionManager( 700): no available voice recognition services found for user 0
05-29 18:26:52.232 D/SystemServerTimingAsync( 700): ssm.onStartUser-0_com.android.server.GestureLauncherService
05-29 18:26:52.232 D/SystemServerTimingAsync( 700): ssm.onStartUser-0_com.android.server.SensorNotificationService
05-29 18:26:52.232 D/SystemServerTimingAsync( 700): ssm.onStartUser-0_com.android.server.emergency.EmergencyAffordanceService
05-29 18:26:52.232 D/SystemServerTimingAsync( 700): ssm.onStartUser-0_com.android.server.blob.BlobStoreManagerService
05-29 18:26:52.232 D/SystemServerTimingAsync( 700): ssm.onStartUser-0_com.android.server.dreams.DreamManagerService
05-29 18:26:52.232 D/SystemServerTimingAsync( 700): ssm.onStartUser-0_com.android.server.security.AttestationVerificationManagerService
05-29 18:26:52.232 D/SystemServerTimingAsync( 700): ssm.onStartUser-0_com.android.server.restrictions.RestrictionsManagerService
05-29 18:26:52.232 D/SystemServerTimingAsync( 700): ssm.onStartUser-0_com.android.server.media.MediaSessionService
05-29 18:26:52.232 D/SystemServerTimingAsync( 700): ssm.onStartUser-0_com.android.server.hdmi.HdmiControlService
05-29 18:26:52.233 D/SystemServerTimingAsync( 700): ssm.onStartUser-0_com.android.server.tv.interactive.TvInteractiveAppManagerService
05-29 18:26:52.233 D/SystemServerTimingAsync( 700): ssm.onStartUser-0_com.android.server.tv.TvInputManagerService
05-29 18:26:52.233 D/SystemServerTimingAsync( 700): ssm.onStartUser-0_com.android.server.media.MediaResourceMonitorService
05-29 18:26:52.233 D/SystemServerTimingAsync( 700): ssm.onStartUser-0_com.android.server.tv.TvRemoteService
05-29 18:26:52.233 D/SystemServerTimingAsync( 700): ssm.onStartUser-0_com.android.server.biometrics.BiometricService
05-29 18:26:52.233 D/SystemServerTimingAsync( 700): ssm.onStartUser-0_com.android.server.biometrics.AuthService
05-29 18:26:52.233 D/SystemServerTimingAsync( 700): ssm.onStartUser-0_com.android.server.pm.ShortcutService$Lifecycle
05-29 18:26:52.233 D/SystemServerTimingAsync( 700): ssm.onStartUser-0_com.android.server.pm.LauncherAppsService
05-29 18:26:52.233 D/SystemServerTimingAsync( 700): ssm.onStartUser-0_com.android.server.pm.CrossProfileAppsService
05-29 18:26:52.233 D/SystemServerTimingAsync( 700): ssm.onStartUser-0_com.android.server.people.PeopleService
05-29 18:26:52.233 D/SystemServerTimingAsync( 700): ssm.onStartUser-0_com.android.server.media.metrics.MediaMetricsManagerService
05-29 18:26:52.233 D/SystemServerTimingAsync( 700): ssm.onStartUser-0_com.android.server.pm.BackgroundInstallControlService
05-29 18:26:52.233 D/SystemServerTimingAsync( 700): ssm.onStartUser-0_com.android.server.media.projection.MediaProjectionManagerService
05-29 18:26:52.233 D/SystemServerTimingAsync( 700): ssm.onStartUser-0_com.android.server.slice.SliceManagerService$Lifecycle
05-29 18:26:52.233 D/SystemServerTimingAsync( 700): ssm.onStartUser-0_com.android.server.stats.StatsCompanion$Lifecycle
05-29 18:26:52.233 D/SystemServerTimingAsync( 700): ssm.onStartUser-0_com.android.server.scheduling.RebootReadinessManagerService$Lifecycle
05-29 18:26:52.233 D/SystemServerTimingAsync( 700): ssm.onStartUser-0_com.android.server.stats.pull.StatsPullAtomService
05-29 18:26:52.233 D/SystemServerTimingAsync( 700): ssm.onStartUser-0_com.android.server.stats.bootstrap.StatsBootstrapAtomService$Lifecycle
05-29 18:26:52.233 D/SystemServerTimingAsync( 700): ssm.onStartUser-0_com.android.server.incident.IncidentCompanionService
05-29 18:26:52.233 D/SystemServerTimingAsync( 700): ssm.onStartUser-0_com.android.server.sdksandbox.SdkSandboxManagerService$Lifecycle
05-29 18:26:52.233 D/SystemServerTimingAsync( 700): ssm.onStartUser-0_com.android.server.adservices.AdServicesManagerService$Lifecycle
05-29 18:26:52.233 D/SystemServerTimingAsync( 700): ssm.onStartUser-0_com.android.server.ondevicepersonalization.OnDevicePersonalizationSystemService$Lifecycle
05-29 18:26:52.233 D/SystemServerTimingAsync( 700): ssm.onStartUser-0_com.android.server.autofill.AutofillManagerService
05-29 18:26:52.233 D/SystemServerTimingAsync( 700): ssm.onStartUser-0_com.android.server.clipboard.ClipboardService
05-29 18:26:52.233 D/SystemServerTimingAsync( 700): ssm.onStartUser-0_com.android.server.appbinding.AppBindingService$Lifecycle
05-29 18:26:52.234 W/AppBindingService( 700): [Default SMS app] u0 Target package not found
05-29 18:26:52.234 D/SystemServerTimingAsync( 700): ssm.onStartUser-0_com.android.server.tracing.TracingServiceProxy
05-29 18:26:52.234 D/SystemServerTimingAsync( 700): ssm.onStartUser-0_com.android.server.policy.PermissionPolicyService
05-29 18:26:52.234 D/SystemServerTimingAsync( 700): ssm.onStartUser-0_com.android.server.pm.StagingManager$Lifecycle
05-29 18:26:52.234 D/SystemServerTimingAsync( 700): ssm.onStartUser-0_com.android.server.app.GameManagerService$Lifecycle
05-29 18:26:52.234 D/GameManagerService( 700): Starting user 0
05-29 18:26:52.243 D/SystemServerTimingAsync( 700): ssm.onStartUser-0_com.android.safetycenter.SafetyCenterService
05-29 18:26:52.243 D/SystemServerTimingAsync( 700): ssm.onStartUser-0_com.android.server.appsearch.AppSearchModule$Lifecycle
05-29 18:26:52.243 D/SystemServerTimingAsync( 700): ssm.onStartUser-0_com.android.server.media.MediaCommunicationService
05-29 18:26:52.243 D/SystemServerTimingAsync( 700): ssm.onStartUser-0_com.android.server.compat.overrides.AppCompatOverridesService$Lifecycle
05-29 18:26:52.243 D/SystemServerTimingAsync( 700): ssm.onStartUser-0_com.android.server.healthconnect.HealthConnectManagerService
05-29 18:26:52.243 D/SystemServerTimingAsync( 700): ssm.onStartUser-0_com.android.server.devicelock.DeviceLockService
05-29 18:26:52.243 D/SystemServerTiming( 700): startPersistentApps
05-29 18:26:52.247 I/ActivityManager( 700): com.droidlogic is exempt from freezer
05-29 18:26:52.249 D/CompatibilityChangeReporter( 700): Compat change id reported: 135634846; UID 1000; state: DISABLED
05-29 18:26:52.250 D/CompatibilityChangeReporter( 700): Compat change id reported: 135634846; UID 1068; state: DISABLED
05-29 18:26:52.251 D/SystemServerTiming( 700): startHomeOnAllDisplays
05-29 18:26:52.252 D/WindowManager( 700): ThemeHomeDelay: Home launch was deferred.
05-29 18:26:52.252 D/SystemServerTiming( 700): showSystemReadyErrorDialogs
05-29 18:26:52.442 E/Build ( 700): Vendor interface is incompatible, error=1
05-29 18:26:52.442 E/ActivityTaskManager( 700): Build fingerprint is not consistent, warning user
05-29 18:26:52.442 D/SystemServerTiming( 700): sendUserStartBroadcast
05-29 18:26:52.443 D/SystemServerTiming( 700): resumeTopActivities
05-29 18:26:52.446 E/TransitionController( 700): Set visible without transition ActivityRecord{8ccd87b u0 com.android.systemui/.sensorprivacy.television.TvSensorPrivacyChangedActivity t2} playing=false caller=com.android.server.wm.ActivityRecord.makeVisibleIfNeeded:6046
05-29 18:26:52.478 D/SystemServerTiming( 700): sendUserSwitchBroadcasts
05-29 18:26:52.531 D/SystemServerTiming( 700): setBinderProxies
05-29 18:26:52.531 D/SystemServerTiming( 700): componentAlias
05-29 18:26:52.534 D/CompatibilityChangeReporter( 700): Compat change id reported: 171306433; UID 1000; state: ENABLED
05-29 18:26:52.547 W/WindowManager( 700): [addWindow] title:ShellDropTarget
05-29 18:26:52.547 D/ComponentAliasResolver( 700): Compat listener set.
05-29 18:26:52.547 D/SystemServerTiming( 700): LockSettingsThirdPartyAppsStarted
05-29 18:26:52.547 D/SystemServerTiming( 700): StartSystemUI
05-29 18:26:52.558 I/android.hardware.wifi-service.droidlogic( 501): check loading wifi driver is ok...
05-29 18:26:52.558 W/android.hardware.wifi-service.droidlogic( 501): driver loaded
05-29 18:26:52.560 I/android.hardware.wifi-service.droidlogic( 501): After driver loaded, wifi_name:aml_w2_s
05-29 18:26:52.566 I/android.hardware.wifi-service.droidlogic( 501): Even /data/vendor/wifi/wpa/wpa_supplicant.conf exists, still overwrite it.
05-29 18:26:52.566 I/android.hardware.wifi-service.droidlogic( 501): Migrated conf file from /vendor/etc/wifi/unbcm_supplicant.conf to /data/vendor/wifi/wpa/wpa_supplicant.conf: Operation not permitted
05-29 18:26:52.567 I/android.hardware.wifi-service.droidlogic( 501): Even /data/vendor/wifi/wpa/p2p_supplicant.conf exists, still overwrite it.
05-29 18:26:52.567 I/android.hardware.wifi-service.droidlogic( 501): Migrated conf file from /vendor/etc/wifi/p2p_supplicant.conf to /data/vendor/wifi/wpa/p2p_supplicant.conf: Read-only file system
05-29 18:26:52.567 I/android.hardware.wifi-service.droidlogic( 501): no bcm and uwe wifi ,need use p2p0 with p2p interface
05-29 18:26:52.578 I/android.hardware.wifi-service.droidlogic( 501): Wifi HAL started
05-29 18:26:52.628 W/android.hardware.wifi-service.droidlogic( 501): No active wlan interfaces in use! Using default
05-29 18:26:52.628 E/android.hardware.wifi-service.droidlogic( 501): Unknown iface name: wlan0
05-29 18:26:52.628 E/android.hardware.wifi-service.droidlogic( 501): Unknown iface name: wlan0
05-29 18:26:52.651 D/WindowManagerShell( 918): TvPipController: onImeVisibilityChanged(), visible=false, height=0
05-29 18:26:52.654 W/ActivityManager( 700): Unable to start service Intent { flg=0x100 cmp=com.droidlogic/.StubKeyguardService } U=0: not found
05-29 18:26:52.654 D/SystemServerTiming( 700): startApexServices
05-29 18:26:52.654 D/SystemServerTiming( 700): starting com.android.server.scheduling.RebootReadinessManagerService$Lifecycle
05-29 18:26:52.655 I/SystemServiceManager( 700): Starting com.android.server.scheduling.RebootReadinessManagerService$Lifecycle
05-29 18:26:52.655 I/SystemServiceManager( 700): Not starting an already started service com.android.server.scheduling.RebootReadinessManagerService$Lifecycle
05-29 18:26:52.655 D/SystemServerTiming( 700): UpdateWatchdogTimeout
05-29 18:26:52.655 I/Watchdog( 700): Watchdog timeout updated to 60000 millis
05-29 18:26:52.662 D/CoreBackPreview( 700): Window{1cb296e u0 ShellDropTarget}: Setting back callback OnBackInvokedCallbackInfo{mCallback=android.window.IOnBackInvokedCallback$Stub$Proxy@1e162ff, mPriority=0, mIsAnimationCallback=false}
05-29 18:26:52.666 W/ActivityManager( 700): Slow operation: 419ms so far, now at startProcess: done updating battery stats
05-29 18:26:52.666 W/ActivityManager( 700): Slow operation: 419ms so far, now at startProcess: building log message
05-29 18:26:52.666 I/ActivityManager( 700): Start proc 1049:com.droidlogic/1000 for added application com.droidlogic
05-29 18:26:52.666 W/ActivityManager( 700): Slow operation: 419ms so far, now at startProcess: starting to update pids map
05-29 18:26:52.675 W/ActivityManager( 700): Slow operation: 428ms so far, now at startProcess: done updating pids map
05-29 18:26:52.679 D/CompatibilityChangeReporter( 700): Compat change id reported: 168419799; UID 1000; state: DISABLED
05-29 18:26:52.680 D/CompatibilityChangeReporter( 700): Compat change id reported: 273564678; UID 1000; state: DISABLED
05-29 18:26:52.690 W/Looper ( 700): Slow delivery took 5375ms main h=android.app.PropertyInvalidatedCache$AutoCorker$1 c=null m=0
05-29 18:26:52.753 I/DisplayDeviceRepository( 700): Display device changed: DisplayDeviceInfo{"内置屏幕": uniqueId="local:4616277992360486155", 3840 x 2160, modeId 3, renderFrameRate 59.94006, defaultModeId 3, supportedModes [{id=1, width=1920, height=1080, fps=119.88013, alternativeRefreshRates=[], supportedHdrTypes=[2, 3]}, {id=2, width=1920, height=1080, fps=120.00001, alternativeRefreshRates=[], supportedHdrTypes=[2, 3]}, {id=3, width=3840, height=2160, fps=59.94006, alternativeRefreshRates=[], supportedHdrTypes=[2, 3]}, {id=4, width=3840, height=2160, fps=60.000004, alternativeRefreshRates=[], supportedHdrTypes=[2, 3]}, {id=5, width=3840, height=2160, fps=50.0, alternativeRefreshRates=[], supportedHdrTypes=[2, 3]}, {id=6, width=3840, height=2160, fps=29.97003, alternativeRefreshRates=[], supportedHdrTypes=[2, 3]}, {id=7, width=3840, height=2160, fps=30.000002, alternativeRefreshRates=[], supportedHdrTypes=[2, 3]}, {id=8, width=3840, height=2160, fps=25.0, alternativeRefreshRates=[], supportedHdrTypes=[2, 3]}, {id=9, width=3840, height=2160, fps=23.976025, alternativeRefreshRates=[], supportedHdrTypes=[2, 3]}, {id=10, width=3840, height=2160, fps=24.000002, alternativeRefreshRates=[], supportedHdrTypes=[2, 3]}, {id=11, width=1920, height=1080, fps=100.0, alternativeRefreshRates=[], supportedHdrTypes=[2, 3]}, {id=12, width=1920, height=1080, fps=59.94006, alternativeRefreshRates=[], supportedHdrTypes=[2, 3]}, {id=13, width=1920, height=1080, fps=60.000004, alternativeRefreshRates=[], supportedHdrTypes=[2, 3]}, {id=14, width=1920, height=1080, fps=50.0, alternativeRefreshRates=[], supportedHdrTypes=[2, 3]}, {id=15, width=1920, height=1080, fps=29.97003, alternativeRefreshRates=[], supportedHdrTypes=[2, 3]}, {id=16, width=1920, height=1080, fps=30.000002, alternativeRefreshRates=[], supportedHdrTypes=[2, 3]}, {id=17, width=1920, height=1080, fps=25.0, alternativeRefreshRates=[], supportedHdrTypes=[2, 3]}, {id=18, width=1920, height=1080, fps=23.976025, alternativeRefreshRates=[], supportedHdrTypes=[2, 3]}, {id=19, width=1920, height=1080, fps=24.000002, alternativeRefreshRates=[], supportedHdrTypes=[2, 3]}, {id=20, width=1280, height=720, fps=59.94006, alternativeRefreshRates=[], supportedHdrTypes=[2, 3]}, {id=21, width=1280, height=720, fps=60.000004, alternativeRefreshRates=[], supportedHdrTypes=[2, 3]}, {id=22, width=1280, height=720, fps=50.0, alternativeRefreshRates=[], supportedHdrTypes=[2, 3]}], colorMode 0, supportedColorModes [0], hdrCapabilities HdrCapabilities{mSupportedHdrTypes=[2, 3], mMaxLuminance=500.0, mMaxAverageLuminance=500.0, mMinLuminance=0.0}, allmSupported true, gameContentTypeSupported false, density 480, 84.813 x 84.406 dpi, appVsyncOff 2000000, presDeadline 13683333, touch INTERNAL, rotation 0, type INTERNAL, address {port=11, model=0x401050603f19a5}, deviceProductInfo DeviceProductInfo{name=Dangbei , manufacturerPnpId=DBP, productId=48, modelYear=null, manufactureDate=ManufactureDate{week=10, year=2014}, connectionToSinkType=2}, state ON, committedState ON, frameRateOverride , brightnessMinimum 0.0, brightnessMaximum 1.0, brightnessDefault 0.39763778, hdrSdrRatio NaN, FLAG_ALLOWED_TO_BE_DEFAULT_DISPLAY, FLAG_ROTATES_WITH_CONTENT, FLAG_SECURE, FLAG_SUPPORTS_PROTECTED_BUFFERS, FLAG_TRUSTED, installOrientation 0, displayShape DisplayShape{ spec=-545313861 displayWidth=3840 displayHeight=2160 physicalPixelDisplaySizeRatio=1.0 rotation=0 offsetX=0 offsetY=0 scale=1.0}}
05-29 18:26:52.757 W/ActivityManager( 700): Slow operation: 502ms so far, now at startProcess: asking zygote to start proc
05-29 18:26:52.770 D/CompatibilityChangeReporter( 700): Compat change id reported: 168419799; UID 1002; state: DISABLED
05-29 18:26:52.773 D/CompatibilityChangeReporter( 700): Compat change id reported: 218533173; UID 10040; state: DISABLED
05-29 18:26:52.775 D/CompatibilityChangeReporter( 700): Compat change id reported: 262645982; UID 10040; state: DISABLED
05-29 18:26:52.778 W/android.hardware.wifi-service.droidlogic( 501): No active wlan interfaces in use! Using default
05-29 18:26:52.778 E/android.hardware.wifi-service.droidlogic( 501): Unknown iface name: wlan0
05-29 18:26:52.778 E/android.hardware.wifi-service.droidlogic( 501): Unknown iface name: wlan0
05-29 18:26:52.779 D/CompatibilityChangeReporter( 700): Compat change id reported: 218533173; UID 10064; state: DISABLED
05-29 18:26:52.784 D/CompatibilityChangeReporter( 700): Compat change id reported: 273564678; UID 1002; state: DISABLED
05-29 18:26:52.797 D/CompatibilityChangeReporter( 700): Compat change id reported: 262645982; UID 10064; state: DISABLED
05-29 18:26:52.805 W/ActivityManager( 700): Slow operation: 556ms so far, now at startProcess: returned from zygote!
05-29 18:26:52.806 W/ActivityManager( 700): Slow operation: 556ms so far, now at startProcess: done updating battery stats
05-29 18:26:52.806 W/ActivityManager( 700): Slow operation: 556ms so far, now at startProcess: building log message
05-29 18:26:52.806 I/ActivityManager( 700): Start proc 1072:com.android.se/1068 for added application com.android.se
05-29 18:26:52.806 W/ActivityManager( 700): Slow operation: 556ms so far, now at startProcess: starting to update pids map
05-29 18:26:52.878 W/ActivityManager( 700): Slow operation: 628ms so far, now at startProcess: done updating pids map
05-29 18:26:52.883 D/CompatibilityChangeReporter( 700): Compat change id reported: 168419799; UID 1068; state: DISABLED
05-29 18:26:52.893 D/CompatibilityChangeReporter( 700): Compat change id reported: 273564678; UID 1068; state: DISABLED
05-29 18:26:52.901 D/CompatibilityChangeReporter( 700): Compat change id reported: 161145287; UID 1073; state: ENABLED
05-29 18:26:52.914 W/Looper ( 700): Slow dispatch took 191ms main h=android.os.Handler c=com.android.server.BatteryService$$ExternalSyntheticLambda0@3c091b6 m=0
05-29 18:26:52.926 I/android.hardware.wifi-service.droidlogic( 501): Adding interface handle for p2p0
05-29 18:26:52.926 I/android.hardware.wifi-service.droidlogic( 501): Adding interface handle for ap0
05-29 18:26:52.926 I/android.hardware.wifi-service.droidlogic( 501): Adding interface handle for wlan0
05-29 18:26:52.926 W/android.hardware.wifi-service.droidlogic( 501): No active wlan interfaces in use! Using default
05-29 18:26:52.926 E/android.hardware.wifi-service.droidlogic( 501): Failed to register radio mode change callback
05-29 18:26:52.926 W/android.hardware.wifi-service.droidlogic( 501): No active wlan interfaces in use! Using default
05-29 18:26:52.927 E/android.hardware.wifi-service.droidlogic( 501): Failed to get SupportedIfaceCombinations matrix from legacy HAL: NOT_SUPPORTED
05-29 18:26:52.927 I/android.hardware.wifi-service.droidlogic( 501): Configured chip in mode 3
05-29 18:26:52.927 W/android.hardware.wifi-service.droidlogic( 501): No active wlan interfaces in use! Using default
05-29 18:26:52.950 D/ConditionProviders.SCP( 700): onConnected
05-29 18:26:52.951 D/ConditionProviders.SCP( 700): onSubscribe condition://android/schedule?days=1.2.3.4.5.6.7&start=22.0&end=7.0&exitAtAlarm=true
05-29 18:26:52.951 D/ConditionProviders.SCP( 700): setRegistered true
05-29 18:26:53.010 D/CompatibilityChangeReporter( 700): Compat change id reported: 218533173; UID 10053; state: ENABLED
05-29 18:26:53.027 W/android.hardware.wifi-service.droidlogic( 501): No active wlan interfaces in use! Using default
05-29 18:26:53.031 I/android.hardware.wifi-service.droidlogic( 501): Adding interface handle for p2p0
05-29 18:26:53.031 I/android.hardware.wifi-service.droidlogic( 501): Adding interface handle for ap0
05-29 18:26:53.031 I/android.hardware.wifi-service.droidlogic( 501): Adding interface handle for wlan0
05-29 18:26:53.031 E/android.hardware.wifi-service.droidlogic( 501): Failed to set DFS flag; DFS channels may be unavailable.
05-29 18:26:53.033 D/CompatibilityChangeReporter( 700): Compat change id reported: 262645982; UID 10053; state: ENABLED
05-29 18:26:53.062 D/ConditionProviders.SCP( 700): evaluateSubscriptionLocked cal=ScheduleCalendar[mDays={1, 2, 3, 4, 5, 6, 7}, mSchedule=ScheduleInfo{days=[1, 2, 3, 4, 5, 6, 7], startHour=22, startMinute=0, endHour=7, endMinute=0, exitAtAlarm=true, nextAlarm=Thu Jan 01 08:00:00 GMT+08:00 1970 (0)}], now=Thu May 29 18:26:52 GMT+08:00 2025 (1748514412951), nextUserAlarmTime=Thu Jan 01 08:00:00 GMT+08:00 1970 (0)
05-29 18:26:53.074 D/CompatibilityChangeReporter( 700): Compat change id reported: 218533173; UID 10056; state: ENABLED
05-29 18:26:53.102 D/CompatibilityChangeReporter( 700): Compat change id reported: 157233955; UID 10052; state: ENABLED
05-29 18:26:53.105 E/android.hardware.wifi-service.droidlogic( 501): Failed to get chip capabilities from legacy HAL: NOT_SUPPORTED
05-29 18:26:53.106 D/ConditionProviders.SCP( 700): notifyCondition condition://android/schedule?days=1.2.3.4.5.6.7&start=22.0&end=7.0&exitAtAlarm=true STATE_FALSE reason=!meetsSchedule
05-29 18:26:53.108 I/wificond( 621): createClientInterface: wiphy_index 0 iface_name wlan0
05-29 18:26:53.109 I/wificond( 621): create scanner for interface with index: 16
05-29 18:26:53.109 I/wificond( 621): subscribe scan result for interface with index: 16
05-29 18:26:53.111 I/wificond( 621): add channel type 0 support at wiphy index: 0
05-29 18:26:53.111 I/wificond( 621): add channel type 1 support at wiphy index: 0
05-29 18:26:53.122 D/CompatibilityChangeReporter( 700): Compat change id reported: 262645982; UID 10056; state: ENABLED
05-29 18:26:53.138 D/ConditionProviders.SCP( 700): Scheduling evaluate for Thu May 29 22:00:00 GMT+08:00 2025 (1748527200000), in +3h33m7s49ms, now=Thu May 29 18:26:52 GMT+08:00 2025 (1748514412951)
05-29 18:26:53.150 D/CompatibilityChangeReporter( 700): Compat change id reported: 218533173; UID 1000; state: ENABLED
05-29 18:26:53.151 W/Looper ( 700): Slow dispatch took 200ms main h=android.service.notification.ConditionProviderService$H c=null m=3
05-29 18:26:53.169 D/CompatibilityChangeReporter( 700): Compat change id reported: 218533173; UID 10054; state: ENABLED
05-29 18:26:53.206 D/CompatibilityChangeReporter( 700): Compat change id reported: 262645982; UID 10054; state: ENABLED
05-29 18:26:53.207 D/CompatibilityChangeReporter( 700): Compat change id reported: 218533173; UID 10016; state: ENABLED
05-29 18:26:53.207 D/CompatibilityChangeReporter( 700): Compat change id reported: 262645982; UID 10016; state: ENABLED
05-29 18:26:53.208 D/CompatibilityChangeReporter( 700): Compat change id reported: 218533173; UID 10018; state: ENABLED
05-29 18:26:53.208 D/CompatibilityChangeReporter( 700): Compat change id reported: 262645982; UID 10018; state: ENABLED
05-29 18:26:53.209 D/CompatibilityChangeReporter( 700): Compat change id reported: 218533173; UID 10055; state: ENABLED
05-29 18:26:53.237 E/android.hardware.wifi-service.droidlogic( 501): Failed to get SupportedRadioCombinations matrix from legacy HAL: NOT_SUPPORTED
05-29 18:26:53.281 D/CompatibilityChangeReporter( 700): Compat change id reported: 135634846; UID 10062; state: DISABLED
05-29 18:26:53.293 D/CompatibilityChangeReporter( 700): Compat change id reported: 143937733; UID 10062; state: ENABLED
05-29 18:26:53.298 W/Looper ( 700): Slow dispatch took 145ms main h=android.os.Handler c= m=1
05-29 18:26:53.305 D/CompatibilityChangeReporter( 700): Compat change id reported: 262645982; UID 10055; state: ENABLED
05-29 18:26:53.318 W/ActivityManager( 700): Slow operation: 71ms so far, now at startProcess: returned from zygote!
05-29 18:26:53.318 W/ActivityManager( 700): Slow operation: 71ms so far, now at startProcess: done updating battery stats
05-29 18:26:53.318 W/ActivityManager( 700): Slow operation: 72ms so far, now at startProcess: building log message
05-29 18:26:53.318 I/ActivityManager( 700): Start proc 1091:android.ext.services/u0a62 for service {android.ext.services/android.ext.services.autofill.InlineSuggestionRenderServiceImpl}
05-29 18:26:53.318 W/ActivityManager( 700): Slow operation: 72ms so far, now at startProcess: starting to update pids map
05-29 18:26:53.319 W/ActivityManager( 700): Slow operation: 72ms so far, now at startProcess: done updating pids map
05-29 18:26:53.341 I/MR2ServiceImpl( 700): registerManager | uid: 10052, pid: 918, package: com.android.systemui, user: 0
05-29 18:26:53.355 D/HDMI ( 700): receive android.intent.action.CONFIGURATION_CHANGED
05-29 18:26:53.380 W/ActivityThread( 700): Failed to find provider info for com.android.calendar (user not unlocked)
