05-29 18:27:12.056 D/BluetoothAdapter( 1386): isLeEnabled(): ON
05-29 18:27:12.057 E/dangbei111( 1386): cccccc scan 得到的设备和状态 Dangbei E4:BB:D3:57:C0:7D 12
05-29 18:27:12.060 E/dangbei111( 1386): cccccc 取消pair Dangbei E4:BB:D3:57:C0:7D 12
05-29 18:27:12.060 I/BluetoothDevice( 1386): removeBond() for device XX:XX:XX:XX:C0:7D called by pid: 1386 tid: 1386
05-29 18:27:12.063 E/dangbei111( 1386): cccccc 搜索到bond 什么都不处理 Dangbei E4:BB:D3:57:C0:7D
05-29 18:27:12.090 I/bt_btif_dm( 1027): packages/modules/Bluetooth/system/btif/src/btif_dm.cc:695 btif_update_remote_properties: class of device (cod) is 0x00050c
05-29 18:27:12.097 E/dangbei111( 1386): cccccc 检查遥控器是否连接: Dangbei E4:BB:D3:57:C0:7D
05-29 18:27:12.101 E/dangbei111( 1386): cccccc 检查遥控器是否连接: 蓝牙的结果 Dangbei E4:BB:D3:57:C0:7D false
05-29 18:27:12.101 E/dangbei111( 1386): cccccc input中没有遥控器 存在 先什么都不操作 返回false
05-29 18:27:12.103 E/dangbei111( 1386): cccccc 开始扫描
05-29 18:27:12.103 D/BluetoothAdapter( 1386): isLeEnabled(): ON
05-29 18:27:12.105 E/dangbei111( 1386): cccccc scan 得到的设备和状态 Dangbei E4:BB:D3:57:C0:7D 12
05-29 18:27:12.109 E/dangbei111( 1386): cccccc 取消pair Dangbei E4:BB:D3:57:C0:7D 12
05-29 18:27:12.110 I/BluetoothDevice( 1386): removeBond() for device XX:XX:XX:XX:C0:7D called by pid: 1386 tid: 1386
05-29 18:27:12.113 E/dangbei111( 1386): cccccc 搜索到bond 什么都不处理 Dangbei E4:BB:D3:57:C0:7D
05-29 18:27:12.127 I/bt_btif_dm( 1027): packages/modules/Bluetooth/system/btif/src/btif_dm.cc:695 btif_update_remote_properties: class of device (cod) is 0x00050c
05-29 18:27:12.134 E/dangbei111( 1386): cccccc 检查遥控器是否连接: Dangbei E4:BB:D3:57:C0:7D
05-29 18:27:12.137 E/dangbei111( 1386): cccccc 检查遥控器是否连接: 蓝牙的结果 Dangbei E4:BB:D3:57:C0:7D false
05-29 18:27:12.137 E/dangbei111( 1386): cccccc input中没有遥控器 存在 先什么都不操作 返回false
05-29 18:27:12.139 E/dangbei111( 1386): cccccc 开始扫描
05-29 18:27:12.140 D/BluetoothAdapter( 1386): isLeEnabled(): ON
05-29 18:27:12.142 E/dangbei111( 1386): cccccc scan 得到的设备和状态 Dangbei E4:BB:D3:57:C0:7D 12
05-29 18:27:12.146 E/dangbei111( 1386): cccccc 取消pair Dangbei E4:BB:D3:57:C0:7D 12
05-29 18:27:12.146 I/BluetoothDevice( 1386): removeBond() for device XX:XX:XX:XX:C0:7D called by pid: 1386 tid: 1386
05-29 18:27:12.151 E/dangbei111( 1386): cccccc 搜索到bond 什么都不处理 Dangbei E4:BB:D3:57:C0:7D
05-29 18:27:12.180 I/bt_btif_dm( 1027): packages/modules/Bluetooth/system/btif/src/btif_dm.cc:695 btif_update_remote_properties: class of device (cod) is 0x00050c
05-29 18:27:12.187 E/dangbei111( 1386): cccccc 检查遥控器是否连接: Dangbei E4:BB:D3:57:C0:7D
05-29 18:27:12.191 E/dangbei111( 1386): cccccc 检查遥控器是否连接: 蓝牙的结果 Dangbei E4:BB:D3:57:C0:7D false
05-29 18:27:12.191 E/dangbei111( 1386): cccccc input中没有遥控器 存在 先什么都不操作 返回false
05-29 18:27:12.193 E/dangbei111( 1386): cccccc 开始扫描
05-29 18:27:12.193 D/BluetoothAdapter( 1386): isLeEnabled(): ON
05-29 18:27:12.195 E/dangbei111( 1386): cccccc scan 得到的设备和状态 Dangbei E4:BB:D3:57:C0:7D 12
05-29 18:27:12.202 E/dangbei111( 1386): cccccc 取消pair Dangbei E4:BB:D3:57:C0:7D 12
05-29 18:27:12.202 I/BluetoothDevice( 1386): removeBond() for device XX:XX:XX:XX:C0:7D called by pid: 1386 tid: 1386
05-29 18:27:12.212 E/dangbei111( 1386): cccccc 搜索到bond 什么都不处理 Dangbei E4:BB:D3:57:C0:7D
05-29 18:27:12.228 I/bt_btif_dm( 1027): packages/modules/Bluetooth/system/btif/src/btif_dm.cc:695 btif_update_remote_properties: class of device (cod) is 0x00050c
05-29 18:27:12.241 E/dangbei111( 1386): cccccc 检查遥控器是否连接: Dangbei E4:BB:D3:57:C0:7D
05-29 18:27:12.246 E/dangbei111( 1386): cccccc 检查遥控器是否连接: 蓝牙的结果 Dangbei E4:BB:D3:57:C0:7D false
05-29 18:27:12.246 E/dangbei111( 1386): cccccc input中没有遥控器 存在 先什么都不操作 返回false
05-29 18:27:12.248 E/dangbei111( 1386): cccccc 开始扫描
05-29 18:27:12.248 D/BluetoothAdapter( 1386): isLeEnabled(): ON
05-29 18:27:12.249 W/System ( 1027): A resource failed to call close.
05-29 18:27:12.250 E/dangbei111( 1386): cccccc scan 得到的设备和状态 Dangbei E4:BB:D3:57:C0:7D 12
05-29 18:27:12.253 E/dangbei111( 1386): cccccc 取消pair Dangbei E4:BB:D3:57:C0:7D 12
05-29 18:27:12.253 I/BluetoothDevice( 1386): removeBond() for device XX:XX:XX:XX:C0:7D called by pid: 1386 tid: 1386
05-29 18:27:12.257 E/dangbei111( 1386): cccccc 搜索到bond 什么都不处理 Dangbei E4:BB:D3:57:C0:7D
05-29 18:27:12.299 I/bt_btif_dm( 1027): packages/modules/Bluetooth/system/btif/src/btif_dm.cc:695 btif_update_remote_properties: class of device (cod) is 0x00050c
05-29 18:27:12.304 I/efs.base( 2078): lt=event`ev_ct=efs_core`ev_ac=log_lag`tm=2025-05-29 18:27:30`dn=282ed398-9b16-46ad-b966-b16283254794`ps=com.dangbei.screencast`um_os=android`stime=1748514421910`pid=2078`fr=android`pkg=com.dangbei.screencast`vcode=20830`dsp_w=1920`uid=282ed398-9b16-46ad-b966-b16283254794`rom=14`wid=282ed398-9b16-46ad-b966-b16283254794`um_app_carrier=`um_access=wifi`um_app_channel=os`um_crash_sdk_version=1.4.0`ctime=1748514432`model=dbbox-a3`lang=zh`net=wifi`brand=amlogic`dsp_h=1080`um_network_type=0`ver=v2.8.3`cnt=2`build_model=DBBOX-A3`w_tm=1748514432`appid=5fc60c21094d637f3130af19`um_umid_header=aiaefbf3944cdb0a089a4288118ba20332`sdk=34`tzone=Asia/Shanghai`sdk_ver=1.3.6.umeng
05-29 18:27:12.308 E/dangbei111( 1386): cccccc 检查遥控器是否连接: Dangbei E4:BB:D3:57:C0:7D
05-29 18:27:12.313 D/TrafficStats( 2078): tagSocket(218) with statsTag=0xffffffff, statsUid=-1
05-29 18:27:12.313 D/TrafficStats( 2078): tagSocket(220) with statsTag=0xffffffff, statsUid=-1
05-29 18:27:12.314 E/dangbei111( 1386): cccccc 检查遥控器是否连接: 蓝牙的结果 Dangbei E4:BB:D3:57:C0:7D false
05-29 18:27:12.314 E/dangbei111( 1386): cccccc input中没有遥控器 存在 先什么都不操作 返回false
05-29 18:27:12.316 E/dangbei111( 1386): cccccc 开始扫描
05-29 18:27:12.316 D/BluetoothAdapter( 1386): isLeEnabled(): ON
05-29 18:27:12.318 E/dangbei111( 1386): cccccc scan 得到的设备和状态 Dangbei E4:BB:D3:57:C0:7D 12
05-29 18:27:12.322 E/dangbei111( 1386): cccccc 取消pair Dangbei E4:BB:D3:57:C0:7D 12
05-29 18:27:12.322 I/BluetoothDevice( 1386): removeBond() for device XX:XX:XX:XX:C0:7D called by pid: 1386 tid: 1386
05-29 18:27:12.326 E/dangbei111( 1386): cccccc 搜索到bond 什么都不处理 Dangbei E4:BB:D3:57:C0:7D
05-29 18:27:12.351 I/bt_btif_dm( 1027): packages/modules/Bluetooth/system/btif/src/btif_dm.cc:695 btif_update_remote_properties: class of device (cod) is 0x00050c
05-29 18:27:12.360 E/dangbei111( 1386): cccccc 检查遥控器是否连接: Dangbei E4:BB:D3:57:C0:7D
05-29 18:27:12.363 E/dangbei111( 1386): cccccc 检查遥控器是否连接: 蓝牙的结果 Dangbei E4:BB:D3:57:C0:7D false
05-29 18:27:12.363 E/dangbei111( 1386): cccccc input中没有遥控器 存在 先什么都不操作 返回false
05-29 18:27:12.364 E/dangbei111( 1386): cccccc 开始扫描
05-29 18:27:12.365 D/BluetoothAdapter( 1386): isLeEnabled(): ON
05-29 18:27:12.367 E/dangbei111( 1386): cccccc scan 得到的设备和状态 Dangbei E4:BB:D3:57:C0:7D 12
05-29 18:27:12.371 E/dangbei111( 1386): cccccc 取消pair Dangbei E4:BB:D3:57:C0:7D 12
05-29 18:27:12.371 I/BluetoothDevice( 1386): removeBond() for device XX:XX:XX:XX:C0:7D called by pid: 1386 tid: 1386
05-29 18:27:12.372 I/bt_btif_dm( 1027): packages/modules/Bluetooth/system/btif/src/btif_dm.cc:695 btif_update_remote_properties: class of device (cod) is 0x00050c
05-29 18:27:12.375 E/dangbei111( 1386): cccccc 搜索到bond 什么都不处理 Dangbei E4:BB:D3:57:C0:7D
05-29 18:27:12.380 E/dangbei111( 1386): cccccc 检查遥控器是否连接: Dangbei E4:BB:D3:57:C0:7D
05-29 18:27:12.383 E/dangbei111( 1386): cccccc 检查遥控器是否连接: 蓝牙的结果 Dangbei E4:BB:D3:57:C0:7D false
05-29 18:27:12.383 E/dangbei111( 1386): cccccc input中没有遥控器 存在 先什么都不操作 返回false
05-29 18:27:12.385 E/dangbei111( 1386): cccccc 开始扫描
05-29 18:27:12.385 D/BluetoothAdapter( 1386): isLeEnabled(): ON
05-29 18:27:12.387 E/dangbei111( 1386): cccccc scan 得到的设备和状态 Dangbei E4:BB:D3:57:C0:7D 12
05-29 18:27:12.392 E/dangbei111( 1386): cccccc 取消pair Dangbei E4:BB:D3:57:C0:7D 12
05-29 18:27:12.393 I/BluetoothDevice( 1386): removeBond() for device XX:XX:XX:XX:C0:7D called by pid: 1386 tid: 1386
05-29 18:27:12.394 I/bt_btif_dm( 1027): packages/modules/Bluetooth/system/btif/src/btif_dm.cc:695 btif_update_remote_properties: class of device (cod) is 0x00050c
05-29 18:27:12.399 E/dangbei111( 1386): cccccc 搜索到bond 什么都不处理 Dangbei E4:BB:D3:57:C0:7D
05-29 18:27:12.404 E/dangbei111( 1386): cccccc 检查遥控器是否连接: Dangbei E4:BB:D3:57:C0:7D
05-29 18:27:12.407 E/dangbei111( 1386): cccccc 检查遥控器是否连接: 蓝牙的结果 Dangbei E4:BB:D3:57:C0:7D false
05-29 18:27:12.407 E/dangbei111( 1386): cccccc input中没有遥控器 存在 先什么都不操作 返回false
05-29 18:27:12.409 E/dangbei111( 1386): cccccc 开始扫描
05-29 18:27:12.409 D/BluetoothAdapter( 1386): isLeEnabled(): ON
05-29 18:27:12.412 E/dangbei111( 1386): cccccc scan 得到的设备和状态 Dangbei E4:BB:D3:57:C0:7D 12
05-29 18:27:12.416 E/dangbei111( 1386): cccccc 取消pair Dangbei E4:BB:D3:57:C0:7D 12
05-29 18:27:12.416 I/BluetoothDevice( 1386): removeBond() for device XX:XX:XX:XX:C0:7D called by pid: 1386 tid: 1386
05-29 18:27:12.421 E/dangbei111( 1386): cccccc 搜索到bond 什么都不处理 Dangbei E4:BB:D3:57:C0:7D
05-29 18:27:12.440 I/bt_btif_dm( 1027): packages/modules/Bluetooth/system/btif/src/btif_dm.cc:695 btif_update_remote_properties: class of device (cod) is 0x00050c
05-29 18:27:12.444 I/WifiHAL ( 501): call wifi_get_link_stats handler
05-29 18:27:12.444 I/WifiHAL ( 501): Creating message to get link statistics; iface = 16
05-29 18:27:12.444 D/WifiHAL ( 501): error code -95 mapped to -3
05-29 18:27:12.445 E/WifiStaIfaceAidlImpl( 700): getLinkLayerStats failed with service-specific exception: android.os.ServiceSpecificException: (code 4)
05-29 18:27:12.448 E/dangbei111( 1386): cccccc 检查遥控器是否连接: Dangbei E4:BB:D3:57:C0:7D
05-29 18:27:12.448 W/NotificationHistory( 700): Attempted to add notif for locked/gone/disabled user 0
05-29 18:27:12.451 E/dangbei111( 1386): cccccc 检查遥控器是否连接: 蓝牙的结果 Dangbei E4:BB:D3:57:C0:7D false
05-29 18:27:12.452 E/dangbei111( 1386): cccccc input中没有遥控器 存在 先什么都不操作 返回false
05-29 18:27:12.454 E/dangbei111( 1386): cccccc 开始扫描
05-29 18:27:12.454 D/BluetoothAdapter( 1386): isLeEnabled(): ON
05-29 18:27:12.456 E/dangbei111( 1386): cccccc scan 得到的设备和状态 Dangbei E4:BB:D3:57:C0:7D 12
05-29 18:27:12.462 E/dangbei111( 1386): cccccc 取消pair Dangbei E4:BB:D3:57:C0:7D 12
05-29 18:27:12.462 I/BluetoothDevice( 1386): removeBond() for device XX:XX:XX:XX:C0:7D called by pid: 1386 tid: 1386
05-29 18:27:12.464 I/bt_btif_dm( 1027): packages/modules/Bluetooth/system/btif/src/btif_dm.cc:695 btif_update_remote_properties: class of device (cod) is 0x00050c
05-29 18:27:12.467 E/dangbei111( 1386): cccccc 搜索到bond 什么都不处理 Dangbei E4:BB:D3:57:C0:7D
05-29 18:27:12.472 E/dangbei111( 1386): cccccc 检查遥控器是否连接: Dangbei E4:BB:D3:57:C0:7D
05-29 18:27:12.475 E/dangbei111( 1386): cccccc 检查遥控器是否连接: 蓝牙的结果 Dangbei E4:BB:D3:57:C0:7D false
05-29 18:27:12.475 E/dangbei111( 1386): cccccc input中没有遥控器 存在 先什么都不操作 返回false
05-29 18:27:12.475 D/ActivityManager( 700): freezing 2198 com.android.externalstorage
05-29 18:27:12.478 E/dangbei111( 1386): cccccc 开始扫描
05-29 18:27:12.478 D/BluetoothAdapter( 1386): isLeEnabled(): ON
05-29 18:27:12.481 E/dangbei111( 1386): cccccc scan 得到的设备和状态 Dangbei E4:BB:D3:57:C0:7D 12
05-29 18:27:12.484 E/dangbei111( 1386): cccccc 取消pair Dangbei E4:BB:D3:57:C0:7D 12
05-29 18:27:12.484 I/BluetoothDevice( 1386): removeBond() for device XX:XX:XX:XX:C0:7D called by pid: 1386 tid: 1386
05-29 18:27:12.488 E/dangbei111( 1386): cccccc 搜索到bond 什么都不处理 Dangbei E4:BB:D3:57:C0:7D
05-29 18:27:12.506 I/bt_btif_dm( 1027): packages/modules/Bluetooth/system/btif/src/btif_dm.cc:695 btif_update_remote_properties: class of device (cod) is 0x00050c
05-29 18:27:12.513 E/dangbei111( 1386): cccccc 检查遥控器是否连接: Dangbei E4:BB:D3:57:C0:7D
05-29 18:27:12.517 E/dangbei111( 1386): cccccc 检查遥控器是否连接: 蓝牙的结果 Dangbei E4:BB:D3:57:C0:7D false
05-29 18:27:12.517 E/dangbei111( 1386): cccccc input中没有遥控器 存在 先什么都不操作 返回false
05-29 18:27:12.521 E/dangbei111( 1386): cccccc 开始扫描
05-29 18:27:12.521 D/BluetoothAdapter( 1386): isLeEnabled(): ON
05-29 18:27:12.524 E/dangbei111( 1386): cccccc scan 得到的设备和状态 Dangbei E4:BB:D3:57:C0:7D 12
05-29 18:27:12.528 E/dangbei111( 1386): cccccc 取消pair Dangbei E4:BB:D3:57:C0:7D 12
05-29 18:27:12.528 I/BluetoothDevice( 1386): removeBond() for device XX:XX:XX:XX:C0:7D called by pid: 1386 tid: 1386
05-29 18:27:12.531 E/dangbei111( 1386): cccccc 搜索到bond 什么都不处理 Dangbei E4:BB:D3:57:C0:7D
05-29 18:27:12.549 I/bt_btif_dm( 1027): packages/modules/Bluetooth/system/btif/src/btif_dm.cc:695 btif_update_remote_properties: class of device (cod) is 0x00050c
05-29 18:27:12.555 E/dangbei111( 1386): cccccc 检查遥控器是否连接: Dangbei E4:BB:D3:57:C0:7D
05-29 18:27:12.558 E/dangbei111( 1386): cccccc 检查遥控器是否连接: 蓝牙的结果 Dangbei E4:BB:D3:57:C0:7D false
05-29 18:27:12.558 E/dangbei111( 1386): cccccc input中没有遥控器 存在 先什么都不操作 返回false
05-29 18:27:12.560 E/dangbei111( 1386): cccccc 开始扫描
05-29 18:27:12.560 D/BluetoothAdapter( 1386): isLeEnabled(): ON
05-29 18:27:12.563 E/dangbei111( 1386): cccccc scan 得到的设备和状态 Dangbei E4:BB:D3:57:C0:7D 12
05-29 18:27:12.567 E/dangbei111( 1386): cccccc 取消pair Dangbei E4:BB:D3:57:C0:7D 12
05-29 18:27:12.567 I/BluetoothDevice( 1386): removeBond() for device XX:XX:XX:XX:C0:7D called by pid: 1386 tid: 1386
05-29 18:27:12.572 E/dangbei111( 1386): cccccc 搜索到bond 什么都不处理 Dangbei E4:BB:D3:57:C0:7D
05-29 18:27:12.576 I/bt_btif_dm( 1027): packages/modules/Bluetooth/system/btif/src/btif_dm.cc:695 btif_update_remote_properties: class of device (cod) is 0x00050c
05-29 18:27:12.585 E/dangbei111( 1386): cccccc 检查遥控器是否连接: Dangbei E4:BB:D3:57:C0:7D
05-29 18:27:12.587 W/TelephonyPermissions( 700): reportAccessDeniedToReadIdentifiers:com.dangbei.screencast:getSerial:-1
05-29 18:27:12.589 E/dangbei111( 1386): cccccc 检查遥控器是否连接: 蓝牙的结果 Dangbei E4:BB:D3:57:C0:7D false
05-29 18:27:12.589 E/dangbei111( 1386): cccccc input中没有遥控器 存在 先什么都不操作 返回false
05-29 18:27:12.591 E/dangbei111( 1386): cccccc 开始扫描
05-29 18:27:12.592 D/BluetoothAdapter( 1386): isLeEnabled(): ON
05-29 18:27:12.594 E/dangbei111( 1386): cccccc scan 得到的设备和状态 Dangbei E4:BB:D3:57:C0:7D 12
05-29 18:27:12.599 I/bt_btif_dm( 1027): packages/modules/Bluetooth/system/btif/src/btif_dm.cc:695 btif_update_remote_properties: class of device (cod) is 0x00050c
05-29 18:27:12.601 E/dangbei111( 1386): cccccc 取消pair Dangbei E4:BB:D3:57:C0:7D 12
05-29 18:27:12.601 I/BluetoothDevice( 1386): removeBond() for device XX:XX:XX:XX:C0:7D called by pid: 1386 tid: 1386
05-29 18:27:12.604 E/dangbei111( 1386): cccccc 搜索到bond 什么都不处理 Dangbei E4:BB:D3:57:C0:7D
05-29 18:27:12.609 E/dangbei111( 1386): cccccc 检查遥控器是否连接: Dangbei E4:BB:D3:57:C0:7D
05-29 18:27:12.612 E/dangbei111( 1386): cccccc 检查遥控器是否连接: 蓝牙的结果 Dangbei E4:BB:D3:57:C0:7D false
05-29 18:27:12.612 E/dangbei111( 1386): cccccc input中没有遥控器 存在 先什么都不操作 返回false
05-29 18:27:12.614 E/dangbei111( 1386): cccccc 开始扫描
05-29 18:27:12.614 D/BluetoothAdapter( 1386): isLeEnabled(): ON
05-29 18:27:12.616 E/dangbei111( 1386): cccccc scan 得到的设备和状态 Dangbei E4:BB:D3:57:C0:7D 12
05-29 18:27:12.619 E/dangbei111( 1386): cccccc 取消pair Dangbei E4:BB:D3:57:C0:7D 12
05-29 18:27:12.620 I/BluetoothDevice( 1386): removeBond() for device XX:XX:XX:XX:C0:7D called by pid: 1386 tid: 1386
05-29 18:27:12.623 I/bt_btif_dm( 1027): packages/modules/Bluetooth/system/btif/src/btif_dm.cc:695 btif_update_remote_properties: class of device (cod) is 0x00050c
05-29 18:27:12.626 E/dangbei111( 1386): cccccc 搜索到bond 什么都不处理 Dangbei E4:BB:D3:57:C0:7D
05-29 18:27:12.633 E/dangbei111( 1386): cccccc 检查遥控器是否连接: Dangbei E4:BB:D3:57:C0:7D
05-29 18:27:12.637 E/dangbei111( 1386): cccccc 检查遥控器是否连接: 蓝牙的结果 Dangbei E4:BB:D3:57:C0:7D false
05-29 18:27:12.637 E/dangbei111( 1386): cccccc input中没有遥控器 存在 先什么都不操作 返回false
05-29 18:27:12.638 V/NFC ( 2322): this device does not have NFC support
05-29 18:27:12.640 E/dangbei111( 1386): cccccc 开始扫描
05-29 18:27:12.640 D/BluetoothAdapter( 1386): isLeEnabled(): ON
05-29 18:27:12.643 E/dangbei111( 1386): cccccc scan 得到的设备和状态 Dangbei E4:BB:D3:57:C0:7D 12
05-29 18:27:12.647 E/dangbei111( 1386): cccccc 取消pair Dangbei E4:BB:D3:57:C0:7D 12
05-29 18:27:12.647 I/BluetoothDevice( 1386): removeBond() for device XX:XX:XX:XX:C0:7D called by pid: 1386 tid: 1386
05-29 18:27:12.650 I/bt_btif_dm( 1027): packages/modules/Bluetooth/system/btif/src/btif_dm.cc:695 btif_update_remote_properties: class of device (cod) is 0x00050c
05-29 18:27:12.651 E/dangbei111( 1386): cccccc 搜索到bond 什么都不处理 Dangbei E4:BB:D3:57:C0:7D
05-29 18:27:12.657 E/dangbei111( 1386): cccccc 检查遥控器是否连接: Dangbei E4:BB:D3:57:C0:7D
05-29 18:27:12.661 E/dangbei111( 1386): cccccc 检查遥控器是否连接: 蓝牙的结果 Dangbei E4:BB:D3:57:C0:7D false
05-29 18:27:12.661 E/dangbei111( 1386): cccccc input中没有遥控器 存在 先什么都不操作 返回false
05-29 18:27:12.663 E/dangbei111( 1386): cccccc 开始扫描
05-29 18:27:12.663 D/BluetoothAdapter( 1386): isLeEnabled(): ON
05-29 18:27:12.664 E/dangbei111( 1386): cccccc scan 得到的设备和状态 Dangbei E4:BB:D3:57:C0:7D 12
05-29 18:27:12.668 E/dangbei111( 1386): cccccc 取消pair Dangbei E4:BB:D3:57:C0:7D 12
05-29 18:27:12.668 I/BluetoothDevice( 1386): removeBond() for device XX:XX:XX:XX:C0:7D called by pid: 1386 tid: 1386
05-29 18:27:12.671 E/dangbei111( 1386): cccccc 搜索到bond 什么都不处理 Dangbei E4:BB:D3:57:C0:7D
05-29 18:27:12.725 I/bt_btif_dm( 1027): packages/modules/Bluetooth/system/btif/src/btif_dm.cc:695 btif_update_remote_properties: class of device (cod) is 0x00050c
05-29 18:27:12.731 E/dangbei111( 1386): cccccc 检查遥控器是否连接: Dangbei E4:BB:D3:57:C0:7D
05-29 18:27:12.734 E/dangbei111( 1386): cccccc 检查遥控器是否连接: 蓝牙的结果 Dangbei E4:BB:D3:57:C0:7D false
05-29 18:27:12.735 E/dangbei111( 1386): cccccc input中没有遥控器 存在 先什么都不操作 返回false
05-29 18:27:12.738 E/dangbei111( 1386): cccccc 开始扫描
05-29 18:27:12.738 D/BluetoothAdapter( 1386): isLeEnabled(): ON
05-29 18:27:12.740 E/dangbei111( 1386): cccccc scan 得到的设备和状态 Dangbei E4:BB:D3:57:C0:7D 12
05-29 18:27:12.744 E/dangbei111( 1386): cccccc 取消pair Dangbei E4:BB:D3:57:C0:7D 12
05-29 18:27:12.745 I/BluetoothDevice( 1386): removeBond() for device XX:XX:XX:XX:C0:7D called by pid: 1386 tid: 1386
05-29 18:27:12.749 E/dangbei111( 1386): cccccc 搜索到bond 什么都不处理 Dangbei E4:BB:D3:57:C0:7D
05-29 18:27:12.752 I/bt_btif_dm( 1027): packages/modules/Bluetooth/system/btif/src/btif_dm.cc:695 btif_update_remote_properties: class of device (cod) is 0x00050c
05-29 18:27:12.758 E/dangbei111( 1386): cccccc 检查遥控器是否连接: Dangbei E4:BB:D3:57:C0:7D
05-29 18:27:12.760 E/dangbei111( 1386): cccccc 检查遥控器是否连接: 蓝牙的结果 Dangbei E4:BB:D3:57:C0:7D false
05-29 18:27:12.761 E/dangbei111( 1386): cccccc input中没有遥控器 存在 先什么都不操作 返回false
05-29 18:27:12.762 E/dangbei111( 1386): cccccc 开始扫描
05-29 18:27:12.762 D/BluetoothAdapter( 1386): isLeEnabled(): ON
05-29 18:27:12.764 E/dangbei111( 1386): cccccc scan 得到的设备和状态 Dangbei E4:BB:D3:57:C0:7D 12
05-29 18:27:12.767 E/dangbei111( 1386): cccccc 取消pair Dangbei E4:BB:D3:57:C0:7D 12
05-29 18:27:12.767 I/BluetoothDevice( 1386): removeBond() for device XX:XX:XX:XX:C0:7D called by pid: 1386 tid: 1386
05-29 18:27:12.770 E/dangbei111( 1386): cccccc 搜索到bond 什么都不处理 Dangbei E4:BB:D3:57:C0:7D
05-29 18:27:12.773 I/bt_btif_dm( 1027): packages/modules/Bluetooth/system/btif/src/btif_dm.cc:695 btif_update_remote_properties: class of device (cod) is 0x00050c
05-29 18:27:12.777 I/efs.base( 2078): wa upload succ, HttpResponse {succ=true, code=200, data='暂不支持该服务', extra={req_url=https://errlog.umeng.com/api/crashsdk/logcollect}}
05-29 18:27:12.779 E/dangbei111( 1386): cccccc 检查遥控器是否连接: Dangbei E4:BB:D3:57:C0:7D
05-29 18:27:12.783 E/dangbei111( 1386): cccccc 检查遥控器是否连接: 蓝牙的结果 Dangbei E4:BB:D3:57:C0:7D false
05-29 18:27:12.783 E/dangbei111( 1386): cccccc input中没有遥控器 存在 先什么都不操作 返回false
05-29 18:27:12.784 E/dangbei111( 1386): cccccc 开始扫描
05-29 18:27:12.785 D/BluetoothAdapter( 1386): isLeEnabled(): ON
05-29 18:27:12.786 E/dangbei111( 1386): cccccc scan 得到的设备和状态 Dangbei E4:BB:D3:57:C0:7D 12
05-29 18:27:12.790 E/dangbei111( 1386): cccccc 取消pair Dangbei E4:BB:D3:57:C0:7D 12
05-29 18:27:12.790 I/BluetoothDevice( 1386): removeBond() for device XX:XX:XX:XX:C0:7D called by pid: 1386 tid: 1386
05-29 18:27:12.793 E/dangbei111( 1386): cccccc 搜索到bond 什么都不处理 Dangbei E4:BB:D3:57:C0:7D
05-29 18:27:12.803 I/bt_btif_dm( 1027): packages/modules/Bluetooth/system/btif/src/btif_dm.cc:695 btif_update_remote_properties: class of device (cod) is 0x00050c
05-29 18:27:12.804 D/CompatibilityChangeReporter( 700): Compat change id reported: 161145287; UID 10044; state: DISABLED
05-29 18:27:12.807 E/dangbei111( 1386): cccccc 检查遥控器是否连接: Dangbei E4:BB:D3:57:C0:7D
05-29 18:27:12.810 E/dangbei111( 1386): cccccc 检查遥控器是否连接: 蓝牙的结果 Dangbei E4:BB:D3:57:C0:7D false
05-29 18:27:12.810 E/dangbei111( 1386): cccccc input中没有遥控器 存在 先什么都不操作 返回false
05-29 18:27:12.811 E/dangbei111( 1386): cccccc 开始扫描
05-29 18:27:12.812 D/BluetoothAdapter( 1386): isLeEnabled(): ON
05-29 18:27:12.813 E/dangbei111( 1386): cccccc scan 得到的设备和状态 Dangbei E4:BB:D3:57:C0:7D 12
05-29 18:27:12.815 I/efs.base( 2078): wa upload succ, HttpResponse {succ=true, code=200, data='暂不支持该服务', extra={req_url=https://errlog.umeng.com/api/crashsdk/logcollect}}
05-29 18:27:12.817 E/dangbei111( 1386): cccccc 取消pair Dangbei E4:BB:D3:57:C0:7D 12
05-29 18:27:12.817 I/BluetoothDevice( 1386): removeBond() for device XX:XX:XX:XX:C0:7D called by pid: 1386 tid: 1386
05-29 18:27:12.820 E/dangbei111( 1386): cccccc 搜索到bond 什么都不处理 Dangbei E4:BB:D3:57:C0:7D
05-29 18:27:12.826 I/bt_btif_dm( 1027): packages/modules/Bluetooth/system/btif/src/btif_dm.cc:695 btif_update_remote_properties: class of device (cod) is 0x00050c
05-29 18:27:12.832 E/dangbei111( 1386): cccccc 检查遥控器是否连接: Dangbei E4:BB:D3:57:C0:7D
05-29 18:27:12.835 E/dangbei111( 1386): cccccc 检查遥控器是否连接: 蓝牙的结果 Dangbei E4:BB:D3:57:C0:7D false
05-29 18:27:12.835 E/dangbei111( 1386): cccccc input中没有遥控器 存在 先什么都不操作 返回false
05-29 18:27:12.837 E/dangbei111( 1386): cccccc 开始扫描
05-29 18:27:12.837 D/BluetoothAdapter( 1386): isLeEnabled(): ON
05-29 18:27:12.838 E/dangbei111( 1386): cccccc scan 得到的设备和状态 Dangbei E4:BB:D3:57:C0:7D 12
05-29 18:27:12.842 E/dangbei111( 1386): cccccc 取消pair Dangbei E4:BB:D3:57:C0:7D 12
05-29 18:27:12.842 I/BluetoothDevice( 1386): removeBond() for device XX:XX:XX:XX:C0:7D called by pid: 1386 tid: 1386
05-29 18:27:12.844 E/dangbei111( 1386): cccccc 搜索到bond 什么都不处理 Dangbei E4:BB:D3:57:C0:7D
05-29 18:27:12.856 I/bt_btif_dm( 1027): packages/modules/Bluetooth/system/btif/src/btif_dm.cc:695 btif_update_remote_properties: class of device (cod) is 0x00050c
05-29 18:27:12.860 E/dangbei111( 1386): cccccc 检查遥控器是否连接: Dangbei E4:BB:D3:57:C0:7D
05-29 18:27:12.864 E/dangbei111( 1386): cccccc 检查遥控器是否连接: 蓝牙的结果 Dangbei E4:BB:D3:57:C0:7D false
05-29 18:27:12.864 E/dangbei111( 1386): cccccc input中没有遥控器 存在 先什么都不操作 返回false
05-29 18:27:12.865 E/dangbei111( 1386): cccccc 开始扫描
05-29 18:27:12.865 D/BluetoothAdapter( 1386): isLeEnabled(): ON
05-29 18:27:12.867 E/dangbei111( 1386): cccccc scan 得到的设备和状态 Dangbei E4:BB:D3:57:C0:7D 12
05-29 18:27:12.869 E/dangbei111( 1386): cccccc 取消pair Dangbei E4:BB:D3:57:C0:7D 12
05-29 18:27:12.869 I/BluetoothDevice( 1386): removeBond() for device XX:XX:XX:XX:C0:7D called by pid: 1386 tid: 1386
05-29 18:27:12.873 E/dangbei111( 1386): cccccc 搜索到bond 什么都不处理 Dangbei E4:BB:D3:57:C0:7D
05-29 18:27:12.876 I/bt_btif_dm( 1027): packages/modules/Bluetooth/system/btif/src/btif_dm.cc:695 btif_update_remote_properties: class of device (cod) is 0x00050c
05-29 18:27:12.880 E/dangbei111( 1386): cccccc 检查遥控器是否连接: Dangbei E4:BB:D3:57:C0:7D
05-29 18:27:12.892 E/dangbei111( 1386): cccccc 检查遥控器是否连接: 蓝牙的结果 Dangbei E4:BB:D3:57:C0:7D false
05-29 18:27:12.892 E/dangbei111( 1386): cccccc input中没有遥控器 存在 先什么都不操作 返回false
05-29 18:27:12.894 E/dangbei111( 1386): cccccc 开始扫描
05-29 18:27:12.895 D/BluetoothAdapter( 1386): isLeEnabled(): ON
05-29 18:27:12.897 E/dangbei111( 1386): cccccc scan 得到的设备和状态 Dangbei E4:BB:D3:57:C0:7D 12
05-29 18:27:12.899 E/dangbei111( 1386): cccccc 取消pair Dangbei E4:BB:D3:57:C0:7D 12
05-29 18:27:12.899 I/BluetoothDevice( 1386): removeBond() for device XX:XX:XX:XX:C0:7D called by pid: 1386 tid: 1386
05-29 18:27:12.901 I/bt_btif_dm( 1027): packages/modules/Bluetooth/system/btif/src/btif_dm.cc:695 btif_update_remote_properties: class of device (cod) is 0x00050c
05-29 18:27:12.903 E/dangbei111( 1386): cccccc 搜索到bond 什么都不处理 Dangbei E4:BB:D3:57:C0:7D
05-29 18:27:12.907 E/dangbei111( 1386): cccccc 检查遥控器是否连接: Dangbei E4:BB:D3:57:C0:7D
05-29 18:27:12.909 E/dangbei111( 1386): cccccc 检查遥控器是否连接: 蓝牙的结果 Dangbei E4:BB:D3:57:C0:7D false
05-29 18:27:12.909 E/dangbei111( 1386): cccccc input中没有遥控器 存在 先什么都不操作 返回false
05-29 18:27:12.910 E/dangbei111( 1386): cccccc 开始扫描
05-29 18:27:12.910 D/BluetoothAdapter( 1386): isLeEnabled(): ON
05-29 18:27:12.911 E/dangbei111( 1386): cccccc scan 得到的设备和状态 Dangbei E4:BB:D3:57:C0:7D 12
05-29 18:27:12.914 E/dangbei111( 1386): cccccc 取消pair Dangbei E4:BB:D3:57:C0:7D 12
05-29 18:27:12.914 I/BluetoothDevice( 1386): removeBond() for device XX:XX:XX:XX:C0:7D called by pid: 1386 tid: 1386
05-29 18:27:12.917 E/dangbei111( 1386): cccccc 搜索到bond 什么都不处理 Dangbei E4:BB:D3:57:C0:7D
05-29 18:27:12.938 I/bt_btif_dm( 1027): packages/modules/Bluetooth/system/btif/src/btif_dm.cc:695 btif_update_remote_properties: class of device (cod) is 0x00050c
05-29 18:27:12.945 E/dangbei111( 1386): cccccc 检查遥控器是否连接: Dangbei E4:BB:D3:57:C0:7D
05-29 18:27:12.948 E/dangbei111( 1386): cccccc 检查遥控器是否连接: 蓝牙的结果 Dangbei E4:BB:D3:57:C0:7D false
05-29 18:27:12.948 E/dangbei111( 1386): cccccc input中没有遥控器 存在 先什么都不操作 返回false
05-29 18:27:12.949 E/dangbei111( 1386): cccccc 开始扫描
05-29 18:27:12.949 D/BluetoothAdapter( 1386): isLeEnabled(): ON
05-29 18:27:12.951 E/dangbei111( 1386): cccccc scan 得到的设备和状态 Dangbei E4:BB:D3:57:C0:7D 12
05-29 18:27:12.954 E/dangbei111( 1386): cccccc 取消pair Dangbei E4:BB:D3:57:C0:7D 12
05-29 18:27:12.954 I/BluetoothDevice( 1386): removeBond() for device XX:XX:XX:XX:C0:7D called by pid: 1386 tid: 1386
05-29 18:27:12.957 E/dangbei111( 1386): cccccc 搜索到bond 什么都不处理 Dangbei E4:BB:D3:57:C0:7D
05-29 18:27:12.963 I/bt_btif_dm( 1027): packages/modules/Bluetooth/system/btif/src/btif_dm.cc:695 btif_update_remote_properties: class of device (cod) is 0x00050c
05-29 18:27:12.975 E/dangbei111( 1386): cccccc 检查遥控器是否连接: Dangbei E4:BB:D3:57:C0:7D
05-29 18:27:12.978 E/dangbei111( 1386): cccccc 检查遥控器是否连接: 蓝牙的结果 Dangbei E4:BB:D3:57:C0:7D false
05-29 18:27:12.978 E/dangbei111( 1386): cccccc input中没有遥控器 存在 先什么都不操作 返回false
05-29 18:27:12.981 E/dangbei111( 1386): cccccc 开始扫描
05-29 18:27:12.981 D/BluetoothAdapter( 1386): isLeEnabled(): ON
05-29 18:27:12.983 E/dangbei111( 1386): cccccc scan 得到的设备和状态 Dangbei E4:BB:D3:57:C0:7D 12
05-29 18:27:12.986 I/bt_btif_dm( 1027): packages/modules/Bluetooth/system/btif/src/btif_dm.cc:695 btif_update_remote_properties: class of device (cod) is 0x00050c
05-29 18:27:12.987 E/dangbei111( 1386): cccccc 取消pair Dangbei E4:BB:D3:57:C0:7D 12
05-29 18:27:12.987 I/BluetoothDevice( 1386): removeBond() for device XX:XX:XX:XX:C0:7D called by pid: 1386 tid: 1386
05-29 18:27:12.989 D/TrafficStats( 2322): tagSocket(161) with statsTag=0xffffffff, statsUid=-1
05-29 18:27:12.991 E/dangbei111( 1386): cccccc 搜索到bond 什么都不处理 Dangbei E4:BB:D3:57:C0:7D
05-29 18:27:12.994 E/dangbei111( 1386): cccccc 检查遥控器是否连接: Dangbei E4:BB:D3:57:C0:7D
05-29 18:27:12.996 E/dangbei111( 1386): cccccc 检查遥控器是否连接: 蓝牙的结果 Dangbei E4:BB:D3:57:C0:7D false
05-29 18:27:12.996 E/dangbei111( 1386): cccccc input中没有遥控器 存在 先什么都不操作 返回false
05-29 18:27:12.997 I/ActivityManager( 700): Waited long enough for: ServiceRecord{f71f4ba u0 com.oranth.storage/.MainService}
05-29 18:27:12.997 E/dangbei111( 1386): cccccc 开始扫描
05-29 18:27:12.998 D/BluetoothAdapter( 1386): isLeEnabled(): ON
05-29 18:27:13.000 E/dangbei111( 1386): cccccc scan 得到的设备和状态 Dangbei E4:BB:D3:57:C0:7D 12
05-29 18:27:13.002 E/dangbei111( 1386): cccccc 取消pair Dangbei E4:BB:D3:57:C0:7D 12
05-29 18:27:13.003 I/BluetoothDevice( 1386): removeBond() for device XX:XX:XX:XX:C0:7D called by pid: 1386 tid: 1386
05-29 18:27:13.005 E/dangbei111( 1386): cccccc 搜索到bond 什么都不处理 Dangbei E4:BB:D3:57:C0:7D
05-29 18:27:13.011 I/bt_btif_dm( 1027): packages/modules/Bluetooth/system/btif/src/btif_dm.cc:695 btif_update_remote_properties: class of device (cod) is 0x00050c
05-29 18:27:13.016 E/dangbei111( 1386): cccccc 检查遥控器是否连接: Dangbei E4:BB:D3:57:C0:7D
05-29 18:27:13.019 E/dangbei111( 1386): cccccc 检查遥控器是否连接: 蓝牙的结果 Dangbei E4:BB:D3:57:C0:7D false
05-29 18:27:13.019 E/dangbei111( 1386): cccccc input中没有遥控器 存在 先什么都不操作 返回false
05-29 18:27:13.021 E/dangbei111( 1386): cccccc 开始扫描
05-29 18:27:13.021 D/BluetoothAdapter( 1386): isLeEnabled(): ON
05-29 18:27:13.023 E/dangbei111( 1386): cccccc scan 得到的设备和状态 Dangbei E4:BB:D3:57:C0:7D 12
05-29 18:27:13.026 E/dangbei111( 1386): cccccc 取消pair Dangbei E4:BB:D3:57:C0:7D 12
05-29 18:27:13.026 I/BluetoothDevice( 1386): removeBond() for device XX:XX:XX:XX:C0:7D called by pid: 1386 tid: 1386
05-29 18:27:13.028 E/dangbei111( 1386): cccccc 搜索到bond 什么都不处理 Dangbei E4:BB:D3:57:C0:7D
05-29 18:27:13.035 I/bt_btif_dm( 1027): packages/modules/Bluetooth/system/btif/src/btif_dm.cc:695 btif_update_remote_properties: class of device (cod) is 0x00050c
05-29 18:27:13.042 E/dangbei111( 1386): cccccc 检查遥控器是否连接: Dangbei E4:BB:D3:57:C0:7D
05-29 18:27:13.045 E/dangbei111( 1386): cccccc 检查遥控器是否连接: 蓝牙的结果 Dangbei E4:BB:D3:57:C0:7D false
05-29 18:27:13.045 E/dangbei111( 1386): cccccc input中没有遥控器 存在 先什么都不操作 返回false
05-29 18:27:13.047 E/dangbei111( 1386): cccccc 开始扫描
05-29 18:27:13.047 D/BluetoothAdapter( 1386): isLeEnabled(): ON
05-29 18:27:13.048 E/dangbei111( 1386): cccccc scan 得到的设备和状态 Dangbei E4:BB:D3:57:C0:7D 12
05-29 18:27:13.051 E/dangbei111( 1386): cccccc 取消pair Dangbei E4:BB:D3:57:C0:7D 12
05-29 18:27:13.051 I/BluetoothDevice( 1386): removeBond() for device XX:XX:XX:XX:C0:7D called by pid: 1386 tid: 1386
05-29 18:27:13.055 E/dangbei111( 1386): cccccc 搜索到bond 什么都不处理 Dangbei E4:BB:D3:57:C0:7D
05-29 18:27:13.089 I/bt_btif_dm( 1027): packages/modules/Bluetooth/system/btif/src/btif_dm.cc:695 btif_update_remote_properties: class of device (cod) is 0x00050c
05-29 18:27:13.096 E/dangbei111( 1386): cccccc 检查遥控器是否连接: Dangbei E4:BB:D3:57:C0:7D
05-29 18:27:13.100 E/dangbei111( 1386): cccccc 检查遥控器是否连接: 蓝牙的结果 Dangbei E4:BB:D3:57:C0:7D false
05-29 18:27:13.100 E/dangbei111( 1386): cccccc input中没有遥控器 存在 先什么都不操作 返回false
05-29 18:27:13.102 E/dangbei111( 1386): cccccc 开始扫描
05-29 18:27:13.102 D/BluetoothAdapter( 1386): isLeEnabled(): ON
05-29 18:27:13.104 E/dangbei111( 1386): cccccc scan 得到的设备和状态 Dangbei E4:BB:D3:57:C0:7D 12
05-29 18:27:13.108 E/dangbei111( 1386): cccccc 取消pair Dangbei E4:BB:D3:57:C0:7D 12
05-29 18:27:13.108 I/BluetoothDevice( 1386): removeBond() for device XX:XX:XX:XX:C0:7D called by pid: 1386 tid: 1386
05-29 18:27:13.109 I/bt_btif_dm( 1027): packages/modules/Bluetooth/system/btif/src/btif_dm.cc:695 btif_update_remote_properties: class of device (cod) is 0x00050c
05-29 18:27:13.114 E/dangbei111( 1386): cccccc 搜索到bond 什么都不处理 Dangbei E4:BB:D3:57:C0:7D
05-29 18:27:13.120 E/dangbei111( 1386): cccccc 检查遥控器是否连接: Dangbei E4:BB:D3:57:C0:7D
05-29 18:27:13.124 E/dangbei111( 1386): cccccc 检查遥控器是否连接: 蓝牙的结果 Dangbei E4:BB:D3:57:C0:7D false
05-29 18:27:13.124 E/dangbei111( 1386): cccccc input中没有遥控器 存在 先什么都不操作 返回false
05-29 18:27:13.126 E/dangbei111( 1386): cccccc 开始扫描
05-29 18:27:13.126 D/BluetoothAdapter( 1386): isLeEnabled(): ON
05-29 18:27:13.129 E/dangbei111( 1386): cccccc scan 得到的设备和状态 Dangbei E4:BB:D3:57:C0:7D 12
05-29 18:27:13.133 E/dangbei111( 1386): cccccc 取消pair Dangbei E4:BB:D3:57:C0:7D 12
05-29 18:27:13.133 I/BluetoothDevice( 1386): removeBond() for device XX:XX:XX:XX:C0:7D called by pid: 1386 tid: 1386
05-29 18:27:13.138 E/dangbei111( 1386): cccccc 搜索到bond 什么都不处理 Dangbei E4:BB:D3:57:C0:7D
05-29 18:27:13.139 I/bt_btif_dm( 1027): packages/modules/Bluetooth/system/btif/src/btif_dm.cc:695 btif_update_remote_properties: class of device (cod) is 0x00050c
05-29 18:27:13.146 E/dangbei111( 1386): cccccc 检查遥控器是否连接: Dangbei E4:BB:D3:57:C0:7D
05-29 18:27:13.149 E/dangbei111( 1386): cccccc 检查遥控器是否连接: 蓝牙的结果 Dangbei E4:BB:D3:57:C0:7D false
05-29 18:27:13.149 E/dangbei111( 1386): cccccc input中没有遥控器 存在 先什么都不操作 返回false
05-29 18:27:13.151 E/dangbei111( 1386): cccccc 开始扫描
05-29 18:27:13.151 D/BluetoothAdapter( 1386): isLeEnabled(): ON
05-29 18:27:13.153 E/dangbei111( 1386): cccccc scan 得到的设备和状态 Dangbei E4:BB:D3:57:C0:7D 12
05-29 18:27:13.156 E/dangbei111( 1386): cccccc 取消pair Dangbei E4:BB:D3:57:C0:7D 12
05-29 18:27:13.157 I/BluetoothDevice( 1386): removeBond() for device XX:XX:XX:XX:C0:7D called by pid: 1386 tid: 1386
05-29 18:27:13.160 E/dangbei111( 1386): cccccc 搜索到bond 什么都不处理 Dangbei E4:BB:D3:57:C0:7D
05-29 18:27:13.189 I/bt_btif_dm( 1027): packages/modules/Bluetooth/system/btif/src/btif_dm.cc:695 btif_update_remote_properties: class of device (cod) is 0x00050c
05-29 18:27:13.196 E/dangbei111( 1386): cccccc 检查遥控器是否连接: Dangbei E4:BB:D3:57:C0:7D
05-29 18:27:13.200 E/dangbei111( 1386): cccccc 检查遥控器是否连接: 蓝牙的结果 Dangbei E4:BB:D3:57:C0:7D false
05-29 18:27:13.200 E/dangbei111( 1386): cccccc input中没有遥控器 存在 先什么都不操作 返回false
05-29 18:27:13.202 E/dangbei111( 1386): cccccc 开始扫描
05-29 18:27:13.203 D/BluetoothAdapter( 1386): isLeEnabled(): ON
05-29 18:27:13.208 I/bt_btif_dm( 1027): packages/modules/Bluetooth/system/btif/src/btif_dm.cc:695 btif_update_remote_properties: class of device (cod) is 0x00050c
05-29 18:27:13.208 E/dangbei111( 1386): cccccc scan 得到的设备和状态 Dangbei E4:BB:D3:57:C0:7D 12
05-29 18:27:13.213 E/dangbei111( 1386): cccccc 取消pair Dangbei E4:BB:D3:57:C0:7D 12
05-29 18:27:13.213 I/BluetoothDevice( 1386): removeBond() for device XX:XX:XX:XX:C0:7D called by pid: 1386 tid: 1386
05-29 18:27:13.219 E/dangbei111( 1386): cccccc 搜索到bond 什么都不处理 Dangbei E4:BB:D3:57:C0:7D
05-29 18:27:13.224 E/dangbei111( 1386): cccccc 检查遥控器是否连接: Dangbei E4:BB:D3:57:C0:7D
05-29 18:27:13.226 E/dangbei111( 1386): cccccc 检查遥控器是否连接: 蓝牙的结果 Dangbei E4:BB:D3:57:C0:7D false
05-29 18:27:13.226 E/dangbei111( 1386): cccccc input中没有遥控器 存在 先什么都不操作 返回false
05-29 18:27:13.230 E/dangbei111( 1386): cccccc 开始扫描
05-29 18:27:13.230 D/BluetoothAdapter( 1386): isLeEnabled(): ON
05-29 18:27:13.232 E/dangbei111( 1386): cccccc scan 得到的设备和状态 Dangbei E4:BB:D3:57:C0:7D 12
05-29 18:27:13.235 E/dangbei111( 1386): cccccc 取消pair Dangbei E4:BB:D3:57:C0:7D 12
05-29 18:27:13.235 I/BluetoothDevice( 1386): removeBond() for device XX:XX:XX:XX:C0:7D called by pid: 1386 tid: 1386
05-29 18:27:13.241 E/dangbei111( 1386): cccccc 搜索到bond 什么都不处理 Dangbei E4:BB:D3:57:C0:7D
05-29 18:27:13.244 I/ip ( 2427): type=1400 audit(0.0:881): avc: denied { nlmsg_readpriv } for scontext=u:r:untrusted_app_27:s0:c44,c256,c512,c768 tcontext=u:r:untrusted_app_27:s0:c44,c256,c512,c768 tclass=netlink_route_socket permissive=1 app=com.dangbei.screencast
05-29 18:27:13.244 W/ip ( 2427): type=1400 audit(0.0:882): avc: granted { nlmsg_getneigh } for scontext=u:r:untrusted_app_27:s0:c44,c256,c512,c768 tcontext=u:r:untrusted_app_27:s0:c44,c256,c512,c768 tclass=netlink_route_socket app=com.dangbei.screencast
05-29 18:27:13.259 I/bt_btif_dm( 1027): packages/modules/Bluetooth/system/btif/src/btif_dm.cc:695 btif_update_remote_properties: class of device (cod) is 0x00050c
05-29 18:27:13.267 E/dangbei111( 1386): cccccc 检查遥控器是否连接: Dangbei E4:BB:D3:57:C0:7D
05-29 18:27:13.270 E/dangbei111( 1386): cccccc 检查遥控器是否连接: 蓝牙的结果 Dangbei E4:BB:D3:57:C0:7D false
05-29 18:27:13.271 E/dangbei111( 1386): cccccc input中没有遥控器 存在 先什么都不操作 返回false
05-29 18:27:13.272 E/dangbei111( 1386): cccccc 开始扫描
05-29 18:27:13.272 D/BluetoothAdapter( 1386): isLeEnabled(): ON
05-29 18:27:13.274 E/dangbei111( 1386): cccccc scan 得到的设备和状态 Dangbei E4:BB:D3:57:C0:7D 12
05-29 18:27:13.277 E/dangbei111( 1386): cccccc 取消pair Dangbei E4:BB:D3:57:C0:7D 12
05-29 18:27:13.277 I/BluetoothDevice( 1386): removeBond() for device XX:XX:XX:XX:C0:7D called by pid: 1386 tid: 1386
05-29 18:27:13.282 E/dangbei111( 1386): cccccc 搜索到bond 什么都不处理 Dangbei E4:BB:D3:57:C0:7D
05-29 18:27:13.286 I/ActivityManager( 700): Waited long enough for: ServiceRecord{d5f1c7e u0 com.droidlogic.mictoggle/.AssistantMicMuteService}
05-29 18:27:13.290 I/bt_btif_dm( 1027): packages/modules/Bluetooth/system/btif/src/btif_dm.cc:695 btif_update_remote_properties: class of device (cod) is 0x00050c
05-29 18:27:13.298 E/dangbei111( 1386): cccccc 检查遥控器是否连接: Dangbei E4:BB:D3:57:C0:7D
05-29 18:27:13.301 E/dangbei111( 1386): cccccc 检查遥控器是否连接: 蓝牙的结果 Dangbei E4:BB:D3:57:C0:7D false
05-29 18:27:13.301 E/dangbei111( 1386): cccccc input中没有遥控器 存在 先什么都不操作 返回false
05-29 18:27:13.303 E/dangbei111( 1386): cccccc 开始扫描
05-29 18:27:13.303 D/BluetoothAdapter( 1386): isLeEnabled(): ON
05-29 18:27:13.310 E/dangbei111( 1386): cccccc scan 得到的设备和状态 Dangbei E4:BB:D3:57:C0:7D 12
05-29 18:27:13.315 E/dangbei111( 1386): cccccc 取消pair Dangbei E4:BB:D3:57:C0:7D 12
05-29 18:27:13.316 I/BluetoothDevice( 1386): removeBond() for device XX:XX:XX:XX:C0:7D called by pid: 1386 tid: 1386
05-29 18:27:13.322 E/dangbei111( 1386): cccccc 搜索到bond 什么都不处理 Dangbei E4:BB:D3:57:C0:7D
05-29 18:27:13.338 I/bt_btif_dm( 1027): packages/modules/Bluetooth/system/btif/src/btif_dm.cc:695 btif_update_remote_properties: class of device (cod) is 0x00050c
05-29 18:27:13.348 E/dangbei111( 1386): cccccc 检查遥控器是否连接: Dangbei E4:BB:D3:57:C0:7D
05-29 18:27:13.351 E/dangbei111( 1386): cccccc 检查遥控器是否连接: 蓝牙的结果 Dangbei E4:BB:D3:57:C0:7D false
05-29 18:27:13.352 E/dangbei111( 1386): cccccc input中没有遥控器 存在 先什么都不操作 返回false
05-29 18:27:13.353 E/dangbei111( 1386): cccccc 开始扫描
05-29 18:27:13.353 D/BluetoothAdapter( 1386): isLeEnabled(): ON
05-29 18:27:13.354 E/dangbei111( 1386): cccccc scan 得到的设备和状态 Dangbei E4:BB:D3:57:C0:7D 12
05-29 18:27:13.357 E/dangbei111( 1386): cccccc 取消pair Dangbei E4:BB:D3:57:C0:7D 12
05-29 18:27:13.357 I/BluetoothDevice( 1386): removeBond() for device XX:XX:XX:XX:C0:7D called by pid: 1386 tid: 1386
05-29 18:27:13.361 E/dangbei111( 1386): cccccc 搜索到bond 什么都不处理 Dangbei E4:BB:D3:57:C0:7D
05-29 18:27:13.362 I/bt_btif_dm( 1027): packages/modules/Bluetooth/system/btif/src/btif_dm.cc:695 btif_update_remote_properties: class of device (cod) is 0x00050c
05-29 18:27:13.369 E/dangbei111( 1386): cccccc 检查遥控器是否连接: Dangbei E4:BB:D3:57:C0:7D
05-29 18:27:13.371 E/dangbei111( 1386): cccccc 检查遥控器是否连接: 蓝牙的结果 Dangbei E4:BB:D3:57:C0:7D false
05-29 18:27:13.371 E/dangbei111( 1386): cccccc input中没有遥控器 存在 先什么都不操作 返回false
05-29 18:27:13.373 E/dangbei111( 1386): cccccc 开始扫描
05-29 18:27:13.373 D/BluetoothAdapter( 1386): isLeEnabled(): ON
05-29 18:27:13.376 E/dangbei111( 1386): cccccc scan 得到的设备和状态 Dangbei E4:BB:D3:57:C0:7D 12
05-29 18:27:13.379 I/bt_btif_dm( 1027): packages/modules/Bluetooth/system/btif/src/btif_dm.cc:695 btif_update_remote_properties: class of device (cod) is 0x00050c
05-29 18:27:13.380 E/dangbei111( 1386): cccccc 取消pair Dangbei E4:BB:D3:57:C0:7D 12
05-29 18:27:13.380 I/BluetoothDevice( 1386): removeBond() for device XX:XX:XX:XX:C0:7D called by pid: 1386 tid: 1386
05-29 18:27:13.384 E/dangbei111( 1386): cccccc 搜索到bond 什么都不处理 Dangbei E4:BB:D3:57:C0:7D
05-29 18:27:13.389 E/dangbei111( 1386): cccccc 检查遥控器是否连接: Dangbei E4:BB:D3:57:C0:7D
05-29 18:27:13.391 E/dangbei111( 1386): cccccc 检查遥控器是否连接: 蓝牙的结果 Dangbei E4:BB:D3:57:C0:7D false
05-29 18:27:13.391 E/dangbei111( 1386): cccccc input中没有遥控器 存在 先什么都不操作 返回false
05-29 18:27:13.395 E/dangbei111( 1386): cccccc 开始扫描
05-29 18:27:13.395 D/BluetoothAdapter( 1386): isLeEnabled(): ON
05-29 18:27:13.398 E/dangbei111( 1386): cccccc scan 得到的设备和状态 Dangbei E4:BB:D3:57:C0:7D 12
05-29 18:27:13.401 E/dangbei111( 1386): cccccc 取消pair Dangbei E4:BB:D3:57:C0:7D 12
05-29 18:27:13.401 I/BluetoothDevice( 1386): removeBond() for device XX:XX:XX:XX:C0:7D called by pid: 1386 tid: 1386
05-29 18:27:13.405 E/dangbei111( 1386): cccccc 搜索到bond 什么都不处理 Dangbei E4:BB:D3:57:C0:7D
05-29 18:27:13.450 I/bt_btif_dm( 1027): packages/modules/Bluetooth/system/btif/src/btif_dm.cc:695 btif_update_remote_properties: class of device (cod) is 0x00050c
05-29 18:27:13.455 E/dangbei111( 1386): cccccc 检查遥控器是否连接: Dangbei E4:BB:D3:57:C0:7D
05-29 18:27:13.457 E/dangbei111( 1386): cccccc 检查遥控器是否连接: 蓝牙的结果 Dangbei E4:BB:D3:57:C0:7D false
05-29 18:27:13.457 E/dangbei111( 1386): cccccc input中没有遥控器 存在 先什么都不操作 返回false
05-29 18:27:13.459 E/dangbei111( 1386): cccccc 开始扫描
05-29 18:27:13.459 D/BluetoothAdapter( 1386): isLeEnabled(): ON
05-29 18:27:13.462 E/dangbei111( 1386): cccccc scan 得到的设备和状态 Dangbei E4:BB:D3:57:C0:7D 12
05-29 18:27:13.466 E/dangbei111( 1386): cccccc 取消pair Dangbei E4:BB:D3:57:C0:7D 12
05-29 18:27:13.466 I/BluetoothDevice( 1386): removeBond() for device XX:XX:XX:XX:C0:7D called by pid: 1386 tid: 1386
05-29 18:27:13.469 E/dangbei111( 1386): cccccc 搜索到bond 什么都不处理 Dangbei E4:BB:D3:57:C0:7D
05-29 18:27:13.480 I/bt_btif_dm( 1027): packages/modules/Bluetooth/system/btif/src/btif_dm.cc:695 btif_update_remote_properties: class of device (cod) is 0x00050c
05-29 18:27:13.485 E/dangbei111( 1386): cccccc 检查遥控器是否连接: Dangbei E4:BB:D3:57:C0:7D
05-29 18:27:13.488 E/dangbei111( 1386): cccccc 检查遥控器是否连接: 蓝牙的结果 Dangbei E4:BB:D3:57:C0:7D false
05-29 18:27:13.488 E/dangbei111( 1386): cccccc input中没有遥控器 存在 先什么都不操作 返回false
05-29 18:27:13.490 E/dangbei111( 1386): cccccc 开始扫描
05-29 18:27:13.490 D/BluetoothAdapter( 1386): isLeEnabled(): ON
05-29 18:27:13.492 E/dangbei111( 1386): cccccc scan 得到的设备和状态 Dangbei E4:BB:D3:57:C0:7D 12
05-29 18:27:13.497 E/dangbei111( 1386): cccccc 取消pair Dangbei E4:BB:D3:57:C0:7D 12
05-29 18:27:13.497 I/BluetoothDevice( 1386): removeBond() for device XX:XX:XX:XX:C0:7D called by pid: 1386 tid: 1386
05-29 18:27:13.500 E/dangbei111( 1386): cccccc 搜索到bond 什么都不处理 Dangbei E4:BB:D3:57:C0:7D
05-29 18:27:13.508 I/bt_btif_dm( 1027): packages/modules/Bluetooth/system/btif/src/btif_dm.cc:695 btif_update_remote_properties: class of device (cod) is 0x00050c
05-29 18:27:13.517 E/dangbei111( 1386): cccccc 检查遥控器是否连接: Dangbei E4:BB:D3:57:C0:7D
05-29 18:27:13.519 E/dangbei111( 1386): cccccc 检查遥控器是否连接: 蓝牙的结果 Dangbei E4:BB:D3:57:C0:7D false
05-29 18:27:13.519 E/dangbei111( 1386): cccccc input中没有遥控器 存在 先什么都不操作 返回false
05-29 18:27:13.521 E/dangbei111( 1386): cccccc 开始扫描
05-29 18:27:13.521 D/BluetoothAdapter( 1386): isLeEnabled(): ON
05-29 18:27:13.524 E/dangbei111( 1386): cccccc scan 得到的设备和状态 Dangbei E4:BB:D3:57:C0:7D 12
05-29 18:27:13.528 E/dangbei111( 1386): cccccc 取消pair Dangbei E4:BB:D3:57:C0:7D 12
05-29 18:27:13.528 I/BluetoothDevice( 1386): removeBond() for device XX:XX:XX:XX:C0:7D called by pid: 1386 tid: 1386
05-29 18:27:13.532 I/bt_btif_dm( 1027): packages/modules/Bluetooth/system/btif/src/btif_dm.cc:695 btif_update_remote_properties: class of device (cod) is 0x00050c
05-29 18:27:13.533 E/dangbei111( 1386): cccccc 搜索到bond 什么都不处理 Dangbei E4:BB:D3:57:C0:7D
05-29 18:27:13.538 E/dangbei111( 1386): cccccc 检查遥控器是否连接: Dangbei E4:BB:D3:57:C0:7D
05-29 18:27:13.541 E/dangbei111( 1386): cccccc 检查遥控器是否连接: 蓝牙的结果 Dangbei E4:BB:D3:57:C0:7D false
05-29 18:27:13.541 E/dangbei111( 1386): cccccc input中没有遥控器 存在 先什么都不操作 返回false
05-29 18:27:13.543 E/dangbei111( 1386): cccccc 开始扫描
05-29 18:27:13.544 D/BluetoothAdapter( 1386): isLeEnabled(): ON
05-29 18:27:13.547 E/dangbei111( 1386): cccccc scan 得到的设备和状态 Dangbei E4:BB:D3:57:C0:7D 12
05-29 18:27:13.552 E/dangbei111( 1386): cccccc 取消pair Dangbei E4:BB:D3:57:C0:7D 12
05-29 18:27:13.552 I/BluetoothDevice( 1386): removeBond() for device XX:XX:XX:XX:C0:7D called by pid: 1386 tid: 1386
05-29 18:27:13.556 E/dangbei111( 1386): cccccc 搜索到bond 什么都不处理 Dangbei E4:BB:D3:57:C0:7D
05-29 18:27:13.560 I/bt_btif_dm( 1027): packages/modules/Bluetooth/system/btif/src/btif_dm.cc:695 btif_update_remote_properties: class of device (cod) is 0x00050c
05-29 18:27:13.567 E/dangbei111( 1386): cccccc 检查遥控器是否连接: Dangbei E4:BB:D3:57:C0:7D
05-29 18:27:13.570 E/dangbei111( 1386): cccccc 检查遥控器是否连接: 蓝牙的结果 Dangbei E4:BB:D3:57:C0:7D false
05-29 18:27:13.570 E/dangbei111( 1386): cccccc input中没有遥控器 存在 先什么都不操作 返回false
05-29 18:27:13.572 E/dangbei111( 1386): cccccc 开始扫描
05-29 18:27:13.572 D/BluetoothAdapter( 1386): isLeEnabled(): ON
05-29 18:27:13.574 E/dangbei111( 1386): cccccc scan 得到的设备和状态 Dangbei E4:BB:D3:57:C0:7D 12
05-29 18:27:13.579 E/dangbei111( 1386): cccccc 取消pair Dangbei E4:BB:D3:57:C0:7D 12
05-29 18:27:13.579 I/BluetoothDevice( 1386): removeBond() for device XX:XX:XX:XX:C0:7D called by pid: 1386 tid: 1386
05-29 18:27:13.583 I/bt_btif_dm( 1027): packages/modules/Bluetooth/system/btif/src/btif_dm.cc:695 btif_update_remote_properties: class of device (cod) is 0x00050c
05-29 18:27:13.583 E/dangbei111( 1386): cccccc 搜索到bond 什么都不处理 Dangbei E4:BB:D3:57:C0:7D
05-29 18:27:13.589 E/dangbei111( 1386): cccccc 检查遥控器是否连接: Dangbei E4:BB:D3:57:C0:7D
05-29 18:27:13.592 E/dangbei111( 1386): cccccc 检查遥控器是否连接: 蓝牙的结果 Dangbei E4:BB:D3:57:C0:7D false
05-29 18:27:13.592 E/dangbei111( 1386): cccccc input中没有遥控器 存在 先什么都不操作 返回false
05-29 18:27:13.594 E/dangbei111( 1386): cccccc 开始扫描
05-29 18:27:13.594 D/BluetoothAdapter( 1386): isLeEnabled(): ON
05-29 18:27:13.596 E/dangbei111( 1386): cccccc scan 得到的设备和状态 Dangbei E4:BB:D3:57:C0:7D 12
05-29 18:27:13.600 E/dangbei111( 1386): cccccc 取消pair Dangbei E4:BB:D3:57:C0:7D 12
05-29 18:27:13.600 I/BluetoothDevice( 1386): removeBond() for device XX:XX:XX:XX:C0:7D called by pid: 1386 tid: 1386
05-29 18:27:13.603 E/dangbei111( 1386): cccccc 搜索到bond 什么都不处理 Dangbei E4:BB:D3:57:C0:7D
05-29 18:27:13.605 I/bt_btif_dm( 1027): packages/modules/Bluetooth/system/btif/src/btif_dm.cc:695 btif_update_remote_properties: class of device (cod) is 0x00050c
05-29 18:27:13.609 W/ActivityThread( 1431): ClassLoader.loadClass: The class loader returned by Thread.getContextClassLoader() may fail for processes that host multiple applications. You should explicitly specify a context class loader. For example: Thread.setContextClassLoader(getClass().getClassLoader());
05-29 18:27:13.611 E/dangbei111( 1386): cccccc 检查遥控器是否连接: Dangbei E4:BB:D3:57:C0:7D
05-29 18:27:13.613 D/AccountManagerService( 700): bind attempt failed for Session: expectLaunch false, connected false, stats (0/0/0), lifetime 0.0, addAccount, accountType com.soul.kp.account, requiredFeatures null
05-29 18:27:13.615 E/dangbei111( 1386): cccccc 检查遥控器是否连接: 蓝牙的结果 Dangbei E4:BB:D3:57:C0:7D false
05-29 18:27:13.615 E/dangbei111( 1386): cccccc input中没有遥控器 存在 先什么都不操作 返回false
05-29 18:27:13.617 E/dangbei111( 1386): cccccc 开始扫描
05-29 18:27:13.617 D/BluetoothAdapter( 1386): isLeEnabled(): ON
05-29 18:27:13.620 E/dangbei111( 1386): cccccc scan 得到的设备和状态 Dangbei E4:BB:D3:57:C0:7D 12
05-29 18:27:13.621 E/d.leradlauncher( 1431): Invalid resource ID 0x00000000.
05-29 18:27:13.624 E/dangbei111( 1386): cccccc 取消pair Dangbei E4:BB:D3:57:C0:7D 12
05-29 18:27:13.624 I/BluetoothDevice( 1386): removeBond() for device XX:XX:XX:XX:C0:7D called by pid: 1386 tid: 1386
05-29 18:27:13.630 E/dangbei111( 1386): cccccc 搜索到bond 什么都不处理 Dangbei E4:BB:D3:57:C0:7D
05-29 18:27:13.634 I/bt_btif_dm( 1027): packages/modules/Bluetooth/system/btif/src/btif_dm.cc:695 btif_update_remote_properties: class of device (cod) is 0x00050c
05-29 18:27:13.641 E/dangbei111( 1386): cccccc 检查遥控器是否连接: Dangbei E4:BB:D3:57:C0:7D
05-29 18:27:13.644 E/dangbei111( 1386): cccccc 检查遥控器是否连接: 蓝牙的结果 Dangbei E4:BB:D3:57:C0:7D false
05-29 18:27:13.644 E/dangbei111( 1386): cccccc input中没有遥控器 存在 先什么都不操作 返回false
05-29 18:27:13.646 E/dangbei111( 1386): cccccc 开始扫描
05-29 18:27:13.646 D/BluetoothAdapter( 1386): isLeEnabled(): ON
05-29 18:27:13.649 E/dangbei111( 1386): cccccc scan 得到的设备和状态 Dangbei E4:BB:D3:57:C0:7D 12
05-29 18:27:13.651 E/dangbei111( 1386): cccccc 取消pair Dangbei E4:BB:D3:57:C0:7D 12
05-29 18:27:13.652 I/BluetoothDevice( 1386): removeBond() for device XX:XX:XX:XX:C0:7D called by pid: 1386 tid: 1386
05-29 18:27:13.655 E/dangbei111( 1386): cccccc 搜索到bond 什么都不处理 Dangbei E4:BB:D3:57:C0:7D
05-29 18:27:13.683 I/bt_btif_dm( 1027): packages/modules/Bluetooth/system/btif/src/btif_dm.cc:695 btif_update_remote_properties: class of device (cod) is 0x00050c
05-29 18:27:13.688 E/dangbei111( 1386): cccccc 检查遥控器是否连接: Dangbei E4:BB:D3:57:C0:7D
05-29 18:27:13.692 E/dangbei111( 1386): cccccc 检查遥控器是否连接: 蓝牙的结果 Dangbei E4:BB:D3:57:C0:7D false
05-29 18:27:13.692 E/dangbei111( 1386): cccccc input中没有遥控器 存在 先什么都不操作 返回false
05-29 18:27:13.695 E/dangbei111( 1386): cccccc 开始扫描
05-29 18:27:13.696 D/BluetoothAdapter( 1386): isLeEnabled(): ON
05-29 18:27:13.698 E/dangbei111( 1386): cccccc scan 得到的设备和状态 Dangbei E4:BB:D3:57:C0:7D 12
05-29 18:27:13.703 E/dangbei111( 1386): cccccc 取消pair Dangbei E4:BB:D3:57:C0:7D 12
05-29 18:27:13.703 I/BluetoothDevice( 1386): removeBond() for device XX:XX:XX:XX:C0:7D called by pid: 1386 tid: 1386
05-29 18:27:13.707 E/dangbei111( 1386): cccccc 搜索到bond 什么都不处理 Dangbei E4:BB:D3:57:C0:7D
05-29 18:27:13.752 I/bt_btif_dm( 1027): packages/modules/Bluetooth/system/btif/src/btif_dm.cc:695 btif_update_remote_properties: class of device (cod) is 0x00050c
05-29 18:27:13.759 E/dangbei111( 1386): cccccc 检查遥控器是否连接: Dangbei E4:BB:D3:57:C0:7D
05-29 18:27:13.766 E/dangbei111( 1386): cccccc 检查遥控器是否连接: 蓝牙的结果 Dangbei E4:BB:D3:57:C0:7D false
05-29 18:27:13.766 E/dangbei111( 1386): cccccc input中没有遥控器 存在 先什么都不操作 返回false
05-29 18:27:13.769 E/dangbei111( 1386): cccccc 开始扫描
05-29 18:27:13.769 D/BluetoothAdapter( 1386): isLeEnabled(): ON
05-29 18:27:13.772 E/dangbei111( 1386): cccccc scan 得到的设备和状态 Dangbei E4:BB:D3:57:C0:7D 12
05-29 18:27:13.777 E/dangbei111( 1386): cccccc 取消pair Dangbei E4:BB:D3:57:C0:7D 12
05-29 18:27:13.777 I/BluetoothDevice( 1386): removeBond() for device XX:XX:XX:XX:C0:7D called by pid: 1386 tid: 1386
05-29 18:27:13.781 E/dangbei111( 1386): cccccc 搜索到bond 什么都不处理 Dangbei E4:BB:D3:57:C0:7D
05-29 18:27:13.783 I/bt_btif_dm( 1027): packages/modules/Bluetooth/system/btif/src/btif_dm.cc:695 btif_update_remote_properties: class of device (cod) is 0x00050c
05-29 18:27:13.790 E/dangbei111( 1386): cccccc 检查遥控器是否连接: Dangbei E4:BB:D3:57:C0:7D
05-29 18:27:13.793 E/dangbei111( 1386): cccccc 检查遥控器是否连接: 蓝牙的结果 Dangbei E4:BB:D3:57:C0:7D false
05-29 18:27:13.794 E/dangbei111( 1386): cccccc input中没有遥控器 存在 先什么都不操作 返回false
05-29 18:27:13.796 E/dangbei111( 1386): cccccc 开始扫描
05-29 18:27:13.796 D/BluetoothAdapter( 1386): isLeEnabled(): ON
05-29 18:27:13.798 E/dangbei111( 1386): cccccc scan 得到的设备和状态 Dangbei E4:BB:D3:57:C0:7D 12
05-29 18:27:13.802 E/dangbei111( 1386): cccccc 取消pair Dangbei E4:BB:D3:57:C0:7D 12
05-29 18:27:13.802 I/BluetoothDevice( 1386): removeBond() for device XX:XX:XX:XX:C0:7D called by pid: 1386 tid: 1386
05-29 18:27:13.808 E/dangbei111( 1386): cccccc 搜索到bond 什么都不处理 Dangbei E4:BB:D3:57:C0:7D
