05-29 18:28:00.029 I/BluetoothDevice( 1386): removeBond() for device XX:XX:XX:XX:C0:7D called by pid: 1386 tid: 1386
05-29 18:28:00.033 E/dangbei111( 1386): cccccc 搜索到bond 什么都不处理 Dangbei E4:BB:D3:57:C0:7D
05-29 18:28:00.033 D/nStackXCoAP( 2322): CoapMessageHandler:[133] :2.01
05-29 18:28:00.035 I/bt_btif_dm( 1027): packages/modules/Bluetooth/system/btif/src/btif_dm.cc:695 btif_update_remote_properties: class of device (cod) is 0x00050c
05-29 18:28:00.043 E/dangbei111( 1386): cccccc 检查遥控器是否连接: Dangbei E4:BB:D3:57:C0:7D
05-29 18:28:00.047 E/dangbei111( 1386): cccccc 检查遥控器是否连接: 蓝牙的结果 Dangbei E4:BB:D3:57:C0:7D false
05-29 18:28:00.047 E/dangbei111( 1386): cccccc input中没有遥控器 存在 先什么都不操作 返回false
05-29 18:28:00.049 E/dangbei111( 1386): cccccc 开始扫描
05-29 18:28:00.049 D/BluetoothAdapter( 1386): isLeEnabled(): ON
05-29 18:28:00.051 E/dangbei111( 1386): cccccc scan 得到的设备和状态 Dangbei E4:BB:D3:57:C0:7D 12
05-29 18:28:00.056 E/dangbei111( 1386): cccccc 取消pair Dangbei E4:BB:D3:57:C0:7D 12
05-29 18:28:00.056 I/BluetoothDevice( 1386): removeBond() for device XX:XX:XX:XX:C0:7D called by pid: 1386 tid: 1386
05-29 18:28:00.060 E/dangbei111( 1386): cccccc 搜索到bond 什么都不处理 Dangbei E4:BB:D3:57:C0:7D
05-29 18:28:00.065 I/bt_btif_dm( 1027): packages/modules/Bluetooth/system/btif/src/btif_dm.cc:695 btif_update_remote_properties: class of device (cod) is 0x00050c
05-29 18:28:00.072 E/dangbei111( 1386): cccccc 检查遥控器是否连接: Dangbei E4:BB:D3:57:C0:7D
05-29 18:28:00.077 E/dangbei111( 1386): cccccc 检查遥控器是否连接: 蓝牙的结果 Dangbei E4:BB:D3:57:C0:7D false
05-29 18:28:00.077 E/dangbei111( 1386): cccccc input中没有遥控器 存在 先什么都不操作 返回false
05-29 18:28:00.080 E/dangbei111( 1386): cccccc 开始扫描
05-29 18:28:00.081 D/BluetoothAdapter( 1386): isLeEnabled(): ON
05-29 18:28:00.083 E/dangbei111( 1386): cccccc scan 得到的设备和状态 Dangbei E4:BB:D3:57:C0:7D 12
05-29 18:28:00.088 E/dangbei111( 1386): cccccc 取消pair Dangbei E4:BB:D3:57:C0:7D 12
05-29 18:28:00.088 I/BluetoothDevice( 1386): removeBond() for device XX:XX:XX:XX:C0:7D called by pid: 1386 tid: 1386
05-29 18:28:00.093 I/bt_btif_dm( 1027): packages/modules/Bluetooth/system/btif/src/btif_dm.cc:695 btif_update_remote_properties: class of device (cod) is 0x00050c
05-29 18:28:00.095 E/dangbei111( 1386): cccccc 搜索到bond 什么都不处理 Dangbei E4:BB:D3:57:C0:7D
05-29 18:28:00.103 E/dangbei111( 1386): cccccc 检查遥控器是否连接: Dangbei E4:BB:D3:57:C0:7D
05-29 18:28:00.107 E/dangbei111( 1386): cccccc 检查遥控器是否连接: 蓝牙的结果 Dangbei E4:BB:D3:57:C0:7D false
05-29 18:28:00.107 E/dangbei111( 1386): cccccc input中没有遥控器 存在 先什么都不操作 返回false
05-29 18:28:00.109 E/dangbei111( 1386): cccccc 开始扫描
05-29 18:28:00.109 D/BluetoothAdapter( 1386): isLeEnabled(): ON
05-29 18:28:00.112 E/dangbei111( 1386): cccccc scan 得到的设备和状态 Dangbei E4:BB:D3:57:C0:7D 12
05-29 18:28:00.116 E/dangbei111( 1386): cccccc 取消pair Dangbei E4:BB:D3:57:C0:7D 12
05-29 18:28:00.116 I/BluetoothDevice( 1386): removeBond() for device XX:XX:XX:XX:C0:7D called by pid: 1386 tid: 1386
05-29 18:28:00.120 I/bt_btif_dm( 1027): packages/modules/Bluetooth/system/btif/src/btif_dm.cc:695 btif_update_remote_properties: class of device (cod) is 0x00050c
05-29 18:28:00.122 E/dangbei111( 1386): cccccc 搜索到bond 什么都不处理 Dangbei E4:BB:D3:57:C0:7D
05-29 18:28:00.126 E/dangbei111( 1386): cccccc 检查遥控器是否连接: Dangbei E4:BB:D3:57:C0:7D
05-29 18:28:00.129 E/dangbei111( 1386): cccccc 检查遥控器是否连接: 蓝牙的结果 Dangbei E4:BB:D3:57:C0:7D false
05-29 18:28:00.130 E/dangbei111( 1386): cccccc input中没有遥控器 存在 先什么都不操作 返回false
05-29 18:28:00.133 E/dangbei111( 1386): cccccc 开始扫描
05-29 18:28:00.133 D/BluetoothAdapter( 1386): isLeEnabled(): ON
05-29 18:28:00.135 E/dangbei111( 1386): cccccc scan 得到的设备和状态 Dangbei E4:BB:D3:57:C0:7D 12
05-29 18:28:00.139 E/dangbei111( 1386): cccccc 取消pair Dangbei E4:BB:D3:57:C0:7D 12
05-29 18:28:00.139 I/BluetoothDevice( 1386): removeBond() for device XX:XX:XX:XX:C0:7D called by pid: 1386 tid: 1386
05-29 18:28:00.141 I/WifiHAL ( 501): call wifi_get_link_stats handler
05-29 18:28:00.141 I/WifiHAL ( 501): Creating message to get link statistics; iface = 16
05-29 18:28:00.141 D/WifiHAL ( 501): error code -95 mapped to -3
05-29 18:28:00.141 E/WifiStaIfaceAidlImpl( 700): getLinkLayerStats failed with service-specific exception: android.os.ServiceSpecificException: (code 4)
05-29 18:28:00.144 E/dangbei111( 1386): cccccc 搜索到bond 什么都不处理 Dangbei E4:BB:D3:57:C0:7D
05-29 18:28:00.149 I/bt_btif_dm( 1027): packages/modules/Bluetooth/system/btif/src/btif_dm.cc:695 btif_update_remote_properties: class of device (cod) is 0x00050c
05-29 18:28:00.151 D/InstantWifi( 700): Receive Wifi is connected, freq = 5745 and currentNetworkId : 0, wifiinfo = SSID: , BSSID: 02:00:00:00:00:00, MAC: 02:00:00:00:00:00, IP: /192.168.3.246, Security type: 2, Supplicant state: COMPLETED, Wi-Fi standard: 6, RSSI: -55, Link speed: 1200Mbps, Tx Link speed: 1200Mbps, Max Supported Tx Link speed: 1200Mbps, Rx Link speed: 544Mbps, Max Supported Rx Link speed: 1200Mbps, Frequency: 5745MHz, Net ID: -1, Metered hint: false, score: 60, isUsable: true, CarrierMerged: false, SubscriptionId: -1, IsPrimary: 1, Trusted: true, Restricted: false, Ephemeral: false, OEM paid: false, OEM private: false, OSU AP: false, FQDN: , Provider friendly name: , Requesting package name: MLO Information: , Is TID-To-Link negotiation supported by the AP: false, AP MLD Address: , AP MLO Link Id: , AP MLO Affiliated links:
05-29 18:28:00.155 E/dangbei111( 1386): cccccc 检查遥控器是否连接: Dangbei E4:BB:D3:57:C0:7D
05-29 18:28:00.159 E/dangbei111( 1386): cccccc 检查遥控器是否连接: 蓝牙的结果 Dangbei E4:BB:D3:57:C0:7D false
05-29 18:28:00.159 E/dangbei111( 1386): cccccc input中没有遥控器 存在 先什么都不操作 返回false
05-29 18:28:00.162 E/dangbei111( 1386): cccccc 开始扫描
05-29 18:28:00.162 D/BluetoothAdapter( 1386): isLeEnabled(): ON
05-29 18:28:00.164 E/dangbei111( 1386): cccccc scan 得到的设备和状态 Dangbei E4:BB:D3:57:C0:7D 12
05-29 18:28:00.168 E/dangbei111( 1386): cccccc 取消pair Dangbei E4:BB:D3:57:C0:7D 12
05-29 18:28:00.169 I/BluetoothDevice( 1386): removeBond() for device XX:XX:XX:XX:C0:7D called by pid: 1386 tid: 1386
05-29 18:28:00.169 I/bt_btif_dm( 1027): packages/modules/Bluetooth/system/btif/src/btif_dm.cc:695 btif_update_remote_properties: class of device (cod) is 0x00050c
05-29 18:28:00.176 E/dangbei111( 1386): cccccc 搜索到bond 什么都不处理 Dangbei E4:BB:D3:57:C0:7D
05-29 18:28:00.181 E/dangbei111( 1386): cccccc 检查遥控器是否连接: Dangbei E4:BB:D3:57:C0:7D
05-29 18:28:00.186 E/dangbei111( 1386): cccccc 检查遥控器是否连接: 蓝牙的结果 Dangbei E4:BB:D3:57:C0:7D false
05-29 18:28:00.186 E/dangbei111( 1386): cccccc input中没有遥控器 存在 先什么都不操作 返回false
05-29 18:28:00.189 E/dangbei111( 1386): cccccc 开始扫描
05-29 18:28:00.189 D/BluetoothAdapter( 1386): isLeEnabled(): ON
05-29 18:28:00.191 E/dangbei111( 1386): cccccc scan 得到的设备和状态 Dangbei E4:BB:D3:57:C0:7D 12
05-29 18:28:00.198 I/bt_btif_dm( 1027): packages/modules/Bluetooth/system/btif/src/btif_dm.cc:695 btif_update_remote_properties: class of device (cod) is 0x00050c
05-29 18:28:00.199 E/dangbei111( 1386): cccccc 取消pair Dangbei E4:BB:D3:57:C0:7D 12
05-29 18:28:00.199 I/BluetoothDevice( 1386): removeBond() for device XX:XX:XX:XX:C0:7D called by pid: 1386 tid: 1386
05-29 18:28:00.204 E/dangbei111( 1386): cccccc 搜索到bond 什么都不处理 Dangbei E4:BB:D3:57:C0:7D
05-29 18:28:00.210 E/dangbei111( 1386): cccccc 检查遥控器是否连接: Dangbei E4:BB:D3:57:C0:7D
05-29 18:28:00.213 E/dangbei111( 1386): cccccc 检查遥控器是否连接: 蓝牙的结果 Dangbei E4:BB:D3:57:C0:7D false
05-29 18:28:00.213 E/dangbei111( 1386): cccccc input中没有遥控器 存在 先什么都不操作 返回false
05-29 18:28:00.215 E/dangbei111( 1386): cccccc 开始扫描
05-29 18:28:00.215 D/BluetoothAdapter( 1386): isLeEnabled(): ON
05-29 18:28:00.217 E/dangbei111( 1386): cccccc scan 得到的设备和状态 Dangbei E4:BB:D3:57:C0:7D 12
05-29 18:28:00.219 I/bt_btif_dm( 1027): packages/modules/Bluetooth/system/btif/src/btif_dm.cc:695 btif_update_remote_properties: class of device (cod) is 0x00050c
05-29 18:28:00.221 E/dangbei111( 1386): cccccc 取消pair Dangbei E4:BB:D3:57:C0:7D 12
05-29 18:28:00.221 I/BluetoothDevice( 1386): removeBond() for device XX:XX:XX:XX:C0:7D called by pid: 1386 tid: 1386
05-29 18:28:00.224 E/dangbei111( 1386): cccccc 搜索到bond 什么都不处理 Dangbei E4:BB:D3:57:C0:7D
05-29 18:28:00.228 E/dangbei111( 1386): cccccc 检查遥控器是否连接: Dangbei E4:BB:D3:57:C0:7D
05-29 18:28:00.231 E/dangbei111( 1386): cccccc 检查遥控器是否连接: 蓝牙的结果 Dangbei E4:BB:D3:57:C0:7D false
05-29 18:28:00.231 E/dangbei111( 1386): cccccc input中没有遥控器 存在 先什么都不操作 返回false
05-29 18:28:00.233 E/dangbei111( 1386): cccccc 开始扫描
05-29 18:28:00.233 D/BluetoothAdapter( 1386): isLeEnabled(): ON
05-29 18:28:00.234 E/dangbei111( 1386): cccccc scan 得到的设备和状态 Dangbei E4:BB:D3:57:C0:7D 12
05-29 18:28:00.239 E/dangbei111( 1386): cccccc 取消pair Dangbei E4:BB:D3:57:C0:7D 12
05-29 18:28:00.239 I/BluetoothDevice( 1386): removeBond() for device XX:XX:XX:XX:C0:7D called by pid: 1386 tid: 1386
05-29 18:28:00.243 E/dangbei111( 1386): cccccc 搜索到bond 什么都不处理 Dangbei E4:BB:D3:57:C0:7D
05-29 18:28:00.248 I/bt_btif_dm( 1027): packages/modules/Bluetooth/system/btif/src/btif_dm.cc:695 btif_update_remote_properties: class of device (cod) is 0x00050c
05-29 18:28:00.254 E/dangbei111( 1386): cccccc 检查遥控器是否连接: Dangbei E4:BB:D3:57:C0:7D
05-29 18:28:00.257 E/dangbei111( 1386): cccccc 检查遥控器是否连接: 蓝牙的结果 Dangbei E4:BB:D3:57:C0:7D false
05-29 18:28:00.257 E/dangbei111( 1386): cccccc input中没有遥控器 存在 先什么都不操作 返回false
05-29 18:28:00.259 E/dangbei111( 1386): cccccc 开始扫描
05-29 18:28:00.259 D/BluetoothAdapter( 1386): isLeEnabled(): ON
05-29 18:28:00.261 E/dangbei111( 1386): cccccc scan 得到的设备和状态 Dangbei E4:BB:D3:57:C0:7D 12
05-29 18:28:00.264 E/dangbei111( 1386): cccccc 取消pair Dangbei E4:BB:D3:57:C0:7D 12
05-29 18:28:00.264 I/BluetoothDevice( 1386): removeBond() for device XX:XX:XX:XX:C0:7D called by pid: 1386 tid: 1386
05-29 18:28:00.269 I/bt_btif_dm( 1027): packages/modules/Bluetooth/system/btif/src/btif_dm.cc:695 btif_update_remote_properties: class of device (cod) is 0x00050c
05-29 18:28:00.269 E/dangbei111( 1386): cccccc 搜索到bond 什么都不处理 Dangbei E4:BB:D3:57:C0:7D
05-29 18:28:00.277 E/dangbei111( 1386): cccccc 检查遥控器是否连接: Dangbei E4:BB:D3:57:C0:7D
05-29 18:28:00.282 E/dangbei111( 1386): cccccc 检查遥控器是否连接: 蓝牙的结果 Dangbei E4:BB:D3:57:C0:7D false
05-29 18:28:00.282 E/dangbei111( 1386): cccccc input中没有遥控器 存在 先什么都不操作 返回false
05-29 18:28:00.285 E/dangbei111( 1386): cccccc 开始扫描
05-29 18:28:00.285 D/BluetoothAdapter( 1386): isLeEnabled(): ON
05-29 18:28:00.287 E/dangbei111( 1386): cccccc scan 得到的设备和状态 Dangbei E4:BB:D3:57:C0:7D 12
05-29 18:28:00.292 E/dangbei111( 1386): cccccc 取消pair Dangbei E4:BB:D3:57:C0:7D 12
05-29 18:28:00.293 I/BluetoothDevice( 1386): removeBond() for device XX:XX:XX:XX:C0:7D called by pid: 1386 tid: 1386
05-29 18:28:00.297 E/dangbei111( 1386): cccccc 搜索到bond 什么都不处理 Dangbei E4:BB:D3:57:C0:7D
05-29 18:28:00.315 I/bt_btif_dm( 1027): packages/modules/Bluetooth/system/btif/src/btif_dm.cc:695 btif_update_remote_properties: class of device (cod) is 0x00050c
05-29 18:28:00.320 E/dangbei111( 1386): cccccc 检查遥控器是否连接: Dangbei E4:BB:D3:57:C0:7D
05-29 18:28:00.323 E/dangbei111( 1386): cccccc 检查遥控器是否连接: 蓝牙的结果 Dangbei E4:BB:D3:57:C0:7D false
05-29 18:28:00.323 E/dangbei111( 1386): cccccc input中没有遥控器 存在 先什么都不操作 返回false
05-29 18:28:00.324 E/dangbei111( 1386): cccccc 开始扫描
05-29 18:28:00.324 D/BluetoothAdapter( 1386): isLeEnabled(): ON
05-29 18:28:00.327 E/dangbei111( 1386): cccccc scan 得到的设备和状态 Dangbei E4:BB:D3:57:C0:7D 12
05-29 18:28:00.330 E/dangbei111( 1386): cccccc 取消pair Dangbei E4:BB:D3:57:C0:7D 12
05-29 18:28:00.330 I/BluetoothDevice( 1386): removeBond() for device XX:XX:XX:XX:C0:7D called by pid: 1386 tid: 1386
05-29 18:28:00.335 E/dangbei111( 1386): cccccc 搜索到bond 什么都不处理 Dangbei E4:BB:D3:57:C0:7D
05-29 18:28:00.356 I/bt_btif_dm( 1027): packages/modules/Bluetooth/system/btif/src/btif_dm.cc:695 btif_update_remote_properties: class of device (cod) is 0x00050c
05-29 18:28:00.362 E/dangbei111( 1386): cccccc 检查遥控器是否连接: Dangbei E4:BB:D3:57:C0:7D
05-29 18:28:00.365 E/dangbei111( 1386): cccccc 检查遥控器是否连接: 蓝牙的结果 Dangbei E4:BB:D3:57:C0:7D false
05-29 18:28:00.365 E/dangbei111( 1386): cccccc input中没有遥控器 存在 先什么都不操作 返回false
05-29 18:28:00.367 E/dangbei111( 1386): cccccc 开始扫描
05-29 18:28:00.367 D/BluetoothAdapter( 1386): isLeEnabled(): ON
05-29 18:28:00.370 E/dangbei111( 1386): cccccc scan 得到的设备和状态 Dangbei E4:BB:D3:57:C0:7D 12
05-29 18:28:00.375 E/dangbei111( 1386): cccccc 取消pair Dangbei E4:BB:D3:57:C0:7D 12
05-29 18:28:00.376 I/BluetoothDevice( 1386): removeBond() for device XX:XX:XX:XX:C0:7D called by pid: 1386 tid: 1386
05-29 18:28:00.380 E/dangbei111( 1386): cccccc 搜索到bond 什么都不处理 Dangbei E4:BB:D3:57:C0:7D
05-29 18:28:00.383 I/bt_btif_dm( 1027): packages/modules/Bluetooth/system/btif/src/btif_dm.cc:695 btif_update_remote_properties: class of device (cod) is 0x00050c
05-29 18:28:00.393 E/dangbei111( 1386): cccccc 检查遥控器是否连接: Dangbei E4:BB:D3:57:C0:7D
05-29 18:28:00.398 E/dangbei111( 1386): cccccc 检查遥控器是否连接: 蓝牙的结果 Dangbei E4:BB:D3:57:C0:7D false
05-29 18:28:00.398 E/dangbei111( 1386): cccccc input中没有遥控器 存在 先什么都不操作 返回false
05-29 18:28:00.401 E/dangbei111( 1386): cccccc 开始扫描
05-29 18:28:00.402 D/BluetoothAdapter( 1386): isLeEnabled(): ON
05-29 18:28:00.404 E/dangbei111( 1386): cccccc scan 得到的设备和状态 Dangbei E4:BB:D3:57:C0:7D 12
05-29 18:28:00.408 E/dangbei111( 1386): cccccc 取消pair Dangbei E4:BB:D3:57:C0:7D 12
05-29 18:28:00.408 I/BluetoothDevice( 1386): removeBond() for device XX:XX:XX:XX:C0:7D called by pid: 1386 tid: 1386
05-29 18:28:00.409 I/bt_btif_dm( 1027): packages/modules/Bluetooth/system/btif/src/btif_dm.cc:695 btif_update_remote_properties: class of device (cod) is 0x00050c
05-29 18:28:00.413 E/dangbei111( 1386): cccccc 搜索到bond 什么都不处理 Dangbei E4:BB:D3:57:C0:7D
05-29 18:28:00.418 E/dangbei111( 1386): cccccc 检查遥控器是否连接: Dangbei E4:BB:D3:57:C0:7D
05-29 18:28:00.421 E/dangbei111( 1386): cccccc 检查遥控器是否连接: 蓝牙的结果 Dangbei E4:BB:D3:57:C0:7D false
05-29 18:28:00.421 E/dangbei111( 1386): cccccc input中没有遥控器 存在 先什么都不操作 返回false
05-29 18:28:00.423 E/dangbei111( 1386): cccccc 开始扫描
05-29 18:28:00.423 D/BluetoothAdapter( 1386): isLeEnabled(): ON
05-29 18:28:00.425 E/dangbei111( 1386): cccccc scan 得到的设备和状态 Dangbei E4:BB:D3:57:C0:7D 12
05-29 18:28:00.429 E/dangbei111( 1386): cccccc 取消pair Dangbei E4:BB:D3:57:C0:7D 12
05-29 18:28:00.429 I/BluetoothDevice( 1386): removeBond() for device XX:XX:XX:XX:C0:7D called by pid: 1386 tid: 1386
05-29 18:28:00.433 E/dangbei111( 1386): cccccc 搜索到bond 什么都不处理 Dangbei E4:BB:D3:57:C0:7D
05-29 18:28:00.435 I/bt_btif_dm( 1027): packages/modules/Bluetooth/system/btif/src/btif_dm.cc:695 btif_update_remote_properties: class of device (cod) is 0x00050c
05-29 18:28:00.445 E/dangbei111( 1386): cccccc 检查遥控器是否连接: Dangbei E4:BB:D3:57:C0:7D
05-29 18:28:00.448 E/dangbei111( 1386): cccccc 检查遥控器是否连接: 蓝牙的结果 Dangbei E4:BB:D3:57:C0:7D false
05-29 18:28:00.448 E/dangbei111( 1386): cccccc input中没有遥控器 存在 先什么都不操作 返回false
05-29 18:28:00.450 E/dangbei111( 1386): cccccc 开始扫描
05-29 18:28:00.450 D/BluetoothAdapter( 1386): isLeEnabled(): ON
05-29 18:28:00.453 E/dangbei111( 1386): cccccc scan 得到的设备和状态 Dangbei E4:BB:D3:57:C0:7D 12
05-29 18:28:00.457 E/dangbei111( 1386): cccccc 取消pair Dangbei E4:BB:D3:57:C0:7D 12
05-29 18:28:00.457 I/BluetoothDevice( 1386): removeBond() for device XX:XX:XX:XX:C0:7D called by pid: 1386 tid: 1386
05-29 18:28:00.461 I/bt_btif_dm( 1027): packages/modules/Bluetooth/system/btif/src/btif_dm.cc:695 btif_update_remote_properties: class of device (cod) is 0x00050c
05-29 18:28:00.462 E/dangbei111( 1386): cccccc 搜索到bond 什么都不处理 Dangbei E4:BB:D3:57:C0:7D
05-29 18:28:00.467 E/dangbei111( 1386): cccccc 检查遥控器是否连接: Dangbei E4:BB:D3:57:C0:7D
05-29 18:28:00.471 E/dangbei111( 1386): cccccc 检查遥控器是否连接: 蓝牙的结果 Dangbei E4:BB:D3:57:C0:7D false
05-29 18:28:00.471 E/dangbei111( 1386): cccccc input中没有遥控器 存在 先什么都不操作 返回false
05-29 18:28:00.474 E/dangbei111( 1386): cccccc 开始扫描
05-29 18:28:00.474 D/BluetoothAdapter( 1386): isLeEnabled(): ON
05-29 18:28:00.476 E/dangbei111( 1386): cccccc scan 得到的设备和状态 Dangbei E4:BB:D3:57:C0:7D 12
05-29 18:28:00.482 E/dangbei111( 1386): cccccc 取消pair Dangbei E4:BB:D3:57:C0:7D 12
05-29 18:28:00.483 I/BluetoothDevice( 1386): removeBond() for device XX:XX:XX:XX:C0:7D called by pid: 1386 tid: 1386
05-29 18:28:00.486 I/bt_btif_dm( 1027): packages/modules/Bluetooth/system/btif/src/btif_dm.cc:695 btif_update_remote_properties: class of device (cod) is 0x00050c
05-29 18:28:00.489 E/dangbei111( 1386): cccccc 搜索到bond 什么都不处理 Dangbei E4:BB:D3:57:C0:7D
05-29 18:28:00.494 E/dangbei111( 1386): cccccc 检查遥控器是否连接: Dangbei E4:BB:D3:57:C0:7D
05-29 18:28:00.497 E/dangbei111( 1386): cccccc 检查遥控器是否连接: 蓝牙的结果 Dangbei E4:BB:D3:57:C0:7D false
05-29 18:28:00.498 E/dangbei111( 1386): cccccc input中没有遥控器 存在 先什么都不操作 返回false
05-29 18:28:00.500 E/dangbei111( 1386): cccccc 开始扫描
05-29 18:28:00.500 D/BluetoothAdapter( 1386): isLeEnabled(): ON
05-29 18:28:00.502 E/dangbei111( 1386): cccccc scan 得到的设备和状态 Dangbei E4:BB:D3:57:C0:7D 12
05-29 18:28:00.503 D/nStackXCoAP( 2322): IsInSameNetwork:[276] :IsInSameNetwork exec
05-29 18:28:00.503 I/nStackXDFinder( 2322): GetLocalInterfaceDetail:[461] :GetLocalInterfaceDetail in
05-29 18:28:00.503 E/nStackXCoAP( 2322): IsInSameNetwork:[281] :IsInSameNetwork: not priority process
05-29 18:28:00.503 D/nStackXCoAP( 2322): ParseServiceDiscover:[330] :new device join
05-29 18:28:00.503 E/nStackXDFinder( 2322): GetLocalIp:[401] :GetLocalIp exec
05-29 18:28:00.507 E/dangbei111( 1386): cccccc 取消pair Dangbei E4:BB:D3:57:C0:7D 12
05-29 18:28:00.507 I/BluetoothDevice( 1386): removeBond() for device XX:XX:XX:XX:C0:7D called by pid: 1386 tid: 1386
05-29 18:28:00.513 I/bt_btif_dm( 1027): packages/modules/Bluetooth/system/btif/src/btif_dm.cc:695 btif_update_remote_properties: class of device (cod) is 0x00050c
05-29 18:28:00.516 E/dangbei111( 1386): cccccc 搜索到bond 什么都不处理 Dangbei E4:BB:D3:57:C0:7D
05-29 18:28:00.522 E/dangbei111( 1386): cccccc 检查遥控器是否连接: Dangbei E4:BB:D3:57:C0:7D
05-29 18:28:00.526 E/dangbei111( 1386): cccccc 检查遥控器是否连接: 蓝牙的结果 Dangbei E4:BB:D3:57:C0:7D false
05-29 18:28:00.526 E/dangbei111( 1386): cccccc input中没有遥控器 存在 先什么都不操作 返回false
05-29 18:28:00.528 E/dangbei111( 1386): cccccc 开始扫描
05-29 18:28:00.528 D/BluetoothAdapter( 1386): isLeEnabled(): ON
05-29 18:28:00.530 E/dangbei111( 1386): cccccc scan 得到的设备和状态 Dangbei E4:BB:D3:57:C0:7D 12
05-29 18:28:00.534 E/dangbei111( 1386): cccccc 取消pair Dangbei E4:BB:D3:57:C0:7D 12
05-29 18:28:00.534 I/BluetoothDevice( 1386): removeBond() for device XX:XX:XX:XX:C0:7D called by pid: 1386 tid: 1386
05-29 18:28:00.538 E/dangbei111( 1386): cccccc 搜索到bond 什么都不处理 Dangbei E4:BB:D3:57:C0:7D
05-29 18:28:00.560 I/bt_btif_dm( 1027): packages/modules/Bluetooth/system/btif/src/btif_dm.cc:695 btif_update_remote_properties: class of device (cod) is 0x00050c
05-29 18:28:00.569 E/dangbei111( 1386): cccccc 检查遥控器是否连接: Dangbei E4:BB:D3:57:C0:7D
05-29 18:28:00.572 E/dangbei111( 1386): cccccc 检查遥控器是否连接: 蓝牙的结果 Dangbei E4:BB:D3:57:C0:7D false
05-29 18:28:00.573 E/dangbei111( 1386): cccccc input中没有遥控器 存在 先什么都不操作 返回false
05-29 18:28:00.575 E/dangbei111( 1386): cccccc 开始扫描
05-29 18:28:00.575 D/BluetoothAdapter( 1386): isLeEnabled(): ON
05-29 18:28:00.577 E/dangbei111( 1386): cccccc scan 得到的设备和状态 Dangbei E4:BB:D3:57:C0:7D 12
05-29 18:28:00.582 E/dangbei111( 1386): cccccc 取消pair Dangbei E4:BB:D3:57:C0:7D 12
05-29 18:28:00.582 I/BluetoothDevice( 1386): removeBond() for device XX:XX:XX:XX:C0:7D called by pid: 1386 tid: 1386
05-29 18:28:00.586 E/dangbei111( 1386): cccccc 搜索到bond 什么都不处理 Dangbei E4:BB:D3:57:C0:7D
05-29 18:28:00.590 I/bt_btif_dm( 1027): packages/modules/Bluetooth/system/btif/src/btif_dm.cc:695 btif_update_remote_properties: class of device (cod) is 0x00050c
05-29 18:28:00.598 E/dangbei111( 1386): cccccc 检查遥控器是否连接: Dangbei E4:BB:D3:57:C0:7D
05-29 18:28:00.601 D/nStackXCoAP( 2322): CoapMessageHandler:[133] :2.01
05-29 18:28:00.602 E/dangbei111( 1386): cccccc 检查遥控器是否连接: 蓝牙的结果 Dangbei E4:BB:D3:57:C0:7D false
05-29 18:28:00.602 E/dangbei111( 1386): cccccc input中没有遥控器 存在 先什么都不操作 返回false
05-29 18:28:00.604 E/dangbei111( 1386): cccccc 开始扫描
05-29 18:28:00.605 D/BluetoothAdapter( 1386): isLeEnabled(): ON
05-29 18:28:00.607 E/dangbei111( 1386): cccccc scan 得到的设备和状态 Dangbei E4:BB:D3:57:C0:7D 12
05-29 18:28:00.611 E/dangbei111( 1386): cccccc 取消pair Dangbei E4:BB:D3:57:C0:7D 12
05-29 18:28:00.611 I/BluetoothDevice( 1386): removeBond() for device XX:XX:XX:XX:C0:7D called by pid: 1386 tid: 1386
05-29 18:28:00.618 E/dangbei111( 1386): cccccc 搜索到bond 什么都不处理 Dangbei E4:BB:D3:57:C0:7D
05-29 18:28:00.619 I/bt_btif_dm( 1027): packages/modules/Bluetooth/system/btif/src/btif_dm.cc:695 btif_update_remote_properties: class of device (cod) is 0x00050c
05-29 18:28:00.625 E/dangbei111( 1386): cccccc 检查遥控器是否连接: Dangbei E4:BB:D3:57:C0:7D
05-29 18:28:00.629 E/dangbei111( 1386): cccccc 检查遥控器是否连接: 蓝牙的结果 Dangbei E4:BB:D3:57:C0:7D false
05-29 18:28:00.630 E/dangbei111( 1386): cccccc input中没有遥控器 存在 先什么都不操作 返回false
05-29 18:28:00.632 E/dangbei111( 1386): cccccc 开始扫描
05-29 18:28:00.632 D/BluetoothAdapter( 1386): isLeEnabled(): ON
05-29 18:28:00.634 E/dangbei111( 1386): cccccc scan 得到的设备和状态 Dangbei E4:BB:D3:57:C0:7D 12
05-29 18:28:00.639 E/dangbei111( 1386): cccccc 取消pair Dangbei E4:BB:D3:57:C0:7D 12
05-29 18:28:00.640 I/BluetoothDevice( 1386): removeBond() for device XX:XX:XX:XX:C0:7D called by pid: 1386 tid: 1386
05-29 18:28:00.644 E/dangbei111( 1386): cccccc 搜索到bond 什么都不处理 Dangbei E4:BB:D3:57:C0:7D
05-29 18:28:00.648 I/bt_btif_dm( 1027): packages/modules/Bluetooth/system/btif/src/btif_dm.cc:695 btif_update_remote_properties: class of device (cod) is 0x00050c
05-29 18:28:00.657 E/dangbei111( 1386): cccccc 检查遥控器是否连接: Dangbei E4:BB:D3:57:C0:7D
05-29 18:28:00.662 E/dangbei111( 1386): cccccc 检查遥控器是否连接: 蓝牙的结果 Dangbei E4:BB:D3:57:C0:7D false
05-29 18:28:00.662 E/dangbei111( 1386): cccccc input中没有遥控器 存在 先什么都不操作 返回false
05-29 18:28:00.665 E/dangbei111( 1386): cccccc 开始扫描
05-29 18:28:00.665 D/BluetoothAdapter( 1386): isLeEnabled(): ON
05-29 18:28:00.667 E/dangbei111( 1386): cccccc scan 得到的设备和状态 Dangbei E4:BB:D3:57:C0:7D 12
05-29 18:28:00.670 I/bt_btif_dm( 1027): packages/modules/Bluetooth/system/btif/src/btif_dm.cc:695 btif_update_remote_properties: class of device (cod) is 0x00050c
05-29 18:28:00.672 E/dangbei111( 1386): cccccc 取消pair Dangbei E4:BB:D3:57:C0:7D 12
05-29 18:28:00.672 I/BluetoothDevice( 1386): removeBond() for device XX:XX:XX:XX:C0:7D called by pid: 1386 tid: 1386
05-29 18:28:00.676 E/dangbei111( 1386): cccccc 搜索到bond 什么都不处理 Dangbei E4:BB:D3:57:C0:7D
05-29 18:28:00.681 E/dangbei111( 1386): cccccc 检查遥控器是否连接: Dangbei E4:BB:D3:57:C0:7D
05-29 18:28:00.685 E/dangbei111( 1386): cccccc 检查遥控器是否连接: 蓝牙的结果 Dangbei E4:BB:D3:57:C0:7D false
05-29 18:28:00.685 E/dangbei111( 1386): cccccc input中没有遥控器 存在 先什么都不操作 返回false
05-29 18:28:00.687 E/dangbei111( 1386): cccccc 开始扫描
05-29 18:28:00.688 D/BluetoothAdapter( 1386): isLeEnabled(): ON
05-29 18:28:00.690 E/dangbei111( 1386): cccccc scan 得到的设备和状态 Dangbei E4:BB:D3:57:C0:7D 12
05-29 18:28:00.695 E/dangbei111( 1386): cccccc 取消pair Dangbei E4:BB:D3:57:C0:7D 12
05-29 18:28:00.695 I/BluetoothDevice( 1386): removeBond() for device XX:XX:XX:XX:C0:7D called by pid: 1386 tid: 1386
05-29 18:28:00.701 E/dangbei111( 1386): cccccc 搜索到bond 什么都不处理 Dangbei E4:BB:D3:57:C0:7D
05-29 18:28:00.906 D/nStackXCoAP( 2322): IsInSameNetwork:[276] :IsInSameNetwork exec
05-29 18:28:00.906 I/nStackXDFinder( 2322): GetLocalInterfaceDetail:[461] :GetLocalInterfaceDetail in
05-29 18:28:00.906 E/nStackXCoAP( 2322): IsInSameNetwork:[281] :IsInSameNetwork: not priority process
05-29 18:28:00.906 D/nStackXCoAP( 2322): ParseServiceDiscover:[330] :new device join
05-29 18:28:00.906 E/nStackXDFinder( 2322): GetLocalIp:[401] :GetLocalIp exec
05-29 18:28:01.034 D/nStackXCoAP( 2322): CoapMessageHandler:[133] :2.01
05-29 18:28:01.113 I/bt_btif_dm( 1027): packages/modules/Bluetooth/system/btif/src/btif_dm.cc:695 btif_update_remote_properties: class of device (cod) is 0x00050c
05-29 18:28:01.974 I/bt_btif_dm( 1027): packages/modules/Bluetooth/system/btif/src/btif_dm.cc:691 btif_update_remote_properties: cod from storage is also unclassified
05-29 18:28:02.009 I/bt_btif_dm( 1027): packages/modules/Bluetooth/system/btif/src/btif_dm.cc:695 btif_update_remote_properties: class of device (cod) is 0x00050c
05-29 18:28:02.354 I/bt_btif_dm( 1027): packages/modules/Bluetooth/system/btif/src/btif_dm.cc:695 btif_update_remote_properties: class of device (cod) is 0x00050c
05-29 18:28:03.149 I/WifiHAL ( 501): call wifi_get_link_stats handler
05-29 18:28:03.149 I/WifiHAL ( 501): Creating message to get link statistics; iface = 16
05-29 18:28:03.150 D/WifiHAL ( 501): error code -95 mapped to -3
05-29 18:28:03.150 E/WifiStaIfaceAidlImpl( 700): getLinkLayerStats failed with service-specific exception: android.os.ServiceSpecificException: (code 4)
05-29 18:28:03.558 D/OomAdjuster( 700): Not killing cached processes
05-29 18:28:04.125 I/bt_btif_dm( 1027): packages/modules/Bluetooth/system/btif/src/btif_dm.cc:695 btif_update_remote_properties: class of device (cod) is 0x00050c
05-29 18:28:05.233 I/ActivityManager( 700): Background started FGS: Allowed [callingPackage: com.dangbei.screencast; callingUid: 10044; uidState: FGS ; uidBFSL: [BFSL]; intent: Intent { cmp=com.dangbei.screencast/.startup.GuardService }; code:PROC_STATE_FGS; tempAllowListReason:; targetSdkVersion:28; callerTargetSdkVersion:28; startForegroundCount:0; bindFromPackage:null: isBindService:false]
05-29 18:28:05.235 D/CompatibilityChangeReporter( 700): Compat change id reported: 135634846; UID 10044; state: DISABLED
05-29 18:28:05.236 D/CompatibilityChangeReporter( 700): Compat change id reported: 143937733; UID 10044; state: DISABLED
05-29 18:28:05.251 I/serviceDiscovery( 700): [MdnsAdvertiser] Removing service with ID 5
05-29 18:28:05.252 I/serviceDiscovery( 700): [MdnsAdvertiser] Removing service with ID 4
05-29 18:28:05.253 I/serviceDiscovery( 700): [MdnsAdvertiser] Removing service with ID 3
05-29 18:28:05.254 W/System.err( 2078): java.net.SocketException: Socket closed
05-29 18:28:05.257 W/System.err( 2078): at java.net.PlainSocketImpl.socketAccept(PlainSocketImpl.java:213)
05-29 18:28:05.257 W/System.err( 2078): at java.net.AbstractPlainSocketImpl.accept(AbstractPlainSocketImpl.java:451)
05-29 18:28:05.257 W/System.err( 2078): at java.net.ServerSocket.implAccept(ServerSocket.java:569)
05-29 18:28:05.257 W/System.err( 2078): at java.net.ServerSocket.accept(ServerSocket.java:537)
05-29 18:28:05.257 W/System.err( 2078): at b.f.f.t.f.run(Unknown Source:40)
05-29 18:28:05.257 W/System.err( 2078): at java.lang.Thread.run(Thread.java:1012)
05-29 18:28:05.259 W/UpnpServiceImpl( 2078): >>> Shutting down UPnP service...
05-29 18:28:05.259 D/Zygote ( 464): Forked child process 2543
05-29 18:28:05.260 I/ActivityManager( 700): Start proc 2543:com.dangbei.screencast:bg_guard/u0a44 for service {com.dangbei.screencast/com.dangbei.screencast.startup.GuardService}
05-29 18:28:05.263 W/AbstractChannel( 2078): Can't invoke task later as EventLoop rejected it
05-29 18:28:05.263 W/AbstractChannel( 2078): java.util.concurrent.RejectedExecutionException: event executor terminated
05-29 18:28:05.263 W/AbstractChannel( 2078): at io.netty.util.concurrent.SingleThreadEventExecutor.reject(Unknown Source:4)
05-29 18:28:05.263 W/AbstractChannel( 2078): at io.netty.util.concurrent.SingleThreadEventExecutor.offerTask(Unknown Source:6)
05-29 18:28:05.263 W/AbstractChannel( 2078): at io.netty.util.concurrent.SingleThreadEventExecutor.addTask(Unknown Source:5)
05-29 18:28:05.263 W/AbstractChannel( 2078): at io.netty.util.concurrent.SingleThreadEventExecutor.execute(Unknown Source:4)
05-29 18:28:05.263 W/AbstractChannel( 2078): at io.netty.util.concurrent.SingleThreadEventExecutor.execute(Unknown Source:18)
05-29 18:28:05.263 W/AbstractChannel( 2078): at io.netty.channel.AbstractChannel$AbstractUnsafe.invokeLater(Unknown Source:6)
05-29 18:28:05.263 W/AbstractChannel( 2078): at io.netty.channel.AbstractChannel$AbstractUnsafe.deregister(Unknown Source:24)
05-29 18:28:05.263 W/AbstractChannel( 2078): at io.netty.channel.AbstractChannel$AbstractUnsafe.fireChannelInactiveAndDeregister(Unknown Source:17)
05-29 18:28:05.263 W/AbstractChannel( 2078): at io.netty.channel.AbstractChannel$AbstractUnsafe.close(Unknown Source:112)
05-29 18:28:05.263 W/AbstractChannel( 2078): at io.netty.channel.AbstractChannel$AbstractUnsafe.close(Unknown Source:12)
05-29 18:28:05.263 W/AbstractChannel( 2078): at io.netty.channel.nio.NioEventLoop.closeAll(Unknown Source:86)
05-29 18:28:05.263 W/AbstractChannel( 2078): at io.netty.channel.nio.NioEventLoop.run(Unknown Source:202)
05-29 18:28:05.263 W/AbstractChannel( 2078): at io.netty.util.concurrent.SingleThreadEventExecutor$4.run(Unknown Source:41)
05-29 18:28:05.263 W/AbstractChannel( 2078): at io.netty.util.internal.ThreadExecutorMap$2.run(Unknown Source:8)
05-29 18:28:05.263 W/AbstractChannel( 2078): at io.netty.util.concurrent.FastThreadLocalRunnable.run(Unknown Source:2)
05-29 18:28:05.263 W/AbstractChannel( 2078): at java.lang.Thread.run(Thread.java:1012)
05-29 18:28:05.266 I/Zygote ( 2543): seccomp disabled by setenforce 0
05-29 18:28:05.268 I/shutdown-name( 2078): type=1400 audit(0.0:888): avc: denied { search } for name="net" dev="sysfs" ino=12345 scontext=u:r:untrusted_app_27:s0:c44,c256,c512,c768 tcontext=u:object_r:sysfs_net:s0 tclass=dir permissive=1 app=com.dangbei.screencast
05-29 18:28:05.274 I/encast:bg_guard( 2543): Using CollectorTypeCC GC.
05-29 18:28:05.277 E/raop ( 2078): httpd_stop running 1 joined 0
05-29 18:28:05.277 E/raop ( 2078): httpd_stop connection->socket_fd=0
05-29 18:28:05.277 E/raop ( 2078): httpd_stop connection->socket_fd=0
05-29 18:28:05.277 E/raop ( 2078): httpd_stop connection->socket_fd=0
05-29 18:28:05.277 E/raop ( 2078): httpd_stop connection->socket_fd=0
05-29 18:28:05.277 E/raop ( 2078): httpd_stop connection->socket_fd=0
05-29 18:28:05.277 E/raop ( 2078): httpd_stop connection->socket_fd=0
05-29 18:28:05.277 E/raop ( 2078): httpd_stop connection->socket_fd=0
05-29 18:28:05.277 E/raop ( 2078): httpd_stop connection->socket_fd=0
05-29 18:28:05.277 E/raop ( 2078): httpd_stop connection->socket_fd=0
05-29 18:28:05.277 E/raop ( 2078): httpd_stop connection->socket_fd=0
05-29 18:28:05.282 E/encast:bg_guard( 2543): Not starting debugger since process cannot load the jdwp agent.
05-29 18:28:05.292 D/CompatibilityChangeReporter( 700): Compat change id reported: 168419799; UID 10044; state: DISABLED
05-29 18:28:05.292 D/CompatibilityChangeReporter( 700): Compat change id reported: 273564678; UID 10044; state: DISABLED
05-29 18:28:05.296 D/CompatibilityChangeReporter( 2543): Compat change id reported: 171979766; UID 10044; state: DISABLED
05-29 18:28:05.296 D/CompatibilityChangeReporter( 2543): Compat change id reported: 242716250; UID 10044; state: DISABLED
05-29 18:28:05.300 D/CompatibilityChangeReporter( 700): Compat change id reported: 170503758; UID 10044; state: DISABLED
05-29 18:28:05.302 D/ApplicationLoaders( 2543): Returning zygote-cached class loader: /system/framework/android.test.base.jar
05-29 18:28:05.302 D/ApplicationLoaders( 2543): Returning zygote-cached class loader: /system/framework/android.hidl.manager-V1.0-java.jar
05-29 18:28:05.302 D/ApplicationLoaders( 2543): Returning zygote-cached class loader: /system/framework/android.hidl.base-V1.0-java.jar
05-29 18:28:05.311 D/nativeloader( 2543): Configuring clns-shared-4 for other apk /system/app/dangbei-screencast/dangbei-screencast.apk. target_sdk_version=28, uses_libraries=, library_path=/system/app/dangbei-screencast/lib/arm:/system/app/dangbei-screencast/dangbei-screencast.apk!/lib/armeabi-v7a:/system/lib:/system_ext/lib, permitted_path=/data:/mnt/expand:/data/user/0/com.dangbei.screencast:/system/app/dangbei-screencast:/system/lib:/system_ext/lib
05-29 18:28:05.308 I/rainbow_flow( 2181): type=1400 audit(0.0:889): avc: denied { ioctl } for path="/dev/spidev1.0" dev="tmpfs" ino=531 ioctlcmd=0x6b00 scontext=u:r:init:s0 tcontext=u:object_r:device:s0 tclass=chr_file permissive=1
05-29 18:28:05.344 V/GraphicsEnvironment( 2543): Currently set values for:
05-29 18:28:05.344 V/GraphicsEnvironment( 2543): angle_gl_driver_selection_pkgs=[]
05-29 18:28:05.344 V/GraphicsEnvironment( 2543): angle_gl_driver_selection_values=[]
05-29 18:28:05.345 V/GraphicsEnvironment( 2543): ANGLE GameManagerService for com.dangbei.screencast: false
05-29 18:28:05.345 V/GraphicsEnvironment( 2543): com.dangbei.screencast is not listed in per-application setting
05-29 18:28:05.345 V/GraphicsEnvironment( 2543): Neither updatable production driver nor prerelease driver is supported.
05-29 18:28:05.349 I/MultiDex( 2543): VM with version 2.1.0 has multidex support
05-29 18:28:05.349 I/MultiDex( 2543): Installing application
05-29 18:28:05.349 I/MultiDex( 2543): VM has multidex support, MultiDex support library is disabled.
05-29 18:28:05.350 D/CompatibilityChangeReporter( 2543): Compat change id reported: 247079863; UID 10044; state: DISABLED
05-29 18:28:05.353 I/bt_btif_dm( 1027): packages/modules/Bluetooth/system/btif/src/btif_dm.cc:695 btif_update_remote_properties: class of device (cod) is 0x00050c
05-29 18:28:05.360 D/CompatibilityChangeReporter( 700): Compat change id reported: 161145287; UID 10044; state: DISABLED
05-29 18:28:05.380 I/encast:bg_guard( 2543): type=1400 audit(0.0:890): avc: denied { read } for name="address" dev="sysfs" ino=22127 scontext=u:r:untrusted_app_27:s0:c44,c256,c512,c768 tcontext=u:object_r:sysfs_net:s0 tclass=file permissive=1 app=com.dangbei.screencast
05-29 18:28:05.380 I/encast:bg_guard( 2543): type=1400 audit(0.0:891): avc: denied { open } for path="/sys/devices/virtual/net/dummy0/address" dev="sysfs" ino=22127 scontext=u:r:untrusted_app_27:s0:c44,c256,c512,c768 tcontext=u:object_r:sysfs_net:s0 tclass=file permissive=1 app=com.dangbei.screencast
05-29 18:28:05.396 I/crashsdk( 2543): version unique build id: 6230cced
05-29 18:28:05.380 I/encast:bg_guard( 2543): type=1400 audit(0.0:892): avc: denied { getattr } for path="/sys/devices/virtual/net/dummy0/address" dev="sysfs" ino=22127 scontext=u:r:untrusted_app_27:s0:c44,c256,c512,c768 tcontext=u:object_r:sysfs_net:s0 tclass=file permissive=1 app=com.dangbei.screencast
05-29 18:28:05.399 D/crashsdk( 2543): Native log stat thread 2583 setup, waiting
05-29 18:28:05.396 I/Thread-3( 2543): type=1400 audit(0.0:893): avc: denied { read } for name="version" dev="proc" ino=4026532005 scontext=u:r:untrusted_app_27:s0:c44,c256,c512,c768 tcontext=u:object_r:proc_version:s0 tclass=file permissive=1 app=com.dangbei.screencast
05-29 18:28:05.403 I/TDLog ( 2543): setReportUncaughtExceptions: true
05-29 18:28:05.403 I/crashsdk( 2543): begin hack android.os.Process
05-29 18:28:05.403 I/crashsdk( 2543): end hack android.os.Process
05-29 18:28:05.403 E/Application( 2543): onCreate:Version:v2.8.3/20830/883432e
05-29 18:28:05.396 I/Thread-3( 2543): type=1400 audit(0.0:894): avc: denied { open } for path="/proc/version" dev="proc" ino=4026532005 scontext=u:r:untrusted_app_27:s0:c44,c256,c512,c768 tcontext=u:object_r:proc_version:s0 tclass=file permissive=1 app=com.dangbei.screencast
05-29 18:28:05.396 I/Thread-3( 2543): type=1400 audit(0.0:895): avc: denied { getattr } for path="/proc/version" dev="proc" ino=4026532005 scontext=u:r:untrusted_app_27:s0:c44,c256,c512,c768 tcontext=u:object_r:proc_version:s0 tclass=file permissive=1 app=com.dangbei.screencast
05-29 18:28:05.420 I/crashsdk( 2543): Catcher mask: 5000, 20480
05-29 18:28:05.420 I/crashsdk( 2543): Catcher thread 2560
05-29 18:28:05.420 D/crashsdk( 2543): Register ANR handler ...
05-29 18:28:05.425 D/CompatibilityChangeReporter( 700): Compat change id reported: 170668199; UID 10044; state: DISABLED
05-29 18:28:05.425 W/ActivityManager( 700): Foreground service started from background can not have location/camera/microphone access: service com.dangbei.screencast/.startup.GuardService
05-29 18:28:05.425 D/CompatibilityChangeReporter( 700): Compat change id reported: 255038118; UID 10044; state: DISABLED
05-29 18:28:05.425 D/CompatibilityChangeReporter( 700): Compat change id reported: 255042465; UID 10044; state: DISABLED
05-29 18:28:05.426 W/ForegroundServiceTypeLoggerModule( 700): Foreground service start for UID: 10044 does not have any types
05-29 18:28:05.426 W/efs.send_log( 2543): tryFileLock start!
05-29 18:28:05.428 E/GuardService( 2543): onStartCommand:
05-29 18:28:05.428 I/Matrix.AnrTracer( 2543): anrTrace, final mAnrBeatTime:400, mAnrBeatRate:400
05-29 18:28:05.429 E/GuardService( 2543): onStartCommand: cmd:1
05-29 18:28:05.430 E/GuardService( 2543): result:2
05-29 18:28:05.433 I/efs.base( 2543): lt=event`ev_ct=efs_core`ev_ac=pvuv`tm=2025-05-29 18:28:43`dn=282ed398-9b16-46ad-b966-b16283254794`ps=com.dangbei.screencast:bg_guard`um_os=android`stime=1748514485266`pid=2543`fr=android`pkg=com.dangbei.screencast`vcode=20830`dsp_w=1920`uid=282ed398-9b16-46ad-b966-b16283254794`rom=14`wid=282ed398-9b16-46ad-b966-b16283254794`um_app_carrier=`um_access=wifi`um_app_channel=os`um_crash_sdk_version=1.4.0`ctime=1748514485`model=dbbox-a3`lang=zh`net=wifi`brand=amlogic`dsp_h=1080`um_network_type=0`ver=v2.8.3`build_model=DBBOX-A3`w_tm=1748514485`appid=5fc60c21094d637f3130af19`um_umid_header=aiaefbf3944cdb0a089a4288118ba20332`sdk=34`tzone=Asia/Shanghai`sdk_ver=1.3.6.umeng
05-29 18:28:05.434 I/efs.config( 2543): --->>> 删除旧的配置文件 false
05-29 18:28:05.435 I/TDLog ( 2543): TalkingData SDK init...
05-29 18:28:05.435 I/TDLog ( 2543): SDK_VERSION is: Android+TD+V5.0.7 gp Type:Native Build_Num:2141
05-29 18:28:05.435 I/TDLog ( 2543): App ID is: B9D7815EC975466AB1332111FCE62DF5
05-29 18:28:05.435 I/TDLog ( 2543): App Channel is: os
05-29 18:28:05.435 I/TDLog ( 2543): App Custom is:
05-29 18:28:05.435 I/TDLog ( 2543): SDK_OVC is: TDOVC+a3bb7754719798526508b6caad480dd7+SaaS
05-29 18:28:05.457 D/TrafficStats( 2543): tagSocket(129) with statsTag=0xffffffff, statsUid=-1
05-29 18:28:05.457 E/LaunchManager( 2543): Non main process !
05-29 18:28:05.458 W/System.err( 2543): java.lang.NullPointerException: Attempt to invoke virtual method 'boolean com.efs.sdk.launch.LaunchConfigManager.enableTracer()' on a null object reference
05-29 18:28:05.458 W/System.err( 2543): at com.umeng.umcrash.UMCrash.init(Unknown Source:403)
05-29 18:28:05.458 W/System.err( 2543): at java.lang.reflect.Method.invoke(Native Method)
05-29 18:28:05.458 W/System.err( 2543): at com.umeng.commonsdk.UMConfigure.init(Unknown Source:811)
05-29 18:28:05.458 W/System.err( 2543): at b.f.f.b.a(:4)
05-29 18:28:05.458 W/System.err( 2543): at h.o.a.run(Unknown Source:2)
05-29 18:28:05.463 I/efs.config( 2543): current config version (-1) is older than another (1735614866)
05-29 18:28:05.463 I/efs.config( 2543): load config from storage and notify observer
05-29 18:28:05.508 D/TrafficStats( 2543): tagSocket(141) with statsTag=0xffffffff, statsUid=-1
05-29 18:28:05.541 D/TrafficStats( 2078): tagSocket(168) with statsTag=0xffffffff, statsUid=-1
05-29 18:28:05.542 D/TrafficStats( 2078): tagSocket(147) with statsTag=0xffffffff, statsUid=-1
05-29 18:28:05.547 D/TrafficStats( 2543): tagSocket(129) with statsTag=0xffffffff, statsUid=-1
05-29 18:28:05.588 W/Router ( 2078): disable lock:org.fourthline.cling.android.AndroidRouter@177daa1_java.util.concurrent.locks.ReentrantReadWriteLock$WriteLock@e2b54c6[Unlocked]
05-29 18:28:05.589 I/Router ( 2078): WiFi multicast lock released
05-29 18:28:05.590 I/WifiService( 700): releaseMulticastLock uid=10044
05-29 18:28:05.591 I/Router ( 2078): WiFi lock released
05-29 18:28:05.592 I/WifiService( 700): releaseWifiLock uid=10044
05-29 18:28:05.594 D/IpClient.wlan0( 976): set max DTIM multiplier to 9
05-29 18:28:05.595 I/WifiHAL ( 501): wifi_set_latency_mode set to 0
05-29 18:28:05.610 D/WifiHAL ( 501): Setting APF program, halHandle = 0xebc024a0
05-29 18:28:05.610 I/WifiHAL ( 501): createRequest: APF set program request
05-29 18:28:05.610 D/WifiHAL ( 501): error code -95 mapped to -3
05-29 18:28:05.610 I/WifiHAL ( 501): Request Response failed for APF, result = -3
05-29 18:28:05.611 E/WifiStaIfaceAidlImpl( 700): installApfPacketFilter failed with service-specific exception: android.os.ServiceSpecificException: (code 4)
05-29 18:28:05.611 D/WifiHAL ( 501): Setting DTIM config , halHandle = 0xebc024a0 Multiplier = 9
05-29 18:28:05.611 I/WifiHAL ( 501): Successfully configured dtim multiplier 9
05-29 18:28:05.611 D/WifiHAL ( 501): error code -95 mapped to -3
05-29 18:28:05.612 E/WifiStaIfaceAidlImpl( 700): setDtimMultiplier failed with service-specific exception: android.os.ServiceSpecificException: (code 4)
05-29 18:28:05.622 I/JettyServletContainer( 2078): No more connectors, stopping Jetty server
05-29 18:28:05.622 I/JettyServletContainer( 2078): Stopping Jetty server...
05-29 18:28:05.622 W/System.err( 2078): 2025-05-29 18:28:05.622:INFO:lcaf.p:Graceful shutdown l.c.a.g.d{/upnp,null}
05-29 18:28:05.622 E/JettyServletContainer( 2078): error:java.net.SocketException: Socket closed
05-29 18:28:05.622 W/System.err( 2078): java.net.SocketException: Socket closed
05-29 18:28:05.622 W/System.err( 2078): at java.net.PlainSocketImpl.socketAccept(PlainSocketImpl.java:213)
05-29 18:28:05.622 W/System.err( 2078): at java.net.AbstractPlainSocketImpl.accept(AbstractPlainSocketImpl.java:451)
05-29 18:28:05.623 W/System.err( 2078): at java.net.ServerSocket.implAccept(ServerSocket.java:569)
05-29 18:28:05.623 W/System.err( 2078): at java.net.ServerSocket.accept(ServerSocket.java:537)
05-29 18:28:05.623 W/System.err( 2078): at l.c.a.f.w.a.accept(Unknown Source:2)
05-29 18:28:05.623 W/System.err( 2078): at org.fourthline.cling.transport.impl.jetty.JettyServletContainer$2.accept(Unknown Source:1)
05-29 18:28:05.623 W/System.err( 2078): at l.c.a.f.a$a.run(Unknown Source:113)
05-29 18:28:05.623 W/System.err( 2078): at java.util.concurrent.ThreadPoolExecutor.runWorker(ThreadPoolExecutor.java:1145)
05-29 18:28:05.623 W/System.err( 2078): at java.util.concurrent.ThreadPoolExecutor$Worker.run(ThreadPoolExecutor.java:644)
05-29 18:28:05.623 W/System.err( 2078): at java.lang.Thread.run(Thread.java:1012)
05-29 18:28:05.890 W/efs.info.manager( 2543): network change: wifi
05-29 18:28:05.984 I/efs.base( 2078): wa upload succ, HttpResponse {succ=true, code=200, data='暂不支持该服务', extra={req_url=https://errlog.umeng.com/api/crashsdk/logcollect}}
05-29 18:28:05.990 I/efs.base( 2078): wa upload succ, HttpResponse {succ=true, code=200, data='暂不支持该服务', extra={req_url=https://errlog.umeng.com/api/crashsdk/logcollect}}
05-29 18:28:06.156 I/WifiHAL ( 501): call wifi_get_link_stats handler
05-29 18:28:06.156 I/WifiHAL ( 501): Creating message to get link statistics; iface = 16
05-29 18:28:06.157 D/WifiHAL ( 501): error code -95 mapped to -3
05-29 18:28:06.157 E/WifiStaIfaceAidlImpl( 700): getLinkLayerStats failed with service-specific exception: android.os.ServiceSpecificException: (code 4)
05-29 18:28:06.247 E/raop ( 2078): httpd_stop running 0 joined 1
05-29 18:28:06.623 W/System.err( 2078): 2025-05-29 18:28:06.623:INFO:lcafx.c:stopped l.c.a.g.d{/upnp,null}
05-29 18:28:06.624 W/Router ( 2078): disable unlock:org.fourthline.cling.android.AndroidRouter@177daa1
05-29 18:28:06.624 W/UpnpServiceImpl( 2078): <<< UPnP service shutdown completed
05-29 18:28:07.251 I/crashsdk( 2078): android_os_Process_sendSignal. PID: 2078 SIG: 9
05-29 18:28:07.251 I/crashsdk( 2078): onKillProcess. SIG: 9
05-29 18:28:07.254 I/crashsdk( 2078): Kill PID: 2078 (com.dangbei.screencast) by pid: 2078 (com.dangbei.screencast) tid: 2078 (main)
05-29 18:28:07.254 I/crashsdk( 2078): SIG: 9, fg: false, exiting: false, main process: true, time: 20250529182807
05-29 18:28:07.254 I/crashsdk( 2078): State in disk: 'b'
05-29 18:28:07.254 I/crashsdk( 2078): at android.os.Process.sendSignal(Native Method)
05-29 18:28:07.254 I/crashsdk( 2078): at android.os.Process.killProcess(Process.java:1315)
05-29 18:28:07.254 I/crashsdk( 2078): at com.dangbei.screencast.startup.JumpService$i.run(:2)
05-29 18:28:07.254 I/crashsdk( 2078): at android.os.Handler.handleCallback(Handler.java:958)
05-29 18:28:07.254 I/crashsdk( 2078): at android.os.Handler.dispatchMessage(Handler.java:99)
05-29 18:28:07.254 I/crashsdk( 2078): at android.os.Looper.loopOnce(Looper.java:205)
05-29 18:28:07.254 I/crashsdk( 2078): at android.os.Looper.loop(Looper.java:294)
05-29 18:28:07.254 I/crashsdk( 2078): at android.app.ActivityThread.main(ActivityThread.java:8255)
05-29 18:28:07.254 I/crashsdk( 2078): at java.lang.reflect.Method.invoke(Native Method)
05-29 18:28:07.254 I/crashsdk( 2078): at com.android.internal.os.RuntimeInit$MethodAndArgsCaller.run(RuntimeInit.java:552)
05-29 18:28:07.254 I/crashsdk( 2078): at com.android.internal.os.ZygoteInit.main(ZygoteInit.java:978)
05-29 18:28:07.256 I/Process ( 2078): Sending signal. PID: 2078 SIG: 9
05-29 18:28:07.299 W/efs.send_log( 2322): tryFileLock sendlock sucess! processname: com.huawei.connection
05-29 18:28:07.315 I/ActivityManager( 700): Process com.dangbei.screencast (pid 2078) has died: prcp FGS
05-29 18:28:07.316 I/Zygote ( 464): Process 2078 exited due to signal 9 (Killed)
05-29 18:28:07.317 I/libprocessgroup( 700): Successfully killed process cgroup uid 10044 pid 2078 in 0ms
05-29 18:28:07.318 D/CompatibilityChangeReporter( 700): Compat change id reported: 261072174; UID 10044; state: DISABLED
05-29 18:28:07.319 D/NearFieldManagerService( 2322): onDestroy, enter.
05-29 18:28:07.319 I/NearFieldManagerService( 2322): killCurrentProcess.
05-29 18:28:07.319 I/crashsdk( 2322): android_os_Process_sendSignal. PID: 2322 SIG: 9
05-29 18:28:07.319 I/crashsdk( 2322): onKillProcess. SIG: 9
05-29 18:28:07.319 W/ActivityManager( 700): Scheduling restart of crashed service com.dangbei.screencast/.startup.StartupService in 1000ms for start-requested
05-29 18:28:07.319 W/ActivityManager( 700): Scheduling restart of crashed service com.dangbei.screencast/.huaweicast.service.HuaweiCastService in 11000ms for start-requested
05-29 18:28:07.321 I/crashsdk( 2322): Kill PID: 2322 (com.huawei.connection) by pid: 2322 (com.huawei.connection) tid: 2322 (main)
05-29 18:28:07.321 I/crashsdk( 2322): SIG: 9, fg: false, exiting: false, main process: false, time: 20250529182807
05-29 18:28:07.321 I/crashsdk( 2322): State in disk: 'b'
05-29 18:28:07.321 I/crashsdk( 2322): at android.os.Process.sendSignal(Native Method)
05-29 18:28:07.321 I/crashsdk( 2322): at android.os.Process.killProcess(Process.java:1315)
05-29 18:28:07.321 I/crashsdk( 2322): at com.huawei.connection.service.NearFieldManagerService.c(Unknown Source:11)
05-29 18:28:07.321 I/crashsdk( 2322): at com.huawei.connection.service.NearFieldManagerService.onDestroy(Unknown Source:10)
05-29 18:28:07.321 I/crashsdk( 2322): at android.app.ActivityThread.handleStopService(ActivityThread.java:4896)
05-29 18:28:07.321 I/crashsdk( 2322): at android.app.ActivityThread.-$$Nest$mhandleStopService(Unknown Source:0)
05-29 18:28:07.321 I/crashsdk( 2322): at android.app.ActivityThread$H.handleMessage(ActivityThread.java:2326)
05-29 18:28:07.321 I/crashsdk( 2322): at android.os.Handler.dispatchMessage(Handler.java:106)
05-29 18:28:07.321 I/crashsdk( 2322): at android.os.Looper.loopOnce(Looper.java:205)
05-29 18:28:07.321 I/crashsdk( 2322): at android.os.Looper.loop(Looper.java:294)
05-29 18:28:07.321 I/crashsdk( 2322): at android.app.ActivityThread.main(ActivityThread.java:8255)
05-29 18:28:07.321 I/crashsdk( 2322): at java.lang.reflect.Method.invoke(Native Method)
05-29 18:28:07.321 I/crashsdk( 2322): at com.android.internal.os.RuntimeInit$MethodAndArgsCaller.run(RuntimeInit.java:552)
05-29 18:28:07.321 I/crashsdk( 2322): at com.android.internal.os.ZygoteInit.main(ZygoteInit.java:978)
05-29 18:28:07.322 I/Process ( 2322): Sending signal. PID: 2322 SIG: 9
05-29 18:28:07.358 W/efs.send_log( 2543): tryFileLock sendlock sucess! processname: com.dangbei.screencast:bg_guard
05-29 18:28:07.360 I/ActivityManager( 700): Process com.huawei.connection (pid 2322) has died: fg SVC
05-29 18:28:07.360 I/libprocessgroup( 700): Successfully killed process cgroup uid 10044 pid 2322 in 0ms
05-29 18:28:07.362 I/Zygote ( 464): Process 2322 exited due to signal 9 (Killed)
05-29 18:28:07.426 I/bt_btif_dm( 1027): packages/modules/Bluetooth/system/btif/src/btif_dm.cc:695 btif_update_remote_properties: class of device (cod) is 0x00050c
05-29 18:28:08.321 D/CompatibilityChangeReporter( 700): Compat change id reported: 135634846; UID 10044; state: DISABLED
05-29 18:28:08.323 D/CompatibilityChangeReporter( 700): Compat change id reported: 143937733; UID 10044; state: DISABLED
05-29 18:28:08.341 D/Zygote ( 464): Forked child process 2617
05-29 18:28:08.342 I/ActivityManager( 700): Start proc 2617:com.dangbei.screencast/u0a44 for service {com.dangbei.screencast/com.dangbei.screencast.startup.StartupService}
05-29 18:28:08.348 I/Zygote ( 2617): seccomp disabled by setenforce 0
05-29 18:28:08.354 I/gbei.screencast( 2617): Using CollectorTypeCC GC.
05-29 18:28:08.361 E/gbei.screencast( 2617): Not starting debugger since process cannot load the jdwp agent.
05-29 18:28:08.374 D/CompatibilityChangeReporter( 2617): Compat change id reported: 171979766; UID 10044; state: DISABLED
05-29 18:28:08.374 D/CompatibilityChangeReporter( 2617): Compat change id reported: 242716250; UID 10044; state: DISABLED
05-29 18:28:08.380 D/ApplicationLoaders( 2617): Returning zygote-cached class loader: /system/framework/android.test.base.jar
05-29 18:28:08.380 D/ApplicationLoaders( 2617): Returning zygote-cached class loader: /system/framework/android.hidl.manager-V1.0-java.jar
05-29 18:28:08.380 D/ApplicationLoaders( 2617): Returning zygote-cached class loader: /system/framework/android.hidl.base-V1.0-java.jar
05-29 18:28:08.389 D/nativeloader( 2617): Configuring clns-shared-4 for other apk /system/app/dangbei-screencast/dangbei-screencast.apk. target_sdk_version=28, uses_libraries=, library_path=/system/app/dangbei-screencast/lib/arm:/system/app/dangbei-screencast/dangbei-screencast.apk!/lib/armeabi-v7a:/system/lib:/system_ext/lib, permitted_path=/data:/mnt/expand:/data/user/0/com.dangbei.screencast:/system/app/dangbei-screencast:/system/lib:/system_ext/lib
