05-29 18:28:08.411 D/TrafficStats( 2543): tagSocket(142) with statsTag=0xffffffff, statsUid=-1
05-29 18:28:08.415 V/GraphicsEnvironment( 2617): Currently set values for:
05-29 18:28:08.415 V/GraphicsEnvironment( 2617): angle_gl_driver_selection_pkgs=[]
05-29 18:28:08.416 V/GraphicsEnvironment( 2617): angle_gl_driver_selection_values=[]
05-29 18:28:08.416 V/GraphicsEnvironment( 2617): ANGLE GameManagerService for com.dangbei.screencast: false
05-29 18:28:08.416 V/GraphicsEnvironment( 2617): com.dangbei.screencast is not listed in per-application setting
05-29 18:28:08.416 V/GraphicsEnvironment( 2617): Neither updatable production driver nor prerelease driver is supported.
05-29 18:28:08.420 I/MultiDex( 2617): VM with version 2.1.0 has multidex support
05-29 18:28:08.420 I/MultiDex( 2617): Installing application
05-29 18:28:08.420 I/MultiDex( 2617): VM has multidex support, MultiDex support library is disabled.
05-29 18:28:08.421 E/PartsInfoProvider( 2617): onCreate:
05-29 18:28:08.422 E/ServiceUtils( 2617): start main service
05-29 18:28:08.424 E/ServiceUtils( 2617): start main service
05-29 18:28:08.431 D/AndroidAutoSize( 2617): designWidthInDp = 1920, designHeightInDp = 1080, screenWidth = 1920, screenHeight = 1080
05-29 18:28:08.431 D/AndroidAutoSize( 2617): initDensity = 1.5, initScaledDensity = 1.5
05-29 18:28:08.442 D/CompatibilityChangeReporter( 2617): Compat change id reported: 247079863; UID 10044; state: DISABLED
05-29 18:28:08.474 I/crashsdk( 2617): version unique build id: 6230cced
05-29 18:28:08.474 I/crashsdk( 2617): version unique build id: 6230cced
05-29 18:28:08.476 D/crashsdk( 2617): Native log stat thread 2648 setup, waiting
05-29 18:28:08.472 I/Thread-4( 2617): type=1400 audit(0.0:896): avc: denied { read } for name="version" dev="proc" ino=4026532005 scontext=u:r:untrusted_app_27:s0:c44,c256,c512,c768 tcontext=u:object_r:proc_version:s0 tclass=file permissive=1 app=com.dangbei.screencast
05-29 18:28:08.478 I/crashsdk( 2617): begin hack android.os.Process
05-29 18:28:08.479 I/crashsdk( 2617): end hack android.os.Process
05-29 18:28:08.472 I/Thread-4( 2617): type=1400 audit(0.0:897): avc: denied { open } for path="/proc/version" dev="proc" ino=4026532005 scontext=u:r:untrusted_app_27:s0:c44,c256,c512,c768 tcontext=u:object_r:proc_version:s0 tclass=file permissive=1 app=com.dangbei.screencast
05-29 18:28:08.472 I/Thread-4( 2617): type=1400 audit(0.0:898): avc: denied { getattr } for path="/proc/version" dev="proc" ino=4026532005 scontext=u:r:untrusted_app_27:s0:c44,c256,c512,c768 tcontext=u:object_r:proc_version:s0 tclass=file permissive=1 app=com.dangbei.screencast
05-29 18:28:08.492 I/Matrix.AnrTracer( 2617): anrTrace, final mAnrBeatTime:400, mAnrBeatRate:400
05-29 18:28:08.495 D/LaunchConfigManager( 2617): check in allready
05-29 18:28:08.496 I/TDLog ( 2617): setReportUncaughtExceptions: true
05-29 18:28:08.496 E/Application( 2617): onCreate:Version:v2.8.3/20830/883432e
05-29 18:28:08.498 I/LaunchTrace( 2617): begin sendLaunchCache
05-29 18:28:08.498 W/efs.send_log( 2617): tryFileLock start!
05-29 18:28:08.502 I/efs.config( 2617): --->>> 删除旧的配置文件 false
05-29 18:28:08.502 I/efs.base( 2617): lt=event`ev_ct=efs_core`ev_ac=pvuv`tm=2025-05-29 18:28:50`dn=282ed398-9b16-46ad-b966-b16283254794`ps=com.dangbei.screencast`um_os=android`stime=1748514488344`pid=2617`fr=android`pkg=com.dangbei.screencast`vcode=20830`dsp_w=1920`uid=282ed398-9b16-46ad-b966-b16283254794`rom=14`wid=282ed398-9b16-46ad-b966-b16283254794`um_app_carrier=`um_access=wifi`um_app_channel=os`um_crash_sdk_version=1.4.0`ctime=1748514488`model=dbbox-a3`lang=zh`net=wifi`brand=amlogic`dsp_h=1080`um_network_type=0`ver=v2.8.3`build_model=DBBOX-A3`w_tm=1748514488`appid=5fc60c21094d637f3130af19`um_umid_header=aiaefbf3944cdb0a089a4288118ba20332`sdk=34`tzone=Asia/Shanghai`sdk_ver=1.3.6.umeng
05-29 18:28:08.503 I/TDLog ( 2617): TalkingData SDK init...
05-29 18:28:08.503 I/TDLog ( 2617): SDK_VERSION is: Android+TD+V5.0.7 gp Type:Native Build_Num:2141
05-29 18:28:08.503 I/TDLog ( 2617): App ID is: B9D7815EC975466AB1332111FCE62DF5
05-29 18:28:08.503 I/TDLog ( 2617): App Channel is: os
05-29 18:28:08.503 I/TDLog ( 2617): App Custom is:
05-29 18:28:08.503 I/TDLog ( 2617): SDK_OVC is: TDOVC+a3bb7754719798526508b6caad480dd7+SaaS
05-29 18:28:08.517 I/crashsdk( 2617): Catcher mask: 5000, 20480
05-29 18:28:08.517 I/crashsdk( 2617): Catcher thread 2623
05-29 18:28:08.518 D/crashsdk( 2617): Register ANR handler ...
05-29 18:28:08.519 I/efs.config( 2617): current config version (-1) is older than another (1735614866)
05-29 18:28:08.519 I/efs.config( 2617): load config from storage and notify observer
05-29 18:28:08.530 W/ActivityManager( 700): Foreground service started from background can not have location/camera/microphone access: service com.dangbei.screencast/.startup.StartupService
05-29 18:28:08.530 I/ActivityManager( 700): Background started FGS: Allowed [callingPackage: com.dangbei.screencast; callingUid: 10044; uidState: BTOP; uidBFSL: [BFSL]; intent: Intent { act=com.dangbei.screencast.STARTUP pkg=com.dangbei.screencast }; code:PROC_STATE_BTOP; tempAllowListReason:; targetSdkVersion:28; callerTargetSdkVersion:28; startForegroundCount:1; bindFromPackage:null: isBindService:true]
05-29 18:28:08.557 E/raop ( 2617): *********************AirplayBroadcastServer+++++++++
05-29 18:28:08.559 D/CompatibilityChangeReporter( 2617): Compat change id reported: 270306772; UID 10044; state: DISABLED
05-29 18:28:08.560 D/CompatibilityChangeReporter( 2617): Compat change id reported: 235355681; UID 10044; state: DISABLED
05-29 18:28:08.569 D/TrafficStats( 2617): tagSocket(148) with statsTag=0xffffffff, statsUid=-1
05-29 18:28:08.579 D/OomAdjuster( 700): Not killing cached processes
05-29 18:28:08.581 E/H264FrameQueue( 2617): H264FrameQueue: mFullQueueCount:200
05-29 18:28:08.588 D/wenhc ( 1431): getScreenInfo uri = content://com.dangbei.screencast.parts.info/screen_cast
05-29 18:28:08.596 W/System.err( 2617): java.lang.NullPointerException: Attempt to invoke virtual method 'byte[] java.net.NetworkInterface.getHardwareAddress()' on a null object reference
05-29 18:28:08.596 W/System.err( 2617): at b.f.f.y.g.b(Unknown Source:11)
05-29 18:28:08.596 W/System.err( 2617): at b.d.a.a.p.c0(Unknown Source:2)
05-29 18:28:08.596 W/System.err( 2617): at com.dangbei.screencast.startup.StartupService.onCreate(:5)
05-29 18:28:08.596 W/System.err( 2617): at android.app.ActivityThread.handleCreateService(ActivityThread.java:4696)
05-29 18:28:08.596 W/System.err( 2617): at android.app.ActivityThread.-$$Nest$mhandleCreateService(Unknown Source:0)
05-29 18:28:08.596 W/System.err( 2617): at android.app.ActivityThread$H.handleMessage(ActivityThread.java:2293)
05-29 18:28:08.596 W/System.err( 2617): at android.os.Handler.dispatchMessage(Handler.java:106)
05-29 18:28:08.596 W/System.err( 2617): at android.os.Looper.loopOnce(Looper.java:205)
05-29 18:28:08.596 W/System.err( 2617): at android.os.Looper.loop(Looper.java:294)
05-29 18:28:08.596 W/System.err( 2617): at android.app.ActivityThread.main(ActivityThread.java:8255)
05-29 18:28:08.596 W/System.err( 2617): at java.lang.reflect.Method.invoke(Native Method)
05-29 18:28:08.597 W/System.err( 2617): at com.android.internal.os.RuntimeInit$MethodAndArgsCaller.run(RuntimeInit.java:552)
05-29 18:28:08.597 W/System.err( 2617): at com.android.internal.os.ZygoteInit.main(ZygoteInit.java:978)
05-29 18:28:08.605 E/HuaweiCastService( 2617): onCreate called().
05-29 18:28:08.608 E/PlayerClient( 2617): registerCallback com.dangbei.screencast.huaweicast.service.HuaweiCastService$a@e9c5164
05-29 18:28:08.608 D/PlayerClient( 2617): registerCallback true
05-29 18:28:08.608 D/PlayerClient( 2617): init.
05-29 18:28:08.609 W/KIT_FWK_a( 2617): KitFwk is not installed, pls do not use related interfaces.
05-29 18:28:08.609 W/KIT_FWK_a( 2617): KitFwk is not installed, pls do not use related interfaces.
05-29 18:28:08.609 E/PlayerClient( 2617): bind player service by aar.
05-29 18:28:08.613 D/PlayerClient( 2617): bind player sink service true
05-29 18:28:08.616 D/TrafficStats( 2617): tagSocket(153) with statsTag=0xffffffff, statsUid=-1
05-29 18:28:08.618 W/ActivityManager( 700): Foreground service started from background can not have location/camera/microphone access: service com.dangbei.screencast/.huaweicast.service.HuaweiCastService
05-29 18:28:08.620 E/HuaweiCastService( 2617): startForeground!
05-29 18:28:08.623 E/HuaweiCastService( 2617): onStartCommand in 0
05-29 18:28:08.626 D/HiSight-SinkService( 2617): onCreate.
05-29 18:28:08.631 I/MobclickAgent( 2617): module init:azioc
05-29 18:28:08.631 I/WifiService( 700): acquireMulticastLock uid=10044
05-29 18:28:08.631 D/HiSight-ConnectionManager( 2617): start ConnectionManager
05-29 18:28:08.634 I/WifiService( 700): acquireMulticastLock uid=10044
05-29 18:28:08.635 D/WifiHAL ( 501): Setting APF program, halHandle = 0xebc024a0
05-29 18:28:08.635 I/WifiHAL ( 501): createRequest: APF set program request
05-29 18:28:08.635 D/WifiHAL ( 501): error code -95 mapped to -3
05-29 18:28:08.635 I/WifiHAL ( 501): Request Response failed for APF, result = -3
05-29 18:28:08.635 E/WifiStaIfaceAidlImpl( 700): installApfPacketFilter failed with service-specific exception: android.os.ServiceSpecificException: (code 4)
05-29 18:28:08.636 D/IpClient.wlan0( 976): set max DTIM multiplier to 1
05-29 18:28:08.636 D/WifiHAL ( 501): Setting DTIM config , halHandle = 0xebc024a0 Multiplier = 1
05-29 18:28:08.636 I/WifiHAL ( 501): Successfully configured dtim multiplier 1
05-29 18:28:08.636 D/WifiHAL ( 501): error code -95 mapped to -3
05-29 18:28:08.637 E/WifiStaIfaceAidlImpl( 700): setDtimMultiplier failed with service-specific exception: android.os.ServiceSpecificException: (code 4)
05-29 18:28:08.638 D/HiSight-SinkService( 2617): onBind.
05-29 18:28:08.642 D/PlayerClient( 2617): service connected.
05-29 18:28:08.655 D/HiSight-SinkService( 2617): ITaskBinder registerCallback: true
05-29 18:28:08.655 D/HiSight-HiSightManager( 2617): ITaskBinder registerCallback.
05-29 18:28:08.655 D/HiSight-CallbackManager( 2617): addNewCallback. com.dangbei.screencast.huaweicast.service.HuaweiCastService$a@e9c5164
05-29 18:28:08.655 E/HuaweiCastService( 2617): eventId: 4001
05-29 18:28:08.656 E/HuaweiCastService( 2617): mPlayerClient is null.
05-29 18:28:08.657 D/HiSight-HiSightManager( 2617): check capability vbr range not setting, using default value
05-29 18:28:08.657 E/HuaweiCastService( 2617): mPlayerClient is null.
05-29 18:28:08.657 D/HiSight-SinkService( 2617): setAuthMode
05-29 18:28:08.657 W/HiSight-ConnectionManager( 2617): mSinkId is empty
05-29 18:28:08.667 W/TelephonyPermissions( 700): reportAccessDeniedToReadIdentifiers:com.dangbei.screencast:getSerial:-1
05-29 18:28:08.976 E/StartupService( 2617): onConnected:
05-29 18:28:09.004 I/gbei.screencast( 2617): type=1400 audit(0.0:899): avc: denied { open } for path="/dev/__properties__/u:object_r:serialno_prop:s0" dev="tmpfs" ino=323 scontext=u:r:untrusted_app_27:s0:c44,c256,c512,c768 tcontext=u:object_r:serialno_prop:s0 tclass=file permissive=1 app=com.dangbei.screencast
05-29 18:28:09.004 I/gbei.screencast( 2617): type=1400 audit(0.0:900): avc: denied { getattr } for path="/dev/__properties__/u:object_r:serialno_prop:s0" dev="tmpfs" ino=323 scontext=u:r:untrusted_app_27:s0:c44,c256,c512,c768 tcontext=u:object_r:serialno_prop:s0 tclass=file permissive=1 app=com.dangbei.screencast
05-29 18:28:09.016 W/System.err( 2617): java.lang.NullPointerException: Attempt to invoke virtual method 'byte[] java.net.NetworkInterface.getHardwareAddress()' on a null object reference
05-29 18:28:09.016 W/System.err( 2617): at b.f.f.y.g.b(Unknown Source:11)
05-29 18:28:09.016 W/System.err( 2617): at b.d.a.a.p.c0(Unknown Source:2)
05-29 18:28:09.016 W/System.err( 2617): at b.f.f.w.b.(:16)
05-29 18:28:09.016 W/System.err( 2617): at com.dangbei.screencast.startup.StartupService.w(:2)
05-29 18:28:09.016 W/System.err( 2617): at b.f.f.h.g.b.run(:6)
05-29 18:28:09.016 W/System.err( 2617): at b.d.a.a.n.a(Unknown Source:10)
05-29 18:28:09.016 W/System.err( 2617): at b.f.f.h.g.j.onReceive(Unknown Source:20)
05-29 18:28:09.016 W/System.err( 2617): at android.app.LoadedApk$ReceiverDispatcher$Args.lambda$getRunnable$0(LoadedApk.java:1811)
05-29 18:28:09.016 W/System.err( 2617): at android.app.LoadedApk$ReceiverDispatcher$Args.$r8$lambda$gDuJqgxY6Zb-ifyeubKeivTLAwk(Unknown Source:0)
05-29 18:28:09.016 W/System.err( 2617): at android.app.LoadedApk$ReceiverDispatcher$Args$$ExternalSyntheticLambda0.run(Unknown Source:2)
05-29 18:28:09.016 W/System.err( 2617): at android.os.Handler.handleCallback(Handler.java:958)
05-29 18:28:09.016 W/System.err( 2617): at android.os.Handler.dispatchMessage(Handler.java:99)
05-29 18:28:09.016 W/System.err( 2617): at android.os.Looper.loopOnce(Looper.java:205)
05-29 18:28:09.016 W/System.err( 2617): at android.os.Looper.loop(Looper.java:294)
05-29 18:28:09.016 W/System.err( 2617): at android.app.ActivityThread.main(ActivityThread.java:8255)
05-29 18:28:09.016 W/System.err( 2617): at java.lang.reflect.Method.invoke(Native Method)
05-29 18:28:09.016 W/System.err( 2617): at com.android.internal.os.RuntimeInit$MethodAndArgsCaller.run(RuntimeInit.java:552)
05-29 18:28:09.017 W/System.err( 2617): at com.android.internal.os.ZygoteInit.main(ZygoteInit.java:978)
05-29 18:28:09.045 W/efs.info.manager( 2617): network change: wifi
05-29 18:28:09.062 D/TrafficStats( 2617): tagSocket(148) with statsTag=0xffffffff, statsUid=-1
05-29 18:28:09.161 I/WifiHAL ( 501): call wifi_get_link_stats handler
05-29 18:28:09.161 I/WifiHAL ( 501): Creating message to get link statistics; iface = 16
05-29 18:28:09.161 D/WifiHAL ( 501): error code -95 mapped to -3
05-29 18:28:09.162 E/WifiStaIfaceAidlImpl( 700): getLinkLayerStats failed with service-specific exception: android.os.ServiceSpecificException: (code 4)
05-29 18:28:09.169 D/InstantWifi( 700): Receive Wifi is connected, freq = 5745 and currentNetworkId : 0, wifiinfo = SSID: , BSSID: 02:00:00:00:00:00, MAC: 02:00:00:00:00:00, IP: /192.168.3.246, Security type: 2, Supplicant state: COMPLETED, Wi-Fi standard: 6, RSSI: -59, Link speed: 1200Mbps, Tx Link speed: 1200Mbps, Max Supported Tx Link speed: 1200Mbps, Rx Link speed: 288Mbps, Max Supported Rx Link speed: 1200Mbps, Frequency: 5745MHz, Net ID: -1, Metered hint: false, score: 60, isUsable: true, CarrierMerged: false, SubscriptionId: -1, IsPrimary: 1, Trusted: true, Restricted: false, Ephemeral: false, OEM paid: false, OEM private: false, OSU AP: false, FQDN: , Provider friendly name: , Requesting package name: MLO Information: , Is TID-To-Link negotiation supported by the AP: false, AP MLD Address: , AP MLO Link Id: , AP MLO Affiliated links:
05-29 18:28:10.436 I/Timer-1 ( 2543): type=1400 audit(0.0:902): avc: denied { search } for name="net" dev="sysfs" ino=12345 scontext=u:r:untrusted_app_27:s0:c44,c256,c512,c768 tcontext=u:object_r:sysfs_net:s0 tclass=dir permissive=1 app=com.dangbei.screencast
05-29 18:28:10.453 I/efs.config( 2543): No update is required, less than 8h since the last update
05-29 18:28:10.458 W/TelephonyPermissions( 700): reportAccessDeniedToReadIdentifiers:com.dangbei.screencast:getSerial:-1
05-29 18:28:10.507 V/NFC ( 2543): this device does not have NFC support
05-29 18:28:10.672 I/ip ( 2708): type=1400 audit(0.0:903): avc: denied { bind } for scontext=u:r:untrusted_app_27:s0:c44,c256,c512,c768 tcontext=u:r:untrusted_app_27:s0:c44,c256,c512,c768 tclass=netlink_route_socket permissive=1 app=com.dangbei.screencast
05-29 18:28:10.680 I/ip ( 2708): type=1400 audit(0.0:904): avc: denied { nlmsg_readpriv } for scontext=u:r:untrusted_app_27:s0:c44,c256,c512,c768 tcontext=u:r:untrusted_app_27:s0:c44,c256,c512,c768 tclass=netlink_route_socket permissive=1 app=com.dangbei.screencast
05-29 18:28:10.680 W/ip ( 2708): type=1400 audit(0.0:905): avc: granted { nlmsg_getneigh } for scontext=u:r:untrusted_app_27:s0:c44,c256,c512,c768 tcontext=u:r:untrusted_app_27:s0:c44,c256,c512,c768 tclass=netlink_route_socket app=com.dangbei.screencast
05-29 18:28:10.991 D/TrafficStats( 2543): tagSocket(148) with statsTag=0xffffffff, statsUid=-1
05-29 18:28:11.487 D/TrafficStats( 2617): tagSocket(160) with statsTag=0xffffffff, statsUid=-1
05-29 18:28:11.964 D/XM_HIDREAD( 1904): add@ add@/devices/platform/soc/fe350000.crgdrd/xhci-hcd-meson.1.auto/usb3/3-1
05-29 18:28:11.960 I/xm_hidread( 1904): type=1400 audit(0.0:906): avc: denied { read } for scontext=u:r:init:s0 tcontext=u:r:init:s0 tclass=netlink_kobject_uevent_socket permissive=1
05-29 18:28:11.969 D/XM_HIDREAD( 1904): add@ add@/devices/platform/soc/fe350000.crgdrd/xhci-hcd-meson.1.auto/usb3/3-1/3-1:1.0
05-29 18:28:11.973 D/XM_HIDREAD( 1904): add@ add@/devices/platform/soc/fe350000.crgdrd/xhci-hcd-meson.1.auto/usb3/3-1/3-1:1.0/0003:24AE:4056.0001
05-29 18:28:11.982 D/XM_HIDREAD( 1904): add@ add@/devices/platform/soc/fe350000.crgdrd/xhci-hcd-meson.1.auto/usb3/3-1/wakeup/wakeup32
05-29 18:28:11.983 D/XM_HIDREAD( 1904): add@ add@/devices/platform/soc/fe350000.crgdrd/xhci-hcd-meson.1.auto/usb3/3-1/3-1:1.0/0003:24AE:4056.0001/input/input9
05-29 18:28:12.049 D/XM_HIDREAD( 1904): add@ add@/devices/platform/soc/fe350000.crgdrd/xhci-hcd-meson.1.auto/usb3/3-1/3-1:1.0/0003:24AE:4056.0001/input/input9/input9::numlock
05-29 18:28:12.052 D/XM_HIDREAD( 1904): add@ add@/devices/platform/soc/fe350000.crgdrd/xhci-hcd-meson.1.auto/usb3/3-1/3-1:1.0/0003:24AE:4056.0001/input/input9/input9::capslock
05-29 18:28:12.053 D/XM_HIDREAD( 1904): add@ add@/devices/platform/soc/fe350000.crgdrd/xhci-hcd-meson.1.auto/usb3/3-1/3-1:1.0/0003:24AE:4056.0001/input/input9/input9::scrolllock
05-29 18:28:12.053 D/XM_HIDREAD( 1904): add@ add@/devices/platform/soc/fe350000.crgdrd/xhci-hcd-meson.1.auto/usb3/3-1/3-1:1.0/0003:24AE:4056.0001/input/input9/input9::compose
05-29 18:28:12.056 D/XM_HIDREAD( 1904): add@ add@/devices/platform/soc/fe350000.crgdrd/xhci-hcd-meson.1.auto/usb3/3-1/3-1:1.0/0003:24AE:4056.0001/input/input9/input9::kana
05-29 18:28:12.058 D/XM_HIDREAD( 1904): add@ add@/devices/platform/soc/fe350000.crgdrd/xhci-hcd-meson.1.auto/usb3/3-1/3-1:1.0/0003:24AE:4056.0001/input/input9/event9
05-29 18:28:12.058 D/XM_HIDREAD( 1904): add@ add@/devices/platform/soc/fe350000.crgdrd/xhci-hcd-meson.1.auto/usb3/3-1/3-1:1.0/0003:24AE:4056.0001/hidraw/hidraw0
05-29 18:28:12.058 D/XM_HIDREAD( 1904): ready open:/dev/hidraw0
05-29 18:28:12.058 D/XM_HIDREAD( 1904): open:/dev/hidraw0 resultFD:-1
05-29 18:28:12.058 E/XM_HIDREAD( 1904): open hidraw error: No such file or directory, wait to retry...
05-29 18:28:12.113 D/EventHub( 700): No input device configuration file found for device 'Rapoo Rapoo Gaming Keyboard '.
05-29 18:28:12.112 I/InputReader( 700): type=1400 audit(0.0:907): avc: denied { read } for name="country" dev="sysfs" ino=59787 scontext=u:r:system_server:s0 tcontext=u:object_r:sysfs:s0 tclass=file permissive=1
05-29 18:28:12.112 I/InputReader( 700): type=1400 audit(0.0:908): avc: denied { open } for path="/sys/devices/platform/soc/fe350000.crgdrd/xhci-hcd-meson.1.auto/usb3/3-1/3-1:1.0/0003:24AE:4056.0001/country" dev="sysfs" ino=59787 scontext=u:r:system_server:s0 tcontext=u:object_r:sysfs:s0 tclass=file permissive=1
05-29 18:28:12.129 I/EventHub( 700): usingClockIoctl=true
05-29 18:28:12.129 I/EventHub( 700): New device: id=10, fd=351, path='/dev/input/event9', name='Rapoo Rapoo Gaming Keyboard ', classes=KEYBOARD | ALPHAKEY | DPAD | EXTERNAL, configuration='', keyLayout='/vendor/usr/keylayout/Generic.kl', keyCharacterMap='/system/usr/keychars/Generic.kcm', builtinKeyboard=false,
05-29 18:28:12.130 I/InputReader( 700): Device added: id=10, eventHubId=10, name='Rapoo Rapoo Gaming Keyboard ', descriptor='9a3107723a0415cdecb1776e52d300be45c72f2b',sources=KEYBOARD | DPAD
05-29 18:28:12.134 I/ActivityTaskManager( 700): Config changes=30 {1.0 ?mcc0mnc [zh_CN] ldltr sw720dp w1280dp h720dp 240dpi xlrg long land television -touch qwerty/v/v dpad/v winConfig={ mBounds=Rect(0, 0 - 1920, 1080) mAppBounds=Rect(0, 0 - 1920, 1080) mMaxBounds=Rect(0, 0 - 1920, 1080) mDisplayRotation=ROTATION_0 mWindowingMode=fullscreen mDisplayWindowingMode=fullscreen mActivityType=undefined mAlwaysOnTop=undefined mRotation=ROTATION_0} s.8 fontWeightAdjustment=0}
05-29 18:28:12.138 I/WindowManager( 700): Override config changes=30 {1.0 ?mcc0mnc [zh_CN] ldltr sw720dp w1280dp h720dp 240dpi xlrg long land television -touch qwerty/v/v dpad/v winConfig={ mBounds=Rect(0, 0 - 1920, 1080) mAppBounds=Rect(0, 0 - 1920, 1080) mMaxBounds=Rect(0, 0 - 1920, 1080) mDisplayRotation=ROTATION_0 mWindowingMode=fullscreen mDisplayWindowingMode=fullscreen mActivityType=undefined mAlwaysOnTop=undefined mRotation=ROTATION_0} s.8 fontWeightAdjustment=0} for displayId=0
05-29 18:28:12.140 V/WindowManagerShell( 918): Transition requested: android.os.BinderProxy@ebde085 TransitionRequestInfo { type = 6, triggerTask = null, remoteTransition = null, displayChange = null, flags = 0 }
05-29 18:28:12.143 D/PermissionCache( 263): checking android.permission.READ_FRAME_BUFFER for uid=1000 => granted (1007 us)
05-29 18:28:12.143 I/DMABUFHEAPS( 262): Using DMA-BUF heap named: system
05-29 18:28:12.149 D/AndroidAutoSize( 2617): initScaledDensity = 1.5 on ConfigurationChanged
05-29 18:28:12.151 E/AppAppAppApp( 1431): onConfigurationChanged {1.0 ?mcc0mnc [zh_CN] ldltr sw720dp w1280dp h720dp 240dpi xlrg long land television -touch qwerty/v/v dpad/v winConfig={ mBounds=Rect(0, 0 - 1920, 1080) mAppBounds=Rect(0, 0 - 1920, 1080) mMaxBounds=Rect(0, 0 - 1920, 1080) mDisplayRotation=ROTATION_0 mWindowingMode=fullscreen mDisplayWindowingMode=fullscreen mActivityType=undefined mAlwaysOnTop=undefined mRotation=ROTATION_0} s.32 fontWeightAdjustment=0}
05-29 18:28:12.158 E/XM_HIDREAD( 1904): trying to reopen hidraw: /dev/hidraw0
05-29 18:28:12.158 D/XM_HIDREAD( 1904): ready open:/dev/hidraw0
05-29 18:28:12.158 D/XM_HIDREAD( 1904): open:/dev/hidraw0 resultFD:8
05-29 18:28:12.158 D/XM_HIDREAD( 1904): 1 ready ioctl hidrawFD 8
05-29 18:28:12.159 D/XM_HIDREAD( 1904): 2 ready ioctl hidrawFD 8
05-29 18:28:12.159 D/XM_HIDREAD( 1904): 3 ready ioctl hidrawFD 8
05-29 18:28:12.159 D/XM_HIDREAD( 1904): 4 ready ioctl hidrawFD 8
05-29 18:28:12.159 D/XM_HIDREAD( 1904): ioctl hidrawFD HIDIOCGRDESC ret 0
05-29 18:28:12.159 D/XM_HIDREAD( 1904): dinfo.vendor:9390,dinfo.product:16470
05-29 18:28:12.159 E/XM_HIDREAD( 1904): : /dev/hidraw0
05-29 18:28:12.159 D/XM_HIDREAD( 1904): add@ add@/devices/platform/soc/fe350000.crgdrd/xhci-hcd-meson.1.auto/usb3/3-1/3-1:1.1
05-29 18:28:12.159 D/XM_HIDREAD( 1904): add@ add@/devices/platform/soc/fe350000.crgdrd/xhci-hcd-meson.1.auto/usb3/3-1/3-1:1.1/0003:24AE:4056.0002
05-29 18:28:12.159 D/XM_HIDREAD( 1904): add@ add@/devices/platform/soc/fe350000.crgdrd/xhci-hcd-meson.1.auto/usb3/3-1/3-1:1.1/0003:24AE:4056.0002/input/input10
05-29 18:28:12.159 D/XM_HIDREAD( 1904): add@ add@/devices/platform/soc/fe350000.crgdrd/xhci-hcd-meson.1.auto/usb3/3-1/3-1:1.1/0003:24AE:4056.0002/input/input10/event10
05-29 18:28:12.159 D/XM_HIDREAD( 1904): add@ add@/devices/platform/soc/fe350000.crgdrd/xhci-hcd-meson.1.auto/usb3/3-1/3-1:1.1/0003:24AE:4056.0002/input/input11
05-29 18:28:12.159 D/XM_HIDREAD( 1904): add@ add@/devices/platform/soc/fe350000.crgdrd/xhci-hcd-meson.1.auto/usb3/3-1/3-1:1.1/0003:24AE:4056.0002/input/input11/event11
05-29 18:28:12.161 D/XM_HIDREAD( 1904): add@ add@/devices/platform/soc/fe350000.crgdrd/xhci-hcd-meson.1.auto/usb3/3-1/3-1:1.1/0003:24AE:4056.0002/input/input13
05-29 18:28:12.161 D/XM_HIDREAD( 1904): add@ add@/devices/platform/soc/fe350000.crgdrd/xhci-hcd-meson.1.auto/usb3/3-1/3-1:1.1/0003:24AE:4056.0002/input/input13/event12
05-29 18:28:12.161 D/XM_HIDREAD( 1904): add@ add@/class/usbmisc
05-29 18:28:12.161 D/XM_HIDREAD( 1904): add@ add@/devices/platform/soc/fe350000.crgdrd/xhci-hcd-meson.1.auto/usb3/3-1/3-1:1.1/usbmisc/hiddev0
05-29 18:28:12.161 D/XM_HIDREAD( 1904): add@ add@/devices/platform/soc/fe350000.crgdrd/xhci-hcd-meson.1.auto/usb3/3-1/3-1:1.1/0003:24AE:4056.0002/hidraw/hidraw1
05-29 18:28:12.161 D/XM_HIDREAD( 1904): ready open:/dev/hidraw1
05-29 18:28:12.161 D/XM_HIDREAD( 1904): open:/dev/hidraw1 resultFD:-1
05-29 18:28:12.161 E/XM_HIDREAD( 1904): open hidraw error: No such file or directory, wait to retry...
05-29 18:28:12.170 I/WifiHAL ( 501): call wifi_get_link_stats handler
05-29 18:28:12.171 I/WifiHAL ( 501): Creating message to get link statistics; iface = 16
05-29 18:28:12.171 D/WifiHAL ( 501): error code -95 mapped to -3
05-29 18:28:12.172 E/WifiStaIfaceAidlImpl( 700): getLinkLayerStats failed with service-specific exception: android.os.ServiceSpecificException: (code 4)
05-29 18:28:12.156 I/xm_hidread( 1904): type=1400 audit(0.0:909): avc: denied { read write } for name="hidraw0" dev="tmpfs" ino=884 scontext=u:r:init:s0 tcontext=u:object_r:hidraw_audio_device:s0 tclass=chr_file permissive=1
05-29 18:28:12.156 I/xm_hidread( 1904): type=1400 audit(0.0:910): avc: denied { open } for path="/dev/hidraw0" dev="tmpfs" ino=884 scontext=u:r:init:s0 tcontext=u:object_r:hidraw_audio_device:s0 tclass=chr_file permissive=1
05-29 18:28:12.156 I/xm_hidread( 1904): type=1400 audit(0.0:911): avc: denied { ioctl } for path="/dev/hidraw0" dev="tmpfs" ino=884 ioctlcmd=0x4803 scontext=u:r:init:s0 tcontext=u:object_r:hidraw_audio_device:s0 tclass=chr_file permissive=1
05-29 18:28:12.208 D/CompatibilityChangeReporter( 700): Compat change id reported: 197654537; UID 1000; state: DISABLED
05-29 18:28:12.209 I/SogouIME( 1417): onFinishInputView:
05-29 18:28:12.213 W/ActivityManager( 700): Receiver with filter android.content.IntentFilter@16985d6 already registered for pid 1417, callerPackage is com.sohu.inputmethod.sogou.tv
05-29 18:28:12.213 I/DefaultIMS( 1417): onInitializeInterface:
05-29 18:28:12.215 I/DefaultIMS( 1417): onStartInput attribute=android.view.inputmethod.EditorInfo@7f63e6f restarting=true inputType: 0
05-29 18:28:12.217 D/WindowManagerShell( 918): TvPipController: onConfigurationChanged(), state=NO_PIP
05-29 18:28:12.219 I/BpBinder( 263): onLastStrongRef automatically unlinking death recipients:
05-29 18:28:12.219 V/ShellDragAndDrop( 918): Display changed: 0
05-29 18:28:12.221 D/HDMI ( 700): receive android.intent.action.CONFIGURATION_CHANGED
05-29 18:28:12.265 E/XM_HIDREAD( 1904): trying to reopen hidraw: /dev/hidraw1
05-29 18:28:12.265 D/XM_HIDREAD( 1904): ready open:/dev/hidraw1
05-29 18:28:12.265 D/XM_HIDREAD( 1904): open:/dev/hidraw1 resultFD:-1
05-29 18:28:12.265 E/XM_HIDREAD( 1904): open hidraw error: No such file or directory, wait to retry...
05-29 18:28:12.282 V/WindowManager( 700): Sent Transition #2 createdAt=05-29 18:28:12.139 via request=TransitionRequestInfo { type = 6, triggerTask = null, remoteTransition = null, displayChange = null, flags = 0 }
05-29 18:28:12.282 V/WindowManager( 700): startWCT=WindowContainerTransaction { changes = {} hops = [] errorCallbackToken=null taskFragmentOrganizer=null }
05-29 18:28:12.282 V/WindowManager( 700): info={id=2 t=CHANGE f=0x0 trk=0 r=[0@Point(0, 0)] c=[{WCT{RemoteToken{f09aaf3 Display{#0 state=ON size=1920x1080 ROTATION_0}}} m=CHANGE f=IS_DISPLAY leash=Surface(name=WindowedMagnification:0:31)/@0x213171a sb=Rect(0, 0 - 1920, 1080) eb=Rect(0, 0 - 1920, 1080) d=0}]}
05-29 18:28:12.283 V/WindowManagerShell( 918): onTransitionReady android.os.BinderProxy@ebde085: {id=2 t=CHANGE f=0x0 trk=0 r=[0@Point(0, 0)] c=[{WCT{android.window.IWindowContainerToken$Stub$Proxy@b67b600} m=CHANGE f=IS_DISPLAY leash=Surface(name=WindowedMagnification:0:31)/@0x7fc9b3d sb=Rect(0, 0 - 1920, 1080) eb=Rect(0, 0 - 1920, 1080) d=0 snapshot=Surface(name=transition snapshot: Display{#0 state=ON size=1920x1080 ROTATION_0})/@0xc08df32}]}
05-29 18:28:12.283 V/WindowManagerShell( 918): Playing animation for (#2)android.os.BinderProxy@ebde085@0
05-29 18:28:12.283 V/WindowManagerShell( 918): try handler com.android.wm.shell.keyguard.KeyguardTransitionHandler@176aa41
05-29 18:28:12.283 V/WindowManagerShell( 918): try handler com.android.wm.shell.pip.tv.TvPipTransition@6ac7be6
05-29 18:28:12.283 V/WindowManagerShell( 918): try handler com.android.wm.shell.activityembedding.ActivityEmbeddingController@f150527
05-29 18:28:12.283 V/WindowManagerShell( 918): try handler com.android.wm.shell.transition.RemoteTransitionHandler@6af43d4
05-29 18:28:12.283 V/WindowManagerShell( 918): try handler com.android.wm.shell.transition.DefaultTransitionHandler@942a97d
05-29 18:28:12.283 V/WindowManagerShell( 918): start default transition animation, info = {id=2 t=CHANGE f=0x0 trk=0 r=[0@Point(0, 0)] c=[{WCT{android.window.IWindowContainerToken$Stub$Proxy@b67b600} m=CHANGE f=IS_DISPLAY leash=Surface(name=WindowedMagnification:0:31)/@0x7fc9b3d sb=Rect(0, 0 - 1920, 1080) eb=Rect(0, 0 - 1920, 1080) d=0 snapshot=Surface(name=transition snapshot: Display{#0 state=ON size=1920x1080 ROTATION_0})/@0xc08df32}]}
05-29 18:28:12.284 V/WindowManagerShell( 918): Display is changing, resolve the animation hint.
05-29 18:28:12.286 I/system_server( 700): Background young concurrent copying GC freed 357059(12MB) AllocSpace objects, 2(52KB) LOS objects, 45% free, 14MB/26MB, paused 229us,1.561ms total 139.393ms
05-29 18:28:12.293 V/WindowManagerShell( 918): animated by com.android.wm.shell.transition.DefaultTransitionHandler@942a97d
05-29 18:28:12.365 E/XM_HIDREAD( 1904): trying to reopen hidraw: /dev/hidraw1
05-29 18:28:12.365 D/XM_HIDREAD( 1904): ready open:/dev/hidraw1
05-29 18:28:12.365 D/XM_HIDREAD( 1904): open:/dev/hidraw1 resultFD:-1
05-29 18:28:12.365 E/XM_HIDREAD( 1904): open hidraw error: No such file or directory, wait to retry...
05-29 18:28:12.365 W/NotificationHistory( 700): Attempted to add notif for locked/gone/disabled user 0
05-29 18:28:12.419 V/WindowManagerShell( 918): Transition animation finished (aborted=false), notifying core (#2)android.os.BinderProxy@ebde085@0
05-29 18:28:12.422 V/WindowManager( 700): Finish Transition #2: created at
05-29 18:28:12.139 collect-started=0.087ms request-sent=0.215ms started=74.455ms ready=75.302ms sent=142.082ms finished=281.761ms
05-29 18:28:12.422 V/WindowManager( 700): app ------------- force_land :0
05-29 18:28:12.424 V/WindowManagerShell( 918): Track 0 became idle
05-29 18:28:12.424 V/WindowManagerShell( 918): All active transition animations finished
05-29 18:28:12.430 E/GuardService( 2543): startMainRunnable:
05-29 18:28:12.465 E/XM_HIDREAD( 1904): trying to reopen hidraw: /dev/hidraw1
05-29 18:28:12.466 D/XM_HIDREAD( 1904): ready open:/dev/hidraw1
05-29 18:28:12.466 D/XM_HIDREAD( 1904): open:/dev/hidraw1 resultFD:-1
05-29 18:28:12.466 E/XM_HIDREAD( 1904): open hidraw error: No such file or directory, wait to retry...
05-29 18:28:12.489 D/EventHub( 700): No input device configuration file found for device 'Rapoo Rapoo Gaming Keyboard Consumer Control'.
05-29 18:28:12.492 W/EventHub( 700): Unable to disable kernel key repeat for /dev/input/event10: Function not implemented
05-29 18:28:12.492 I/EventHub( 700): usingClockIoctl=true
05-29 18:28:12.492 I/EventHub( 700): New device: id=11, fd=388, path='/dev/input/event10', name='Rapoo Rapoo Gaming Keyboard Consumer Control', classes=KEYBOARD | DPAD | JOYSTICK | EXTERNAL, configuration='', keyLayout='/vendor/usr/keylayout/Generic.kl', keyCharacterMap='/system/usr/keychars/Generic.kcm', builtinKeyboard=false,
05-29 18:28:12.493 I/InputReader( 700): Device added: id=11, eventHubId=11, name='Rapoo Rapoo Gaming Keyboard Consumer Control', descriptor='5259f827dcdae2a5aefe24a90477664cb36efa65',sources=KEYBOARD | DPAD | JOYSTICK
05-29 18:28:12.497 D/EventHub( 700): No input device configuration file found for device 'Rapoo Rapoo Gaming Keyboard System Control'.
05-29 18:28:12.500 W/EventHub( 700): Unable to disable kernel key repeat for /dev/input/event11: Function not implemented
05-29 18:28:12.500 I/EventHub( 700): usingClockIoctl=true
05-29 18:28:12.500 I/EventHub( 700): New device: id=12, fd=487, path='/dev/input/event11', name='Rapoo Rapoo Gaming Keyboard System Control', classes=KEYBOARD | EXTERNAL, configuration='', keyLayout='/vendor/usr/keylayout/Generic.kl', keyCharacterMap='/system/usr/keychars/Generic.kcm', builtinKeyboard=false,
05-29 18:28:12.502 D/EventHub( 700): No input device configuration file found for device 'Rapoo Rapoo Gaming Keyboard Keyboard'.
05-29 18:28:12.505 I/EventHub( 700): usingClockIoctl=true
05-29 18:28:12.505 I/EventHub( 700): New device: id=13, fd=489, path='/dev/input/event12', name='Rapoo Rapoo Gaming Keyboard Keyboard', classes=KEYBOARD | ALPHAKEY | DPAD | EXTERNAL, configuration='', keyLayout='/vendor/usr/keylayout/Generic.kl', keyCharacterMap='/system/usr/keychars/Generic.kcm', builtinKeyboard=false,
05-29 18:28:12.507 I/InputReader( 700): Device added: id=11, eventHubId=13, name='Rapoo Rapoo Gaming Keyboard Keyboard', descriptor='333be80f67a98f5ac68fdb438ebbf44d4525166f',sources=KEYBOARD | DPAD | JOYSTICK
05-29 18:28:12.508 I/InputReader( 700): Device added: id=11, eventHubId=12, name='Rapoo Rapoo Gaming Keyboard System Control', descriptor='cc8e20604d3a65cf576dca1a577021c450529ccf',sources=KEYBOARD | DPAD | JOYSTICK
05-29 18:28:12.566 E/XM_HIDREAD( 1904): trying to reopen hidraw: /dev/hidraw1
05-29 18:28:12.566 D/XM_HIDREAD( 1904): ready open:/dev/hidraw1
05-29 18:28:12.567 D/XM_HIDREAD( 1904): open:/dev/hidraw1 resultFD:9
05-29 18:28:12.567 D/XM_HIDREAD( 1904): 1 ready ioctl hidrawFD 9
05-29 18:28:12.567 D/XM_HIDREAD( 1904): 2 ready ioctl hidrawFD 9
05-29 18:28:12.567 D/XM_HIDREAD( 1904): 3 ready ioctl hidrawFD 9
05-29 18:28:12.567 D/XM_HIDREAD( 1904): 4 ready ioctl hidrawFD 9
05-29 18:28:12.567 D/XM_HIDREAD( 1904): ioctl hidrawFD HIDIOCGRDESC ret 0
05-29 18:28:12.567 D/XM_HIDREAD( 1904): dinfo.vendor:9390,dinfo.product:16470
05-29 18:28:12.567 E/XM_HIDREAD( 1904): : /dev/hidraw1
05-29 18:28:12.567 D/XM_HIDREAD( 1904): add@ add@/devices/virtual/wakeup/wakeup33
05-29 18:28:12.567 D/XM_HIDREAD( 1904): add@ add@/devices/virtual/wakeup/wakeup34
05-29 18:28:12.567 D/XM_HIDREAD( 1904): add@ add@/devices/virtual/wakeup/wakeup35
05-29 18:28:12.567 D/XM_HIDREAD( 1904): add@ add@/devices/virtual/wakeup/wakeup36
05-29 18:28:12.713 I/SendAliveManager( 1417): doWhenNetworkStateChanged
05-29 18:28:12.803 W/SoundPool( 700): Use of stream types is deprecated for operations other than volume control
05-29 18:28:12.803 W/SoundPool( 700): See the documentation of SoundPool() for what to use instead with android.media.AudioAttributes to qualify your playback use case
05-29 18:28:12.807 I/SogouIME( 1417): onKeyDown: keyoCode=143
05-29 18:28:12.807 I/DefaultIMS( 1417): onKeyDown: keyoCode=143
05-29 18:28:12.814 I/AmFFmpegByteIOAdapter( 610): File size : 13195
05-29 18:28:12.814 I/AmFFmpegByteIOAdapter( 610): File size : 12971
05-29 18:28:12.814 W/exFFmpeg( 610): Invalid return value 0 for stream protocol
05-29 18:28:12.815 W/exFFmpeg( 610): Invalid return value 0 for stream protocol
05-29 18:28:12.815 I/AmFFmpegExtractor( 610): checkInList: iswhite:0, mime:audio/ogg, type:1, id:86021 tag:0
05-29 18:28:12.815 I/AmFFmpegExtractor( 610): checkInList: iswhite:1, mime:audio/ogg, type:1, id:86021 tag:0
05-29 18:28:12.815 E/AmFFmpegExtractor( 610): codec_ctx->properties: 0
05-29 18:28:12.815 I/AmFFmpegExtractor( 610): checkSupportInList ret 1
05-29 18:28:12.816 E/SecondScreen( 1431): FirstScreenLayoutView dispatchKeyEvent 143
05-29 18:28:12.817 W/exFFmpeg( 610): Invalid return value 0 for stream protocol
05-29 18:28:12.817 W/exFFmpeg( 610): Invalid return value 0 for stream protocol
05-29 18:28:12.817 I/AmFFmpegExtractor( 610): checkInList: iswhite:0, mime:audio/ogg, type:1, id:86021 tag:0
05-29 18:28:12.817 I/AmFFmpegExtractor( 610): checkInList: iswhite:0, mime:audio/ogg, type:1, id:86021 tag:0
05-29 18:28:12.817 I/AmFFmpegExtractor( 610): checkInList: iswhite:1, mime:audio/ogg, type:1, id:86021 tag:0
05-29 18:28:12.817 I/AmFFmpegExtractor( 610): checkInList: iswhite:1, mime:audio/ogg, type:1, id:86021 tag:0
05-29 18:28:12.817 E/AmFFmpegExtractor( 610): codec_ctx->properties: 0
05-29 18:28:12.817 E/AmFFmpegExtractor( 610): codec_ctx->properties: 0
05-29 18:28:12.817 I/AmFFmpegExtractor( 610): checkSupportInList ret 1
05-29 18:28:12.817 I/AmFFmpegExtractor( 610): checkSupportInList ret 0
05-29 18:28:12.817 E/AmFFmpegExtractor( 610): vendor do not support
05-29 18:28:12.820 I/AmFFmpegExtractor( 610): checkInList: iswhite:0, mime:audio/ogg, type:1, id:86021 tag:0
05-29 18:28:12.820 I/AmFFmpegExtractor( 610): checkInList: iswhite:1, mime:audio/ogg, type:1, id:86021 tag:0
05-29 18:28:12.820 E/AmFFmpegExtractor( 610): codec_ctx->properties: 0
05-29 18:28:12.820 I/AmFFmpegExtractor( 610): checkSupportInList ret 0
05-29 18:28:12.820 E/AmFFmpegExtractor( 610): vendor do not support
05-29 18:28:12.827 D/MediaCodecList( 700): codecHandlesFormat: no format, so no extra checks
05-29 18:28:12.827 D/MediaCodecList( 700): codecHandlesFormat: no format, so no extra checks
05-29 18:28:12.828 D/CCodec ( 700): allocate(c2.android.vorbis.decoder)
05-29 18:28:12.829 D/CCodec ( 700): allocate(c2.android.vorbis.decoder)
05-29 18:28:12.830 I/CCodec ( 700): setting up 'default' as default (vendor) store
05-29 18:28:12.831 I/CCodec ( 700): setting up 'default' as default (vendor) store
05-29 18:28:12.833 I/CCodec ( 700): Created component [c2.android.vorbis.decoder]
05-29 18:28:12.834 D/CCodecConfig( 700): read media type: audio/vorbis
05-29 18:28:12.835 I/CCodec ( 700): Created component [c2.android.vorbis.decoder]
05-29 18:28:12.835 D/CCodecConfig( 700): read media type: audio/vorbis
05-29 18:28:12.838 D/ReflectedParamUpdater( 700): extent() != 1 for single value type: algo.buffers.max-count.values
05-29 18:28:12.838 D/ReflectedParamUpdater( 700): extent() != 1 for single value type: output.subscribed-indices.values
05-29 18:28:12.839 D/ReflectedParamUpdater( 700): extent() != 1 for single value type: input.buffers.allocator-ids.values
05-29 18:28:12.839 D/ReflectedParamUpdater( 700): extent() != 1 for single value type: output.buffers.allocator-ids.values
05-29 18:28:12.839 D/ReflectedParamUpdater( 700): extent() != 1 for single value type: algo.buffers.allocator-ids.values
05-29 18:28:12.839 D/ReflectedParamUpdater( 700): extent() != 1 for single value type: output.buffers.pool-ids.values
05-29 18:28:12.839 D/ReflectedParamUpdater( 700): extent() != 1 for single value type: algo.buffers.max-count.values
05-29 18:28:12.839 D/ReflectedParamUpdater( 700): extent() != 1 for single value type: algo.buffers.pool-ids.values
05-29 18:28:12.840 D/ReflectedParamUpdater( 700): extent() != 1 for single value type: output.subscribed-indices.values
05-29 18:28:12.840 D/ReflectedParamUpdater( 700): extent() != 1 for single value type: input.buffers.allocator-ids.values
05-29 18:28:12.840 D/ReflectedParamUpdater( 700): extent() != 1 for single value type: output.buffers.allocator-ids.values
05-29 18:28:12.840 D/ReflectedParamUpdater( 700): extent() != 1 for single value type: algo.buffers.allocator-ids.values
05-29 18:28:12.840 D/ReflectedParamUpdater( 700): extent() != 1 for single value type: output.buffers.pool-ids.values
05-29 18:28:12.840 D/ReflectedParamUpdater( 700): extent() != 1 for single value type: algo.buffers.pool-ids.values
05-29 18:28:12.841 I/CCodecConfig( 700): query failed after returning 7 values (BAD_INDEX)
05-29 18:28:12.841 D/CCodecConfig( 700): c2 config diff is Dict {
05-29 18:28:12.841 D/CCodecConfig( 700): c2::u32 coded.bitrate.value = 64000
05-29 18:28:12.841 D/CCodecConfig( 700): c2::u32 input.buffers.max-size.value = 32768
05-29 18:28:12.841 D/CCodecConfig( 700): c2::u32 input.delay.value = 0
05-29 18:28:12.841 D/CCodecConfig( 700): string input.media-type.value = "audio/vorbis"
05-29 18:28:12.841 D/CCodecConfig( 700): string output.media-type.value = "audio/raw"
05-29 18:28:12.841 D/CCodecConfig( 700): c2::u32 raw.channel-count.value = 1
05-29 18:28:12.841 D/CCodecConfig( 700): c2::u32 raw.sample-rate.value = 48000
05-29 18:28:12.841 D/CCodecConfig( 700): }
05-29 18:28:12.842 I/CCodecConfig( 700): query failed after returning 7 values (BAD_INDEX)
05-29 18:28:12.842 D/CCodecConfig( 700): c2 config diff is Dict {
05-29 18:28:12.842 D/CCodecConfig( 700): c2::u32 coded.bitrate.value = 64000
05-29 18:28:12.842 D/CCodecConfig( 700): c2::u32 input.buffers.max-size.value = 32768
05-29 18:28:12.842 D/CCodecConfig( 700): c2::u32 input.delay.value = 0
05-29 18:28:12.842 D/CCodecConfig( 700): string input.media-type.value = "audio/vorbis"
05-29 18:28:12.842 D/CCodecConfig( 700): string output.media-type.value = "audio/raw"
05-29 18:28:12.842 D/CCodecConfig( 700): c2::u32 raw.channel-count.value = 1
05-29 18:28:12.842 D/CCodecConfig( 700): c2::u32 raw.sample-rate.value = 48000
05-29 18:28:12.842 D/CCodecConfig( 700): }
05-29 18:28:12.843 D/MediaCodec( 700): flushMediametrics
05-29 18:28:12.843 D/CCodec ( 700): [c2.android.vorbis.decoder] buffers are bound to CCodec for this session
05-29 18:28:12.843 D/CCodecConfig( 700): no c2 equivalents for durationUs
05-29 18:28:12.843 D/CCodecConfig( 700): no c2 equivalents for track-id
05-29 18:28:12.843 D/CCodecConfig( 700): no c2 equivalents for csd-1
05-29 18:28:12.843 D/CCodecConfig( 700): no c2 equivalents for flags
05-29 18:28:12.844 D/MediaCodec( 700): flushMediametrics
05-29 18:28:12.845 D/CCodec ( 700): [c2.android.vorbis.decoder] buffers are bound to CCodec for this session
05-29 18:28:12.845 D/CCodecConfig( 700): no c2 equivalents for durationUs
05-29 18:28:12.845 D/CCodecConfig( 700): no c2 equivalents for track-id
05-29 18:28:12.845 D/CCodecConfig( 700): no c2 equivalents for csd-1
05-29 18:28:12.845 D/CCodecConfig( 700): no c2 equivalents for flags
05-29 18:28:12.845 D/CCodecConfig( 700): c2 config diff is c2::u32 coded.bitrate.value = 112000
05-29 18:28:12.845 D/CCodecConfig( 700): c2::u32 raw.channel-count.value = 2
05-29 18:28:12.845 D/CCodecConfig( 700): c2::u32 raw.sample-rate.value = 44100
05-29 18:28:12.845 D/CCodecConfig( 700): c2 config diff is c2::u32 coded.bitrate.value = 112000
05-29 18:28:12.845 D/CCodecConfig( 700): c2::u32 raw.channel-count.value = 2
05-29 18:28:12.845 D/CCodecConfig( 700): c2::u32 raw.sample-rate.value = 44100
05-29 18:28:12.846 W/Codec2Client( 700): query -- param skipped: index = 1107298332.
05-29 18:28:12.846 D/CCodec ( 700): encoding statistics level = 0
05-29 18:28:12.846 D/CCodec ( 700): setup formats input: AMessage(what = 0x00000000) = {
05-29 18:28:12.846 D/CCodec ( 700): int32_t bitrate = 112000
05-29 18:28:12.846 D/CCodec ( 700): int32_t channel-count = 2
05-29 18:28:12.846 D/CCodec ( 700): int32_t max-input-size = 32768
05-29 18:28:12.846 D/CCodec ( 700): string mime = "audio/vorbis"
05-29 18:28:12.846 D/CCodec ( 700): int32_t sample-rate = 44100
05-29 18:28:12.846 D/CCodec ( 700): }
05-29 18:28:12.846 D/CCodec ( 700): setup formats output: AMessage(what = 0x00000000) = {
05-29 18:28:12.846 D/CCodec ( 700): int32_t channel-count = 2
05-29 18:28:12.846 D/CCodec ( 700): string mime = "audio/raw"
05-29 18:28:12.846 D/CCodec ( 700): int32_t sample-rate = 44100
05-29 18:28:12.846 D/CCodec ( 700): int32_t channel-mask = 3
05-29 18:28:12.846 D/CCodec ( 700): int32_t android._config-pcm-encoding = 2
05-29 18:28:12.846 D/CCodec ( 700): }
05-29 18:28:12.846 I/CCodecConfig( 700): query failed after returning 7 values (BAD_INDEX)
05-29 18:28:12.847 W/Codec2Client( 700): query -- param skipped: index = 1107298332.
05-29 18:28:12.847 D/CCodec ( 700): encoding statistics level = 0
05-29 18:28:12.847 D/CCodec ( 700): setup formats input: AMessage(what = 0x00000000) = {
05-29 18:28:12.847 D/CCodec ( 700): int32_t bitrate = 112000
05-29 18:28:12.847 D/CCodec ( 700): int32_t channel-count = 2
05-29 18:28:12.847 D/CCodec ( 700): int32_t max-input-size = 32768
05-29 18:28:12.847 D/CCodec ( 700): string mime = "audio/vorbis"
05-29 18:28:12.847 D/CCodec ( 700): int32_t sample-rate = 44100
05-29 18:28:12.847 D/CCodec ( 700): }
05-29 18:28:12.847 W/Codec2Client( 700): query -- param skipped: index = 1342179345.
05-29 18:28:12.847 W/Codec2Client( 700): query -- param skipped: index = 2415921170.
05-29 18:28:12.847 D/CCodec ( 700): setup formats output: AMessage(what = 0x00000000) = {
05-29 18:28:12.847 D/CCodec ( 700): int32_t channel-count = 2
05-29 18:28:12.847 D/CCodec ( 700): string mime = "audio/raw"
05-29 18:28:12.847 D/CCodec ( 700): int32_t sample-rate = 44100
05-29 18:28:12.847 D/CCodec ( 700): int32_t channel-mask = 3
05-29 18:28:12.847 D/CCodec ( 700): int32_t android._config-pcm-encoding = 2
05-29 18:28:12.847 D/CCodec ( 700): }
05-29 18:28:12.847 I/CCodecConfig( 700): query failed after returning 7 values (BAD_INDEX)
05-29 18:28:12.848 D/BufferPoolAccessor2.0( 623): bufferpool2 0xe5c83ce8 : 0(0 size) total buffers - 0(0 size) used buffers - 7/10 (recycle/alloc) - 3/9 (fetch/transfer)
05-29 18:28:12.849 D/BufferPoolAccessor2.0( 623): Destruction - bufferpool2 0xe5c83ce8 cached: 0/0M, 0/0% in use; allocs: 10, 70% recycled; transfers: 9, 67% unfetched
05-29 18:28:12.849 D/BufferPoolAccessor2.0( 623): bufferpool2 0xe5c83088 : 0(0 size) total buffers - 0(0 size) used buffers - 8/11 (recycle/alloc) - 3/10 (fetch/transfer)
05-29 18:28:12.849 D/BufferPoolAccessor2.0( 623): Destruction - bufferpool2 0xe5c83088 cached: 0/0M, 0/0% in use; allocs: 11, 73% recycled; transfers: 10, 70% unfetched
05-29 18:28:12.849 D/BufferPoolAccessor2.0( 623): bufferpool2 0xe5c81228 : 0(0 size) total buffers - 0(0 size) used buffers - 13/15 (recycle/alloc) - 2/14 (fetch/transfer)
05-29 18:28:12.849 D/BufferPoolAccessor2.0( 623): Destruction - bufferpool2 0xe5c81228 cached: 0/0M, 0/0% in use; allocs: 15, 87% recycled; transfers: 14, 86% unfetched
05-29 18:28:12.849 D/CCodecBufferChannel( 700): [c2.android.vorbis.decoder#621] Created input block pool with allocatorID 16 => poolID 23 - OK (0)
05-29 18:28:12.849 D/BufferPoolAccessor2.0( 623): bufferpool2 0xe5c805c8 : 0(0 size) total buffers - 0(0 size) used buffers - 12/15 (recycle/alloc) - 3/14 (fetch/transfer)
05-29 18:28:12.849 D/BufferPoolAccessor2.0( 623): Destruction - bufferpool2 0xe5c805c8 cached: 0/0M, 0/0% in use; allocs: 15, 80% recycled; transfers: 14, 79% unfetched
05-29 18:28:12.849 D/BufferPoolAccessor2.0( 623): bufferpool2 0xe5c828a8 : 0(0 size) total buffers - 0(0 size) used buffers - 3/7 (recycle/alloc) - 4/6 (fetch/transfer)
05-29 18:28:12.849 D/BufferPoolAccessor2.0( 623): Destruction - bufferpool2 0xe5c828a8 cached: 0/0M, 0/0% in use; allocs: 7, 43% recycled; transfers: 6, 33% unfetched
05-29 18:28:12.850 D/BufferPoolAccessor2.0( 700): bufferpool2 0xb7cc7ac8 : 0(0 size) total buffers - 0(0 size) used buffers - 2/7 (recycle/alloc) - 5/24 (fetch/transfer)
05-29 18:28:12.850 D/BufferPoolAccessor2.0( 700): bufferpool2 0xb7cc9b68 : 0(0 size) total buffers - 0(0 size) used buffers - 2/7 (recycle/alloc) - 9/26 (fetch/transfer)
05-29 18:28:12.851 D/BufferPoolAccessor2.0( 700): Destruction - bufferpool2 0xb7cc7ac8 cached: 0/0M, 0/0% in use; allocs: 7, 29% recycled; transfers: 24, 79% unfetched
05-29 18:28:12.851 D/BufferPoolAccessor2.0( 700): Destruction - bufferpool2 0xb7cc9b68 cached: 0/0M, 0/0% in use; allocs: 7, 29% recycled; transfers: 26, 65% unfetched
05-29 18:28:12.851 D/BufferPoolAccessor2.0( 700): bufferpool2 0xb7cc83c8 : 0(0 size) total buffers - 0(0 size) used buffers - 1/7 (recycle/alloc) - 6/24 (fetch/transfer)
05-29 18:28:12.851 D/BufferPoolAccessor2.0( 700): bufferpool2 0xb7cfc8c8 : 0(0 size) total buffers - 0(0 size) used buffers - 2/7 (recycle/alloc) - 5/18 (fetch/transfer)
05-29 18:28:12.851 D/BufferPoolAccessor2.0( 700): Destruction - bufferpool2 0xb7cc83c8 cached: 0/0M, 0/0% in use; allocs: 7, 14% recycled; transfers: 24, 75% unfetched
05-29 18:28:12.851 D/BufferPoolAccessor2.0( 700): Destruction - bufferpool2 0xb7cfc8c8 cached: 0/0M, 0/0% in use; allocs: 7, 29% recycled; transfers: 18, 72% unfetched
05-29 18:28:12.851 D/BufferPoolAccessor2.0( 623): bufferpool2 0xe5c821e8 : 0(0 size) total buffers - 0(0 size) used buffers - 8/10 (recycle/alloc) - 2/9 (fetch/transfer)
05-29 18:28:12.851 D/BufferPoolAccessor2.0( 700): bufferpool2 0xb7cf9088 : 0(0 size) total buffers - 0(0 size) used buffers - 2/7 (recycle/alloc) - 7/34 (fetch/transfer)
05-29 18:28:12.851 D/BufferPoolAccessor2.0( 700): Destruction - bufferpool2 0xb7cf9088 cached: 0/0M, 0/0% in use; allocs: 7, 29% recycled; transfers: 34, 79% unfetched
05-29 18:28:12.851 D/BufferPoolAccessor2.0( 623): Destruction - bufferpool2 0xe5c821e8 cached: 0/0M, 0/0% in use; allocs: 10, 80% recycled; transfers: 9, 78% unfetched
05-29 18:28:12.851 D/BufferPoolAccessor2.0( 700): bufferpool2 0xb7cfaee8 : 0(0 size) total buffers - 0(0 size) used buffers - 2/7 (recycle/alloc) - 5/34 (fetch/transfer)
05-29 18:28:12.851 D/BufferPoolAccessor2.0( 700): Destruction - bufferpool2 0xb7cfaee8 cached: 0/0M, 0/0% in use; allocs: 7, 29% recycled; transfers: 34, 85% unfetched
05-29 18:28:12.851 I/CCodecBufferChannel( 700): [c2.android.vorbis.decoder#621] Created output block pool with allocatorID 16 => poolID 23 - OK
05-29 18:28:12.852 D/CCodecBufferChannel( 700): [c2.android.vorbis.decoder#621] Configured output block pool ids 23 => OK
05-29 18:28:12.852 W/Codec2Client( 700): query -- param skipped: index = 1342179345.
05-29 18:28:12.852 W/Codec2Client( 700): query -- param skipped: index = 2415921170.
05-29 18:28:12.855 I/C2VendorComponentStore( 485): setDmaBufUsage 5
05-29 18:28:12.857 D/CCodecBufferChannel( 700): [c2.android.vorbis.decoder#40] Created input block pool with allocatorID 16 => poolID 24 - OK (0)
05-29 18:28:12.858 D/SimpleC2Component( 623): Using output block pool with poolID 23 => got 23 - 0
05-29 18:28:12.860 I/CCodecBufferChannel( 700): [c2.android.vorbis.decoder#40] Created output block pool with allocatorID 16 => poolID 24 - OK
05-29 18:28:12.860 D/CCodecBufferChannel( 700): [c2.android.vorbis.decoder#40] Configured output block pool ids 24 => OK
05-29 18:28:12.862 D/SimpleC2Component( 623): Using output block pool with poolID 24 => got 24 - 0
05-29 18:28:12.875 I/C2VendorComponentStore( 485): setDmaBufUsage 5
05-29 18:28:12.890 I/SogouIME( 1417): onKeyUp: keyoCode=143
05-29 18:28:12.890 I/DefaultIMS( 1417): onKeyUp: keyoCode=143
