03-31 16:35:52.225 E/omx_vdec(  366): <omxSetRole:322>: [40;31mThis platform does not support secure video playback[0m
03-31 16:35:52.225 E/omx_sem (  366): <OmxDestroySem:55>: [40;31mhandle is null[0m
03-31 16:35:52.226 E/omx_sem (  366): <OmxDestroySem:55>: [40;31mhandle is null[0m
03-31 16:35:52.226 E/omx_sem (  366): <OmxDestroySem:55>: [40;31mhandle is null[0m
03-31 16:35:52.226 E/omx_sem (  366): <OmxDestroySem:55>: [40;31mhandle is null[0m
03-31 16:35:52.226 E/omx_sem (  366): <OmxDestroySem:55>: [40;31mhandle is null[0m
03-31 16:35:52.226 W/omx_vdec_aw(  366): <OmxDestroyDecoder:3863>: pdec is null
03-31 16:35:52.226 E/android.hardware.media.omx@1.0-service(  366): Failed to allocate omx component 'OMX.allwinner.video.decoder.vp9.secure'  err=InvalidComponentName(0x80001002)
03-31 16:35:52.226 W/OmxInfoBuilder(  360): Fail to add media type video/x-vnd.on2.vp9 to codec OMX.allwinner.video.decoder.vp9.secure
03-31 16:35:52.227 I/OMXClient(  360): IOmx service obtained
03-31 16:35:52.227 I/OMXStore(  366): makeComponentInstance(OMX.allwinner.video.encoder.avc) in android.hardwar process
01-01 08:00:22.076 E/        (    0): [    C0] sunxi-mmc 4021000.sdmmc: smc 2 p1 err, cmd 7, RTO !!
03-31 16:35:52.251 D/XM_HIDREAD(  317): remove@ remove@/devices/platform/soc@3000000/4021000.sdmmc/mmc_host/mmc2/mmc2:8800/mmc2:8800:1
03-31 16:35:52.248 I/xiriservice_All(  324): type=1400 audit(0.0:331): avc: denied { read } for scontext=u:r:init:s0 tcontext=u:r:init:s0 tclass=netlink_kobject_uevent_socket permissive=1
03-31 16:35:52.248 I/xm_hidread(  317): type=1400 audit(0.0:332): avc: denied { read } for scontext=u:r:init:s0 tcontext=u:r:init:s0 tclass=netlink_kobject_uevent_socket permissive=1
03-31 16:35:52.252 D/XM_HIDREAD(  317): add@ add@/bus/sdio/drivers/sdiohal
01-01 08:00:22.083 W/sdiohal (  667): probe of mmc2:8800:1 failed with error -123
01-01 08:00:22.091 I/mmc2    (   32): card 8800 removed
03-31 16:35:52.256 D/XM_HIDREAD(  317): remove@ remove@/devices/platform/soc@3000000/4021000.sdmmc/mmc_host/mmc2/mmc2:8800
01-01 08:00:22.097 I/sunxi-mmc 4021000.sdmmc(   32): sdc set ios:clk 0Hz bm PP pm OFF vdd 0 width 1 timing LEGACY(SDR12) dt B
01-01 08:00:22.111 I/sunxi-mmc 4021000.sdmmc(   32): sdc set ios:clk 0Hz bm PP pm UP vdd 23 width 1 timing LEGACY(SDR12) dt B
03-31 16:35:52.285 I/netd    (  243): registerUnsolicitedEventListener() <14.99ms>
03-31 16:35:52.286 D/SystemServerTiming(  479): MakeConnectivityServiceReady took to complete: 96ms
03-31 16:35:52.286 I/SystemServerTiming(  479): MakeVpnManagerServiceReady
03-31 16:35:52.287 D/ConnectivityService(  479): NetReassign [no changes]
03-31 16:35:52.292 W/cedarc  (  366): <getSocIdString:1137>: cannot open /dev/sunxi_soc_info, it maybe ok!
03-31 16:35:52.292 I/cedarc  (  366): <VeInitialize:1339>: *** ic_version = 0x3301000012011,
03-31 16:35:52.294 E/OMXNodeInstance(  366): getParameter(0xf0ba1000:allwinner.encoder.avc, ParamVideoProfileLevelQuerySupported(0x600000f)) ERROR: BadParameter(0x80001005)
03-31 16:35:52.295 D/SystemServerTiming(  479): MakeVpnManagerServiceReady took to complete: 8ms
03-31 16:35:52.295 I/SystemServerTiming(  479): MakeVcnManagementServiceReady
01-01 08:00:22.128 D/        (  366): enable_cedar_hw_clk,516
03-31 16:35:52.299 D/ConnectivityService(  479): Got NetworkProvider Messenger for VcnNetworkProvider
03-31 16:35:52.299 D/ConnectivityService(  479): NetReassign [no changes]
03-31 16:35:52.301 D/SystemServerTiming(  479): MakeVcnManagementServiceReady took to complete: 6ms
03-31 16:35:52.301 I/SystemServerTiming(  479): MakeNetworkPolicyServiceReady
03-31 16:35:52.303 D/ConnectivityService(  479): NetReassign [no changes]
03-31 16:35:52.304 D/SystemServerTiming(  479): MakeNetworkPolicyServiceReady took to complete: 4ms
03-31 16:35:52.304 I/SystemServerTiming(  479): PhaseThirdPartyAppsCanStart
03-31 16:35:52.304 I/SystemServiceManager(  479): Starting phase 600
03-31 16:35:52.304 I/SystemServerTiming(  479): OnBootPhase_600
03-31 16:35:52.306 I/ExplicitHealthCheckController(  479): Explicit health checks enabled.
03-31 16:35:52.306 I/PackageWatchdog(  479): Syncing state, reason: health check state enabled
03-31 16:35:52.306 I/PackageWatchdog(  479): Not pruning observers, elapsed time: 0ms
03-31 16:35:52.306 I/PackageWatchdog(  479): Cancelling state sync, nothing to sync
03-31 16:35:52.306 I/PackageWatchdog(  479): Saving observer state to file
03-31 16:35:52.295 W/OMXUtils(  360): do not know color format 0x7f000789 = 2130708361
03-31 16:35:52.311 W/OMXUtils(  360): do not know color format 0x7f000001 = 2130706433
03-31 16:35:52.311 E/omx_venc(  366): <__AwOmxVencGetParameter:882>: [40;31mget_parameter erro: pParamData->nIndex > m_sInPortFormatType.nIndex,                        param index 3. impl in->index 2.[0m
03-31 16:35:52.311 E/OMXNodeInstance(  366): getConfig(0xf0ba1000:allwinner.encoder.avc, ConfigAndroidIntraRefresh(0x6f60000a)) ERROR: UnsupportedIndex(0x8000101a)
01-01 08:00:22.136 I/sunxi-mmc 4021000.sdmmc(   32): sdc set ios:clk 400000Hz bm PP pm ON vdd 23 width 1 timing LEGACY(SDR12) dt B
03-31 16:35:52.311 E/omx_venc(  366): <getDefaultParameter:280>: [40;31mget_parameter: unknown param 0xf0d57cc0
03-31 16:35:52.311 E/omx_venc(  366): [0m
03-31 16:35:52.311 E/OMXNodeInstance(  366): getParameter(0xf0ba1000:allwinner.encoder.avc, ParamVideoIntraRefresh(0x6000006)) ERROR: UnsupportedIndex(0x8000101a)
03-31 16:35:52.312 D/MediaCodecInfo(  360): detail feature-frame-parsing wasn't present to remove
03-31 16:35:52.314 V/GraphicsEnvironment(  673): ANGLE Developer option for 'com.android.bluetooth' set to: 'default'
03-31 16:35:52.314 V/GraphicsEnvironment(  673): Neither updatable production driver nor prerelease driver is supported.
03-31 16:35:52.315 W/LocationManagerService(  479): no network location provider found
03-31 16:35:52.317 D/NetworkSecurityConfig(  673): No Network Security Config specified, using platform default
03-31 16:35:52.317 I/cedarc  (  366): <VeRelease:1509>: not malloc locks
03-31 16:35:52.318 D/NetworkSecurityConfig(  673): No Network Security Config specified, using platform default
03-31 16:35:52.318 I/ServiceWatcher(  479): [fused] chose new implementation 1000/com.android.location.fused/.FusedLocationService@0
01-01 08:00:22.153 D/        (  366): disable_cedar_hw_clk,546
03-31 16:35:52.320 W/PackageManager(  479): Loading a package that does not exist for the calling user. package=null, user=0
03-31 16:35:52.321 D/nativeloader(  725): classloader namespace configured for unbundled product apk. library_path=/product/app/webview/lib/arm:/product/app/webview/webview.apk!/lib/armeabi-v7a:/product/lib:/system/product/lib
01-01 08:00:22.160 E/        (    0): [    C0] sunxi-mmc 4021000.sdmmc: smc 2 p1 err, cmd 52, RTO !!
03-31 16:35:52.329 E/servicemanager(  182): Could not find android.hardware.gnss.IGnss/default in the VINTF manifest.
03-31 16:35:52.329 D/GnssLocationProviderJni(  479): Trying IGnss_V2_1::getService()
03-31 16:35:52.329 I/hwservicemanager(  183): getTransport: Cannot find entry android.hardware.gnss@2.1::IGnss/default in either framework or device VINTF manifest.
03-31 16:35:52.330 D/GnssLocationProviderJni(  479): gnssHal 2.1 was null, trying 2.0
03-31 16:35:52.330 I/hwservicemanager(  183): getTransport: Cannot find entry android.hardware.gnss@2.0::IGnss/default in either framework or device VINTF manifest.
03-31 16:35:52.331 D/CompatibilityChangeReporter(  479): Compat change id reported: 168419799; UID 1000; state: DISABLED
03-31 16:35:52.331 D/GnssLocationProviderJni(  479): gnssHal 2.0 was null, trying 1.1
03-31 16:35:52.331 I/hwservicemanager(  183): getTransport: Cannot find entry android.hardware.gnss@1.1::IGnss/default in either framework or device VINTF manifest.
03-31 16:35:52.331 I/Codec2Client(  360): Available Codec2 services: "software"
03-31 16:35:52.332 D/GnssLocationProviderJni(  479): gnssHal 1.1 was null, trying 1.0
03-31 16:35:52.332 I/hwservicemanager(  183): getTransport: Cannot find entry android.hardware.gnss@1.0::IGnss/default in either framework or device VINTF manifest.
03-31 16:35:52.334 V/C2Store (  387): in init
03-31 16:35:52.334 V/C2Store (  387): loading dll
01-01 08:00:22.169 E/        (    0): [    C0] sunxi-mmc 4021000.sdmmc: smc 2 p1 err, cmd 52, RTO !!
01-01 08:00:22.176 I/sunxi-mmc 4021000.sdmmc(   32): sdc set ios:clk 400000Hz bm PP pm ON vdd 23 width 1 timing LEGACY(SDR12) dt B
03-31 16:35:52.352 E/LocationManagerService(  479): no geocoder provider found
03-31 16:35:52.353 E/ActivityRecognitionHardware(  479): activity_recognition HAL is deprecated. is_supported is effectively a no-op
03-31 16:35:52.353 E/LocationManagerService(  479): unable to bind ActivityRecognitionProxy
03-31 16:35:52.353 I/WallpaperManagerService(  479): switch-user-0
03-31 16:35:52.353 V/WallpaperManagerService(  479): bindWallpaperComponentLocked: componentName=ComponentInfo{com.android.systemui/com.android.systemui.ImageWallpaper}
03-31 16:35:52.356 D/WallpaperManagerService(  479): switch-user-0 took to complete: 3ms
03-31 16:35:52.358 D/SoundTriggerService(  479): onBootPhase: 600 : false
03-31 16:35:52.363 I/keystore2(  205): keystore2::authorization: on_lock_screen_event(LockScreenEvent(0), user_id=0, password.is_some()=false, unlocking_sids=Some([]))
01-01 08:00:22.193 I/sunxi-mmc 4021000.sdmmc(   32): sdc set ios:clk 400000Hz bm PP pm ON vdd 23 width 1 timing LEGACY(SDR12) dt B
03-31 16:35:52.381 V/C2Store (  387): in ~ComponentModule
03-31 16:35:52.381 V/C2Store (  387): unloading dll
03-31 16:35:52.382 V/C2Store (  387): in init
03-31 16:35:52.382 V/C2Store (  387): loading dll
03-31 16:35:52.385 W/AlarmManager(  479): Unrecognized alarm listener com.android.server.stats.StatsCompanionService$AnomalyAlarmListener@88b99e4
03-31 16:35:52.385 W/AlarmManager(  479): Unrecognized alarm listener com.android.server.stats.StatsCompanionService$PullingAlarmListener@6ac2e4d
03-31 16:35:52.385 W/AlarmManager(  479): Unrecognized alarm listener com.android.server.stats.StatsCompanionService$PeriodicAlarmListener@9f95d02
01-01 08:00:22.219 I/sunxi-mmc 4021000.sdmmc(   32): sdc set ios:clk 400000Hz bm PP pm ON vdd 23 width 4 timing LEGACY(SDR12) dt B
03-31 16:35:52.411 I/StatsCompanionService(  479): Told statsd that StatsCompanionService is alive.
03-31 16:35:52.412 D/StatsPullAtomService(  479): Registering NetworkStats pullers with statsd
03-31 16:35:52.414 D/SystemServerTiming(  479): OnBootPhase_600 took to complete: 110ms
03-31 16:35:52.414 D/SystemServerTiming(  479): PhaseThirdPartyAppsCanStart took to complete: 110ms
03-31 16:35:52.414 I/SystemServerTiming(  479): StartNetworkStack
03-31 16:35:52.415 D/ConnectivityModuleConnector(  479): Starting networking module android.net.INetworkStackConnector
03-31 16:35:52.416 D/ConnectivityModuleConnector(  479): Starting networking module in network_stack process
01-01 08:00:22.232 I/sunxi-mmc 4021000.sdmmc(   32): sdc set ios:clk 400000Hz bm PP pm ON vdd 23 width 4 timing UHS-SDR104 dt B
01-01 08:00:22.245 I/sunxi-mmc 4021000.sdmmc(   32): sdc set ios:clk 150000000Hz bm PP pm ON vdd 23 width 4 timing UHS-SDR104 dt B
03-31 16:35:52.422 W/BestClock(  479): java.time.DateTimeException: Missing NTP fix
03-31 16:35:52.425 D/CompatibilityChangeReporter(  479): Compat change id reported: 135634846; UID 1073; state: DISABLED
03-31 16:35:52.426 V/C2Store (  387): in ~ComponentModule
03-31 16:35:52.426 V/C2Store (  387): unloading dll
03-31 16:35:52.426 V/C2Store (  387): in init
03-31 16:35:52.426 V/C2Store (  387): loading dll
03-31 16:35:52.426 D/ConnectivityModuleConnector(  479): Networking module service start requested
03-31 16:35:52.426 D/SystemServerTiming(  479): StartNetworkStack took to complete: 12ms
03-31 16:35:52.427 I/SystemServerTiming(  479): StartTethering
03-31 16:35:52.427 D/ConnectivityModuleConnector(  479): Starting networking module android.net.ITetheringConnector
01-01 08:00:22.259 I/mmc2    (   32): new ultra high speed SDR104 SDIO card at address 8800
03-31 16:35:52.427 D/ConnectivityModuleConnector(  479): Starting networking module in network_stack process
03-31 16:35:52.428 D/XM_HIDREAD(  317): add@ add@/devices/platform/soc@3000000/4021000.sdmmc/mmc_host/mmc2/mmc2:8800
03-31 16:35:52.429 D/XM_HIDREAD(  317): add@ add@/devices/platform/soc@3000000/4021000.sdmmc/mmc_host/mmc2/mmc2:8800/mmc2:8800:1
03-31 16:35:52.430 D/ConnectivityModuleConnector(  479): Networking module service start requested
03-31 16:35:52.430 D/SystemServerTiming(  479): StartTethering took to complete: 4ms
03-31 16:35:52.430 I/SystemServerTiming(  479): MakeCountryDetectionServiceReady
03-31 16:35:52.430 D/SystemServerTiming(  479): MakeCountryDetectionServiceReady took to complete: 0ms
03-31 16:35:52.430 I/SystemServerTiming(  479): MakeNetworkTimeUpdateReady
03-31 16:35:52.424 I/xm_hidread(  317): type=1400 audit(0.0:333): avc: denied { read } for scontext=u:r:init:s0 tcontext=u:r:init:s0 tclass=netlink_kobject_uevent_socket permissive=1
03-31 16:35:52.440 D/ConnectivityService(  479): requestNetwork for uid/pid:1000/479 activeRequest: null callbackRequest: 16 [NetworkRequest [ REQUEST id=17, [ Capabilities: INTERNET&NOT_RESTRICTED&TRUSTED&NOT_VCN_MANAGED Uid: 1000 RequestorUid: 1000 RequestorPkg: android] ]] callback flags: 0 priority: 2147483647
03-31 16:35:52.441 D/SystemServerTiming(  479): MakeNetworkTimeUpdateReady took to complete: 11ms
03-31 16:35:52.441 I/SystemServerTiming(  479): MakeInputManagerServiceReady
03-31 16:35:52.442 D/ConnectivityService(  479): NetReassign [no changes]
03-31 16:35:52.444 D/PPPOE   (  479): got request NetworkRequest [ REQUEST id=17, [ Capabilities: INTERNET&NOT_RESTRICTED&TRUSTED&NOT_VCN_MANAGED Uid: 1000 RequestorUid: 1000 RequestorPkg: android] ]
03-31 16:35:52.447 D/SystemServerTiming(  479): MakeInputManagerServiceReady took to complete: 5ms
03-31 16:35:52.447 I/SystemServerTiming(  479): MakeTelephonyRegistryReady
03-31 16:35:52.448 D/SystemServerTiming(  479): MakeTelephonyRegistryReady took to complete: 1ms
03-31 16:35:52.448 I/SystemServerTiming(  479): MakeMediaRouterServiceReady
01-01 08:00:22.270 I/sdiohal (   32): sdiohal_probe: func->class=0, vendor=0x0000, device=0x0000, func_num=0x0001, clock=150000000, SDIOHAL_RX_RECVBUF_LEN:200,SDIOHAL_32_BIT_RX_RECVBUF_LEN:32.
03-31 16:35:52.449 D/SystemServerTiming(  479): MakeMediaRouterServiceReady took to complete: 1ms
03-31 16:35:52.449 I/SystemServerTiming(  479): MakeMmsServiceReady
03-31 16:35:52.449 I/MmsServiceBroker(  479): Delay connecting to MmsService until an API is called
03-31 16:35:52.449 D/SystemServerTiming(  479): MakeMmsServiceReady took to complete: 0ms
03-31 16:35:52.449 I/SystemServerTiming(  479): IncidentDaemonReady
03-31 16:35:52.450 D/SystemServerTiming(  479): IncidentDaemonReady took to complete: 2ms
03-31 16:35:52.450 I/SystemServerTiming(  479): MakeIncrementalServiceReady
03-31 16:35:52.450 D/SystemServerTiming(  479): MakeIncrementalServiceReady took to complete: 0ms
03-31 16:35:52.451 I/SystemServerTiming(  479): getCurrentUser
03-31 16:35:52.451 I/ActivityManager(  479): Current user:0
03-31 16:35:52.451 D/SystemServerTiming(  479): getCurrentUser took to complete: 0ms
03-31 16:35:52.451 I/SystemServerTiming(  479): ActivityManagerStartApps
03-31 16:35:52.451 I/SystemServerTiming(  479): ssm.StartUser-0
03-31 16:35:52.451 I/SystemServiceManager(  479): Calling onStartUser 0
03-31 16:35:52.456 D/Zygote  (  244): Forked child process 762
01-01 08:00:22.289 I/WCN     (   32): marlin_get_wcn_chipid: chipid: 0x56630001
03-31 16:35:52.457 I/InputReader(  479): Reconfiguring input devices, changes=DEVICE_ALIAS | 
03-31 16:35:52.458 I/InputReader(  479): Reconfiguring input devices, changes=KEYBOARD_LAYOUTS | 
03-31 16:35:52.459 I/ActivityManager(  479): app.processName = com.android.networkstack.process
03-31 16:35:52.459 I/ActivityManager(  479): Start proc 762:com.android.networkstack.process/1073 for service {com.android.networkstack/com.android.server.NetworkStackService}
01-01 08:00:22.297 I/WCN     (   32): marlin_scan_finish!
01-01 08:00:22.297 I/sdiohal (  667): scan end!
03-31 16:35:52.467 I/netd    (  243): trafficSwapActiveStatsMap() <44.69ms>
03-31 16:35:52.472 I/Zygote  (  762): seccomp disabled by setenforce 0
03-31 16:35:52.475 V/C2Store (  387): in ~ComponentModule
03-31 16:35:52.464 I/rainbow_flow(  325): type=1400 audit(0.0:334): avc: denied { ioctl } for path="/dev/spidev1.0" dev="tmpfs" ino=3270 ioctlcmd=0x6b00 scontext=u:r:init:s0 tcontext=u:object_r:device:s0 tclass=chr_file permissive=1
01-01 08:00:22.302 I/sdiohal (   32): sdiohal_probe: sdio_dev_host, max_req_size=0x2000000, max_blk_count=0x2000, max_blk_size=0x1000
01-01 08:00:22.306 I/WCN     (  667): then marlin start to download
03-31 16:35:52.479 W/IorapForwardingService(  479): No service published for: iorapd
03-31 16:35:52.486 I/netd    (  243): tetherGetStats() -> {[]} <17.02ms>
01-01 08:00:22.319 I/sdiohal (   32): probe ok
01-01 08:00:22.327 I/WCN     (   33): marlin_request_firmware from /vendor/etc/firmware/wcnmodem.bin start!
03-31 16:35:52.492 W/BestClock(  479): java.time.DateTimeException: Missing NTP fix
03-31 16:35:52.495 I/adbd    (  397): jdwp connection from 762
03-31 16:35:52.502 W/BestClock(  479): java.time.DateTimeException: Missing NTP fix
03-31 16:35:52.502 W/BestClock(  479): java.time.DateTimeException: Missing NTP fix
03-31 16:35:52.503 W/BestClock(  479): java.time.DateTimeException: Missing NTP fix
03-31 16:35:52.506 V/StorageManagerService(  479): Package com.dangbei.lerad.leradwatcher has legacy storage
03-31 16:35:52.506 V/StorageManagerService(  479): Package com.android.cts.priv.ctsshim does not have legacy storage
03-31 16:35:52.506 V/StorageManagerService(  479): Package com.android.dynsystem does not have legacy storage
03-31 16:35:52.506 V/StorageManagerService(  479): Package com.dangbei.lerad.rocky does not have legacy storage
03-31 16:35:52.506 V/StorageManagerService(  479): Package com.android.providers.calendar does not have legacy storage
03-31 16:35:52.507 V/StorageManagerService(  479): Package com.android.tv.settings does not have legacy storage
03-31 16:35:52.507 V/StorageManagerService(  479): Package com.android.providers.media does not have legacy storage
03-31 16:35:52.507 V/StorageManagerService(  479): Package com.oranth.factory does not have legacy storage
03-31 16:35:52.507 V/StorageManagerService(  479): Package com.android.internal.systemui.navbar.gestural_wide_back does not have legacy storage
03-31 16:35:52.507 V/StorageManagerService(  479): Package com.dangbei.zhushou.os does not have legacy storage
03-31 16:35:52.507 V/C2Store (  387): unloading dll
03-31 16:35:52.507 V/C2Store (  387): in init
03-31 16:35:52.507 V/C2Store (  387): loading dll
03-31 16:35:52.508 V/StorageManagerService(  479): Package com.android.wallpapercropper does not have legacy storage
03-31 16:35:52.508 V/StorageManagerService(  479): Package com.softwinner.provision does not have legacy storage
03-31 16:35:52.508 V/StorageManagerService(  479): Package com.softwinner.awlogsettings does not have legacy storage
03-31 16:35:52.509 V/StorageManagerService(  479): Package com.android.documentsui does not have legacy storage
03-31 16:35:52.509 V/StorageManagerService(  479): Package com.sohu.inputmethod.sogou.tv has legacy storage
03-31 16:35:52.509 V/StorageManagerService(  479): Package com.android.externalstorage does not have legacy storage
03-31 16:35:52.509 V/StorageManagerService(  479): Package com.android.htmlviewer does not have legacy storage
03-31 16:35:52.509 V/StorageManagerService(  479): Package com.android.companiondevicemanager does not have legacy storage
03-31 16:35:52.509 V/StorageManagerService(  479): Package com.android.mms.service does not have legacy storage
03-31 16:35:52.509 V/StorageManagerService(  479): Package com.android.providers.downloads does not have legacy storage
03-31 16:35:52.509 V/StorageManagerService(  479): Package com.android.providers.tv does not have legacy storage
03-31 16:35:52.509 V/StorageManagerService(  479): Package com.android.internal.systemui.onehanded.gestural does not have legacy storage
03-31 16:35:52.509 V/StorageManagerService(  479): Package com.oranth.ledstatus does not have legacy storage
03-31 16:35:52.510 V/StorageManagerService(  479): Package com.dangbei.lerad.videoposter has legacy storage
03-31 16:35:52.510 V/StorageManagerService(  479): Package com.android.providers.downloads.ui does not have legacy storage
03-31 16:35:52.510 V/StorageManagerService(  479): Package com.android.pacprocessor does not have legacy storage
03-31 16:35:52.510 V/StorageManagerService(  479): Package com.android.simappdialog does not have legacy storage
03-31 16:35:52.510 D/CompatibilityChangeReporter(  479): Compat change id reported: 168419799; UID 1073; state: DISABLED
03-31 16:35:52.510 V/StorageManagerService(  479): Package com.android.networkstack does not have legacy storage
03-31 16:35:52.510 V/StorageManagerService(  479): Package com.android.connectivity.resources does not have legacy storage
03-31 16:35:52.510 V/StorageManagerService(  479): Package com.android.modulemetadata does not have legacy storage
03-31 16:35:52.510 V/StorageManagerService(  479): Package com.android.certinstaller does not have legacy storage
03-31 16:35:52.510 V/StorageManagerService(  479): Package com.android.carrierconfig does not have legacy storage
03-31 16:35:52.510 V/StorageManagerService(  479): Package com.google.android.apps.searchlite.overlay does not have legacy storage
03-31 16:35:52.511 V/StorageManagerService(  479): Package com.android.internal.systemui.navbar.threebutton does not have legacy storage
03-31 16:35:52.511 V/StorageManagerService(  479): Package android does not have legacy storage
03-31 16:35:52.511 V/StorageManagerService(  479): Package com.google.android.networkstackconfig does not have legacy storage
03-31 16:35:52.511 V/StorageManagerService(  479): Package com.softwinner.settingssetup does not have legacy storage
03-31 16:35:52.511 V/StorageManagerService(  479): Package com.android.egg does not have legacy storage
03-31 16:35:52.511 V/StorageManagerService(  479): Package com.android.mtp does not have legacy storage
03-31 16:35:52.511 V/StorageManagerService(  479): Package com.android.backupconfirm does not have legacy storage
03-31 16:35:52.511 V/StorageManagerService(  479): Package com.softwinner.timerswitch does not have legacy storage
03-31 16:35:52.511 V/StorageManagerService(  479): Package com.android.statementservice does not have legacy storage
03-31 16:35:52.511 V/StorageManagerService(  479): Package com.dangbei.screencast has legacy storage
03-31 16:35:52.512 V/StorageManagerService(  479): Package com.android.settings.intelligence does not have legacy storage
03-31 16:35:52.512 V/StorageManagerService(  479): Package com.android.internal.systemui.navbar.gestural_extra_wide_back does not have legacy storage
03-31 16:35:52.512 V/StorageManagerService(  479): Package com.dangbei.leard.leradlauncher does not have legacy storage
03-31 16:35:52.512 V/StorageManagerService(  479): Package com.android.providers.settings does not have legacy storage
03-31 16:35:52.512 V/StorageManagerService(  479): Package com.android.sharedstoragebackup does not have legacy storage
03-31 16:35:52.512 V/StorageManagerService(  479): Package com.android.printspooler does not have legacy storage
03-31 16:35:52.512 V/StorageManagerService(  479): Package com.android.dreams.basic does not have legacy storage
03-31 16:35:52.512 V/StorageManagerService(  479): Package com.android.webview does not have legacy storage
03-31 16:35:52.512 V/StorageManagerService(  479): Package com.android.se does not have legacy storage
03-31 16:35:52.512 V/StorageManagerService(  479): Package com.android.tv does not have legacy storage
03-31 16:35:52.512 V/StorageManagerService(  479): Package com.android.inputdevices does not have legacy storage
03-31 16:35:52.513 V/StorageManagerService(  479): Package com.android.bips does not have legacy storage
03-31 16:35:52.513 V/StorageManagerService(  479): Package com.oranth.inputmacsn does not have legacy storage
03-31 16:35:52.513 V/StorageManagerService(  479): Package com.android.musicfx does not have legacy storage
03-31 16:35:52.513 V/StorageManagerService(  479): Package com.dangbei.hqguide does not have legacy storage
03-31 16:35:52.513 V/StorageManagerService(  479): Package android.ext.shared does not have legacy storage
03-31 16:35:52.513 V/StorageManagerService(  479): Package com.android.onetimeinitializer does not have legacy storage
03-31 16:35:52.513 V/StorageManagerService(  479): Package com.android.keychain does not have legacy storage
03-31 16:35:52.513 V/StorageManagerService(  479): Package com.android.printservice.recommendation does not have legacy storage
03-31 16:35:52.513 V/StorageManagerService(  479): Package com.google.android.networkstack.tetheringconfig does not have legacy storage
03-31 16:35:52.513 V/StorageManagerService(  479): Package android.ext.services does not have legacy storage
03-31 16:35:52.513 V/StorageManagerService(  479): Package com.android.wifi.resources does not have legacy storage
03-31 16:35:52.514 V/StorageManagerService(  479): Package com.android.localtransport does not have legacy storage
03-31 16:35:52.514 V/StorageManagerService(  479): Package com.android.packageinstaller does not have legacy storage
03-31 16:35:52.514 V/StorageManagerService(  479): Package com.android.theme.font.notoserifsource does not have legacy storage
03-31 16:35:52.514 V/StorageManagerService(  479): Package com.android.proxyhandler does not have legacy storage
03-31 16:35:52.514 V/StorageManagerService(  479): Package com.softwinner.screenshot does not have legacy storage
03-31 16:35:52.514 V/StorageManagerService(  479): Package com.android.managedprovisioning does not have legacy storage
03-31 16:35:52.514 V/StorageManagerService(  479): Package com.oranth.usbopenft does not have legacy storage
03-31 16:35:52.514 V/StorageManagerService(  479): Package com.android.networkstack.tethering does not have legacy storage
03-31 16:35:52.514 V/StorageManagerService(  479): Package com.android.soundpicker does not have legacy storage
03-31 16:35:52.514 V/StorageManagerService(  479): Package com.dangbei.lerad.etna.haqu does not have legacy storage
03-31 16:35:52.514 V/StorageManagerService(  479): Package com.allwinnertech.packageoverride does not have legacy storage
03-31 16:35:52.515 V/StorageManagerService(  479): Package com.android.smspush does not have legacy storage
03-31 16:35:52.515 V/StorageManagerService(  479): Package com.android.wallpaper.livepicker does not have legacy storage
03-31 16:35:52.515 V/StorageManagerService(  479): Package com.tv.filemanager.os has legacy storage
03-31 16:35:52.515 V/StorageManagerService(  479): Package com.oranth.powerwindow does not have legacy storage
03-31 16:35:52.515 V/StorageManagerService(  479): Package com.android.storagemanager does not have legacy storage
03-31 16:35:52.516 V/StorageManagerService(  479): Package com.android.bookmarkprovider does not have legacy storage
03-31 16:35:52.516 V/StorageManagerService(  479): Package com.android.networkstack.permissionconfig does not have legacy storage
03-31 16:35:52.516 V/StorageManagerService(  479): Package com.android.cts.ctsshim does not have legacy storage
03-31 16:35:52.516 V/StorageManagerService(  479): Package com.dangbei.lerad.screensaver does not have legacy storage
03-31 16:35:52.517 V/StorageManagerService(  479): Package com.android.remoteprovisioner does not have legacy storage
03-31 16:35:52.517 V/StorageManagerService(  479): Package com.softwinner.theme.icon does not have legacy storage
03-31 16:35:52.517 V/StorageManagerService(  479): Package com.android.wallpaper does not have legacy storage
03-31 16:35:52.517 V/StorageManagerService(  479): Package com.android.vpndialogs does not have legacy storage
03-31 16:35:52.517 V/StorageManagerService(  479): Package com.android.music does not have legacy storage
03-31 16:35:52.517 V/StorageManagerService(  479): Package com.android.shell does not have legacy storage
03-31 16:35:52.517 V/StorageManagerService(  479): Package com.android.wallpaperbackup does not have legacy storage
03-31 16:35:52.517 V/StorageManagerService(  479): Package com.android.providers.blockednumber does not have legacy storage
03-31 16:35:52.517 V/StorageManagerService(  479): Package com.android.providers.userdictionary does not have legacy storage
03-31 16:35:52.517 V/StorageManagerService(  479): Package com.android.providers.media.module does not have legacy storage
03-31 16:35:52.518 V/StorageManagerService(  479): Package com.softwinner.theme.color does not have legacy storage
03-31 16:35:52.518 V/StorageManagerService(  479): Package com.oranth.storage does not have legacy storage
03-31 16:35:52.518 V/StorageManagerService(  479): Package com.android.hotspot2.osulogin does not have legacy storage
03-31 16:35:52.518 V/StorageManagerService(  479): Package com.android.internal.systemui.navbar.gestural does not have legacy storage
03-31 16:35:52.518 V/StorageManagerService(  479): Package com.android.location.fused does not have legacy storage
03-31 16:35:52.518 V/StorageManagerService(  479): Package com.android.systemui does not have legacy storage
03-31 16:35:52.518 V/StorageManagerService(  479): Package com.dangbei.haqusetting does not have legacy storage
03-31 16:35:52.518 V/StorageManagerService(  479): Package com.android.bluetoothmidiservice does not have legacy storage
03-31 16:35:52.518 V/StorageManagerService(  479): Package com.softwinner.awmanager does not have legacy storage
03-31 16:35:52.518 V/StorageManagerService(  479): Package com.android.permissioncontroller does not have legacy storage
03-31 16:35:52.518 V/StorageManagerService(  479): Package com.softwinner.miracastReceiver does not have legacy storage
03-31 16:35:52.518 V/StorageManagerService(  479): Package com.android.traceur does not have legacy storage
03-31 16:35:52.519 V/StorageManagerService(  479): Package com.android.bluetooth does not have legacy storage
03-31 16:35:52.519 V/StorageManagerService(  479): Package com.android.providers.contacts does not have legacy storage
03-31 16:35:52.519 V/StorageManagerService(  479): Package com.android.captiveportallogin does not have legacy storage
03-31 16:35:52.519 V/StorageManagerService(  479): Package com.android.internal.systemui.navbar.gestural_narrow_back does not have legacy storage
03-31 16:35:52.519 V/StorageManagerService(  479): Package android.auto_generated_rro_vendor__ does not have legacy storage
03-31 16:35:52.521 D/CompatibilityChangeReporter(  479): Compat change id reported: 168419799; UID 1073; state: DISABLED
03-31 16:35:52.523 D/CompatibilityChangeReporter(  762): Compat change id reported: 171979766; UID 1073; state: ENABLED
01-01 08:00:22.346 I/WCN     (   33): marlin_firmware_parse_image imagepack is WCNE type,need parse it
01-01 08:00:22.356 I/WCN     (   33): marlin marlin_firmware_write imagepack is WCNE type,need parse it
01-01 08:00:22.366 E/        (    0): [    C0] sunxi-mmc 4021000.sdmmc: smc 2 p1 err, cmd 53, WR DCE !!
01-01 08:00:22.374 I/sunxi-mmc 4021000.sdmmc(  132): *****retry:start*****
03-31 16:35:52.538 W/VoiceInteractionManager(  479): no available voice recognition services found for user 0
03-31 16:35:52.538 W/AppBindingService(  479): [Default SMS app] u0 Target package not found
03-31 16:35:52.539 I/netd    (  243): trafficSwapActiveStatsMap() <37.08ms>
03-31 16:35:52.543 I/netd    (  243): tetherGetStats() -> {[]} <2.64ms>
03-31 16:35:52.545 W/BestClock(  479): java.time.DateTimeException: Missing NTP fix
03-31 16:35:52.544 I/EventThread(  263): type=1400 audit(0.0:335): avc: denied { search } for name="extcon" dev="sysfs" ino=18102 scontext=u:r:hal_tv_cec_default:s0 tcontext=u:object_r:sysfs_extcon:s0 tclass=dir permissive=1
01-01 08:00:22.381 I/sunxi-mmc 4021000.sdmmc(  132): REG_DRV_DL: 0x00010000
01-01 08:00:22.388 I/sunxi-mmc 4021000.sdmmc(  132): REG_SD_NTSR: 0x81710000
03-31 16:35:52.551 W/BestClock(  479): java.time.DateTimeException: Missing NTP fix
03-31 16:35:52.560 W/BestClock(  479): java.time.DateTimeException: Missing NTP fix
03-31 16:35:52.561 W/BestClock(  479): java.time.DateTimeException: Missing NTP fix
01-01 08:00:22.396 I/sunxi-mmc 4021000.sdmmc(  132): *****retry:re-send cmd*****
01-01 08:00:22.403 E/        (    0): [    C0] sunxi-mmc 4021000.sdmmc: smc 2 p1 err, cmd 53, WR DCE !!
03-31 16:35:52.584 I/system_server(  479): Background young concurrent copying GC freed 60569(3075KB) AllocSpace objects, 6(200KB) LOS objects, 14% free, 10MB/12MB, paused 222us total 225.773ms
01-01 08:00:22.411 I/sunxi-mmc 4021000.sdmmc(  132): *****retry:start*****
01-01 08:00:22.419 I/sunxi-mmc 4021000.sdmmc(  132): REG_DRV_DL: 0x00010000
01-01 08:00:22.426 I/sunxi-mmc 4021000.sdmmc(  132): REG_SD_NTSR: 0x81710000
01-01 08:00:22.433 I/sunxi-mmc 4021000.sdmmc(  132): *****retry:re-send cmd*****
01-01 08:00:22.441 E/        (    0): [    C0] sunxi-mmc 4021000.sdmmc: smc 2 p1 err, cmd 53, WR DCE !!
03-31 16:35:52.616 V/GameManagerService(  479): Settings file doesn't exists, skip reading
03-31 16:35:52.616 W/SystemServiceManager(  479): Service com.android.server.app.GameManagerService$Lifecycle took 78 ms in onStartUser-0
03-31 16:35:52.617 D/SystemServerTiming(  479): ssm.StartUser-0 took to complete: 166ms
03-31 16:35:52.617 I/SystemServerTiming(  479): startPersistentApps
03-31 16:35:52.618 D/CompatibilityChangeReporter(  479): Compat change id reported: 135634846; UID 1068; state: DISABLED
03-31 16:35:52.618 D/SystemServerTiming(  479): startPersistentApps took to complete: 2ms
03-31 16:35:52.619 I/SystemServerTiming(  479): startHomeOnAllDisplays
03-31 16:35:52.621 I/ActivityStarter(  479): ---START u0 {act=android.intent.action.MAIN cat=[android.intent.category.HOME] flg=0x10000100 cmp=com.android.tv.settings/.system.FallbackHome (has extras)} from uid 0
01-01 08:00:22.449 I/sunxi-mmc 4021000.sdmmc(  132): *****retry:start*****
01-01 08:00:22.456 I/sunxi-mmc 4021000.sdmmc(  132): REG_DRV_DL: 0x00010000
01-01 08:00:22.463 I/sunxi-mmc 4021000.sdmmc(  132): REG_SD_NTSR: 0x81710000
03-31 16:35:52.631 D/Zygote  (  244): Forked child process 778
03-31 16:35:52.632 V/C2Store (  387): in ~ComponentModule
03-31 16:35:52.632 V/C2Store (  387): unloading dll
03-31 16:35:52.632 V/C2Store (  387): in init
03-31 16:35:52.632 V/C2Store (  387): loading dll
01-01 08:00:22.470 I/sunxi-mmc 4021000.sdmmc(  132): *****retry:re-send cmd*****
01-01 08:00:22.478 E/        (    0): [    C0] sunxi-mmc 4021000.sdmmc: smc 2 p1 err, cmd 53, WR DCE !!
03-31 16:35:52.638 I/Zygote  (  778): seccomp disabled by setenforce 0
01-01 08:00:22.486 I/sunxi-mmc 4021000.sdmmc(  132): *****retry:start*****
03-31 16:35:52.651 I/adbd    (  397): jdwp connection from 778
01-01 08:00:22.493 I/sunxi-mmc 4021000.sdmmc(  132): REG_DRV_DL: 0x00030000
01-01 08:00:22.500 I/sunxi-mmc 4021000.sdmmc(  132): REG_SD_NTSR: 0x81710110
01-01 08:00:22.508 I/sunxi-mmc 4021000.sdmmc(  132): *****retry:re-send cmd*****
01-01 08:00:22.515 D/        (    0): [    C0] 4,end
03-31 16:35:52.694 V/C2Store (  387): in ~ComponentModule
03-31 16:35:52.695 V/C2Store (  387): unloading dll
03-31 16:35:52.696 V/C2Store (  387): in init
03-31 16:35:52.696 V/C2Store (  387): loading dll
03-31 16:35:52.699 I/netd    (  243): trafficSwapActiveStatsMap() <147.45ms>
03-31 16:35:52.706 V/C2Store (  387): in ~ComponentModule
03-31 16:35:52.706 V/C2Store (  387): unloading dll
03-31 16:35:52.706 I/netd    (  243): tetherGetStats() -> {[]} <4.83ms>
03-31 16:35:52.707 V/C2Store (  387): in init
01-01 08:00:22.538 I/libphy  (  285): 5030000.eth: probed
03-31 16:35:52.708 V/C2Store (  387): loading dll
03-31 16:35:52.708 D/XM_HIDREAD(  317): add@ add@/devices/platform/soc@3000000/5030000.eth/mdio_bus/5030000.eth-0/5030000.eth-0:00
03-31 16:35:52.713 W/BestClock(  479): java.time.DateTimeException: Missing NTP fix
01-01 08:00:22.555 E/        (  285): get_key_map_info()187 - Failed to find "oe" in dts.
03-31 16:35:52.724 W/system_server(  479): Long monitor contention with owner android.bg (539) at void com.android.server.net.NetworkStatsService.performPoll(int)(NetworkStatsService.java:1506) waiters=0 in void com.android.server.net.NetworkStatsService.advisePersistThreshold(long) for 154ms
03-31 16:35:52.727 W/BestClock(  479): java.time.DateTimeException: Missing NTP fix
03-31 16:35:52.730 V/GraphicsEnvironment(  762): ANGLE Developer option for 'com.android.networkstack' set to: 'default'
03-31 16:35:52.730 V/GraphicsEnvironment(  762): Neither updatable production driver nor prerelease driver is supported.
03-31 16:35:52.733 D/NetworkSecurityConfig(  762): No Network Security Config specified, using platform default
03-31 16:35:52.734 D/NetworkSecurityConfig(  762): No Network Security Config specified, using platform default
03-31 16:35:52.739 V/C2Store (  387): in ~ComponentModule
03-31 16:35:52.739 V/C2Store (  387): unloading dll
03-31 16:35:52.739 V/C2Store (  387): in init
03-31 16:35:52.739 V/C2Store (  387): loading dll
01-01 08:00:22.565 I/        (  285): sunxi-gmac 5030000.eth eth0: eth0: Type(7) PHY ID 00441400 at 0 IRQ poll (5030000.eth-0:00)
01-01 08:00:22.575 I/WCN     (   33): combin_img 4 marlin_firmware_write finish and successful
01-01 08:00:22.585 I/WCN     (   33): marlin_start_run read reset reg val:0x180008
03-31 16:35:52.753 I/EthernetTracker(  479): interfaceLinkStateChanged, iface: eth0, up: false
03-31 16:35:52.753 I/netd    (  243): interfaceSetCfg(InterfaceConfigurationParcel{ifName: eth0, hwAddr: 4a:13:e4:f9:79:75, ipv4Addr: 0.0.0.0, prefixLength: 0, flags: [broadcast, multicast, up]}) <1100.21ms>
03-31 16:35:52.753 W/PppoeNetworkFactory(  479): interfaceLinkStateChanged
03-31 16:35:52.754 D/PppoeNetworkFactory(  479): updateInterface: mIface: mPhyIface:eth0 iface:eth0 link:down
03-31 16:35:52.755 I/EthernetTracker(  479): interfaceLinkStateChanged, iface: eth0, up: false
03-31 16:35:52.755 W/PppoeNetworkFactory(  479): interfaceLinkStateChanged
03-31 16:35:52.755 D/PppoeNetworkFactory(  479): updateInterface: mIface: mPhyIface:eth0 iface:eth0 link:down
03-31 16:35:52.755 I/netd    (  243): trafficSwapActiveStatsMap() <27.75ms>
03-31 16:35:52.759 I/netd    (  243): tetherGetStats() -> {[]} <2.38ms>
01-01 08:00:22.593 I/WCN     (   33): after do marlin_start_run reset reg val:0x80008
03-31 16:35:52.760 V/C2Store (  387): in ~ComponentModule
03-31 16:35:52.760 V/C2Store (  387): unloading dll
03-31 16:35:52.761 V/C2Store (  387): in init
03-31 16:35:52.761 V/C2Store (  387): loading dll
03-31 16:35:52.761 I/netd    (  243): interfaceGetCfg(eth0) -> {InterfaceConfigurationParcel{ifName: eth0, hwAddr: 4a:13:e4:f9:79:75, ipv4Addr: 0.0.0.0, prefixLength: 0, flags: [up, broadcast, multicast]}} <0.44ms>
03-31 16:35:52.762 W/BestClock(  479): java.time.DateTimeException: Missing NTP fix
03-31 16:35:52.762 D/EthernetTracker(  479): Tracking interface in client mode: eth0
03-31 16:35:52.763 D/EthernetNetworkFactory(  479): addInterface, iface: eth0, capabilities: [ Transports: ETHERNET Capabilities: NOT_METERED&INTERNET&NOT_RESTRICTED&TRUSTED&NOT_VPN&NOT_ROAMING&NOT_CONGESTED&NOT_SUSPENDED&NOT_VCN_MANAGED LinkUpBandwidth>=100000Kbps LinkDnBandwidth>=100000Kbps]
03-31 16:35:52.764 D/EthernetNetworkFactory(  479): updateCapabilityFilter: [ Transports: ETHERNET Capabilities: NOT_METERED&INTERNET&NOT_RESTRICTED&TRUSTED&NOT_VPN&NOT_ROAMING&NOT_CONGESTED&NOT_SUSPENDED&NOT_VCN_MANAGED]
03-31 16:35:52.765 D/EthernetNetworkFactory(  479): updateInterfaceLinkState, iface: eth0, up: false
03-31 16:35:52.765 D/EthernetNetworkFactory(  479): updateInterfaceLinkState, iface: eth0, up: false
03-31 16:35:52.765 W/BestClock(  479): java.time.DateTimeException: Missing NTP fix
03-31 16:35:52.766 D/Ethernet(  479): got request NetworkRequest [ REQUEST id=10, [ Capabilities: INTERNET&NOT_RESTRICTED&TRUSTED&NOT_VCN_MANAGED Uid: 1000 RequestorUid: 1000 RequestorPkg: android] ]
03-31 16:35:52.766 D/EthernetNetworkFactory(  479): acceptRequest, request: NetworkRequest [ REQUEST id=10, [ Capabilities: INTERNET&NOT_RESTRICTED&TRUSTED&NOT_VCN_MANAGED Uid: 1000 RequestorUid: 1000 RequestorPkg: android] ]
03-31 16:35:52.766 I/EthernetNetworkFactory(  479): networkForRequest, request: NetworkRequest [ REQUEST id=10, [ Capabilities: INTERNET&NOT_RESTRICTED&TRUSTED&NOT_VCN_MANAGED Uid: 1000 RequestorUid: 1000 RequestorPkg: android] ], network: null
03-31 16:35:52.773 I/mediaswcodec(  387): missing struct descriptor #Param::CoreIndex(--004) for field values of struct #Param::CoreIndex(F-12004)
03-31 16:35:52.775 I/mediaswcodec(  387): missing struct descriptor #Param::CoreIndex(--1812) for field values of struct #Param::CoreIndex(F-11812)
03-31 16:35:52.777 V/C2Store (  387): in ~ComponentModule
03-31 16:35:52.777 V/C2Store (  387): unloading dll
03-31 16:35:52.777 V/C2Store (  387): in init
03-31 16:35:52.777 V/C2Store (  387): loading dll
03-31 16:35:52.779 D/Ethernet(  479): got request NetworkRequest [ REQUEST id=1, [ Capabilities: INTERNET&NOT_RESTRICTED&TRUSTED&NOT_VPN&NOT_VCN_MANAGED RequestorUid: 1000 RequestorPkg: android] ]
03-31 16:35:52.779 D/EthernetNetworkFactory(  479): acceptRequest, request: NetworkRequest [ REQUEST id=1, [ Capabilities: INTERNET&NOT_RESTRICTED&TRUSTED&NOT_VPN&NOT_VCN_MANAGED RequestorUid: 1000 RequestorPkg: android] ]
03-31 16:35:52.780 I/EthernetNetworkFactory(  479): networkForRequest, request: NetworkRequest [ REQUEST id=1, [ Capabilities: INTERNET&NOT_RESTRICTED&TRUSTED&NOT_VPN&NOT_VCN_MANAGED RequestorUid: 1000 RequestorPkg: android] ], network: null
03-31 16:35:52.780 D/Ethernet(  479): got request NetworkRequest [ REQUEST id=4, [ Transports: ETHERNET Capabilities: INTERNET&NOT_RESTRICTED&TRUSTED&NOT_VPN&NOT_VCN_MANAGED RequestorUid: 1000 RequestorPkg: android] ]
03-31 16:35:52.780 D/EthernetNetworkFactory(  479): acceptRequest, request: NetworkRequest [ REQUEST id=4, [ Transports: ETHERNET Capabilities: INTERNET&NOT_RESTRICTED&TRUSTED&NOT_VPN&NOT_VCN_MANAGED RequestorUid: 1000 RequestorPkg: android] ]
03-31 16:35:52.780 I/EthernetNetworkFactory(  479): networkForRequest, request: NetworkRequest [ REQUEST id=4, [ Transports: ETHERNET Capabilities: INTERNET&NOT_RESTRICTED&TRUSTED&NOT_VPN&NOT_VCN_MANAGED RequestorUid: 1000 RequestorPkg: android] ], network: null
03-31 16:35:52.780 D/Ethernet(  479): got request NetworkRequest [ REQUEST id=17, [ Capabilities: INTERNET&NOT_RESTRICTED&TRUSTED&NOT_VCN_MANAGED Uid: 1000 RequestorUid: 1000 RequestorPkg: android] ]
03-31 16:35:52.780 D/EthernetNetworkFactory(  479): acceptRequest, request: NetworkRequest [ REQUEST id=17, [ Capabilities: INTERNET&NOT_RESTRICTED&TRUSTED&NOT_VCN_MANAGED Uid: 1000 RequestorUid: 1000 RequestorPkg: android] ]
03-31 16:35:52.780 I/EthernetNetworkFactory(  479): networkForRequest, request: NetworkRequest [ REQUEST id=17, [ Capabilities: INTERNET&NOT_RESTRICTED&TRUSTED&NOT_VCN_MANAGED Uid: 1000 RequestorUid: 1000 RequestorPkg: android] ], network: null
03-31 16:35:52.785 V/C2Store (  387): in ~ComponentModule
03-31 16:35:52.785 V/C2Store (  387): unloading dll
03-31 16:35:52.785 V/C2Store (  387): in init
03-31 16:35:52.785 V/C2Store (  387): loading dll
01-01 08:00:22.601 I/WCN     (   33): s_marlin_bootup_time=20493285338
01-01 08:00:22.607 I/WCN     (   33): clock mode: TCXO, outside clock
01-01 08:00:22.621 I/WCN     (   33): marlin_write_cali_data sync init_state:0x0
03-31 16:35:52.784 I/ndroid.systemui(  680): type=1400 audit(0.0:336): avc: denied { search } for name="com.android.systemui" dev="mmcblk0p25" ino=507 scontext=u:r:platform_app:s0:c512,c768 tcontext=u:object_r:app_data_file:s0:c512,c768 tclass=dir permissive=1 app=com.softwinner.screenshot
03-31 16:35:52.791 W/Zygote  (  244): forkRepeatedly terminated due to non-simple command
03-31 16:35:52.791 V/GraphicsEnvironment(  680): ANGLE Developer option for 'com.android.systemui' set to: 'default'
03-31 16:35:52.791 D/Zygote  (  244): mbuffer starts with 14, nice name is webview_zygote, mEnd = 401, mNext = 159, mLinesLeft = 6, mFd = 4
03-31 16:35:52.791 V/GraphicsEnvironment(  680): Neither updatable production driver nor prerelease driver is supported.
03-31 16:35:52.794 D/NetworkSecurityConfig(  680): No Network Security Config specified, using platform default
03-31 16:35:52.794 D/NetworkSecurityConfig(  680): No Network Security Config specified, using platform default
03-31 16:35:52.795 I/WebViewLoader-(  725): System.exit called, status: 0
03-31 16:35:52.795 I/AndroidRuntime(  725): VM exiting with result code 0, cleanup skipped.
03-31 16:35:52.796 V/C2Store (  387): in ~ComponentModule
03-31 16:35:52.796 V/C2Store (  387): unloading dll
03-31 16:35:52.796 V/C2Store (  387): in init
03-31 16:35:52.796 V/C2Store (  387): loading dll
03-31 16:35:52.799 I/netd    (  243): trafficSwapActiveStatsMap() <33.70ms>
03-31 16:35:52.804 I/netd    (  243): tetherGetStats() -> {[]} <2.62ms>
03-31 16:35:52.804 V/C2Store (  387): in ~ComponentModule
03-31 16:35:52.804 V/C2Store (  387): unloading dll
03-31 16:35:52.804 V/C2Store (  387): in init
03-31 16:35:52.806 V/C2Store (  387): loading dll
03-31 16:35:52.806 W/BestClock(  479): java.time.DateTimeException: Missing NTP fix
03-31 16:35:52.811 D/Zygote  (  244): Forked child process 801
03-31 16:35:52.814 W/BestClock(  479): java.time.DateTimeException: Missing NTP fix
03-31 16:35:52.816 W/ZygoteProcess(  479): Got error connecting to zygote, retrying. msg= Connection refused
03-31 16:35:52.817 V/SystemUIService(  680): SystemUIApplication constructed.
03-31 16:35:52.821 V/C2Store (  387): in ~ComponentModule
03-31 16:35:52.821 V/C2Store (  387): unloading dll
03-31 16:35:52.821 V/C2Store (  387): in init
03-31 16:35:52.822 V/C2Store (  387): loading dll
03-31 16:35:52.823 D/CompatibilityChangeReporter(  479): Compat change id reported: 174042980; UID 1000; state: DISABLED
03-31 16:35:52.832 I/Zygote  (  244): Process 725 exited cleanly (0)
03-31 16:35:52.832 I/Zygote  (  801): seccomp disabled by setenforce 0
03-31 16:35:52.833 V/C2Store (  387): in ~ComponentModule
03-31 16:35:52.834 V/C2Store (  387): unloading dll
03-31 16:35:52.834 V/C2Store (  387): in init
03-31 16:35:52.834 V/C2Store (  387): loading dll
01-01 08:00:22.656 I/WCN     (   33): marlin_write_cali_data sync init_state:0x0
03-31 16:35:52.835 D/libcheckfile(  479): checkfile_init
03-31 16:35:52.836 D/ActivityTaskManager(  479): isHomeLauncher info= ActivityInfo{f5b2871 com.android.tv.settings.system.FallbackHome}
03-31 16:35:52.832 I/rainbow_flow(  325): type=1400 audit(0.0:337): avc: denied { ioctl } for path="/dev/spidev1.0" dev="tmpfs" ino=3270 ioctlcmd=0x6b00 scontext=u:r:init:s0 tcontext=u:object_r:device:s0 tclass=chr_file permissive=1
03-31 16:35:52.836 I/ndroid.systemui(  680): type=1400 audit(0.0:338): avc: denied { getattr } for path="/data/user_de/0/com.android.systemui/cache" dev="mmcblk0p25" ino=508 scontext=u:r:platform_app:s0:c512,c768 tcontext=u:object_r:app_data_file:s0:c512,c768 tclass=dir permissive=1 app=com.softwinner.screenshot
03-31 16:35:52.841 V/C2Store (  387): in ~ComponentModule
03-31 16:35:52.836 I/system_server(  807): type=1400 audit(0.0:339): avc: denied { execute } for name="am" dev="dm-1" ino=1164 scontext=u:r:system_server:s0 tcontext=u:object_r:vendor_file:s0 tclass=file permissive=1
03-31 16:35:52.842 V/C2Store (  387): in init
03-31 16:35:52.842 V/C2Store (  387): loading dll
03-31 16:35:52.842 I/WebViewZygoteInit(  801): Starting WebViewZygoteInit
03-31 16:35:52.843 I/netd    (  243): trafficSwapActiveStatsMap() <29.28ms>
03-31 16:35:52.836 I/system_server(  807): type=1400 audit(0.0:340): avc: denied { read open } for path="/vendor/xbin/am" dev="dm-1" ino=1164 scontext=u:r:system_server:s0 tcontext=u:object_r:vendor_file:s0 tclass=file permissive=1
03-31 16:35:52.836 I/system_server(  807): type=1400 audit(0.0:341): avc: denied { execute_no_trans } for path="/vendor/xbin/am" dev="dm-1" ino=1164 scontext=u:r:system_server:s0 tcontext=u:object_r:vendor_file:s0 tclass=file permissive=1
03-31 16:35:52.836 I/system_server(  807): type=1400 audit(0.0:342): avc: denied { execute } for name="sh" dev="dm-0" ino=1219 scontext=u:r:system_server:s0 tcontext=u:object_r:shell_exec:s0 tclass=file permissive=1
03-31 16:35:52.836 I/system_server(  807): type=1400 audit(0.0:343): avc: denied { read open } for path="/system/bin/sh" dev="dm-0" ino=1219 scontext=u:r:system_server:s0 tcontext=u:object_r:shell_exec:s0 tclass=file permissive=1
03-31 16:35:52.840 I/am      (  807): type=1400 audit(0.0:344): avc: denied { map } for path="/system/bin/sh" dev="dm-0" ino=1219 scontext=u:r:system_server:s0 tcontext=u:object_r:shell_exec:s0 tclass=file permissive=1
03-31 16:35:52.845 I/AW_PowerHAL(  261): Power setMode: SUSTAINED_PERFORMANCE to: 1
03-31 16:35:52.845 I/Zygote  (  801): seccomp disabled by setenforce 0
03-31 16:35:52.846 W/AW_PowerHAL(  261): Could not open nsi-bw: No such file or directory
03-31 16:35:52.846 I/AW_PowerHAL(  261): cur-mode:PERFORMANCE
03-31 16:35:52.847 I/netd    (  243): tetherGetStats() -> {[]} <2.85ms>
03-31 16:35:52.844 I/am      (  807): type=1400 audit(0.0:345): avc: denied { getattr } for path="/system/bin/sh" dev="dm-0" ino=1219 scontext=u:r:system_server:s0 tcontext=u:object_r:shell_exec:s0 tclass=file permissive=1
03-31 16:35:52.850 W/BestClock(  479): java.time.DateTimeException: Missing NTP fix
03-31 16:35:52.847 I/hwservicemanager(  183): Notifying android.hardware.wifi@1.5::IWifi/default they have clients: 1
03-31 16:35:52.853 W/BestClock(  479): java.time.DateTimeException: Missing NTP fix
03-31 16:35:52.856 W/StorageManagerService(  479): No primary storage defined yet; hacking together a stub
03-31 16:35:52.857 D/SystemServerTiming(  479): startHomeOnAllDisplays took to complete: 237ms
