03-31 16:35:58.218 W/ContextImpl( 1051): Calling a method in the system process without a qualified user: android.app.ContextImpl.bindService:1895 android.content.ContextWrapper.bindService:810 com.dangbei.lerad.etna.lib.client.EtnaClient.bindServer:138 com.dangbei.lerad.etna.lib.client.EtnaClient.access$600:29 com.dangbei.lerad.etna.lib.client.EtnaClient$3.call:205 
01-01 08:00:28.054 I/        (  378): Error: set vsif failed
03-31 16:35:58.219 V/MediaPlayerList(  673): Creating MediaPlayerList
03-31 16:35:58.237 D/MediaSessionService(  479): The MediaKeyEventSessionChangedListener (android.os.BinderProxy@48c936) is added by com.android.bluetooth
03-31 16:35:58.240 I/AvrcpTargetJni(  673): classInitNative: AvrcpTargetJni initialized!
01-01 08:00:28.070 I/        (  378): DVI mode selected: packets not configured
01-01 08:00:28.076 I/        (  378): Error: set vsif failed
03-31 16:35:58.241 D/AvrcpNativeInterface(  673): Init AvrcpNativeInterface
03-31 16:35:58.244 D/AvrcpTargetJni(  673): initNative
03-31 16:35:58.244 I/bt_stack(  673): [INFO:avrcp_service.cc(287)] AVRCP Target Service started
03-31 16:35:58.244 I/bt_bta_dm(  673): system/bt/bta/dm/bta_dm_act.cc:3191 bta_dm_eir_update_uuid: EIR Adding UUID=0x110C into extended inquiry response
03-31 16:35:58.244 I/bt_bta_dm(  673): system/bt/bta/dm/bta_dm_act.cc:2890 bta_dm_set_eir: Generating extended inquiry response packet EIR
03-31 16:35:58.245 I/bt_stack(  673): [INFO:connection_handler.cc(197)] Connect to device ff:ff:ff:ff:ff:ff
03-31 16:35:58.245 I/bt_stack(  673): [INFO:connection_handler.cc(219)] virtual bool bluetooth::avrcp::ConnectionHandler::AvrcpConnect(bool, const RawAddress &): handle=0000 status= 000000
03-31 16:35:58.256 E/update_engine(  391): [ERROR:update_attempter_android.cc(-1)] unknown(...): Domain=update_engine, Code=generic_error, Message=No ongoing update to cancel.
03-31 16:35:58.262 E/update_engine(  391): [ERROR:update_attempter_android.cc(90)] Replying with failure: pc:0x2b3dac9: No ongoing update to cancel.
03-31 16:35:58.266 E/ccc     ( 1051): cccccc 故意做的cancel 捕获 No ongoing update to cancel.
03-31 16:35:58.268 V/MediaPlayerList(  673): Initializing MediaPlayerList
03-31 16:35:58.270 W/System.err( 1051): android.os.ServiceSpecificException: No ongoing update to cancel. (code 1)
03-31 16:35:58.271 I/AvrcpBrowsedPlayerWrapper(  673): Wrapping Media Browser com.android.music
03-31 16:35:58.271 W/System.err( 1051): 	at android.os.Parcel.createExceptionOrNull(Parcel.java:2439)
03-31 16:35:58.272 W/System.err( 1051): 	at android.os.Parcel.createException(Parcel.java:2409)
03-31 16:35:58.272 W/System.err( 1051): 	at android.os.Parcel.readException(Parcel.java:2392)
03-31 16:35:58.272 W/System.err( 1051): 	at android.os.Parcel.readException(Parcel.java:2334)
03-31 16:35:58.272 W/System.err( 1051): 	at android.os.IUpdateEngine$Stub$Proxy.cancel(IUpdateEngine.java:480)
03-31 16:35:58.272 W/System.err( 1051): 	at android.os.UpdateEngine.cancel(UpdateEngine.java:381)
03-31 16:35:58.272 W/System.err( 1051): 	at com.oranth.otalibrary.OTAManager.cancel(OTAManager.java:54)
03-31 16:35:58.272 W/System.err( 1051): 	at com.dangbei.etna.update.ota.OtaUpdateHelper.cancelInstalling(OtaUpdateHelper.kt:134)
03-31 16:35:58.272 W/System.err( 1051): 	at com.dangbei.etna.update.ota.OtaUpdateHelper.init(OtaUpdateHelper.kt:72)
03-31 16:35:58.272 W/System.err( 1051): 	at com.dangbei.etna.update.UpdateHelper.init(UpdateHelper.kt:62)
03-31 16:35:58.272 W/System.err( 1051): 	at com.dangbei.lerad.etna.haqu.EtnaApplication.init(EtnaApplication.kt:99)
03-31 16:35:58.272 W/System.err( 1051): 	at com.dangbei.lerad.etna.haqu.EtnaApplication.onCreate(EtnaApplication.kt:60)
03-31 16:35:58.272 W/System.err( 1051): 	at android.app.Instrumentation.callApplicationOnCreate(Instrumentation.java:1211)
03-31 16:35:58.272 W/System.err( 1051): 	at android.app.ActivityThread.handleBindApplication(ActivityThread.java:6740)
03-31 16:35:58.272 W/System.err( 1051): 	at android.app.ActivityThread.access$1500(ActivityThread.java:247)
03-31 16:35:58.272 W/System.err( 1051): 	at android.app.ActivityThread$H.handleMessage(ActivityThread.java:2053)
03-31 16:35:58.272 W/System.err( 1051): 	at android.os.Handler.dispatchMessage(Handler.java:106)
03-31 16:35:58.272 W/System.err( 1051): 	at android.os.Looper.loopOnce(Looper.java:201)
03-31 16:35:58.272 W/System.err( 1051): 	at android.os.Looper.loop(Looper.java:288)
03-31 16:35:58.272 W/System.err( 1051): 	at android.app.ActivityThread.main(ActivityThread.java:7854)
03-31 16:35:58.272 W/System.err( 1051): 	at java.lang.reflect.Method.invoke(Native Method)
03-31 16:35:58.272 W/System.err( 1051): 	at com.android.internal.os.RuntimeInit$MethodAndArgsCaller.run(RuntimeInit.java:548)
03-31 16:35:58.272 W/System.err( 1051): 	at com.android.internal.os.ZygoteInit.main(ZygoteInit.java:1182)
03-31 16:35:58.272 E/AvrcpTargetService(  673): Please use AVRCP version 1.6 to enable cover art
03-31 16:35:58.273 I/update_engine(  391): [INFO:update_attempter_android.cc(365)] Attempting to reset state from UPDATE_STATUS_IDLE to UpdateStatus::IDLE
03-31 16:35:58.277 I/update_engine(  391): [INFO:update_attempter_android.cc(369)] Cleaning up reserved space for compressed APEX (if any)
03-31 16:35:58.282 I/update_engine(  391): [INFO:dynamic_partition_control_android.cc(1284)] ResetUpdate resetting update state and deleting snapshots.
03-31 16:35:58.285 V/BluetoothHidDeviceServiceJni(  673): classInitNative: done
03-31 16:35:58.286 V/BluetoothHidDeviceServiceJni(  673): initNative enter
03-31 16:35:58.286 I/vold    (  187): Bind mounting //data/media/0/Android/data on /mnt/user/0/emulated/0/Android/data
03-31 16:35:58.286 I/bt_btif (  673): system/bt/btif/src/bluetooth.cc:417 get_profile_interface: get_profile_interface: id = hiddev
03-31 16:35:58.286 I/bt_btif_storage(  673): system/bt/btif/src/btif_storage.cc:661 btif_storage_get_adapter_property: btif_storage_get_adapter_property service_mask:0x60100048
03-31 16:35:58.287 I/vold    (  187): Bind mounted //data/media/0/Android/data on /mnt/user/0/emulated/0/Android/data
03-31 16:35:58.287 I/vold    (  187): Bind mounting //data/media/0/Android/obb on /mnt/user/0/emulated/0/Android/obb
03-31 16:35:58.290 I/update_engine(  391): [INFO:delta_performer.cc(1389)] Resetting recorded hash for prepared partitions.
03-31 16:35:58.290 I/vold    (  187): Bind mounted //data/media/0/Android/obb on /mnt/user/0/emulated/0/Android/obb
03-31 16:35:58.290 I/vold    (  187): Configuring read_ahead of /mnt/user/0/emulated fuse filesystem to 256kb
03-31 16:35:58.290 I/vold    (  187): Writing 256 to /sys/class/bdi/0:47/read_ahead_kb
03-31 16:35:58.290 I/vold    (  187): Configuring max_ratio of /mnt/user/0/emulated fuse filesystem to 40
03-31 16:35:58.291 I/vold    (  187): Writing 40 to /sys/class/bdi/0:47/max_ratio
03-31 16:35:58.293 E/update_engine(  391): Read state file failed: No such file or directory
03-31 16:35:58.296 V/BluetoothHidDeviceServiceJni(  673): initNative done
03-31 16:35:58.297 E/ccc     ( 1051): cccccc  只是做下reset 哈
03-31 16:35:58.299 I/StorageManagerService(  479): Mounted volume VolumeInfo{emulated;0}:
03-31 16:35:58.299 I/StorageManagerService(  479):     type=EMULATED diskId=null partGuid= mountFlags=PRIMARY|VISIBLE 
03-31 16:35:58.299 I/StorageManagerService(  479):     mountUserId=0 state=MOUNTED 
03-31 16:35:58.299 I/StorageManagerService(  479):     fsType=null fsUuid=null fsLabel=null 
03-31 16:35:58.299 I/StorageManagerService(  479):     path=/storage/emulated internalPath=/data/media 
03-31 16:35:58.305 I/MMKV    ( 1051): <MMKV_IO.cpp:81::loadFromFile> loading [mmkv.default] with 580 actual size, file size 4096, InterProcess 0, meta info version:3
03-31 16:35:58.305 I/MMKV    ( 1051): <MMKV_IO.cpp:86::loadFromFile> loading [mmkv.default] with crc 1283920502 sequence 1 version 3
03-31 16:35:58.305 I/MMKV    ( 1051): <MMKV_IO.cpp:130::loadFromFile> loaded [mmkv.default] with 8 key-values
03-31 16:35:58.306 I/StorageSessionController(  479): Notifying volume state changed for session with id: emulated;0
03-31 16:35:58.323 D/BtOppService(  673): setBluetoothOppService(): set to: com.android.bluetooth.opp.BluetoothOppService@28d9e15
03-31 16:35:58.336 E/ccc     ( 1051): cccccc updateHelper 通知更新 
03-31 16:35:58.334 I/BluetoothPbapService(  673): setCurrentUser(0)
03-31 16:35:58.340 I/BluetoothPbapService(  673): setUserUnlocked(0)
03-31 16:35:58.340 I/BluetoothPbapService(  673): setUserUnlocked(0)
03-31 16:35:58.352 E/ccc     ( 1051): cccccc updateHelper 通知更新 
03-31 16:35:58.357 E/ccc     ( 1051): cccccc updateHelper 通知更新 
03-31 16:35:58.361 D/BluetoothPbapService(  673): setBluetoothPbapService(): set to: com.android.bluetooth.pbap.BluetoothPbapService@850ef82
03-31 16:35:58.364 D/AvrcpVolumeManager(  673): onAudioDevicesAdded: Not expecting device changed
03-31 16:35:58.366 D/ObexServerSockets(  673): create(rfcomm = -2, l2capPsm = -2)
03-31 16:35:58.372 D/CompatibilityChangeReporter(  479): Compat change id reported: 135634846; UID 10048; state: DISABLED
03-31 16:35:58.373 D/CompatibilityChangeReporter(  479): Compat change id reported: 177438394; UID 10048; state: DISABLED
03-31 16:35:58.373 D/CompatibilityChangeReporter(  479): Compat change id reported: 135772972; UID 10048; state: DISABLED
03-31 16:35:58.373 D/CompatibilityChangeReporter(  479): Compat change id reported: 135754954; UID 10048; state: DISABLED
03-31 16:35:58.377 D/CompatibilityChangeReporter(  479): Compat change id reported: 143937733; UID 10048; state: DISABLED
03-31 16:35:58.376 I/EventThread(  263): type=1400 audit(0.0:415): avc: denied { search } for name="extcon" dev="sysfs" ino=18102 scontext=u:r:hal_tv_cec_default:s0 tcontext=u:object_r:sysfs_extcon:s0 tclass=dir permissive=1
03-31 16:35:58.383 D/AdapterProperties(  673): onBluetoothReady, state=TURNING_ON, ScanMode=20
03-31 16:35:58.391 I/bt_btif_sock_rfcomm(  673): system/bt/btif/src/btif_sock_rfc.cc:303 btsock_rfc_listen: Adding listening socket service_name: (null) - channel: -2
03-31 16:35:58.399 I/bluetooth(  673): system/bt/btif/src/btif_sock_l2cap.cc:316 btsock_l2cap_alloc_l: Allocated l2cap socket structure socket_id:1
03-31 16:35:58.403 D/CompatibilityChangeReporter(  479): Compat change id reported: 135634846; UID 10014; state: DISABLED
03-31 16:35:58.404 D/CompatibilityChangeReporter(  479): Compat change id reported: 177438394; UID 10014; state: DISABLED
03-31 16:35:58.406 D/CompatibilityChangeReporter(  479): Compat change id reported: 135772972; UID 10014; state: DISABLED
03-31 16:35:58.406 I/bt_stack(  673): [INFO:port_api.cc(234)] RFCOMM_CreateConnection: bd_addr=ff:ff:ff:ff:ff:ff, scn=4, is_server=1, mtu=990, uuid=000000, dlci=8, signal_state=0x0b, p_port=0xbe19f3c4
03-31 16:35:58.407 D/CompatibilityChangeReporter(  479): Compat change id reported: 135754954; UID 10014; state: ENABLED
03-31 16:35:58.407 I/bt_l2cap(  673): system/bt/stack/l2cap/l2c_api.cc:134 L2CA_Register: L2CAP Registered service classic PSM: 0x1001
03-31 16:35:58.407 I/bluetooth(  673): system/bt/btif/src/btif_sock_l2cap.cc:341 send_app_psm_or_chan_l: Sending l2cap socket socket_id:1 channel:4097
03-31 16:35:58.408 D/BluetoothAdapter(  673): listenUsingL2capOn: set assigned channel to 4097
03-31 16:35:58.408 D/ObexServerSockets(  673): Succeed to create listening sockets 
03-31 16:35:58.409 D/ObexServerSockets0(  673): startAccept()
03-31 16:35:58.411 D/BluetoothSdpJni(  673): sdpCreatePbapPseRecordNative
03-31 16:35:58.413 D/Zygote  (  244): Forked child process 1234
03-31 16:35:58.415 I/ActivityManager(  479): app.processName = com.android.music
03-31 16:35:58.417 I/ActivityManager(  479): Start proc 1234:com.android.music/u0a48 for service {com.android.music/com.android.music.MediaPlaybackService}
03-31 16:35:58.418 D/CompatibilityChangeReporter(  479): Compat change id reported: 143937733; UID 10014; state: ENABLED
03-31 16:35:58.432 I/Zygote  ( 1234): seccomp disabled by setenforce 0
03-31 16:35:58.435 I/hq      ( 1095): 当前的服务模式是，serviceMode=0
03-31 16:35:58.436 E/hq      ( 1095): 检查user:::switchDao id=-1
03-31 16:35:58.438 E/dangbei111( 1051): getBattery delay 0
03-31 16:35:58.450 D/Zygote  (  244): Forked child process 1238
03-31 16:35:58.451 D/AdapterProperties(  673): Scan Mode:21
03-31 16:35:58.451 D/AdapterProperties(  673): Discoverable Timeout:120
03-31 16:35:58.453 W/ActivityManager(  479): Slow operation: 51ms so far, now at startProcess: done updating battery stats
03-31 16:35:58.453 W/ActivityManager(  479): Slow operation: 52ms so far, now at startProcess: building log message
03-31 16:35:58.453 I/ActivityManager(  479): app.processName = android.process.acore
03-31 16:35:58.453 I/ActivityManager(  479): Start proc 1238:android.process.acore/u0a14 for content provider {com.android.providers.contacts/com.android.providers.contacts.ContactsProvider2}
03-31 16:35:58.453 W/ActivityManager(  479): Slow operation: 52ms so far, now at startProcess: starting to update pids map
03-31 16:35:58.454 W/ActivityManager(  479): Slow operation: 52ms so far, now at startProcess: done updating pids map
03-31 16:35:58.463 E/dangbei111( 1051): cccccc 没有遥控器连接 不进行 getRCInfo return
03-31 16:35:58.464 D/BluetoothAdapterService(  673): updateUuids() - Updating UUIDs for bonded devices
03-31 16:35:58.464 D/ObexServerSockets0(  673): Accepting socket connection...
03-31 16:35:58.465 D/ObexServerSockets0(  673): Accepting socket connection...
03-31 16:35:58.468 D/CompatibilityChangeReporter(  673): Compat change id reported: 150939131; UID 1002; state: ENABLED
03-31 16:35:58.475 I/Zygote  ( 1238): seccomp disabled by setenforce 0
03-31 16:35:58.487 I/adbd    (  397): jdwp connection from 1234
03-31 16:35:58.484 I/rainbow_flow(  325): type=1400 audit(0.0:416): avc: denied { ioctl } for path="/dev/spidev1.0" dev="tmpfs" ino=3270 ioctlcmd=0x6b00 scontext=u:r:init:s0 tcontext=u:object_r:device:s0 tclass=chr_file permissive=1
03-31 16:35:58.490 D/QuickLifeImpl( 1051): QuickLifeService onStartCommand!
03-31 16:35:58.492 I/BluetoothAdapterService(  673): initProfileServices: Initializing all bluetooth profile services
03-31 16:35:58.492 D/QuickLifeImpl( 1051): init: 
03-31 16:35:58.493 D/QuickLifeImpl( 1051): isCorrectTime  buildTime = 1774946150;  currentTime = 1774946158493
03-31 16:35:58.494 D/QuickLifeImpl( 1051): isCorrectTime  isLimitedTime = false;  isConnectNetwork = true
03-31 16:35:58.498 I/BluetoothA2dpSinkServiceJni(  673): classInitNative: succeeds
03-31 16:35:58.498 I/adbd    (  397): jdwp connection from 1238
03-31 16:35:58.504 W/HeadsetClientService(  673): getHeadsetClientService(): service is null
03-31 16:35:58.504 W/MapClientService(  673): getMapClientService(): service is null
03-31 16:35:58.504 W/PbapClientService(  673): getPbapClientService(): service is null
03-31 16:35:58.504 W/HearingAidService(  673): getHearingAidService(): service is NULL
03-31 16:35:58.505 W/SapService(  673): getSapService(): service is null
03-31 16:35:58.505 D/AdapterProperties(  673): mLocalIOCapability set to 1
03-31 16:35:58.505 D/AdapterProperties(  673): mLocalIOCapabilityBLE set to 4
03-31 16:35:58.506 I/AdapterState(  673): ON : entered 
03-31 16:35:58.506 D/AdapterProperties(  673): Setting state to ON
03-31 16:35:58.507 D/BufferPoolAccessor2.0(  479): bufferpool2 0xe89e3cd8 : 0(0 size) total buffers - 0(0 size) used buffers - 2/7 (recycle/alloc) - 13/294 (fetch/transfer)
03-31 16:35:58.508 E/hq      ( 1095): 检查user:::更新前的信息: null  
03-31 16:35:58.508 E/hq      ( 1095): 更新后的信息: Users{userId=-1, nickName='游客', avatarUrl='null', wxToken='null', vip='null', mobile='null', sex=null, description='null', city='null', province='null', country='null', launcherMode=null, token='null', token='null'}
03-31 16:35:58.508 D/BufferPoolAccessor2.0(  479): evictor expired: 1, evicted: 1
03-31 16:35:58.510 W/IorapForwardingService(  479): No service published for: iorapd
03-31 16:35:58.512 D/BufferPoolAccessor2.0(  387): bufferpool2 0xef476dd8 : 0(0 size) total buffers - 0(0 size) used buffers - 139/145 (recycle/alloc) - 6/144 (fetch/transfer)
03-31 16:35:58.512 D/BufferPoolAccessor2.0(  387): evictor expired: 1, evicted: 1
03-31 16:35:58.513 D/BluetoothAdapterService(  673): updateAdapterState() - Broadcasting state ON to 1 receivers.
03-31 16:35:58.514 I/BluetoothPhonePolicy(  673): Received ACTION_UUID for device C9:B5:96:5C:E3:ED
03-31 16:35:58.515 I/BluetoothPhonePolicy(  673): index=0uuid=00001812-0000-1000-8000-00805f9b34fb
03-31 16:35:58.515 I/BluetoothPhonePolicy(  673): processInitProfilePriorities() - device C9:B5:96:5C:E3:ED
03-31 16:35:58.515 D/BluetoothManagerService(  479): MESSAGE_BLUETOOTH_STATE_CHANGE: TURNING_ON > ON
03-31 16:35:58.515 W/HearingAidService(  673): getHearingAidService(): service is NULL
03-31 16:35:58.515 D/BluetoothManagerService(  479): Broadcasting onBluetoothStateChange(true) to 4 receivers.
03-31 16:35:58.516 D/BluetoothHeadset(  479): onBluetoothStateChange: up=true
03-31 16:35:58.516 D/BluetoothManagerService(  479): Creating new ProfileServiceConnections object for profile: 1
03-31 16:35:58.516 V/BluetoothDatabase(  673): getProfileConnectionPolicy: C9:B5:96:5C:E3:ED, profile=4, connectionPolicy = 100
03-31 16:35:58.519 D/BluetoothSdpJni(  673): SDP Create record success - handle: 0
03-31 16:35:58.519 I/bt_bta_dm(  673): system/bt/bta/dm/bta_dm_act.cc:3191 bta_dm_eir_update_uuid: EIR Adding UUID=0x112F into extended inquiry response
03-31 16:35:58.519 I/bt_bta_dm(  673): system/bt/bta/dm/bta_dm_act.cc:2890 bta_dm_set_eir: Generating extended inquiry response packet EIR
03-31 16:35:58.519 D/BluetoothPbapService(  673): created Sdp record, mSdpHandle=0
03-31 16:35:58.526 D/TheRouter::RouterInject( 1095): interception::===interface com.dangbei.leard.protocol.home.HomeManagerInterface===HomeManagerInterfaceImpl103513480
03-31 16:35:58.528 D/AdHelper( 1095): ad server environment is official? false
03-31 16:35:58.528 D/BluetoothManagerService(  479): Sending BLE State Change: TURNING_ON > ON
03-31 16:35:58.529 D/AdHelper( 1095): ad server environment is official? false
03-31 16:35:58.529 D/AdHelper( 1095): ad server environment is official? false
03-31 16:35:58.529 D/AdHelper( 1095): ad server environment is official? false
03-31 16:35:58.529 D/BluetoothManagerService(  479): Sending State Change: TURNING_ON > ON
03-31 16:35:58.529 V/MediaStore( 1033): Examining volume emulated;0 with name external_primary and state mounted
03-31 16:35:58.542 D/AdHelper( 1095): AdHelper init: end
03-31 16:35:58.545 D/QuickLifeImpl( 1051): getConditionKey  before strConditionKeyList : null
03-31 16:35:58.561 D/BluetoothActiveDeviceManager(  673): handleMessage(MESSAGE_ADAPTER_ACTION_STATE_CHANGED): newState=12
03-31 16:35:58.562 E/memInfo.totalMem( 1095): memInfo.totalMem=2055442432  1073741824
03-31 16:35:58.563 D/LocalBluetoothProfileManager(  680): Adding local A2DP profile
03-31 16:35:58.564 D/QuickLifeImpl( 1051): getConditionKey  after  strConditionKeyList : []
03-31 16:35:58.564 D/QuickLifeImpl( 1051): insertConditionKeyValue   strConditionKeyList = []  CONDITIONKEYLIST = []
03-31 16:35:58.564 D/QuickLifeImpl( 1051): insertConditionKeyValue  addConditionKeyList = []
03-31 16:35:58.564 D/QuickLifeImpl( 1051): insertConditionKeyValue  deleteConditionKeyList = []
03-31 16:35:58.560 I/nd.statics.boot( 1095): type=1400 audit(0.0:417): avc: denied { read } for name="u:object_r:serialno_prop:s0" dev="tmpfs" ino=2926 scontext=u:r:system_app:s0 tcontext=u:object_r:serialno_prop:s0 tclass=file permissive=1
03-31 16:35:58.576 D/QuickLifeImpl( 1051): getSceneList!
03-31 16:35:58.577 D/QuickLifeImpl( 1051): checkCircle   list = []
03-31 16:35:58.577 D/QuickLifeImpl( 1051): addNewSceneAlarm!  isCorrectTime = true
03-31 16:35:58.579 D/CompatibilityChangeReporter( 1051): Compat change id reported: 160794467; UID 1000; state: DISABLED
03-31 16:35:58.582 D/QuickLifeImpl( 1051): day1 = 2026-03-31 00:00:00;  day2 = 2026-04-01 00:00:00;  timerMillis = 1774972800581
03-31 16:35:58.585 D/BluetoothAdapterService(  673): isQuetModeEnabled() - Enabled = false
03-31 16:35:58.585 I/BluetoothPhonePolicy(  673): autoConnect: Initiate auto connection on BT on...
03-31 16:35:58.585 D/BluetoothDatabase(  673): getMostRecentlyConnectedA2dpDevice: Invalid address for device LocalStorage
03-31 16:35:58.585 E/BluetoothPhonePolicy(  673): autoConnect: most recently active a2dp device is null
03-31 16:35:58.586 D/BtOppService(  673): start Socket Listeners
03-31 16:35:58.586 D/BtOppService(  673): stopListeners: mServerSocket is null
03-31 16:35:58.586 D/ObexServerSockets(  673): create(rfcomm = -2, l2capPsm = -2)
03-31 16:35:58.564 I/nd.statics.boot( 1095): type=1400 audit(0.0:418): avc: denied { open } for path="/dev/__properties__/u:object_r:serialno_prop:s0" dev="tmpfs" ino=2926 scontext=u:r:system_app:s0 tcontext=u:object_r:serialno_prop:s0 tclass=file permissive=1
03-31 16:35:58.592 I/bt_btif_sock_rfcomm(  673): system/bt/btif/src/btif_sock_rfc.cc:303 btsock_rfc_listen: Adding listening socket service_name: (null) - channel: -2
03-31 16:35:58.595 I/StorageSessionController(  479): Notifying volume state changed for session with id: emulated;0
01-01 08:00:28.415 W/audit   ( 1272): audit_lost=11 audit_rate_limit=5 audit_backlog_limit=64
03-31 16:35:58.600 I/ExternalStorageServiceImpl( 1033): Ignoring volume state for vol:external_primary. State: checking
01-01 08:00:28.431 E/audit   ( 1272): rate limit exceeded
03-31 16:35:58.612 I/bt_stack(  673): [INFO:port_api.cc(234)] RFCOMM_CreateConnection: bd_addr=ff:ff:ff:ff:ff:ff, scn=5, is_server=1, mtu=990, uuid=000000, dlci=10, signal_state=0x0b, p_port=0xbe19f44c
03-31 16:35:58.614 D/BluetoothAdapter(  673): listenUsingInsecureL2capOn: port=-2
03-31 16:35:58.629 D/BluetoothHeadset(  479): Proxy object connected
03-31 16:35:58.635 I/AS.BtHelper(  479): setBtScoActiveDevice: (null) -> (null)
03-31 16:35:58.651 D/BluetoothA2dp(  680): Binding service...
03-31 16:35:58.675 D/getEthernetMacAddr( 1095): getEthernetMacAddr use eth0
03-31 16:35:58.686 I/WebViewFactory( 1095): Loading com.android.webview version 91.0.4472.114 (code 447211450)
03-31 16:35:58.696 D/TheRouter::FlowTask( 1095): Virtual Flow Task TheRouter_activity_splash done
03-31 16:35:58.700 D/OsInitLaunch( 1095): send cache: homeCreate, null, null, null
03-31 16:35:58.701 I/vol.Events(  680): writeEvent level_changed STREAM_VOICE_CALL 15
03-31 16:35:58.703 D/TheRouter::RouterInject( 1095): interception::===interface com.dangbei.leard.protocol.IProviderProtocol===ProviderManager261744597
03-31 16:35:58.711 I/FuseDaemon( 1033): Background concurrent copying GC freed 21115(1158KB) AllocSpace objects, 4(80KB) LOS objects, 49% free, 3095KB/6190KB, paused 340us total 473.725ms
03-31 16:35:58.730 W/system_server(  479): Long monitor contention with owner PackageManager (570) at void com.android.server.pm.PackageManagerService$PackageHandler.doHandleMessage(android.os.Message)(PackageManagerService.java:5923) waiters=0 in int com.android.server.pm.PackageManagerService$ComputerLocked.getPackageUidInternal(java.lang.String, int, int, int) for 147ms
03-31 16:35:58.734 D/CompatibilityChangeReporter(  479): Compat change id reported: 171306433; UID 1000; state: DISABLED
03-31 16:35:58.736 W/ActivityManager(  479): Slow operation: 123ms so far, now at attachApplicationLocked: before bindApplication
03-31 16:35:58.737 V/MediaStore( 1033): Examining volume emulated;0 with name external_primary and state mounted
03-31 16:35:58.739 D/CompatibilityChangeReporter(  479): Compat change id reported: 168419799; UID 10014; state: DISABLED
03-31 16:35:58.740 I/bluetooth(  673): system/bt/btif/src/btif_sock_l2cap.cc:316 btsock_l2cap_alloc_l: Allocated l2cap socket structure socket_id:2
03-31 16:35:58.741 W/ActivityManager(  479): Slow operation: 128ms so far, now at attachApplicationLocked: immediately before bindApplication
03-31 16:35:58.742 I/vol.Events(  680): writeEvent level_changed STREAM_SYSTEM 5
03-31 16:35:58.743 W/ActivityManager(  479): Slow operation: 129ms so far, now at attachApplicationLocked: immediately after bindApplication
03-31 16:35:58.743 W/ActivityManager(  479): Slow operation: 129ms so far, now at attachApplicationLocked: after updateLruProcessLocked
03-31 16:35:58.743 D/BufferPoolAccessor2.0(  824): bufferpool2 0xea376998 : 0(0 size) total buffers - 0(0 size) used buffers - 1/7 (recycle/alloc) - 6/92 (fetch/transfer)
03-31 16:35:58.743 D/BufferPoolAccessor2.0(  824): evictor expired: 1, evicted: 1
03-31 16:35:58.743 I/lerad.etna.haq( 1051): Background concurrent copying GC freed 23270(1201KB) AllocSpace objects, 0(0B) LOS objects, 49% free, 3124KB/6248KB, paused 7.763ms total 433.707ms
03-31 16:35:58.746 I/bt_l2cap(  673): system/bt/stack/l2cap/l2c_api.cc:134 L2CA_Register: L2CAP Registered service classic PSM: 0x1003
03-31 16:35:58.746 I/bluetooth(  673): system/bt/btif/src/btif_sock_l2cap.cc:341 send_app_psm_or_chan_l: Sending l2cap socket socket_id:2 channel:4099
03-31 16:35:58.746 D/CompatibilityChangeReporter(  479): Compat change id reported: 181136395; UID 1000; state: DISABLED
03-31 16:35:58.747 D/BluetoothAdapter(  673): listenUsingInsecureL2capOn: set assigned channel to 4099
03-31 16:35:58.748 D/ObexServerSockets(  673): Succeed to create listening sockets 
03-31 16:35:58.749 D/ObexServerSockets1(  673): startAccept()
03-31 16:35:58.750 D/ObexServerSockets1(  673): Accepting socket connection...
03-31 16:35:58.752 I/vol.Events(  680): writeEvent level_changed STREAM_RING 5
03-31 16:35:58.753 D/BluetoothSdpJni(  673): sdpCreateOppOpsRecordNative
03-31 16:35:58.754 I/bt_bta_dm(  673): system/bt/bta/dm/bta_dm_act.cc:3191 bta_dm_eir_update_uuid: EIR Adding UUID=0x1105 into extended inquiry response
03-31 16:35:58.754 I/bt_bta_dm(  673): system/bt/bta/dm/bta_dm_act.cc:2890 bta_dm_set_eir: Generating extended inquiry response packet EIR
03-31 16:35:58.755 D/BluetoothSdpJni(  673): SDP Create record success - handle: 1
03-31 16:35:58.755 D/BtOppService(  673): mOppSdpHandle :1
03-31 16:35:58.756 I/vol.Events(  680): writeEvent level_changed STREAM_MUSIC 13
03-31 16:35:58.756 D/CompatibilityChangeReporter(  479): Compat change id reported: 174042936; UID 1000; state: DISABLED
03-31 16:35:58.757 W/ActivityManager(  479): Slow operation: 143ms so far, now at attachApplicationLocked: after mServices.attachApplicationLocked
03-31 16:35:58.757 D/ObexServerSockets1(  673): Accepting socket connection...
03-31 16:35:58.765 I/StorageSessionController(  479): Notifying volume state changed for session with id: emulated;0
03-31 16:35:58.765 I/vol.Events(  680): writeEvent level_changed STREAM_ALARM 17
03-31 16:35:58.770 D/SystemUIService(  680): running: com.android.systemui.volume.VolumeUI@6a23baf
03-31 16:35:58.773 I/vol.Events(  680): writeEvent level_changed STREAM_BLUETOOTH_SCO 7
03-31 16:35:58.774 W/ActivityManager(  479): Slow operation: 161ms so far, now at attachApplicationLocked: after updateOomAdjLocked
03-31 16:35:58.776 W/system_server(  479): Long monitor contention with owner Binder:479_9 (817) at void com.android.server.am.ActivityManagerService.attachApplication(android.app.IApplicationThread, long)(ActivityManagerService.java:4659) waiters=0 in void com.android.server.am.ActivityManagerService.attachApplication(android.app.IApplicationThread, long) for 148ms
03-31 16:35:58.779 D/CompatibilityChangeReporter(  479): Compat change id reported: 168419799; UID 10048; state: DISABLED
03-31 16:35:58.787 I/vol.Events(  680): writeEvent zen_mode_config_changed [disallowAlarms=false disallowMedia=false disallowSystem=true disallowRinger=false]
03-31 16:35:58.788 D/SystemUIBootTiming(  680): SystemUIService: bootcomplete com.android.systemui.volume.VolumeUI took 717 ms
03-31 16:35:58.788 D/SystemUIService(  680): loading: com.android.systemui.privacy.television.TvOngoingPrivacyChip
03-31 16:35:58.804 D/CompatibilityChangeReporter( 1238): Compat change id reported: 171979766; UID 10014; state: ENABLED
03-31 16:35:58.815 D/CompatibilityChangeReporter( 1234): Compat change id reported: 171979766; UID 10048; state: DISABLED
03-31 16:35:58.816 D/QuickLifeImpl( 1051): conditionNotify!
03-31 16:35:58.833 D/LocalBluetoothProfileManager(  680): Adding local HEADSET profile
03-31 16:35:58.842 D/QuickLifeImpl( 1051): onReceive intent : Intent { act=android.net.wifi.WIFI_STATE_CHANGED flg=0x4000010 (has extras) }
03-31 16:35:58.853 D/ApplicationLoaders( 1234): Returning zygote-cached class loader: /system/framework/android.test.base.jar
03-31 16:35:58.855 D/SystemUIService(  680): running: com.android.systemui.privacy.television.TvOngoingPrivacyChip@f97a2c1
03-31 16:35:58.856 D/SystemUIBootTiming(  680): SystemUIService: bootcomplete com.android.systemui.privacy.television.TvOngoingPrivacyChip took 68 ms
03-31 16:35:58.856 D/SystemUIService(  680): loading: com.android.systemui.statusbar.tv.TvStatusBar
03-31 16:35:58.856 D/SystemUIService(  680): running: com.android.systemui.statusbar.tv.TvStatusBar@96d4a66
03-31 16:35:58.856 E/ccc     ( 1051): cccccc etna-service onCreate
03-31 16:35:58.858 W/ContextImpl( 1051): Calling a method in the system process without a qualified user: android.app.ContextImpl.sendBroadcast:1173 android.content.ContextWrapper.sendBroadcast:479 com.dangbei.lerad.etna.core.EtnaManager.sendRebootBroadcast:82 com.dangbei.lerad.etna.core.EtnaService.onStartCommand:89 android.app.ActivityThread.handleServiceArgs:4639 
03-31 16:35:58.858 I/StatusBarManagerService(  479): registerStatusBar bar=com.android.internal.statusbar.IStatusBar$Stub$Proxy@6504016
03-31 16:35:58.865 E/ActivityManager(  479): Sending non-protected broadcast lerad.service.etna.haqu from system 1051:com.dangbei.lerad.etna.haqu/1000 pkg com.dangbei.lerad.etna.haqu
03-31 16:35:58.865 E/ActivityManager(  479): java.lang.Throwable
03-31 16:35:58.865 E/ActivityManager(  479): 	at com.android.server.am.ActivityManagerService.checkBroadcastFromSystem(ActivityManagerService.java:12816)
03-31 16:35:58.865 E/ActivityManager(  479): 	at com.android.server.am.ActivityManagerService.broadcastIntentLocked(ActivityManagerService.java:13416)
03-31 16:35:58.865 E/ActivityManager(  479): 	at com.android.server.am.ActivityManagerService.broadcastIntentLocked(ActivityManagerService.java:12833)
03-31 16:35:58.865 E/ActivityManager(  479): 	at com.android.server.am.ActivityManagerService.broadcastIntentWithFeature(ActivityManagerService.java:13670)
03-31 16:35:58.865 E/ActivityManager(  479): 	at android.app.IActivityManager$Stub.onTransact(IActivityManager.java:2326)
03-31 16:35:58.865 E/ActivityManager(  479): 	at com.android.server.am.ActivityManagerService.onTransact(ActivityManagerService.java:2509)
03-31 16:35:58.865 E/ActivityManager(  479): 	at android.os.Binder.execTransactInternal(Binder.java:1179)
03-31 16:35:58.865 E/ActivityManager(  479): 	at android.os.Binder.execTransact(Binder.java:1143)
03-31 16:35:58.868 E/ActivityManager(  479): Sending non-protected broadcast lerad.service.etna.haqu from system 1051:com.dangbei.lerad.etna.haqu/1000 pkg com.dangbei.lerad.etna.haqu
03-31 16:35:58.868 E/ActivityManager(  479): java.lang.Throwable
03-31 16:35:58.868 E/ActivityManager(  479): 	at com.android.server.am.ActivityManagerService.checkBroadcastFromSystem(ActivityManagerService.java:12816)
03-31 16:35:58.868 E/ActivityManager(  479): 	at com.android.server.am.ActivityManagerService.broadcastIntentLocked(ActivityManagerService.java:13513)
03-31 16:35:58.868 E/ActivityManager(  479): 	at com.android.server.am.ActivityManagerService.broadcastIntentLocked(ActivityManagerService.java:12833)
03-31 16:35:58.868 E/ActivityManager(  479): 	at com.android.server.am.ActivityManagerService.broadcastIntentWithFeature(ActivityManagerService.java:13670)
03-31 16:35:58.868 E/ActivityManager(  479): 	at android.app.IActivityManager$Stub.onTransact(IActivityManager.java:2326)
03-31 16:35:58.868 E/ActivityManager(  479): 	at com.android.server.am.ActivityManagerService.onTransact(ActivityManagerService.java:2509)
03-31 16:35:58.868 E/ActivityManager(  479): 	at android.os.Binder.execTransactInternal(Binder.java:1179)
03-31 16:35:58.868 E/ActivityManager(  479): 	at android.os.Binder.execTransact(Binder.java:1143)
03-31 16:35:58.872 E/ccc     ( 1051): cccccc etna-service onStartCommand
03-31 16:35:58.882 D/WifiNl80211Manager(  479): Scan result ready event
03-31 16:35:58.883 D/WifiNative(  479): Scan result ready event
03-31 16:35:58.884 E/CoreService( 1051): onStartCommand
03-31 16:35:58.890 I/DropBoxManagerService(  479): add tag=system_server_wtf isTagEnabled=true flags=0x2
03-31 16:35:58.908 I/DropBoxManagerService(  479): add tag=system_server_wtf isTagEnabled=true flags=0x2
03-31 16:35:58.887 D/SystemUIBootTiming(  680): SystemUIService: bootcomplete com.android.systemui.statusbar.tv.TvStatusBar took 31 ms
03-31 16:35:58.909 D/SystemUIService(  680): loading: com.android.systemui.statusbar.tv.notifications.TvNotificationPanel
03-31 16:35:58.909 D/SystemUIService(  680): running: com.android.systemui.statusbar.tv.notifications.TvNotificationPanel@117f1a7
03-31 16:35:58.910 D/SystemUIBootTiming(  680): SystemUIService: bootcomplete com.android.systemui.statusbar.tv.notifications.TvNotificationPanel took 1 ms
03-31 16:35:58.910 D/SystemUIService(  680): loading: com.android.systemui.statusbar.tv.notifications.TvNotificationHandler
03-31 16:35:58.923 D/SystemUIService(  680): running: com.android.systemui.statusbar.tv.notifications.TvNotificationHandler@fcf654
03-31 16:35:58.933 D/CompatibilityChangeReporter(  479): Compat change id reported: 168419799; UID 10074; state: DISABLED
03-31 16:35:58.949 D/nativeloader( 1095): classloader namespace configured for unbundled product apk. library_path=/product/app/webview/lib/arm:/product/app/webview/webview.apk!/lib/armeabi-v7a:/product/lib:/system/product/lib
03-31 16:35:58.953 W/ContextImpl( 1051): Calling a method in the system process without a qualified user: android.app.ContextImpl.bindService:1895 android.content.ContextWrapper.bindService:810 com.dangbei.lerad.etna.lib.client.EtnaClient.bindServer:138 com.dangbei.lerad.etna.lib.client.EtnaClient.access$600:29 com.dangbei.lerad.etna.lib.client.EtnaClient$3.call:205 
03-31 16:35:58.957 E/hq      ( 1095): LauncherCallback:::onViewCreate
03-31 16:35:58.957 D/LocalBluetoothProfileManager(  680): Adding local MAP profile
03-31 16:35:58.957 E/hq      ( 1095): LauncherCallback:::onAttach
03-31 16:35:58.973 D/SystemUIBootTiming(  680): SystemUIService: bootcomplete com.android.systemui.statusbar.tv.notifications.TvNotificationHandler took 63 ms
03-31 16:35:58.973 D/SystemUIService(  680): loading: com.android.systemui.statusbar.tv.VpnStatusObserver
03-31 16:35:58.982 D/BluetoothHeadset(  680): Proxy object connected
03-31 16:35:59.019 I/MediaProvider( 1033): Begin Intent { act=com.android.providers.media.action.SCAN_VOLUME (has extras) }
03-31 16:35:59.045 E/hq      ( 1095): LauncherCallback:::inspect
03-31 16:35:59.046 E/hq      ( 1095): AdHelper:::后台配置是否展现广告: true
03-31 16:35:59.048 D/OsInitLaunch( 1095): send cache: launchHome, launchMainActivity, null, 1
03-31 16:35:59.051 D/OsInitLaunch( 1095): send cache: mangoAuth, null, AUTH_NO_NETWORK, null
03-31 16:35:59.074 D/ConnectivityService(  479): NetReassign [no changes]
03-31 16:35:59.089 D/BluetoothMap(  680): Create BluetoothMap proxy object
03-31 16:35:59.106 E/dangbei111( 1051): 5mins后会再次获取电量
03-31 16:35:59.106 E/dangbei111( 1051): getBattery delay 300000
03-31 16:35:59.107 E/ccc     ( 1051): cccccc etnaService addListener com.dangbei.lerad.etna.lib.client.EtnaServerListener@2a4070f com.dangbei.etna.setting
03-31 16:35:59.107 E/ccc     ( 1051): cccccc SettingHelper onServerConnected 
03-31 16:35:59.108 D/BluetoothMap(  680): Binding service...
03-31 16:35:59.111 E/ccc     ( 1051): cccccc etnaService addListener com.dangbei.lerad.etna.lib.client.EtnaServerListener@ae001a5 com.dangbei.etna.update
03-31 16:35:59.113 E/ccc     ( 1051): cccccc UpdateHelper onServerConnected 
03-31 16:35:59.121 E/ccc     ( 1051): cccccc sendCycleCheckBootGuideStatusMessage
03-31 16:35:59.125 W/ContextImpl( 1051): Calling a method in the system process without a qualified user: android.app.ContextImpl.startService:1816 android.content.ContextWrapper.startService:774 com.dangbei.etna.setting.core.SettingHelper.startRocky:260 com.dangbei.etna.setting.core.SettingHelper.sendCycleCheckBootGuideStatusMessage:206 com.dangbei.etna.setting.core.SettingHelper.startLoop:195 
03-31 16:35:59.128 E/ccc     ( 1051): cccccc etnaService addListener com.dangbei.lerad.etna.lib.client.EtnaServerListener@c7f297a com.dangbei.lerad.etna.haqu.andes
03-31 16:35:59.140 V/GraphicsEnvironment( 1238): ANGLE Developer option for 'com.android.providers.contacts' set to: 'default'
03-31 16:35:59.141 V/GraphicsEnvironment( 1238): Neither updatable production driver nor prerelease driver is supported.
03-31 16:35:59.152 D/NetworkSecurityConfig( 1238): No Network Security Config specified, using platform default
03-31 16:35:59.152 W/system_server(  479): Long monitor contention with owner android.bg (539) at void com.android.server.pm.Settings$RuntimePermissionPersistence$MyHandler.handleMessage(android.os.Message)(Settings.java:5648) waiters=2 in android.content.pm.ProviderInfo com.android.server.pm.ComponentResolver.queryProvider(java.lang.String, int, int) for 101ms
03-31 16:35:59.153 D/NsdService(  479): New client listening to asynchronous messages
03-31 16:35:59.153 D/NetworkSecurityConfig( 1238): No Network Security Config specified, using platform default
03-31 16:35:59.154 D/NsdService(  479): New client, channel: com.android.internal.util.AsyncChannel@29efe8b messenger: android.os.Messenger@9c2eb68
03-31 16:35:59.155 D/CompatibilityChangeReporter(  479): Compat change id reported: 168419799; UID 1000; state: DISABLED
03-31 16:35:59.155 D/ColorDisplayService(  479): NightDisplayTintController Animation cancelled: false to matrix: 
03-31 16:35:59.155 D/ColorDisplayService(  479):        1.000000 0.000000 0.000000 0.000000 0.000000 1.000000 0.000000 0.000000 0.000000 0.000000 1.000000 0.000000 0.000000 0.000000 0.000000 1.000000 min matrix coefficients: 
03-31 16:35:59.155 D/ColorDisplayService(  479):        1.000000 0.000000 0.000000 0.000000 0.000000 1.000000 0.000000 0.000000 0.000000 0.000000 1.000000 0.000000 0.000000 0.000000 0.000000 1.000000 max matrix coefficients: 
03-31 16:35:59.155 D/ColorDisplayService(  479):        1.000000 0.000000 0.000000 0.000000 0.000000 1.000000 0.000000 0.000000 0.000000 0.000000 1.000000 0.000000 0.000000 0.000000 0.000000 1.000000
03-31 16:35:59.155 W/ContextImpl( 1051): Calling a method in the system process without a qualified user: android.app.ContextImpl.bindService:1895 android.content.ContextWrapper.bindService:810 com.dangbei.lerad.etna.lib.client.EtnaClient.bindServer:138 com.dangbei.lerad.etna.lib.client.EtnaClient.access$600:29 com.dangbei.lerad.etna.lib.client.EtnaClient$3.call:205 
03-31 16:35:59.156 V/MediaStore( 1033): Examining volume emulated;0 with name external_primary and state mounted
03-31 16:35:59.159 I/d.leradlaunche( 1095): Waiting for a blocking GC ClassLinker
03-31 16:35:59.160 W/ContextImpl( 1051): Calling a method in the system process without a qualified user: android.app.ContextImpl.bindService:1895 android.content.ContextWrapper.bindService:810 com.dangbei.lerad.etna.lib.client.EtnaClient.bindServer:138 com.dangbei.lerad.etna.lib.client.EtnaClient.access$600:29 com.dangbei.lerad.etna.lib.client.EtnaClient$3.call:205 
03-31 16:35:59.157 D/SystemUIService(  680): running: com.android.systemui.statusbar.tv.VpnStatusObserver@2df6e9f
03-31 16:35:59.160 V/GraphicsEnvironment( 1234): ANGLE Developer option for 'com.android.music' set to: 'default'
03-31 16:35:59.160 D/SystemUIBootTiming(  680): SystemUIService: bootcomplete com.android.systemui.statusbar.tv.VpnStatusObserver took 187 ms
03-31 16:35:59.160 D/SystemUIService(  680): loading: com.android.systemui.globalactions.GlobalActionsComponent
03-31 16:35:59.160 V/GraphicsEnvironment( 1234): Neither updatable production driver nor prerelease driver is supported.
03-31 16:35:59.164 D/CompatibilityChangeReporter( 1051): Compat change id reported: 191844585; UID 1000; state: DISABLED
03-31 16:35:59.165 I/Choreographer( 1095): Skipped 91 frames!  The application may be doing too much work on its main thread.
03-31 16:35:59.167 D/NetworkSecurityConfig( 1234): No Network Security Config specified, using platform default
03-31 16:35:59.167 D/NsdService(  479): mdnssd [start-service]
03-31 16:35:59.169 D/CompatibilityChangeReporter(  479): Compat change id reported: 158002302; UID 1000; state: ENABLED
03-31 16:35:59.170 D/SystemUIService(  680): running: com.android.systemui.globalactions.GlobalActionsComponent@8aa1bb5
03-31 16:35:59.171 D/NetworkSecurityConfig( 1234): No Network Security Config specified, using platform default
03-31 16:35:59.175 E/NsdService(  479): Failed to execute mdnssd [start-service]
03-31 16:35:59.175 E/NsdService(  479): com.android.server.NativeDaemonConnector$NativeDaemonFailureException: command '1 mdnssd start-service' failed with '402 1 Service already running'
03-31 16:35:59.175 E/NsdService(  479): 	at com.android.server.NativeDaemonConnector.executeForList(NativeDaemonConnector.java:516)
03-31 16:35:59.175 E/NsdService(  479): 	at com.android.server.NativeDaemonConnector.execute(NativeDaemonConnector.java:412)
03-31 16:35:59.175 E/NsdService(  479): 	at com.android.server.NativeDaemonConnector.execute(NativeDaemonConnector.java:407)
03-31 16:35:59.175 E/NsdService(  479): 	at com.android.server.NsdService$DaemonConnection.execute(NsdService.java:743)
03-31 16:35:59.175 E/NsdService(  479): 	at com.android.server.NsdService$DaemonConnection.maybeStart(NsdService.java:758)
03-31 16:35:59.175 E/NsdService(  479): 	at com.android.server.NsdService$NsdStateMachine.maybeStartDaemon(NsdService.java:100)
03-31 16:35:59.175 E/NsdService(  479): 	at com.android.server.NsdService$NsdStateMachine.access$1600(NsdService.java:88)
03-31 16:35:59.175 E/NsdService(  479): 	at com.android.server.NsdService$NsdStateMachine$DefaultState.processMessage(NsdService.java:223)
03-31 16:35:59.175 E/NsdService(  479): 	at com.android.internal.util.StateMachine$SmHandler.processMsg(StateMachine.java:993)
03-31 16:35:59.175 E/NsdService(  479): 	at com.android.internal.util.StateMachine$SmHandler.handleMessage(StateMachine.java:810)
03-31 16:35:59.175 E/NsdService(  479): 	at android.os.Handler.dispatchMessage(Handler.java:106)
03-31 16:35:59.175 E/NsdService(  479): 	at android.os.Looper.loopOnce(Looper.java:201)
03-31 16:35:59.175 E/NsdService(  479): 	at android.os.Looper.loop(Looper.java:288)
03-31 16:35:59.175 E/NsdService(  479): 	at android.os.HandlerThread.run(HandlerThread.java:67)
03-31 16:35:59.179 D/SystemUIBootTiming(  680): SystemUIService: bootcomplete com.android.systemui.globalactions.GlobalActionsComponent took 18 ms
03-31 16:35:59.179 D/SystemUIService(  680): loading: com.android.systemui.usb.StorageNotification
03-31 16:35:59.191 D/SystemUIService(  680): running: com.android.systemui.usb.StorageNotification@9d31916
03-31 16:35:59.208 I/ActivityManager(  479): com.dangbei.lerad.rocky is exempt from freezer
03-31 16:35:59.215 I/hwservicemanager(  183): getTransport: Cannot find entry android.hardware.configstore@1.0::ISurfaceFlingerConfigs/default in either framework or device VINTF manifest.
03-31 16:35:59.216 D/CompatibilityChangeReporter(  479): Compat change id reported: 135634846; UID 1000; state: DISABLED
03-31 16:35:59.218 W/ActivityManager(  479): Slow operation: 60ms so far, now at startProcess: done starting proc!
03-31 16:35:59.219 E/ccc     ( 1051): cccccc sendCycleCheckBroadcast
03-31 16:35:59.221 W/ContextImpl( 1051): Calling a method in the system process without a qualified user: android.app.ContextImpl.sendBroadcast:1173 android.content.ContextWrapper.sendBroadcast:479 com.dangbei.etna.setting.core.SettingHelper.sendCycleToProjector:250 com.dangbei.etna.setting.core.SettingHelper.sendCycleCheckBroadcast:219 com.dangbei.etna.setting.core.SettingHelper.sendCycleCheckBootGuideStatusMessage:207 
03-31 16:35:59.236 D/installd(  356): Found quota mount /dev/block/by-name/userdata at /data
03-31 16:35:59.236 D/installd(  356): Found quota mount /dev/block/by-name/userdata at /data/user/0
03-31 16:35:59.236 D/installd(  356): Found quota mount /dev/block/by-name/userdata at /mnt/pass_through/0/emulated
03-31 16:35:59.236 D/installd(  356): Found quota mount /dev/block/by-name/userdata at /mnt/user/0/emulated/0/Android/data
03-31 16:35:59.236 D/installd(  356): Found quota mount /dev/block/by-name/userdata at /storage/emulated/0/Android/data
03-31 16:35:59.236 D/installd(  356): Found quota mount /dev/block/by-name/userdata at /mnt/androidwritable/0/emulated/0/Android/data
03-31 16:35:59.237 D/installd(  356): Found quota mount /dev/block/by-name/userdata at /mnt/installer/0/emulated/0/Android/data
03-31 16:35:59.237 D/installd(  356): Found quota mount /dev/block/by-name/userdata at /mnt/user/0/emulated/0/Android/obb
03-31 16:35:59.237 D/installd(  356): Found quota mount /dev/block/by-name/userdata at /storage/emulated/0/Android/obb
03-31 16:35:59.237 D/installd(  356): Found quota mount /dev/block/by-name/userdata at /mnt/androidwritable/0/emulated/0/Android/obb
03-31 16:35:59.237 D/installd(  356): Found quota mount /dev/block/by-name/userdata at /mnt/installer/0/emulated/0/Android/obb
03-31 16:35:59.238 D/installd(  356): Found storage mount /dev/block/by-name/userdata at /mnt/pass_through/0/emulated
03-31 16:35:59.240 W/ContextImpl( 1051): Calling a method in the system process without a qualified user: android.app.ContextImpl.sendBroadcast:1173 android.content.ContextWrapper.sendBroadcast:479 com.dangbei.etna.setting.core.SettingHelper.sendCycleToVoice:235 com.dangbei.etna.setting.core.SettingHelper.sendCycleCheckBroadcast:220 com.dangbei.etna.setting.core.SettingHelper.sendCycleCheckBootGuideStatusMessage:207 
03-31 16:35:59.244 D/LocalBluetoothProfileManager(  680): Adding local OPP profile
03-31 16:35:59.246 D/music_MediaPlaybackSer( 1234): onCreate()
03-31 16:35:59.251 D/StorageManagerService(  479): Volume emulated;0 broadcasting checking to UserHandle{0}
03-31 16:35:59.252 D/music_MediaPlaybackSer( 1234): Create MusicProvider
03-31 16:35:59.253 D/StorageManagerService(  479): Volume emulated;0 broadcasting mounted to UserHandle{0}
03-31 16:35:59.254 V/MediaStore( 1033): Examining volume emulated;0 with name external_primary and state mounted
03-31 16:35:59.257 D/music_MediaPlaybackSer( 1234): Create MediaSession
03-31 16:35:59.257 D/StorageNotification(  680): Notifying about private volume: VolumeInfo{private}:
03-31 16:35:59.257 D/StorageNotification(  680):     type=PRIVATE diskId=null partGuid=null mountFlags=0 mountUserId=-10000 
03-31 16:35:59.257 D/StorageNotification(  680):     state=MOUNTED 
03-31 16:35:59.257 D/StorageNotification(  680):     fsType=null fsUuid=null fsLabel=null 
03-31 16:35:59.257 D/StorageNotification(  680):     path=/data internalPath=null 
03-31 16:35:59.260 E/ActivityManager(  479): Sending non-protected broadcast com.dangbei.etna.setting.action_cycle_check_broadcast from system 1051:com.dangbei.lerad.etna.haqu/1000 pkg com.dangbei.lerad.etna.haqu
03-31 16:35:59.260 E/ActivityManager(  479): java.lang.Throwable
03-31 16:35:59.260 E/ActivityManager(  479): 	at com.android.server.am.ActivityManagerService.checkBroadcastFromSystem(ActivityManagerService.java:12816)
03-31 16:35:59.260 E/ActivityManager(  479): 	at com.android.server.am.ActivityManagerService.broadcastIntentLocked(ActivityManagerService.java:13513)
03-31 16:35:59.260 E/ActivityManager(  479): 	at com.android.server.am.ActivityManagerService.broadcastIntentLocked(ActivityManagerService.java:12833)
03-31 16:35:59.260 E/ActivityManager(  479): 	at com.android.server.am.ActivityManagerService.broadcastIntentWithFeature(ActivityManagerService.java:13670)
03-31 16:35:59.260 E/ActivityManager(  479): 	at android.app.IActivityManager$Stub.onTransact(IActivityManager.java:2326)
03-31 16:35:59.260 E/ActivityManager(  479): 	at com.android.server.am.ActivityManagerService.onTransact(ActivityManagerService.java:2509)
03-31 16:35:59.260 E/ActivityManager(  479): 	at android.os.Binder.execTransactInternal(Binder.java:1179)
03-31 16:35:59.260 E/ActivityManager(  479): 	at android.os.Binder.execTransact(Binder.java:1143)
03-31 16:35:59.264 I/DropBoxManagerService(  479): add tag=system_server_wtf isTagEnabled=true flags=0x2
03-31 16:35:59.270 D/WanCommander( 1051): handleConnection:
03-31 16:35:59.272 D/SystemUIBootTiming(  680): SystemUIService: bootcomplete com.android.systemui.usb.StorageNotification took 93 ms
03-31 16:35:59.273 D/SystemUIService(  680): loading: com.android.systemui.power.PowerUI
03-31 16:35:59.273 D/SystemUIService(  680): running: com.android.systemui.power.PowerUI@f6f0c6d
03-31 16:35:59.276 D/Zygote  (  244): Forked child process 1324
03-31 16:35:59.277 E/HWComposer(  292): getSupportedContentTypes: getSupportedContentTypes failed for display 0: Unsupported (8)
03-31 16:35:59.277 W/ActivityManager(  479): Slow operation: 78ms so far, now at startProcess: returned from zygote!
03-31 16:35:59.278 D/LocalBluetoothProfileManager(  680): Adding local HID_HOST profile
03-31 16:35:59.280 W/ActivityManager(  479): Slow operation: 80ms so far, now at startProcess: done updating battery stats
03-31 16:35:59.280 W/ActivityManager(  479): Slow operation: 80ms so far, now at startProcess: building log message
03-31 16:35:59.280 I/ActivityManager(  479): app.processName = com.dangbei.lerad.rocky
03-31 16:35:59.280 I/ActivityManager(  479): Start proc 1324:com.dangbei.lerad.rocky/1000 for service {com.dangbei.lerad.rocky/com.dangbei.rocky.RockyService}
03-31 16:35:59.280 W/ActivityManager(  479): Slow operation: 81ms so far, now at startProcess: starting to update pids map
