01-01 08:00:19.695 I/SystemServiceManager(  479): Starting com.android.server.DropBoxManagerService
01-01 08:00:19.699 D/SystemServerTiming(  479): StartDropBoxManager took to complete: 4ms
01-01 08:00:19.699 I/SystemServerTiming(  479): StartRoleManagerService
01-01 08:00:19.699 I/SystemServiceManager(  479): Starting com.android.role.RoleService
01-01 08:00:19.706 D/SystemServerTiming(  479): StartRoleManagerService took to complete: 7ms
01-01 08:00:19.706 I/SystemServerTiming(  479): StartVibratorManagerService
01-01 08:00:19.707 I/SystemServiceManager(  479): Starting com.android.server.vibrator.VibratorManagerService$Lifecycle
01-01 08:00:19.713 E/servicemanager(  182): Could not find android.hardware.vibrator.IVibratorManager/default in the VINTF manifest.
01-01 08:00:19.713 E/servicemanager(  182): Could not find android.hardware.vibrator.IVibrator/default in the VINTF manifest.
01-01 08:00:19.714 I/hwservicemanager(  183): getTransport: Cannot find entry android.hardware.vibrator@1.0::IVibrator/default in either framework or device VINTF manifest.
01-01 08:00:19.717 D/SystemServerTiming(  479): StartVibratorManagerService took to complete: 10ms
01-01 08:00:19.718 I/SystemServerTiming(  479): StartDynamicSystemService
01-01 08:00:19.719 D/SystemServerTiming(  479): StartDynamicSystemService took to complete: 1ms
01-01 08:00:19.720 I/SystemServerTiming(  479): StartConsumerIrService
01-01 08:00:19.721 I/hwservicemanager(  183): getTransport: Cannot find entry android.hardware.ir@1.0::IConsumerIr/default in either framework or device VINTF manifest.
01-01 08:00:19.723 D/SystemServerTiming(  479): StartConsumerIrService took to complete: 3ms
01-01 08:00:19.724 I/SystemServerTiming(  479): StartAlarmManagerService
01-01 08:00:19.725 I/SystemServiceManager(  479): Starting com.android.server.alarm.AlarmManagerService
01-01 08:00:19.729 D/XM_HIDREAD(  317): add@ add@/devices/virtual/wakeup/wakeup13
01-01 08:00:19.729 D/XM_HIDREAD(  317): add@ add@/devices/virtual/wakeup/wakeup14
01-01 08:00:19.729 D/XM_HIDREAD(  317): add@ add@/devices/virtual/wakeup/wakeup15
01-01 08:00:19.730 D/XM_HIDREAD(  317): add@ add@/devices/virtual/wakeup/wakeup16
01-01 08:00:19.730 D/XM_HIDREAD(  317): add@ add@/devices/virtual/wakeup/wakeup17
01-01 08:00:19.730 D/XM_HIDREAD(  317): add@ add@/devices/virtual/wakeup/wakeup18
01-01 08:00:19.730 D/XM_HIDREAD(  317): add@ add@/devices/virtual/wakeup/wakeup19
01-01 08:00:19.731 D/AlarmManagerService(  479): Kernel timezone updated to -480 minutes west of GMT
01-01 08:00:19.732 I/AlarmManager(  479): Current time only 19731, advancing to build time 1774946150000
01-01 08:00:19.732 D/AlarmManagerService(  479): Setting time of day to sec=1774946150
03-31 16:35:50.008 I/Typeface(  244): Preloading /system/fonts/Roboto-Regular.ttf
03-31 16:35:50.009 I/Typeface(  244): Preloading /system/fonts/RobotoStatic-Regular.ttf
01-01 08:00:19.724 I/xiriservice_All(  324): type=1400 audit(0.0:305): avc: denied { read } for scontext=u:r:init:s0 tcontext=u:r:init:s0 tclass=netlink_kobject_uevent_socket permissive=1
03-31 16:35:50.068 D/CompatibilityChangeReporter(  479): Compat change id reported: 160794467; UID 1000; state: ENABLED
03-31 16:35:50.073 W/SystemServiceManager(  479): Service com.android.server.alarm.AlarmManagerService took 79 ms in onStart
03-31 16:35:50.073 D/SystemServerTiming(  479): StartAlarmManagerService took to complete: 81ms
03-31 16:35:50.073 I/SystemServerTiming(  479): StartInputManagerService
03-31 16:35:50.074 I/InputManager(  479): Initializing input manager, mUseDevInputEventForAudioJack=true
03-31 16:35:50.077 D/XM_HIDREAD(  317): add@ add@/devices/virtual/wakeup/wakeup20
03-31 16:35:50.077 D/XM_HIDREAD(  317): add@ add@/devices/virtual/wakeup/wakeup21
03-31 16:35:50.081 I/ServiceManager(  242): Waiting for service 'statscompanion' on '/dev/binder'...
03-31 16:35:50.081 D/XM_HIDREAD(  317): add@ add@/devices/virtual/wakeup/wakeup22
03-31 16:35:50.083 D/SystemServerTiming(  479): StartInputManagerService took to complete: 10ms
03-31 16:35:50.083 I/SystemServerTiming(  479): DeviceStateManagerService
03-31 16:35:50.083 I/SystemServiceManager(  479): Starting com.android.server.devicestate.DeviceStateManagerService
03-31 16:35:50.093 D/SystemServerTiming(  479): DeviceStateManagerService took to complete: 11ms
03-31 16:35:50.093 I/SystemServerTiming(  479): StartCameraServiceProxy
03-31 16:35:50.093 I/SystemServiceManager(  479): Starting com.android.server.camera.CameraServiceProxy
03-31 16:35:50.096 D/SystemServerTiming(  479): StartCameraServiceProxy took to complete: 3ms
03-31 16:35:50.097 I/SystemServerTiming(  479): StartWindowManagerService
03-31 16:35:50.097 I/SystemServiceManager(  479): Starting phase 200
03-31 16:35:50.097 I/SystemServerTiming(  479): OnBootPhase_200
03-31 16:35:50.097 D/SystemServerTiming(  479): OnBootPhase_200 took to complete: 1ms
03-31 16:35:50.104 I/WindowManager(  479): No existing display settings, starting empty
03-31 16:35:50.105 I/WindowManager(  479): No existing display settings, starting empty
03-31 16:35:50.119 D/Sunxi_PQ(  295): has no clients connectted, close the socket.
03-31 16:35:50.126 I/WindowTracing(  479): Setting window tracing log level to 1
03-31 16:35:50.126 I/WindowTracing(  479): Setting window tracing buffer capacity to 2097152bytes
03-31 16:35:50.132 I/Typeface(  244): Preloading /system/fonts/NotoSansCJK-Regular.ttc
03-31 16:35:50.132 I/Typeface(  244): Preloading /system/fonts/NotoSerifCJK-Regular.ttc
03-31 16:35:50.146 D/SystemServerTiming(  479): StartWindowManagerService took to complete: 49ms
03-31 16:35:50.146 I/SystemServerTiming(  479): SetWindowManagerService
03-31 16:35:50.154 I/InputDispatcher(  479): Created monitor PointerEventDispatcher0 for display 0, gesture=false, pid=479
03-31 16:35:50.206 E/ActivityRecognitionHardware(  244): activity_recognition HAL is deprecated. class_init is effectively a no-op
03-31 16:35:50.212 I/ActivityTaskManager(  479): Loaded persisted task ids for user 0
03-31 16:35:50.219 D/SystemServerTiming(  479): SetWindowManagerService took to complete: 72ms
03-31 16:35:50.219 I/SystemServerTiming(  479): WindowManagerServiceOnInitReady
03-31 16:35:50.245 D/ExtconUEventObserver(  479): FilenameExtconByName: /sys/class/extcon/extcon0
03-31 16:35:50.253 W/WindowManager(  479): /sys/class/extcon/hdmi/state not found while attempting to determine initial state
03-31 16:35:50.253 W/WindowManager(  479): java.io.FileNotFoundException: /sys/class/extcon/hdmi/state: open failed: ENOENT (No such file or directory)
03-31 16:35:50.253 W/WindowManager(  479): 	at libcore.io.IoBridge.open(IoBridge.java:575)
03-31 16:35:50.253 W/WindowManager(  479): 	at java.io.FileInputStream.<init>(FileInputStream.java:160)
03-31 16:35:50.253 W/WindowManager(  479): 	at android.os.FileUtils.readTextFile(FileUtils.java:637)
03-31 16:35:50.253 W/WindowManager(  479): 	at com.android.server.ExtconStateObserver.parseStateFromFile(ExtconStateObserver.java:49)
03-31 16:35:50.253 W/WindowManager(  479): 	at com.android.server.policy.PhoneWindowManager$HdmiVideoExtconUEventObserver.init(PhoneWindowManager.java:5666)
03-31 16:35:50.253 W/WindowManager(  479): 	at com.android.server.policy.PhoneWindowManager$HdmiVideoExtconUEventObserver.access$5200(PhoneWindowManager.java:5658)
03-31 16:35:50.253 W/WindowManager(  479): 	at com.android.server.policy.PhoneWindowManager.initializeHdmiStateInternal(PhoneWindowManager.java:3425)
03-31 16:35:50.253 W/WindowManager(  479): 	at com.android.server.policy.PhoneWindowManager.initializeHdmiState(PhoneWindowManager.java:3389)
03-31 16:35:50.253 W/WindowManager(  479): 	at com.android.server.policy.PhoneWindowManager.init(PhoneWindowManager.java:1821)
03-31 16:35:50.253 W/WindowManager(  479): 	at com.android.server.policy.TvWindowManager.init(TvWindowManager.java:260)
03-31 16:35:50.253 W/WindowManager(  479): 	at com.android.server.wm.WindowManagerService$5.run(WindowManagerService.java:1199)
03-31 16:35:50.253 W/WindowManager(  479): 	at android.os.Handler$BlockingRunnable.run(Handler.java:961)
03-31 16:35:50.253 W/WindowManager(  479): 	at android.os.Handler.handleCallback(Handler.java:938)
03-31 16:35:50.253 W/WindowManager(  479): 	at android.os.Handler.dispatchMessage(Handler.java:99)
03-31 16:35:50.253 W/WindowManager(  479): 	at android.os.Looper.loopOnce(Looper.java:201)
03-31 16:35:50.253 W/WindowManager(  479): 	at android.os.Looper.loop(Looper.java:288)
03-31 16:35:50.253 W/WindowManager(  479): 	at android.os.HandlerThread.run(HandlerThread.java:67)
03-31 16:35:50.253 W/WindowManager(  479): 	at com.android.server.ServiceThread.run(ServiceThread.java:44)
03-31 16:35:50.253 W/WindowManager(  479): 	at com.android.server.UiThread.run(UiThread.java:45)
03-31 16:35:50.253 W/WindowManager(  479): Caused by: android.system.ErrnoException: open failed: ENOENT (No such file or directory)
03-31 16:35:50.253 W/WindowManager(  479): 	at libcore.io.Linux.open(Native Method)
03-31 16:35:50.253 W/WindowManager(  479): 	at libcore.io.ForwardingOs.open(ForwardingOs.java:567)
03-31 16:35:50.253 W/WindowManager(  479): 	at libcore.io.BlockGuardOs.open(BlockGuardOs.java:273)
03-31 16:35:50.253 W/WindowManager(  479): 	at libcore.io.IoBridge.open(IoBridge.java:561)
03-31 16:35:50.253 W/WindowManager(  479): 	... 18 more
03-31 16:35:50.277 D/com_softwinner_gpio(  479): Gpio JNI_OnLoad()
03-31 16:35:50.278 D/com_softwinner_gpio(  479): init
03-31 16:35:50.279 E/SELinux (  182): avc:  denied  { find } for pid=479 uid=1000 name=softwinner.gpio scontext=u:r:system_server:s0 tcontext=u:object_r:default_android_service:s0 tclass=service_manager permissive=1
03-31 16:35:50.281 D/SystemServerTiming(  479): WindowManagerServiceOnInitReady took to complete: 63ms
03-31 16:35:50.282 I/SystemServerTiming(  479): StartInputManager
03-31 16:35:50.282 I/SystemServerTimingAsync(  479): InitThreadPoolExec:StartHidlServices
03-31 16:35:50.282 D/SystemServerInitThreadPool(  479): Started executing StartHidlServices
03-31 16:35:50.282 I/InputManager(  479): Starting input manager
03-31 16:35:50.282 I/SystemServerTimingAsync(  479): StartHidlServices
03-31 16:35:50.292 I/HidlServiceManagement(  479): Registered android.frameworks.sensorservice@1.0::ISensorManager/default
03-31 16:35:50.293 I/hwservicemanager(  183): getTransport: Cannot find entry android.frameworks.schedulerservice@1.0::ISchedulingPolicyService/default in either framework or device VINTF manifest.
03-31 16:35:50.294 W/system_server(  479): android.frameworks.schedulerservice@1.0::ISchedulingPolicyService is deprecated. Skipping registration.
03-31 16:35:50.294 D/SystemServerTimingAsync(  479): StartHidlServices took to complete: 12ms
03-31 16:35:50.294 D/SystemServerInitThreadPool(  479): Finished executing StartHidlServices
03-31 16:35:50.294 D/SystemServerTimingAsync(  479): InitThreadPoolExec:StartHidlServices took to complete: 12ms
03-31 16:35:50.297 D/EventHub(  479): No input device configuration file found for device 'sunxi-ir-uinput'.
03-31 16:35:50.302 D/XiriService(  307): check file name: /data/data/com.android.cts.priv.ctsshim/lib
03-31 16:35:50.303 D/XiriService(  307): check file name: /data/data/com.android.cts.priv.ctsshim/lib
03-31 16:35:50.303 D/XiriService(  307): check file name: /data/data/com.android.cts.priv.ctsshim/lib
03-31 16:35:50.309 D/XiriService(  307): check file name: /data/data/com.android.cts.priv.ctsshim/lib
03-31 16:35:50.310 D/XiriService(  307): check file name: /data/data/com.android.cts.priv.ctsshim/lib
03-31 16:35:50.310 D/XiriService(  307): check file name: /data/data/com.android.dynsystem/lib
03-31 16:35:50.310 D/XiriService(  307): check file name: /data/data/com.android.dynsystem/lib
03-31 16:35:50.310 D/XiriService(  307): check file name: /data/data/com.android.dynsystem/lib
03-31 16:35:50.316 D/XiriService(  307): check file name: /data/data/com.android.dynsystem/lib
03-31 16:35:50.316 D/XiriService(  307): check file name: /data/data/com.android.dynsystem/lib
03-31 16:35:50.316 D/XiriService(  307): check file name: /data/data/com.android.dynsystem/lib
03-31 16:35:50.317 D/XiriService(  307): check file name: /data/data/com.dangbei.lerad.rocky/lib
03-31 16:35:50.317 D/XiriService(  307): check file name: /data/data/com.dangbei.lerad.rocky/lib
03-31 16:35:50.317 D/XiriService(  307): check file name: /data/data/com.dangbei.lerad.rocky/lib
03-31 16:35:50.317 D/XiriService(  307): check file name: /data/data/com.dangbei.lerad.rocky/lib
03-31 16:35:50.323 D/XiriService(  307): check file name: /data/data/com.dangbei.lerad.rocky/lib
03-31 16:35:50.323 D/XiriService(  307): check file name: /data/data/com.dangbei.lerad.rocky/lib
03-31 16:35:50.323 D/XiriService(  307): check file name: /data/data/com.dangbei.lerad.rocky/lib
03-31 16:35:50.329 D/XiriService(  307): check file name: /data/data/com.android.tv.settings/lib
03-31 16:35:50.329 D/XiriService(  307): check file name: /data/data/com.android.tv.settings/lib
03-31 16:35:50.330 D/XiriService(  307): check file name: /data/data/com.android.tv.settings/lib
03-31 16:35:50.343 D/XiriService(  307): check file name: /data/data/com.android.tv.settings/lib
03-31 16:35:50.343 D/XiriService(  307): check file name: /data/data/com.android.tv.settings/lib
03-31 16:35:50.346 I/InputManager(  479): Enabling motion classifier because just booted: feature enabled, long press timeout = 400
03-31 16:35:50.346 I/InputClassifier(  479): Enabling motion classifier
03-31 16:35:50.347 I/hwservicemanager(  183): getTransport: Cannot find entry android.hardware.input.classifier@1.0::IInputClassifier/default in either framework or device VINTF manifest.
03-31 16:35:50.347 I/InputClassifier(  479): Could not obtain InputClassifier HAL
03-31 16:35:50.347 I/EventHub(  479): usingClockIoctl=true
03-31 16:35:50.347 I/EventHub(  479): New device: id=1, fd=164, path='/dev/input/event1', name='sunxi-ir-uinput', classes=KEYBOARD | ALPHAKEY | CURSOR | DPAD, configuration='', keyLayout='/system/usr/keylayout/sunxi-ir-uinput.kl', keyCharacterMap='/system/usr/keychars/Generic.kcm', builtinKeyboard=false, 
03-31 16:35:50.348 D/XM_HIDREAD(  317): add@ add@/devices/virtual/wakeup/wakeup23
03-31 16:35:50.348 D/EventHub(  479): No input device configuration file found for device 'sunxi-ir'.
03-31 16:35:50.351 D/XiriService(  307): check file name: /data/data/com.oranth.factory/lib
03-31 16:35:50.351 D/XiriService(  307): check file name: /data/data/com.oranth.factory/lib
03-31 16:35:50.351 D/XiriService(  307): check file name: /data/data/com.oranth.factory/lib
03-31 16:35:50.351 D/XiriService(  307): check file name: /data/data/com.oranth.factory/lib
03-31 16:35:50.296 I/xiriservice_All(  307): type=1400 audit(0.0:306): avc: denied { search } for name="com.android.cts.priv.ctsshim" dev="mmcblk0p25" ino=590 scontext=u:r:init:s0 tcontext=u:object_r:privapp_data_file:s0:c512,c768 tclass=dir permissive=1
03-31 16:35:50.358 D/XiriService(  307): check file name: /data/data/com.oranth.factory/lib
03-31 16:35:50.358 D/XiriService(  307): check file name: /data/data/com.oranth.factory/lib
03-31 16:35:50.358 D/XiriService(  307): check file name: /data/data/com.oranth.factory/lib
03-31 16:35:50.367 D/XiriService(  307): check file name: /data/data/com.dangbei.zhushou.os/lib
03-31 16:35:50.367 D/XiriService(  307): check file name: /data/data/com.dangbei.zhushou.os/lib
03-31 16:35:50.367 D/XiriService(  307): check file name: /data/data/com.dangbei.zhushou.os/lib
03-31 16:35:50.367 D/XiriService(  307): check file name: /data/data/com.dangbei.zhushou.os/lib
03-31 16:35:50.373 D/XiriService(  307): check file name: /data/data/com.dangbei.zhushou.os/lib
03-31 16:35:50.374 D/XiriService(  307): check file name: /data/data/com.dangbei.zhushou.os/lib
03-31 16:35:50.374 D/XiriService(  307): check file name: /data/data/com.dangbei.zhushou.os/lib
03-31 16:35:50.381 I/zygote  (  244): Background concurrent copying GC freed 10849(438KB) AllocSpace objects, 3(64KB) LOS objects, 49% free, 1848KB/3697KB, paused 1.114ms total 137.450ms
03-31 16:35:50.383 I/EventHub(  479): usingClockIoctl=true
03-31 16:35:50.383 D/XM_HIDREAD(  317): add@ add@/devices/virtual/wakeup/wakeup24
03-31 16:35:50.383 I/EventHub(  479): New device: id=2, fd=165, path='/dev/input/event0', name='sunxi-ir', classes=KEYBOARD, configuration='', keyLayout='/system/usr/keylayout/sunxi-ir.kl', keyCharacterMap='/system/usr/keychars/Generic.kcm', builtinKeyboard=false, 
03-31 16:35:50.386 D/SystemServerTiming(  479): StartInputManager took to complete: 103ms
03-31 16:35:50.386 I/SystemServerTiming(  479): DisplayManagerWindowManagerAndInputReady
03-31 16:35:50.390 D/SystemServerTiming(  479): DisplayManagerWindowManagerAndInputReady took to complete: 4ms
03-31 16:35:50.390 I/SystemServerTiming(  479): StartBluetoothService
03-31 16:35:50.390 I/SystemServiceManager(  479): Starting com.android.server.BluetoothService
03-31 16:35:50.391 I/LogicalDisplayMapper(  479): Requesting Transition to state: 0
03-31 16:35:50.391 D/MtpDeviceJNI(  244): register_android_mtp_MtpDevice
03-31 16:35:50.391 I/LogicalDisplayMapper(  479): Applying layout: [{addr: {port=0}, dispId: 0(ON)}], Previous layout: [{addr: {port=0}, dispId: 0(ON)}]
03-31 16:35:50.393 I/InputReader(  479): Device added: id=-1, eventHubId=-1, name='Virtual', descriptor='a718a782d34bc767f4689c232d64d527998ea7fd',sources=0x00000301
03-31 16:35:50.394 I/InputReader(  479): Device added: id=2, eventHubId=2, name='sunxi-ir', descriptor='485d69228e24f5e46da1598745890b214130dbc4',sources=0x00000101
03-31 16:35:50.395 W/InputReader(  479): Can't find the designated viewport with ID 0 to update cursor input mapper. Fall back to default display
03-31 16:35:50.395 E/InputReader(  479): Still can't find a viable viewport to update cursor input mapper. Skip setting it to PointerController.
03-31 16:35:50.395 I/InputReader(  479): Device added: id=3, eventHubId=1, name='sunxi-ir-uinput', descriptor='0a253e777d1b2169367be63d7c9054e7991953a6',sources=0x00002303
03-31 16:35:50.399 D/BluetoothManagerService(  479): Loading stored name and address
03-31 16:35:50.400 D/BluetoothManagerService(  479): Stored bluetooth Name=DBBOX-A2,Address=B4:2F:03:15:6F:44
03-31 16:35:50.400 D/BluetoothManagerService(  479): Bluetooth persisted state: 1
03-31 16:35:50.400 D/BluetoothManagerService(  479): Startup: Bluetooth persisted state is ON.
03-31 16:35:50.401 D/BluetoothManagerService(  479): Detected SystemUiUid: 10062
03-31 16:35:50.401 D/SystemServerTiming(  479): StartBluetoothService took to complete: 10ms
03-31 16:35:50.401 I/SystemServerTiming(  479): IpConnectivityMetrics
03-31 16:35:50.401 I/SystemServiceManager(  479): Starting com.android.server.connectivity.IpConnectivityMetrics
03-31 16:35:50.402 D/SystemServerTiming(  479): IpConnectivityMetrics took to complete: 1ms
03-31 16:35:50.402 I/SystemServerTiming(  479): NetworkWatchlistService
03-31 16:35:50.402 I/SystemServiceManager(  479): Starting com.android.server.net.watchlist.NetworkWatchlistService$Lifecycle
03-31 16:35:50.296 I/xiriservice_All(  307): type=1400 audit(0.0:307): avc: denied { read } for name="lib" dev="mmcblk0p25" ino=3668 scontext=u:r:init:s0 tcontext=u:object_r:privapp_data_file:s0 tclass=lnk_file permissive=1
03-31 16:35:50.405 D/XiriService(  307): check file name: /data/data/com.sohu.inputmethod.sogou.tv/lib
03-31 16:35:50.413 D/XiriService(  307): check file name: /data/data/com.sohu.inputmethod.sogou.tv/lib
03-31 16:35:50.296 I/xiriservice_All(  307): type=1400 audit(0.0:308): avc: denied { read } for name="lib" dev="mmcblk0p25" ino=3668 scontext=u:r:init:s0 tcontext=u:object_r:privapp_data_file:s0:c512,c768 tclass=lnk_file permissive=1
03-31 16:35:50.304 I/xiriservice_All(  307): type=1400 audit(0.0:309): avc: denied { search } for name="com.android.dynsystem" dev="mmcblk0p25" ino=598 scontext=u:r:init:s0 tcontext=u:object_r:system_app_data_file:s0 tclass=dir permissive=1
03-31 16:35:50.348 I/xiriservice_All(  307): type=1400 audit(0.0:310): avc: denied { read } for name="lib" dev="mmcblk0p25" ino=3676 scontext=u:r:init:s0 tcontext=u:object_r:system_app_data_file:s0 tclass=lnk_file permissive=1
03-31 16:35:50.400 I/xiriservice_All(  307): type=1400 audit(0.0:311): avc: denied { search } for name="com.sohu.inputmethod.sogou.tv" dev="mmcblk0p25" ino=1429 scontext=u:r:init:s0 tcontext=u:object_r:app_data_file:s0:c47,c256,c512,c768 tclass=dir permissive=1
03-31 16:35:50.400 I/xiriservice_All(  307): type=1400 audit(0.0:312): avc: denied { read } for name="lib" dev="mmcblk0p25" ino=3680 scontext=u:r:init:s0 tcontext=u:object_r:app_data_file:s0:c47,c256,c512,c768 tclass=lnk_file permissive=1
03-31 16:35:50.455 I/gralloc (  257): alloc buffer:W:1920 H:1080 S:1920 PL[1920 1080] SZ:8294400 fmt:43 if:0 af:43 usg:20000b00 fg:00000004
03-31 16:35:50.456 I/WatchlistSettings(  479): Reload watchlist settings done
03-31 16:35:50.463 I/WatchlistLoggingHandler(  479): Last report time is larger than current time, reset report
03-31 16:35:50.468 W/SystemServiceManager(  479): Service com.android.server.net.watchlist.NetworkWatchlistService$Lifecycle took 65 ms in onStart
03-31 16:35:50.468 D/SystemServerTiming(  479): NetworkWatchlistService took to complete: 66ms
03-31 16:35:50.468 I/SystemServerTiming(  479): PinnerService
03-31 16:35:50.468 I/SystemServiceManager(  479): Starting com.android.server.PinnerService
03-31 16:35:50.470 V/HistoricalRegistry(  479): Interaction before persistence initialized
03-31 16:35:50.472 D/SystemServerTiming(  479): PinnerService took to complete: 3ms
03-31 16:35:50.472 I/SystemServerTiming(  479): IorapForwardingService
03-31 16:35:50.472 I/SystemServiceManager(  479): Starting com.google.android.startop.iorap.IorapForwardingService
03-31 16:35:50.473 I/WatchlistLoggingHandler(  479): No need to aggregate record yet.
03-31 16:35:50.473 I/WatchlistLoggingHandler(  479): Milliseconds spent on tryAggregateRecords(): 10
03-31 16:35:50.473 W/IorapForwardingService(  479): No service published for: iorapd
03-31 16:35:50.473 D/SystemServerTiming(  479): IorapForwardingService took to complete: 1ms
03-31 16:35:50.474 I/SystemServerTiming(  479): SignedConfigService
03-31 16:35:50.475 D/XiriService(  307): check file name: /data/data/com.oranth.ledstatus/lib
03-31 16:35:50.475 D/SystemServerTiming(  479): SignedConfigService took to complete: 1ms
03-31 16:35:50.475 I/SystemServerTiming(  479): AppIntegrityService
03-31 16:35:50.475 I/SystemServiceManager(  479): Starting com.android.server.integrity.AppIntegrityManagerService
03-31 16:35:50.478 E/IntegrityFileManager(  479): Error creating staging and rules directory
03-31 16:35:50.480 D/SystemServerTiming(  479): AppIntegrityService took to complete: 5ms
03-31 16:35:50.481 I/WindowManager(  479): SAFE MODE not enabled
03-31 16:35:50.482 I/SystemServerTiming(  479): StartInputMethodManagerLifecycle
03-31 16:35:50.482 I/SystemServiceManager(  479): Starting com.android.server.inputmethod.InputMethodManagerService$Lifecycle
03-31 16:35:50.482 D/XiriService(  307): check file name: /data/data/com.oranth.ledstatus/lib
03-31 16:35:50.483 D/XiriService(  307): check file name: /data/data/com.oranth.ledstatus/lib
03-31 16:35:50.483 D/XiriService(  307): check file name: /data/data/com.oranth.ledstatus/lib
03-31 16:35:50.483 D/XiriService(  307): check file name: /data/data/com.oranth.ledstatus/lib
03-31 16:35:50.485 D/XiriService(  307): check file name: /data/data/com.dangbei.lerad.videoposter/lib
03-31 16:35:50.485 D/XiriService(  307): check file name: /data/data/com.dangbei.lerad.videoposter/lib
03-31 16:35:50.480 I/xiriservice_All(  307): type=1400 audit(0.0:313): avc: denied { search } for name="com.dangbei.lerad.videoposter" dev="mmcblk0p25" ino=766 scontext=u:r:init:s0 tcontext=u:object_r:app_data_file:s0:c512,c768 tclass=dir permissive=1
03-31 16:35:50.480 I/xiriservice_All(  307): type=1400 audit(0.0:314): avc: denied { read } for name="lib" dev="mmcblk0p25" ino=3684 scontext=u:r:init:s0 tcontext=u:object_r:app_data_file:s0:c512,c768 tclass=lnk_file permissive=1
03-31 16:35:50.485 D/XiriService(  307): check file name: /data/data/com.dangbei.lerad.videoposter/lib
03-31 16:35:50.485 D/XiriService(  307): check file name: /data/data/com.dangbei.lerad.videoposter/lib
03-31 16:35:50.488 D/SystemServerTiming(  479): StartInputMethodManagerLifecycle took to complete: 6ms
03-31 16:35:50.488 I/SystemServerTiming(  479): StartAccessibilityManagerService
03-31 16:35:50.488 I/SystemServiceManager(  479): Starting com.android.server.accessibility.AccessibilityManagerService$Lifecycle
03-31 16:35:50.494 D/XiriService(  307): check file name: /data/data/com.dangbei.lerad.videoposter/lib
03-31 16:35:50.494 D/XiriService(  307): check file name: /data/data/com.dangbei.lerad.videoposter/lib
03-31 16:35:50.495 D/XiriService(  307): check file name: /data/data/com.dangbei.lerad.videoposter/lib
03-31 16:35:50.495 D/XiriService(  307): check file name: /data/data/com.dangbei.lerad.videoposter/lib
03-31 16:35:50.495 D/SystemServerTiming(  479): StartAccessibilityManagerService took to complete: 8ms
03-31 16:35:50.495 I/SystemServerTiming(  479): MakeDisplayReady
03-31 16:35:50.498 W/InputReader(  479): Device sunxi-ir-uinput is associated with display ADISPLAY_ID_NONE.
03-31 16:35:50.498 W/InputReader(  479): Device sunxi-ir-uinput is associated with display ADISPLAY_ID_NONE.
03-31 16:35:50.500 I/ActivityTaskManager(  479): Config changes=20005df8 {1.0 ?mcc?mnc [zh_CN] ldltr sw720dp w1280dp h696dp 240dpi xlrg long land ?uimode ?night -touch qwerty/v/v dpad/v winConfig={ mBounds=Rect(0, 0 - 1920, 1080) mAppBounds=Rect(0, 0 - 1920, 1080) mMaxBounds=Rect(0, 0 - 1920, 1080) mWindowingMode=fullscreen mDisplayWindowingMode=fullscreen mActivityType=undefined mAlwaysOnTop=undefined mRotation=ROTATION_0} s.2 ?fontWeightAdjustment}
03-31 16:35:50.503 I/WindowManager(  479): Override config changes=60007dfc {1.0 ?mcc?mnc [zh_CN] ldltr sw720dp w1280dp h696dp 240dpi xlrg long land ?uimode ?night -touch qwerty/v/v dpad/v winConfig={ mBounds=Rect(0, 0 - 1920, 1080) mAppBounds=Rect(0, 0 - 1920, 1080) mMaxBounds=Rect(0, 0 - 1920, 1080) mWindowingMode=fullscreen mDisplayWindowingMode=fullscreen mActivityType=undefined mAlwaysOnTop=undefined mRotation=ROTATION_0} s.2 ?fontWeightAdjustment} for displayId=0
03-31 16:35:50.514 W/InputReader(  479): Device sunxi-ir-uinput is associated with display ADISPLAY_ID_NONE.
03-31 16:35:50.515 D/SystemServerTiming(  479): MakeDisplayReady took to complete: 19ms
03-31 16:35:50.515 I/SystemServerTiming(  479): StartStorageManagerService
03-31 16:35:50.516 I/SystemServiceManager(  479): Starting com.android.server.StorageManagerService$Lifecycle
03-31 16:35:50.518 D/XiriService(  307): check file name: /data/data/com.android.networkstack/lib
03-31 16:35:50.518 D/XiriService(  307): check file name: /data/data/com.android.networkstack/lib
03-31 16:35:50.519 D/XiriService(  307): check file name: /data/data/com.android.networkstack/lib
03-31 16:35:50.512 I/xiriservice_All(  307): type=1400 audit(0.0:315): avc: denied { read } for name="lib" dev="mmcblk0p25" ino=3686 scontext=u:r:init:s0 tcontext=u:object_r:radio_data_file:s0 tclass=lnk_file permissive=1
03-31 16:35:50.525 I/InputManager-JNI(  479): Viewport [0] to add: local:0, isActive: false
03-31 16:35:50.526 D/XiriService(  307): check file name: /data/data/com.android.networkstack/lib
03-31 16:35:50.526 D/XiriService(  307): check file name: /data/data/com.android.networkstack/lib
03-31 16:35:50.526 D/XiriService(  307): check file name: /data/data/com.android.networkstack/lib
03-31 16:35:50.527 D/XiriService(  307): check file name: /data/data/com.android.networkstack/lib
03-31 16:35:50.529 I/InputReader(  479): Reconfiguring input devices, changes=DISPLAY_INFO | 
01-01 08:00:20.356 I/init    (    1): processing action (sys.sysctl.extra_free_kbytes=*) from (/system/etc/init/hw/init.rc:1139)
03-31 16:35:50.534 D/installd(  356): Found quota mount /dev/block/by-name/userdata at /data
03-31 16:35:50.534 D/installd(  356): Found quota mount /dev/block/by-name/userdata at /data/user/0
03-31 16:35:50.543 D/SystemServerTiming(  479): StartStorageManagerService took to complete: 27ms
03-31 16:35:50.543 I/SystemServerTiming(  479): StartStorageStatsService
03-31 16:35:50.543 I/SystemServiceManager(  479): Starting com.android.server.usage.StorageStatsService$Lifecycle
03-31 16:35:50.545 D/installd(  356): Found quota mount /dev/block/by-name/userdata at /data
03-31 16:35:50.545 D/installd(  356): Found quota mount /dev/block/by-name/userdata at /data/user/0
03-31 16:35:50.547 D/StorageManagerService(  479): Thinking about init, mBootCompleted=false, mDaemonConnected=true
03-31 16:35:50.547 D/StorageManagerService(  479): Thinking about reset, mBootCompleted=false, mDaemonConnected=true
03-31 16:35:50.548 D/StorageManagerService(  479): Thinking about init, mBootCompleted=false, mDaemonConnected=true
03-31 16:35:50.548 D/StorageManagerService(  479): Thinking about reset, mBootCompleted=false, mDaemonConnected=true
03-31 16:35:50.552 D/installd(  356): Found quota mount /dev/block/by-name/userdata at /data
03-31 16:35:50.552 D/installd(  356): Found quota mount /dev/block/by-name/userdata at /data/user/0
03-31 16:35:50.554 D/SystemServerTiming(  479): StartStorageStatsService took to complete: 12ms
03-31 16:35:50.555 I/SystemServerTiming(  479): StartUiModeManager
03-31 16:35:50.555 I/SystemServiceManager(  479): Starting com.android.server.UiModeManagerService
03-31 16:35:50.556 I/SystemServerTimingAsync(  479): InitThreadPoolExec:UiModeManager.onStart
03-31 16:35:50.556 D/SystemServerInitThreadPool(  479): Started executing UiModeManager.onStart
03-31 16:35:50.558 D/SystemServerTiming(  479): StartUiModeManager took to complete: 3ms
03-31 16:35:50.559 I/SystemServerTiming(  479): UpdatePackagesIfNeeded
03-31 16:35:50.559 I/Watchdog(  479): Pausing HandlerChecker: main thread for reason: dexopt. Pause count: 1
03-31 16:35:50.559 I/Watchdog(  479): Resuming HandlerChecker: main thread for reason: dexopt. Pause count: 0
03-31 16:35:50.559 D/SystemServerTiming(  479): UpdatePackagesIfNeeded took to complete: 1ms
03-31 16:35:50.559 I/SystemServerTiming(  479): PerformFstrimIfNeeded
03-31 16:35:50.561 D/SystemServerTiming(  479): PerformFstrimIfNeeded took to complete: 1ms
03-31 16:35:50.561 I/SystemServerTiming(  479): StartLockSettingsService
03-31 16:35:50.561 I/SystemServiceManager(  479): Starting com.android.server.locksettings.LockSettingsService$Lifecycle
03-31 16:35:50.564 D/SystemServerInitThreadPool(  479): Finished executing UiModeManager.onStart
03-31 16:35:50.564 D/SystemServerTimingAsync(  479): InitThreadPoolExec:UiModeManager.onStart took to complete: 8ms
03-31 16:35:50.583 D/SystemServerTiming(  479): StartLockSettingsService took to complete: 22ms
03-31 16:35:50.583 I/SystemServerTiming(  479): StartPersistentDataBlock
03-31 16:35:50.583 I/SystemServiceManager(  479): Starting com.android.server.PersistentDataBlockService
03-31 16:35:50.584 D/SystemServerTiming(  479): StartPersistentDataBlock took to complete: 0ms
03-31 16:35:50.584 I/SystemServerTiming(  479): StartTestHarnessMode
03-31 16:35:50.584 I/SystemServerTimingAsync(  479): InitThreadPoolExec:PersistentDataBlockService.onStart
03-31 16:35:50.584 I/SystemServiceManager(  479): Starting com.android.server.testharness.TestHarnessModeService
03-31 16:35:50.584 D/SystemServerInitThreadPool(  479): Started executing PersistentDataBlockService.onStart
03-31 16:35:50.585 D/SystemServerTiming(  479): StartTestHarnessMode took to complete: 2ms
03-31 16:35:50.585 I/SystemServerTiming(  479): StartOemLockService
03-31 16:35:50.585 I/SystemServiceManager(  479): Starting com.android.server.oemlock.OemLockService
03-31 16:35:50.586 I/hwservicemanager(  183): getTransport: Cannot find entry android.hardware.oemlock@1.0::IOemLock/default in either framework or device VINTF manifest.
03-31 16:35:50.587 I/OemLock (  479): OemLock HAL not present on device
03-31 16:35:50.587 I/OemLock (  479): Using persistent data block based lock
03-31 16:35:50.588 D/SystemServerTiming(  479): StartOemLockService took to complete: 2ms
03-31 16:35:50.588 I/SystemServerTiming(  479): StartDeviceIdleController
03-31 16:35:50.588 I/SystemServiceManager(  479): Starting com.android.server.DeviceIdleController
03-31 16:35:50.594 D/SystemServerTiming(  479): StartDeviceIdleController took to complete: 5ms
03-31 16:35:50.594 I/SystemServerTiming(  479): StartDevicePolicyManager
03-31 16:35:50.594 I/SystemServiceManager(  479): Starting com.android.server.devicepolicy.DevicePolicyManagerService$Lifecycle
03-31 16:35:50.601 D/SystemServerInitThreadPool(  479): Finished executing PersistentDataBlockService.onStart
03-31 16:35:50.602 D/SystemServerTimingAsync(  479): InitThreadPoolExec:PersistentDataBlockService.onStart took to complete: 17ms
03-31 16:35:50.606 D/SystemServerTiming(  479): StartDevicePolicyManager took to complete: 11ms
03-31 16:35:50.606 I/SystemServerTiming(  479): StartStatusBarManagerService
03-31 16:35:50.607 D/SystemServerTiming(  479): StartStatusBarManagerService took to complete: 2ms
03-31 16:35:50.607 D/SystemServer(  479): MusicRecognitionManagerService not defined by OEM or disabled by flag
03-31 16:35:50.608 D/SystemServer(  479): ContentCaptureService disabled because resource is not overlaid
03-31 16:35:50.609 D/SystemServer(  479): AttentionService is not configured on this device
03-31 16:35:50.609 D/SystemServer(  479): RotationResolverService is not configured on this device
03-31 16:35:50.609 D/SystemServer(  479): SystemCaptionsManagerService disabled because resource is not overlaid
03-31 16:35:50.609 I/SystemServerTiming(  479): StartTextToSpeechManagerService
03-31 16:35:50.609 I/SystemServiceManager(  479): Starting com.android.server.texttospeech.TextToSpeechManagerService
03-31 16:35:50.612 D/SystemServerTiming(  479): StartTextToSpeechManagerService took to complete: 3ms
03-31 16:35:50.612 I/SystemServerTiming(  479): StartSpeechRecognitionManagerService
03-31 16:35:50.613 I/SystemServiceManager(  479): Starting com.android.server.speech.SpeechRecognitionManagerService
03-31 16:35:50.616 D/SystemServerTiming(  479): StartSpeechRecognitionManagerService took to complete: 3ms
03-31 16:35:50.616 D/SystemServer(  479): AppPredictionService not defined by OEM
03-31 16:35:50.616 D/SystemServer(  479): ContentSuggestionsService not defined by OEM
03-31 16:35:50.616 I/SystemServerTiming(  479): StartSearchUiService
03-31 16:35:50.617 I/SystemServiceManager(  479): Starting com.android.server.searchui.SearchUiManagerService
03-31 16:35:50.619 D/SystemServerTiming(  479): StartSearchUiService took to complete: 2ms
03-31 16:35:50.619 I/SystemServerTiming(  479): StartSmartspaceService
03-31 16:35:50.619 I/SystemServiceManager(  479): Starting com.android.server.smartspace.SmartspaceManagerService
03-31 16:35:50.621 D/SystemServerTiming(  479): StartSmartspaceService took to complete: 2ms
03-31 16:35:50.621 I/SystemServerTiming(  479): InitConnectivityModuleConnector
03-31 16:35:50.622 D/ConnectivityModuleConnector(  479): Network stack init
03-31 16:35:50.624 D/XiriService(  307): check file name: /data/data/com.dangbei.screencast/lib
03-31 16:35:50.624 D/XiriService(  307): check file name: /data/data/com.dangbei.screencast/lib
03-31 16:35:50.624 D/XiriService(  307): check file name: /data/data/com.dangbei.screencast/lib
03-31 16:35:50.625 D/XiriService(  307): check file name: /data/data/com.dangbei.screencast/lib
03-31 16:35:50.627 D/SystemServerTiming(  479): InitConnectivityModuleConnector took to complete: 6ms
03-31 16:35:50.627 I/SystemServerTiming(  479): InitNetworkStackClient
03-31 16:35:50.629 D/SystemServerTiming(  479): InitNetworkStackClient took to complete: 1ms
03-31 16:35:50.629 I/SystemServerTiming(  479): StartNetworkManagementService
03-31 16:35:50.632 D/XiriService(  307): check file name: /data/data/com.dangbei.screencast/lib
03-31 16:35:50.632 D/XiriService(  307): check file name: /data/data/com.dangbei.screencast/lib
03-31 16:35:50.633 D/XiriService(  307): check file name: /data/data/com.dangbei.screencast/lib
03-31 16:35:50.633 D/XiriService(  307): check file name: /data/data/com.dangbei.screencast/lib
03-31 16:35:50.636 I/netd    (  243): registerUnsolicitedEventListener() <0.09ms>
03-31 16:35:50.637 D/SystemServerTiming(  479): StartNetworkManagementService took to complete: 8ms
03-31 16:35:50.637 I/SystemServerTiming(  479): StartIpSecService
03-31 16:35:50.642 D/SystemServerTiming(  479): StartIpSecService took to complete: 5ms
03-31 16:35:50.642 I/SystemServerTiming(  479): StartTextServicesManager
03-31 16:35:50.642 I/SystemServerTimingAsync(  479): InitThreadPoolExec:START_FONT_MANAGER_SERVICE
03-31 16:35:50.642 D/SystemServerInitThreadPool(  479): Started executing START_FONT_MANAGER_SERVICE
03-31 16:35:50.642 I/SystemServerTimingAsync(  479): START_FONT_MANAGER_SERVICE
03-31 16:35:50.645 W/Zygote  (  244): Class not found for preloading: android.view.SurfaceView$2
03-31 16:35:50.649 D/XiriService(  307): check file name: /data/data/com.dangbei.leard.leradlauncher/lib
03-31 16:35:50.650 D/XiriService(  307): check file name: /data/data/com.dangbei.leard.leradlauncher/lib
03-31 16:35:50.650 D/XiriService(  307): check file name: /data/data/com.dangbei.leard.leradlauncher/lib
03-31 16:35:50.651 D/XiriService(  307): check file name: /data/data/com.dangbei.leard.leradlauncher/lib
03-31 16:35:50.653 I/SystemServiceManager(  479): Starting com.android.server.textservices.TextServicesManagerService$Lifecycle
03-31 16:35:50.660 D/SystemServerTiming(  479): StartTextServicesManager took to complete: 17ms
03-31 16:35:50.660 I/SystemServerTiming(  479): StartTextClassificationManagerService
03-31 16:35:50.660 I/SystemServiceManager(  479): Starting com.android.server.textclassifier.TextClassificationManagerService$Lifecycle
03-31 16:35:50.662 D/XiriService(  307): check file name: /data/data/com.dangbei.leard.leradlauncher/lib
03-31 16:35:50.662 D/XiriService(  307): check file name: /data/data/com.dangbei.leard.leradlauncher/lib
03-31 16:35:50.663 D/XiriService(  307): check file name: /data/data/com.dangbei.leard.leradlauncher/lib
03-31 16:35:50.663 D/XiriService(  307): check file name: /data/data/com.dangbei.leard.leradlauncher/lib
03-31 16:35:50.667 D/SystemServerTiming(  479): StartTextClassificationManagerService took to complete: 5ms
03-31 16:35:50.667 I/SystemServerTiming(  479): StartNetworkScoreService
03-31 16:35:50.667 I/SystemServiceManager(  479): Starting com.android.server.NetworkScoreService$Lifecycle
03-31 16:35:50.669 I/NetworkScoreService(  479): Registering network_score
03-31 16:35:50.670 D/XiriService(  307): check file name: /data/data/com.android.printspooler/lib
03-31 16:35:50.671 D/XiriService(  307): check file name: /data/data/com.android.printspooler/lib
03-31 16:35:50.664 I/xiriservice_All(  307): type=1400 audit(0.0:316): avc: denied { search } for name="com.android.printspooler" dev="mmcblk0p25" ino=952 scontext=u:r:init:s0 tcontext=u:object_r:app_data_file:s0:c52,c256,c512,c768 tclass=dir permissive=1
03-31 16:35:50.664 I/xiriservice_All(  307): type=1400 audit(0.0:317): avc: denied { read } for name="lib" dev="mmcblk0p25" ino=3695 scontext=u:r:init:s0 tcontext=u:object_r:app_data_file:s0:c52,c256,c512,c768 tclass=lnk_file permissive=1
03-31 16:35:50.671 D/SystemServerTiming(  479): StartNetworkScoreService took to complete: 4ms
03-31 16:35:50.672 I/SystemServerTiming(  479): StartNetworkStatsService
03-31 16:35:50.676 D/SystemServerTiming(  479): StartNetworkStatsService took to complete: 4ms
03-31 16:35:50.676 I/SystemServerTiming(  479): StartNetworkPolicyManagerService
03-31 16:35:50.680 D/XiriService(  307): check file name: /data/data/com.android.printspooler/lib
03-31 16:35:50.680 D/XiriService(  307): check file name: /data/data/com.android.printspooler/lib
03-31 16:35:50.680 D/XiriService(  307): check file name: /data/data/com.android.printspooler/lib
03-31 16:35:50.680 D/XiriService(  307): check file name: /data/data/com.android.printspooler/lib
03-31 16:35:50.685 D/SystemServerTiming(  479): StartNetworkPolicyManagerService took to complete: 9ms
03-31 16:35:50.685 I/SystemServerTiming(  479): StartWifi
03-31 16:35:50.684 I/xiriservice_All(  307): type=1400 audit(0.0:318): avc: denied { search } for name="com.android.webview" dev="mmcblk0p25" ino=969 scontext=u:r:init:s0 tcontext=u:object_r:app_data_file:s0:c60,c256,c512,c768 tclass=dir permissive=1
03-31 16:35:50.687 D/XiriService(  307): check file name: /data/data/com.android.webview/lib
03-31 16:35:50.687 D/XiriService(  307): check file name: /data/data/com.android.webview/lib
03-31 16:35:50.684 I/xiriservice_All(  307): type=1400 audit(0.0:319): avc: denied { read } for name="lib" dev="mmcblk0p25" ino=3697 scontext=u:r:init:s0 tcontext=u:object_r:app_data_file:s0:c60,c256,c512,c768 tclass=lnk_file permissive=1
03-31 16:35:50.688 D/XiriService(  307): check file name: /data/data/com.android.webview/lib
03-31 16:35:50.696 D/XiriService(  307): check file name: /data/data/com.android.webview/lib
03-31 16:35:50.713 D/XiriService(  307): check file name: /data/data/com.android.bips/lib
03-31 16:35:50.713 D/XiriService(  307): check file name: /data/data/com.android.bips/lib
03-31 16:35:50.714 D/XiriService(  307): check file name: /data/data/com.android.bips/lib
03-31 16:35:50.715 D/XiriService(  307): check file name: /data/data/com.android.bips/lib
03-31 16:35:50.717 I/SystemServiceManager(  479): Starting com.android.server.wifi.WifiService
03-31 16:35:50.726 D/XiriService(  307): check file name: /data/data/com.android.bips/lib
03-31 16:35:50.727 D/XiriService(  307): check file name: /data/data/com.android.bips/lib
03-31 16:35:50.729 D/XiriService(  307): check file name: /data/data/com.android.bips/lib
03-31 16:35:50.730 D/XiriService(  307): check file name: /data/data/com.android.bips/lib
03-31 16:35:50.732 D/XiriService(  307): check file name: /data/data/com.oranth.inputmacsn/lib
03-31 16:35:50.733 D/XiriService(  307): check file name: /data/data/com.oranth.inputmacsn/lib
03-31 16:35:50.734 D/XiriService(  307): check file name: /data/data/com.oranth.inputmacsn/lib
03-31 16:35:50.734 D/XiriService(  307): check file name: /data/data/com.oranth.inputmacsn/lib
03-31 16:35:50.744 I/WifiContext(  479): Found Wifi Resources APK at: com.android.wifi.resources
03-31 16:35:50.747 D/XiriService(  307): check file name: /data/data/com.oranth.inputmacsn/lib
03-31 16:35:50.747 D/XiriService(  307): check file name: /data/data/com.oranth.inputmacsn/lib
03-31 16:35:50.748 D/XiriService(  307): check file name: /data/data/com.oranth.inputmacsn/lib
03-31 16:35:50.748 D/XiriService(  307): check file name: /data/data/com.oranth.inputmacsn/lib
03-31 16:35:50.760 V/NetworkScoreManager(  479): registerNetworkScoreCallback: callback=com.android.server.wifi.WifiNetworkScoreCache@c84b1b0, executor=com.android.wifi.x.android.os.HandlerExecutor@c37829
03-31 16:35:50.776 D/XiriService(  307): check file name: /data/data/com.android.keychain/lib
03-31 16:35:50.778 D/XiriService(  307): check file name: /data/data/com.android.keychain/lib
03-31 16:35:50.779 D/XiriService(  307): check file name: /data/data/com.android.keychain/lib
03-31 16:35:50.779 D/XiriService(  307): check file name: /data/data/com.android.keychain/lib
03-31 16:35:50.787 D/XiriService(  307): check file name: /data/data/com.android.keychain/lib
03-31 16:35:50.788 D/XiriService(  307): check file name: /data/data/com.android.keychain/lib
03-31 16:35:50.788 D/XiriService(  307): check file name: /data/data/com.android.keychain/lib
03-31 16:35:50.789 D/XiriService(  307): check file name: /data/data/com.android.keychain/lib
03-31 16:35:50.804 D/XiriService(  307): check file name: /data/data/com.android.localtransport/lib
03-31 16:35:50.804 D/XiriService(  307): check file name: /data/data/com.android.localtransport/lib
03-31 16:35:50.805 D/XiriService(  307): check file name: /data/data/com.android.localtransport/lib
03-31 16:35:50.805 D/XiriService(  307): check file name: /data/data/com.android.localtransport/lib
03-31 16:35:50.805 D/ScanMetrics(  479): Settings package: com.android.tv.settings
03-31 16:35:50.806 E/ScanMetrics(  479): Can't get GMS uid
03-31 16:35:50.816 D/XiriService(  307): check file name: /data/data/com.android.localtransport/lib
03-31 16:35:50.817 D/XiriService(  307): check file name: /data/data/com.android.localtransport/lib
03-31 16:35:50.818 D/XiriService(  307): check file name: /data/data/com.android.localtransport/lib
03-31 16:35:50.818 D/XiriService(  307): check file name: /data/data/com.android.localtransport/lib
03-31 16:35:50.819 D/XiriService(  307): check file name: /data/data/com.android.packageinstaller/lib
03-31 16:35:50.819 D/XiriService(  307): check file name: /data/data/com.android.packageinstaller/lib
03-31 16:35:50.820 D/XiriService(  307): check file name: /data/data/com.android.packageinstaller/lib
03-31 16:35:50.820 D/XiriService(  307): check file name: /data/data/com.android.packageinstaller/lib
03-31 16:35:50.830 D/XiriService(  307): check file name: /data/data/com.android.packageinstaller/lib
03-31 16:35:50.830 D/XiriService(  307): check file name: /data/data/com.android.packageinstaller/lib
03-31 16:35:50.831 D/XiriService(  307): check file name: /data/data/com.android.packageinstaller/lib
03-31 16:35:50.831 D/XiriService(  307): check file name: /data/data/com.android.packageinstaller/lib
03-31 16:35:50.834 I/WifiCoexManager(  479): Default coex algorithm is disabled.
03-31 16:35:50.848 D/XiriService(  307): check file name: /data/data/com.oranth.usbopenft/lib
03-31 16:35:50.848 D/XiriService(  307): check file name: /data/data/com.oranth.usbopenft/lib
03-31 16:35:50.848 D/XiriService(  307): check file name: /data/data/com.oranth.usbopenft/lib
03-31 16:35:50.860 D/XiriService(  307): check file name: /data/data/com.oranth.usbopenft/lib
03-31 16:35:50.861 D/XiriService(  307): check file name: /data/data/com.oranth.usbopenft/lib
03-31 16:35:50.863 D/XiriService(  307): check file name: /data/data/com.oranth.usbopenft/lib
03-31 16:35:50.863 D/XiriService(  307): check file name: /data/data/com.oranth.usbopenft/lib
03-31 16:35:50.865 D/XiriService(  307): check file name: /data/data/com.android.networkstack.tethering/lib
03-31 16:35:50.865 D/XiriService(  307): check file name: /data/data/com.android.networkstack.tethering/lib
03-31 16:35:50.866 D/XiriService(  307): check file name: /data/data/com.android.networkstack.tethering/lib
03-31 16:35:50.866 D/XiriService(  307): check file name: /data/data/com.android.networkstack.tethering/lib
03-31 16:35:50.878 D/XiriService(  307): check file name: /data/data/com.android.networkstack.tethering/lib
03-31 16:35:50.880 I/Zygote  (  244): ...preloaded 7337 classes in 951ms.
03-31 16:35:50.881 D/ZygoteInitTiming_lazy(  244): PreloadClasses took to complete: 952ms
03-31 16:35:50.887 D/ApplicationLoaders(  244): Created zygote-cached class loader: /system/framework/android.hidl.base-V1.0-java.jar
03-31 16:35:50.888 D/XiriService(  307): check file name: /data/data/com.dangbei.lerad.etna.haqu/lib
03-31 16:35:50.892 D/ApplicationLoaders(  244): Created zygote-cached class loader: /system/framework/android.hidl.manager-V1.0-java.jar
03-31 16:35:50.896 D/ApplicationLoaders(  244): Created zygote-cached class loader: /system/framework/android.test.base.jar
03-31 16:35:50.896 D/ZygoteInitTiming_lazy(  244): CacheNonBootClasspathClassLoaders took to complete: 16ms
03-31 16:35:50.897 I/Zygote  (  244): Preloading resources...
03-31 16:35:50.897 D/XiriService(  307): check file name: /data/data/com.dangbei.lerad.etna.haqu/lib
03-31 16:35:50.897 D/XiriService(  307): check file name: /data/data/com.dangbei.lerad.etna.haqu/lib
03-31 16:35:50.898 D/XiriService(  307): check file name: /data/data/com.dangbei.lerad.etna.haqu/lib
03-31 16:35:50.899 D/XiriService(  307): check file name: /data/data/com.dangbei.lerad.etna.haqu/lib
03-31 16:35:50.913 D/WifiOpenNetworkNotifier(  479): Settings toggle enabled=true
03-31 16:35:50.919 W/Resources(  244): Preloaded drawable resource #0x1080286 (android:drawable/dialog_background_material) that varies with configuration!!
03-31 16:35:50.924 D/WifiNl80211Manager(  479): registerCountryCodeEventListener called
03-31 16:35:50.924 I/wificond(  365): New wificond event callback registered
03-31 16:35:50.925 D/WifiCountryCode(  479): Default country code from system property ro.boot.wificountrycode is CN
03-31 16:35:50.938 D/WakeupController(  479): WifiWake enabled
03-31 16:35:50.941 V/HistoricalRegistry(  479): Interaction before persistence initialized
03-31 16:35:50.944 D/XiriService(  307): check file name: /data/data/com.oranth.powerwindow/lib
03-31 16:35:50.944 D/XiriService(  307): check file name: /data/data/com.oranth.powerwindow/lib
03-31 16:35:50.944 D/XiriService(  307): check file name: /data/data/com.oranth.powerwindow/lib
03-31 16:35:50.944 D/XiriService(  307): check file name: /data/data/com.oranth.powerwindow/lib
03-31 16:35:50.953 D/XiriService(  307): check file name: /data/data/com.oranth.powerwindow/lib
03-31 16:35:50.953 D/XiriService(  307): check file name: /data/data/com.oranth.powerwindow/lib
03-31 16:35:50.953 D/XiriService(  307): check file name: /data/data/com.oranth.powerwindow/lib
03-31 16:35:50.953 D/XiriService(  307): check file name: /data/data/com.oranth.powerwindow/lib
03-31 16:35:50.958 I/WifiService(  479): Registering wifi
03-31 16:35:50.959 D/SystemServerTiming(  479): StartWifi took to complete: 274ms
03-31 16:35:50.963 I/SystemServerTiming(  479): StartWifiScanning
03-31 16:35:50.965 I/SystemServiceManager(  479): Starting com.android.server.wifi.scanner.WifiScanningService
03-31 16:35:50.965 I/WifiScanningService(  479): Creating wifiscanner
