03-31 16:36:05.053 D/ApplicationLoaders( 2157): Returning zygote-cached class loader: /system/framework/android.test.base.jar
03-31 16:36:05.076 I/tatementservice( 2157): type=1400 audit(0.0:714): avc: denied { getattr } for path="/data/user/0/com.android.statementservice" dev="mmcblk0p25" ino=901 scontext=u:r:platform_app:s0:c512,c768 tcontext=u:object_r:app_data_file:s0:c512,c768 tclass=dir permissive=1 app=com.android.statementservice
03-31 16:36:05.080 I/rainbow_flow( 1993): type=1400 audit(0.0:715): avc: denied { ioctl } for path="/dev/spidev1.0" dev="tmpfs" ino=3270 ioctlcmd=0x6b00 scontext=u:r:init:s0 tcontext=u:object_r:device:s0 tclass=chr_file permissive=1
01-01 08:00:34.917 I/        (  378): DVI mode selected: packets not configured
01-01 08:00:34.923 I/        (  378): Error: set vsif failed
03-31 16:36:05.124 I/tatementservice( 2157): type=1400 audit(0.0:716): avc: denied { search } for name="com.android.statementservice" dev="mmcblk0p25" ino=901 scontext=u:r:platform_app:s0:c512,c768 tcontext=u:object_r:app_data_file:s0:c512,c768 tclass=dir permissive=1 app=com.android.statementservice
03-31 16:36:05.141 V/GraphicsEnvironment( 2157): ANGLE Developer option for 'com.android.statementservice' set to: 'default'
03-31 16:36:05.141 V/GraphicsEnvironment( 2157): Neither updatable production driver nor prerelease driver is supported.
03-31 16:36:05.143 D/NetworkSecurityConfig( 2157): No Network Security Config specified, using platform default
03-31 16:36:05.144 D/NetworkSecurityConfig( 2157): No Network Security Config specified, using platform default
03-31 16:36:05.157 W/MediaProvider( 1033): getVolumePath for unknown volume: internal
03-31 16:36:05.160 W/MediaProvider( 1033): getVolumePath for unknown volume: internal
03-31 16:36:05.173 W/d.leradlaunche( 1095): Long monitor contention with owner DefaultDispatcher-worker-1 (1196) at java.util.Set b6.a.a(boolean, java.util.List, java.util.Map, java.util.List, gg.e)(SourceFile:186) waiters=0 in java.util.Set b6.a.a(boolean, java.util.List, java.util.Map, java.util.List, gg.e) for 680ms
01-01 08:00:35.043 W/audit   ( 2181): audit_lost=279 audit_rate_limit=5 audit_backlog_limit=64
01-01 08:00:35.056 E/audit   ( 2181): rate limit exceeded
03-31 16:36:05.237 E/hq      ( 1095): WeatherRefresh:::请求网络地址后，更新的地理位置为：101280601
03-31 16:36:05.249 I/MediaProvider( 1033): Scanned internal due to REASON_MOUNTED, found 230 items in 4228ms, 0 inserts 7 updates 0 deletes
03-31 16:36:05.281 D/CompatibilityChangeReporter( 2157): Compat change id reported: 160794467; UID 10017; state: DISABLED
03-31 16:36:05.286 D/CompatibilityChangeReporter(  479): Compat change id reported: 171306433; UID 10017; state: DISABLED
03-31 16:36:05.303 D/ConnectivityService(  479): requestNetwork for uid/pid:1000/479 asUid: 10017 activeRequest: null callbackRequest: 31 [NetworkRequest [ REQUEST id=32, [ Capabilities: INTERNET&NOT_RESTRICTED&TRUSTED&NOT_VCN_MANAGED Uid: 10017 RequestorUid: 1000 RequestorPkg: android] ]] callback flags: 0 priority: 2147483647
03-31 16:36:05.304 D/ConnectivityService(  479): NetReassign [32 : null → 100]
03-31 16:36:05.306 D/Ethernet(  479): got request NetworkRequest [ REQUEST id=32, [ Capabilities: INTERNET&NOT_RESTRICTED&TRUSTED&NOT_VCN_MANAGED Uid: 10017 RequestorUid: 1000 RequestorPkg: android] ]
03-31 16:36:05.306 D/EthernetNetworkFactory(  479): acceptRequest, request: NetworkRequest [ REQUEST id=32, [ Capabilities: INTERNET&NOT_RESTRICTED&TRUSTED&NOT_VCN_MANAGED Uid: 10017 RequestorUid: 1000 RequestorPkg: android] ]
03-31 16:36:05.306 D/WifiNetworkFactory(  479): got request NetworkRequest [ REQUEST id=32, [ Capabilities: INTERNET&NOT_RESTRICTED&TRUSTED&NOT_VCN_MANAGED Uid: 10017 RequestorUid: 1000 RequestorPkg: android] ]
03-31 16:36:05.306 I/EthernetNetworkFactory(  479): networkForRequest, request: NetworkRequest [ REQUEST id=32, [ Capabilities: INTERNET&NOT_RESTRICTED&TRUSTED&NOT_VCN_MANAGED Uid: 10017 RequestorUid: 1000 RequestorPkg: android] ], network: null
03-31 16:36:05.306 D/UntrustedWifiNetworkFactory(  479): got request NetworkRequest [ REQUEST id=32, [ Capabilities: INTERNET&NOT_RESTRICTED&TRUSTED&NOT_VCN_MANAGED Uid: 10017 RequestorUid: 1000 RequestorPkg: android] ]
03-31 16:36:05.307 D/OemPaidWifiNetworkFactory(  479): got request NetworkRequest [ REQUEST id=32, [ Capabilities: INTERNET&NOT_RESTRICTED&TRUSTED&NOT_VCN_MANAGED Uid: 10017 RequestorUid: 1000 RequestorPkg: android] ]
03-31 16:36:05.318 D/CompatibilityChangeReporter(  479): Compat change id reported: 135634846; UID 10057; state: DISABLED
03-31 16:36:05.318 D/CompatibilityChangeReporter(  479): Compat change id reported: 177438394; UID 10057; state: DISABLED
03-31 16:36:05.318 D/CompatibilityChangeReporter(  479): Compat change id reported: 135772972; UID 10057; state: DISABLED
03-31 16:36:05.318 D/CompatibilityChangeReporter(  479): Compat change id reported: 135754954; UID 10057; state: DISABLED
03-31 16:36:05.319 D/CompatibilityChangeReporter(  479): Compat change id reported: 143937733; UID 10057; state: DISABLED
03-31 16:36:05.344 D/Zygote  (  244): Forked child process 2191
03-31 16:36:05.347 I/ActivityManager(  479): app.processName = com.android.tv
03-31 16:36:05.347 I/ActivityManager(  479): Start proc 2191:com.android.tv/u0a57 for broadcast {com.android.tv/com.android.tv.receiver.BootCompletedReceiver}
03-31 16:36:05.355 I/Zygote  ( 2191): seccomp disabled by setenforce 0
03-31 16:36:05.393 I/adbd    (  397): jdwp connection from 2191
03-31 16:36:05.423 D/CompatibilityChangeReporter(  479): Compat change id reported: 168419799; UID 10057; state: DISABLED
03-31 16:36:05.439 D/CompatibilityChangeReporter( 2191): Compat change id reported: 171979766; UID 10057; state: DISABLED
03-31 16:36:05.448 D/ProfileInstaller( 1095): Skipping profile installation for com.dangbei.leard.leradlauncher
03-31 16:36:05.473 D/ApplicationLoaders( 2191): Returning zygote-cached class loader: /system/framework/android.test.base.jar
03-31 16:36:05.496 D/ConnectivityService(  479): requestNetwork for uid/pid:10017/2157 activeRequest: null callbackRequest: 33 [NetworkRequest [ REQUEST id=34, [ Capabilities: INTERNET&NOT_RESTRICTED&TRUSTED&NOT_VCN_MANAGED Uid: 10017 RequestorUid: 10017 RequestorPkg: com.android.statementservice] ]] callback flags: 0 priority: 2147483647
03-31 16:36:05.497 D/ConnectivityService(  479): NetReassign [34 : null → 100]
03-31 16:36:05.507 D/Ethernet(  479): got request NetworkRequest [ REQUEST id=34, [ Capabilities: INTERNET&NOT_RESTRICTED&TRUSTED&NOT_VCN_MANAGED Uid: 10017 RequestorUid: 10017 RequestorPkg: com.android.statementservice] ]
03-31 16:36:05.507 D/EthernetNetworkFactory(  479): acceptRequest, request: NetworkRequest [ REQUEST id=34, [ Capabilities: INTERNET&NOT_RESTRICTED&TRUSTED&NOT_VCN_MANAGED Uid: 10017 RequestorUid: 10017 RequestorPkg: com.android.statementservice] ]
03-31 16:36:05.507 I/EthernetNetworkFactory(  479): networkForRequest, request: NetworkRequest [ REQUEST id=34, [ Capabilities: INTERNET&NOT_RESTRICTED&TRUSTED&NOT_VCN_MANAGED Uid: 10017 RequestorUid: 10017 RequestorPkg: com.android.statementservice] ], network: null
03-31 16:36:05.508 D/WifiNetworkFactory(  479): got request NetworkRequest [ REQUEST id=34, [ Capabilities: INTERNET&NOT_RESTRICTED&TRUSTED&NOT_VCN_MANAGED Uid: 10017 RequestorUid: 10017 RequestorPkg: com.android.statementservice] ]
03-31 16:36:05.508 D/UntrustedWifiNetworkFactory(  479): got request NetworkRequest [ REQUEST id=34, [ Capabilities: INTERNET&NOT_RESTRICTED&TRUSTED&NOT_VCN_MANAGED Uid: 10017 RequestorUid: 10017 RequestorPkg: com.android.statementservice] ]
03-31 16:36:05.508 D/OemPaidWifiNetworkFactory(  479): got request NetworkRequest [ REQUEST id=34, [ Capabilities: INTERNET&NOT_RESTRICTED&TRUSTED&NOT_VCN_MANAGED Uid: 10017 RequestorUid: 10017 RequestorPkg: com.android.statementservice] ]
03-31 16:36:05.540 W/IorapForwardingService(  479): No service published for: iorapd
03-31 16:36:05.547 E/hq      ( 1095): WeatherRefresh:::请求网络地址后，更新的地理位置为：101280601
03-31 16:36:05.563 D/nativeloader( 2191): classloader namespace configured for unbundled product apk. library_path=/product/priv-app/LiveTv/lib/arm:/product/lib:/system/product/lib
03-31 16:36:05.620 I/WM-WorkerWrapper( 2157): Worker result SUCCESS for Work [ id=2d313249-a758-403c-9053-c995e9c83cf3, tags={ com.android.statementservice.domain.worker.RetryRequestWorker } ]
03-31 16:36:05.656 I/MediaProvider( 1033): Scanned external_primary due to REASON_MOUNTED, found 46 items in 385ms, 0 inserts 4 updates 0 deletes
03-31 16:36:05.672 V/GraphicsEnvironment( 2191): ANGLE Developer option for 'com.android.tv' set to: 'default'
03-31 16:36:05.673 V/GraphicsEnvironment( 2191): Neither updatable production driver nor prerelease driver is supported.
03-31 16:36:05.680 I/MediaProvider( 1033): End Intent { act=com.android.providers.media.action.SCAN_VOLUME (has extras) }
03-31 16:36:05.683 D/NetworkSecurityConfig( 2191): No Network Security Config specified, using platform default
03-31 16:36:05.688 D/NetworkSecurityConfig( 2191): No Network Security Config specified, using platform default
03-31 16:36:05.696 E/dangbei111( 1051): cccccc 准备开始进行 startScanInner
03-31 16:36:05.696 E/dangbei111( 1051): cccccc 小于10s 由于之前已经开始扫描了 不在开启新的扫描 
03-31 16:36:05.742 E/hq      ( 1095): 当小贝:::message list add complete data.messageList:[] 
03-31 16:36:05.742 E/hq      ( 1095):  data.tabList=[]
03-31 16:36:05.742 I/hq      ( 1095): 当小贝:::showMessage from=requestGetMessageRemind
03-31 16:36:05.764 I/hq      ( 1095): 当小贝:::showMessage 没有消息需要显示
03-31 16:36:05.780 W/d.leradlaunche( 1095): Long monitor contention with owner DefaultDispatcher-worker-1 (1196) at java.util.Set b6.a.a(boolean, java.util.List, java.util.Map, java.util.List, gg.e)(SourceFile:186) waiters=1 in java.util.Set b6.a.a(boolean, java.util.List, java.util.Map, java.util.List, gg.e) for 730ms
03-31 16:36:05.793 E/weather ( 1095): 
03-31 16:36:05.798 E/weatherWidget( 1095): dataChange:Tue Mar 31 16:36:05 GMT+08:00 2026
03-31 16:36:05.820 W/UnsafeUtil( 2191): platform method missing - proto runtime falling back to safer methods: java.lang.NoSuchMethodException: sun.misc.Unsafe.copyMemory [class java.lang.Object, long, class java.lang.Object, long, long]
03-31 16:36:05.855 E/AppListVm( 1095): LIVE_DATA_APP_LIST change this@=com.dangbei.launcher.home.view.vm.AppListVm@2ba917e
03-31 16:36:05.857 E/AppListVm( 1095): LIVE_DATA_APP_LIST change this@=com.dangbei.launcher.home.view.vm.AppListVm@73886df
03-31 16:36:05.858 E/bt_upio (  250): upio_set : /proc/bluetooth/sleep/btwrite(-1) incorrent
03-31 16:36:05.862 D/AppManager( 1095): checkLocalAppsIsValid:
03-31 16:36:05.864 D/AppManager( 1095): checkLocalAppsIsValid:
03-31 16:36:06.027 D/CompatibilityChangeReporter(  479): Compat change id reported: 135634846; UID 10057; state: DISABLED
03-31 16:36:06.027 D/CompatibilityChangeReporter(  479): Compat change id reported: 177438394; UID 10057; state: DISABLED
03-31 16:36:06.027 D/CompatibilityChangeReporter(  479): Compat change id reported: 135772972; UID 10057; state: DISABLED
03-31 16:36:06.027 D/CompatibilityChangeReporter(  479): Compat change id reported: 135754954; UID 10057; state: DISABLED
03-31 16:36:06.028 D/CompatibilityChangeReporter(  479): Compat change id reported: 143937733; UID 10057; state: DISABLED
03-31 16:36:06.052 I/TvApplication( 2191): Starting TV app 1.24-asop
03-31 16:36:06.053 I/TvApplication( 2191): Started TV app 1.24-asop
03-31 16:36:06.058 D/Zygote  (  244): Forked child process 2227
03-31 16:36:06.059 I/ActivityManager(  479): app.processName = com.android.tv.common
03-31 16:36:06.059 I/ActivityManager(  479): Start proc 2227:com.android.tv.common/u0a57 for content provider {com.android.tv/com.android.tv.common.CommonPreferenceProvider}
03-31 16:36:06.068 I/Zygote  ( 2227): seccomp disabled by setenforce 0
03-31 16:36:06.086 W/d.leradlaunche( 1095): Long monitor contention with owner DefaultDispatcher-worker-18 (1709) at java.util.Set b6.a.a(boolean, java.util.List, java.util.Map, java.util.List, gg.e)(SourceFile:186) waiters=0 in java.util.Set b6.a.a(boolean, java.util.List, java.util.Map, java.util.List, gg.e) for 224ms
03-31 16:36:06.090 E/AppListVm( 1095): LIVE_DATA_APP_LIST change this@=com.dangbei.launcher.home.view.vm.AppListVm@2ba917e
03-31 16:36:06.091 E/AppListVm( 1095): LIVE_DATA_APP_LIST change this@=com.dangbei.launcher.home.view.vm.AppListVm@73886df
03-31 16:36:06.094 D/AppManager( 1095): checkLocalAppsIsValid:
03-31 16:36:06.096 D/AppManager( 1095): checkLocalAppsIsValid:
03-31 16:36:06.112 I/ActivityManager(  479): Background started FGS: Allowed [callingPackage: com.android.tv; callingUid: 10057; uidState: RCVR; intent: Intent { cmp=com.android.tv/.dvr.recorder.DvrRecordingService (has extras) }; code:BACKGROUND_ACTIVITY_PERMISSION; tempAllowListReason:<null>; targetSdkVersion:29; callerTargetSdkVersion:29; startForegroundCount:0; bindFromPackage:null]
03-31 16:36:06.117 I/d.leradlaunche( 1095): Background concurrent copying GC freed 149908(8462KB) AllocSpace objects, 17(1420KB) LOS objects, 49% free, 19MB/38MB, paused 4.859ms total 1.990s
03-31 16:36:06.076 I/rainbow_flow( 1993): type=1400 audit(0.0:726): avc: denied { ioctl } for path="/dev/spidev1.0" dev="tmpfs" ino=3270 ioctlcmd=0x6b00 scontext=u:r:init:s0 tcontext=u:object_r:device:s0 tclass=chr_file permissive=1
03-31 16:36:06.143 I/ActivityManager(  479): Deferring FGS notification in legacy app com.android.tv/u0a57 : Notification(channel=dvr_notification_channel shortcut=null contentView=null vibrate=null sound=null defaults=0x0 flags=0x40 color=0x00000000 vis=PRIVATE)
03-31 16:36:06.151 I/adbd    (  397): jdwp connection from 2227
03-31 16:36:06.165 D/CompatibilityChangeReporter(  479): Compat change id reported: 168419799; UID 1000; state: DISABLED
03-31 16:36:06.176 W/ContextImpl(  824): Calling a method in the system process without a qualified user: android.app.ContextImpl.startService:1816 android.content.ContextWrapper.startService:774 android.content.ContextWrapper.startService:774 com.android.tv.settings.help.BootBroadcastReceiver.onReceive:18 android.app.ActivityThread.handleReceiver:4308 
03-31 16:36:06.177 W/ActivityManager(  479): Unable to start service Intent { cmp=com.android.tv.settings/.app_lock.MainService } U=0: not found
03-31 16:36:06.179 V/BootBroadcastReceiver(  824): autorun
03-31 16:36:06.199 I/ActivityManager(  479): com.dangbei.zhushou.os is exempt from freezer
03-31 16:36:06.200 D/CompatibilityChangeReporter(  479): Compat change id reported: 135634846; UID 1000; state: DISABLED
03-31 16:36:06.217 D/CompatibilityChangeReporter( 2227): Compat change id reported: 171979766; UID 10057; state: DISABLED
03-31 16:36:06.230 D/Zygote  (  244): Forked child process 2252
03-31 16:36:06.237 I/Zygote  ( 2252): seccomp disabled by setenforce 0
03-31 16:36:06.237 I/ActivityManager(  479): app.processName = com.dangbei.zhushou.os
03-31 16:36:06.237 I/ActivityManager(  479): Start proc 2252:com.dangbei.zhushou.os/1000 for broadcast {com.dangbei.zhushou.os/com.dangbei.projector.assistant.receiver.BootReceiver}
03-31 16:36:06.253 D/ApplicationLoaders( 2227): Returning zygote-cached class loader: /system/framework/android.test.base.jar
03-31 16:36:06.285 D/nativeloader( 2227): classloader namespace configured for unbundled product apk. library_path=/product/priv-app/LiveTv/lib/arm:/product/lib:/system/product/lib
03-31 16:36:06.292 I/adbd    (  397): jdwp connection from 2252
03-31 16:36:06.349 V/GraphicsEnvironment( 2227): ANGLE Developer option for 'com.android.tv' set to: 'default'
03-31 16:36:06.350 V/GraphicsEnvironment( 2227): Neither updatable production driver nor prerelease driver is supported.
03-31 16:36:06.361 D/NetworkSecurityConfig( 2227): No Network Security Config specified, using platform default
03-31 16:36:06.362 D/NetworkSecurityConfig( 2227): No Network Security Config specified, using platform default
03-31 16:36:06.371 D/CompatibilityChangeReporter( 2252): Compat change id reported: 171979766; UID 1000; state: DISABLED
03-31 16:36:06.393 W/UnsafeUtil( 2227): platform method missing - proto runtime falling back to safer methods: java.lang.NoSuchMethodException: sun.misc.Unsafe.copyMemory [class java.lang.Object, long, class java.lang.Object, long, long]
03-31 16:36:06.404 D/ApplicationLoaders( 2252): Returning zygote-cached class loader: /system/framework/android.test.base.jar
03-31 16:36:06.404 D/ApplicationLoaders( 2252): Returning zygote-cached class loader: /system/framework/android.hidl.manager-V1.0-java.jar
03-31 16:36:06.404 D/ApplicationLoaders( 2252): Returning zygote-cached class loader: /system/framework/android.hidl.base-V1.0-java.jar
03-31 16:36:06.392 I/EventThread(  263): type=1400 audit(0.0:727): avc: denied { search } for name="extcon" dev="sysfs" ino=18102 scontext=u:r:hal_tv_cec_default:s0 tcontext=u:object_r:sysfs_extcon:s0 tclass=dir permissive=1
03-31 16:36:06.526 D/AppManager( 1095): checkLocalAppsIsValid: success
03-31 16:36:06.540 I/TvApplication( 2227): Starting TV app 1.24-asop
03-31 16:36:06.541 W/IorapForwardingService(  479): No service published for: iorapd
03-31 16:36:06.542 I/TvApplication( 2227): Started TV app 1.24-asop
03-31 16:36:06.548 V/GraphicsEnvironment( 2252): ANGLE Developer option for 'com.dangbei.zhushou.os' set to: 'default'
03-31 16:36:06.548 V/GraphicsEnvironment( 2252): Neither updatable production driver nor prerelease driver is supported.
03-31 16:36:06.554 D/NetworkSecurityConfig( 2252): No Network Security Config specified, using platform default
03-31 16:36:06.555 D/NetworkSecurityConfig( 2252): No Network Security Config specified, using platform default
03-31 16:36:06.560 I/MultiDex( 2252): VM with version 2.1.0 has multidex support
03-31 16:36:06.561 I/MultiDex( 2252): Installing application
03-31 16:36:06.561 I/MultiDex( 2252): VM has multidex support, MultiDex support library is disabled.
03-31 16:36:06.587 I/BLEAudioDrive_HV410(  249): select timeout!
03-31 16:36:06.722 W/d.leradlaunche( 1095): Long monitor contention with owner DefaultDispatcher-worker-3 (1198) at java.util.Set b6.a.a(boolean, java.util.List, java.util.Map, java.util.List, gg.e)(SourceFile:186) waiters=1 in java.util.Set b6.a.a(boolean, java.util.List, java.util.Map, java.util.List, gg.e) for 627ms
03-31 16:36:06.751 D/AppManager( 1095): checkLocalAppsIsValid: success
03-31 16:36:06.788 I/system_server(  479): Background concurrent copying GC freed 99326(5689KB) AllocSpace objects, 104(2648KB) LOS objects, 49% free, 10MB/21MB, paused 365us total 653.210ms
03-31 16:36:06.772 I/gbei.zhushou.os( 2252): type=1400 audit(0.0:728): avc: denied { read } for name="address" dev="sysfs" ino=25874 scontext=u:r:system_app:s0 tcontext=u:object_r:sysfs:s0 tclass=file permissive=1
03-31 16:36:06.792 I/gbei.zhushou.os( 2252): type=1400 audit(0.0:729): avc: denied { open } for path="/sys/devices/platform/unisoc_wifi/net/wlan1/address" dev="sysfs" ino=25874 scontext=u:r:system_app:s0 tcontext=u:object_r:sysfs:s0 tclass=file permissive=1
03-31 16:36:06.851 W/d.leradlaunche( 1095): Long monitor contention with owner DefaultDispatcher-worker-3 (1198) at java.util.Set b6.a.a(boolean, java.util.List, java.util.Map, java.util.List, gg.e)(SourceFile:186) waiters=2 in java.util.Set b6.a.a(boolean, java.util.List, java.util.Map, java.util.List, gg.e) for 756ms
03-31 16:36:06.792 I/gbei.zhushou.os( 2252): type=1400 audit(0.0:730): avc: denied { getattr } for path="/sys/devices/platform/unisoc_wifi/net/wlan1/address" dev="sysfs" ino=25874 scontext=u:r:system_app:s0 tcontext=u:object_r:sysfs:s0 tclass=file permissive=1
03-31 16:36:06.872 D/AppManager( 1095): checkLocalAppsIsValid: success
03-31 16:36:06.887 I/b       ( 2252): -----------> Auto switch user, userId: -3377459
03-31 16:36:06.887 I/b       ( 2252): -----------> doSwitchUserInternal, userId: -3377459
03-31 16:36:06.891 D/yl      ( 2252): com.wangjie.rapidorm.c.b.a-------------------the tables are {class com.dangbei.setting.provider.dal.db.model.UserPreference=com.dangbei.setting.provider.dal.db.model.b@db70691, class com.dangbei.setting.provider.dal.db.model.User=com.dangbei.setting.provider.dal.db.model.c@1429f6}
03-31 16:36:06.970 D/ExifInterface( 1095): No image meets the size requirements of a thumbnail image.
03-31 16:36:06.972 D/AppManager( 1095): checkLocalAppsIsValid: success
03-31 16:36:07.014 D/CompatibilityChangeReporter( 2252): Compat change id reported: 147600208; UID 1000; state: DISABLED
03-31 16:36:07.211 I/TDLog   ( 2252):  setReportUncaughtExceptions: true
03-31 16:36:07.180 I/ThreadPoolUtils( 2252): type=1400 audit(0.0:731): avc: denied { read } for name="/" dev="dm-0" ino=2 scontext=u:r:system_app:s0 tcontext=u:object_r:rootfs:s0 tclass=dir permissive=1
03-31 16:36:07.180 I/ThreadPoolUtils( 2252): type=1400 audit(0.0:732): avc: denied { open } for path="/" dev="dm-0" ino=2 scontext=u:r:system_app:s0 tcontext=u:object_r:rootfs:s0 tclass=dir permissive=1
01-01 08:00:37.104 W/audit   ( 2343): audit_lost=288 audit_rate_limit=5 audit_backlog_limit=64
03-31 16:36:07.248 I/ThreadPoolUtils( 2252): type=1400 audit(0.0:733): avc: denied { read } for name="sdcard" dev="tmpfs" ino=6238 scontext=u:r:system_app:s0 tcontext=u:object_r:mnt_sdcard_file:s0 tclass=lnk_file permissive=1
03-31 16:36:07.318 D/CompatibilityChangeReporter(  479): Compat change id reported: 135634846; UID 10034; state: DISABLED
03-31 16:36:07.319 D/CompatibilityChangeReporter(  479): Compat change id reported: 177438394; UID 10034; state: DISABLED
03-31 16:36:07.319 D/CompatibilityChangeReporter(  479): Compat change id reported: 135772972; UID 10034; state: DISABLED
03-31 16:36:07.319 D/CompatibilityChangeReporter(  479): Compat change id reported: 135754954; UID 10034; state: ENABLED
03-31 16:36:07.319 D/CompatibilityChangeReporter(  479): Compat change id reported: 143937733; UID 10034; state: ENABLED
03-31 16:36:07.332 I/TDLog   ( 2252): TalkingData App Analytics SDK init...
03-31 16:36:07.332 I/TDLog   ( 2252): 	SDK_VERSION is: Android+TD+V4.0.22 gp Type:Native  Build_Num:712
03-31 16:36:07.332 I/TDLog   ( 2252): 	App ID is: 219DEBE67C3B47D799EED1190DEACA09
03-31 16:36:07.332 I/TDLog   ( 2252): 	App Channel is: statisticSDK
03-31 16:36:07.332 I/TDLog   ( 2252): 	SDK_OVC is: TDOVC+a004ba0d7e569531a3ac013fd19b4443+SaaS
03-31 16:36:07.344 D/Zygote  (  244): Forked child process 2360
03-31 16:36:07.345 I/ActivityManager(  479): app.processName = com.softwinner.timerswitch
03-31 16:36:07.345 I/ActivityManager(  479): Start proc 2360:com.softwinner.timerswitch/u0a34 for broadcast {com.softwinner.timerswitch/com.softwinner.timerswitch.AlarmReceiver}
01-01 08:00:37.171 E/audit   ( 2343): rate limit exceeded
03-31 16:36:07.362 I/Zygote  ( 2360): seccomp disabled by setenforce 0
03-31 16:36:07.256 I/ThreadPoolUtils( 2252): type=1400 audit(0.0:734): avc: denied { getattr } for path="/mnt/pass_through" dev="tmpfs" ino=6222 scontext=u:r:system_app:s0 tcontext=u:object_r:mnt_pass_through_file:s0 tclass=dir permissive=1
03-31 16:36:07.256 I/ThreadPoolUtils( 2252): type=1400 audit(0.0:735): avc: denied { getattr } for path="/mnt/media_rw" dev="tmpfs" ino=6217 scontext=u:r:system_app:s0 tcontext=u:object_r:mnt_media_rw_file:s0 tclass=dir permissive=1
03-31 16:36:07.416 I/adbd    (  397): jdwp connection from 2360
03-31 16:36:07.423 D/CompatibilityChangeReporter(  479): Compat change id reported: 178209446; UID 1000; state: ENABLED
03-31 16:36:07.424 E/hq      ( 1095): ErrorCoroutineExceptionHandler:::runTry error:com.dangbei.leard.base.proider.error.EmptyApiException: 数据为空  from=requestMessageDialog  from=requestMessageDialog
03-31 16:36:07.424 D/CompatibilityChangeReporter(  479): Compat change id reported: 178209446; UID 1000; state: DISABLED
03-31 16:36:07.466 V/NFC     ( 2252): this device does not have NFC support
03-31 16:36:07.470 I/CameraManagerGlobal( 2252): Connecting to camera service
03-31 16:36:07.544 W/IorapForwardingService(  479): No service published for: iorapd
03-31 16:36:07.544 D/CompatibilityChangeReporter(  479): Compat change id reported: 168419799; UID 10034; state: DISABLED
03-31 16:36:07.579 D/CompatibilityChangeReporter( 2360): Compat change id reported: 171979766; UID 10034; state: ENABLED
03-31 16:36:07.632 I/FuseDaemon( 1033): Background young concurrent copying GC freed 39924(2344KB) AllocSpace objects, 2(40KB) LOS objects, 40% free, 3653KB/6190KB, paused 112us total 112.467ms
03-31 16:36:07.727 V/GraphicsEnvironment( 2360): ANGLE Developer option for 'com.softwinner.timerswitch' set to: 'default'
03-31 16:36:07.727 V/GraphicsEnvironment( 2360): Neither updatable production driver nor prerelease driver is supported.
03-31 16:36:07.729 D/NetworkSecurityConfig( 2360): No Network Security Config specified, using platform default
03-31 16:36:07.730 D/NetworkSecurityConfig( 2360): No Network Security Config specified, using platform default
03-31 16:36:07.750 D/TAG_AlarmReceiver( 2360): receive  broadcast, curTime : 2026-03-31 16:36:07
03-31 16:36:07.750 D/TAG_AlarmReceiver( 2360): ********receive system bootUp broadcast*********
03-31 16:36:07.770 I/UtilCommon( 2252): bluetoothMac=B4:2F:03:15:6F:44
03-31 16:36:07.788 D/UtilLog ( 2252): key=deviceid
03-31 16:36:07.790 D/UtilLog ( 2252): values=49f3ae32726624ae662747ed1c8f0983
03-31 16:36:07.790 D/UtilLog ( 2252): DesValues=GsovT+ejI5BX6vDfTH66vizxHCNTMA8rBqttkVZUyUUWOjxG6sWiow==
03-31 16:36:07.790 D/UtilLog ( 2252): 
03-31 16:36:07.790 D/UtilLog ( 2252): key=dev_uuid
03-31 16:36:07.791 D/UtilLog ( 2252): values=21571f6c-2565-40f4-bd8e-f5f9190db5cf
03-31 16:36:07.791 D/UtilLog ( 2252): DesValues=apOjzZZw5v6XTA69UcDOQz2Sprwh7wW+7QRcbXG+pqsDine5Qfn/xA==
03-31 16:36:07.791 D/UtilLog ( 2252): 
03-31 16:36:07.791 D/UtilLog ( 2252): key=channel
03-31 16:36:07.791 D/UtilLog ( 2252): values=DBOS_DBBOX-A2
03-31 16:36:07.791 D/UtilLog ( 2252): DesValues=U2rMDSNEX4hlxebfMfvE5w==
03-31 16:36:07.791 D/UtilLog ( 2252): 
03-31 16:36:07.791 D/UtilLog ( 2252): key=packagelist
03-31 16:36:07.798 D/UtilLog ( 2252): values=com.dangbei.lerad.rocky;com.dangbei.leard.leradlauncher;com.dangbei.zhushou.os
03-31 16:36:07.798 D/UtilLog ( 2252): DesValues=byaAjpuYP7Md9ImftnY6oL+u5Tex4kQ5jeOCkuyRk9SkGPr4UI1BJNL8hrF+2ShyB2oVVKVfAi8PlHx6PKeqfviwQR31zZWikKW1prDgGkU=
03-31 16:36:07.798 D/UtilLog ( 2252): 
03-31 16:36:07.798 D/UtilLog ( 2252): key=mac
03-31 16:36:07.799 D/UtilLog ( 2252): values=4A:13:E4:F9:79:75
03-31 16:36:07.799 D/UtilLog ( 2252): DesValues=g0/FgyMoDh2YPDZHpQE4CLXGkI7Xgr0W
03-31 16:36:07.799 D/UtilLog ( 2252): 
03-31 16:36:07.799 D/UtilLog ( 2252): key=wifimac
03-31 16:36:07.799 D/UtilLog ( 2252): values=B4:2F:03:15:E4:CE
03-31 16:36:07.799 D/UtilLog ( 2252): DesValues=GtiP38bn9GKyYKlE7MHlsdCz1elBmnmp
03-31 16:36:07.799 D/UtilLog ( 2252): 
03-31 16:36:07.799 D/UtilLog ( 2252): key=uuid
03-31 16:36:07.804 D/UtilLog ( 2252): values=c6903a05-4a43-4745-bf32-673db9f56f3f
03-31 16:36:07.804 D/UtilLog ( 2252): DesValues=uO6UL9ZrZimM/7yOIETrKuI4Ds31R98pQIFk9PO08ZD0dRSlGxdEaQ==
03-31 16:36:07.804 D/UtilLog ( 2252): 
03-31 16:36:07.804 D/UtilLog ( 2252): key=appname
03-31 16:36:07.809 D/UtilLog ( 2252): values=电视管家
03-31 16:36:07.819 D/UtilLog ( 2252): DesValues=iqL5Rox+365YgqkQrzmGew==
03-31 16:36:07.819 D/UtilLog ( 2252): 
03-31 16:36:07.819 D/UtilLog ( 2252): key=packagename
03-31 16:36:07.822 D/UtilLog ( 2252): values=com.dangbei.zhushou.os
03-31 16:36:07.822 D/UtilLog ( 2252): DesValues=byaAjpuYP7N/v7Z6kyOIN8JduvsEBDYD
03-31 16:36:07.822 D/UtilLog ( 2252): 
03-31 16:36:07.822 D/UtilLog ( 2252): key=vname
03-31 16:36:07.823 D/UtilLog ( 2252): values=4.0.0.0.1
03-31 16:36:07.823 D/UtilLog ( 2252): DesValues=ZmbdbetpP3xQfy8gEtIzGg==
03-31 16:36:07.823 D/UtilLog ( 2252): 
03-31 16:36:07.823 D/UtilLog ( 2252): key=vcode
03-31 16:36:07.831 D/UtilLog ( 2252): values=40001
03-31 16:36:07.831 D/UtilLog ( 2252): DesValues=xHelLudSdno=
03-31 16:36:07.831 D/UtilLog ( 2252): 
03-31 16:36:07.831 D/UtilLog ( 2252): key=brand
03-31 16:36:07.836 D/UtilLog ( 2252): values=Dangbei
03-31 16:36:07.836 D/UtilLog ( 2252): DesValues=w3F/S11z4cQ=
03-31 16:36:07.836 D/UtilLog ( 2252): 
03-31 16:36:07.836 D/UtilLog ( 2252): key=boxfactory
03-31 16:36:07.837 D/UtilLog ( 2252): values=Allwinner
03-31 16:36:07.837 D/UtilLog ( 2252): DesValues=Z82sBMOvjTwCcRqjeHOwaQ==
03-31 16:36:07.837 D/UtilLog ( 2252): 
03-31 16:36:07.837 D/UtilLog ( 2252): key=rommodel
03-31 16:36:07.841 D/UtilLog ( 2252): values=DBBOX-A2
03-31 16:36:07.841 D/UtilLog ( 2252): DesValues=Cp0N6KH6T4JIJBzkJvj0FQ==
03-31 16:36:07.843 D/UtilLog ( 2252): 
03-31 16:36:07.843 D/UtilLog ( 2252): key=cpuserial
03-31 16:36:07.846 D/UtilLog ( 2252): values=0000000000000000
03-31 16:36:07.847 D/UtilLog ( 2252): DesValues=nNQaqXf/biPbsaIvekQHd7yInvBfbZxz
03-31 16:36:07.847 D/UtilLog ( 2252): 
03-31 16:36:07.847 D/UtilLog ( 2252): key=cpuimei
03-31 16:36:07.852 D/UtilLog ( 2252): values=armeabi-v7a
03-31 16:36:07.852 D/UtilLog ( 2252): DesValues=eB2sQ5wFJ4fV9rAgxgt0kQ==
03-31 16:36:07.852 D/UtilLog ( 2252): 
03-31 16:36:07.852 D/UtilLog ( 2252): key=sn
03-31 16:36:07.853 D/UtilLog ( 2252): values=5c00104d56404831b53
03-31 16:36:07.853 D/UtilLog ( 2252): DesValues=sF5sGaHoxfhPQ3mT0MqG80qwaFJFh9JR
03-31 16:36:07.853 D/UtilLog ( 2252): 
03-31 16:36:07.853 D/UtilLog ( 2252): key=osversion
03-31 16:36:07.853 D/UtilLog ( 2252): values=12
03-31 16:36:07.853 D/UtilLog ( 2252): DesValues=z4Vde2HU9Lg=
03-31 16:36:07.853 D/UtilLog ( 2252): 
03-31 16:36:07.853 D/UtilLog ( 2252): key=oscode
03-31 16:36:07.858 D/UtilLog ( 2252): values=31
03-31 16:36:07.858 D/UtilLog ( 2252): DesValues=uYf7cxwIekI=
03-31 16:36:07.858 D/UtilLog ( 2252): 
03-31 16:36:07.858 D/UtilLog ( 2252): key=is_write
03-31 16:36:07.858 D/UtilLog ( 2252): values=0
03-31 16:36:07.858 D/UtilLog ( 2252): DesValues=fhgfj/J6fiI=
03-31 16:36:07.858 D/UtilLog ( 2252): 
03-31 16:36:07.858 D/UtilLog ( 2252): key=romvername
03-31 16:36:07.860 D/UtilLog ( 2252): values=5.0.2.1
03-31 16:36:07.862 D/UtilLog ( 2252): DesValues=H+Z1OfT3dbU=
03-31 16:36:07.862 D/UtilLog ( 2252): 
03-31 16:36:07.862 D/UtilLog ( 2252): key=romvercode
03-31 16:36:07.862 D/UtilLog ( 2252): values=5021
03-31 16:36:07.863 D/UtilLog ( 2252): DesValues=8Z5g6xXIqgc=
03-31 16:36:07.864 D/UtilLog ( 2252): 
03-31 16:36:07.865 W/gbei.zhushou.o( 2252): Long monitor contention with owner ThreadPoolUtils #1 (2343) at java.lang.String com.tendcloud.tenddata.aw.a(android.content.Context)(td:5) waiters=0 in java.lang.String com.tendcloud.tenddata.aw.a(android.content.Context) for 544ms
03-31 16:36:07.866 D/UtilLog ( 2252): key=bluetoothmac
03-31 16:36:07.868 D/UtilLog ( 2252): values=B4:2F:03:15:6F:44
03-31 16:36:07.868 D/UtilLog ( 2252): DesValues=GtiP38bn9GL6h6ZZk4BO6q5A2YSsuOqs
03-31 16:36:07.868 D/UtilLog ( 2252): 
03-31 16:36:07.868 D/UtilLog ( 2252): key=rommodelnumber
03-31 16:36:07.869 D/UtilLog ( 2252): values=H5232
03-31 16:36:07.871 D/UtilLog ( 2252): DesValues=FkBqlkWzuas=
03-31 16:36:07.871 D/UtilLog ( 2252): 
03-31 16:36:07.871 D/UtilLog ( 2252): key=userid
03-31 16:36:07.873 D/UtilLog ( 2252): values=-1
03-31 16:36:07.874 D/UtilLog ( 2252): DesValues=U8kqhGxUlIA=
03-31 16:36:07.874 D/UtilLog ( 2252): 
03-31 16:36:07.874 D/UtilLog ( 2252): key=ip
03-31 16:36:07.874 D/UtilLog ( 2252): values=
03-31 16:36:07.874 D/UtilLog ( 2252): DesValues=gKen3SyYFuE=
03-31 16:36:07.874 D/UtilLog ( 2252): 
03-31 16:36:07.875 I/ActivityManager(  479): Finished processing BOOT_COMPLETED for u0
03-31 16:36:07.875 W/BroadcastQueue(  479): Background execution not allowed: receiving Intent { act=android.bluetooth.adapter.action.STATE_CHANGED flg=0x4000010 (has extras) } to com.dangbei.lerad.etna.haqu/com.dangbei.remotecontroller.RemoteControllerReceiver
03-31 16:36:07.878 W/BroadcastQueue(  479): Background execution not allowed: receiving Intent { act=android.bluetooth.adapter.action.STATE_CHANGED flg=0x4000010 (has extras) } to com.dangbei.lerad.etna.haqu/com.dangbei.remotecontroller.RemoteControllerReceiver
03-31 16:36:07.880 D/CompatibilityChangeReporter(  479): Compat change id reported: 135634846; UID 10027; state: DISABLED
03-31 16:36:07.880 D/CompatibilityChangeReporter(  479): Compat change id reported: 143937733; UID 10027; state: DISABLED
03-31 16:36:07.903 D/Zygote  (  244): Forked child process 2404
03-31 16:36:07.904 I/ActivityManager(  479): app.processName = com.dangbei.screencast
03-31 16:36:07.904 I/ActivityManager(  479): Start proc 2404:com.dangbei.screencast/u0a27 for broadcast {com.dangbei.screencast/com.dangbei.screencast.startup.BootReceiver}
03-31 16:36:07.913 I/Zygote  ( 2404): seccomp disabled by setenforce 0
03-31 16:36:07.931 E/WifiHAL (  667): wifi_get_link_stats: requestResponse Error:-5
03-31 16:36:07.932 E/WifiVendorHal(  479): getWifiLinkLayerStats_1_5_Internal(l.1191) failed {.code = ERROR_INVALID_ARGS, .description = }
03-31 16:36:07.934 I/adbd    (  397): jdwp connection from 2404
03-31 16:36:07.996 D/CompatibilityChangeReporter(  479): Compat change id reported: 168419799; UID 10027; state: DISABLED
03-31 16:36:08.030 D/CompatibilityChangeReporter( 2404): Compat change id reported: 171979766; UID 10027; state: DISABLED
03-31 16:36:08.050 D/ApplicationLoaders( 2404): Returning zygote-cached class loader: /system/framework/android.test.base.jar
03-31 16:36:08.050 D/ApplicationLoaders( 2404): Returning zygote-cached class loader: /system/framework/android.hidl.manager-V1.0-java.jar
03-31 16:36:08.050 D/ApplicationLoaders( 2404): Returning zygote-cached class loader: /system/framework/android.hidl.base-V1.0-java.jar
03-31 16:36:08.108 I/System.out( 2252): true
03-31 16:36:08.141 V/GraphicsEnvironment( 2404): ANGLE Developer option for 'com.dangbei.screencast' set to: 'default'
03-31 16:36:08.142 V/GraphicsEnvironment( 2404): Neither updatable production driver nor prerelease driver is supported.
03-31 16:36:08.144 D/NetworkSecurityConfig( 2404): Using Network Security Config from resource network_security_config debugBuild: false
03-31 16:36:08.147 D/NetworkSecurityConfig( 2404): Using Network Security Config from resource network_security_config debugBuild: false
03-31 16:36:08.168 D/SntpClient(  479): request time failed: java.net.SocketTimeoutException: Poll timed out
03-31 16:36:08.205 I/MultiDex( 2404): VM with version 2.1.0 has multidex support
03-31 16:36:08.206 I/MultiDex( 2404): Installing application
03-31 16:36:08.206 I/MultiDex( 2404): VM has multidex support, MultiDex support library is disabled.
03-31 16:36:08.218 I/System.out( 2252): true
01-01 08:00:38.065 W/hdr10p_Configure(  378): 31 callbacks suppressed
01-01 08:00:38.065 I/        (  378): DVI mode selected: packets not configured
01-01 08:00:38.078 W/set_vsif_config(  378): 31 callbacks suppressed
01-01 08:00:38.078 I/        (  378): Error: set vsif failed
03-31 16:36:08.269 E/PartsInfoProvider( 2404): onCreate: 
03-31 16:36:08.277 W/ActivityManager(  479): Background start not allowed: service Intent { act=com.dangbei.screencast.STARTUP pkg=com.dangbei.screencast } to com.dangbei.screencast/.startup.StartupService from pid=2404 uid=10027 pkg=com.dangbei.screencast startFg?=false
03-31 16:36:08.280 W/System.err( 2404): android.app.BackgroundServiceStartNotAllowedException: Not allowed to start service Intent { act=com.dangbei.screencast.STARTUP pkg=com.dangbei.screencast }: app is in background uid UidRecord{d3eb7aa u0a27 RCVR idle change:idle|uncached procs:0 seq(0,0,0)}
03-31 16:36:08.280 W/System.err( 2404): 	at android.app.ContextImpl.startServiceCommon(ContextImpl.java:1861)
03-31 16:36:08.280 W/System.err( 2404): 	at android.app.ContextImpl.startService(ContextImpl.java:1817)
03-31 16:36:08.280 W/System.err( 2404): 	at android.content.ContextWrapper.startService(ContextWrapper.java:774)
03-31 16:36:08.280 W/System.err( 2404): 	at b.f.f.h.g.k.a(Unknown Source:20)
03-31 16:36:08.280 W/System.err( 2404): 	at com.dangbei.screencast.provider.PartsInfoProvider.onCreate(:2)
03-31 16:36:08.280 W/System.err( 2404): 	at android.content.ContentProvider.attachInfo(ContentProvider.java:2404)
03-31 16:36:08.280 W/System.err( 2404): 	at android.content.ContentProvider.attachInfo(ContentProvider.java:2374)
03-31 16:36:08.280 W/System.err( 2404): 	at android.app.ActivityThread.installProvider(ActivityThread.java:7437)
03-31 16:36:08.280 W/System.err( 2404): 	at android.app.ActivityThread.installContentProviders(ActivityThread.java:6954)
03-31 16:36:08.280 W/System.err( 2404): 	at android.app.ActivityThread.handleBindApplication(ActivityThread.java:6725)
03-31 16:36:08.281 W/System.err( 2404): 	at android.app.ActivityThread.access$1500(ActivityThread.java:247)
03-31 16:36:08.281 W/System.err( 2404): 	at android.app.ActivityThread$H.handleMessage(ActivityThread.java:2053)
03-31 16:36:08.281 W/System.err( 2404): 	at android.os.Handler.dispatchMessage(Handler.java:106)
03-31 16:36:08.281 W/System.err( 2404): 	at android.os.Looper.loopOnce(Looper.java:201)
03-31 16:36:08.281 W/System.err( 2404): 	at android.os.Looper.loop(Looper.java:288)
03-31 16:36:08.281 W/System.err( 2404): 	at android.app.ActivityThread.main(ActivityThread.java:7854)
03-31 16:36:08.281 W/System.err( 2404): 	at java.lang.reflect.Method.invoke(Native Method)
03-31 16:36:08.281 W/System.err( 2404): 	at com.android.internal.os.RuntimeInit$MethodAndArgsCaller.run(RuntimeInit.java:548)
03-31 16:36:08.281 W/System.err( 2404): 	at com.android.internal.os.ZygoteInit.main(ZygoteInit.java:1182)
03-31 16:36:08.286 W/ActivityManager(  479): Background start not allowed: service Intent { act=com.dangbei.screencast.STARTUP pkg=com.dangbei.screencast } to com.dangbei.screencast/.startup.StartupService from pid=2404 uid=10027 pkg=com.dangbei.screencast startFg?=false
03-31 16:36:08.287 W/System.err( 2404): android.app.BackgroundServiceStartNotAllowedException: Not allowed to start service Intent { act=com.dangbei.screencast.STARTUP pkg=com.dangbei.screencast }: app is in background uid UidRecord{d3eb7aa u0a27 RCVR idle change:idle|uncached procs:0 seq(0,0,0)}
03-31 16:36:08.287 W/System.err( 2404): 	at android.app.ContextImpl.startServiceCommon(ContextImpl.java:1861)
03-31 16:36:08.287 W/System.err( 2404): 	at android.app.ContextImpl.startService(ContextImpl.java:1817)
03-31 16:36:08.287 W/System.err( 2404): 	at android.content.ContextWrapper.startService(ContextWrapper.java:774)
03-31 16:36:08.287 W/System.err( 2404): 	at b.f.f.h.g.k.a(Unknown Source:20)
03-31 16:36:08.287 W/System.err( 2404): 	at com.dangbei.screencast.common.utils.remotepreferences.ScreenCastPreferenceProvider.onCreate(Unknown Source:11)
03-31 16:36:08.287 W/System.err( 2404): 	at android.content.ContentProvider.attachInfo(ContentProvider.java:2404)
03-31 16:36:08.287 W/System.err( 2404): 	at android.content.ContentProvider.attachInfo(ContentProvider.java:2374)
03-31 16:36:08.287 W/System.err( 2404): 	at android.app.ActivityThread.installProvider(ActivityThread.java:7437)
03-31 16:36:08.287 W/System.err( 2404): 	at android.app.ActivityThread.installContentProviders(ActivityThread.java:6954)
03-31 16:36:08.287 W/System.err( 2404): 	at android.app.ActivityThread.handleBindApplication(ActivityThread.java:6725)
03-31 16:36:08.287 W/System.err( 2404): 	at android.app.ActivityThread.access$1500(ActivityThread.java:247)
03-31 16:36:08.288 W/System.err( 2404): 	at android.app.ActivityThread$H.handleMessage(ActivityThread.java:2053)
03-31 16:36:08.288 W/System.err( 2404): 	at android.os.Handler.dispatchMessage(Handler.java:106)
03-31 16:36:08.288 W/System.err( 2404): 	at android.os.Looper.loopOnce(Looper.java:201)
03-31 16:36:08.288 W/System.err( 2404): 	at android.os.Looper.loop(Looper.java:288)
03-31 16:36:08.288 W/System.err( 2404): 	at android.app.ActivityThread.main(ActivityThread.java:7854)
03-31 16:36:08.288 W/System.err( 2404): 	at java.lang.reflect.Method.invoke(Native Method)
03-31 16:36:08.288 W/System.err( 2404): 	at com.android.internal.os.RuntimeInit$MethodAndArgsCaller.run(RuntimeInit.java:548)
03-31 16:36:08.288 W/System.err( 2404): 	at com.android.internal.os.ZygoteInit.main(ZygoteInit.java:1182)
03-31 16:36:08.300 I/gbei.screencast( 2404): type=1400 audit(0.0:1023): avc: denied { search } for name="com.dangbei.screencast" dev="mmcblk0p25" ino=909 scontext=u:r:platform_app:s0:c512,c768 tcontext=u:object_r:app_data_file:s0:c512,c768 tclass=dir permissive=1 app=com.dangbei.screencast
03-31 16:36:08.300 I/gbei.screencast( 2404): type=1400 audit(0.0:1024): avc: denied { getattr } for path="/data/user/0/com.dangbei.screencast/cache" dev="mmcblk0p25" ino=910 scontext=u:r:platform_app:s0:c512,c768 tcontext=u:object_r:app_data_file:s0:c512,c768 tclass=dir permissive=1 app=com.dangbei.screencast
03-31 16:36:08.314 D/AndroidAutoSize( 2404): designWidthInDp = 360, designHeightInDp = 640, screenWidth = 1920, screenHeight = 1080
03-31 16:36:08.314 D/AndroidAutoSize( 2404): initDensity = 1.5, initScaledDensity = 1.5
03-31 16:36:08.340 D/CompatibilityChangeReporter(  479): Compat change id reported: 149924527; UID 10027; state: ENABLED
03-31 16:36:08.341 D/CompatibilityChangeReporter(  479): Compat change id reported: 132649864; UID 10027; state: DISABLED
01-01 08:00:38.301 I/        (  378): DVI mode selected: packets not configured
01-01 08:00:38.307 I/        (  378): Error: set vsif failed
03-31 16:36:08.496 I/gbei.screencast( 2404): type=1400 audit(0.0:1025): avc: denied { search } for name="net" dev="sysfs" ino=10441 scontext=u:r:platform_app:s0:c512,c768 tcontext=u:object_r:sysfs_net:s0 tclass=dir permissive=1 app=com.dangbei.screencast
03-31 16:36:08.496 I/gbei.screencast( 2404): type=1400 audit(0.0:1026): avc: denied { read } for name="address" dev="sysfs" ino=16905 scontext=u:r:platform_app:s0:c512,c768 tcontext=u:object_r:sysfs_net:s0 tclass=file permissive=1 app=com.dangbei.screencast
03-31 16:36:08.496 I/gbei.screencast( 2404): type=1400 audit(0.0:1027): avc: denied { open } for path="/sys/devices/virtual/net/dummy0/address" dev="sysfs" ino=16905 scontext=u:r:platform_app:s0:c512,c768 tcontext=u:object_r:sysfs_net:s0 tclass=file permissive=1 app=com.dangbei.screencast
01-01 08:00:38.341 W/audit   ( 2404): audit_lost=575 audit_rate_limit=5 audit_backlog_limit=64
01-01 08:00:38.364 E/audit   ( 2404): rate limit exceeded
03-31 16:36:08.545 W/IorapForwardingService(  479): No service published for: iorapd
03-31 16:36:08.594 W/System  ( 2252): A resource failed to call close. 
03-31 16:36:08.602 I/crashsdk( 2404): version unique build id: 6230cced
03-31 16:36:08.610 I/crashsdk( 2404): begin hack android.os.Process
03-31 16:36:08.610 I/crashsdk( 2404): end hack android.os.Process
03-31 16:36:08.618 I/TDLog   ( 2404):  setReportUncaughtExceptions: true
03-31 16:36:08.619 D/crashsdk( 2404): Native log stat thread 2468 setup, waiting
03-31 16:36:08.621 E/Application( 2404): onCreate:Version:v2.8.3/20830/883432e
03-31 16:36:08.694 I/ActivityManager(  479): Background started FGS: Allowed [callingPackage: com.dangbei.screencast; callingUid: 10027; uidState: RCVR; intent: Intent { act=com.dangbei.screencast.STARTUP pkg=com.dangbei.screencast }; code:SYSTEM_ALERT_WINDOW_PERMISSION; tempAllowListReason:<null>; targetSdkVersion:28; callerTargetSdkVersion:28; startForegroundCount:0; bindFromPackage:null]
03-31 16:36:08.694 I/Matrix.AnrTracer( 2404): anrTrace, final mAnrBeatTime:400, mAnrBeatRate:400
03-31 16:36:08.717 D/LaunchConfigManager( 2404):  check in allready
03-31 16:36:08.720 I/crashsdk( 2404): Catcher mask: 5000, 20480
03-31 16:36:08.721 I/crashsdk( 2404): Catcher thread 2410
03-31 16:36:08.721 D/crashsdk( 2404): Register ANR handler ...
03-31 16:36:08.723 I/LaunchTrace( 2404): begin sendLaunchCache
03-31 16:36:08.725 D/CompatibilityChangeReporter(  479): Compat change id reported: 135634846; UID 10030; state: DISABLED
03-31 16:36:08.726 D/CompatibilityChangeReporter(  479): Compat change id reported: 177438394; UID 10030; state: DISABLED
03-31 16:36:08.726 D/CompatibilityChangeReporter(  479): Compat change id reported: 135772972; UID 10030; state: DISABLED
03-31 16:36:08.730 D/CompatibilityChangeReporter(  479): Compat change id reported: 135754954; UID 10030; state: ENABLED
03-31 16:36:08.731 D/CompatibilityChangeReporter(  479): Compat change id reported: 143937733; UID 10030; state: ENABLED
01-01 08:00:38.585 I/        (  378): DVI mode selected: packets not configured
01-01 08:00:38.591 I/        (  378): Error: set vsif failed
03-31 16:36:08.754 I/TDLog   ( 2404): TalkingData SDK init...
03-31 16:36:08.754 I/TDLog   ( 2404): 	SDK_VERSION is: Android+TD+V5.0.7 gp Type:Native  Build_Num:2141
03-31 16:36:08.754 I/TDLog   ( 2404): 	App ID is: B9D7815EC975466AB1332111FCE62DF5
03-31 16:36:08.754 I/TDLog   ( 2404): 	App Channel is: os
03-31 16:36:08.754 I/TDLog   ( 2404): 	App Custom is: 
03-31 16:36:08.754 I/TDLog   ( 2404): 	SDK_OVC is: TDOVC+a3bb7754719798526508b6caad480dd7+SaaS
03-31 16:36:08.755 D/Zygote  (  244): Forked child process 2494
03-31 16:36:08.760 I/ActivityManager(  479): app.processName = com.android.externalstorage
03-31 16:36:08.760 I/ActivityManager(  479): Start proc 2494:com.android.externalstorage/u0a30 for broadcast {com.android.externalstorage/com.android.externalstorage.MountReceiver}
03-31 16:36:08.775 I/Zygote  ( 2494): seccomp disabled by setenforce 0
03-31 16:36:08.795 I/adbd    (  397): jdwp connection from 2494
03-31 16:36:08.822 W/efs.send_log( 2404): tryFileLock start! 
03-31 16:36:08.890 W/ActivityManager(  479): Foreground service started from background can not have location/camera/microphone access: service com.dangbei.screencast/.startup.StartupService
03-31 16:36:08.891 W/efs.send_log( 2404): tryFileLock sendlock sucess! processname: com.dangbei.screencast
03-31 16:36:08.894 I/ActivityManager(  479): Deferring FGS notification in legacy app com.dangbei.screencast/u0a27 : Notification(channel=channel_record shortcut=null contentView=null vibrate=null sound=null defaults=0x0 flags=0x60 color=0x00000000 category=transport vis=PUBLIC)
03-31 16:36:08.913 D/CompatibilityChangeReporter(  479): Compat change id reported: 168419799; UID 10030; state: DISABLED
03-31 16:36:08.925 I/efs.config( 2404): --->>> 删除旧的配置文件 false
03-31 16:36:08.945 D/CompatibilityChangeReporter( 2494): Compat change id reported: 171979766; UID 10030; state: ENABLED
03-31 16:36:08.948 I/d.leradlaunche( 1095): Background young concurrent copying GC freed 227449(13MB) AllocSpace objects, 200(7384KB) LOS objects, 47% free, 20MB/38MB, paused 411us total 718.861ms
03-31 16:36:08.957 I/efs.config( 2404): current config version (-1) is older than another (1735614866)
03-31 16:36:08.958 I/efs.config( 2404): load config from storage and notify observer
03-31 16:36:08.994 I/efs.base( 2404): lt=event`ev_ct=efs_core`ev_ac=pvuv`tm=2026-03-31 16:36:90`dn=e47c7bd2-9fa9-451d-9f60-8dbb33e77f9c`ps=com.dangbei.screencast`um_os=android`stime=1774946168290`pid=2404`fr=android`pkg=com.dangbei.screencast`vcode=20830`dsp_w=1920`uid=e47c7bd2-9fa9-451d-9f60-8dbb33e77f9c`rom=12`wid=e47c7bd2-9fa9-451d-9f60-8dbb33e77f9c`um_app_carrier=`um_access=wifi`um_app_channel=os`um_crash_sdk_version=1.4.0`ctime=1774946168`model=dbbox-a2`lang=zh`net=wifi`brand=dangbei`dsp_h=1080`um_network_type=0`ver=v2.8.3`build_model=DBBOX-A2`w_tm=1774946168`appid=5fc60c21094d637f3130af19`um_umid_header=ai35af5d3062696c923ab8439457101f1b`sdk=31`tzone=Asia/Shanghai`sdk_ver=1.3.6.umeng
03-31 16:36:09.012 V/GraphicsEnvironment( 2494): ANGLE Developer option for 'com.android.externalstorage' set to: 'default'
03-31 16:36:09.012 V/GraphicsEnvironment( 2494): Neither updatable production driver nor prerelease driver is supported.
03-31 16:36:09.018 D/NetworkSecurityConfig( 2494): No Network Security Config specified, using platform default
03-31 16:36:09.019 D/NetworkSecurityConfig( 2494): No Network Security Config specified, using platform default
03-31 16:36:09.051 D/ExternalStorage( 2494): After updating volumes, found 1 active roots
03-31 16:36:09.085 D/ExternalStorage( 2494): After updating volumes, found 1 active roots
03-31 16:36:09.096 E/DiskReceiver(  824): Missing fsUuid, not launching activity.
03-31 16:36:09.116 D/ExternalStorage( 2494): After updating volumes, found 1 active roots
03-31 16:36:09.126 D/DiskReceiver(  824): Scanning volume: VolumeInfo{emulated;0}:
03-31 16:36:09.126 D/DiskReceiver(  824):     type=EMULATED diskId=null partGuid= mountFlags=PRIMARY|VISIBLE 
03-31 16:36:09.126 D/DiskReceiver(  824):     mountUserId=0 state=MOUNTED 
03-31 16:36:09.126 D/DiskReceiver(  824):     fsType=null fsUuid=null fsLabel=null 
03-31 16:36:09.126 D/DiskReceiver(  824):     path=/storage/emulated internalPath=/data/media 
03-31 16:36:09.130 I/ActivityManager(  479): com.tv.filemanager.os is exempt from freezer
03-31 16:36:09.131 D/CompatibilityChangeReporter(  479): Compat change id reported: 135634846; UID 10054; state: DISABLED
03-31 16:36:09.131 D/CompatibilityChangeReporter(  479): Compat change id reported: 177438394; UID 10054; state: DISABLED
03-31 16:36:09.132 D/CompatibilityChangeReporter(  479): Compat change id reported: 135772972; UID 10054; state: DISABLED
03-31 16:36:09.133 D/CompatibilityChangeReporter(  479): Compat change id reported: 135754954; UID 10054; state: DISABLED
03-31 16:36:09.134 D/CompatibilityChangeReporter(  479): Compat change id reported: 143937733; UID 10054; state: DISABLED
03-31 16:36:09.158 E/raop    ( 2404): *********************AirplayBroadcastServer+++++++++
03-31 16:36:09.168 D/Zygote  (  244): Forked child process 2550
03-31 16:36:09.170 I/ActivityManager(  479): app.processName = com.tv.filemanager.os
03-31 16:36:09.170 I/ActivityManager(  479): Start proc 2550:com.tv.filemanager.os/u0a54 for broadcast {com.tv.filemanager.os/com.dangbei.lerad.filemanager.receives.USBReceiver}
01-01 08:00:39.000 I/        (  378): DVI mode selected: packets not configured
01-01 08:00:39.007 I/        (  378): Error: set vsif failed
03-31 16:36:09.176 D/NsdService(  479): New client listening to asynchronous messages
