03-31 16:35:52.857 I/SystemServerTiming(  479): showSystemReadyErrorDialogs
03-31 16:35:52.858 I/system_server(  479): getFrameworkHalManifest: Reading VINTF information.
03-31 16:35:52.862 I/system_server(  479): getDeviceHalManifest: Reading VINTF information.
03-31 16:35:52.863 V/C2Store (  387): in ~ComponentModule
03-31 16:35:52.863 V/C2Store (  387): unloading dll
03-31 16:35:52.863 V/C2Store (  387): in init
03-31 16:35:52.863 V/C2Store (  387): loading dll
03-31 16:35:52.868 I/system_server(  479): getDeviceHalManifest: Successfully processed VINTF information
03-31 16:35:52.868 I/system_server(  479): getFrameworkHalManifest: Successfully processed VINTF information
03-31 16:35:52.868 I/system_server(  479): getFrameworkCompatibilityMatrix: Reading VINTF information.
03-31 16:35:52.872 V/C2Store (  387): in ~ComponentModule
03-31 16:35:52.872 V/C2Store (  387): unloading dll
03-31 16:35:52.872 V/C2Store (  387): in init
03-31 16:35:52.872 V/C2Store (  387): loading dll
01-01 08:00:22.700 I/WCN     (   33): marlin_write_cali_data sync init_state:0xf0f0f0f1
01-01 08:00:22.707 I/WCN     (   33): sdio_config bt_wake_host trigger:[high]
01-01 08:00:22.714 I/WCN     (   33): sdio_config irq:[inband]
03-31 16:35:52.868 I/am      (  814): type=1400 audit(0.0:346): avc: denied { execute_no_trans } for path="/system/bin/cmd" dev="dm-0" ino=940 scontext=u:r:system_server:s0 tcontext=u:object_r:system_file:s0 tclass=file permissive=1
03-31 16:35:52.882 I/mediaswcodec(  387): missing struct descriptor #Param::CoreIndex(--004) for field values of struct #Param::CoreIndex(F-12004)
03-31 16:35:52.885 D/C2SoftHevcEnc(  387): Given level 6000 does not cover current configuration: adjusting to 6001
03-31 16:35:52.886 V/C2Store (  387): in ~ComponentModule
03-31 16:35:52.886 V/C2Store (  387): unloading dll
01-01 08:00:22.720 I/WCN     (   33): sdio_config wake_host_level_duration_time:[20ms]
01-01 08:00:22.727 I/WCN     (   33): sdio_config wake_host_data_separation:[bt/wifi reuse]
03-31 16:35:52.889 V/C2Store (  387): in init
03-31 16:35:52.890 V/C2Store (  387): loading dll
03-31 16:35:52.890 I/WebViewZygoteInit(  801): Beginning application preload for com.android.webview
03-31 16:35:52.891 I/netd    (  243): trafficSwapActiveStatsMap() <37.60ms>
03-31 16:35:52.898 I/netd    (  243): tetherGetStats() -> {[]} <5.00ms>
03-31 16:35:52.900 W/BestClock(  479): java.time.DateTimeException: Missing NTP fix
03-31 16:35:52.902 W/BestClock(  479): java.time.DateTimeException: Missing NTP fix
01-01 08:00:22.736 I/WCN     (   33): marlin_send_sdio_config_to_cp sdio_config:0x80f01 (enable config)
03-31 16:35:52.906 V/C2Store (  387): in ~ComponentModule
03-31 16:35:52.907 V/C2Store (  387): unloading dll
03-31 16:35:52.908 V/C2Store (  387): in init
03-31 16:35:52.908 V/C2Store (  387): loading dll
01-01 08:00:22.748 I/WCN     (   33): marlin_write_cali_data finish
01-01 08:00:22.756 I/WCN     (   33): check_cp_ready sync val:0xf0f0f0f2, prj_type val:0xe0e0e0e0
03-31 16:35:52.918 V/C2Store (  387): in ~ComponentModule
03-31 16:35:52.918 V/C2Store (  387): unloading dll
03-31 16:35:52.918 V/C2Store (  387): in init
03-31 16:35:52.918 V/C2Store (  387): loading dll
03-31 16:35:52.923 D/nativeloader(  801): classloader namespace configured for unbundled product apk. library_path=/product/app/webview/lib/arm:/product/app/webview/webview.apk!/lib/armeabi-v7a:/product/lib:/system/product/lib
03-31 16:35:52.923 I/netd    (  243): trafficSwapActiveStatsMap() <20.60ms>
03-31 16:35:52.924 V/C2Store (  387): in ~ComponentModule
03-31 16:35:52.924 V/C2Store (  387): unloading dll
03-31 16:35:52.924 V/C2Store (  387): in init
03-31 16:35:52.924 V/C2Store (  387): loading dll
03-31 16:35:52.927 I/netd    (  243): tetherGetStats() -> {[]} <2.42ms>
03-31 16:35:52.931 W/BestClock(  479): java.time.DateTimeException: Missing NTP fix
03-31 16:35:52.932 V/C2Store (  387): in ~ComponentModule
03-31 16:35:52.932 V/C2Store (  387): unloading dll
03-31 16:35:52.932 V/C2Store (  387): in init
03-31 16:35:52.932 V/C2Store (  387): loading dll
03-31 16:35:52.935 W/BestClock(  479): java.time.DateTimeException: Missing NTP fix
03-31 16:35:52.942 V/C2Store (  387): in ~ComponentModule
03-31 16:35:52.942 V/C2Store (  387): unloading dll
03-31 16:35:52.942 V/C2Store (  387): in init
03-31 16:35:52.942 V/C2Store (  387): loading dll
03-31 16:35:52.947 V/C2Store (  387): in ~ComponentModule
03-31 16:35:52.947 V/C2Store (  387): unloading dll
03-31 16:35:52.947 V/C2Store (  387): in init
03-31 16:35:52.947 V/C2Store (  387): loading dll
03-31 16:35:52.954 V/C2Store (  387): in ~ComponentModule
03-31 16:35:52.954 V/C2Store (  387): unloading dll
03-31 16:35:52.955 V/C2Store (  387): in init
03-31 16:35:52.955 V/C2Store (  387): loading dll
03-31 16:35:52.960 V/C2Store (  387): in ~ComponentModule
03-31 16:35:52.960 V/C2Store (  387): unloading dll
03-31 16:35:52.960 V/C2Store (  387): in init
03-31 16:35:52.960 V/C2Store (  387): loading dll
01-01 08:00:22.792 I/WCN     (   33): check_cp_ready sync val:0xf0f0f0f2, prj_type val:0xe0e0e0e0
03-31 16:35:52.967 I/netd    (  243): trafficSwapActiveStatsMap() <31.56ms>
03-31 16:35:52.970 V/C2Store (  387): in ~ComponentModule
03-31 16:35:52.970 V/C2Store (  387): unloading dll
03-31 16:35:52.970 V/C2Store (  387): in init
03-31 16:35:52.970 V/C2Store (  387): loading dll
03-31 16:35:52.972 I/netd    (  243): tetherGetStats() -> {[]} <3.10ms>
03-31 16:35:52.974 W/BestClock(  479): java.time.DateTimeException: Missing NTP fix
03-31 16:35:52.976 I/system_server(  479): getFrameworkCompatibilityMatrix: Successfully processed VINTF information
03-31 16:35:52.976 I/system_server(  479): getDeviceCompatibilityMatrix: Reading VINTF information.
03-31 16:35:52.978 I/C2SoftVp8Enc(  387): setting temporal layering 0 + 0
03-31 16:35:52.978 W/BestClock(  479): java.time.DateTimeException: Missing NTP fix
03-31 16:35:52.979 I/system_server(  479): getDeviceCompatibilityMatrix: Successfully processed VINTF information
03-31 16:35:52.980 V/C2Store (  387): in ~ComponentModule
03-31 16:35:52.980 V/C2Store (  387): unloading dll
03-31 16:35:52.980 V/C2Store (  387): in init
03-31 16:35:52.980 V/C2Store (  387): loading dll
03-31 16:35:52.985 V/C2Store (  387): in ~ComponentModule
03-31 16:35:52.985 V/C2Store (  387): unloading dll
03-31 16:35:52.985 V/C2Store (  387): in init
03-31 16:35:52.985 V/C2Store (  387): loading dll
03-31 16:35:52.989 I/C2SoftVp9Enc(  387): setting temporal layering 0 + 0
03-31 16:35:52.991 V/C2Store (  387): in ~ComponentModule
03-31 16:35:52.991 V/C2Store (  387): unloading dll
03-31 16:35:52.993 D/MediaCodecsXmlParser(  360): parsing /apex/com.android.media.swcodec/etc/media_codecs.xml...
03-31 16:35:52.994 D/SystemServerTiming(  479): showSystemReadyErrorDialogs took to complete: 136ms
03-31 16:35:52.994 I/SystemServerTiming(  479): sendUserStartBroadcast
03-31 16:35:52.994 D/SystemServerTiming(  479): sendUserStartBroadcast took to complete: 1ms
03-31 16:35:52.994 I/SystemServerTiming(  479): resumeTopActivities
03-31 16:35:52.996 D/MediaCodecsXmlParser(  360): disabling c2.android.gsm.decoder
03-31 16:35:52.996 D/SystemServerTiming(  479): resumeTopActivities took to complete: 1ms
03-31 16:35:52.996 I/SystemServerTiming(  479): sendUserSwitchBroadcasts
03-31 16:35:52.996 D/SystemServerTiming(  479): sendUserSwitchBroadcasts took to complete: 1ms
03-31 16:35:52.996 I/SystemServerTiming(  479): setBinderProxies
03-31 16:35:52.996 D/SystemServerTiming(  479): setBinderProxies took to complete: 0ms
03-31 16:35:52.996 D/SystemServerTiming(  479): ActivityManagerStartApps took to complete: 546ms
03-31 16:35:52.996 D/SystemServerTiming(  479): PhaseActivityManagerReady took to complete: 1115ms
03-31 16:35:52.996 I/SystemServerTiming(  479): StartSystemUI
03-31 16:35:52.997 W/system_server(  479): Long monitor contention with owner main (479) at int com.android.server.am.UserController$Injector.broadcastIntent(android.content.Intent, java.lang.String, android.content.IIntentReceiver, int, java.lang.String, android.os.Bundle, java.lang.String[], int, android.os.Bundle, boolean, boolean, int, int, int, int, int)(UserController.java:2934) waiters=0 in android.content.Intent com.android.server.am.ActivityManagerService.registerReceiverWithFeature(android.app.IApplicationThread, java.lang.String, java.lang.String, java.lang.String, android.content.IIntentReceiver, android.content.IntentFilter, java.lang.String, int, int) for 369ms
03-31 16:35:52.997 D/MediaCodecsXmlParser(  360): disabling c2.android.mpeg2.decoder
03-31 16:35:52.998 W/system_server(  479): Long monitor contention with owner main (479) at int com.android.server.am.UserController$Injector.broadcastIntent(android.content.Intent, java.lang.String, android.content.IIntentReceiver, int, java.lang.String, android.os.Bundle, java.lang.String[], int, android.os.Bundle, boolean, boolean, int, int, int, int, int)(UserController.java:2934) waiters=1 in void com.android.server.am.ProcessList.handleProcessStart(com.android.server.am.ProcessRecord, java.lang.String, int[], int, int, int, java.lang.String, java.lang.String, java.lang.String, long) for 365ms
03-31 16:35:52.998 I/MediaCodecsXmlParser(  360): Did not find media_codecs_performance.xml in search path
03-31 16:35:52.998 W/ActivityManager(  479): Slow operation: 381ms so far, now at startProcess: done updating battery stats
03-31 16:35:52.999 I/MediaCodecsXmlParser(  360): Did not find media_codecs_c2.xml in search path
03-31 16:35:52.999 I/MediaCodecsXmlParser(  360): Did not find media_codecs_performance_c2.xml in search path
03-31 16:35:52.999 W/ActivityManager(  479): Slow operation: 381ms so far, now at startProcess: building log message
03-31 16:35:52.999 I/ActivityManager(  479): app.processName = com.android.se
01-01 08:00:22.828 I/WCN     (   33): check_cp_ready sync val:0xf0f0f0f2, prj_type val:0xe0e0e0e0
03-31 16:35:52.999 I/netd    (  243): trafficSwapActiveStatsMap() <21.15ms>
03-31 16:35:52.999 I/ActivityManager(  479): Start proc 778:com.android.se/1068 for added application com.android.se
03-31 16:35:52.999 W/ActivityManager(  479): Slow operation: 382ms so far, now at startProcess: starting to update pids map
03-31 16:35:53.000 W/ActivityManager(  479): Slow operation: 382ms so far, now at startProcess: done updating pids map
03-31 16:35:53.000 D/MediaCodecsXmlParser(  360): parsing /vendor/etc/media_codecs.xml...
03-31 16:35:53.001 I/WebViewZygoteInit(  801): Application preload done
03-31 16:35:53.001 D/MediaCodecsXmlParser(  360): parsing /vendor/etc/media_codecs_google_audio.xml...
03-31 16:35:53.001 D/MediaCodecsXmlParser(  360): unable to open media codecs configuration xml file: /vendor/etc/media_codecs_google_audio.xml
03-31 16:35:53.001 D/MediaCodecsXmlParser(  360): Setting: updating existing setting at line 97 of /vendor/etc/media_codecs.xml
03-31 16:35:53.002 I/netd    (  243): tetherGetStats() -> {[]} <2.31ms>
03-31 16:35:53.003 D/CompatibilityChangeReporter(  479): Compat change id reported: 168419799; UID 1068; state: DISABLED
03-31 16:35:53.004 D/MediaCodecsXmlParser(  360): parsing /vendor/etc/media_codecs_google_video.xml...
03-31 16:35:53.004 D/MediaCodecsXmlParser(  360): unable to open media codecs configuration xml file: /vendor/etc/media_codecs_google_video.xml
03-31 16:35:53.004 D/MediaCodecsXmlParser(  360): parsing /vendor/etc/media_codecs_performance.xml...
03-31 16:35:53.004 D/MediaCodecsXmlParser(  360): MediaCodec: cannot update non-existing codec: OMX.google.h264.encoder at line 25 of /vendor/etc/media_codecs_performance.xml
03-31 16:35:53.004 W/BestClock(  479): java.time.DateTimeException: Missing NTP fix
03-31 16:35:53.004 D/MediaCodecsXmlParser(  360): MediaCodec: cannot update non-existing codec: OMX.google.h263.encoder at line 31 of /vendor/etc/media_codecs_performance.xml
03-31 16:35:53.004 D/MediaCodecsXmlParser(  360): MediaCodec: cannot update non-existing codec: OMX.google.mpeg4.encoder at line 34 of /vendor/etc/media_codecs_performance.xml
03-31 16:35:53.005 D/MediaCodecsXmlParser(  360): MediaCodec: cannot update non-existing codec: OMX.google.vp8.encoder at line 37 of /vendor/etc/media_codecs_performance.xml
03-31 16:35:53.005 D/MediaCodecsXmlParser(  360): MediaCodec: cannot update non-existing codec: OMX.allwinner.video.decoder.h263 at line 59 of /vendor/etc/media_codecs_performance.xml
03-31 16:35:53.005 D/MediaCodecsXmlParser(  360): MediaCodec: cannot update non-existing codec: OMX.google.mpeg4.decoder at line 80 of /vendor/etc/media_codecs_performance.xml
03-31 16:35:53.005 D/MediaCodecsXmlParser(  360): MediaCodec: cannot update non-existing codec: OMX.google.h264.decoder at line 83 of /vendor/etc/media_codecs_performance.xml
03-31 16:35:53.005 D/MediaCodecsXmlParser(  360): MediaCodec: cannot update non-existing codec: OMX.google.h263.decoder at line 89 of /vendor/etc/media_codecs_performance.xml
03-31 16:35:53.005 D/MediaCodecsXmlParser(  360): MediaCodec: cannot update non-existing codec: OMX.google.hevc.decoder at line 93 of /vendor/etc/media_codecs_performance.xml
03-31 16:35:53.005 D/MediaCodecsXmlParser(  360): MediaCodec: cannot update non-existing codec: OMX.google.vp8.decoder at line 101 of /vendor/etc/media_codecs_performance.xml
03-31 16:35:53.005 D/MediaCodecsXmlParser(  360): MediaCodec: cannot update non-existing codec: OMX.google.vp9.decoder at line 107 of /vendor/etc/media_codecs_performance.xml
03-31 16:35:53.005 I/MediaCodecsXmlParser(  360): Did not find media_codecs_shaping.xml in search path
03-31 16:35:53.006 I/MediaCodecsXmlParser(  360): Did not find media_codecs_shaping.xml in search path
03-31 16:35:53.007 W/BestClock(  479): java.time.DateTimeException: Missing NTP fix
03-31 16:35:53.007 V/C2Store (  387): in init
03-31 16:35:53.007 V/C2Store (  387): loading dll
03-31 16:35:53.014 I/Codec2InfoBuilder(  360): adding type 'audio/mp4a-latm'
03-31 16:35:53.018 D/CompatibilityChangeReporter(  778): Compat change id reported: 171979766; UID 1068; state: ENABLED
03-31 16:35:53.020 V/C2Store (  387): in init
03-31 16:35:53.020 V/C2Store (  387): loading dll
03-31 16:35:53.021 V/C2Store (  387): in ~ComponentModule
03-31 16:35:53.021 V/C2Store (  387): unloading dll
03-31 16:35:53.025 I/ActivityManager(  479): Process WebViewLoader-armeabi-v7a (pid 725) has died: psvc PER 
03-31 16:35:53.025 I/libprocessgroup(  479): Successfully killed process cgroup uid 1037 pid 725 in 0ms
03-31 16:35:53.031 I/Codec2InfoBuilder(  360): adding type 'audio/mp4a-latm'
03-31 16:35:53.035 I/netd    (  243): trafficSwapActiveStatsMap() <27.49ms>
03-31 16:35:53.041 I/ActivityManager(  479): com.android.tv.settings is exempt from freezer
03-31 16:35:53.042 D/CompatibilityChangeReporter(  479): Compat change id reported: 135634846; UID 1000; state: DISABLED
03-31 16:35:53.043 I/netd    (  243): tetherGetStats() -> {[]} <6.96ms>
01-01 08:00:22.864 I/WCN     (   33): check_cp_ready sync val:0xf0f0f0ff, prj_type val:0xe0e0e0e0
01-01 08:00:22.873 I/WCN     (   33): dcxo_aon_set_mode read DCXO_LP_CTRL21 reg val:0x00000000
01-01 08:00:22.875 W/hdr10p_Configure(  378): 95 callbacks suppressed
01-01 08:00:22.875 I/        (  378): DVI mode selected: packets not configured
01-01 08:00:22.883 I/WCN     (   33): after do dcxo_aon_set_mode set reg val:0x00008000
01-01 08:00:22.888 W/set_vsif_config(  378): 95 callbacks suppressed
01-01 08:00:22.888 I/        (  378): Error: set vsif failed
03-31 16:35:53.050 V/C2Store (  387): in init
03-31 16:35:53.050 V/C2Store (  387): loading dll
03-31 16:35:53.053 D/ConnectivityService(  479): Got NetworkProvider Messenger for VpnNetworkProvider:0
03-31 16:35:53.060 V/C2Store (  387): in ~ComponentModule
03-31 16:35:53.061 V/C2Store (  387): unloading dll
03-31 16:35:53.063 I/InputManager(  479): Enabling motion classifier because user switched: feature enabled, long press timeout = 400
03-31 16:35:53.063 I/InputClassifier(  479): Enabling motion classifier
03-31 16:35:53.064 I/hwservicemanager(  183): getTransport: Cannot find entry android.hardware.input.classifier@1.0::IInputClassifier/default in either framework or device VINTF manifest.
03-31 16:35:53.064 I/InputClassifier(  479): Could not obtain InputClassifier HAL
03-31 16:35:53.064 I/Codec2InfoBuilder(  360): adding type 'audio/3gpp'
03-31 16:35:53.065 V/C2Store (  387): in init
03-31 16:35:53.065 V/C2Store (  387): loading dll
03-31 16:35:53.066 V/C2Store (  387): in ~ComponentModule
03-31 16:35:53.066 V/C2Store (  387): unloading dll
03-31 16:35:53.069 I/Codec2InfoBuilder(  360): adding type 'audio/3gpp'
03-31 16:35:53.070 V/C2Store (  387): in init
03-31 16:35:53.070 V/C2Store (  387): loading dll
03-31 16:35:53.068 I/EventThread(  263): type=1400 audit(0.0:347): avc: denied { search } for name="extcon" dev="sysfs" ino=18102 scontext=u:r:hal_tv_cec_default:s0 tcontext=u:object_r:sysfs_extcon:s0 tclass=dir permissive=1
03-31 16:35:53.072 W/BestClock(  479): java.time.DateTimeException: Missing NTP fix
03-31 16:35:53.076 I/Codec2InfoBuilder(  360): adding type 'audio/amr-wb'
03-31 16:35:53.077 V/C2Store (  387): in ~ComponentModule
03-31 16:35:53.077 W/BestClock(  479): java.time.DateTimeException: Missing NTP fix
03-31 16:35:53.077 V/C2Store (  387): unloading dll
03-31 16:35:53.078 V/C2Store (  387): in ~ComponentModule
03-31 16:35:53.078 V/C2Store (  387): in init
03-31 16:35:53.078 V/C2Store (  387): loading dll
03-31 16:35:53.079 V/C2Store (  387): unloading dll
03-31 16:35:53.079 W/ActivityManager(  479): Unable to start service Intent { cmp=com.oranth.ledstatus/.LedStatusService } U=0: not found
01-01 08:00:22.913 I/sdiohal (   33): sdiohal_runtime_get entry
01-01 08:00:22.915 I/        (  378): DVI mode selected: packets not configured
01-01 08:00:22.921 D/        (   33): [xw] before reg = 0x1
01-01 08:00:22.926 I/        (  378): Error: set vsif failed
03-31 16:35:53.093 I/Codec2InfoBuilder(  360): adding type 'audio/amr-wb'
03-31 16:35:53.094 V/C2Store (  387): in init
03-31 16:35:53.094 V/C2Store (  387): loading dll
03-31 16:35:53.095 D/Zygote  (  244): Forked child process 824
03-31 16:35:53.105 I/Zygote  (  824): seccomp disabled by setenforce 0
03-31 16:35:53.106 D/JNIMultiir(  479): Multiir JNI_OnLoad()
03-31 16:35:53.106 D/JNIMultiir(  479): init
03-31 16:35:53.107 I/netd    (  243): trafficSwapActiveStatsMap() <29.92ms>
03-31 16:35:53.111 I/netd    (  243): tetherGetStats() -> {[]} <2.35ms>
03-31 16:35:53.116 D/SystemServerTiming(  479): StartSystemUI took to complete: 120ms
03-31 16:35:53.117 D/SystemServerTiming(  479): startOtherServices took to complete: 3341ms
03-31 16:35:53.117 V/C2Store (  387): in ~ComponentModule
03-31 16:35:53.117 D/SystemServer(  479): VMRuntime.setVerifierEnabled(true)
03-31 16:35:53.117 D/SystemServerTiming(  479): StartServices took to complete: 5648ms
01-01 08:00:22.936 D/        (   33): [xw] after reg = 0x3
01-01 08:00:22.937 I/        (  378): DVI mode selected: packets not configured
01-01 08:00:22.943 I/WCN     (   33): get_cp2_version entry!
01-01 08:00:22.947 I/        (  378): Error: set vsif failed
03-31 16:35:53.118 V/C2Store (  387): unloading dll
03-31 16:35:53.118 W/ActivityManager(  479): Slow operation: 77ms so far, now at startProcess: returned from zygote!
03-31 16:35:53.119 W/ActivityManager(  479): Slow operation: 78ms so far, now at startProcess: done updating battery stats
03-31 16:35:53.119 W/ActivityManager(  479): Slow operation: 78ms so far, now at startProcess: building log message
03-31 16:35:53.119 I/ActivityManager(  479): app.processName = com.android.tv.settings
03-31 16:35:53.119 I/ActivityManager(  479): Start proc 824:com.android.tv.settings/1000 for top-activity {com.android.tv.settings/com.android.tv.settings.system.FallbackHome}
03-31 16:35:53.119 W/ActivityManager(  479): Slow operation: 78ms so far, now at startProcess: starting to update pids map
03-31 16:35:53.120 V/AdapterServiceConfig(  673): Adding HeadsetService
03-31 16:35:53.120 W/BestClock(  479): java.time.DateTimeException: Missing NTP fix
03-31 16:35:53.121 W/BestClock(  479): java.time.DateTimeException: Missing NTP fix
03-31 16:35:53.121 W/ActivityManager(  479): Slow operation: 80ms so far, now at startProcess: done updating pids map
03-31 16:35:53.121 W/system_server(  479): Long monitor contention with owner android.bg (539) at void com.android.server.net.NetworkStatsService.performPoll(int)(NetworkStatsService.java:1506) waiters=0 in void com.android.server.net.NetworkStatsService.setUidForeground(int, boolean) for 105ms
03-31 16:35:53.122 D/Codec2InfoBuilder(  360): component 'c2.android.av1.decoder' not found in xml
03-31 16:35:53.122 W/BestClock(  479): java.time.DateTimeException: Missing NTP fix
03-31 16:35:53.123 V/AdapterServiceConfig(  673): Adding A2dpService
03-31 16:35:53.124 W/BestClock(  479): java.time.DateTimeException: Missing NTP fix
03-31 16:35:53.124 V/C2Store (  387): in init
03-31 16:35:53.124 V/C2Store (  387): loading dll
03-31 16:35:53.124 W/BestClock(  479): java.time.DateTimeException: Missing NTP fix
03-31 16:35:53.125 W/BestClock(  479): java.time.DateTimeException: Missing NTP fix
03-31 16:35:53.125 W/BestClock(  479): java.time.DateTimeException: Missing NTP fix
03-31 16:35:53.126 W/BestClock(  479): java.time.DateTimeException: Missing NTP fix
03-31 16:35:53.126 V/AdapterServiceConfig(  673): Adding HidHostService
03-31 16:35:53.126 W/BestClock(  479): java.time.DateTimeException: Missing NTP fix
03-31 16:35:53.126 V/AdapterServiceConfig(  673): Adding PanService
03-31 16:35:53.127 W/BestClock(  479): java.time.DateTimeException: Missing NTP fix
03-31 16:35:53.129 D/ConnectivityService(  479): requestNetwork for uid/pid:1073/762 activeRequest: null callbackRequest: 18 [NetworkRequest [ REQUEST id=19, [ Capabilities: INTERNET&NOT_RESTRICTED&TRUSTED&NOT_VCN_MANAGED Uid: 1073 RequestorUid: 1073 RequestorPkg: com.android.networkstack] ]] callback flags: 0 priority: 2147483647
03-31 16:35:53.129 V/AdapterServiceConfig(  673): Adding GattService
03-31 16:35:53.130 W/Looper  (  479): Slow delivery took 4802ms main h=android.app.PropertyInvalidatedCache$AutoCorker$1 c=null m=0
03-31 16:35:53.130 V/AdapterServiceConfig(  673): Adding BluetoothMapService
03-31 16:35:53.130 D/ConnectivityService(  479): NetReassign [no changes]
03-31 16:35:53.131 D/PPPOE   (  479): got request NetworkRequest [ REQUEST id=19, [ Capabilities: INTERNET&NOT_RESTRICTED&TRUSTED&NOT_VCN_MANAGED Uid: 1073 RequestorUid: 1073 RequestorPkg: com.android.networkstack] ]
03-31 16:35:53.131 D/Ethernet(  479): got request NetworkRequest [ REQUEST id=19, [ Capabilities: INTERNET&NOT_RESTRICTED&TRUSTED&NOT_VCN_MANAGED Uid: 1073 RequestorUid: 1073 RequestorPkg: com.android.networkstack] ]
03-31 16:35:53.132 D/EthernetNetworkFactory(  479): acceptRequest, request: NetworkRequest [ REQUEST id=19, [ Capabilities: INTERNET&NOT_RESTRICTED&TRUSTED&NOT_VCN_MANAGED Uid: 1073 RequestorUid: 1073 RequestorPkg: com.android.networkstack] ]
03-31 16:35:53.132 I/EthernetNetworkFactory(  479): networkForRequest, request: NetworkRequest [ REQUEST id=19, [ Capabilities: INTERNET&NOT_RESTRICTED&TRUSTED&NOT_VCN_MANAGED Uid: 1073 RequestorUid: 1073 RequestorPkg: com.android.networkstack] ], network: null
03-31 16:35:53.133 W/BestClock(  479): java.time.DateTimeException: Missing NTP fix
03-31 16:35:53.134 W/BestClock(  479): java.time.DateTimeException: Missing NTP fix
03-31 16:35:53.134 W/BestClock(  479): java.time.DateTimeException: Missing NTP fix
03-31 16:35:53.135 V/AdapterServiceConfig(  673): Adding AvrcpTargetService
03-31 16:35:53.136 V/AdapterServiceConfig(  673): Adding HidDeviceService
03-31 16:35:53.136 V/AdapterServiceConfig(  673): Adding BluetoothOppService
03-31 16:35:53.137 V/AdapterServiceConfig(  673): Adding BluetoothPbapService
03-31 16:35:53.138 V/C2Store (  387): in ~ComponentModule
03-31 16:35:53.141 D/ConditionProviders.SCP(  479): onConnected
03-31 16:35:53.141 V/C2Store (  387): unloading dll
03-31 16:35:53.142 I/Codec2InfoBuilder(  360): adding type 'video/avc'
03-31 16:35:53.144 I/adbd    (  397): jdwp connection from 824
03-31 16:35:53.147 V/C2Store (  387): in init
03-31 16:35:53.147 V/C2Store (  387): loading dll
03-31 16:35:53.149 I/mediaswcodec(  387): missing struct descriptor #Param::CoreIndex(--004) for field values of struct #Param::CoreIndex(F-12004)
03-31 16:35:53.149 I/mediaswcodec(  387): missing struct descriptor #Param::CoreIndex(--1812) for field values of struct #Param::CoreIndex(F-11812)
01-01 08:00:22.983 I/        (  378): DVI mode selected: packets not configured
01-01 08:00:22.990 I/        (  378): Error: set vsif failed
03-31 16:35:53.155 D/ConnectivityService(  479): NetReassign [no changes]
03-31 16:35:53.156 V/GraphicsEnvironment(  778): ANGLE Developer option for 'com.android.se' set to: 'default'
03-31 16:35:53.156 V/GraphicsEnvironment(  778): Neither updatable production driver nor prerelease driver is supported.
03-31 16:35:53.156 D/ConditionProviders(  479): Subscribing to condition://android/event?userId=-10000&calendar=&reply=1 with ComponentInfo{android/com.android.server.notification.EventConditionProvider}
03-31 16:35:53.157 D/ConditionProviders(  479): Subscribing to condition://android/schedule?days=1.2.3.4.5.6.7&start=22.0&end=7.0&exitAtAlarm=true with ComponentInfo{android/com.android.server.notification.ScheduleConditionProvider}
03-31 16:35:53.158 D/NetworkSecurityConfig(  778): No Network Security Config specified, using platform default
03-31 16:35:53.158 V/C2Store (  387): in ~ComponentModule
03-31 16:35:53.158 V/C2Store (  387): unloading dll
03-31 16:35:53.159 I/mediaswcodec(  387): missing struct descriptor #Param::CoreIndex(--004) for field values of struct #Param::CoreIndex(F-12004)
03-31 16:35:53.159 I/mediaswcodec(  387): missing struct descriptor #Param::CoreIndex(--1812) for field values of struct #Param::CoreIndex(F-11812)
03-31 16:35:53.159 I/netd    (  243): trafficSwapActiveStatsMap() <33.73ms>
03-31 16:35:53.159 D/NetworkSecurityConfig(  778): No Network Security Config specified, using platform default
03-31 16:35:53.163 I/netd    (  243): tetherGetStats() -> {[]} <2.61ms>
03-31 16:35:53.165 W/BestClock(  479): java.time.DateTimeException: Missing NTP fix
03-31 16:35:53.167 D/hdmi-cec(  263): reset logical address to broadcast
03-31 16:35:53.167 I/Codec2InfoBuilder(  360): adding type 'video/avc'
03-31 16:35:53.167 I/netd    (  243): registerUnsolicitedEventListener() <0.04ms>
03-31 16:35:53.171 W/BestClock(  479): java.time.DateTimeException: Missing NTP fix
03-31 16:35:53.168 I/rainbow_flow(  325): type=1400 audit(0.0:348): avc: denied { ioctl } for path="/dev/spidev1.0" dev="tmpfs" ino=3270 ioctlcmd=0x6b00 scontext=u:r:init:s0 tcontext=u:object_r:device:s0 tclass=chr_file permissive=1
03-31 16:35:53.175 I/SecureElementService(  778): main onCreate
03-31 16:35:53.175 D/ApplicationLoaders(  762): Returning zygote-cached class loader: /system/framework/android.test.base.jar
03-31 16:35:53.177 V/C2Store (  387): in init
03-31 16:35:53.178 V/C2Store (  387): loading dll
03-31 16:35:53.178 V/C2Store (  387): in ~ComponentModule
03-31 16:35:53.178 V/C2Store (  387): unloading dll
03-31 16:35:53.180 D/CompatibilityChangeReporter(  479): Compat change id reported: 135634846; UID 10075; state: DISABLED
03-31 16:35:53.180 D/CompatibilityChangeReporter(  479): Compat change id reported: 143937733; UID 10075; state: ENABLED
03-31 16:35:53.184 I/Codec2InfoBuilder(  360): adding type 'audio/flac'
03-31 16:35:53.185 V/C2Store (  387): in init
03-31 16:35:53.185 V/C2Store (  387): loading dll
03-31 16:35:53.185 V/C2Store (  387): in ~ComponentModule
03-31 16:35:53.186 V/C2Store (  387): unloading dll
03-31 16:35:53.191 I/netd    (  243): trafficSwapActiveStatsMap() <20.37ms>
03-31 16:35:53.196 I/Codec2InfoBuilder(  360): adding type 'audio/flac'
03-31 16:35:53.196 V/C2Store (  387): in init
03-31 16:35:53.196 V/C2Store (  387): loading dll
03-31 16:35:53.201 I/Codec2InfoBuilder(  360): adding type 'audio/g711-alaw'
03-31 16:35:53.201 D/CompatibilityChangeReporter(  479): Compat change id reported: 181136395; UID 1000; state: DISABLED
03-31 16:35:53.202 D/CompatibilityChangeReporter(  479): Compat change id reported: 174042936; UID 1000; state: DISABLED
03-31 16:35:53.202 V/C2Store (  387): in init
03-31 16:35:53.202 V/C2Store (  387): loading dll
03-31 16:35:53.203 V/C2Store (  387): in ~ComponentModule
03-31 16:35:53.203 V/C2Store (  387): unloading dll
03-31 16:35:53.203 V/C2Store (  387): in ~ComponentModule
03-31 16:35:53.203 V/C2Store (  387): unloading dll
01-01 08:00:23.033 I/        (  378): DVI mode selected: packets not configured
01-01 08:00:23.040 I/        (  378): Error: set vsif failed
03-31 16:35:53.207 I/netd    (  243): tetherGetStats() -> {[]} <11.94ms>
03-31 16:35:53.207 D/Zygote  (  244): Forked child process 845
03-31 16:35:53.210 W/BestClock(  479): java.time.DateTimeException: Missing NTP fix
03-31 16:35:53.212 W/BestClock(  479): java.time.DateTimeException: Missing NTP fix
03-31 16:35:53.214 D/NetworkSecurityConfig(  762): No Network Security Config specified, using platform default
03-31 16:35:53.215 I/Codec2InfoBuilder(  360): adding type 'audio/g711-mlaw'
03-31 16:35:53.215 W/BestClock(  479): java.time.DateTimeException: Missing NTP fix
03-31 16:35:53.216 V/C2Store (  387): in init
03-31 16:35:53.216 V/C2Store (  387): loading dll
03-31 16:35:53.217 V/C2Store (  387): in ~ComponentModule
03-31 16:35:53.217 V/C2Store (  387): unloading dll
03-31 16:35:53.222 I/ActivityManager(  479): app.processName = android.ext.services
03-31 16:35:53.222 D/Codec2InfoBuilder(  360): codec entry for 'c2.android.gsm.decoder' is disabled
03-31 16:35:53.222 I/ActivityManager(  479): Start proc 845:android.ext.services/u0a75 for service {android.ext.services/android.ext.services.autofill.InlineSuggestionRenderServiceImpl}
03-31 16:35:53.223 V/C2Store (  387): in ~ComponentModule
03-31 16:35:53.223 V/C2Store (  387): unloading dll
03-31 16:35:53.223 V/C2Store (  387): in init
03-31 16:35:53.223 V/C2Store (  387): loading dll
03-31 16:35:53.224 I/Zygote  (  845): seccomp disabled by setenforce 0
03-31 16:35:53.229 I/Codec2InfoBuilder(  360): adding type 'video/3gpp'
03-31 16:35:53.233 V/C2Store (  387): in init
03-31 16:35:53.233 V/C2Store (  387): loading dll
03-31 16:35:53.233 V/C2Store (  387): in ~ComponentModule
03-31 16:35:53.233 V/C2Store (  387): unloading dll
01-01 08:00:23.066 I/        (  378): DVI mode selected: packets not configured
01-01 08:00:23.073 I/        (  378): Error: set vsif failed
03-31 16:35:53.239 D/CompatibilityChangeReporter(  824): Compat change id reported: 171979766; UID 1000; state: ENABLED
03-31 16:35:53.242 I/SecureElementService(  778): Check if terminal eSE1 is available.
03-31 16:35:53.244 I/netd    (  243): trafficSwapActiveStatsMap() <28.40ms>
03-31 16:35:53.248 I/netd    (  243): tetherGetStats() -> {[]} <2.51ms>
03-31 16:35:53.250 W/BestClock(  479): java.time.DateTimeException: Missing NTP fix
03-31 16:35:53.254 D/CountryDetector(  479): Using custom country detector class: com.android.server.location.ComprehensiveCountryDetector
03-31 16:35:53.255 E/CountryDetector(  479): Could not instantiate the custom country detector class
03-31 16:35:53.255 D/CountryDetector(  479): Using default country detector
03-31 16:35:53.255 W/BestClock(  479): java.time.DateTimeException: Missing NTP fix
03-31 16:35:53.256 D/PermissionCache(  292): checking android.permission.ACCESS_SURFACE_FLINGER for uid=10062 => granted (2164 us)
03-31 16:35:53.256 I/hwservicemanager(  183): getTransport: Cannot find entry android.hardware.secure_element@1.2::ISecureElement/eSE1 in either framework or device VINTF manifest.
03-31 16:35:53.258 I/adbd    (  397): jdwp connection from 845
03-31 16:35:53.263 I/Codec2InfoBuilder(  360): adding type 'video/3gpp'
03-31 16:35:53.268 V/C2Store (  387): in init
03-31 16:35:53.268 V/C2Store (  387): loading dll
01-01 08:00:23.100 I/        (  378): DVI mode selected: packets not configured
01-01 08:00:23.107 I/        (  378): Error: set vsif failed
03-31 16:35:53.272 W/BestClock(  479): java.time.DateTimeException: Missing NTP fix
03-31 16:35:53.276 W/BestClock(  479): java.time.DateTimeException: Missing NTP fix
03-31 16:35:53.278 D/CompatibilityChangeReporter(  479): Compat change id reported: 150939131; UID 1000; state: ENABLED
03-31 16:35:53.279 D/SecureElement-Terminal-eSE1(  778): SE Hal V1.2 is not supported
03-31 16:35:53.280 I/hwservicemanager(  183): getTransport: Cannot find entry android.hardware.secure_element@1.1::ISecureElement/eSE1 in either framework or device VINTF manifest.
03-31 16:35:53.281 D/SecureElement-Terminal-eSE1(  778): SE Hal V1.1 is not supported
03-31 16:35:53.281 V/C2Store (  387): in ~ComponentModule
03-31 16:35:53.281 V/C2Store (  387): unloading dll
03-31 16:35:53.283 I/hwservicemanager(  183): getTransport: Cannot find entry android.hardware.secure_element@1.0::ISecureElement/eSE1 in either framework or device VINTF manifest.
03-31 16:35:53.284 I/SecureElementService(  778): No HAL implementation for eSE1
03-31 16:35:53.284 I/Codec2InfoBuilder(  360): adding type 'video/hevc'
03-31 16:35:53.286 I/SecureElementService(  778): Check if terminal SIM1 is available.
03-31 16:35:53.286 I/hwservicemanager(  183): getTransport: Cannot find entry android.hardware.secure_element@1.2::ISecureElement/SIM1 in either framework or device VINTF manifest.
03-31 16:35:53.287 D/SecureElement-Terminal-SIM1(  778): SE Hal V1.2 is not supported
01-01 08:00:23.117 I/        (  378): DVI mode selected: packets not configured
01-01 08:00:23.123 I/        (  378): Error: set vsif failed
03-31 16:35:53.288 W/BestClock(  479): java.time.DateTimeException: Missing NTP fix
03-31 16:35:53.289 D/AdbService(  479): setAdbEnabled(true), mIsAdbUsbEnabled=true, mIsAdbWifiEnabled=true, transportType=1
03-31 16:35:53.290 W/BestClock(  479): java.time.DateTimeException: Missing NTP fix
03-31 16:35:53.291 W/BestClock(  479): java.time.DateTimeException: Missing NTP fix
03-31 16:35:53.293 W/BestClock(  479): java.time.DateTimeException: Missing NTP fix
03-31 16:35:53.295 I/hwservicemanager(  183): getTransport: Cannot find entry android.hardware.secure_element@1.1::ISecureElement/SIM1 in either framework or device VINTF manifest.
03-31 16:35:53.296 D/SecureElement-Terminal-SIM1(  778): SE Hal V1.1 is not supported
03-31 16:35:53.298 V/C2Store (  387): in ~ComponentModule
03-31 16:35:53.298 V/C2Store (  387): in init
03-31 16:35:53.298 V/C2Store (  387): loading dll
03-31 16:35:53.298 V/C2Store (  387): unloading dll
03-31 16:35:53.299 I/hwservicemanager(  183): getTransport: Cannot find entry android.hardware.secure_element@1.0::ISecureElement/SIM1 in either framework or device VINTF manifest.
03-31 16:35:53.301 I/SecureElementService(  778): No HAL implementation for SIM1
03-31 16:35:53.301 W/BestClock(  479): java.time.DateTimeException: Missing NTP fix
03-31 16:35:53.301 I/mediaswcodec(  387): missing struct descriptor #Param::CoreIndex(--004) for field values of struct #Param::CoreIndex(F-12004)
03-31 16:35:53.303 D/C2SoftHevcEnc(  387): Given level 6000 does not cover current configuration: adjusting to 6001
03-31 16:35:53.304 W/BestClock(  479): java.time.DateTimeException: Missing NTP fix
03-31 16:35:53.305 W/BestClock(  479): java.time.DateTimeException: Missing NTP fix
03-31 16:35:53.306 W/BestClock(  479): java.time.DateTimeException: Missing NTP fix
03-31 16:35:53.307 W/BestClock(  479): java.time.DateTimeException: Missing NTP fix
03-31 16:35:53.310 W/BestClock(  479): java.time.DateTimeException: Missing NTP fix
03-31 16:35:53.310 I/mediaswcodec(  387): missing struct descriptor #Param::CoreIndex(--004) for field values of struct #Param::CoreIndex(F-12004)
03-31 16:35:53.311 D/C2SoftHevcEnc(  387): Given level 6000 does not cover current configuration: adjusting to 6001
03-31 16:35:53.312 D/Codec2InfoBuilder(  360): codec entry for 'c2.android.hevc.encoder' is disabled
03-31 16:35:53.313 V/C2Store (  387): in init
03-31 16:35:53.313 V/C2Store (  387): loading dll
03-31 16:35:53.314 D/CompatibilityChangeReporter(  680): Compat change id reported: 160794467; UID 10062; state: ENABLED
03-31 16:35:53.316 V/C2Store (  387): in ~ComponentModule
03-31 16:35:53.316 V/C2Store (  387): unloading dll
03-31 16:35:53.320 W/BestClock(  479): java.time.DateTimeException: Missing NTP fix
01-01 08:00:23.150 I/        (  378): DVI mode selected: packets not configured
01-01 08:00:23.156 I/        (  378): Error: set vsif failed
03-31 16:35:53.323 D/NetworkStats(  479): registerNetworkStatsProvider from OffloadController uid/pid=1073/762
03-31 16:35:53.326 D/CompatibilityChangeReporter(  479): Compat change id reported: 168419799; UID 10075; state: DISABLED
03-31 16:35:53.333 I/Codec2InfoBuilder(  360): adding type 'audio/mpeg'
03-31 16:35:53.334 V/C2Store (  387): in init
03-31 16:35:53.334 V/C2Store (  387): loading dll
03-31 16:35:53.334 V/C2Store (  387): in ~ComponentModule
03-31 16:35:53.334 V/C2Store (  387): unloading dll
03-31 16:35:53.337 E/droid.bluetoot(  673): [0331/163553.336320:ERROR:hal_version_manager.h(125)] HalVersionManager No supported HAL version
03-31 16:35:53.343 I/PackageWatchdog(  479): Syncing health check requests for packages: {}
03-31 16:35:53.343 I/ExplicitHealthCheckController(  479): Service not ready to get health check supported packages. Binding...
03-31 16:35:53.347 I/ExplicitHealthCheckController(  479): Explicit health check service is bound
03-31 16:35:53.348 D/TvPipMenuController(  680): onMediaActionsChanged()
03-31 16:35:53.350 D/CompatibilityChangeReporter(  845): Compat change id reported: 171979766; UID 10075; state: DISABLED
03-31 16:35:53.353 I/droid.bluetoot(  673): [0331/163553.345627:INFO:btif_config_cache.cc(61)] BtifConfigCache, capacity: 10000
01-01 08:00:23.183 I/        (  378): DVI mode selected: packets not configured
01-01 08:00:23.190 I/        (  378): Error: set vsif failed
03-31 16:35:53.356 D/TvPipNotification(  680): setDelegate(), delegate=com.android.wm.shell.pip.tv.TvPipController@9e45057
03-31 16:35:53.356 D/Codec2InfoBuilder(  360): codec entry for 'c2.android.mpeg2.decoder' is disabled
03-31 16:35:53.357 V/C2Store (  387): in init
03-31 16:35:53.357 V/C2Store (  387): loading dll
03-31 16:35:53.357 V/C2Store (  387): in ~ComponentModule
03-31 16:35:53.357 V/C2Store (  387): unloading dll
03-31 16:35:53.363 D/TvPipMenuController(  680): setDelegate(), delegate=com.android.wm.shell.pip.tv.TvPipController@9e45057
03-31 16:35:53.367 I/Codec2InfoBuilder(  360): adding type 'video/mp4v-es'
03-31 16:35:53.369 V/C2Store (  387): in init
03-31 16:35:53.369 V/C2Store (  387): loading dll
03-31 16:35:53.370 V/GraphicsEnvironment(  824): ANGLE Developer option for 'com.android.tv.settings' set to: 'default'
03-31 16:35:53.370 V/GraphicsEnvironment(  824): Neither updatable production driver nor prerelease driver is supported.
03-31 16:35:53.371 W/OneHandedController(  680): Device doesn't support OneHanded feature
03-31 16:35:53.372 V/C2Store (  387): in ~ComponentModule
03-31 16:35:53.373 D/NetworkSecurityConfig(  824): No Network Security Config specified, using platform default
03-31 16:35:53.373 V/C2Store (  387): unloading dll
03-31 16:35:53.374 D/NetworkSecurityConfig(  824): No Network Security Config specified, using platform default
03-31 16:35:53.376 I/Codec2InfoBuilder(  360): adding type 'video/mp4v-es'
03-31 16:35:53.381 V/C2Store (  387): in init
03-31 16:35:53.381 V/C2Store (  387): loading dll
03-31 16:35:53.383 V/C2Store (  387): in ~ComponentModule
03-31 16:35:53.383 V/C2Store (  387): unloading dll
03-31 16:35:53.386 I/Codec2InfoBuilder(  360): adding type 'audio/opus'
03-31 16:35:53.386 V/C2Store (  387): in init
03-31 16:35:53.387 V/C2Store (  387): loading dll
03-31 16:35:53.387 V/C2Store (  387): in ~ComponentModule
03-31 16:35:53.387 V/C2Store (  387): unloading dll
03-31 16:35:53.392 I/Codec2InfoBuilder(  360): adding type 'audio/opus'
03-31 16:35:53.392 V/C2Store (  387): in init
03-31 16:35:53.392 V/C2Store (  387): loading dll
03-31 16:35:53.397 V/C2Store (  387): in ~ComponentModule
03-31 16:35:53.397 I/Codec2InfoBuilder(  360): adding type 'audio/raw'
03-31 16:35:53.397 V/C2Store (  387): unloading dll
03-31 16:35:53.397 V/C2Store (  387): in init
03-31 16:35:53.398 V/C2Store (  387): loading dll
03-31 16:35:53.401 V/C2Store (  387): in ~ComponentModule
03-31 16:35:53.401 V/C2Store (  387): unloading dll
03-31 16:35:53.402 I/Codec2InfoBuilder(  360): adding type 'audio/vorbis'
03-31 16:35:53.402 V/C2Store (  387): in init
03-31 16:35:53.402 V/C2Store (  387): loading dll
03-31 16:35:53.403 V/C2Store (  387): in ~ComponentModule
03-31 16:35:53.403 V/C2Store (  387): unloading dll
03-31 16:35:53.407 D/NetworkSecurityConfig(  479): No Network Security Config specified, using platform default
03-31 16:35:53.408 D/NetworkSecurityConfig(  479): No Network Security Config specified, using platform default
03-31 16:35:53.408 I/system_server(  479): Waiting for a blocking GC ClassLinker
03-31 16:35:53.410 I/Codec2InfoBuilder(  360): adding type 'video/x-vnd.on2.vp8'
03-31 16:35:53.411 V/C2Store (  387): in ~ComponentModule
03-31 16:35:53.411 V/C2Store (  387): unloading dll
03-31 16:35:53.411 V/C2Store (  387): in init
03-31 16:35:53.411 V/C2Store (  387): loading dll
03-31 16:35:53.413 I/C2SoftVp8Enc(  387): setting temporal layering 0 + 0
03-31 16:35:53.417 I/C2SoftVp8Enc(  387): setting temporal layering 0 + 0
03-31 16:35:53.420 I/Codec2InfoBuilder(  360): adding type 'video/x-vnd.on2.vp8'
03-31 16:35:53.423 V/C2Store (  387): in init
03-31 16:35:53.424 V/C2Store (  387): loading dll
03-31 16:35:53.425 V/C2Store (  387): in ~ComponentModule
03-31 16:35:53.425 V/C2Store (  387): unloading dll
03-31 16:35:53.420 I/id.ext.services(  845): type=1400 audit(0.0:349): avc: denied { getattr } for path="/data/data/android.ext.services" dev="mmcblk0p25" ino=459 scontext=u:r:platform_app:s0:c512,c768 tcontext=u:object_r:app_data_file:s0:c512,c768 tclass=dir permissive=1 app=android.ext.services
03-31 16:35:53.428 I/BluetoothServiceJni(  673): hal_util_load_bt_library: loaded Bluetooth library successfully
03-31 16:35:53.431 D/BluetoothAdapterService(  673): onCreate()
03-31 16:35:53.432 D/NetworkStats(  479): registerNetworkStatsProvider from BpfCoordinator uid/pid=1073/762
03-31 16:35:53.437 D/Codec2InfoBuilder(  360): component 'c2.android.vp9.decoder' not found in xml
03-31 16:35:53.437 V/C2Store (  387): in init
03-31 16:35:53.438 V/C2Store (  387): loading dll
03-31 16:35:53.438 V/C2Store (  387): in ~ComponentModule
03-31 16:35:53.438 V/C2Store (  387): unloading dll
03-31 16:35:53.439 I/C2SoftVp9Enc(  387): setting temporal layering 0 + 0
03-31 16:35:53.443 I/C2SoftVp9Enc(  387): setting temporal layering 0 + 0
03-31 16:35:53.443 I/netd    (  243): registerUnsolicitedEventListener() <0.05ms>
03-31 16:35:53.447 D/CompatibilityChangeReporter(  762): Compat change id reported: 147600208; UID 1073; state: ENABLED
03-31 16:35:53.450 D/CompatibilityChangeReporter(  479): Compat change id reported: 182478738; UID 1073; state: DISABLED
03-31 16:35:53.451 D/incidentd(  355): WorkDirectory::getReports
03-31 16:35:53.452 D/Codec2InfoBuilder(  360): codec entry for 'c2.android.vp9.encoder' is disabled
03-31 16:35:53.454 D/MediaCodecList(  479): codecHandlesFormat: no format, so no extra checks
03-31 16:35:53.456 V/C2Store (  387): in ~ComponentModule
03-31 16:35:53.456 V/C2Store (  387): unloading dll
03-31 16:35:53.458 D/MediaCodecList(  479): codecHandlesFormat: no format, so no extra checks
03-31 16:35:53.461 D/CCodec  (  479): allocate(c2.android.vorbis.decoder)
03-31 16:35:53.464 I/Codec2Client(  479): Available Codec2 services: "software"
03-31 16:35:53.465 D/CCodec  (  479): allocate(c2.android.vorbis.decoder)
03-31 16:35:53.468 V/C2Store (  387): in init
03-31 16:35:53.468 V/C2Store (  387): loading dll
03-31 16:35:53.473 I/CCodec  (  479): Created component [c2.android.vorbis.decoder]
03-31 16:35:53.474 D/CCodecConfig(  479): read media type: audio/vorbis
03-31 16:35:53.478 I/CCodec  (  479): Created component [c2.android.vorbis.decoder]
03-31 16:35:53.478 D/ReflectedParamUpdater(  479): extent() != 1 for single value type: algo.buffers.max-count.values
03-31 16:35:53.478 D/CCodecConfig(  479): read media type: audio/vorbis
03-31 16:35:53.479 D/ReflectedParamUpdater(  479): extent() != 1 for single value type: output.subscribed-indices.values
03-31 16:35:53.480 D/ReflectedParamUpdater(  479): extent() != 1 for single value type: input.buffers.allocator-ids.values
03-31 16:35:53.480 D/ReflectedParamUpdater(  479): extent() != 1 for single value type: output.buffers.allocator-ids.values
03-31 16:35:53.480 V/WifiManager(  762): registerSoftApCallback: callback=com.android.networkstack.tethering.Tethering$TetheringSoftApCallback@8c0e8e0, executor=com.android.networkstack.tethering.Tethering$TetheringThreadExecutor@e579799
03-31 16:35:53.481 D/ReflectedParamUpdater(  479): extent() != 1 for single value type: algo.buffers.allocator-ids.values
03-31 16:35:53.481 D/ReflectedParamUpdater(  479): extent() != 1 for single value type: output.buffers.pool-ids.values
03-31 16:35:53.481 D/ReflectedParamUpdater(  479): extent() != 1 for single value type: algo.buffers.pool-ids.values
03-31 16:35:53.484 W/IorapForwardingService(  479): No service published for: iorapd
03-31 16:35:53.484 I/CCodecConfig(  479): query failed after returning 7 values (BAD_INDEX)
03-31 16:35:53.484 D/ReflectedParamUpdater(  479): extent() != 1 for single value type: algo.buffers.max-count.values
03-31 16:35:53.484 D/CCodecConfig(  479): c2 config diff is Dict {
03-31 16:35:53.484 D/CCodecConfig(  479):   c2::u32 coded.bitrate.value = 64000
03-31 16:35:53.484 D/CCodecConfig(  479):   c2::u32 input.buffers.max-size.value = 32768
03-31 16:35:53.484 D/CCodecConfig(  479):   c2::u32 input.delay.value = 0
03-31 16:35:53.484 D/CCodecConfig(  479):   string input.media-type.value = "audio/vorbis"
03-31 16:35:53.484 D/CCodecConfig(  479):   string output.media-type.value = "audio/raw"
03-31 16:35:53.484 D/CCodecConfig(  479):   c2::u32 raw.channel-count.value = 1
03-31 16:35:53.484 D/CCodecConfig(  479):   c2::u32 raw.sample-rate.value = 48000
03-31 16:35:53.484 D/CCodecConfig(  479): }
03-31 16:35:53.485 D/ReflectedParamUpdater(  479): extent() != 1 for single value type: output.subscribed-indices.values
03-31 16:35:53.486 D/ReflectedParamUpdater(  479): extent() != 1 for single value type: input.buffers.allocator-ids.values
03-31 16:35:53.486 D/ReflectedParamUpdater(  479): extent() != 1 for single value type: output.buffers.allocator-ids.values
03-31 16:35:53.486 D/ReflectedParamUpdater(  479): extent() != 1 for single value type: algo.buffers.allocator-ids.values
03-31 16:35:53.487 D/ConnectivityService(  479): requestNetwork for uid/pid:1073/762 activeRequest: null callbackRequest: 21 [NetworkRequest [ TRACK_SYSTEM_DEFAULT id=21, [ Capabilities: INTERNET&NOT_RESTRICTED&TRUSTED&NOT_VPN&NOT_VCN_MANAGED RequestorUid: 1073 RequestorPkg: com.android.networkstack.tethering] ]] callback flags: 0 priority: 2147483647
03-31 16:35:53.487 D/CCodec  (  479): [c2.android.vorbis.decoder] buffers are bound to CCodec for this session
03-31 16:35:53.487 D/CCodecConfig(  479): no c2 equivalents for durationUs
03-31 16:35:53.488 D/CCodecConfig(  479): no c2 equivalents for track-id
03-31 16:35:53.488 D/CCodecConfig(  479): no c2 equivalents for csd-1
03-31 16:35:53.488 D/CCodecConfig(  479): no c2 equivalents for channel-mask
03-31 16:35:53.488 D/CCodecConfig(  479): no c2 equivalents for flags
03-31 16:35:53.489 D/ConnectivityService(  479): NetReassign [no changes]
03-31 16:35:53.489 D/ReflectedParamUpdater(  479): extent() != 1 for single value type: output.buffers.pool-ids.values
03-31 16:35:53.489 D/ReflectedParamUpdater(  479): extent() != 1 for single value type: algo.buffers.pool-ids.values
03-31 16:35:53.491 D/CCodecConfig(  479): c2 config diff is   c2::u32 raw.channel-count.value = 2
03-31 16:35:53.491 D/CCodecConfig(  479):   c2::u32 raw.sample-rate.value = 44100
03-31 16:35:53.494 W/Codec2Client(  479): query -- param skipped: index = 1107298332.
03-31 16:35:53.494 D/CCodec  (  479): setup formats input: AMessage(what = 0x00000000) = {
03-31 16:35:53.494 D/CCodec  (  479):   int32_t bitrate = 64000
03-31 16:35:53.494 D/CCodec  (  479):   int32_t channel-count = 2
03-31 16:35:53.494 D/CCodec  (  479):   int32_t max-input-size = 32768
03-31 16:35:53.494 D/CCodec  (  479):   string mime = "audio/vorbis"
03-31 16:35:53.494 D/CCodec  (  479):   int32_t sample-rate = 44100
03-31 16:35:53.494 D/CCodec  (  479): }
03-31 16:35:53.494 D/CCodec  (  479): setup formats output: AMessage(what = 0x00000000) = {
03-31 16:35:53.494 D/CCodec  (  479):   int32_t channel-count = 2
03-31 16:35:53.494 D/CCodec  (  479):   string mime = "audio/raw"
03-31 16:35:53.494 D/CCodec  (  479):   int32_t sample-rate = 44100
03-31 16:35:53.494 D/CCodec  (  479):   int32_t channel-mask = 3
03-31 16:35:53.494 D/CCodec  (  479): }
03-31 16:35:53.496 I/CCodecConfig(  479): query failed after returning 7 values (BAD_INDEX)
03-31 16:35:53.497 I/CCodecConfig(  479): query failed after returning 7 values (BAD_INDEX)
03-31 16:35:53.497 D/CCodecConfig(  479): c2 config diff is Dict {
03-31 16:35:53.497 D/CCodecConfig(  479):   c2::u32 coded.bitrate.value = 64000
03-31 16:35:53.497 D/CCodecConfig(  479):   c2::u32 input.buffers.max-size.value = 32768
03-31 16:35:53.497 D/CCodecConfig(  479):   c2::u32 input.delay.value = 0
03-31 16:35:53.497 D/CCodecConfig(  479):   string input.media-type.value = "audio/vorbis"
03-31 16:35:53.497 D/CCodecConfig(  479):   string output.media-type.value = "audio/raw"
03-31 16:35:53.497 D/CCodecConfig(  479):   c2::u32 raw.channel-count.value = 1
03-31 16:35:53.497 D/CCodecConfig(  479):   c2::u32 raw.sample-rate.value = 48000
03-31 16:35:53.497 D/CCodecConfig(  479): }
