01-01 08:01:40.957 E/sprdwl  (  949): sprdwl_rx_rsp_process ctx_id 0 recv rsp[WIFI_CMD_TX_DATA] status[SPRDWL_CMD_STATUS_ERROR]
01-01 08:01:40.973 E/sprdwl  (  949): sprdwl_rx_rsp_process ctx_id 0 recv rsp[WIFI_CMD_TX_DATA] status[SPRDWL_CMD_STATUS_ERROR]
01-01 08:01:40.987 E/sprdwl  (  949): sprdwl_rx_rsp_process ctx_id 0 recv rsp[WIFI_CMD_TX_DATA] status[SPRDWL_CMD_STATUS_ERROR]
01-01 08:01:41.001 E/sprdwl  (  949): sprdwl_rx_rsp_process ctx_id 0 recv rsp[WIFI_CMD_TX_DATA] status[SPRDWL_CMD_STATUS_ERROR]
01-01 08:01:41.017 E/sprdwl  (  949): sprdwl_rx_rsp_process ctx_id 0 recv rsp[WIFI_CMD_TX_DATA] status[SPRDWL_CMD_STATUS_ERROR]
01-01 08:01:41.031 E/sprdwl  (  949): sprdwl_rx_rsp_process ctx_id 0 recv rsp[WIFI_CMD_TX_DATA] status[SPRDWL_CMD_STATUS_ERROR]
01-01 08:01:41.044 E/sprdwl  (  949): sprdwl_rx_rsp_process ctx_id 0 recv rsp[WIFI_CMD_TX_DATA] status[SPRDWL_CMD_STATUS_ERROR]
01-01 08:01:41.058 E/sprdwl  (  949): sprdwl_rx_rsp_process ctx_id 0 recv rsp[WIFI_CMD_TX_DATA] status[SPRDWL_CMD_STATUS_ERROR]
01-01 08:01:41.074 E/sprdwl  (  949): sprdwl_rx_rsp_process ctx_id 0 recv rsp[WIFI_CMD_TX_DATA] status[SPRDWL_CMD_STATUS_ERROR]
01-01 08:01:41.087 E/sprdwl  (  949): sprdwl_rx_rsp_process ctx_id 0 recv rsp[WIFI_CMD_TX_DATA] status[SPRDWL_CMD_STATUS_ERROR]
04-02 09:46:40.526 E/WifiHAL (  667): wifi_get_link_stats: requestResponse Error:-5
04-02 09:46:40.527 E/WifiVendorHal(  479): getWifiLinkLayerStats_1_5_Internal(l.1191) failed {.code = ERROR_INVALID_ARGS, .description = }
01-01 08:01:41.102 E/sprdwl  (  949): sprdwl_rx_rsp_process ctx_id 0 recv rsp[WIFI_CMD_TX_DATA] status[SPRDWL_CMD_STATUS_ERROR]
01-01 08:01:41.120 E/sprdwl  (  949): sprdwl_rx_rsp_process ctx_id 0 recv rsp[WIFI_CMD_TX_DATA] status[SPRDWL_CMD_STATUS_ERROR]
01-01 08:01:41.136 E/sprdwl  (  949): sprdwl_rx_rsp_process ctx_id 0 recv rsp[WIFI_CMD_TX_DATA] status[SPRDWL_CMD_STATUS_ERROR]
01-01 08:01:41.152 E/sprdwl  (  949): sprdwl_rx_rsp_process ctx_id 0 recv rsp[WIFI_CMD_TX_DATA] status[SPRDWL_CMD_STATUS_ERROR]
01-01 08:01:41.167 E/sprdwl  (  949): sprdwl_rx_rsp_process ctx_id 0 recv rsp[WIFI_CMD_TX_DATA] status[SPRDWL_CMD_STATUS_ERROR]
01-01 08:01:41.181 E/sprdwl  (  949): sprdwl_rx_rsp_process ctx_id 0 recv rsp[WIFI_CMD_TX_DATA] status[SPRDWL_CMD_STATUS_ERROR]
01-01 08:01:41.195 E/sprdwl  (  949): sprdwl_rx_rsp_process ctx_id 0 recv rsp[WIFI_CMD_TX_DATA] status[SPRDWL_CMD_STATUS_ERROR]
01-01 08:01:41.210 E/sprdwl  (  949): sprdwl_rx_rsp_process ctx_id 0 recv rsp[WIFI_CMD_TX_DATA] status[SPRDWL_CMD_STATUS_ERROR]
01-01 08:01:41.223 E/sprdwl  (  949): sprdwl_rx_rsp_process ctx_id 0 recv rsp[WIFI_CMD_TX_DATA] status[SPRDWL_CMD_STATUS_ERROR]
01-01 08:01:41.237 E/sprdwl  (  949): sprdwl_rx_rsp_process ctx_id 0 recv rsp[WIFI_CMD_TX_DATA] status[SPRDWL_CMD_STATUS_ERROR]
01-01 08:01:41.249 E/sprdwl  (  949): sprdwl_rx_rsp_process ctx_id 0 recv rsp[WIFI_CMD_TX_DATA] status[SPRDWL_CMD_STATUS_ERROR]
01-01 08:01:41.262 E/sprdwl  (  949): sprdwl_rx_rsp_process ctx_id 0 recv rsp[WIFI_CMD_TX_DATA] status[SPRDWL_CMD_STATUS_ERROR]
01-01 08:01:41.277 E/sprdwl  (  949): sprdwl_rx_rsp_process ctx_id 0 recv rsp[WIFI_CMD_TX_DATA] status[SPRDWL_CMD_STATUS_ERROR]
04-02 09:46:40.914 E/dangbei111( 1051): cccccc 检测到网络 准备请求遥控器ota信息
04-02 09:46:40.915 W/ContextImpl( 1051): Calling a method in the system process without a qualified user: android.app.ContextImpl.sendBroadcast:1173 android.content.ContextWrapper.sendBroadcast:479 com.dangbei.remotecontroller.RemoteControllerReceiver.sendMessageToUpdateHelper:122 com.dangbei.remotecontroller.RemoteControllerReceiver.access$100:28 com.dangbei.remotecontroller.RemoteControllerReceiver$1.handleMessage:41 
04-02 09:46:40.917 E/ActivityManager(  479): Sending non-protected broadcast com.dangbei.remote.connected from system 1051:com.dangbei.lerad.etna.haqu/1000 pkg com.dangbei.lerad.etna.haqu
04-02 09:46:40.917 E/ActivityManager(  479): java.lang.Throwable
04-02 09:46:40.917 E/ActivityManager(  479): 	at com.android.server.am.ActivityManagerService.checkBroadcastFromSystem(ActivityManagerService.java:12816)
04-02 09:46:40.917 E/ActivityManager(  479): 	at com.android.server.am.ActivityManagerService.broadcastIntentLocked(ActivityManagerService.java:13416)
04-02 09:46:40.917 E/ActivityManager(  479): 	at com.android.server.am.ActivityManagerService.broadcastIntentLocked(ActivityManagerService.java:12833)
04-02 09:46:40.917 E/ActivityManager(  479): 	at com.android.server.am.ActivityManagerService.broadcastIntentWithFeature(ActivityManagerService.java:13670)
04-02 09:46:40.917 E/ActivityManager(  479): 	at android.app.IActivityManager$Stub.onTransact(IActivityManager.java:2326)
04-02 09:46:40.917 E/ActivityManager(  479): 	at com.android.server.am.ActivityManagerService.onTransact(ActivityManagerService.java:2509)
04-02 09:46:40.917 E/ActivityManager(  479): 	at android.os.Binder.execTransactInternal(Binder.java:1179)
04-02 09:46:40.917 E/ActivityManager(  479): 	at android.os.Binder.execTransact(Binder.java:1143)
04-02 09:46:40.918 E/ActivityManager(  479): Sending non-protected broadcast com.dangbei.remote.connected from system 1051:com.dangbei.lerad.etna.haqu/1000 pkg com.dangbei.lerad.etna.haqu
04-02 09:46:40.918 E/ActivityManager(  479): java.lang.Throwable
04-02 09:46:40.918 E/ActivityManager(  479): 	at com.android.server.am.ActivityManagerService.checkBroadcastFromSystem(ActivityManagerService.java:12816)
04-02 09:46:40.918 E/ActivityManager(  479): 	at com.android.server.am.ActivityManagerService.broadcastIntentLocked(ActivityManagerService.java:13513)
04-02 09:46:40.918 E/ActivityManager(  479): 	at com.android.server.am.ActivityManagerService.broadcastIntentLocked(ActivityManagerService.java:12833)
04-02 09:46:40.918 E/ActivityManager(  479): 	at com.android.server.am.ActivityManagerService.broadcastIntentWithFeature(ActivityManagerService.java:13670)
04-02 09:46:40.918 E/ActivityManager(  479): 	at android.app.IActivityManager$Stub.onTransact(IActivityManager.java:2326)
04-02 09:46:40.918 E/ActivityManager(  479): 	at com.android.server.am.ActivityManagerService.onTransact(ActivityManagerService.java:2509)
04-02 09:46:40.918 E/ActivityManager(  479): 	at android.os.Binder.execTransactInternal(Binder.java:1179)
04-02 09:46:40.918 E/ActivityManager(  479): 	at android.os.Binder.execTransact(Binder.java:1143)
04-02 09:46:40.919 I/DropBoxManagerService(  479): add tag=system_server_wtf isTagEnabled=true flags=0x2
04-02 09:46:40.925 E/dangbei111( 1051): 读出来的遥控器版本不是空 CSH260331
04-02 09:46:40.925 E/dangbei111( 1051): cccccc requestRemoteInfoInner factory NA version CSH260331
04-02 09:46:40.926 I/DropBoxManagerService(  479): add tag=system_server_wtf isTagEnabled=true flags=0x2
04-02 09:46:40.936 I/okhttp.OkHttpClient( 1051): --> POST http://tymsgapi.qun7.com/v1/core/ykota (622-byte body)
04-02 09:46:40.945 W/IorapForwardingService(  479): No service published for: iorapd
04-02 09:46:40.921 I/DefaultDispatch( 1051): type=1400 audit(0.0:1177): avc: denied { read } for name="devices" dev="proc" ino=4026532014 scontext=u:r:system_app:s0 tcontext=u:object_r:proc:s0 tclass=file permissive=1
04-02 09:46:40.921 I/DefaultDispatch( 1051): type=1400 audit(0.0:1178): avc: denied { open } for path="/proc/bus/input/devices" dev="proc" ino=4026532014 scontext=u:r:system_app:s0 tcontext=u:object_r:proc:s0 tclass=file permissive=1
04-02 09:46:40.989 I/crashsdk( 2404): android_os_Process_sendSignal. PID: 2404 SIG: 9
04-02 09:46:40.989 I/crashsdk( 2404): onKillProcess. SIG: 9
04-02 09:46:40.992 I/crashsdk( 2404): Kill PID: 2404 (com.dangbei.screencast) by pid: 2404 (com.dangbei.screencast) tid: 2404 (main)
04-02 09:46:40.992 I/crashsdk( 2404): SIG: 9, fg: false, exiting: false, main process: true, time: 20260402094640
04-02 09:46:40.992 I/crashsdk( 2404): State in disk: 'b'
04-02 09:46:40.992 I/crashsdk( 2404):   at android.os.Process.sendSignal(Native Method)
04-02 09:46:40.992 I/crashsdk( 2404):   at android.os.Process.killProcess(Process.java:1153)
04-02 09:46:40.992 I/crashsdk( 2404):   at com.dangbei.screencast.startup.JumpService$i.run(:2)
04-02 09:46:40.992 I/crashsdk( 2404):   at android.os.Handler.handleCallback(Handler.java:938)
04-02 09:46:40.992 I/crashsdk( 2404):   at android.os.Handler.dispatchMessage(Handler.java:99)
04-02 09:46:40.992 I/crashsdk( 2404):   at android.os.Looper.loopOnce(Looper.java:201)
04-02 09:46:40.992 I/crashsdk( 2404):   at android.os.Looper.loop(Looper.java:288)
04-02 09:46:40.992 I/crashsdk( 2404):   at android.app.ActivityThread.main(ActivityThread.java:7854)
04-02 09:46:40.992 I/crashsdk( 2404):   at java.lang.reflect.Method.invoke(Native Method)
04-02 09:46:40.992 I/crashsdk( 2404):   at com.android.internal.os.RuntimeInit$MethodAndArgsCaller.run(RuntimeInit.java:548)
04-02 09:46:40.992 I/crashsdk( 2404):   at com.android.internal.os.ZygoteInit.main(ZygoteInit.java:1182)
04-02 09:46:40.992 I/Process ( 2404): Sending signal. PID: 2404 SIG: 9
01-01 08:01:41.572 I/init    (    1): Untracked pid 2600 exited with status 0
04-02 09:46:40.921 I/DefaultDispatch( 1051): type=1400 audit(0.0:1179): avc: denied { getattr } for path="/proc/bus/input/devices" dev="proc" ino=4026532014 scontext=u:r:system_app:s0 tcontext=u:object_r:proc:s0 tclass=file permissive=1
01-01 08:01:41.582 I/init    (    1): Untracked pid 2547 exited with status 0
04-02 09:46:41.016 I/okhttp.OkHttpClient( 1051): <-- 200 OK http://tymsgapi.qun7.com/v1/core/ykota (79ms, unknown-length body)
04-02 09:46:41.020 E/dangbei111( 1051): cccccc requestRemoteInfoInner BaseResponse{message='success', data=null, code=0}
04-02 09:46:41.020 W/System.err( 1051): java.lang.NullPointerException: Attempt to invoke virtual method 'java.lang.String com.etna.haqu.model.business.bean.db.remote.RemoteUpdateBean.getDownloadId()' on a null object reference
04-02 09:46:41.021 W/System.err( 1051): 	at com.dangbei.etna.update.remote.RemoteUpdateHelper$requestRemoteInfoInner$1$2.invoke(RemoteUpdateHelper.kt:199)
04-02 09:46:41.021 W/System.err( 1051): 	at com.dangbei.etna.update.remote.RemoteUpdateHelper$requestRemoteInfoInner$1$2.invoke(RemoteUpdateHelper.kt:188)
04-02 09:46:41.021 W/System.err( 1051): 	at com.etna.haqu.support.ext.FlowExtKt$safeCollect$3.emit(FlowExt.kt:52)
04-02 09:46:41.021 W/System.err( 1051): 	at kotlinx.coroutines.flow.FlowKt__ErrorsKt$catchImpl$2.emit(Errors.kt:158)
04-02 09:46:41.021 W/System.err( 1051): 	at kotlinx.coroutines.flow.FlowKt__ChannelsKt.emitAllImpl$FlowKt__ChannelsKt(Channels.kt:62)
04-02 09:46:41.021 W/System.err( 1051): 	at kotlinx.coroutines.flow.FlowKt__ChannelsKt.access$emitAllImpl$FlowKt__ChannelsKt(Channels.kt:1)
04-02 09:46:41.021 W/System.err( 1051): 	at kotlinx.coroutines.flow.FlowKt__ChannelsKt$emitAllImpl$1.invokeSuspend(Unknown Source:14)
04-02 09:46:41.021 W/System.err( 1051): 	at kotlin.coroutines.jvm.internal.BaseContinuationImpl.resumeWith(ContinuationImpl.kt:33)
04-02 09:46:41.021 W/System.err( 1051): 	at kotlinx.coroutines.DispatchedTask.run(DispatchedTask.kt:106)
04-02 09:46:41.021 W/System.err( 1051): 	at android.os.Handler.handleCallback(Handler.java:938)
04-02 09:46:41.021 W/System.err( 1051): 	at android.os.Handler.dispatchMessage(Handler.java:99)
04-02 09:46:41.021 W/System.err( 1051): 	at android.os.Looper.loopOnce(Looper.java:201)
04-02 09:46:41.022 W/System.err( 1051): 	at android.os.Looper.loop(Looper.java:288)
04-02 09:46:41.022 W/System.err( 1051): 	at android.app.ActivityThread.main(ActivityThread.java:7854)
04-02 09:46:41.022 W/System.err( 1051): 	at java.lang.reflect.Method.invoke(Native Method)
04-02 09:46:41.023 W/System.err( 1051): 	at com.android.internal.os.RuntimeInit$MethodAndArgsCaller.run(RuntimeInit.java:548)
04-02 09:46:41.023 W/System.err( 1051): 	at com.android.internal.os.ZygoteInit.main(ZygoteInit.java:1182)
04-02 09:46:41.030 E/ccc     ( 1051): cccccc com.dangbei.haqusetting not connect
04-02 09:46:41.030 E/ccc     ( 1051): cccccc updateHelper 通知更新 
04-02 09:46:41.030 E/dangbei111( 1051): cccccc requestRemoteInfoInner 出现异常 Attempt to invoke virtual method 'java.lang.String com.etna.haqu.model.business.bean.db.remote.RemoteUpdateBean.getDownloadId()' on a null object reference
04-02 09:46:41.036 W/efs.send_log( 2691): tryFileLock sendlock sucess! processname: com.huawei.connection
04-02 09:46:41.045 D/NsdService(  479): Client disconnected
04-02 09:46:41.045 I/libprocessgroup(  479): Successfully killed process cgroup uid 10027 pid 2404 in 0ms
04-02 09:46:41.046 I/ActivityManager(  479): Process com.dangbei.screencast (pid 2404) has died: prcp FGS 
04-02 09:46:41.047 I/Zygote  (  244): Process 2404 exited due to signal 9 (Killed)
04-02 09:46:41.048 D/NearFieldManagerService( 2691): onDestroy, enter.
04-02 09:46:41.048 I/NearFieldManagerService( 2691): killCurrentProcess.
04-02 09:46:41.048 I/crashsdk( 2691): android_os_Process_sendSignal. PID: 2691 SIG: 9
04-02 09:46:41.049 I/crashsdk( 2691): onKillProcess. SIG: 9
04-02 09:46:41.049 W/ActivityManager(  479): Scheduling restart of crashed service com.dangbei.screencast/.huaweicast.service.HuaweiCastService in 1000ms for start-requested
04-02 09:46:41.049 W/ActivityManager(  479): Scheduling restart of crashed service com.dangbei.screencast/.startup.StartupService in 10999ms for start-requested
04-02 09:46:41.051 I/crashsdk( 2691): Kill PID: 2691 (com.huawei.connection) by pid: 2691 (com.huawei.connection) tid: 2691 (main)
04-02 09:46:41.051 I/crashsdk( 2691): SIG: 9, fg: false, exiting: false, main process: false, time: 20260402094641
04-02 09:46:41.051 I/crashsdk( 2691): State in disk: 'b'
04-02 09:46:41.051 I/crashsdk( 2691):   at android.os.Process.sendSignal(Native Method)
04-02 09:46:41.051 I/crashsdk( 2691):   at android.os.Process.killProcess(Process.java:1153)
04-02 09:46:41.051 I/crashsdk( 2691):   at com.huawei.connection.service.NearFieldManagerService.c(Unknown Source:11)
04-02 09:46:41.051 I/crashsdk( 2691):   at com.huawei.connection.service.NearFieldManagerService.onDestroy(Unknown Source:10)
04-02 09:46:41.051 I/crashsdk( 2691):   at android.app.ActivityThread.handleStopService(ActivityThread.java:4669)
04-02 09:46:41.051 I/crashsdk( 2691):   at android.app.ActivityThread.access$2100(ActivityThread.java:247)
04-02 09:46:41.051 I/crashsdk( 2691):   at android.app.ActivityThread$H.handleMessage(ActivityThread.java:2096)
04-02 09:46:41.051 I/crashsdk( 2691):   at android.os.Handler.dispatchMessage(Handler.java:106)
04-02 09:46:41.051 I/crashsdk( 2691):   at android.os.Looper.loopOnce(Looper.java:201)
04-02 09:46:41.051 I/crashsdk( 2691):   at android.os.Looper.loop(Looper.java:288)
04-02 09:46:41.051 I/crashsdk( 2691):   at android.app.ActivityThread.main(ActivityThread.java:7854)
04-02 09:46:41.051 I/crashsdk( 2691):   at java.lang.reflect.Method.invoke(Native Method)
04-02 09:46:41.051 I/crashsdk( 2691):   at com.android.internal.os.RuntimeInit$MethodAndArgsCaller.run(RuntimeInit.java:548)
04-02 09:46:41.051 I/crashsdk( 2691):   at com.android.internal.os.ZygoteInit.main(ZygoteInit.java:1182)
04-02 09:46:41.051 I/Process ( 2691): Sending signal. PID: 2691 SIG: 9
04-02 09:46:41.057 E/libprocessgroup(  479): set_timerslack_ns write failed: No such process
04-02 09:46:41.095 W/efs.send_log( 2975): tryFileLock sendlock sucess! processname: com.dangbei.screencast:bg_guard
04-02 09:46:41.100 I/ActivityManager(  479): Process com.huawei.connection (pid 2691) has died: fg  SVC 
04-02 09:46:41.100 I/libprocessgroup(  479): Successfully killed process cgroup uid 10027 pid 2691 in 0ms
04-02 09:46:41.110 I/Zygote  (  244): Process 2691 exited due to signal 9 (Killed)
01-01 08:01:41.678 I/init    (    1): Untracked pid 2760 exited with status 0
04-02 09:46:41.152 I/encast:bg_guar( 2975): Background concurrent copying GC freed 78886(5148KB) AllocSpace objects, 25(500KB) LOS objects, 49% free, 3904KB/7808KB, paused 202us total 129.019ms
01-01 08:01:41.905 E/sprdwl  (  949): sprdwl_rx_rsp_process ctx_id 0 recv rsp[WIFI_CMD_TX_DATA] status[SPRDWL_CMD_STATUS_ERROR]
01-01 08:01:41.920 E/sprdwl  (  949): sprdwl_rx_rsp_process ctx_id 0 recv rsp[WIFI_CMD_TX_DATA] status[SPRDWL_CMD_STATUS_ERROR]
01-01 08:01:41.939 E/sprdwl  (  949): sprdwl_rx_rsp_process ctx_id 0 recv rsp[WIFI_CMD_TX_DATA] status[SPRDWL_CMD_STATUS_ERROR]
01-01 08:01:41.956 E/sprdwl  (  949): sprdwl_rx_rsp_process ctx_id 0 recv rsp[WIFI_CMD_TX_DATA] status[SPRDWL_CMD_STATUS_ERROR]
01-01 08:01:41.970 E/sprdwl  (  949): sprdwl_rx_rsp_process ctx_id 0 recv rsp[WIFI_CMD_TX_DATA] status[SPRDWL_CMD_STATUS_ERROR]
01-01 08:01:41.985 E/sprdwl  (  949): sprdwl_rx_rsp_process ctx_id 0 recv rsp[WIFI_CMD_TX_DATA] status[SPRDWL_CMD_STATUS_ERROR]
01-01 08:01:42.002 E/sprdwl  (  949): sprdwl_rx_rsp_process ctx_id 0 recv rsp[WIFI_CMD_TX_DATA] status[SPRDWL_CMD_STATUS_ERROR]
01-01 08:01:42.016 E/sprdwl  (  949): sprdwl_rx_rsp_process ctx_id 0 recv rsp[WIFI_CMD_TX_DATA] status[SPRDWL_CMD_STATUS_ERROR]
01-01 08:01:42.035 E/sprdwl  (  949): sprdwl_rx_rsp_process ctx_id 0 recv rsp[WIFI_CMD_TX_DATA] status[SPRDWL_CMD_STATUS_ERROR]
01-01 08:01:42.053 E/sprdwl  (  949): sprdwl_rx_rsp_process ctx_id 0 recv rsp[WIFI_CMD_TX_DATA] status[SPRDWL_CMD_STATUS_ERROR]
01-01 08:01:42.067 E/sprdwl  (  949): sprdwl_rx_rsp_process ctx_id 0 recv rsp[WIFI_CMD_TX_DATA] status[SPRDWL_CMD_STATUS_ERROR]
01-01 08:01:42.085 E/sprdwl  (  949): sprdwl_rx_rsp_process ctx_id 0 recv rsp[WIFI_CMD_TX_DATA] status[SPRDWL_CMD_STATUS_ERROR]
01-01 08:01:42.104 E/sprdwl  (  949): sprdwl_rx_rsp_process ctx_id 0 recv rsp[WIFI_CMD_TX_DATA] status[SPRDWL_CMD_STATUS_ERROR]
01-01 08:01:42.118 E/sprdwl  (  949): sprdwl_rx_rsp_process ctx_id 0 recv rsp[WIFI_CMD_TX_DATA] status[SPRDWL_CMD_STATUS_ERROR]
01-01 08:01:42.133 E/sprdwl  (  949): sprdwl_rx_rsp_process ctx_id 0 recv rsp[WIFI_CMD_TX_DATA] status[SPRDWL_CMD_STATUS_ERROR]
01-01 08:01:42.150 E/sprdwl  (  949): sprdwl_rx_rsp_process ctx_id 0 recv rsp[WIFI_CMD_TX_DATA] status[SPRDWL_CMD_STATUS_ERROR]
01-01 08:01:42.163 E/sprdwl  (  949): sprdwl_rx_rsp_process ctx_id 0 recv rsp[WIFI_CMD_TX_DATA] status[SPRDWL_CMD_STATUS_ERROR]
01-01 08:01:42.178 E/sprdwl  (  949): sprdwl_rx_rsp_process ctx_id 0 recv rsp[WIFI_CMD_TX_DATA] status[SPRDWL_CMD_STATUS_ERROR]
04-02 09:46:41.921 E/dangbei111( 1051): cccccc 准备开始进行 startScanInner
04-02 09:46:41.921 E/dangbei111( 1051): cccccc 真正开始进入扫描流程啦 
04-02 09:46:41.928 E/dangbei111( 1051): cccccc 检查遥控器是否连接: Dangbei C9:B5:96:5C:E3:ED
04-02 09:46:41.931 E/dangbei111( 1051): cccccc 检查遥控器是否连接: 蓝牙的结果 Dangbei C9:B5:96:5C:E3:ED true
04-02 09:46:41.931 E/dangbei111( 1051): cccccc input中没有遥控器存在
04-02 09:46:41.932 E/dangbei111( 1051): cccccc 蓝牙状态连接 开启8s check任务
04-02 09:46:41.932 E/dangbei111( 1051): 开始扫描 com.dangbei.remotecontroller.RCHelper$3@1ad1ff
04-02 09:46:41.932 D/BluetoothAdapter( 1051): isLeEnabled(): ON
04-02 09:46:41.947 W/IorapForwardingService(  479): No service published for: iorapd
04-02 09:46:42.052 D/CompatibilityChangeReporter(  479): Compat change id reported: 135634846; UID 10027; state: DISABLED
04-02 09:46:42.053 D/CompatibilityChangeReporter(  479): Compat change id reported: 143937733; UID 10027; state: DISABLED
04-02 09:46:42.073 D/Zygote  (  244): Forked child process 3092
04-02 09:46:42.075 I/ActivityManager(  479): app.processName = com.dangbei.screencast
04-02 09:46:42.075 I/ActivityManager(  479): Start proc 3092:com.dangbei.screencast/u0a27 for service {com.dangbei.screencast/com.dangbei.screencast.huaweicast.service.HuaweiCastService}
04-02 09:46:42.083 I/Zygote  ( 3092): seccomp disabled by setenforce 0
04-02 09:46:42.102 I/adbd    (  397): jdwp connection from 3092
04-02 09:46:42.124 D/CompatibilityChangeReporter( 3092): Compat change id reported: 171979766; UID 10027; state: DISABLED
04-02 09:46:42.132 D/ApplicationLoaders( 3092): Returning zygote-cached class loader: /system/framework/android.test.base.jar
04-02 09:46:42.132 D/ApplicationLoaders( 3092): Returning zygote-cached class loader: /system/framework/android.hidl.manager-V1.0-java.jar
04-02 09:46:42.132 D/ApplicationLoaders( 3092): Returning zygote-cached class loader: /system/framework/android.hidl.base-V1.0-java.jar
04-02 09:46:42.153 V/GraphicsEnvironment( 3092): ANGLE Developer option for 'com.dangbei.screencast' set to: 'default'
04-02 09:46:42.153 V/GraphicsEnvironment( 3092): Neither updatable production driver nor prerelease driver is supported.
04-02 09:46:42.154 D/NetworkSecurityConfig( 3092): Using Network Security Config from resource network_security_config debugBuild: false
04-02 09:46:42.156 D/NetworkSecurityConfig( 3092): Using Network Security Config from resource network_security_config debugBuild: false
04-02 09:46:42.158 I/MultiDex( 3092): VM with version 2.1.0 has multidex support
04-02 09:46:42.158 I/MultiDex( 3092): Installing application
04-02 09:46:42.159 I/MultiDex( 3092): VM has multidex support, MultiDex support library is disabled.
04-02 09:46:42.160 E/PartsInfoProvider( 3092): onCreate: 
04-02 09:46:42.163 E/ServiceUtils( 3092): start main service
04-02 09:46:42.166 E/ServiceUtils( 3092): start main service
04-02 09:46:42.137 I/gbei.screencast( 3092): type=1400 audit(0.0:1180): avc: denied { getattr } for path="/data/user/0/com.dangbei.screencast" dev="mmcblk0p25" ino=909 scontext=u:r:platform_app:s0:c512,c768 tcontext=u:object_r:app_data_file:s0:c512,c768 tclass=dir permissive=1 app=com.dangbei.screencast
04-02 09:46:42.179 D/AndroidAutoSize( 3092): designWidthInDp = 1920, designHeightInDp = 1080, screenWidth = 1920, screenHeight = 1080
04-02 09:46:42.180 D/AndroidAutoSize( 3092): initDensity = 1.5, initScaledDensity = 1.5
04-02 09:46:42.149 I/gbei.screencast( 3092): type=1400 audit(0.0:1181): avc: denied { search } for name="com.dangbei.screencast" dev="mmcblk0p25" ino=909 scontext=u:r:platform_app:s0:c512,c768 tcontext=u:object_r:app_data_file:s0:c512,c768 tclass=dir permissive=1 app=com.dangbei.screencast
04-02 09:46:42.197 I/CrashSDKNormalH( 2975): type=1400 audit(0.0:1182): avc: denied { open } for path="/data/user/0/com.dangbei.screencast/crashsdk/tags/cr.wa" dev="mmcblk0p25" ino=2205 scontext=u:r:platform_app:s0:c512,c768 tcontext=u:object_r:app_data_file:s0:c512,c768 tclass=file permissive=1 app=com.dangbei.screencast
01-01 08:01:42.827 W/audit   ( 3092): audit_lost=664 audit_rate_limit=5 audit_backlog_limit=64
04-02 09:46:42.197 I/CrashSDKNormalH( 2975): type=1400 audit(0.0:1183): avc: denied { lock } for path="/data/user/0/com.dangbei.screencast/crashsdk/tags/cr.wa" dev="mmcblk0p25" ino=2205 scontext=u:r:platform_app:s0:c512,c768 tcontext=u:object_r:app_data_file:s0:c512,c768 tclass=file permissive=1 app=com.dangbei.screencast
01-01 08:01:42.854 E/audit   ( 3092): rate limit exceeded
04-02 09:46:42.245 I/gbei.screencast( 3092): type=1400 audit(0.0:1184): avc: denied { search } for name="net" dev="sysfs" ino=10441 scontext=u:r:platform_app:s0:c512,c768 tcontext=u:object_r:sysfs_net:s0 tclass=dir permissive=1 app=com.dangbei.screencast
04-02 09:46:42.245 I/gbei.screencast( 3092): type=1400 audit(0.0:1185): avc: denied { read } for name="address" dev="sysfs" ino=16905 scontext=u:r:platform_app:s0:c512,c768 tcontext=u:object_r:sysfs_net:s0 tclass=file permissive=1 app=com.dangbei.screencast
04-02 09:46:42.340 V/TvNotificationHandler(  680): Notification not added because it isn't relevant for tv
04-02 09:46:42.341 V/TvNotificationHandler(  680): Notification not added because it isn't relevant for tv
04-02 09:46:42.245 I/gbei.screencast( 3092): type=1400 audit(0.0:1186): avc: denied { open } for path="/sys/devices/virtual/net/dummy0/address" dev="sysfs" ino=16905 scontext=u:r:platform_app:s0:c512,c768 tcontext=u:object_r:sysfs_net:s0 tclass=file permissive=1 app=com.dangbei.screencast
04-02 09:46:42.376 I/crashsdk( 3092): version unique build id: 6230cced
04-02 09:46:42.381 D/crashsdk( 3092): Native log stat thread 3134 setup, waiting
04-02 09:46:42.386 I/crashsdk( 3092): begin hack android.os.Process
04-02 09:46:42.386 I/crashsdk( 3092): end hack android.os.Process
04-02 09:46:42.389 I/TDLog   ( 3092):  setReportUncaughtExceptions: true
04-02 09:46:42.391 E/Application( 3092): onCreate:Version:v2.8.3/20830/883432e
04-02 09:46:42.415 W/efs.send_log( 3092): tryFileLock start! 
04-02 09:46:42.416 I/TDLog   ( 3092): TalkingData SDK init...
04-02 09:46:42.416 I/TDLog   ( 3092): 	SDK_VERSION is: Android+TD+V5.0.7 gp Type:Native  Build_Num:2141
04-02 09:46:42.416 I/TDLog   ( 3092): 	App ID is: B9D7815EC975466AB1332111FCE62DF5
04-02 09:46:42.416 I/TDLog   ( 3092): 	App Channel is: os
04-02 09:46:42.416 I/TDLog   ( 3092): 	App Custom is: 
04-02 09:46:42.416 I/TDLog   ( 3092): 	SDK_OVC is: TDOVC+a3bb7754719798526508b6caad480dd7+SaaS
04-02 09:46:42.416 I/Matrix.AnrTracer( 3092): anrTrace, final mAnrBeatTime:400, mAnrBeatRate:400
04-02 09:46:42.424 D/LaunchConfigManager( 3092):  check in allready
04-02 09:46:42.424 I/efs.config( 3092): --->>> 删除旧的配置文件 false
04-02 09:46:42.429 I/efs.base( 3092): lt=event`ev_ct=efs_core`ev_ac=pvuv`tm=2026-04-02 09:46:42`dn=e47c7bd2-9fa9-451d-9f60-8dbb33e77f9c`ps=com.dangbei.screencast`um_os=android`stime=1775094402101`pid=3092`fr=android`pkg=com.dangbei.screencast`vcode=20830`dsp_w=1920`uid=e47c7bd2-9fa9-451d-9f60-8dbb33e77f9c`rom=12`wid=e47c7bd2-9fa9-451d-9f60-8dbb33e77f9c`um_app_carrier=`um_access=wifi`um_app_channel=os`um_crash_sdk_version=1.4.0`ctime=1775094402`model=dbbox-a2`lang=zh`net=wifi`brand=dangbei`dsp_h=1080`um_network_type=0`ver=v2.8.3`build_model=DBBOX-A2`w_tm=1775094402`appid=5fc60c21094d637f3130af19`um_umid_header=ai35af5d3062696c923ab8439457101f1b`sdk=31`tzone=Asia/Shanghai`sdk_ver=1.3.6.umeng
04-02 09:46:42.430 E/HuaweiCastService( 3092): onCreate called().
04-02 09:46:42.431 I/LaunchTrace( 3092): begin sendLaunchCache
04-02 09:46:42.431 I/efs.config( 3092): current config version (-1) is older than another (1735614866)
04-02 09:46:42.432 I/efs.config( 3092): load config from storage and notify observer
04-02 09:46:42.440 E/PlayerClient( 3092): registerCallback com.dangbei.screencast.huaweicast.service.HuaweiCastService$a@2363c92
04-02 09:46:42.440 D/PlayerClient( 3092): registerCallback true
04-02 09:46:42.440 D/PlayerClient( 3092): init.
04-02 09:46:42.441 W/KIT_FWK_a( 3092): KitFwk is not installed, pls do not use related interfaces.
04-02 09:46:42.441 W/KIT_FWK_a( 3092): KitFwk is not installed, pls do not use related interfaces.
04-02 09:46:42.442 E/PlayerClient( 3092): bind player service by aar.
04-02 09:46:42.446 D/PlayerClient( 3092): bind player sink service true
04-02 09:46:42.454 W/ActivityManager(  479): Foreground service started from background can not have location/camera/microphone access: service com.dangbei.screencast/.huaweicast.service.HuaweiCastService
04-02 09:46:42.454 E/HuaweiCastService( 3092): startForeground!
04-02 09:46:42.487 W/ActivityManager(  479): Foreground service started from background can not have location/camera/microphone access: service com.dangbei.screencast/.startup.StartupService
04-02 09:46:42.516 E/raop    ( 3092): *********************AirplayBroadcastServer+++++++++
04-02 09:46:42.519 D/NsdService(  479): New client listening to asynchronous messages
04-02 09:46:42.520 D/NsdService(  479): New client, channel: com.android.internal.util.AsyncChannel@431bf0a messenger: android.os.Messenger@d1f937b
04-02 09:46:42.520 D/CompatibilityChangeReporter( 3092): Compat change id reported: 191844585; UID 10027; state: DISABLED
04-02 09:46:42.542 E/H264FrameQueue( 3092): H264FrameQueue: mFullQueueCount:200
04-02 09:46:42.551 D/wenhc   ( 1095): getScreenInfo uri = content://com.dangbei.screencast.parts.info/screen_cast
04-02 09:46:42.551 D/wenhc   ( 1095): getScreenInfo uri = content://com.dangbei.screencast.parts.info/screen_cast
04-02 09:46:42.592 E/StartupService( 3092): onConnected: 
04-02 09:46:42.611 I/MobclickAgent( 3092): module init:azioc
04-02 09:46:42.663 V/TvNotificationHandler(  680): Notification not added because it isn't relevant for tv
04-02 09:46:42.671 W/TelephonyPermissions(  479): reportAccessDeniedToReadIdentifiers:com.dangbei.screencast:getSerial:-1
04-02 09:46:42.693 I/crashsdk( 3092): Catcher mask: 5000, 20480
04-02 09:46:42.694 V/TvNotificationHandler(  680): Notification not added because it isn't relevant for tv
04-02 09:46:42.695 I/crashsdk( 3092): Catcher thread 3097
04-02 09:46:42.695 D/crashsdk( 3092): Register ANR handler ...
04-02 09:46:42.696 W/efs.info.manager( 3092): network change: wifi
04-02 09:46:42.698 D/HiSight-SinkService( 3092): onCreate.
04-02 09:46:42.700 D/HiSight-ConnectionManager( 3092): start ConnectionManager
04-02 09:46:42.701 D/HiSight-SinkService( 3092): onBind.
04-02 09:46:42.707 E/HuaweiCastService( 3092): onStartCommand in 0
04-02 09:46:42.713 D/PlayerClient( 3092): service connected.
04-02 09:46:42.713 D/HiSight-SinkService( 3092): ITaskBinder registerCallback: true
04-02 09:46:42.713 D/HiSight-HiSightManager( 3092): ITaskBinder registerCallback.
04-02 09:46:42.713 D/HiSight-CallbackManager( 3092): addNewCallback. com.dangbei.screencast.huaweicast.service.HuaweiCastService$a@2363c92
04-02 09:46:42.714 E/HuaweiCastService( 3092): eventId: 4001
04-02 09:46:42.716 E/HuaweiCastService( 3092): mPlayerClient is null.
04-02 09:46:42.717 D/HiSight-HiSightManager( 3092): check capability vbr range not setting, using default value
04-02 09:46:42.717 E/HuaweiCastService( 3092): mPlayerClient is null.
04-02 09:46:42.717 D/HiSight-SinkService( 3092): setAuthMode
04-02 09:46:42.717 W/HiSight-ConnectionManager( 3092): mSinkId is empty
04-02 09:46:42.718 I/WifiService(  479): acquireMulticastLock uid=10027
04-02 09:46:42.719 I/WifiService(  479): acquireMulticastLock uid=10027
04-02 09:46:42.756 I/bt_stack(  673): [INFO:btsnoop.cc(338)] clear_l2cap_allowlist: Clearing acceptlist from l2cap channel. conn_handle=16 cid=4:4
04-02 09:46:42.756 I/bt_stack(  673): [INFO:eatt_impl.h(578)] supported_features_cb c9:b5:96:5c:e3:ed is_eatt_supported = 0
04-02 09:46:42.757 I/bluetooth(  673): system/bt/stack/gap/gap_ble.cc:298 client_connect_cback: No active GAP service found for peer:xx:xx:xx:xx:e3:ed callback:Disconnected
04-02 09:46:42.757 I/bt_bta_gattc(  673): system/bt/bta/gatt/bta_gattc_act.cc:1115 bta_gattc_conn_cback: Disconnected att_id:3 transport:le reason:GATT_CONN_TIMEOUT
04-02 09:46:42.757 I/bt_bta_gattc(  673): system/bt/bta/gatt/bta_gattc_act.cc:1115 bta_gattc_conn_cback: Disconnected att_id:4 transport:le reason:GATT_CONN_TIMEOUT
04-02 09:46:42.757 I/bt_bta_gattc(  673): system/bt/bta/gatt/bta_gattc_act.cc:1115 bta_gattc_conn_cback: Disconnected att_id:5 transport:le reason:GATT_CONN_TIMEOUT
04-02 09:46:42.757 I/bt_bta_gattc(  673): system/bt/bta/gatt/bta_gattc_act.cc:1115 bta_gattc_conn_cback: Disconnected att_id:6 transport:le reason:GATT_CONN_TIMEOUT
04-02 09:46:42.757 W/bt_btm_sec(  673): system/bt/stack/btm/btm_sec.cc:3685 btm_sec_disconnected: Got uncommon disconnection reason:Connection Timeout handle:0x0010
04-02 09:46:42.757 E/bt_bta_hh(  673): system/bt/bta/hh/bta_hh_le.cc:999 bta_hh_security_cmpl: Encryption failed status:BTA_HH_ERR_SEC btm_status:BTM_ERR_PROCESSING BLE mac:c9:b5:96:5c:e3:ed
04-02 09:46:42.757 I/btif_av (  673): system/bt/btif/src/btif_av.cc:3352 btif_av_acl_disconnected: btif_av_acl_disconnected: Peer c9:b5:96:5c:e3:ed : ACL Disconnected
04-02 09:46:42.757 I/btif_av (  673): system/bt/btif/src/btif_av.cc:1078 FindOrCreatePeer: BtifAvPeer *BtifAvSource::FindOrCreatePeer(const RawAddress &, tBTA_AV_HNDL): Create peer: peer_address=c9:b5:96:5c:e3:ed bta_handle=0x41 peer_id=0
04-02 09:46:42.757 I/btif_av (  673): system/bt/btif/src/btif_av.cc:3279 btif_av_get_peer_sep: No active sink or source peer found
04-02 09:46:42.757 I/bt_btif_a2dp_source(  673): system/bt/btif/src/btif_a2dp_source.cc:691 btif_a2dp_source_on_idle: btif_a2dp_source_on_idle: state=STATE_OFF
04-02 09:46:42.757 I/btif_av (  673): system/bt/btif/src/btif_av.cc:3279 btif_av_get_peer_sep: No active sink or source peer found
04-02 09:46:42.757 I/bt_btif_a2dp_source(  673): system/bt/btif/src/btif_a2dp_source.cc:691 btif_a2dp_source_on_idle: btif_a2dp_source_on_idle: state=STATE_OFF
04-02 09:46:42.757 I/btif_av (  673): system/bt/btif/src/btif_av.cc:1123 DeleteIdlePeers: DeleteIdlePeers: Deleting idle peer: c9:b5:96:5c:e3:ed bta_handle=0x41
04-02 09:46:42.757 E/bt_upio (  250): upio_set : /proc/bluetooth/sleep/btwrite(-1) incorrent
04-02 09:46:42.758 D/BluetoothGatt( 1051): onClientConnectionState() - status=0 clientIf=6 device=C9:B5:96:5C:E3:ED
04-02 09:46:42.771 W/bt_btif (  673): system/bt/main/bte_logmsg.cc:194 LogMsg: btif_hh_upstreams_evt: BTA_HH_OPN_EVT: handle=16, status =6
04-02 09:46:42.771 W/BluetoothHidHostService(  673): no state change: 0
04-02 09:46:42.773 I/dangbei111( 1051): cccccc on receiver=android.bluetooth.device.action.ACL_DISCONNECTED,mac=C9:B5:96:5C:E3:ED
04-02 09:46:42.863 I/bluetooth(  673): system/bt/stack/gatt/connection_manager.cc:185 on_connection_complete: Le connection completed to device:c9:b5:96:5c:e3:ed
04-02 09:46:42.863 I/bt_btm_ble(  673): system/bt/stack/btm/btm_ble.cc:1699 btm_ble_connected: Updating device record timestamp for existing ble connection
04-02 09:46:42.937 I/bt_stack(  673): [INFO:gatt_attr.cc(880)] gatt_sr_init_cl_status: bda=c9:b5:96:5c:e3:ed, cl_supp_feat=0000, aware=1
04-02 09:46:42.938 I/bluetooth(  673): system/bt/stack/gap/gap_ble.cc:298 client_connect_cback: No active GAP service found for peer:xx:xx:xx:xx:e3:ed callback:Connected
04-02 09:46:42.938 I/bt_bta_gattc(  673): system/bt/bta/gatt/bta_gattc_act.cc:1110 bta_gattc_conn_cback: Connected att_id:3 transport:le reason:GATT_CONN_OK
04-02 09:46:42.938 I/bt_bta_gattc(  673): system/bt/bta/gatt/bta_gattc_act.cc:1110 bta_gattc_conn_cback: Connected att_id:4 transport:le reason:GATT_CONN_OK
04-02 09:46:42.938 I/bt_bta_gattc(  673): system/bt/bta/gatt/bta_gattc_act.cc:1110 bta_gattc_conn_cback: Connected att_id:5 transport:le reason:GATT_CONN_OK
04-02 09:46:42.938 I/bt_bta_gattc(  673): system/bt/bta/gatt/bta_gattc_act.cc:1110 bta_gattc_conn_cback: Connected att_id:6 transport:le reason:GATT_CONN_OK
04-02 09:46:42.938 I/bluetooth(  673): system/bt/stack/gatt/connection_manager.cc:185 on_connection_complete: Le connection completed to device:c9:b5:96:5c:e3:ed
04-02 09:46:42.938 I/bt_stack(  673): [INFO:eatt_impl.h(634)] connect device c9:b5:96:5c:e3:ed rolecentral
04-02 09:46:42.939 I/bt_btif_dm(  673): system/bt/btif/src/btif_dm.cc:497 btif_update_remote_version_property: Remote version info valid:true [xx:xx:xx:xx:e3:ed]: 8, 50e, 8
04-02 09:46:42.950 W/IorapForwardingService(  479): No service published for: iorapd
04-02 09:46:42.954 D/BluetoothGatt( 1051): onClientConnectionState() - status=0 clientIf=6 device=C9:B5:96:5C:E3:ED
04-02 09:46:42.954 W/bt_btm  (  673): system/bt/main/bte_logmsg.cc:194 LogMsg: Security Manager: BTM_SetEncryption busy, enqueue request
04-02 09:46:42.954 D/BluetoothGatt( 1051): discoverServices() - device: C9:B5:96:5C:E3:ED
04-02 09:46:42.958 E/BluetoothPhonePolicy(  673): Received unexpected intent, action=android.bluetooth.device.action.ACL_CONNECTED
04-02 09:46:42.959 I/BluetoothPhonePolicy(  673): processDeviceConnected, device=C9:B5:96:5C:E3:ED
04-02 09:46:42.959 D/BluetoothDatabase(  673): setConnection: device=C9:B5:96:5C:E3:ED and isA2dpDevice=false
04-02 09:46:42.959 D/BluetoothDatabase(  673): Updating last connected time for device: C9:B5:96:5C:E3:ED to 9
04-02 09:46:42.959 D/BluetoothDatabase(  673): updateDatabase C9:B5:96:5C:E3:ED
04-02 09:46:42.962 I/dangbei111( 1051): cccccc on receiver=android.bluetooth.device.action.ACL_CONNECTED,mac=C9:B5:96:5C:E3:ED
04-02 09:46:42.962 I/dangbei111( 1051): cccccc 收到 ACTION_ACL_CONNECTED 的广播
04-02 09:46:42.963 E/dangbei111( 1051): 5s后准备进行遥控器ota信息检测
04-02 09:46:42.964 I/bt_bta_gattc(  673): system/bt/bta/gatt/bta_gattc_cache.cc:902 bta_gattc_get_gatt_db: bta_gattc_get_gatt_db
04-02 09:46:42.969 D/BluetoothGatt( 1051): onSearchComplete() = Device=C9:B5:96:5C:E3:ED Status=0
04-02 09:46:43.449 I/Thread-2( 3224): type=1400 audit(0.0:1205): avc: denied { execute } for name="am" dev="dm-1" ino=1164 scontext=u:r:system_app:s0 tcontext=u:object_r:vendor_file:s0 tclass=file permissive=1
04-02 09:46:43.449 I/Thread-2( 3224): type=1400 audit(0.0:1206): avc: denied { read open } for path="/vendor/xbin/am" dev="dm-1" ino=1164 scontext=u:r:system_app:s0 tcontext=u:object_r:vendor_file:s0 tclass=file permissive=1
04-02 09:46:43.449 I/Thread-2( 3224): type=1400 audit(0.0:1207): avc: denied { execute_no_trans } for path="/vendor/xbin/am" dev="dm-1" ino=1164 scontext=u:r:system_app:s0 tcontext=u:object_r:vendor_file:s0 tclass=file permissive=1
04-02 09:46:43.536 D/aaa     ( 1107): LedStatusService onStartCommand begin
04-02 09:46:43.537 D/bbb     ( 1170): onStartCommand begin !!!!!!! data分区剩余 24956MB
04-02 09:46:43.537 D/aaa     ( 1107): topPkg is -------------- :com.dangbei.leard.leradlauncher
04-02 09:46:43.544 D/aaa     ( 1107): WiFi is connect 
04-02 09:46:43.562 E/WifiHAL (  667): wifi_get_link_stats: requestResponse Error:-5
04-02 09:46:43.564 E/WifiVendorHal(  479): getWifiLinkLayerStats_1_5_Internal(l.1191) failed {.code = ERROR_INVALID_ARGS, .description = }
01-01 08:01:44.125 W/hdr10p_Configure(  378): 57 callbacks suppressed
01-01 08:01:44.125 I/        (  378): DVI mode selected: packets not configured
01-01 08:01:44.138 W/set_vsif_config(  378): 57 callbacks suppressed
01-01 08:01:44.138 I/        (  378): Error: set vsif failed
01-01 08:01:44.167 I/        (  378): DVI mode selected: packets not configured
01-01 08:01:44.174 I/        (  378): Error: set vsif failed
01-01 08:01:44.184 I/        (  378): DVI mode selected: packets not configured
01-01 08:01:44.190 I/        (  378): Error: set vsif failed
01-01 08:01:44.201 I/        (  378): DVI mode selected: packets not configured
01-01 08:01:44.208 I/        (  378): Error: set vsif failed
01-01 08:01:44.234 I/        (  378): DVI mode selected: packets not configured
01-01 08:01:44.241 I/        (  378): Error: set vsif failed
01-01 08:01:44.251 I/        (  378): DVI mode selected: packets not configured
01-01 08:01:44.257 I/        (  378): Error: set vsif failed
01-01 08:01:44.284 I/        (  378): DVI mode selected: packets not configured
01-01 08:01:44.291 I/        (  378): Error: set vsif failed
01-01 08:01:44.318 I/        (  378): DVI mode selected: packets not configured
01-01 08:01:44.324 I/        (  378): Error: set vsif failed
01-01 08:01:44.351 I/        (  378): DVI mode selected: packets not configured
01-01 08:01:44.357 I/        (  378): Error: set vsif failed
01-01 08:01:44.375 I/        (  378): DVI mode selected: packets not configured
01-01 08:01:44.381 I/        (  378): Error: set vsif failed
04-02 09:46:43.952 W/IorapForwardingService(  479): No service published for: iorapd
04-02 09:46:44.254 I/gbei.screencas( 3092): Background concurrent copying GC freed 89699(5835KB) AllocSpace objects, 48(1216KB) LOS objects, 49% free, 3750KB/7500KB, paused 205us total 161.167ms
04-02 09:46:44.281 I/efs.px.api( 2975): get config from server, url is https://errlog.umeng.com/apm_cc
04-02 09:46:44.291 D/hdmi-cec(  263): receive invalid cec message!
04-02 09:46:44.291 D/hdmi-cec(  263): receive poll message [04], skip!
01-01 08:01:45.098 E/sprdwl  (  949): sprdwl_rx_rsp_process ctx_id 0 recv rsp[WIFI_CMD_TX_DATA] status[SPRDWL_CMD_STATUS_ERROR]
01-01 08:01:45.113 E/sprdwl  (  949): sprdwl_rx_rsp_process ctx_id 0 recv rsp[WIFI_CMD_TX_DATA] status[SPRDWL_CMD_STATUS_ERROR]
01-01 08:01:45.130 E/sprdwl  (  949): sprdwl_rx_rsp_process ctx_id 0 recv rsp[WIFI_CMD_TX_DATA] status[SPRDWL_CMD_STATUS_ERROR]
01-01 08:01:45.145 E/sprdwl  (  949): sprdwl_rx_rsp_process ctx_id 0 recv rsp[WIFI_CMD_TX_DATA] status[SPRDWL_CMD_STATUS_ERROR]
01-01 08:01:45.158 E/sprdwl  (  949): sprdwl_rx_rsp_process ctx_id 0 recv rsp[WIFI_CMD_TX_DATA] status[SPRDWL_CMD_STATUS_ERROR]
01-01 08:01:45.170 E/sprdwl  (  949): sprdwl_rx_rsp_process ctx_id 0 recv rsp[WIFI_CMD_TX_DATA] status[SPRDWL_CMD_STATUS_ERROR]
01-01 08:01:45.185 E/sprdwl  (  949): sprdwl_rx_rsp_process ctx_id 0 recv rsp[WIFI_CMD_TX_DATA] status[SPRDWL_CMD_STATUS_ERROR]
01-01 08:01:45.200 E/sprdwl  (  949): sprdwl_rx_rsp_process ctx_id 0 recv rsp[WIFI_CMD_TX_DATA] status[SPRDWL_CMD_STATUS_ERROR]
01-01 08:01:45.214 E/sprdwl  (  949): sprdwl_rx_rsp_process ctx_id 0 recv rsp[WIFI_CMD_TX_DATA] status[SPRDWL_CMD_STATUS_ERROR]
01-01 08:01:45.229 E/sprdwl  (  949): sprdwl_rx_rsp_process ctx_id 0 recv rsp[WIFI_CMD_TX_DATA] status[SPRDWL_CMD_STATUS_ERROR]
01-01 08:01:45.241 E/sprdwl  (  949): sprdwl_rx_rsp_process ctx_id 0 recv rsp[WIFI_CMD_TX_DATA] status[SPRDWL_CMD_STATUS_ERROR]
01-01 08:01:45.254 E/sprdwl  (  949): sprdwl_rx_rsp_process ctx_id 0 recv rsp[WIFI_CMD_TX_DATA] status[SPRDWL_CMD_STATUS_ERROR]
01-01 08:01:45.269 E/sprdwl  (  949): sprdwl_rx_rsp_process ctx_id 0 recv rsp[WIFI_CMD_TX_DATA] status[SPRDWL_CMD_STATUS_ERROR]
01-01 08:01:45.294 E/sprdwl  (  949): sprdwl_rx_rsp_process ctx_id 0 recv rsp[WIFI_CMD_TX_DATA] status[SPRDWL_CMD_STATUS_ERROR]
01-01 08:01:45.307 E/sprdwl  (  949): sprdwl_rx_rsp_process ctx_id 0 recv rsp[WIFI_CMD_TX_DATA] status[SPRDWL_CMD_STATUS_ERROR]
04-02 09:46:44.817 W/TelephonyPermissions(  479): reportAccessDeniedToReadIdentifiers:com.dangbei.screencast:getSerial:-1
04-02 09:46:44.839 V/NFC     ( 3092): this device does not have NFC support
04-02 09:46:44.954 W/IorapForwardingService(  479): No service published for: iorapd
04-02 09:46:45.017 I/system_server(  479): Background young concurrent copying GC freed 162211(9247KB) AllocSpace objects, 44(1040KB) LOS objects, 46% free, 11MB/21MB, paused 313us total 165.598ms
04-02 09:46:45.184 I/efs.config( 2975): config request succ, config is:
04-02 09:46:45.184 I/efs.config( 2975):  {"msg":"成功","code":0,"cip":"127.0.0.1","config":{"common":{"updateInteval":480,"gate_way_https":true},"sign":"f3NQXAxFclJWa1oUDA==","app_configs":[{"conditions":[{"val":"0.0.0.0","opc":">=","fld":"ver"}],"actions":[{"opt":"apm_netperf_state","set":100},{"opt":"apm_netperf_day_limit","set":100},{"opt":"apm_netperf_res_bd_state","set":100},{"opt":"apm_oom_state","set":0},{"opt":"apm_netperf_data_rate","set":10},{"opt":"apm_native_h5perf_sampling_rate","set":5},{"opt":"apm_netperf_req_hd_state","set":100},{"opt":"apm_netperf_sampling_rate","set":1},{"opt":"flutter_dart_exception_max_count","set":20},{"opt":"flutter_pv_sampling_rate","set":5},{"opt":"apm_netperf_res_hd_state","set":100},{"opt":"flutter_page_state","set":100},{"opt":"flutter_page_rate","set":5},{"opt":"apm_memperf_sampling_rate","set":0},{"opt":"apm_crash_user_upload_type","set":1},{"opt":"apm_memperf_collect_max_period_sec","set":600},{"opt":"apm_crash_user_max_count","set":20},{"opt":"apm_netperf_bd_state","set":100},{"opt":"apm_native_h5_state","set":0},{"opt":"apm_mem_state","set":0},{"opt":"flutter_dart_exception_state","set":100},{"opt":"flutter_pv_max_count","set":200},{"opt":"apm_memperf_collect_interval","set":5},{"opt":"apm_flutter_state","set":100},{"opt":"apm_patrace_switch_rate","set":5},{"opt":"record_accumulation_time","set":60},{"opt":"apm_net_state","set":0},{"opt":"apm_startperf_sampling_rate","set":5},{"opt":"apm_oom_sampling_rate","set":5}]}]},"stm":1775094405,"cver":1735614866}
04-02 09:46:45.184 I/efs.config( 2975): efs config is {"msg":"成功","code":0,"cip":"127.0.0.1","config":{"common":{"updateInteval":480,"gate_way_https":true},"sign":"f3NQXAxFclJWa1oUDA==","app_configs":[{"conditions":[{"val":"0.0.0.0","opc":">=","fld":"ver"}],"actions":[{"opt":"apm_netperf_state","set":100},{"opt":"apm_netperf_day_limit","set":100},{"opt":"apm_netperf_res_bd_state","set":100},{"opt":"apm_oom_state","set":0},{"opt":"apm_netperf_data_rate","set":10},{"opt":"apm_native_h5perf_sampling_rate","set":5},{"opt":"apm_netperf_req_hd_state","set":100},{"opt":"apm_netperf_sampling_rate","set":1},{"opt":"flutter_dart_exception_max_count","set":20},{"opt":"flutter_pv_sampling_rate","set":5},{"opt":"apm_netperf_res_hd_state","set":100},{"opt":"flutter_page_state","set":100},{"opt":"flutter_page_rate","set":5},{"opt":"apm_memperf_sampling_rate","set":0},{"opt":"apm_crash_user_upload_type","set":1},{"opt":"apm_memperf_collect_max_period_sec","set":600},{"opt":"apm_crash_user_max_count","set":20},{"opt":"apm_netperf_bd_state","set":100},{"opt":"apm_native_h5_state","set":0},{"opt":"apm_mem_state","set":0},{"opt":"flutter_dart_exception_state","set":100},{"opt":"flutter_pv_max_count","set":200},{"opt":"apm_memperf_collect_interval","set":5},{"opt":"apm_flutter_state","set":100},{"opt":"apm_patrace_switch_rate","set":5},{"opt":"record_accumulation_time","set":60},{"opt":"apm_net_state","set":0},{"opt":"apm_startperf_sampling_rate","set":5},{"opt":"apm_oom_sampling_rate","set":5}]}]},"stm":1775094405,"cver":1735614866}
04-02 09:46:45.184 I/efs.base( 2975): lt=event`ev_ct=efs_core`ev_ac=config_coverage`tm=2026-04-02 09:46:18`dn=e47c7bd2-9fa9-451d-9f60-8dbb33e77f9c`ps=com.dangbei.screencast:bg_guard`um_os=android`stime=1775094398943`pid=2975`fr=android`pkg=com.dangbei.screencast`cver=1735614866`vcode=20830`dsp_w=1920`uid=e47c7bd2-9fa9-451d-9f60-8dbb33e77f9c`rom=12`wid=e47c7bd2-9fa9-451d-9f60-8dbb33e77f9c`um_app_carrier=`um_access=wifi`um_app_channel=os`um_crash_sdk_version=1.4.0`ctime=1775094405`model=dbbox-a2`lang=zh`net=wifi`brand=dangbei`dsp_h=1080`um_network_type=0`ver=v2.8.3`build_model=DBBOX-A2`w_tm=1775094405`appid=5fc60c21094d637f3130af19`um_umid_header=ai35af5d3062696c923ab8439457101f1b`sdk=31`tzone=Asia/Shanghai`sdk_ver=1.3.6.umeng
04-02 09:46:45.185 E/efs.config( 2975): updateConfigCond error
04-02 09:46:45.185 E/efs.config( 2975): java.lang.NumberFormatException: For input string: "v2"
04-02 09:46:45.185 E/efs.config( 2975): 	at java.lang.Integer.parseInt(Integer.java:615)
04-02 09:46:45.185 E/efs.config( 2975): 	at java.lang.Integer.parseInt(Integer.java:650)
04-02 09:46:45.185 E/efs.config( 2975): 	at com.efs.sdk.base.core.config.a.d.a(Unknown Source:33)
04-02 09:46:45.185 E/efs.config( 2975): 	at com.efs.sdk.base.core.config.a.d.a(Unknown Source:8)
04-02 09:46:45.185 E/efs.config( 2975): 	at com.efs.sdk.base.core.config.a.d.a(Unknown Source:404)
04-02 09:46:45.185 E/efs.config( 2975): 	at com.efs.sdk.base.core.config.a.d.a(Unknown Source:129)
04-02 09:46:45.185 E/efs.config( 2975): 	at com.efs.sdk.base.core.config.a.c.a(Unknown Source:4)
04-02 09:46:45.185 E/efs.config( 2975): 	at com.efs.sdk.base.core.config.a.c.e(Unknown Source:53)
04-02 09:46:45.185 E/efs.config( 2975): 	at com.efs.sdk.base.core.config.a.c.handleMessage(Unknown Source:105)
04-02 09:46:45.185 E/efs.config( 2975): 	at android.os.Handler.dispatchMessage(Handler.java:102)
04-02 09:46:45.185 E/efs.config( 2975): 	at android.os.Looper.loopOnce(Looper.java:201)
04-02 09:46:45.185 E/efs.config( 2975): 	at android.os.Looper.loop(Looper.java:288)
04-02 09:46:45.185 E/efs.config( 2975): 	at android.os.HandlerThread.run(HandlerThread.java:67)
01-01 08:01:46.126 E/sprdwl  (  949): sprdwl_rx_rsp_process ctx_id 0 recv rsp[WIFI_CMD_TX_DATA] status[SPRDWL_CMD_STATUS_ERROR]
04-02 09:46:45.905 I/BLEAudioDrive_HV410(  249): select timeout!
04-02 09:46:45.951 E/bt_upio (  250): upio_set : /proc/bluetooth/sleep/btwrite(-1) incorrent
04-02 09:46:45.956 W/IorapForwardingService(  479): No service published for: iorapd
04-02 09:46:45.973 E/dangbei111( 1051): cccccc 检查遥控器是否连接: Dangbei C9:B5:96:5C:E3:ED
04-02 09:46:45.977 E/dangbei111( 1051): cccccc 检查遥控器是否连接: 蓝牙的结果 Dangbei C9:B5:96:5C:E3:ED true
04-02 09:46:45.977 E/dangbei111( 1051): cccccc input中没有遥控器存在
04-02 09:46:45.977 E/dangbei111( 1051): cccccc 蓝牙状态连接 开启8s check任务
04-02 09:46:45.977 E/dangbei111( 1051): cccccc 没有遥控器连接 不进行 getRCInfo return
04-02 09:46:45.977 E/dangbei111( 1051): getBattery delay 0
04-02 09:46:45.982 I/bt_btif_config(  673): system/bt/btif/src/btif_config.cc:137 btif_get_device_type: Device [c9:b5:96:5c:e3:ed] device type 2
04-02 09:46:45.983 I/bt_stack(  673): [INFO:connection_manager.cc(104)] App id=0x06already doing background connection to c9:b5:96:5c:e3:ed
04-02 09:46:45.982 D/BluetoothGatt( 1051): discoverServices() - device: C9:B5:96:5C:E3:ED
04-02 09:46:45.985 E/dangbei111( 1051): 5mins后会再次获取电量
04-02 09:46:45.985 E/dangbei111( 1051): getBattery delay 300000
04-02 09:46:45.986 I/bt_bta_gattc(  673): system/bt/bta/gatt/bta_gattc_cache.cc:902 bta_gattc_get_gatt_db: bta_gattc_get_gatt_db
04-02 09:46:45.990 D/BluetoothGatt( 1051): onSearchComplete() = Device=C9:B5:96:5C:E3:ED Status=0
04-02 09:46:46.259 E/GuardService( 2975): startMainRunnable: 
04-02 09:46:46.565 D/UtilLog ( 2252): 日志批量上报 进行正常循环 ！！！！！！本次有0次请求,共0条数据
04-02 09:46:46.579 E/WifiHAL (  667): wifi_get_link_stats: requestResponse Error:-5
04-02 09:46:46.580 E/WifiVendorHal(  479): getWifiLinkLayerStats_1_5_Internal(l.1191) failed {.code = ERROR_INVALID_ARGS, .description = }
04-02 09:46:46.960 W/IorapForwardingService(  479): No service published for: iorapd
04-02 09:46:47.530 I/WifiService(  479): releaseMulticastLock uid=10027
04-02 09:46:47.532 I/WifiService(  479): releaseMulticastLock uid=10027
04-02 09:46:47.552 D/HiSight-SinkService( 3092): setDiscoverable true
04-02 09:46:47.553 D/wenhc   ( 1095): getScreenInfo uri = content://com.dangbei.screencast.parts.info/screen_cast
04-02 09:46:47.554 D/wenhc   ( 1095): getScreenInfo uri = content://com.dangbei.screencast.parts.info/screen_cast
04-02 09:46:47.554 D/NearFieldManager( 3092): init.
04-02 09:46:47.555 D/NearFieldManager( 3092): try check dmsdp
04-02 09:46:47.581 D/NearFieldManager( 3092): package not exist
04-02 09:46:47.586 D/CompatibilityChangeReporter(  479): Compat change id reported: 135634846; UID 10027; state: DISABLED
04-02 09:46:47.587 D/CompatibilityChangeReporter(  479): Compat change id reported: 143937733; UID 10027; state: DISABLED
04-02 09:46:47.587 D/NearFieldManager( 3092): bind nearfield service true
04-02 09:46:47.588 D/NearFieldManager( 3092): registerCallback true
04-02 09:46:47.589 D/HiSight-Discovery( 3092): set deviceInfo type:46
04-02 09:46:47.589 D/HiSight-Discovery( 3092): startAdvertise 1
04-02 09:46:47.604 D/Zygote  (  244): Forked child process 3269
