03-31 16:35:55.101 D/bt_vnd_conf(  250): g_ClassicPowerValue_B ->  0x4D15, 0x4615, 0x3D15, 0x3615, 0x2D15, 0x2615, 0x1F15, 0x1815, 0x0F15, 0x0815
03-31 16:35:55.101 D/bt_vnd_conf(  250): g_LEPowerValue_B ->  0x4B15, 0x4B15, 0x4B15, 0x4B15, 0x4B15, 0x4615, 0x4015, 0x3B15, 0x3615, 0x3015, 0x2B15, 0x2615, 0x2015, 0x1A15, 0x1415, 0x0E15
03-31 16:35:55.101 D/bt_vnd_conf(  250): g_BRChannelpwrvalue_B ->  0x0915, 0x0915, 0x0815, 0x0815, 0x0815, 0x0815, 0x0715, 0x0715
03-31 16:35:55.101 D/bt_vnd_conf(  250): g_EDRChannelpwrvalue_B -> 0x0D15, 0x0D15, 0x0C15, 0x0C15, 0x0B15, 0x0B15, 0x0B15, 0x0B15
03-31 16:35:55.101 D/bt_vnd_conf(  250): g_LEChannelpwrvalue_B ->  0x1015,0x1015,0x0F15,0x0F15,0x0F15,0x0F15,0x0F15,0x0F15
03-31 16:35:55.101 D/bt_vnd_conf(  250): LE_fix_powerword ->  0x00
03-31 16:35:55.101 D/bt_vnd_conf(  250): Classic_pc_by_channel ->  0xFF
03-31 16:35:55.101 D/bt_vnd_conf(  250): LE_pc_by_channel ->  0xFF
03-31 16:35:55.101 D/bt_vnd_conf(  250): RF_switch_mode ->  0x01
03-31 16:35:55.101 D/bt_vnd_conf(  250): Data_Capture_Mode ->  0x00
03-31 16:35:55.101 D/bt_vnd_conf(  250): Analog_IQ_Debug_Mode ->  0x00
03-31 16:35:55.102 D/bt_vnd_conf(  250): RF_common_rfu_b3 ->  0x55
03-31 16:35:55.102 D/bt_vnd_conf(  250): RF_common_rfu_w ->  0x555F4344, 0x5555C855, 0x55555555, 0x55555555, 0x55555555
03-31 16:35:55.102 I/bt_vnd_conf(  250): set_mac_address
03-31 16:35:55.102 D/bt_vendor(  250): marlin3 start up
03-31 16:35:55.102 D/android.hardware.bluetooth@1.0-impl(  250): Open vendor library loaded
03-31 16:35:55.102 E/bt_upio (  250): init_rfkill: No rfkill control node found
03-31 16:35:55.102 I/bt_userial_vendor(  250): userial vendor open: opening /dev/ttyBT0, baud 14
03-31 16:35:55.102 D/bt_vendor(  250): check_access, /dev/ttyBT0 R/W access OK after wait 0ms
03-31 16:35:55.131 D/CompatibilityChangeReporter(  479): Compat change id reported: 158002302; UID 10062; state: ENABLED
03-31 16:35:55.133 V/WallpaperService(  680): Setting wallpaper dimming: 0
03-31 16:35:55.135 D/bt_vnd_hci(  250): hci_server_thread
03-31 16:35:55.135 D/bt_vnd_hci(  250): name: bt_vendor_sprd_hci
03-31 16:35:55.135 D/bt_vnd_hci(  250): listen socket: bt_vendor_sprd_hci, fd: 6
03-31 16:35:55.135 D/bt_vnd_hci(  250): hci_server_thread wati for btools
03-31 16:35:55.149 I/hwservicemanager(  183): getTransport: Cannot find entry android.hardware.configstore@1.0::ISurfaceFlingerConfigs/default in either framework or device VINTF manifest.
03-31 16:35:55.152 I/ActivityManagerTiming(  479): FinishBooting
03-31 16:35:55.152 W/Zygote  (  244): forkRepeatedly terminated due to non-simple command
03-31 16:35:55.152 D/Zygote  (  244): mbuffer starts with 1 , nice name is , mEnd = 19, mNext = 19, mLinesLeft = 0, mFd = 4
03-31 16:35:55.154 I/ActivityManager(  479): About to commit checkpoint
03-31 16:35:55.155 I/SystemServiceManager(  479): Starting phase 1000
03-31 16:35:55.155 I/ActivityManagerTiming(  479): OnBootPhase_1000
03-31 16:35:55.155 E/PowerStatsService(  479): Failed to start PowerStatsService loggers
03-31 16:35:55.158 I/netd    (  243): firewallReplaceUidChain(fw_standby, false, []) -> {true} <0.08ms>
01-01 08:00:24.982 I/WCN     (  250): start_marlin [MARLIN_BLUETOOTH]
01-01 08:00:24.996 I/init    (    1): processing action (vendor.init.lpm.load=1) from (/vendor/etc/init/init.bluetooth.common.rc:71)
01-01 08:00:25.000 D/        (  250): CPU: 0 PID: 250 Comm: bluetooth@1.0-s Tainted: G           O      5.4.125+ #3
03-31 16:35:55.159 D/AppStandbyController(  479): Loading headless system app cache. appIdleEnabled=false
03-31 16:35:55.172 D/RollbackManager(  479): mRollbackLifetimeDurationInMillis=1209600000
03-31 16:35:55.187 I/WifiClientModeImpl[wlan0](  479): disconnectedstate enter
03-31 16:35:55.188 I/netd    (  243): interfaceSetEnableIPv6(wlan0, false) <0.68ms>
03-31 16:35:55.193 D/WifiClientModeImpl[wlan0](  479): setupClientMode() ifacename = wlan0
03-31 16:35:55.194 I/netd    (  243): interfaceClearAddrs(wlan0) <0.70ms>
03-31 16:35:55.195 E/IpClient.wlan0(  762): Failed to set accept_ra to 2
03-31 16:35:55.196 E/WifiHAL (  667): wifi_start_pkt_fate_monitoring: packet fate logging feature not supported 0
03-31 16:35:55.197 E/WifiVendorHal(  479): startPktFateMonitoring(l.2352) failed {.code = ERROR_NOT_SUPPORTED, .description = }
03-31 16:35:55.197 W/WifiDiags(  479): Failed to start packet fate monitoring
03-31 16:35:55.198 E/WifiHAL (  667): wifi_get_driver_version: Error -5 happened. 
03-31 16:35:55.198 E/android.hardware.wifi@1.0-service-lazy(  667): Failed to get driver version: INVALID_ARGS
03-31 16:35:55.199 E/WifiVendorHal(  479): requestChipDebugInfo(l.2167) failed {.code = ERROR_INVALID_ARGS, .description = failed to get driver version}
03-31 16:35:55.200 I/WifiVendorHal(  479): Driver: null Firmware: null
03-31 16:35:55.201 E/WifiHAL (  667): wifi_get_driver_version: Error -5 happened. 
03-31 16:35:55.201 E/android.hardware.wifi@1.0-service-lazy(  667): Failed to get driver version: INVALID_ARGS
03-31 16:35:55.203 E/WifiVendorHal(  479): requestChipDebugInfo(l.2167) failed {.code = ERROR_INVALID_ARGS, .description = failed to get driver version}
03-31 16:35:55.203 I/WifiVendorHal(  479): Driver: null Firmware: null
03-31 16:35:55.204 E/WifiHAL (  667): wifi_get_ring_buffers_status: Ring buffer logging feature not supported 0
03-31 16:35:55.204 E/WifiVendorHal(  479): getRingBufferStatus(l.2244) failed {.code = ERROR_NOT_SUPPORTED, .description = }
03-31 16:35:55.205 W/WifiDiags(  479): no ring buffers found
03-31 16:35:55.205 D/WifiDiags(  479): startLogging() iface list is {wlan0} after adding wlan0
03-31 16:35:55.213 D/EglHelper(  680): createEglContext start
03-31 16:35:55.218 D/EglHelper(  680): createEglContext done
03-31 16:35:55.218 D/EglHelper(  680): createEglSurface start
03-31 16:35:55.219 D/EglHelper(  680): createEglSurface done
03-31 16:35:55.229 D/hdmi-cec(  263): cec physical address: 1.0.0.0
03-31 16:35:55.229 V/DisplayPowerController[0](  479): Brightness [0.39763778] reason changing to: 'manual', previous reason: 'override'.
03-31 16:35:55.252 I/oid.tv.setting(  824): Background concurrent copying GC freed 15522(991KB) AllocSpace objects, 0(0B) LOS objects, 49% free, 2899KB/5799KB, paused 137us total 138.071ms
01-01 08:00:25.022 D/Hardware name(  250): sun50iw9 (DT)
01-01 08:00:25.027 D/Call trace(  250):  
01-01 08:00:25.031 D/        (  250): dump_backtrace.cfi_jt+0x0/0x4
01-01 08:00:25.036 D/        (  250): dump_stack+0xbc/0x104
01-01 08:00:25.041 D/        (  250): marlin_set_power+0x2c/0x78c [uwe5621_bsp_sdio]
01-01 08:00:25.048 D/        (  250): start_marlin+0xbc/0x14c [uwe5621_bsp_sdio]
01-01 08:00:25.055 D/        (  250): bluetooth_set_power+0x44/0x70 [sprdbt_tty]
01-01 08:00:25.061 D/        (  250): mtty_open+0xb0/0x150 [sprdbt_tty]
01-01 08:00:25.067 D/        (  250): tty_open+0x350/0x550
01-01 08:00:25.072 D/        (  250): chrdev_open+0x1d8/0x254
01-01 08:00:25.076 D/        (  250): do_dentry_open+0x270/0x3ac
01-01 08:00:25.081 D/        (  250): vfs_open+0x2c/0x38
01-01 08:00:25.086 D/        (  250): path_openat+0x6a8/0xf78
01-01 08:00:25.090 D/        (  250): do_filp_open+0x78/0x124
01-01 08:00:25.095 D/        (  250): do_sys_open+0x13c/0x290
01-01 08:00:25.100 D/        (  250): __arm64_compat_sys_openat+0x24/0x30
01-01 08:00:25.106 D/        (  250): el0_svc_common+0xb8/0x1cc
01-01 08:00:25.111 D/        (  250): el0_svc_compat_handler+0x1c/0x28
01-01 08:00:25.117 D/        (  250): el0_svc_compat+0x8/0x24
01-01 08:00:25.122 I/WCN     (  250): marlin power state:4, subsys: [MARLIN_BLUETOOTH] power 1
01-01 08:00:25.130 I/WCN     (  250): marlin have open, GNSS is closed
01-01 08:00:25.137 E/bluetooth_set_power(  250): end_block=0
03-31 16:35:55.303 D/Tonal   (  680): Tonal Palette - index: 4. Main color: ff1e447a
03-31 16:35:55.303 D/Tonal   (  680): Colors: ff060d1a, ff0b162e, ff102343, ff17305c, ff1e447a, ff254a99, ff2d58b7, ff6180c3, ff6f8adc, ff889ce2, ffa5b0e9, ffced4f3, ffeaedfa
03-31 16:35:55.303 D/Tonal   (  680): Gradients: 
03-31 16:35:55.303 D/Tonal   (  680): 	Normal GradientColors(ff1e447a, ff1e447a)
03-31 16:35:55.303 D/Tonal   (  680): 	Dark GradientColors(ff17305c, ff17305c)
03-31 16:35:55.303 D/Tonal   (  680): 	Extra dark: GradientColors(ff102343, ff102343)
03-31 16:35:55.303 D/Tonal   (  680): Tonal Palette - index: 4. Main color: ff1e447a
03-31 16:35:55.303 D/Tonal   (  680): Colors: ff060d1a, ff0b162e, ff102343, ff17305c, ff1e447a, ff254a99, ff2d58b7, ff6180c3, ff6f8adc, ff889ce2, ffa5b0e9, ffced4f3, ffeaedfa
03-31 16:35:55.303 D/Tonal   (  680): Gradients: 
03-31 16:35:55.303 D/Tonal   (  680): 	Normal GradientColors(ff1e447a, ff1e447a)
03-31 16:35:55.303 D/Tonal   (  680): 	Dark GradientColors(ff17305c, ff17305c)
03-31 16:35:55.303 D/Tonal   (  680): 	Extra dark: GradientColors(ff102343, ff102343)
03-31 16:35:55.292 I/ImageWallpaper(  680): type=1400 audit(0.0:365): avc: denied { search } for name="com.android.systemui" dev="mmcblk0p25" ino=507 scontext=u:r:platform_app:s0:c512,c768 tcontext=u:object_r:app_data_file:s0:c512,c768 tclass=dir permissive=1 app=com.softwinner.screenshot
03-31 16:35:55.332 I/bt_userial_vendor(  250): device fd = 5 open
03-31 16:35:55.332 I/bt_userial_vendor(  250): userial_vendor_open set usrdebug mode to tty.
03-31 16:35:55.332 I/bt_userial_vendor(  250): open /sys/devices/platform/wcn_bt/dumpmem faild, error=No such file or directory (2)
03-31 16:35:55.332 I/bt_userial_vendor(  250): open /sys/devices/platform/sprd-mtty/dumpmem faild, error=No such file or directory (2)
03-31 16:35:55.333 I/bt_chip_vendor(  250): marlin3_pskey_preload
03-31 16:35:55.333 D/bt_vnd_hci(  250): sprd_vnd_send_hci_vsc a0 fc b0 00 1f 00 00 bf fe 8d fe db 3d 7b 87 ff a7 ff 7f 00 e0 f7 3e 2d 84 bc d2 97 74 ec 01 01 01 ff 00 ff ff 00 02 00 00 00 00 00 00 00 00 00 00 00 00 00 00 00 00 00 00 00 00 00 00 00 00 00 00 00 00 00 00 00 00 4d 00 66 00 9b 00 66 00 00 00 00 00 00 00 00 00 00 00 00 00 01 01 01 00 00 00 00 00 00 00 00 00 28 00 00 00 06 08 0c 22 00 00 00 00 00 00 00 00 00 ff 00 00 00 00 00 00 00 00 00 00 00 00 00 00 00 00 00 00 e2 04 40 1f 20 00 c8 00 0a 00 00 00 00 00 00 00 00 00 00 00 00 00 00 00 00 00 00 00 00 00 00 00 00 00 00 00 00 00 00 00
03-31 16:35:55.333 E/bt_upio (  250): upio_set : /proc/bluetooth/sleep/btwrite(-1) incorrent
03-31 16:35:55.337 D/IorapForwardingService(  479): BgJob Scheduled (jobId=283673059, interval: 86400000ms)
03-31 16:35:55.337 W/SystemServiceManager(  479): Service com.google.android.startop.iorap.IorapForwardingService took 177 ms in onBootPhase
03-31 16:35:55.337 D/TestHarnessModeService(  479): Completing Test Harness Mode setup.
03-31 16:35:55.349 D/StorageManagerService(  479): Thinking about init, mBootCompleted=true, mDaemonConnected=true
03-31 16:35:55.349 D/StorageManagerService(  479): Setting up emulation state, initlocked=false
03-31 16:35:55.351 D/vold    (  187): fscrypt_unlock_user_key 0 serial=0
03-31 16:35:55.352 D/StorageManagerService(  479): Thinking about reset, mBootCompleted=true, mDaemonConnected=true
03-31 16:35:55.352 I/StorageSessionController(  479): Started resetting external storage service...
03-31 16:35:55.352 I/StorageSessionController(  479): Finished resetting external storage service
03-31 16:35:55.352 I/StorageManagerService(  479): Resetting vold...
03-31 16:35:55.353 I/StorageManagerService(  479): Reset vold
03-31 16:35:55.354 I/vold    (  187): onUserAdded: 0
03-31 16:35:55.328 I/ImageWallpaper(  680): type=1400 audit(0.0:366): avc: denied { open } for path="/data/user_de/0/com.android.systemui/code_cache/com.android.opengl.shaders_cache" dev="mmcblk0p25" ino=1840 scontext=u:r:platform_app:s0:c512,c768 tcontext=u:object_r:app_data_file:s0:c512,c768 tclass=file permissive=1 app=com.softwinner.screenshot
03-31 16:35:55.370 I/bt_chip_vendor(  250): Bluetooth Firmware Node: 0146 Date: 2015-10-30
03-31 16:35:55.371 I/bt_chip_vendor(  250): yujian.qin marlin3_rf_preload
03-31 16:35:55.371 D/bt_vnd_hci(  250): sprd_vnd_send_hci_vsc a2 fc fc 00 e0 00 e0 00 e0 00 e0 00 e0 00 e0 15 41 15 3a 15 34 15 2e 15 27 15 21 15 1a 15 13 15 0d 15 07 15 3b 15 37 15 33 15 2f 15 2b 15 27 15 23 15 1f 15 1b 15 17 15 13 15 0f 15 0b 15 08 15 04 15 00 15 09 15 09 15 08 15 08 15 08 15 08 15 07 15 07 15 0d 15 0d 15 0c 15 0c 15 0b 15 0b 15 0b 15 0b 15 10 15 10 15 0f 15 0f 15 0f 15 0f 15 0f 15 0f 00 e0 00 e0 00 e0 00 e0 00 e0 00 e0 15 4d 15 46 15 3d 15 36 15 2d 15 26 15 1f 15 18 15 0f 15 08 15 4b 15 4b 15 4b 15 4b 15 4b 15 46 15 40 15 3b 15 36 15 30 15 2b 15 26 15 20 15 1a 15 14 15 0e 15 09 15 09 15 08 15 08 15 08 15 08 15 07 15 07 15 0d 15 0d 15 0c 15 0c 15 0b 15 0b 15 0b 15 0b 15 10 15 10 15 0f 15 0f 15 0f 15 0f 15 0f 15 0f 00 00 ff ff 01 00 00 55 44 43 5f 55 55 c8 55 55 55 55 55 55 55 55 55 55 55 55 55 55
03-31 16:35:55.373 D/AdbService(  479): boot completed
03-31 16:35:55.373 D/SoundTriggerService(  479): onBootPhase: 1000 : false
03-31 16:35:55.377 I/Tethering(  762): USB bcast connected:false configured:false rndis:false ncm:false
03-31 16:35:55.378 D/CompatibilityChangeReporter(  479): Compat change id reported: 168936375; UID 1000; state: ENABLED
03-31 16:35:55.378 D/CompatibilityChangeReporter(  479): Compat change id reported: 168936375; UID 1000; state: DISABLED
03-31 16:35:55.380 I/HibernationStateDiskStore(  479): No hibernation file on disk for file /data/system/hibernation/states
03-31 16:35:55.385 I/adbd    (  397): adbd_auth: received a new framework connection
03-31 16:35:55.385 I/adbd    (  397): adbd_auth: received new framework fd 31 (current = -1)
03-31 16:35:55.387 D/CompatibilityChangeReporter(  479): Compat change id reported: 73144566; UID 1000; state: ENABLED
03-31 16:35:55.387 D/CompatibilityChangeReporter(  479): Compat change id reported: 73144566; UID 1000; state: DISABLED
03-31 16:35:55.392 D/GameManagerService(  479): onBootCompleted
03-31 16:35:55.395 D/AppSearchStatsCollector(  479): atoms registered
03-31 16:35:55.396 D/ActivityManagerTiming(  479): OnBootPhase_1000 took to complete: 240ms
03-31 16:35:55.396 D/ActivityManagerTiming(  479): TotalBootTime took to complete: 8336ms
03-31 16:35:55.396 D/SystemServerInitThreadPool(  479): Shutdown requested
03-31 16:35:55.396 I/SystemServerTiming(  479): WaitInitThreadPoolShutdown
03-31 16:35:55.397 D/SystemServerInitThreadPool(  479): Shutdown successful
03-31 16:35:55.398 D/SystemServerTiming(  479): WaitInitThreadPoolShutdown took to complete: 1ms
03-31 16:35:55.364 I//system/bin/init(    1): type=1107 audit(0.0:367): uid=0 auid=4294967295 ses=4294967295 subj=u:r:init:s0 msg='avc: denied { set } for property=rw.vendor.bluetooth.fw.ver pid=250 uid=1002 gid=1002 scontext=u:r:hal_bluetooth_default:s0 tcontext=u:object_r:default_prop:s0 tclass=property_service permissive=1'
01-01 08:00:25.239 I/init    (    1): processing action (sys.boot_completed=1) from (/system/etc/init/hw/init.rc:1130)
03-31 16:35:55.399 D/ActivityManager(  479): refreshZramWriteback
03-31 16:35:55.400 D/ActivityManager(  479): real start flush
03-31 16:35:55.401 I/ActivityManager(  479): User 0 state changed from BOOTING to RUNNING_LOCKED
03-31 16:35:55.401 W/ActivityManager(  479): UserLifecycleEvent 4 received without an active userJourneySession.
03-31 16:35:55.411 D/StorageManagerService(  479): unlockUserKey: 0 isFileEncryptedNativeOrEmulated: false hasToken: false hasSecret: false
03-31 16:35:55.412 W/ActivityManager(  479): UserLifecycleEvent 5 received without an active userJourneySession.
03-31 16:35:55.412 D/ActivityManager(  479): Started unlocking user 0
03-31 16:35:55.412 D/ActivityManager(  479): Unlocking user 0 progress 0
03-31 16:35:55.412 D/ActivityManager(  479): Unlocking user 0 progress 5
03-31 16:35:55.415 D/vold    (  187): fscrypt_prepare_user_storage for volume null, user 0, serial 0, flags 2
03-31 16:35:55.415 D/vold    (  187): Preparing: /data/system_ce/0
03-31 16:35:55.415 D/vold    (  187): Preparing: /data/misc_ce/0
03-31 16:35:55.415 D/vold    (  187): Preparing: /data/vendor_ce/0
03-31 16:35:55.416 D/vold    (  187): Preparing: /data/media/0
03-31 16:35:55.416 D/vold    (  187): Preparing: /data/data
03-31 16:35:55.416 D/vold    (  187): Starting restorecon of /data/system_ce/0
03-31 16:35:55.419 W/ZramWriteback(  479): Writeback device is not set
03-31 16:35:55.419 D/ZramWriteback(  479): wait to flush
01-01 08:00:25.260 I/init    (    1): starting service 'exec 17 (/bin/rm -rf /data/per_boot)'...
01-01 08:00:25.261 I/selinux ( 1008): SELinux: Skipping restorecon on directory(/data/system_ce/0)
01-01 08:00:25.261 I/selinux ( 1008):  
03-31 16:35:55.434 V/WallpaperService(  680): Setting wallpaper dimming: 0.05
03-31 16:35:55.435 D/vold    (  187): Finished restorecon of /data/system_ce/0
03-31 16:35:55.435 D/vold    (  187): Starting restorecon of /data/vendor_ce/0
03-31 16:35:55.437 D/vold    (  187): Finished restorecon of /data/vendor_ce/0
03-31 16:35:55.438 D/vold    (  187): Starting restorecon of /data/misc_ce/0
03-31 16:35:55.368 I/rainbow_flow(  325): type=1400 audit(0.0:368): avc: denied { ioctl } for path="/dev/spidev1.0" dev="tmpfs" ino=3270 ioctlcmd=0x6b00 scontext=u:r:init:s0 tcontext=u:object_r:device:s0 tclass=chr_file permissive=1
01-01 08:00:25.278 I/selinux ( 1009): SELinux: Skipping restorecon on directory(/data/vendor_ce/0)
03-31 16:35:55.440 D/vold    (  187): Finished restorecon of /data/misc_ce/0
03-31 16:35:55.440 D/vold    (  187): /system/bin/vold_prepare_subdirs
03-31 16:35:55.440 D/vold    (  187):     prepare
03-31 16:35:55.440 D/vold    (  187):     
03-31 16:35:55.440 D/vold    (  187):     0
03-31 16:35:55.440 D/vold    (  187):     2
03-31 16:35:55.456 I/bt_chip_vendor(  250): hw_rf_cback hw_core_cback response: [0xFCA2, 0x0000, 0x00]
03-31 16:35:55.457 I/bt_chip_vendor(  250): hw_core_enable
03-31 16:35:55.457 I/bt_chip_vendor(  250): hw_core_enable : 1
03-31 16:35:55.457 E/bt_upio (  250): upio_set : /proc/bluetooth/sleep/btwrite(-1) incorrent
03-31 16:35:55.469 I/bt_chip_vendor(  250): hw_core_cback hw_core_cback response: [0xFCA1, 0x0000, 0x01]
03-31 16:35:55.469 D/android.hardware.bluetooth@1.0-impl(  250): OnFirmwareConfigured result: 0
03-31 16:35:55.469 I/android.hardware.bluetooth@1.0-impl(  250): Firmware configured in 0.137s
03-31 16:35:55.470 I/bt_hci  (  673): system/bt/hci/src/hci_layer.cc:367 event_finish_startup: event_finish_startup
03-31 16:35:55.470 I/android.hardware.bluetooth@1.0-impl(  250): OnFirmwareConfigured: lpm_timeout_ms 1500
03-31 16:35:55.470 D/android.hardware.bluetooth@1.0-impl(  250): low_power_mode_cb result: 0
03-31 16:35:55.470 D/android.hardware.bluetooth@1.0-impl(  250): OnFirmwareConfigured Calling StartLowPowerWatchdog()
03-31 16:35:55.470 I/bt_core_module(  673): system/bt/btcore/src/module.cc:90 module_start_up: module_start_up Started module "hci_module"
03-31 16:35:55.470 I/bt_l2cap(  673): system/bt/stack/l2cap/l2c_api.cc:134 L2CA_Register: L2CAP Registered service classic PSM: 0x0001
03-31 16:35:55.472 I/bt_l2cap(  673): system/bt/stack/l2cap/l2c_api.cc:134 L2CA_Register: L2CAP Registered service classic PSM: 0x001f
03-31 16:35:55.472 I/bluetooth(  673): system/bt/stack/gatt/gatt_api.cc:1019 GATT_Register: Allocated name:GattProfileDb uuid:81818181-8181-8181-8181-818181818181 gatt_if:1 eatt_support:0
03-31 16:35:55.472 I/droid.bluetoot(  673): [0331/163555.472857:INFO:gatt_api.cc(179)] GATTS_AddService
03-31 16:35:55.473 I/droid.bluetoot(  673): [0331/163555.473155:INFO:gatt_api.cc(288)] GATTS_AddService: service parsed correctly, now starting
03-31 16:35:55.473 I/droid.bluetoot(  673): [0331/163555.473289:INFO:gatt_sr_hash.cc(124)] gatts_calculate_database_hash: hash=80AEB10BC70DCCEFA207489DCED98FED
03-31 16:35:55.473 I/bt_l2cap(  673): system/bt/stack/l2cap/l2c_api.cc:434 L2CA_RegisterLECoc: Registered service LE COC PSM: 0x0027
03-31 16:35:55.476 D/vold_prepare_subdirs( 1011): Setting up mode 771 uid 1000 gid 1000 context u:object_r:system_data_file:s0:c512,c768 on path: /data/data
03-31 16:35:55.477 D/vold_prepare_subdirs( 1011): Setting up mode 700 uid 0 gid 0 context u:object_r:vold_data_file:s0 on path: /data/misc_ce/0/vold
03-31 16:35:55.477 I/bt_l2cap(  673): system/bt/stack/l2cap/l2c_api.cc:134 L2CA_Register: L2CAP Registered service classic PSM: 0x0003
03-31 16:35:55.479 D/vold_prepare_subdirs( 1011): Setting up mode 700 uid 0 gid 0 context u:object_r:storaged_data_file:s0 on path: /data/misc_ce/0/storaged
03-31 16:35:55.480 I/bluetooth(  673): system/bt/stack/gatt/gatt_api.cc:1019 GATT_Register: Allocated name:Gap uuid:82828282-8282-8282-8282-828282828282 gatt_if:2 eatt_support:0
03-31 16:35:55.480 I/droid.bluetoot(  673): [0331/163555.480188:INFO:gatt_api.cc(179)] GATTS_AddService
03-31 16:35:55.480 I/droid.bluetoot(  673): [0331/163555.480332:INFO:gatt_api.cc(288)] GATTS_AddService: service parsed correctly, now starting
03-31 16:35:55.481 D/vold_prepare_subdirs( 1011): Setting up mode 700 uid 0 gid 0 context u:object_r:rollback_data_file:s0 on path: /data/misc_ce/0/rollback
03-31 16:35:55.482 I/droid.bluetoot(  673): [0331/163555.482221:INFO:gatt_sr_hash.cc(124)] gatts_calculate_database_hash: hash=8991C462EBE9D90B9EA0DA3E16D0F513
03-31 16:35:55.483 D/vold_prepare_subdirs( 1011): Setting up mode 700 uid 0 gid 0 context u:object_r:apex_rollback_data_file:s0 on path: /data/misc_ce/0/apexrollback
03-31 16:35:55.483 I/bt_bte  (  673): system/bt/main/bte_logmsg.cc:248 load_levels_from_config: BTE_InitTraceLevels -- TRC_HCI : Level 2
03-31 16:35:55.483 I/bt_bte  (  673): system/bt/main/bte_logmsg.cc:248 load_levels_from_config: BTE_InitTraceLevels -- TRC_L2CAP : Level 2
03-31 16:35:55.483 I/bt_bte  (  673): system/bt/main/bte_logmsg.cc:248 load_levels_from_config: BTE_InitTraceLevels -- TRC_RFCOMM : Level 2
03-31 16:35:55.483 I/bt_bte  (  673): system/bt/main/bte_logmsg.cc:248 load_levels_from_config: BTE_InitTraceLevels -- TRC_AVDT : Level 2
03-31 16:35:55.483 I/bt_bte  (  673): system/bt/main/bte_logmsg.cc:248 load_levels_from_config: BTE_InitTraceLevels -- TRC_AVRC : Level 2
03-31 16:35:55.483 I/bt_bte  (  673): system/bt/main/bte_logmsg.cc:248 load_levels_from_config: BTE_InitTraceLevels -- TRC_A2D : Level 2
03-31 16:35:55.483 I/bt_bte  (  673): system/bt/main/bte_logmsg.cc:248 load_levels_from_config: BTE_InitTraceLevels -- TRC_BNEP : Level 2
03-31 16:35:55.483 I/bt_bte  (  673): system/bt/main/bte_logmsg.cc:248 load_levels_from_config: BTE_InitTraceLevels -- TRC_BTM : Level 2
03-31 16:35:55.483 I/bt_bte  (  673): system/bt/main/bte_logmsg.cc:248 load_levels_from_config: BTE_InitTraceLevels -- TRC_HID_HOST : Level 2
03-31 16:35:55.483 I/bt_bte  (  673): system/bt/main/bte_logmsg.cc:248 load_levels_from_config: BTE_InitTraceLevels -- TRC_PAN : Level 2
03-31 16:35:55.483 I/bt_bte  (  673): system/bt/main/bte_logmsg.cc:248 load_levels_from_config: BTE_InitTraceLevels -- TRC_SDP : Level 2
03-31 16:35:55.483 I/bt_bte  (  673): system/bt/main/bte_logmsg.cc:248 load_levels_from_config: BTE_InitTraceLevels -- TRC_SMP : Level 2
03-31 16:35:55.483 I/bt_bte  (  673): system/bt/main/bte_logmsg.cc:248 load_levels_from_config: BTE_InitTraceLevels -- TRC_HID_DEV : Level 2
03-31 16:35:55.483 I/bt_bte  (  673): system/bt/main/bte_logmsg.cc:248 load_levels_from_config: BTE_InitTraceLevels -- TRC_BTAPP : Level 2
03-31 16:35:55.483 I/bt_bte  (  673): system/bt/main/bte_logmsg.cc:248 load_levels_from_config: BTE_InitTraceLevels -- TRC_BTIF : Level 2
03-31 16:35:55.484 D/vold_prepare_subdirs( 1011): Setting up mode 711 uid 0 gid 0 context u:object_r:apex_module_data_file:s0 on path: /data/misc_ce/0/apexdata
03-31 16:35:55.485 I/bt_stack(  673): [INFO:message_loop_thread.cc(224)] Run: message loop starting for thread bt_main_thread
03-31 16:35:55.485 D/vold_prepare_subdirs( 1011): Setting up mode 771 uid 0 gid 1000 context u:object_r:apex_wifi_data_file:s0 on path: /data/misc_ce/0/apexdata/com.android.wifi
03-31 16:35:55.486 I/bt_core_module(  673): system/bt/btcore/src/module.cc:85 module_start_up: module_start_up Starting module "controller_module"
03-31 16:35:55.489 W/IorapForwardingService(  479): No service published for: iorapd
03-31 16:35:55.490 D/vold_prepare_subdirs( 1011): Setting up mode 771 uid 0 gid 1000 context u:object_r:apex_module_data_file:s0 on path: /data/misc_ce/0/apexdata/com.android.vndk.v31
03-31 16:35:55.495 D/vold_prepare_subdirs( 1011): Setting up mode 771 uid 0 gid 1000 context u:object_r:apex_module_data_file:s0 on path: /data/misc_ce/0/apexdata/com.android.tzdata
03-31 16:35:55.499 D/vold_prepare_subdirs( 1011): Setting up mode 771 uid 0 gid 1000 context u:object_r:apex_module_data_file:s0 on path: /data/misc_ce/0/apexdata/com.android.tethering
03-31 16:35:55.502 D/vold_prepare_subdirs( 1011): Setting up mode 771 uid 0 gid 1000 context u:object_r:apex_module_data_file:s0 on path: /data/misc_ce/0/apexdata/com.android.sdkext
03-31 16:35:55.505 D/vold_prepare_subdirs( 1011): Setting up mode 771 uid 0 gid 1000 context u:object_r:apex_module_data_file:s0 on path: /data/misc_ce/0/apexdata/com.android.scheduling
03-31 16:35:55.507 D/vold_prepare_subdirs( 1011): Setting up mode 771 uid 0 gid 1000 context u:object_r:apex_module_data_file:s0 on path: /data/misc_ce/0/apexdata/com.android.runtime
03-31 16:35:55.509 D/vold_prepare_subdirs( 1011): Setting up mode 771 uid 0 gid 1000 context u:object_r:apex_module_data_file:s0 on path: /data/misc_ce/0/apexdata/com.android.resolv
03-31 16:35:55.514 I/hwservicemanager(  183): getTransport: Cannot find entry android.hardware.graphics.mapper@4.0::IMapper/default in either framework or device VINTF manifest.
03-31 16:35:55.514 I/Gralloc4(  680): mapper 4.x is not supported
03-31 16:35:55.515 I/hwservicemanager(  183): getTransport: Cannot find entry android.hardware.graphics.mapper@3.0::IMapper/default in either framework or device VINTF manifest.
03-31 16:35:55.515 W/Gralloc3(  680): mapper 3.x is not supported
03-31 16:35:55.518 D/vold_prepare_subdirs( 1011): Setting up mode 771 uid 0 gid 1000 context u:object_r:apex_permission_data_file:s0 on path: /data/misc_ce/0/apexdata/com.android.permission
03-31 16:35:55.520 D/vold_prepare_subdirs( 1011): Setting up mode 771 uid 0 gid 1000 context u:object_r:apex_module_data_file:s0 on path: /data/misc_ce/0/apexdata/com.android.os.statsd
01-01 08:00:25.351 E/        (  344): recv_kernel_event address b4:2f:03:15:6f:44
03-31 16:35:55.522 D/vold_prepare_subdirs( 1011): Setting up mode 771 uid 0 gid 1000 context u:object_r:apex_module_data_file:s0 on path: /data/misc_ce/0/apexdata/com.android.neuralnetworks
03-31 16:35:55.524 E/gralloc (  680): Arm Module v1.0
03-31 16:35:55.524 D/vold_prepare_subdirs( 1011): Setting up mode 771 uid 0 gid 1000 context u:object_r:apex_module_data_file:s0 on path: /data/misc_ce/0/apexdata/com.android.mediaprovider
03-31 16:35:55.526 D/vold_prepare_subdirs( 1011): Setting up mode 771 uid 0 gid 1000 context u:object_r:apex_module_data_file:s0 on path: /data/misc_ce/0/apexdata/com.android.media.swcodec
03-31 16:35:55.528 I/hwservicemanager(  183): getTransport: Cannot find entry android.hardware.graphics.allocator@4.0::IAllocator/default in either framework or device VINTF manifest.
03-31 16:35:55.529 D/vold_prepare_subdirs( 1011): Setting up mode 771 uid 0 gid 1000 context u:object_r:apex_module_data_file:s0 on path: /data/misc_ce/0/apexdata/com.android.media
03-31 16:35:55.529 W/Gralloc4(  680): allocator 4.x is not supported
03-31 16:35:55.530 I/hwservicemanager(  183): getTransport: Cannot find entry android.hardware.graphics.allocator@3.0::IAllocator/default in either framework or device VINTF manifest.
03-31 16:35:55.530 D/vold_prepare_subdirs( 1011): Setting up mode 771 uid 0 gid 1000 context u:object_r:apex_module_data_file:s0 on path: /data/misc_ce/0/apexdata/com.android.ipsec
03-31 16:35:55.530 W/Gralloc3(  680): allocator 3.x is not supported
03-31 16:35:55.531 D/vold_prepare_subdirs( 1011): Setting up mode 771 uid 0 gid 1000 context u:object_r:apex_module_data_file:s0 on path: /data/misc_ce/0/apexdata/com.android.i18n
03-31 16:35:55.532 D/vold_prepare_subdirs( 1011): Setting up mode 771 uid 0 gid 1000 context u:object_r:apex_module_data_file:s0 on path: /data/misc_ce/0/apexdata/com.android.extservices
03-31 16:35:55.534 D/vold_prepare_subdirs( 1011): Setting up mode 771 uid 0 gid 1000 context u:object_r:apex_module_data_file:s0 on path: /data/misc_ce/0/apexdata/com.android.conscrypt
03-31 16:35:55.536 D/vold_prepare_subdirs( 1011): Setting up mode 771 uid 0 gid 1000 context u:object_r:apex_module_data_file:s0 on path: /data/misc_ce/0/apexdata/com.android.art
03-31 16:35:55.537 D/vold_prepare_subdirs( 1011): Setting up mode 771 uid 0 gid 1000 context u:object_r:apex_appsearch_data_file:s0 on path: /data/misc_ce/0/apexdata/com.android.appsearch
03-31 16:35:55.537 I/gralloc (  257): alloc buffer:W:1920 H:1080 S:1920 PL[1920 1080] SZ:8294400 fmt:43 if:0 af:43 usg:20000b00 fg:00000004
03-31 16:35:55.538 D/vold_prepare_subdirs( 1011): Setting up mode 771 uid 0 gid 1000 context u:object_r:apex_module_data_file:s0 on path: /data/misc_ce/0/apexdata/com.android.adbd
03-31 16:35:55.538 E/ion     (  680): ioctl c0044901 failed with code -1: Inappropriate ioctl for device
03-31 16:35:55.539 D/vold_prepare_subdirs( 1011): Setting up mode 700 uid 1000 gid 1000 context u:object_r:backup_data_file:s0 on path: /data/system_ce/0/backup
03-31 16:35:55.540 D/vold_prepare_subdirs( 1011): Setting up mode 700 uid 1000 gid 1000 context u:object_r:backup_data_file:s0 on path: /data/system_ce/0/backup_stage
03-31 16:35:55.541 D/vold_prepare_subdirs( 1011): Setting up mode 700 uid 1000 gid 1000 context u:object_r:face_vendor_data_file:s0 on path: /data/vendor_ce/0/facedata
03-31 16:35:55.549 V/UserDataPreparer(  479): Found /data/user/0 with serial number 0
03-31 16:35:55.549 V/UserDataPreparer(  479): Found /data/system_ce/0 with serial number 0
03-31 16:35:55.551 D/UserDataPreparer(  479): Setting property: sys.user.0.ce_available=true
03-31 16:35:55.552 V/PackageManager(  479): reconcileAppsData for null u0 0x2 migrateAppData=false
03-31 16:35:55.555 I/gralloc (  257): alloc buffer:W:1920 H:1080 S:1920 PL[1920 1080] SZ:8294400 fmt:43 if:0 af:43 usg:20000b00 fg:00000004
03-31 16:35:55.564 W/sunxihwc(  258): computeLayerMemoryFootprint: Unknown pixelformat(-1)
03-31 16:35:55.663 I/update_engine(  391): [INFO:cleanup_previous_update_action.cc(112)] Executing task 6
03-31 16:35:55.672 I/update_engine(  391): [INFO:cleanup_previous_update_action.cc(189)] Boot completed, waiting on markBootSuccessful()
03-31 16:35:55.675 I/update_engine(  391): EnsureMetadataMounted does nothing in Android mode.
03-31 16:35:55.677 I/update_engine(  391): Read merge statistics file failed: No such file or directory
03-31 16:35:55.684 I/update_engine(  391): [INFO:cleanup_previous_update_action.cc(261)] Waiting for any previous merge request to complete. This can take up to several minutes.
03-31 16:35:55.686 E/update_engine(  391): Read state file failed: No such file or directory
03-31 16:35:55.687 E/update_engine(  391): Read state file failed: No such file or directory
03-31 16:35:55.689 I/update_engine(  391): CheckMergeState for snapshots returned: 0
03-31 16:35:55.690 I/update_engine(  391): ProcessUpdateState handling state: 0
03-31 16:35:55.691 I/update_engine(  391): [INFO:cleanup_previous_update_action.cc(287)] Can't find any snapshot to merge.
03-31 16:35:55.692 E/update_engine(  391): Read state file failed: No such file or directory
03-31 16:35:55.693 I/update_engine(  391): [INFO:cleanup_previous_update_action.cc(130)] Stopping/suspending/completing CleanupPreviousUpdateAction
03-31 16:35:55.695 I/update_engine(  391): [INFO:cleanup_previous_update_action.cc(469)] Not reporting merge stats because state is None
03-31 16:35:55.699 I/update_engine(  391): [INFO:cleanup_previous_update_action.cc(130)] Stopping/suspending/completing CleanupPreviousUpdateAction
03-31 16:35:55.700 I/update_engine(  391): [INFO:action_processor.cc(116)] ActionProcessor: finished last action CleanupPreviousUpdateAction with code ErrorCode::kSuccess
03-31 16:35:55.701 I/update_engine(  391): [INFO:update_attempter_android.cc(549)] Processing Done.
03-31 16:35:55.702 I/update_engine(  391): [INFO:update_attempter_android.cc(701)] Terminating cleanup previous update.
03-31 16:35:55.760 W/HdmiCecController(  479): Failed to send <Give System Audio Mode Status> 45:7D with errorCode=1
03-31 16:35:55.756 I/EventThread(  263): type=1400 audit(0.0:369): avc: denied { search } for name="extcon" dev="sysfs" ino=18102 scontext=u:r:hal_tv_cec_default:s0 tcontext=u:object_r:sysfs_extcon:s0 tclass=dir permissive=1
01-01 08:00:25.720 I/init (164)(  164): drop_caches: 3
03-31 16:35:55.899 D/XiriService(  307): check file name: /data/data/com.android.cts.priv.ctsshim/lib
03-31 16:35:55.901 D/XiriService(  307): check file name: /data/data/com.android.cts.priv.ctsshim/lib
03-31 16:35:55.905 D/XiriService(  307): check file name: /data/data/com.android.dynsystem/lib
03-31 16:35:55.906 D/XiriService(  307): check file name: /data/data/com.android.dynsystem/lib
03-31 16:35:55.907 D/XiriService(  307): check file name: /data/data/com.dangbei.lerad.rocky/lib
03-31 16:35:55.909 D/XiriService(  307): check file name: /data/data/com.dangbei.lerad.rocky/lib
03-31 16:35:55.909 D/XiriService(  307): check file name: /data/data/com.android.tv.settings/lib
03-31 16:35:55.909 D/XiriService(  307): check file name: /data/data/com.android.tv.settings/lib
03-31 16:35:55.910 D/XiriService(  307): check file name: /data/data/com.android.tv.settings/lib
03-31 16:35:55.910 D/XiriService(  307): check file name: /data/data/com.oranth.factory/lib
03-31 16:35:55.911 D/XiriService(  307): check file name: /data/data/com.oranth.factory/lib
03-31 16:35:55.912 D/XiriService(  307): check file name: /data/data/com.dangbei.zhushou.os/lib
03-31 16:35:55.912 D/XiriService(  307): check file name: /data/data/com.dangbei.zhushou.os/lib
03-31 16:35:55.913 D/XiriService(  307): check file name: /data/data/com.sohu.inputmethod.sogou.tv/lib
03-31 16:35:55.914 D/XM_HIDREAD(  317): add@ add@/kernel/slab/:0000008
03-31 16:35:55.914 D/XiriService(  307): check file name: /data/data/com.sohu.inputmethod.sogou.tv/lib
03-31 16:35:55.884 I/init    (  164): type=1400 audit(0.0:370): avc: denied { write } for name="dirty_expire_centisecs" dev="proc" ino=14017 scontext=u:r:vendor_init:s0 tcontext=u:object_r:proc_dirty:s0 tclass=file permissive=1
03-31 16:35:55.916 D/XiriService(  307): check file name: /data/data/com.oranth.ledstatus/lib
03-31 16:35:55.918 D/XiriService(  307): check file name: /data/data/com.oranth.ledstatus/lib
03-31 16:35:55.920 D/XiriService(  307): check file name: /data/data/com.dangbei.lerad.videoposter/lib
01-01 08:00:25.747 I/zram0   (    1): detected capacity change from 0 to 1541578752
03-31 16:35:55.921 D/XiriService(  307): check file name: /data/data/com.dangbei.lerad.videoposter/lib
03-31 16:35:55.922 D/XiriService(  307): check file name: /data/data/com.android.networkstack/lib
03-31 16:35:55.923 D/XiriService(  307): check file name: /data/data/com.android.networkstack/lib
03-31 16:35:55.924 D/XiriService(  307): check file name: /data/data/com.android.networkstack/lib
03-31 16:35:55.925 D/XiriService(  307): check file name: /data/data/android/lib
03-31 16:35:55.927 D/XiriService(  307): check file name: /data/data/android/lib
03-31 16:35:55.927 D/XiriService(  307): check file name: /data/data/com.dangbei.screencast/lib
03-31 16:35:55.928 D/XiriService(  307): check file name: /data/data/com.dangbei.screencast/lib
03-31 16:35:55.930 D/XiriService(  307): check file name: /data/data/com.dangbei.leard.leradlauncher/lib
03-31 16:35:55.931 D/XiriService(  307): check file name: /data/data/com.dangbei.leard.leradlauncher/lib
03-31 16:35:55.932 D/XiriService(  307): check file name: /data/data/com.android.providers.settings/lib
03-31 16:35:55.933 D/XiriService(  307): check file name: /data/data/com.android.providers.settings/lib
03-31 16:35:55.938 D/XiriService(  307): check file name: /data/data/com.android.printspooler/lib
03-31 16:35:55.940 D/XiriService(  307): check file name: /data/data/com.android.webview/lib
03-31 16:35:55.940 D/XiriService(  307): check file name: /data/data/com.android.inputdevices/lib
03-31 16:35:55.941 D/XiriService(  307): check file name: /data/data/com.android.bips/lib
03-31 16:35:55.944 D/XiriService(  307): check file name: /data/data/com.android.bips/lib
03-31 16:35:55.944 D/XiriService(  307): check file name: /data/data/com.oranth.inputmacsn/lib
03-31 16:35:55.945 D/XiriService(  307): check file name: /data/data/com.android.keychain/lib
03-31 16:35:55.945 D/XiriService(  307): check file name: /data/data/com.android.keychain/lib
03-31 16:35:55.945 D/XiriService(  307): check file name: /data/data/android.ext.services/lib
03-31 16:35:55.946 D/XiriService(  307): check file name: /data/data/android.ext.services/lib
03-31 16:35:55.884 I/xiriservice_All(  307): type=1400 audit(0.0:371): avc: denied { search } for name="com.android.cts.priv.ctsshim" dev="mmcblk0p25" ino=590 scontext=u:r:init:s0 tcontext=u:object_r:privapp_data_file:s0:c512,c768 tclass=dir permissive=1
03-31 16:35:55.947 D/XiriService(  307): check file name: /data/data/com.android.localtransport/lib
03-31 16:35:55.949 D/XiriService(  307): check file name: /data/data/com.android.localtransport/lib
03-31 16:35:55.951 D/XiriService(  307): check file name: /data/data/com.android.packageinstaller/lib
03-31 16:35:55.952 D/XiriService(  307): check file name: /data/data/com.android.packageinstaller/lib
03-31 16:35:55.954 D/XiriService(  307): check file name: /data/data/com.oranth.usbopenft/lib
03-31 16:35:55.955 D/XiriService(  307): check file name: /data/data/com.oranth.usbopenft/lib
03-31 16:35:55.956 D/XiriService(  307): check file name: /data/data/com.android.networkstack.tethering/lib
03-31 16:35:55.957 D/XiriService(  307): check file name: /data/data/com.android.networkstack.tethering/lib
03-31 16:35:55.958 D/XiriService(  307): check file name: /data/data/com.dangbei.lerad.etna.haqu/lib
03-31 16:35:55.959 D/XiriService(  307): check file name: /data/data/com.dangbei.lerad.etna.haqu/lib
03-31 16:35:55.960 D/XiriService(  307): check file name: /data/data/com.oranth.powerwindow/lib
03-31 16:35:55.961 D/XiriService(  307): check file name: /data/data/com.oranth.powerwindow/lib
03-31 16:35:55.962 D/XiriService(  307): check file name: /data/data/com.android.networkstack.permissionconfig/lib
03-31 16:35:55.963 D/XiriService(  307): check file name: /data/data/com.android.networkstack.permissionconfig/lib
03-31 16:35:55.965 D/XiriService(  307): check file name: /data/data/com.dangbei.lerad.screensaver/lib
03-31 16:35:55.966 D/XiriService(  307): check file name: /data/data/com.dangbei.lerad.screensaver/lib
03-31 16:35:55.968 D/XiriService(  307): check file name: /data/data/com.android.wallpaperbackup/lib
03-31 16:35:55.968 D/XiriService(  307): check file name: /data/data/com.android.wallpaperbackup/lib
03-31 16:35:55.970 D/XiriService(  307): check file name: /data/data/com.android.providers.media.module/lib
03-31 16:35:55.971 D/XiriService(  307): check file name: /data/data/com.android.providers.media.module/lib
03-31 16:35:55.972 D/XiriService(  307): check file name: /data/data/com.oranth.storage/lib
03-31 16:35:55.884 I/xiriservice_All(  307): type=1400 audit(0.0:372): avc: denied { read } for name="lib" dev="mmcblk0p25" ino=3669 scontext=u:r:init:s0 tcontext=u:object_r:privapp_data_file:s0:c512,c768 tclass=lnk_file permissive=1
03-31 16:35:55.974 D/XiriService(  307): check file name: /data/data/com.oranth.storage/lib
03-31 16:35:55.974 D/XiriService(  307): check file name: /data/data/com.android.location.fused/lib
03-31 16:35:55.975 D/XiriService(  307): check file name: /data/data/com.android.location.fused/lib
03-31 16:35:55.976 D/XiriService(  307): check file name: /data/data/com.dangbei.haqusetting/lib
03-31 16:35:55.977 D/XiriService(  307): check file name: /data/data/com.dangbei.haqusetting/lib
01-01 08:00:25.817 I/mkswap  (    1): Swapspace size: 1505444k, UUID=da1075cf-1d8d-477d-be14-11ff3a55c5fe
03-31 16:35:55.884 I/xiriservice_All(  307): type=1400 audit(0.0:373): avc: denied { read } for name="lib" dev="mmcblk0p25" ino=3795 scontext=u:r:init:s0 tcontext=u:object_r:privapp_data_file:s0:c512,c768 tclass=lnk_file permissive=1
03-31 16:35:55.884 I/xiriservice_All(  307): type=1400 audit(0.0:374): avc: denied { search } for name="com.android.dynsystem" dev="mmcblk0p25" ino=598 scontext=u:r:init:s0 tcontext=u:object_r:system_app_data_file:s0 tclass=dir permissive=1
03-31 16:35:55.884 I/xiriservice_All(  307): type=1400 audit(0.0:375): avc: denied { read } for name="lib" dev="mmcblk0p25" ino=3671 scontext=u:r:init:s0 tcontext=u:object_r:system_app_data_file:s0 tclass=lnk_file permissive=1
03-31 16:35:55.998 D/XiriService(  307): check file name: /data/data/com.softwinner.miracastReceiver/lib
03-31 16:35:55.912 I/xiriservice_All(  307): type=1400 audit(0.0:376): avc: denied { search } for name="com.sohu.inputmethod.sogou.tv" dev="mmcblk0p25" ino=1429 scontext=u:r:init:s0 tcontext=u:object_r:app_data_file:s0:c47,c256,c512,c768 tclass=dir permissive=1
03-31 16:35:55.912 I/xiriservice_All(  307): type=1400 audit(0.0:377): avc: denied { read } for name="lib" dev="mmcblk0p25" ino=3681 scontext=u:r:init:s0 tcontext=u:object_r:app_data_file:s0:c47,c256,c512,c768 tclass=lnk_file permissive=1
03-31 16:35:55.916 I/xiriservice_All(  307): type=1400 audit(0.0:378): avc: denied { search } for name="com.dangbei.lerad.videoposter" dev="mmcblk0p25" ino=766 scontext=u:r:init:s0 tcontext=u:object_r:app_data_file:s0:c512,c768 tclass=dir permissive=1
03-31 16:35:55.916 I/xiriservice_All(  307): type=1400 audit(0.0:379): avc: denied { read } for name="lib" dev="mmcblk0p25" ino=3685 scontext=u:r:init:s0 tcontext=u:object_r:app_data_file:s0:c512,c768 tclass=lnk_file permissive=1
03-31 16:35:55.916 I/xiriservice_All(  307): type=1400 audit(0.0:380): avc: denied { read } for name="lib" dev="mmcblk0p25" ino=3687 scontext=u:r:init:s0 tcontext=u:object_r:radio_data_file:s0 tclass=lnk_file permissive=1
03-31 16:35:55.932 I/xiriservice_All(  307): type=1400 audit(0.0:381): avc: denied { search } for name="com.android.printspooler" dev="mmcblk0p25" ino=952 scontext=u:r:init:s0 tcontext=u:object_r:app_data_file:s0:c52,c256,c512,c768 tclass=dir permissive=1
03-31 16:35:55.932 I/xiriservice_All(  307): type=1400 audit(0.0:382): avc: denied { read } for name="lib" dev="mmcblk0p25" ino=3809 scontext=u:r:init:s0 tcontext=u:object_r:app_data_file:s0:c52,c256,c512,c768 tclass=lnk_file permissive=1
03-31 16:35:55.936 I/xiriservice_All(  307): type=1400 audit(0.0:383): avc: denied { search } for name="com.android.webview" dev="mmcblk0p25" ino=969 scontext=u:r:init:s0 tcontext=u:object_r:app_data_file:s0:c60,c256,c512,c768 tclass=dir permissive=1
03-31 16:35:55.999 D/XiriService(  307): check file name: /data/data/com.softwinner.miracastReceiver/lib
03-31 16:35:55.936 I/xiriservice_All(  307): type=1400 audit(0.0:384): avc: denied { read } for name="lib" dev="mmcblk0p25" ino=3810 scontext=u:r:init:s0 tcontext=u:object_r:app_data_file:s0:c60,c256,c512,c768 tclass=lnk_file permissive=1
03-31 16:35:55.960 I/xiriservice_All(  307): type=1400 audit(0.0:385): avc: denied { search } for name="com.dangbei.lerad.screensaver" dev="mmcblk0p25" ino=1208 scontext=u:r:init:s0 tcontext=u:object_r:app_data_file:s0:c50,c256,c512,c768 tclass=dir permissive=1
03-31 16:35:55.960 I/xiriservice_All(  307): type=1400 audit(0.0:386): avc: denied { read } for name="lib" dev="mmcblk0p25" ino=3720 scontext=u:r:init:s0 tcontext=u:object_r:app_data_file:s0:c50,c256,c512,c768 tclass=lnk_file permissive=1
03-31 16:35:55.964 I/xiriservice_All(  307): type=1400 audit(0.0:387): avc: denied { search } for name="com.android.providers.media.module" dev="mmcblk0p25" ino=1280 scontext=u:r:init:s0 tcontext=u:object_r:privapp_data_file:s0:c74,c256,c512,c768 tclass=dir permissive=1
03-31 16:35:55.964 I/xiriservice_All(  307): type=1400 audit(0.0:388): avc: denied { read } for name="lib" dev="mmcblk0p25" ino=3724 scontext=u:r:init:s0 tcontext=u:object_r:privapp_data_file:s0:c74,c256,c512,c768 tclass=lnk_file permissive=1
03-31 16:35:56.000 D/XiriService(  307): check file name: /data/data/com.android.bluetooth/lib
03-31 16:35:55.996 I/xiriservice_All(  307): type=1400 audit(0.0:389): avc: denied { read } for name="lib" dev="mmcblk0p25" ino=3732 scontext=u:r:init:s0 tcontext=u:object_r:bluetooth_data_file:s0 tclass=lnk_file permissive=1
03-31 16:35:56.001 V/PackageManager(  479): reconcileAppsData finished 112 packages
03-31 16:35:56.002 D/XiriService(  307): check file name: /data/data/com.android.bluetooth/lib
03-31 16:35:56.002 I/ActivityManager(  479): User 0 state changed from RUNNING_LOCKED to RUNNING_UNLOCKING
03-31 16:35:56.003 D/ActivityManager(  479): Unlocking user 0 progress 20
03-31 16:35:56.004 W/system_server(  479): Long monitor contention with owner android.display (529) at void com.android.server.am.ActivityManagerService.finishBooting()(ActivityManagerService.java:4816) waiters=0 in void com.android.server.am.BroadcastQueue.processNextBroadcast(boolean) for 596ms
03-31 16:35:56.012 I/SystemServerTimingAsync(  479): ssm.UnlockingUser-0
03-31 16:35:56.012 I/SystemServiceManager(  479): Calling onUnlockingUser 0
03-31 16:35:56.018 D/BluetoothManagerService(  479): User 0 unlocked
03-31 16:35:56.019 D/StorageManagerService(  479): onUnlockUser 0
03-31 16:35:56.019 I/StorageSessionController(  479): On user unlock 0
03-31 16:35:56.019 I/StorageSessionController(  479): Initialialising...
03-31 16:35:56.020 I/vold    (  187): onUserStarted: 0
03-31 16:35:56.022 D/SystemUIService(  680): Starting Wifi now
03-31 16:35:56.023 D/BluetoothManagerService(  479): MESSAGE_USER_UNLOCKED
03-31 16:35:56.023 D/ActivityManagerTiming(  479): FinishBooting took to complete: 872ms
03-31 16:35:56.024 D/AW_CODE (  479): rotation =0
03-31 16:35:56.020 I/ndroid.systemui(  680): type=1400 audit(0.0:390): avc: denied { search } for name="com.android.systemui" dev="mmcblk0p25" ino=507 scontext=u:r:platform_app:s0:c512,c768 tcontext=u:object_r:app_data_file:s0:c512,c768 tclass=dir permissive=1 app=com.softwinner.screenshot
03-31 16:35:56.025 E/WifiHAL (  667): wifi_get_link_stats: requestResponse Error:-5
03-31 16:35:56.027 W/TextServicesManagerService(  479): no available spell checker services found
03-31 16:35:56.031 E/WifiVendorHal(  479): getWifiLinkLayerStats_1_5_Internal(l.1191) failed {.code = ERROR_INVALID_ARGS, .description = }
03-31 16:35:56.028 I/SharedPreferenc(  680): type=1400 audit(0.0:391): avc: denied { open } for path="/data/user_de/0/com.android.systemui/shared_prefs/com.android.systemui.xml" dev="mmcblk0p25" ino=2195 scontext=u:r:platform_app:s0:c512,c768 tcontext=u:object_r:app_data_file:s0:c512,c768 tclass=file permissive=1 app=com.softwinner.screenshot
03-31 16:35:56.034 D/WifiService(  479): Handle user unlock 0
03-31 16:35:56.039 I/WallpaperManagerService(  479): on-unlock-user-0
03-31 16:35:56.039 D/WallpaperManagerService(  479): on-unlock-user-0 took to complete: 0ms
03-31 16:35:56.044 D/AW_CODE (  479): rotation =0
03-31 16:35:56.045 W/BatteryExternalStatsWorker(  479): error reading modem stats:ERROR_PHONE_NOT_AVAILABLE
03-31 16:35:56.046 V/StorageManagerService(  479): Found primary storage at VolumeInfo{emulated;0}:
03-31 16:35:56.046 V/StorageManagerService(  479):     type=EMULATED diskId=null partGuid= mountFlags=0 mountUserId=0 
03-31 16:35:56.046 V/StorageManagerService(  479):     state=UNMOUNTED 
03-31 16:35:56.046 V/StorageManagerService(  479):     fsType=null fsUuid=null fsLabel=null 
03-31 16:35:56.046 V/StorageManagerService(  479):     path=null internalPath=null 
03-31 16:35:56.047 I/StorageManagerService(  479): Mounting volume VolumeInfo{emulated;0}:
03-31 16:35:56.047 I/StorageManagerService(  479):     type=EMULATED diskId=null partGuid= mountFlags=PRIMARY|VISIBLE 
03-31 16:35:56.047 I/StorageManagerService(  479):     mountUserId=0 state=UNMOUNTED 
03-31 16:35:56.047 I/StorageManagerService(  479):     fsType=null fsUuid=null fsLabel=null 
03-31 16:35:56.047 I/StorageManagerService(  479):     path=null internalPath=null 
01-01 08:00:25.872 I/        (    1): Adding 1505444k swap on /dev/block/zram0.  Priority:-2 extents:1 across:1505444k SS
03-31 16:35:56.050 I/netd    (  243): interfaceGetCfg(wlan0) -> {InterfaceConfigurationParcel{ifName: wlan0, hwAddr: b4:2f:03:15:e4:ce, ipv4Addr: 0.0.0.0, prefixLength: 0, flags: [up, broadcast, multicast]}} <3.20ms>
03-31 16:35:56.050 I/vold    (  187): Mounting emulated fuse volume
03-31 16:35:56.053 W/Looper  (  479): Slow dispatch took 289ms main h=android.os.Handler c=com.android.server.hdmi.WorkSourceUidPreservingRunnable@38f012a m=0
03-31 16:35:56.055 I/netd    (  243): interfaceGetCfg(wlan0) -> {InterfaceConfigurationParcel{ifName: wlan0, hwAddr: b4:2f:03:15:e4:ce, ipv4Addr: 0.0.0.0, prefixLength: 0, flags: [up, broadcast, multicast]}} <0.47ms>
03-31 16:35:56.057 W/VoiceInteractionManager(  479): no available voice recognition services found for user 0
03-31 16:35:56.058 D/ColorDisplayService(  479): setUp: currentUser=0
03-31 16:35:56.060 I/HibernationStateDiskStore(  479): No hibernation file on disk for file /data/system_ce/0/hibernation/states
03-31 16:35:56.062 D/WifiService(  479): Handle boot completed
03-31 16:35:56.062 W/ContextImpl(  824): Calling a method in the system process without a qualified user: android.app.ContextImpl.startService:1816 android.content.ContextWrapper.startService:774 android.content.ContextWrapper.startService:774 com.android.tv.settings.users.UserSwitchListenerService$BootReceiver.onReceive:50 android.app.ActivityThread.handleReceiver:4308 
03-31 16:35:56.063 I/BackupManagerService(  479): Starting service for user: 0
03-31 16:35:56.064 V/BackupManagerService(  479): [UserID:0] Starting with transport com.android.localtransport/.LocalTransport
