01-01 08:00:13.358 I/LibBpfLoader(  240): Section size_of_bpf_prog_def value is 28 [0x1c]
01-01 08:00:13.358 I/LibBpfLoader(  240): BpfLoader version 0x00002 processing ELF object /system/etc/bpf/gpu_mem.o with ver [0x00000,0x10000)
01-01 08:00:13.359 D/LibBpfLoader(  240): Loaded code section 3 (tracepoint_gpu_mem_gpu_mem_total)
01-01 08:00:13.360 D/LibBpfLoader(  240): Loaded relo section 3 (.reltracepoint/gpu_mem/gpu_mem_total)
01-01 08:00:13.360 D/LibBpfLoader(  240): Adding section 3 to cs list
01-01 08:00:13.361 D/LibBpfLoader(  240): bpf_create_map name gpu_mem_total_map, ret: 6
01-01 08:00:13.361 D/LibBpfLoader(  240): map_fd found at 0 is 6 in /system/etc/bpf/gpu_mem.o
01-01 08:00:13.362 D/LibBpfLoader(  240): applying relo to instruction at byte offset: 80, 	       insn offset 10 , insn 118
01-01 08:00:13.362 D/LibBpfLoader(  240): applying relo to instruction at byte offset: 128, 	       insn offset 16 , insn 118
01-01 08:00:13.362 D/LibBpfLoader(  240): applying relo to instruction at byte offset: 208, 	       insn offset 26 , insn 118
01-01 08:00:13.362 D/LibBpfLoader(  240): cs[0].name:tracepoint_gpu_mem_gpu_mem_total min_kver:0 .max_kver:ffffffff (kvers:504007d)
01-01 08:00:13.362 D/LibBpfLoader(  240): cs[0].name:tracepoint_gpu_mem_gpu_mem_total requires bpfloader version [0x00000,0x10000)
01-01 08:00:13.362 D/LibBpfLoader(  240): bpf_prog_load lib call for /system/etc/bpf/gpu_mem.o (tracepoint_gpu_mem_gpu_mem_total) returned fd: -1 (Invalid argument)
01-01 08:00:13.362 W/LibBpfLoader(  240): bpf_prog_load - BEGIN log_buf contents:
01-01 08:00:13.362 W/LibBpfLoader(  240): 
01-01 08:00:13.362 W/LibBpfLoader(  240): bpf_prog_load - END log_buf contents.
01-01 08:00:13.362 E/LibBpfLoader(  240): non-optional program failed to load.
01-01 08:00:13.362 E/LibBpfLoader(  240): Failed to load programs, loadCodeSections ret=-1
01-01 08:00:13.363 E/bpfloader(  240): Failed to load object: /system/etc/bpf/gpu_mem.o, ret: Operation not permitted
01-01 08:00:13.503 I/update_verifier(  241): Started with arg 1: nonencrypted
01-01 08:00:13.511 E/cutils-trace(  241): Error opening trace file: No such file or directory (2)
01-01 08:00:13.523 I/update_verifier(  241): Booting slot 0: isSlotMarkedSuccessful=1
01-01 08:00:13.531 I/update_verifier(  241): Leaving update_verifier.
01-01 08:00:13.473 I/ServiceManager(  242): Waiting for service 'statscompanion' on '/dev/binder'...
01-01 08:00:13.504 I/netdClient(  243): Skipping libnetd_client init since *we* are netd
01-01 08:00:13.509 I/netd    (  243): netd 1.0 starting
01-01 08:00:13.512 I/netd    (  243): Pid file removed
01-01 08:00:13.512 I/netd    (  243): SIGPIPE is blocked
01-01 08:00:13.512 I/netd    (  243): setCloseOnExec(dnsproxyd)
01-01 08:00:13.512 I/netd    (  243): setCloseOnExec(fwmarkd)
01-01 08:00:13.512 I/netd    (  243): setCloseOnExec(mdns)
01-01 08:00:13.512 I/netd    (  243): BPF programs are loaded
01-01 08:00:13.512 I/netd    (  243): NetlinkManager instanced
01-01 08:00:13.512 I/netd    (  243): enter NetworkController ctor
01-01 08:00:13.517 I/netd    (  243): leave NetworkController ctor
01-01 08:00:13.518 I/netd    (  243): enter TetherController ctor
01-01 08:00:13.518 D/TetherController(  243): Setting IP forward enable = 0
01-01 08:00:13.521 I/netd    (  243): leave TetherController ctor
01-01 08:00:13.521 D/FirewallController(  243): Could not read /proc/self/uid_map, max uid defaulting to 4294967294
01-01 08:00:13.529 E/cutils-trace(  248): Error opening trace file: No such file or directory (2)
01-01 08:00:13.543 I/HidlServiceManagement(  248): Registered android.hidl.allocator@1.0::IAllocator/ashmem
01-01 08:00:13.544 I/HidlServiceManagement(  248): Removing namespace from process name android.hidl.allocator@1.0-service to allocator@1.0-service.
01-01 08:00:13.595 I/netd    (  243): Creating child chains: 50584us
01-01 08:00:13.595 I/netd    (  243): Setting up OEM hooks: 376us
01-01 08:00:13.595 I/netd    (  243): Setting up FirewallController hooks: 99us
01-01 08:00:13.598 E/cutils-trace(  256): Error opening trace file: No such file or directory (2)
01-01 08:00:13.602 E/cutils-trace(  250): Error opening trace file: No such file or directory (2)
01-01 08:00:13.608 I/netd    (  243): Setting up TetherController hooks: 12666us
01-01 08:00:13.610 E/cutils-trace(  257): Error opening trace file: No such file or directory (2)
01-01 08:00:13.614 I/netd    (  243): Setting up BandwidthController hooks: 6749us
01-01 08:00:13.615 I/netd    (  243): Setting up IdletimerController hooks: 157us
01-01 08:00:13.616 D/Module_SUNXI(  256): hardware/aw/gatekeeper/teeGateKeeper/module_sunxi.cpp 34, trusty_gatekeeper_open
01-01 08:00:13.616 V/SUNXI_TrustyGateKeeper(  256): Gatekeeper_Initialize
01-01 08:00:13.616 D/tee_supplicant(  208): Spawning a new thread
01-01 08:00:13.617 D/tee_supplicant(  208): failed to open the ta /vendor/lib/optee_armtz/2233b43b-cec6-449a-9509-469f5023e425.ta TA-file
01-01 08:00:13.618 D/tee_supplicant(  208): looping
01-01 08:00:13.618 D/tee_supplicant(  208): looping
01-01 08:00:13.618 D/tee_supplicant(  208): failed to open the ta /vendor/lib/optee_armtz/2233b43b-cec6-449a-9509-469f5023e425.ta TA-file
01-01 08:00:13.623 D/tee_supplicant(  208): looping
01-01 08:00:13.623 D/tee_supplicant(  208): looping
01-01 08:00:13.629 I/netd    (  243): Setting up StrictController hooks: 13992us
01-01 08:00:13.629 I/netd    (  243): Initializing ClatdController: 265us
01-01 08:00:13.631 I/netd    (  243): Initializing traffic control: 1808us
01-01 08:00:13.632 E/cutils-trace(  249): Error opening trace file: No such file or directory (2)
01-01 08:00:13.651 I/netd    (  243): Enabling bandwidth control: 20604us
01-01 08:00:13.655 I/netd    (  243): Initializing RouteController: 3729us
01-01 08:00:13.656 D/XfrmController(  243): XfrmController::ipSecAddXfrmInterface, line=1479
01-01 08:00:13.661 D/XfrmController(  243): XfrmController::ipSecRemoveTunnelInterface, line=1692
01-01 08:00:13.662 D/XfrmController(  243): deviceName=ipsec_test
01-01 08:00:13.667 D/tee_supplicant(  208): looping
01-01 08:00:13.671 I/HidlServiceManagement(  250): Registered android.hardware.bluetooth@1.0::IBluetoothHci/default
01-01 08:00:13.674 I/HidlServiceManagement(  256): Registered android.hardware.gatekeeper@1.0::IGatekeeper/default
01-01 08:00:13.674 I/HidlServiceManagement(  256): Removing namespace from process name android.hardware.gatekeeper@1.0-service-aw to gatekeeper@1.0-service-aw.
01-01 08:00:13.676 I/LegacySupport(  256): Registration complete for android.hardware.gatekeeper@1.0::IGatekeeper/default.
01-01 08:00:13.681 E/cutils-trace(  252): Error opening trace file: No such file or directory (2)
01-01 08:00:13.688 D/XfrmController(  243): Sending Netlink XFRM Message: XFRM_MSG_FLUSHSA
01-01 08:00:13.688 D/XfrmController(  243): Sending Netlink XFRM Message: XFRM_MSG_FLUSHPOLICY
01-01 08:00:13.688 I/netd    (  243): Initializing XfrmController: 33022us
01-01 08:00:13.689 I/HidlServiceManagement(  250): Removing namespace from process name android.hardware.bluetooth@1.0-service to bluetooth@1.0-service.
01-01 08:00:13.690 I/LegacySupport(  250): Registration complete for android.hardware.bluetooth@1.0::IBluetoothHci/default.
01-01 08:00:13.699 D/MDnsDS  (  243): MDnsSdListener::Hander starting up
01-01 08:00:13.700 I/netd    (  243): Registering NetdNativeService: 1282us
01-01 08:00:13.701 I/HidlServiceManagement(  252): Registered android.hardware.cas@1.2::IMediaCasService/default
01-01 08:00:13.701 I/HidlServiceManagement(  252): Removing namespace from process name android.hardware.cas@1.2-service to cas@1.2-service.
01-01 08:00:13.702 E/cutils-trace(  243): Error opening trace file: No such file or directory (2)
01-01 08:00:13.710 D/MDnsDS  (  243): MDnsSdListener starting to monitor
01-01 08:00:13.711 D/MDnsDS  (  243): Going to poll with pollCount 1
01-01 08:00:13.714 I/AW_PowerHAL(  261): AW Power HAL AIDL Service is starting.
01-01 08:00:13.715 I/AW_PowerHAL(  261): PowerHAL initiated
01-01 08:00:13.717 I/android.hardware.lights-service(  260): Light Hal current version V2.0.0
01-01 08:00:13.717 D/lights_device(  260): success open disp device type=0.
01-01 08:00:13.719 I/HidlServiceManagement(  243): Registered android.system.net.netd@1.1::INetd/default
01-01 08:00:13.719 I/netd    (  243): Registering NetdHwService: 18811us
01-01 08:00:13.719 E/gralloc (  257): Arm Module v1.0
01-01 08:00:13.719 I/netd    (  243): Netd started in 210159us
01-01 08:00:13.721 I/android.hardware.camera.provider@2.4-external-service(  251): External camera provider service is starting.
01-01 08:00:13.722 E/cutils-trace(  251): Error opening trace file: No such file or directory (2)
01-01 08:00:13.723 E/cutils-trace(  259): Error opening trace file: No such file or directory (2)
01-01 08:00:13.724 I/servicemanager(  182): Found android.hardware.light.ILights/default in device VINTF manifest.
01-01 08:00:13.726 I/servicemanager(  182): Found android.hardware.power.IPower/default in device VINTF manifest.
01-01 08:00:13.726 E/cutils-trace(  263): Error opening trace file: No such file or directory (2)
01-01 08:00:13.734 I/HidlServiceManagement(  257): Registered android.hardware.graphics.allocator@2.0::IAllocator/default
01-01 08:00:13.734 I/HidlServiceManagement(  257): Removing namespace from process name android.hardware.graphics.allocator@2.0-service to allocator@2.0-service.
01-01 08:00:13.735 I/LegacySupport(  257): Registration complete for android.hardware.graphics.allocator@2.0::IAllocator/default.
01-01 08:00:13.753 E/android.hardware.usb.gadget@1.1-service.aw(  268): configfs setup not done yet
01-01 08:00:13.755 E/cutils-trace(  268): Error opening trace file: No such file or directory (2)
01-01 08:00:13.853 W/healthd (  259): No battery devices found
01-01 08:00:13.758 D/hdmi-cec(  263): Loading: sunxi HDMI CEC module
01-01 08:00:13.764 I/hdmi-cec(  263): HDMI-CEC EventThread start
01-01 08:00:13.765 I/HidlServiceManagement(  268): Registered android.hardware.usb@1.0::IUsb/default
01-01 08:00:13.765 I/android.hardware.health@2.1-service(  259): default instance initializing with healthd_config...
01-01 08:00:13.765 I/HidlServiceManagement(  268): Removing namespace from process name android.hardware.usb@1.0-service.aw to usb@1.0-service.aw.
01-01 08:00:13.772 I/HidlServiceManagement(  263): Registered android.hardware.tv.cec@1.0::IHdmiCec/default
01-01 08:00:13.772 I/HidlServiceManagement(  263): Removing namespace from process name android.hardware.tv.cec@1.0-service to cec@1.0-service.
01-01 08:00:13.773 I/LegacySupport(  263): Registration complete for android.hardware.tv.cec@1.0::IHdmiCec/default.
01-01 08:00:13.777 I/HidlServiceManagement(  259): Registered android.hardware.health@2.1::IHealth/default
01-01 08:00:13.777 I/HidlServiceManagement(  259): Removing namespace from process name android.hardware.health@2.1-service to health@2.1-service.
01-01 08:00:13.778 I/android.hardware.health@2.1-service(  259): default: Hal init done
01-01 08:00:13.782 I/display.output-service(  270): DisplayOutputManagerService is started
01-01 08:00:13.783 I/display.output-service(  270): DisplayOutputManagerService current version V2.2.0
01-01 08:00:13.783 E/cutils-trace(  270): Error opening trace file: No such file or directory (2)
01-01 08:00:13.784 I/HidlServiceManagement(  268): Registered android.hardware.usb.gadget@1.1::IUsbGadget/default
01-01 08:00:13.785 I/android.hardware.usb@1.0-service(  268): USB HAL Ready.
01-01 08:00:13.785 I/hwservicemanager(  183): Since vendor.display.config@1.0::IDisplayConfig/default is not registered, trying to start it as a lazy HAL.
01-01 08:00:13.889 W/healthd (  259): battery none chg=
01-01 08:00:13.788 I/hwservicemanager(  183): Since vendor.display.config@1.0::IDisplayConfig/default is not registered, trying to start it as a lazy HAL.
01-01 08:00:13.788 W/libc    (  183): Unable to set property "ctl.interface_start" to "vendor.display.config@1.0::IDisplayConfig/default": error code: 0x20
01-01 08:00:13.788 I/hwservicemanager(  183): Tried to start vendor.display.config@1.0::IDisplayConfig/default as a lazy service, but was unable to. Usually this happens when a service is not installed, but if the service is intended to be used as a lazy service, then it may be configured incorrectly.
01-01 08:00:13.790 I/HidlServiceManagement(  270): getService: Trying again for vendor.display.config@1.0::IDisplayConfig/default...
01-01 08:00:13.791 W/libc    (  183): Unable to set property "ctl.interface_start" to "vendor.display.config@1.0::IDisplayConfig/default": error code: 0x20
01-01 08:00:13.791 I/hwservicemanager(  183): Tried to start vendor.display.config@1.0::IDisplayConfig/default as a lazy service, but was unable to. Usually this happens when a service is not installed, but if the service is intended to be used as a lazy service, then it may be configured incorrectly.
01-01 08:00:13.908 I/        (  164): file system registered
01-01 08:00:13.821 I/servicemanager(  182): Found android.hardware.rebootescrow.IRebootEscrow/default in device VINTF manifest.
01-01 08:00:13.822 D/Sunxi_PQ(  295): ic_id=2, de_version=201 0x2
01-01 08:00:13.822 D/Sunxi_PQ(  295): /vendor/lib/libde201.so
01-01 08:00:13.840 I/sunxihwc(  258): open: Loading: sunxi hwcomposer module
01-01 08:00:13.840 E/cutils-trace(  258): Error opening trace file: No such file or directory (2)
01-01 08:00:13.842 D/Sunxi_PQ(  295): maybe /vendor/etc/firmware/disp_firmware, fd:-1 @O_RDONLY.
01-01 08:00:13.843 I/HidlServiceManagement(  258): Registered android.hardware.graphics.composer@2.2::IComposer/default
01-01 08:00:13.843 I/HidlServiceManagement(  258): Removing namespace from process name android.hardware.graphics.composer@2.2-service to composer@2.2-service.
01-01 08:00:13.846 D/Sunxi_PQ(  295): config display firmware completed...
01-01 08:00:13.847 D/Sunxi_PQ(  295): There is not the /vendor/etc/firmware/disp_firmware, creat it.
01-01 08:00:13.847 D/Sunxi_PQ(  295): Sunxi PQ entry tanslate thread.
01-01 08:00:13.847 D/Sunxi_PQ(  295): sunxi PQ wait for client connect from tcp port:5005...
01-01 08:00:13.848 D/Sunxi_PQ(  295): creat a connect thread to deal the socket.
01-01 08:00:13.840 I/pqd     (  295): type=1400 audit(0.0:8): avc: denied { read write } for name="disp_firmware" dev="mmcblk0p25" ino=227 scontext=u:r:pqd:s0 tcontext=u:object_r:system_data_root_file:s0 tclass=file permissive=1
01-01 08:00:13.886 I/HidlServiceManagement(  249): Registered android.hardware.audio@7.0::IDevicesFactory/default
01-01 08:00:13.887 I/HidlServiceManagement(  249): Removing namespace from process name android.hardware.audio.service to audio.service.
01-01 08:00:13.889 I/LegacySupport(  249): Registration complete for android.hardware.audio@7.0::IDevicesFactory/default.
01-01 08:00:13.984 I/sunxi-rfkill soc@3000000(  164): rfkill: set block: 0
01-01 08:00:14.008 I/sunxi-rfkill soc@3000000(  164): rfkill: bt power on success
01-01 08:00:13.915 I/credstore(  290): Registered binder service
01-01 08:00:13.946 D/XiriService(  307): XiriService version 2.5.0.11258
01-01 08:00:13.958 I/HidlServiceManagement(  249): Registered android.hardware.audio.effect@7.0::IEffectsFactory/default
01-01 08:00:13.840 I/pqd     (  295): type=1400 audit(0.0:9): avc: denied { open } for path="/data/disp_firmware" dev="mmcblk0p25" ino=227 scontext=u:r:pqd:s0 tcontext=u:object_r:system_data_root_file:s0 tclass=file permissive=1
01-01 08:00:13.966 I/LegacySupport(  249): Registration complete for android.hardware.audio.effect@7.0::IEffectsFactory/default.
01-01 08:00:13.967 I/hwservicemanager(  183): getTransport: Cannot find entry android.hardware.soundtrigger@2.3::ISoundTriggerHw/default in either framework or device VINTF manifest.
01-01 08:00:13.981 E/LegacySupport(  249): Could not get passthrough implementation for android.hardware.soundtrigger@2.3::ISoundTriggerHw/default.
01-01 08:00:13.988 I/hwservicemanager(  183): getTransport: Cannot find entry android.hardware.soundtrigger@2.2::ISoundTriggerHw/default in either framework or device VINTF manifest.
01-01 08:00:13.989 E/GpuMem  (  291): Failed to retrieve pinned program from /sys/fs/bpf/prog_gpu_mem_tracepoint_gpu_mem_gpu_mem_total [2(No such file or directory)]
01-01 08:00:13.989 E/GpuMemTracer(  291): Cannot initialize GpuMemTracer before GpuMem
01-01 08:00:13.990 I/gsid    (  306): no DSU: No such file or directory
01-01 08:00:13.991 E/LegacySupport(  249): Could not get passthrough implementation for android.hardware.soundtrigger@2.2::ISoundTriggerHw/default.
01-01 08:00:13.995 I/hwservicemanager(  183): getTransport: Cannot find entry android.hardware.soundtrigger@2.1::ISoundTriggerHw/default in either framework or device VINTF manifest.
01-01 08:00:13.999 E/LegacySupport(  249): Could not get passthrough implementation for android.hardware.soundtrigger@2.1::ISoundTriggerHw/default.
01-01 08:00:13.840 I/init    (  302): type=1400 audit(0.0:10): avc: denied { execute_no_trans } for path="/system/bin/xiriservice.sh" dev="dm-0" ino=1324 scontext=u:r:init:s0 tcontext=u:object_r:system_file:s0 tclass=file permissive=1
01-01 08:00:14.000 I/hwservicemanager(  183): getTransport: Cannot find entry android.hardware.soundtrigger@2.0::ISoundTriggerHw/default in either framework or device VINTF manifest.
01-01 08:00:14.016 E/LegacySupport(  249): Could not get passthrough implementation for android.hardware.soundtrigger@2.0::ISoundTriggerHw/default.
01-01 08:00:14.016 W/audiohalservice(  249): Could not register Soundtrigger API
01-01 08:00:14.016 I/hwservicemanager(  183): getTransport: Cannot find entry android.hardware.bluetooth.audio@2.1::IBluetoothAudioProvidersFactory/default in either framework or device VINTF manifest.
01-01 08:00:14.019 E/LegacySupport(  249): Could not get passthrough implementation for android.hardware.bluetooth.audio@2.1::IBluetoothAudioProvidersFactory/default.
01-01 08:00:14.024 I/hwservicemanager(  183): getTransport: Cannot find entry android.hardware.bluetooth.audio@2.0::IBluetoothAudioProvidersFactory/default in either framework or device VINTF manifest.
01-01 08:00:14.025 E/LegacySupport(  249): Could not get passthrough implementation for android.hardware.bluetooth.audio@2.0::IBluetoothAudioProvidersFactory/default.
01-01 08:00:14.025 W/audiohalservice(  249): Could not register Bluetooth Audio API
01-01 08:00:14.028 I/hwservicemanager(  183): getTransport: Cannot find entry android.hardware.bluetooth.a2dp@1.0::IBluetoothAudioOffload/default in either framework or device VINTF manifest.
01-01 08:00:14.032 E/LegacySupport(  249): Could not get passthrough implementation for android.hardware.bluetooth.a2dp@1.0::IBluetoothAudioOffload/default.
01-01 08:00:14.033 W/audiohalservice(  249): Could not register Bluetooth Audio Offload API
01-01 08:00:13.840 I/pqd     (  295): type=1400 audit(0.0:11): avc: denied { map } for path="/data/disp_firmware" dev="mmcblk0p25" ino=227 scontext=u:r:pqd:s0 tcontext=u:object_r:system_data_root_file:s0 tclass=file permissive=1
01-01 08:00:14.070 D/XM_HIDREAD(  317): hidread running 0429 d06.
01-01 08:00:14.071 D/XM_HIDREAD(  317): addr_len_t:26,addr_len:26
01-01 08:00:14.071 D/XM_HIDREAD(  317): server_socket:4
01-01 08:00:14.071 D/XM_HIDREAD(  317): >> start monitor uevent ...
01-01 08:00:14.071 D/XM_HIDREAD(  317): pthread_join listen_thread before
01-01 08:00:14.071 D/XM_HIDREAD(  317): listener_thread has start 4.
01-01 08:00:14.071 D/XM_HIDREAD(  317): accept before.
01-01 08:00:13.860 I/init    (    1): type=1400 audit(0.0:12): avc: denied { setattr } for name="ext_csd" dev="debugfs" ino=5653 scontext=u:r:init:s0 tcontext=u:object_r:debugfs_mmc:s0 tclass=file permissive=1
01-01 08:00:14.081 I/ExtCamUtils@3.4(  251): loadFromCfg: load external camera config succeed!
01-01 08:00:14.081 I/ExtCamUtils@3.4(  251): loadFromCfg: no internal ignored device specified
01-01 08:00:14.083 V/CamPrvdr@2.4-external(  251): Preferred HAL 3 minor version is 4
01-01 08:00:14.087 I/CamPrvdr@2.4-external(  251): threadLoop start monitoring new V4L2 devices
01-01 08:00:14.087 I/HidlServiceManagement(  251): Registered android.hardware.camera.provider@2.4::ICameraProvider/external/0
01-01 08:00:14.087 I/HidlServiceManagement(  251): Removing namespace from process name android.hardware.camera.provider@2.4-external-service to provider@2.4-external-service.
01-01 08:00:14.088 I/LegacySupport(  251): Registration complete for android.hardware.camera.provider@2.4::ICameraProvider/external/0.
01-01 08:00:13.864 I/xiriservice.sh(  302): type=1400 audit(0.0:13): avc: denied { write } for name="tmp" dev="mmcblk0p25" ino=85 scontext=u:r:init:s0 tcontext=u:object_r:shell_data_file:s0 tclass=dir permissive=1 bug=b/77873135
01-01 08:00:13.896 I/onstartup.sh(  299): type=1400 audit(0.0:14): avc: denied { write search } for name="tmp" dev="mmcblk0p25" ino=85 scontext=u:r:onstartup:s0 tcontext=u:object_r:shell_data_file:s0 tclass=dir permissive=1
01-01 08:00:13.896 I/onstartup.sh(  299): type=1400 audit(0.0:15): avc: denied { getattr } for path="/data/local/tmp" dev="mmcblk0p25" ino=85 scontext=u:r:onstartup:s0 tcontext=u:object_r:shell_data_file:s0 tclass=dir permissive=1
01-01 08:00:13.960 I/xiriservice_All(  307): type=1400 audit(0.0:16): avc: denied { search } for name="com.android.connectivity.resources" dev="mmcblk0p25" ino=524 scontext=u:r:init:s0 tcontext=u:object_r:privapp_data_file:s0:c512,c768 tclass=dir permissive=1
01-01 08:00:13.960 I/xiriservice_All(  307): type=1400 audit(0.0:17): avc: denied { search } for name="android" dev="mmcblk0p25" ino=528 scontext=u:r:init:s0 tcontext=u:object_r:system_app_data_file:s0 tclass=dir permissive=1
01-01 08:00:13.964 I/onstartup.sh(  299): type=1400 audit(0.0:18): avc: denied { getattr } for path="/data/local/fast_apks_installed" dev="mmcblk0p25" ino=231 scontext=u:r:onstartup:s0 tcontext=u:object_r:onstartup_system_file:s0 tclass=file permissive=1
01-01 08:00:13.984 I/xiriservice_All(  307): type=1400 audit(0.0:19): avc: denied { read } for name="lib" dev="mmcblk0p25" ino=2972 scontext=u:r:init:s0 tcontext=u:object_r:system_app_data_file:s0 tclass=lnk_file permissive=1
01-01 08:00:13.988 I/xiriservice_All(  307): type=1400 audit(0.0:20): avc: denied { search } for name="android.ext.shared" dev="mmcblk0p25" ino=545 scontext=u:r:init:s0 tcontext=u:object_r:app_data_file:s0:c512,c768 tclass=dir permissive=1
01-01 08:00:13.988 I/xiriservice_All(  307): type=1400 audit(0.0:21): avc: denied { read } for name="lib" dev="mmcblk0p25" ino=2982 scontext=u:r:init:s0 tcontext=u:object_r:app_data_file:s0:c512,c768 tclass=lnk_file permissive=1
01-01 08:00:13.988 I/xiriservice_All(  307): type=1400 audit(0.0:22): avc: denied { search } for name="com.android.permissioncontroller" dev="mmcblk0p25" ino=574 scontext=u:r:init:s0 tcontext=u:object_r:privapp_data_file:s0:c73,c256,c512,c768 tclass=dir permissive=1
01-01 08:00:13.992 I/xiriservice_All(  307): type=1400 audit(0.0:23): avc: denied { read } for name="lib" dev="mmcblk0p25" ino=2961 scontext=u:r:init:s0 tcontext=u:object_r:privapp_data_file:s0:c512,c768 tclass=lnk_file permissive=1
01-01 08:00:13.996 I/pgrep   (  312): type=1400 audit(0.0:24): avc: denied { read } for scontext=u:r:toolbox:s0 tcontext=u:r:init:s0 tclass=file permissive=1
01-01 08:00:13.996 I/pgrep   (  312): type=1400 audit(0.0:25): avc: denied { read } for scontext=u:r:toolbox:s0 tcontext=u:r:kernel:s0 tclass=file permissive=1
01-01 08:00:13.996 I/pgrep   (  312): type=1400 audit(0.0:26): avc: denied { read } for scontext=u:r:toolbox:s0 tcontext=u:r:vendor_init:s0 tclass=file permissive=1
01-01 08:00:13.996 I/pgrep   (  312): type=1400 audit(0.0:27): avc: denied { sys_ptrace } for capability=19 scontext=u:r:toolbox:s0 tcontext=u:r:toolbox:s0 tclass=capability permissive=1
01-01 08:00:13.996 I/pgrep   (  312): type=1400 audit(0.0:28): avc: denied { read } for scontext=u:r:toolbox:s0 tcontext=u:r:ueventd:s0 tclass=file permissive=1
01-01 08:00:13.996 I/pgrep   (  312): type=1400 audit(0.0:29): avc: denied { read } for scontext=u:r:toolbox:s0 tcontext=u:r:logd:s0 tclass=file permissive=1
01-01 08:00:13.996 I/pgrep   (  312): type=1400 audit(0.0:30): avc: denied { getattr } for path="/proc/1" dev="proc" ino=2706 scontext=u:r:toolbox:s0 tcontext=u:r:init:s0 tclass=dir permissive=1
01-01 08:00:13.996 I/pgrep   (  312): type=1400 audit(0.0:31): avc: denied { search } for name="1" dev="proc" ino=2706 scontext=u:r:toolbox:s0 tcontext=u:r:init:s0 tclass=dir permissive=1
01-01 08:00:13.996 I/pgrep   (  312): type=1400 audit(0.0:32): avc: denied { open } for path="/proc/1/stat" dev="proc" ino=10267 scontext=u:r:toolbox:s0 tcontext=u:r:init:s0 tclass=file permissive=1
01-01 08:00:13.996 I/pgrep   (  312): type=1400 audit(0.0:33): avc: denied { getattr } for path="/proc/2" dev="proc" ino=4037 scontext=u:r:toolbox:s0 tcontext=u:r:kernel:s0 tclass=dir permissive=1
01-01 08:00:13.996 I/pgrep   (  312): type=1400 audit(0.0:34): avc: denied { search } for name="2" dev="proc" ino=4037 scontext=u:r:toolbox:s0 tcontext=u:r:kernel:s0 tclass=dir permissive=1
01-01 08:00:13.996 I/pgrep   (  312): type=1400 audit(0.0:35): avc: denied { open } for path="/proc/2/stat" dev="proc" ino=10268 scontext=u:r:toolbox:s0 tcontext=u:r:kernel:s0 tclass=file permissive=1
01-01 08:00:14.008 I/init    (  316): type=1400 audit(0.0:36): avc: denied { execute } for name="led_switch.sh" dev="dm-1" ino=129 scontext=u:r:init:s0 tcontext=u:object_r:vendor_file:s0 tclass=file permissive=1
01-01 08:00:14.008 I/pgrep   (  312): type=1400 audit(0.0:37): avc: denied { getattr } for path="/proc/164" dev="proc" ino=1723 scontext=u:r:toolbox:s0 tcontext=u:r:vendor_init:s0 tclass=dir permissive=1
01-01 08:00:14.008 I/init    (  316): type=1400 audit(0.0:38): avc: denied { execute_no_trans } for path="/vendor/bin/led_switch.sh" dev="dm-1" ino=129 scontext=u:r:init:s0 tcontext=u:object_r:vendor_file:s0 tclass=file permissive=1
01-01 08:00:14.008 I/pgrep   (  312): type=1400 audit(0.0:39): avc: denied { search } for name="164" dev="proc" ino=1723 scontext=u:r:toolbox:s0 tcontext=u:r:vendor_init:s0 tclass=dir permissive=1
01-01 08:00:14.008 I/pgrep   (  312): type=1400 audit(0.0:40): avc: denied { open } for path="/proc/164/stat" dev="proc" ino=10357 scontext=u:r:toolbox:s0 tcontext=u:r:vendor_init:s0 tclass=file permissive=1
01-01 08:00:14.008 I/pgrep   (  312): type=1400 audit(0.0:41): avc: denied { getattr } for path="/proc/167" dev="proc" ino=5726 scontext=u:r:toolbox:s0 tcontext=u:r:ueventd:s0 tclass=dir permissive=1
01-01 08:00:14.008 I/pgrep   (  312): type=1400 audit(0.0:42): avc: denied { search } for name="167" dev="proc" ino=5726 scontext=u:r:toolbox:s0 tcontext=u:r:ueventd:s0 tclass=dir permissive=1
01-01 08:00:14.008 I/pgrep   (  312): type=1400 audit(0.0:43): avc: denied { open } for path="/proc/167/stat" dev="proc" ino=10358 scontext=u:r:toolbox:s0 tcontext=u:r:ueventd:s0 tclass=file permissive=1
01-01 08:00:14.012 I/pgrep   (  312): type=1400 audit(0.0:44): avc: denied { read } for scontext=u:r:toolbox:s0 tcontext=u:r:lmkd:s0 tclass=file permissive=1
01-01 08:00:14.012 I/pgrep   (  312): type=1400 audit(0.0:45): avc: denied { read } for scontext=u:r:toolbox:s0 tcontext=u:r:servicemanager:s0 tclass=file permissive=1
01-01 08:00:14.012 I/pgrep   (  312): type=1400 audit(0.0:46): avc: denied { read } for scontext=u:r:toolbox:s0 tcontext=u:r:hwservicemanager:s0 tclass=file permissive=1
01-01 08:00:14.012 I/pgrep   (  312): type=1400 audit(0.0:47): avc: denied { read } for scontext=u:r:toolbox:s0 tcontext=u:r:vndservicemanager:s0 tclass=file permissive=1
01-01 08:00:14.012 I/pgrep   (  312): type=1400 audit(0.0:48): avc: denied { read } for scontext=u:r:toolbox:s0 tcontext=u:r:shell:s0 tclass=file permissive=1
01-01 08:00:14.012 I/pgrep   (  312): type=1400 audit(0.0:49): avc: denied { read } for scontext=u:r:toolbox:s0 tcontext=u:r:vold:s0 tclass=file permissive=1
01-01 08:00:14.012 I/pgrep   (  312): type=1400 audit(0.0:50): avc: denied { read } for scontext=u:r:toolbox:s0 tcontext=u:r:system_suspend:s0 tclass=file permissive=1
01-01 08:00:14.012 I/pgrep   (  312): type=1400 audit(0.0:51): avc: denied { read } for scontext=u:r:toolbox:s0 tcontext=u:r:keystore:s0 tclass=file permissive=1
01-01 08:00:14.012 I/pgrep   (  312): type=1400 audit(0.0:52): avc: denied { read } for scontext=u:r:toolbox:s0 tcontext=u:r:hal_bootctl_default:s0 tclass=file permissive=1
01-01 08:00:14.012 I/pgrep   (  312): type=1400 audit(0.0:53): avc: denied { read } for scontext=u:r:toolbox:s0 tcontext=u:r:hal_keymint_default:s0 tclass=file permissive=1
01-01 08:00:14.012 I/pgrep   (  312): type=1400 audit(0.0:54): avc: denied { read } for scontext=u:r:toolbox:s0 tcontext=u:r:tee:s0 tclass=file permissive=1
01-01 08:00:14.012 I/pgrep   (  312): type=1400 audit(0.0:55): avc: denied { read } for scontext=u:r:toolbox:s0 tcontext=u:r:tombstoned:s0 tclass=file permissive=1
01-01 08:00:14.012 I/pgrep   (  312): type=1400 audit(0.0:56): avc: denied { read } for scontext=u:r:toolbox:s0 tcontext=u:r:statsd:s0 tclass=file permissive=1
01-01 08:00:14.012 I/pgrep   (  312): type=1400 audit(0.0:57): avc: denied { read } for scontext=u:r:toolbox:s0 tcontext=u:r:netd:s0 tclass=file permissive=1
01-01 08:00:14.012 I/pgrep   (  312): type=1400 audit(0.0:58): avc: denied { read } for scontext=u:r:toolbox:s0 tcontext=u:r:zygote:s0 tclass=file permissive=1
01-01 08:00:14.012 I/pgrep   (  312): type=1400 audit(0.0:59): avc: denied { read } for scontext=u:r:toolbox:s0 tcontext=u:r:hal_allocator_default:s0 tclass=file permissive=1
01-01 08:00:14.016 I/pgrep   (  312): type=1400 audit(0.0:60): avc: denied { read } for scontext=u:r:toolbox:s0 tcontext=u:r:hal_audio_default:s0 tclass=file permissive=1
01-01 08:00:14.016 I/pgrep   (  312): type=1400 audit(0.0:61): avc: denied { read } for scontext=u:r:toolbox:s0 tcontext=u:r:hal_bluetooth_default:s0 tclass=file permissive=1
01-01 08:00:14.016 I/pgrep   (  312): type=1400 audit(0.0:62): avc: denied { read } for scontext=u:r:toolbox:s0 tcontext=u:r:hal_camera_default:s0 tclass=file permissive=1
01-01 08:00:14.016 I/pgrep   (  312): type=1400 audit(0.0:63): avc: denied { read } for scontext=u:r:toolbox:s0 tcontext=u:r:hal_cas_default:s0 tclass=file permissive=1
01-01 08:00:14.016 I/pgrep   (  312): type=1400 audit(0.0:64): avc: denied { read } for scontext=u:r:toolbox:s0 tcontext=u:r:hal_gatekeeper_default:s0 tclass=file permissive=1
01-01 08:00:14.016 I/pgrep   (  312): type=1400 audit(0.0:65): avc: denied { read } for scontext=u:r:toolbox:s0 tcontext=u:r:hal_graphics_allocator_default:s0 tclass=file permissive=1
01-01 08:00:14.016 I/pgrep   (  312): type=1400 audit(0.0:66): avc: denied { read } for scontext=u:r:toolbox:s0 tcontext=u:r:hal_graphics_composer_default:s0 tclass=file permissive=1
01-01 08:00:14.016 I/pgrep   (  312): type=1400 audit(0.0:67): avc: denied { read } for scontext=u:r:toolbox:s0 tcontext=u:r:hal_health_default:s0 tclass=file permissive=1
01-01 08:00:14.016 I/pgrep   (  312): type=1400 audit(0.0:68): avc: denied { read } for scontext=u:r:toolbox:s0 tcontext=u:r:hal_light_default:s0 tclass=file permissive=1
01-01 08:00:14.016 I/pgrep   (  312): type=1400 audit(0.0:69): avc: denied { read } for scontext=u:r:toolbox:s0 tcontext=u:r:hal_power_default:s0 tclass=file permissive=1
01-01 08:00:14.016 I/pgrep   (  312): type=1400 audit(0.0:70): avc: denied { read } for scontext=u:r:toolbox:s0 tcontext=u:r:hal_tv_cec_default:s0 tclass=file permissive=1
01-01 08:00:14.016 I/pgrep   (  312): type=1400 audit(0.0:71): avc: denied { read } for scontext=u:r:toolbox:s0 tcontext=u:r:hal_usb_impl:s0 tclass=file permissive=1
01-01 08:00:14.016 I/pgrep   (  312): type=1400 audit(0.0:72): avc: denied { read } for scontext=u:r:toolbox:s0 tcontext=u:r:hal_awdisplayoutput_default:s0 tclass=file permissive=1
01-01 08:00:14.016 I/pgrep   (  312): type=1400 audit(0.0:73): avc: denied { read } for scontext=u:r:toolbox:s0 tcontext=u:r:hal_rebootescrow_default:s0 tclass=file permissive=1
01-01 08:00:14.016 I/pgrep   (  312): type=1400 audit(0.0:74): avc: denied { read } for scontext=u:r:toolbox:s0 tcontext=u:r:audioserver:s0 tclass=file permissive=1
01-01 08:00:14.016 I/pgrep   (  312): type=1400 audit(0.0:75): avc: denied { read } for scontext=u:r:toolbox:s0 tcontext=u:r:credstore:s0 tclass=file permissive=1
01-01 08:00:14.016 I/pgrep   (  312): type=1400 audit(0.0:76): avc: denied { read } for scontext=u:r:toolbox:s0 tcontext=u:r:gpuservice:s0 tclass=file permissive=1
01-01 08:00:14.016 I/pgrep   (  312): type=1400 audit(0.0:77): avc: denied { read } for scontext=u:r:toolbox:s0 tcontext=u:r:surfaceflinger:s0 tclass=file permissive=1
01-01 08:00:14.016 I/pgrep   (  312): type=1400 audit(0.0:78): avc: denied { read } for scontext=u:r:toolbox:s0 tcontext=u:r:pqd:s0 tclass=file permissive=1
01-01 08:00:14.024 I/pgrep   (  312): type=1400 audit(0.0:79): avc: denied { read } for scontext=u:r:toolbox:s0 tcontext=u:r:onstartup:s0 tclass=file permissive=1
01-01 08:00:14.024 I/pgrep   (  312): type=1400 audit(0.0:80): avc: denied { getattr } for path="/proc/180" dev="proc" ino=3290 scontext=u:r:toolbox:s0 tcontext=u:r:logd:s0 tclass=dir permissive=1
01-01 08:00:14.024 I/pgrep   (  312): type=1400 audit(0.0:81): avc: denied { read } for scontext=u:r:toolbox:s0 tcontext=u:r:logd:s0 tclass=file permissive=1
01-01 08:00:14.024 I/pgrep   (  312): type=1400 audit(0.0:82): avc: denied { search } for name="180" dev="proc" ino=3290 scontext=u:r:toolbox:s0 tcontext=u:r:logd:s0 tclass=dir permissive=1
01-01 08:00:14.024 I/pgrep   (  312): type=1400 audit(0.0:83): avc: denied { open } for path="/proc/180/stat" dev="proc" ino=10374 scontext=u:r:toolbox:s0 tcontext=u:r:logd:s0 tclass=file permissive=1
01-01 08:00:14.024 I/xiriservice_All(  307): type=1400 audit(0.0:84): avc: denied { search } for name="com.android.internal.systemui.navbar.gestural_wide_back" dev="mmcblk0p25" ino=648 scontext=u:r:init:s0 tcontext=u:object_r:app_data_file:s0:c10,c256,c512,c768 tclass=dir permissive=1
01-01 08:00:14.024 I/pgrep   (  312): type=1400 audit(0.0:85): avc: denied { getattr } for path="/proc/181" dev="proc" ino=6291 scontext=u:r:toolbox:s0 tcontext=u:r:lmkd:s0 tclass=dir permissive=1
01-01 08:00:14.024 I/pgrep   (  312): type=1400 audit(0.0:86): avc: denied { search } for name="181" dev="proc" ino=6291 scontext=u:r:toolbox:s0 tcontext=u:r:lmkd:s0 tclass=dir permissive=1
01-01 08:00:14.024 I/pgrep   (  312): type=1400 audit(0.0:87): avc: denied { open } for path="/proc/181/stat" dev="proc" ino=10375 scontext=u:r:toolbox:s0 tcontext=u:r:lmkd:s0 tclass=file permissive=1
01-01 08:00:14.024 I/pgrep   (  312): type=1400 audit(0.0:88): avc: denied { getattr } for path="/proc/182" dev="proc" ino=3294 scontext=u:r:toolbox:s0 tcontext=u:r:servicemanager:s0 tclass=dir permissive=1
01-01 08:00:14.024 I/pgrep   (  312): type=1400 audit(0.0:89): avc: denied { read } for scontext=u:r:toolbox:s0 tcontext=u:r:servicemanager:s0 tclass=file permissive=1
01-01 08:00:14.024 I/pgrep   (  312): type=1400 audit(0.0:90): avc: denied { search } for name="182" dev="proc" ino=3294 scontext=u:r:toolbox:s0 tcontext=u:r:servicemanager:s0 tclass=dir permissive=1
01-01 08:00:14.024 I/pgrep   (  312): type=1400 audit(0.0:91): avc: denied { open } for path="/proc/182/stat" dev="proc" ino=10376 scontext=u:r:toolbox:s0 tcontext=u:r:servicemanager:s0 tclass=file permissive=1
01-01 08:00:14.024 I/pgrep   (  312): type=1400 audit(0.0:92): avc: denied { getattr } for path="/proc/183" dev="proc" ino=6299 scontext=u:r:toolbox:s0 tcontext=u:r:hwservicemanager:s0 tclass=dir permissive=1
01-01 08:00:14.024 I/pgrep   (  312): type=1400 audit(0.0:93): avc: denied { read } for scontext=u:r:toolbox:s0 tcontext=u:r:hwservicemanager:s0 tclass=file permissive=1
01-01 08:00:14.024 I/pgrep   (  312): type=1400 audit(0.0:94): avc: denied { search } for name="183" dev="proc" ino=6299 scontext=u:r:toolbox:s0 tcontext=u:r:hwservicemanager:s0 tclass=dir permissive=1
01-01 08:00:14.024 I/pgrep   (  312): type=1400 audit(0.0:95): avc: denied { open } for path="/proc/183/stat" dev="proc" ino=10377 scontext=u:r:toolbox:s0 tcontext=u:r:hwservicemanager:s0 tclass=file permissive=1
01-01 08:00:14.024 I/pgrep   (  312): type=1400 audit(0.0:96): avc: denied { getattr } for path="/proc/184" dev="proc" ino=3311 scontext=u:r:toolbox:s0 tcontext=u:r:vndservicemanager:s0 tclass=dir permissive=1
01-01 08:00:14.024 I/pgrep   (  312): type=1400 audit(0.0:97): avc: denied { search } for name="184" dev="proc" ino=3311 scontext=u:r:toolbox:s0 tcontext=u:r:vndservicemanager:s0 tclass=dir permissive=1
01-01 08:00:14.024 I/xiriservice_All(  307): type=1400 audit(0.0:98): avc: denied { search } for name="com.sohu.inputmethod.sogou.tv" dev="mmcblk0p25" ino=1429 scontext=u:r:init:s0 tcontext=u:object_r:app_data_file:s0:c47,c256,c512,c768 tclass=dir permissive=1
01-01 08:00:14.024 I/pgrep   (  312): type=1400 audit(0.0:99): avc: denied { open } for path="/proc/184/stat" dev="proc" ino=10378 scontext=u:r:toolbox:s0 tcontext=u:r:vndservicemanager:s0 tclass=file permissive=1
01-01 08:00:14.024 I/pgrep   (  312): type=1400 audit(0.0:100): avc: denied { getattr } for path="/proc/185" dev="proc" ino=10362 scontext=u:r:toolbox:s0 tcontext=u:r:kernel:s0 tclass=dir permissive=1
01-01 08:00:14.024 I/pgrep   (  312): type=1400 audit(0.0:101): avc: denied { search } for name="185" dev="proc" ino=10362 scontext=u:r:toolbox:s0 tcontext=u:r:kernel:s0 tclass=dir permissive=1
01-01 08:00:14.024 I/xiriservice_All(  307): type=1400 audit(0.0:102): avc: denied { read } for name="lib" dev="mmcblk0p25" ino=2968 scontext=u:r:init:s0 tcontext=u:object_r:app_data_file:s0:c47,c256,c512,c768 tclass=lnk_file permissive=1
01-01 08:00:14.024 I/pgrep   (  312): type=1400 audit(0.0:103): avc: denied { getattr } for path="/proc/186" dev="proc" ino=5817 scontext=u:r:toolbox:s0 tcontext=u:r:shell:s0 tclass=dir permissive=1
01-01 08:00:14.024 I/pgrep   (  312): type=1400 audit(0.0:104): avc: denied { search } for name="186" dev="proc" ino=5817 scontext=u:r:toolbox:s0 tcontext=u:r:shell:s0 tclass=dir permissive=1
01-01 08:00:14.024 I/pgrep   (  312): type=1400 audit(0.0:105): avc: denied { open } for path="/proc/186/stat" dev="proc" ino=10380 scontext=u:r:toolbox:s0 tcontext=u:r:shell:s0 tclass=file permissive=1
01-01 08:00:14.024 I/pgrep   (  312): type=1400 audit(0.0:106): avc: denied { getattr } for path="/proc/187" dev="proc" ino=3325 scontext=u:r:toolbox:s0 tcontext=u:r:vold:s0 tclass=dir permissive=1
01-01 08:00:14.024 I/pgrep   (  312): type=1400 audit(0.0:107): avc: denied { search } for name="187" dev="proc" ino=3325 scontext=u:r:toolbox:s0 tcontext=u:r:vold:s0 tclass=dir permissive=1
01-01 08:00:14.024 I/pgrep   (  312): type=1400 audit(0.0:108): avc: denied { open } for path="/proc/187/stat" dev="proc" ino=10381 scontext=u:r:toolbox:s0 tcontext=u:r:vold:s0 tclass=file permissive=1
01-01 08:00:14.024 I/xiriservice_All(  307): type=1400 audit(0.0:109): avc: denied { search } for name="com.android.htmlviewer" dev="mmcblk0p25" ino=717 scontext=u:r:init:s0 tcontext=u:object_r:app_data_file:s0:c32,c256,c512,c768 tclass=dir permissive=1
01-01 08:00:14.024 I/xiriservice_All(  307): type=1400 audit(0.0:110): avc: denied { search } for name="com.android.companiondevicemanager" dev="mmcblk0p25" ino=726 scontext=u:r:init:s0 tcontext=u:object_r:app_data_file:s0:c38,c256,c512,c768 tclass=dir permissive=1
01-01 08:00:14.024 I/xiriservice_All(  307): type=1400 audit(0.0:111): avc: denied { search } for name="com.android.internal.systemui.onehanded.gestural" dev="mmcblk0p25" ino=750 scontext=u:r:init:s0 tcontext=u:object_r:app_data_file:s0:c1,c256,c512,c768 tclass=dir permissive=1
01-01 08:00:14.024 I/pgrep   (  312): type=1400 audit(0.0:112): avc: denied { getattr } for path="/proc/204" dev="proc" ino=5888 scontext=u:r:toolbox:s0 tcontext=u:r:system_suspend:s0 tclass=dir permissive=1
01-01 08:00:14.024 I/pgrep   (  312): type=1400 audit(0.0:113): avc: denied { search } for name="204" dev="proc" ino=5888 scontext=u:r:toolbox:s0 tcontext=u:r:system_suspend:s0 tclass=dir permissive=1
01-01 08:00:14.024 I/pgrep   (  312): type=1400 audit(0.0:114): avc: denied { open } for path="/proc/204/stat" dev="proc" ino=10386 scontext=u:r:toolbox:s0 tcontext=u:r:system_suspend:s0 tclass=file permissive=1
01-01 08:00:14.024 I/pgrep   (  312): type=1400 audit(0.0:115): avc: denied { getattr } for path="/proc/205" dev="proc" ino=6386 scontext=u:r:toolbox:s0 tcontext=u:r:keystore:s0 tclass=dir permissive=1
01-01 08:00:14.024 I/pgrep   (  312): type=1400 audit(0.0:116): avc: denied { search } for name="205" dev="proc" ino=6386 scontext=u:r:toolbox:s0 tcontext=u:r:keystore:s0 tclass=dir permissive=1
01-01 08:00:14.024 I/pgrep   (  312): type=1400 audit(0.0:117): avc: denied { open } for path="/proc/205/stat" dev="proc" ino=10387 scontext=u:r:toolbox:s0 tcontext=u:r:keystore:s0 tclass=file permissive=1
01-01 08:00:14.024 I/pgrep   (  312): type=1400 audit(0.0:118): avc: denied { getattr } for path="/proc/206" dev="proc" ino=3372 scontext=u:r:toolbox:s0 tcontext=u:r:hal_bootctl_default:s0 tclass=dir permissive=1
01-01 08:00:14.024 I/pgrep   (  312): type=1400 audit(0.0:119): avc: denied { search } for name="206" dev="proc" ino=3372 scontext=u:r:toolbox:s0 tcontext=u:r:hal_bootctl_default:s0 tclass=dir permissive=1
01-01 08:00:14.024 I/pgrep   (  312): type=1400 audit(0.0:120): avc: denied { open } for path="/proc/206/stat" dev="proc" ino=10388 scontext=u:r:toolbox:s0 tcontext=u:r:hal_bootctl_default:s0 tclass=file permissive=1
01-01 08:00:14.024 I/pgrep   (  312): type=1400 audit(0.0:121): avc: denied { getattr } for path="/proc/207" dev="proc" ino=6412 scontext=u:r:toolbox:s0 tcontext=u:r:hal_keymint_default:s0 tclass=dir permissive=1
01-01 08:00:14.024 I/pgrep   (  312): type=1400 audit(0.0:122): avc: denied { search } for name="207" dev="proc" ino=6412 scontext=u:r:toolbox:s0 tcontext=u:r:hal_keymint_default:s0 tclass=dir permissive=1
01-01 08:00:14.024 I/pgrep   (  312): type=1400 audit(0.0:123): avc: denied { open } for path="/proc/207/stat" dev="proc" ino=10389 scontext=u:r:toolbox:s0 tcontext=u:r:hal_keymint_default:s0 tclass=file permissive=1
01-01 08:00:14.028 I/pgrep   (  312): type=1400 audit(0.0:124): avc: denied { getattr } for path="/proc/208" dev="proc" ino=3383 scontext=u:r:toolbox:s0 tcontext=u:r:tee:s0 tclass=dir permissive=1
01-01 08:00:14.028 I/pgrep   (  312): type=1400 audit(0.0:125): avc: denied { search } for name="208" dev="proc" ino=3383 scontext=u:r:toolbox:s0 tcontext=u:r:tee:s0 tclass=dir permissive=1
01-01 08:00:14.028 I/pgrep   (  312): type=1400 audit(0.0:126): avc: denied { open } for path="/proc/208/stat" dev="proc" ino=10390 scontext=u:r:toolbox:s0 tcontext=u:r:tee:s0 tclass=file permissive=1
01-01 08:00:14.028 I/xiriservice_All(  307): type=1400 audit(0.0:127): avc: denied { search } for name="com.android.simappdialog" dev="mmcblk0p25" ino=790 scontext=u:r:init:s0 tcontext=u:object_r:app_data_file:s0:c44,c256,c512,c768 tclass=dir permissive=1
01-01 08:00:14.028 I/xiriservice_All(  307): type=1400 audit(0.0:128): avc: denied { read } for name="lib" dev="mmcblk0p25" ino=2971 scontext=u:r:init:s0 tcontext=u:object_r:radio_data_file:s0 tclass=lnk_file permissive=1
01-01 08:00:14.028 I/pgrep   (  312): type=1400 audit(0.0:129): avc: denied { getattr } for path="/proc/220" dev="proc" ino=6536 scontext=u:r:toolbox:s0 tcontext=u:r:tombstoned:s0 tclass=dir permissive=1
01-01 08:00:14.028 I/pgrep   (  312): type=1400 audit(0.0:130): avc: denied { search } for name="220" dev="proc" ino=6536 scontext=u:r:toolbox:s0 tcontext=u:r:tombstoned:s0 tclass=dir permissive=1
01-01 08:00:14.028 I/pgrep   (  312): type=1400 audit(0.0:131): avc: denied { open } for path="/proc/220/stat" dev="proc" ino=10394 scontext=u:r:toolbox:s0 tcontext=u:r:tombstoned:s0 tclass=file permissive=1
01-01 08:00:14.028 I/pgrep   (  312): type=1400 audit(0.0:132): avc: denied { getattr } for path="/proc/242" dev="proc" ino=7378 scontext=u:r:toolbox:s0 tcontext=u:r:statsd:s0 tclass=dir permissive=1
01-01 08:00:14.028 I/pgrep   (  312): type=1400 audit(0.0:133): avc: denied { search } for name="242" dev="proc" ino=7378 scontext=u:r:toolbox:s0 tcontext=u:r:statsd:s0 tclass=dir permissive=1
01-01 08:00:14.028 I/pgrep   (  312): type=1400 audit(0.0:134): avc: denied { open } for path="/proc/242/stat" dev="proc" ino=10395 scontext=u:r:toolbox:s0 tcontext=u:r:statsd:s0 tclass=file permissive=1
01-01 08:00:14.028 I/xiriservice_All(  307): type=1400 audit(0.0:135): avc: denied { search } for name="com.android.modulemetadata" dev="mmcblk0p25" ino=807 scontext=u:r:init:s0 tcontext=u:object_r:app_data_file:s0:c58,c256,c512,c768 tclass=dir permissive=1
01-01 08:00:14.028 I/pgrep   (  312): type=1400 audit(0.0:136): avc: denied { getattr } for path="/proc/243" dev="proc" ino=6671 scontext=u:r:toolbox:s0 tcontext=u:r:netd:s0 tclass=dir permissive=1
01-01 08:00:14.028 I/pgrep   (  312): type=1400 audit(0.0:137): avc: denied { search } for name="243" dev="proc" ino=6671 scontext=u:r:toolbox:s0 tcontext=u:r:netd:s0 tclass=dir permissive=1
01-01 08:00:14.028 I/xiriservice_All(  307): type=1400 audit(0.0:138): avc: denied { search } for name="com.google.android.apps.searchlite.overlay" dev="mmcblk0p25" ino=834 scontext=u:r:init:s0 tcontext=u:object_r:app_data_file:s0:c2,c256,c512,c768 tclass=dir permissive=1
01-01 08:00:14.028 I/pgrep   (  312): type=1400 audit(0.0:139): avc: denied { open } for path="/proc/243/stat" dev="proc" ino=10396 scontext=u:r:toolbox:s0 tcontext=u:r:netd:s0 tclass=file permissive=1
01-01 08:00:14.028 I/xiriservice_All(  307): type=1400 audit(0.0:140): avc: denied { search } for name="com.android.internal.systemui.navbar.threebutton" dev="mmcblk0p25" ino=843 scontext=u:r:init:s0 tcontext=u:object_r:app_data_file:s0:c5,c256,c512,c768 tclass=dir permissive=1
01-01 08:00:14.028 I/xiriservice_All(  307): type=1400 audit(0.0:141): avc: denied { search } for name="com.google.android.networkstackconfig" dev="mmcblk0p25" ino=851 scontext=u:r:init:s0 tcontext=u:object_r:app_data_file:s0:c6,c256,c512,c768 tclass=dir permissive=1
01-01 08:00:14.028 I/pgrep   (  312): type=1400 audit(0.0:142): avc: denied { getattr } for path="/proc/244" dev="proc" ino=6095 scontext=u:r:toolbox:s0 tcontext=u:r:zygote:s0 tclass=dir permissive=1
01-01 08:00:14.131 D/AndroidRuntime(  244): >>>>>> START com.android.internal.os.ZygoteInit uid 0 <<<<<<
01-01 08:00:14.028 I/pgrep   (  312): type=1400 audit(0.0:143): avc: denied { search } for name="244" dev="proc" ino=6095 scontext=u:r:toolbox:s0 tcontext=u:r:zygote:s0 tclass=dir permissive=1
01-01 08:00:14.028 I/pgrep   (  312): type=1400 audit(0.0:144): avc: denied { open } for path="/proc/244/stat" dev="proc" ino=10397 scontext=u:r:toolbox:s0 tcontext=u:r:zygote:s0 tclass=file permissive=1
01-01 08:00:14.028 I/pgrep   (  312): type=1400 audit(0.0:145): avc: denied { getattr } for path="/proc/248" dev="proc" ino=7424 scontext=u:r:toolbox:s0 tcontext=u:r:hal_allocator_default:s0 tclass=dir permissive=1
01-01 08:00:14.028 I/pgrep   (  312): type=1400 audit(0.0:146): avc: denied { search } for name="248" dev="proc" ino=7424 scontext=u:r:toolbox:s0 tcontext=u:r:hal_allocator_default:s0 tclass=dir permissive=1
01-01 08:00:14.028 I/pgrep   (  312): type=1400 audit(0.0:147): avc: denied { open } for path="/proc/248/stat" dev="proc" ino=10398 scontext=u:r:toolbox:s0 tcontext=u:r:hal_allocator_default:s0 tclass=file permissive=1
01-01 08:00:14.028 I/pgrep   (  312): type=1400 audit(0.0:148): avc: denied { getattr } for path="/proc/249" dev="proc" ino=6117 scontext=u:r:toolbox:s0 tcontext=u:r:hal_audio_default:s0 tclass=dir permissive=1
01-01 08:00:14.028 I/pgrep   (  312): type=1400 audit(0.0:149): avc: denied { search } for name="249" dev="proc" ino=6117 scontext=u:r:toolbox:s0 tcontext=u:r:hal_audio_default:s0 tclass=dir permissive=1
01-01 08:00:14.028 I/pgrep   (  312): type=1400 audit(0.0:150): avc: denied { open } for path="/proc/249/stat" dev="proc" ino=10399 scontext=u:r:toolbox:s0 tcontext=u:r:hal_audio_default:s0 tclass=file permissive=1
01-01 08:00:14.028 I/pgrep   (  312): type=1400 audit(0.0:151): avc: denied { getattr } for path="/proc/250" dev="proc" ino=6130 scontext=u:r:toolbox:s0 tcontext=u:r:hal_bluetooth_default:s0 tclass=dir permissive=1
01-01 08:00:14.028 I/pgrep   (  312): type=1400 audit(0.0:152): avc: denied { search } for name="250" dev="proc" ino=6130 scontext=u:r:toolbox:s0 tcontext=u:r:hal_bluetooth_default:s0 tclass=dir permissive=1
01-01 08:00:14.028 I/pgrep   (  312): type=1400 audit(0.0:153): avc: denied { open } for path="/proc/250/stat" dev="proc" ino=10400 scontext=u:r:toolbox:s0 tcontext=u:r:hal_bluetooth_default:s0 tclass=file permissive=1
01-01 08:00:14.028 I/pgrep   (  312): type=1400 audit(0.0:154): avc: denied { getattr } for path="/proc/251" dev="proc" ino=7455 scontext=u:r:toolbox:s0 tcontext=u:r:hal_camera_default:s0 tclass=dir permissive=1
01-01 08:00:14.028 I/pgrep   (  312): type=1400 audit(0.0:155): avc: denied { search } for name="251" dev="proc" ino=7455 scontext=u:r:toolbox:s0 tcontext=u:r:hal_camera_default:s0 tclass=dir permissive=1
01-01 08:00:14.028 I/pgrep   (  312): type=1400 audit(0.0:156): avc: denied { open } for path="/proc/251/stat" dev="proc" ino=10401 scontext=u:r:toolbox:s0 tcontext=u:r:hal_camera_default:s0 tclass=file permissive=1
01-01 08:00:14.028 I/pgrep   (  312): type=1400 audit(0.0:157): avc: denied { getattr } for path="/proc/252" dev="proc" ino=6132 scontext=u:r:toolbox:s0 tcontext=u:r:hal_cas_default:s0 tclass=dir permissive=1
01-01 08:00:14.028 I/pgrep   (  312): type=1400 audit(0.0:158): avc: denied { search } for name="252" dev="proc" ino=6132 scontext=u:r:toolbox:s0 tcontext=u:r:hal_cas_default:s0 tclass=dir permissive=1
