03-31 16:36:03.099 W/UnsafeUtil(  762): platform method missing - proto runtime falling back to safer methods: java.lang.NoSuchMethodException: sun.misc.Unsafe.copyMemory [class java.lang.Object, long, class java.lang.Object, long, long]
03-31 16:36:03.103 I/netd    (  243): trafficSwapActiveStatsMap() <31.46ms>
03-31 16:36:03.108 I/netd    (  243): tetherGetStats() -> {[]} <3.28ms>
03-31 16:36:03.114 W/BestClock(  479): java.time.DateTimeException: Missing NTP fix
03-31 16:36:03.119 W/BestClock(  479): java.time.DateTimeException: Missing NTP fix
03-31 16:36:03.121 W/BestClock(  479): java.time.DateTimeException: Missing NTP fix
03-31 16:36:03.132 D/NetworkTimeUpdateService(  479): New default network 100; checking time.
03-31 16:36:03.155 I/HibernationPolicy( 1820): scheduleHibernationJob with frequency 1296000000ms and threshold 7776000000ms
03-31 16:36:03.160 W/BestClock(  479): java.time.DateTimeException: Missing NTP fix
03-31 16:36:03.167 I/HibernationPolicy( 1820): user 0 is a profileowner. Running hibernation job.
03-31 16:36:03.169 D/UpstreamNetworkMonitor(  762): New default Internet network: 100
03-31 16:36:03.173 I/HibernationPolicy( 1820): Job already scheduled.
03-31 16:36:03.176 D/CompatibilityChangeReporter(  479): Compat change id reported: 135634846; UID 10022; state: DISABLED
03-31 16:36:03.176 D/CompatibilityChangeReporter(  479): Compat change id reported: 177438394; UID 10022; state: DISABLED
03-31 16:36:03.176 D/CompatibilityChangeReporter(  479): Compat change id reported: 135772972; UID 10022; state: DISABLED
03-31 16:36:03.176 D/CompatibilityChangeReporter(  479): Compat change id reported: 135754954; UID 10022; state: ENABLED
03-31 16:36:03.177 D/CompatibilityChangeReporter(  479): Compat change id reported: 143937733; UID 10022; state: ENABLED
03-31 16:36:03.184 D/ConnectivityService(  479): Sending CONNECTED broadcast for type 1 [100 WIFI] isDefaultNetwork=true
03-31 16:36:03.185 W/ContextImpl(  479): Calling a method in the system process without a qualified user: android.app.ContextImpl.sendStickyBroadcast:1559 com.android.server.ConnectivityService.sendStickyBroadcast:2884 com.android.server.ConnectivityService.sendGeneralBroadcast:2859 com.android.server.ConnectivityService.sendConnectedBroadcast:2832 com.android.server.ConnectivityService.sendLegacyNetworkBroadcast:8784 
01-01 08:00:33.049 W/hdr10p_Configure(  378): 167 callbacks suppressed
03-31 16:36:03.192 D/RockyReceiver( 1324): action: android.net.conn.CONNECTIVITY_CHANGE
03-31 16:36:03.196 D/aaa     ( 1107): action:android.net.conn.CONNECTIVITY_CHANGE
03-31 16:36:03.196 D/QuickLifeImpl( 1051): onReceive intent : Intent { act=android.net.conn.CONNECTIVITY_CHANGE flg=0x4200010 (has extras) }
03-31 16:36:03.198 D/QuickLifeImpl( 1051): networkInfo = [type: WIFI[], state: CONNECTED/CONNECTED, reason: (unspecified), extra: , failover: false, available: true, roaming: false]
03-31 16:36:03.198 D/QuickLifeImpl( 1051): network connected
03-31 16:36:03.202 W/BestClock(  479): java.time.DateTimeException: Missing NTP fix
03-31 16:36:03.203 W/BestClock(  479): java.time.DateTimeException: Missing NTP fix
03-31 16:36:03.204 E/ConnectivityService(  479): Exception = android.content.pm.PackageManager$NameNotFoundException: android.net.cts
03-31 16:36:03.211 I/Receiver( 1324): 网络连接成功 
01-01 08:00:33.049 I/        (  378): DVI mode selected: packets not configured
01-01 08:00:33.062 W/set_vsif_config(  378): 167 callbacks suppressed
01-01 08:00:33.062 I/        (  378): Error: set vsif failed
03-31 16:36:03.214 D/Zygote  (  244): Forked child process 1943
03-31 16:36:03.217 I/ActivityManager(  479): app.processName = com.android.providers.calendar
03-31 16:36:03.217 I/ActivityManager(  479): Start proc 1943:com.android.providers.calendar/u0a22 for broadcast {com.android.providers.calendar/com.android.providers.calendar.CalendarReceiver}
03-31 16:36:03.234 D/QuickLifeImpl( 1051): updateConditionValue  key = DANGBEI_NETWORK_CONNECT;  value = 1
03-31 16:36:03.236 D/QuickLifeImpl( 1051): updateConditionValue  key = DANGBEI_NETWORK_DISCONNECT;  value = 0
03-31 16:36:03.236 I/Zygote  ( 1943): seccomp disabled by setenforce 0
01-01 08:00:33.100 I/        (  378): DVI mode selected: packets not configured
01-01 08:00:33.107 I/        (  378): Error: set vsif failed
03-31 16:36:03.281 W/ContextImpl(  479): Calling a method in the system process without a qualified user: android.app.ContextImpl.sendStickyBroadcast:1559 com.android.server.ConnectivityService.sendStickyBroadcast:2884 com.android.server.ConnectivityService.sendGeneralBroadcast:2859 com.android.server.ConnectivityService.sendConnectedBroadcast:2832 com.android.server.ConnectivityService.sendLegacyNetworkBroadcast:8784 
03-31 16:36:03.290 E/SELinux (  182): avc:  denied  { find } for pid=1953 uid=0 name=activity scontext=u:r:preinstall:s0 tcontext=u:object_r:activity_service:s0 tclass=service_manager permissive=1
03-31 16:36:03.294 I/adbd    (  397): jdwp connection from 1943
03-31 16:36:03.298 E/hq      ( 1095): NetWorkStateReceiver:::NetWorkStateReceiver onReceive: 网络变化广播 >>>> intent.action=android.net.conn.CONNECTIVITY_CHANGE
03-31 16:36:03.301 D/RockyReceiver( 1324): action: android.net.conn.CONNECTIVITY_CHANGE
01-01 08:00:33.133 I/        (  378): DVI mode selected: packets not configured
01-01 08:00:33.140 I/        (  378): Error: set vsif failed
03-31 16:36:03.308 E/ConnectivityService(  479): Exception = android.content.pm.PackageManager$NameNotFoundException: android.net.cts
03-31 16:36:03.312 D/ConnectivityService(  479): [100 WIFI] validation passed
03-31 16:36:03.314 D/aaa     ( 1107): LedStatusService onStartCommand begin
01-01 08:00:33.163 I/        (  378): DVI mode selected: packets not configured
01-01 08:00:33.169 I/        (  378): Error: set vsif failed
03-31 16:36:03.316 E/AppListVm( 1095): requestMineApp from=secondScreenlayout auto
03-31 16:36:03.327 D/ConnectivityService(  479): Setting DNS servers for network 100 to [/202.96.134.133, /202.96.128.166]
03-31 16:36:03.327 D/DnsManager(  479): sendDnsConfigurationForNetwork(100, [202.96.134.133, 202.96.128.166], [], 1800, 25, 8, 64, 0, 0, , [202.96.134.133, 202.96.128.166])
03-31 16:36:03.328 I/netd    (  243): DnsResolverService::setResolverConfiguration(100, [202.96.134.133, 202.96.128.166], [], 1800, 25, 8, 64, 0, 0, "", [202.96.134.133, 202.96.128.166]) -> (0) (0.2ms)
03-31 16:36:03.329 I/netd    (  243): setResolverConfiguration(ResolverParamsParcel{netId: 100, sampleValiditySeconds: 1800, successThreshold: 25, minSamples: 8, maxSamples: 64, baseTimeoutMsec: 0, retryCount: 0, servers: [202.96.134.133, 202.96.128.166], domains: [], tlsName: , tlsServers: [202.96.134.133, 202.96.128.166], tlsFingerprints: [], caCertificate: , tlsConnectTimeoutMs: 0, resolverOptions: (null), transportTypes: [1]}) <0.52ms>
03-31 16:36:03.335 W/ContextImpl(  479): Calling a method in the system process without a qualified user: android.app.ContextImpl.sendStickyBroadcast:1559 com.android.server.ConnectivityService.sendStickyBroadcast:2884 com.android.server.ConnectivityService.sendGeneralBroadcast:2859 com.android.server.ConnectivityService.sendInetConditionBroadcast:2836 com.android.server.ConnectivityService.updateInetCondition:8529 
03-31 16:36:03.337 W/LastMileLogger(  479): Failed to stop event tracing: /sys/kernel/debug/tracing/instances/wifi/tracing_on: open failed: ENOENT (No such file or directory)
03-31 16:36:03.339 D/AppManager( 1095): checkLocalAppsIsValid:
03-31 16:36:03.343 W/BestClock(  479): java.time.DateTimeException: Missing NTP fix
03-31 16:36:03.344 D/aaa     ( 1107): topPkg is -------------- :com.dangbei.leard.leradlauncher
03-31 16:36:03.346 D/LanSocketServer( 1051): connect
03-31 16:36:03.346 D/aaa     ( 1107): action:android.net.conn.CONNECTIVITY_CHANGE
03-31 16:36:03.349 W/BestClock(  479): java.time.DateTimeException: Missing NTP fix
03-31 16:36:03.356 D/aaa     ( 1107): WiFi is connect 
03-31 16:36:03.366 I/Receiver( 1324): 网络连接成功 
03-31 16:36:03.366 E/hq      ( 1095): NetWorkStateReceiver:::Network is available. isConnect=false 是否频次过快=false t=1774946163366
03-31 16:36:03.367 W/eventbuscore( 1095): post Event:com.dangbei.leard.base.entity.event.NetStateEvent
03-31 16:36:03.369 D/AppManager( 1095): requestBlackAndWhiteList
03-31 16:36:03.369 D/AppListModel( 1095): requestAppFilterList: true , false
03-31 16:36:03.379 D/WifiMemoryStoreImpl(  479): Set cluster Ga9e5cc4da00b8abb for W72cca011b643f458: SUCCESS
03-31 16:36:03.392 D/TheRouter::RouterInject( 1095): interception::===interface com.dangbei.leard.protocol.weather.CalendarManagerInterface===CalendarManager40752670
03-31 16:36:03.413 W/eventbuscore( 1095): post Event:com.dangbei.leard.base.entity.event.NetChangeEvent
03-31 16:36:03.421 D/yc_test ( 1095): refreshWeather: null
03-31 16:36:03.426 D/CompatibilityChangeReporter(  479): Compat change id reported: 168419799; UID 10022; state: DISABLED
03-31 16:36:03.433 E/DangXiaoBeiManager( 1095): setMessageList: true
03-31 16:36:03.457 E/hq      ( 1095): 当小贝:::message list add complete data.messageList:[] 
03-31 16:36:03.457 E/hq      ( 1095):  data.tabList=[]
03-31 16:36:03.465 I/hq      ( 1095): 当小贝:::showMessage from=net_change
03-31 16:36:03.468 D/CompatibilityChangeReporter( 1943): Compat change id reported: 171979766; UID 10022; state: ENABLED
03-31 16:36:03.477 I/dangbei ad sdk( 1095): AdSplashView::show offline ad
03-31 16:36:03.499 I/hq      ( 1095): 当小贝:::showMessage 没有消息需要显示
03-31 16:36:03.508 I/WifiClientModeImpl(  479): Default Gateway MAC address of 58:c7:ac:7a:4a:12 from routes is : 70:3a:a6:36:a8:d7
03-31 16:36:03.525 W/InputMethodManagerService(  479): Illegal subtype state: old subtype = null, new subtype = android.view.inputmethod.InputMethodSubtype@129f21f8
03-31 16:36:03.526 D/AW_CODE (  479): rotation =0
03-31 16:36:03.504 I/cmd     ( 1988): type=1400 audit(0.0:673): avc: denied { call } for scontext=u:r:preinstall:s0 tcontext=u:r:servicemanager:s0 tclass=binder permissive=1
03-31 16:36:03.524 I/preinstall.sh( 2001): type=1400 audit(0.0:674): avc: denied { getattr } for path="/system/bin/toolbox" dev="dm-0" ino=1266 scontext=u:r:preinstall:s0 tcontext=u:object_r:toolbox_exec:s0 tclass=file permissive=1
03-31 16:36:03.524 I/preinstall.sh( 2001): type=1400 audit(0.0:675): avc: denied { execute } for name="toolbox" dev="dm-0" ino=1266 scontext=u:r:preinstall:s0 tcontext=u:object_r:toolbox_exec:s0 tclass=file permissive=1
03-31 16:36:03.524 I/preinstall.sh( 2001): type=1400 audit(0.0:676): avc: denied { read open } for path="/system/bin/toolbox" dev="dm-0" ino=1266 scontext=u:r:preinstall:s0 tcontext=u:object_r:toolbox_exec:s0 tclass=file permissive=1
03-31 16:36:03.533 W/IorapForwardingService(  479): No service published for: iorapd
03-31 16:36:03.528 I/preinstall.sh( 2001): type=1400 audit(0.0:677): avc: denied { execute_no_trans } for path="/system/bin/toolbox" dev="dm-0" ino=1266 scontext=u:r:preinstall:s0 tcontext=u:object_r:toolbox_exec:s0 tclass=file permissive=1
03-31 16:36:03.543 W/System.err( 1051): SLF4J: Failed to load class "org.slf4j.impl.StaticLoggerBinder".
03-31 16:36:03.544 W/System.err( 1051): SLF4J: Defaulting to no-operation (NOP) logger implementation
03-31 16:36:03.544 W/System.err( 1051): SLF4J: See http://www.slf4j.org/codes.html#StaticLoggerBinder for further details.
03-31 16:36:03.547 D/LanSocketServer( 1051): connect /192.168.3.131:6689
03-31 16:36:03.547 D/AW_CODE (  479): rotation =0
03-31 16:36:03.555 D/WifiConfigStore(  479): Writing to stores completed in 18 ms.
03-31 16:36:03.560 D/LanSocketServer( 1051): connect start
03-31 16:36:03.560 E/LanCommander( 1051): onNetWorkChanged: true
03-31 16:36:03.560 V/GraphicsEnvironment( 1943): ANGLE Developer option for 'com.android.providers.calendar' set to: 'default'
03-31 16:36:03.561 D/QuickLifeImpl( 1051): onReceive intent : Intent { act=android.net.conn.CONNECTIVITY_CHANGE flg=0x4200010 (has extras) }
03-31 16:36:03.561 V/GraphicsEnvironment( 1943): Neither updatable production driver nor prerelease driver is supported.
03-31 16:36:03.561 D/QuickLifeImpl( 1051): networkInfo = [type: WIFI[], state: CONNECTED/CONNECTED, reason: (unspecified), extra: , failover: false, available: true, roaming: false]
03-31 16:36:03.561 D/QuickLifeImpl( 1051): network connected
03-31 16:36:03.563 D/NetworkSecurityConfig( 1943): No Network Security Config specified, using platform default
03-31 16:36:03.564 D/NetworkSecurityConfig( 1943): No Network Security Config specified, using platform default
03-31 16:36:03.565 D/AW_CODE (  479): rotation =0
03-31 16:36:03.572 D/QuickLifeImpl( 1051): updateConditionValue  key = DANGBEI_NETWORK_CONNECT;  value = 1
03-31 16:36:03.576 D/QuickLifeImpl( 1051): updateConditionValue  key = DANGBEI_NETWORK_DISCONNECT;  value = 0
03-31 16:36:03.577 E/LanCommander( 1051): onServerCreatedSuccess 192.168.3.131:6689
03-31 16:36:03.595 E/RCInfo  ( 1051): RCBrand:NA
03-31 16:36:03.596 D/RockyManager( 1324): switchWakeIsAllow      isQuitBootGuide: true      isBtMode: false
03-31 16:36:03.596 D/RockyManager( 1324): switchWakeIsAllow      isAllowFarWake: true
03-31 16:36:03.599 E/RCInfo  ( 1051): RCBrand:NA
03-31 16:36:03.637 D/dangbei ad sdk( 1095): HttpUtils.....::response=http://esw.tymcdn.com/dbGold/os/v2/sdkSwitch.do
03-31 16:36:03.656 E/hq      ( 1095): NetWorkStateReceiver:::NetWorkStateReceiver onReceive: 网络变化广播 >>>> intent.action=android.net.conn.CONNECTIVITY_CHANGE
03-31 16:36:03.658 E/hq      ( 1095): NetWorkStateReceiver:::Network is available. isConnect=true 是否频次过快=true t=1774946163658
03-31 16:36:03.658 W/eventbuscore( 1095): post Event:com.dangbei.leard.base.entity.event.NetChangeEvent
03-31 16:36:03.677 I/CalendarProvider2( 1943): Created com.android.providers.calendar.CalendarAlarmManager@a5e345f(com.android.providers.calendar.CalendarProvider2@e8b6eac)
03-31 16:36:03.689 D/getEthernetMacAddr( 1051): getEthernetMacAddr use eth0
01-01 08:00:33.521 W/audit   ( 1370): audit_lost=254 audit_rate_limit=5 audit_backlog_limit=64
01-01 08:00:33.530 E/audit   ( 1370): rate limit exceeded
03-31 16:36:03.697 D/CompatibilityChangeReporter( 1943): Compat change id reported: 160794467; UID 10022; state: ENABLED
03-31 16:36:03.710 I/System.out( 1095): true
03-31 16:36:03.710 D/getEthernetMacAddr( 1051): getEthernetMacAddr use eth0
01-01 08:00:33.561 I/        (  378): DVI mode selected: packets not configured
01-01 08:00:33.568 I/        (  378): Error: set vsif failed
03-31 16:36:03.742 D/aaa     ( 1107): WiFi is connect 
03-31 16:36:03.749 D/aaa     ( 1107): WiFi is connect 
03-31 16:36:03.763 D/getEthernetMacAddr( 1051): getEthernetMacAddr use eth0
03-31 16:36:03.764 D/CompatibilityChangeReporter(  479): Compat change id reported: 171306433; UID 10022; state: ENABLED
03-31 16:36:03.768 D/CompatibilityChangeReporter(  479): Compat change id reported: 143231523; UID 10022; state: DISABLED
03-31 16:36:03.774 E/hq      ( 1095): listenerNet:::重新来网了 key=image_error  isConnect=true
03-31 16:36:03.774 E/hq      ( 1095): listenerNet:::重新来网了 key=requestAppWhiteList  isConnect=true
03-31 16:36:03.777 E/hq      ( 1095): listenerNet:::重新来网了 key=ConfigureInterface:Init  isConnect=true
03-31 16:36:03.788 D/aaa     ( 1107): LedStatusService onStartCommand begin
03-31 16:36:03.790 D/getEthernetMacAddr( 1051): getEthernetMacAddr use eth0
03-31 16:36:03.790 E/hq      ( 1095): listenerNet:::重新来网了 key=requestGetMessageRemind  isConnect=true
03-31 16:36:03.796 D/aaa     ( 1107): topPkg is -------------- :com.dangbei.leard.leradlauncher
03-31 16:36:03.799 D/aaa     ( 1107): WiFi is connect 
03-31 16:36:03.806 D/yc_test ( 1095): refreshWeather: null
03-31 16:36:03.813 E/hq      ( 1095): listenerNet:::重新来网了 key=requestMessageConfig  isConnect=true
03-31 16:36:03.816 E/hq      ( 1095): listenerNet:::重新来网了 key=requestMessageDialog  isConnect=true
03-31 16:36:03.818 E/hq      ( 1095): CrashHandler:::图片加载异常 message=Failed to load resource 
03-31 16:36:03.818 E/hq      ( 1095):  model=  
03-31 16:36:03.818 E/hq      ( 1095):  target=Target for: com.dangbei.palaemon.layout.DBImageView{b1447e2 V.ED..... ........ 0,0-410,580}
03-31 16:36:03.844 D/CompatibilityChangeReporter(  479): Compat change id reported: 135634846; UID 10025; state: DISABLED
03-31 16:36:03.844 D/CompatibilityChangeReporter(  479): Compat change id reported: 177438394; UID 10025; state: DISABLED
03-31 16:36:03.844 D/CompatibilityChangeReporter(  479): Compat change id reported: 135772972; UID 10025; state: DISABLED
03-31 16:36:03.845 D/CompatibilityChangeReporter(  479): Compat change id reported: 135754954; UID 10025; state: ENABLED
03-31 16:36:03.847 D/CompatibilityChangeReporter(  479): Compat change id reported: 143937733; UID 10025; state: ENABLED
03-31 16:36:03.853 D/aaa     ( 1107): WiFi is connect 
03-31 16:36:03.856 D/aaa     ( 1107): WiFi is connect 
03-31 16:36:03.867 D/Zygote  (  244): Forked child process 2040
03-31 16:36:03.871 I/ActivityManager(  479): app.processName = com.android.providers.tv
03-31 16:36:03.871 I/ActivityManager(  479): Start proc 2040:com.android.providers.tv/u0a25 for broadcast {com.android.providers.tv/com.android.providers.tv.BootCompletedReceiver}
03-31 16:36:03.873 I/okhttp.OkHttpClient( 1051): --> POST http://tymsgapi.qun7.com/v1/core/logip (620-byte body)
03-31 16:36:03.881 I/Zygote  ( 2040): seccomp disabled by setenforce 0
03-31 16:36:03.903 I/Receiver( 1324): ----------netConnectInitSDK--------------
03-31 16:36:03.904 D/RockyNetMessageUtil( 1324): initTipsList   tipEntity = TipEntity{movieType=[我想看喜剧片, 动作片, 枪战片], movie=[庆余年, 误杀, 美丽人生, 爆笑虫子, 哪吒, 小猪佩奇, 胡歌的电视剧, 张艺谋导演的电影, 切换到1080P, 收藏], appController=[打开当贝市场, 下载哈趣影视, 爱奇艺, 卸载腾讯视频], weather=[今天的天气, 未来五天的天气, 杭州天气怎么样, 明天下不下雨], music=[我要听歌, 周杰伦的歌, 上一首, 下一首, 快进一分钟, 暂停], liveAppDownload='非常抱歉，根据监管部门政策管理要求，暂不提供相应服务。', subscreen=null, wakeUpVoiceResponse=[ProbabilityEntity{word='在呢', probability=30}, ProbabilityEntity{word='我在', probability=35}, ProbabilityEntity{word='你说', probability=15}, ProbabilityEntity{word='来啦', probability=20}], unrecognizedVoiceResponse=[ProbabilityEntity{word='可以再说一遍么', probability=45}, ProbabilityEntity{word='可以说的详细一点么', probability=30}, ProbabilityEntity{word='请问有什么可以帮您', probability=25}], notUnderstandVoiceResponse=[ProbabilityEntity{word='换个说法试试吧', probability=100}]}     isRequestTipSuccess = false
03-31 16:36:03.910 D/XHttpObservable( 1324): handleRequest: start https://tyapi.qun7.com/v1/voice/getsoundshowmsg ,,, isCache = false
03-31 16:36:03.912 D/RockyNetMessageUtil( 1324): initMediaControlPage   pageEntity = PageEntity{list=[ContentEntity{packageName='com.dangbei.leard.leradlauncher', activityName='FilmDetailActivity'}, ContentEntity{packageName='com.dangbei.leard.leradlauncher', activityName='FullScreenDetailActivity'}, ContentEntity{packageName='com.dangbei.leard.leradlauncher', activityName='TencentSportActivity'}, ContentEntity{packageName='com.dangbei.leradVideoPlugins', activityName='FilmDetailActivity'}, ContentEntity{packageName='com.dangbei.leradVideoPlugins', activityName='FullScreenDetailActivity'}, ContentEntity{packageName='com.dangbei.leradVideoPlugins', activityName='TencentSportActivity'}, ContentEntity{packageName='com.dangbei.leradVideoPlugins', activityName='ShortPlayActivity'}, ContentEntity{packageName='com.dangbei.hqmedia', activityName='FilmDetailActivity'}, ContentEntity{packageName='com.dangbei.hqmedia', activityName='FullScreenDetailActivity'}, ContentEntity{packageName='com.dangbei.leradVideoPlugins', activityName='MangoMediaActivity'}, ContentEntity{packageName='com.dangbei.leradVideoPlugins', activityName='VcinemaActivity'}]}     isRequestPageControlSuccess = false
03-31 16:36:03.919 I/adbd    (  397): jdwp connection from 2040
01-01 08:00:33.750 I/        (  378): DVI mode selected: packets not configured
01-01 08:00:33.757 I/        (  378): Error: set vsif failed
03-31 16:36:03.931 D/XHttpObservable( 1324): handleRequest: start https://tyapi.qun7.com/v1/voice/getResponseControlPage ,,, isCache = false
03-31 16:36:03.970 E/HigherBroadcastServer( 1051): {"bluetoothBoot":false,"bluetoothController":false,"bluetoothMac":"B4:2F:03:15:6F:44","deviceModel":"DBBOX-A2","deviceModelNumber":"H5232","deviceName":"客厅的当贝盒子","findController":1,"hostName":"192.168.3.131","inetAddress":"192.168.3.131","mac":"4A:13:E4:F9:79:75","port":6689,"romCode":5021,"romVersion":"5.0.2.1","wifiMac":"B4:2F:03:15:E4:CE","deviceId":"2813ae00d73b0845cc8abd16e8efd374","sn":"5c00104d56404831b53"}
03-31 16:36:03.971 W/NsdServiceInfo( 1051): Key lengths > 9 are discouraged: deviceModel
03-31 16:36:03.971 W/NsdServiceInfo( 1051): Key lengths > 9 are discouraged: deviceModelNumber
03-31 16:36:03.971 W/NsdServiceInfo( 1051): Key lengths > 9 are discouraged: deviceName
03-31 16:36:03.971 W/NsdServiceInfo( 1051): Key lengths > 9 are discouraged: romVersion
03-31 16:36:03.971 W/NsdServiceInfo( 1051): Key lengths > 9 are discouraged: findController
03-31 16:36:03.982 D/CompatibilityChangeReporter(  479): Compat change id reported: 168419799; UID 10025; state: DISABLED
03-31 16:36:03.997 D/CompatibilityChangeReporter( 2040): Compat change id reported: 171979766; UID 10025; state: ENABLED
03-31 16:36:04.022 I/lerad.etna.haq( 1051): Background young concurrent copying GC freed 17830(2560KB) AllocSpace objects, 11(220KB) LOS objects, 37% free, 3887KB/6248KB, paused 765us total 187.437ms
03-31 16:36:04.025 W/System  ( 1051): A resource failed to call close. 
03-31 16:36:04.025 W/System  ( 1051): A resource failed to call close. 
03-31 16:36:04.025 W/System  ( 1051): A resource failed to call close. 
03-31 16:36:04.025 W/System  ( 1051): A resource failed to call close. 
03-31 16:36:04.025 W/System  ( 1051): A resource failed to call close. 
03-31 16:36:04.025 W/System  ( 1051): A resource failed to call close. 
03-31 16:36:04.025 W/System  ( 1051): A resource failed to call close. 
03-31 16:36:04.025 W/System  ( 1051): A resource failed to call close. 
03-31 16:36:04.068 D/NsdService(  479): Register service
03-31 16:36:04.068 D/NsdService(  479): registerService: 2 name: 192.168.3.131, type: _db_controller._tcp, host: /192.168.3.131, port: 6689, txtRecord: deviceModel=DBBOX-A2romVersion=5.0.2.1findController=1sn=5c00104d56404831b53mac=4A:13:E4:F9:79:75 deviceName=客厅的当贝盒子)deviceId=2813ae00d73b0845cc8abd16e8efd374deviceModelNumber=H5232romCode=5021
03-31 16:36:04.069 D/NsdService(  479): mdnssd [register, 2, 192.168.3.131, _db_controller._tcp, 6689, FGRldmljZU1vZGVsPURCQk9YLUEyEnJvbVZlcnNpb249NS4wLjIuMRBmaW5kQ29udHJvbGxlcj0xFnNuPTVjMDAxMDRkNTY0MDQ4MzFiNTMVbWFjPTRBOjEzOkU0OkY5Ojc5Ojc1IGRldmljZU5hbWU95a6i5Y6F55qE5b2T6LSd55uS5a2QKWRldmljZUlkPTI4MTNhZTAwZDczYjA4NDVjYzhhYmQxNmU4ZWZkMzc0F2RldmljZU1vZGVsTnVtYmVyPUg1MjMyDHJvbUNvZGU9NTAyMQ==]
03-31 16:36:04.069 D/MDnsDS  (  243): serviceRegister(2, (null), 192.168.3.131, _db_controller._tcp, (null), (null), 6689, 214, <binary>)
03-31 16:36:04.072 D/MDnsDS  (  243): startMonitoring 2
03-31 16:36:04.072 D/MDnsDS  (  243): triggering rescan
03-31 16:36:04.072 D/MDnsDS  (  243): serviceRegister successful
03-31 16:36:04.072 D/MDnsDS  (  243): Monitor poll got data pollCount = 1, 1
03-31 16:36:04.072 D/MDnsDS  (  243): controlSocket shows revent= 1
03-31 16:36:04.072 D/MDnsDS  (  243): MDnsSdListener::Monitor got 1
03-31 16:36:04.072 D/MDnsDS  (  243): MDnsSdListener::Monitor poll rescanning - size=10, live=1
03-31 16:36:04.072 D/MDnsDS  (  243): Going to poll with pollCount 2
03-31 16:36:04.073 D/NsdService(  479): Register 2 2
03-31 16:36:04.091 D/dangbei ad sdk( 1095): HttpUtils.....::response={"msg":"success","code":200,"nexttime":"1777652440000","status":0}
03-31 16:36:04.099 V/GraphicsEnvironment( 2040): ANGLE Developer option for 'com.android.providers.tv' set to: 'default'
03-31 16:36:04.100 V/GraphicsEnvironment( 2040): Neither updatable production driver nor prerelease driver is supported.
03-31 16:36:04.101 W/d.leradlaunche( 1095): Long monitor contention with owner OkHttp https://ottdbui-tyapiqun7.yysh.mgtv.com/... (1465) at android.security.net.config.NetworkSecurityTrustManager android.security.net.config.NetworkSecurityConfig.getTrustManager()(NetworkSecurityConfig.java:116) waiters=2 in android.security.net.config.NetworkSecurityTrustManager android.security.net.config.NetworkSecurityConfig.getTrustManager() for 119ms
03-31 16:36:04.103 D/NetworkSecurityConfig( 2040): No Network Security Config specified, using platform default
03-31 16:36:04.104 D/NetworkSecurityConfig( 2040): No Network Security Config specified, using platform default
03-31 16:36:04.105 D/LanSocketServer( 1051): connect
03-31 16:36:04.114 I/okhttp.OkHttpClient( 1051): <-- 200 OK http://tymsgapi.qun7.com/v1/core/logip (240ms, 81-byte body)
03-31 16:36:04.121 D/CompatibilityChangeReporter( 2040): Compat change id reported: 160794467; UID 10025; state: ENABLED
03-31 16:36:04.122 I/HttpUtil( 1051): success
03-31 16:36:04.157 D/LanSocketServer( 1051): connect /192.168.3.131:6689
03-31 16:36:04.157 D/LanSocketServer( 1051): connect start
03-31 16:36:04.157 E/LanCommander( 1051): onNetWorkChanged: true
03-31 16:36:04.168 E/LanCommander( 1051): onServerCreatedSuccess 192.168.3.131:6689
03-31 16:36:04.169 E/dangbei111( 1051): 读出来的遥控器版本不是空 CSH260331
03-31 16:36:04.169 E/dangbei111( 1051): cccccc requestRemoteInfoInner factory NA version CSH260331
03-31 16:36:04.169 E/RCInfo  ( 1051): RCBrand:NA
03-31 16:36:04.211 I/okhttp.OkHttpClient( 1051): --> POST http://tymsgapi.qun7.com/v1/core/rom (551-byte body)
03-31 16:36:04.223 I/okhttp.OkHttpClient( 1051): --> POST http://tymsgapi.qun7.com/v1/core/logip (620-byte body)
03-31 16:36:04.233 D/NsdService(  479): unregister service
03-31 16:36:04.233 D/NsdService(  479): mdnssd [stop-register, 2]
03-31 16:36:04.233 D/MDnsDS  (  243): Stopping register with ref 0xf1c279b0
03-31 16:36:04.233 D/MDnsDS  (  243): freeServiceRef 2
03-31 16:36:04.233 D/MDnsDS  (  243): triggering rescan
03-31 16:36:04.234 D/MDnsDS  (  243): Monitor poll got data pollCount = 2, 2
03-31 16:36:04.234 D/MDnsDS  (  243): Monitor found [1].revents = 32 - calling ProcessResults
03-31 16:36:04.234 W/netd    (  243): dnssd_clientstub DNSServiceProcessResult called with NULL DNSServiceRef
03-31 16:36:04.234 D/MDnsDS  (  243): controlSocket shows revent= 1
03-31 16:36:04.234 D/MDnsDS  (  243): MDnsSdListener::Monitor got 1
03-31 16:36:04.234 D/MDnsDS  (  243): MDnsSdListener::Monitor poll rescanning - size=10, live=0
03-31 16:36:04.234 D/MDnsDS  (  243): Going to poll with pollCount 1
03-31 16:36:04.237 E/HigherBroadcastServer( 1051): {"bluetoothBoot":false,"bluetoothController":false,"bluetoothMac":"B4:2F:03:15:6F:44","deviceModel":"DBBOX-A2","deviceModelNumber":"H5232","deviceName":"客厅的当贝盒子","findController":1,"hostName":"192.168.3.131","inetAddress":"192.168.3.131","mac":"4A:13:E4:F9:79:75","port":6689,"romCode":5021,"romVersion":"5.0.2.1","wifiMac":"B4:2F:03:15:E4:CE","deviceId":"2813ae00d73b0845cc8abd16e8efd374","sn":"5c00104d56404831b53"}
03-31 16:36:04.237 W/NsdServiceInfo( 1051): Key lengths > 9 are discouraged: deviceModel
03-31 16:36:04.237 W/NsdServiceInfo( 1051): Key lengths > 9 are discouraged: deviceModelNumber
03-31 16:36:04.237 W/NsdServiceInfo( 1051): Key lengths > 9 are discouraged: deviceName
03-31 16:36:04.237 W/NsdServiceInfo( 1051): Key lengths > 9 are discouraged: romVersion
03-31 16:36:04.237 W/NsdServiceInfo( 1051): Key lengths > 9 are discouraged: findController
03-31 16:36:04.268 I/okhttp.OkHttpClient( 1051): <-- 200 OK http://tymsgapi.qun7.com/v1/core/logip (44ms, 81-byte body)
03-31 16:36:04.297 I/HttpUtil( 1051): success
03-31 16:36:04.304 D/NsdService(  479): Register service
03-31 16:36:04.304 D/NsdService(  479): registerService: 3 name: 192.168.3.131, type: _db_controller._tcp, host: /192.168.3.131, port: 6689, txtRecord: deviceModel=DBBOX-A2romVersion=5.0.2.1findController=1sn=5c00104d56404831b53mac=4A:13:E4:F9:79:75 deviceName=客厅的当贝盒子)deviceId=2813ae00d73b0845cc8abd16e8efd374deviceModelNumber=H5232romCode=5021
03-31 16:36:04.304 D/NsdService(  479): mdnssd [register, 3, 192.168.3.131, _db_controller._tcp, 6689, FGRldmljZU1vZGVsPURCQk9YLUEyEnJvbVZlcnNpb249NS4wLjIuMRBmaW5kQ29udHJvbGxlcj0xFnNuPTVjMDAxMDRkNTY0MDQ4MzFiNTMVbWFjPTRBOjEzOkU0OkY5Ojc5Ojc1IGRldmljZU5hbWU95a6i5Y6F55qE5b2T6LSd55uS5a2QKWRldmljZUlkPTI4MTNhZTAwZDczYjA4NDVjYzhhYmQxNmU4ZWZkMzc0F2RldmljZU1vZGVsTnVtYmVyPUg1MjMyDHJvbUNvZGU9NTAyMQ==]
03-31 16:36:04.308 D/MDnsDS  (  243): serviceRegister(3, (null), 192.168.3.131, _db_controller._tcp, (null), (null), 6689, 214, <binary>)
03-31 16:36:04.309 D/MDnsDS  (  243): startMonitoring 3
03-31 16:36:04.309 D/MDnsDS  (  243): triggering rescan
03-31 16:36:04.309 D/MDnsDS  (  243): serviceRegister successful
03-31 16:36:04.309 D/MDnsDS  (  243): Monitor poll got data pollCount = 1, 1
03-31 16:36:04.309 D/MDnsDS  (  243): controlSocket shows revent= 1
03-31 16:36:04.309 D/MDnsDS  (  243): MDnsSdListener::Monitor got 1
03-31 16:36:04.309 D/MDnsDS  (  243): MDnsSdListener::Monitor poll rescanning - size=10, live=1
03-31 16:36:04.309 D/MDnsDS  (  243): Going to poll with pollCount 2
03-31 16:36:04.312 D/NsdService(  479): Register 3 3
03-31 16:36:04.323 D/XHttpObservable( 1324): createNetWorkObservable subscribe: MediaControlEntity{code=0, data=PageEntity{list=[ContentEntity{packageName='com.dangbei.leard.leradlauncher', activityName='FilmDetailActivity'}, ContentEntity{packageName='com.dangbei.leard.leradlauncher', activityName='FullScreenDetailActivity'}, ContentEntity{packageName='com.dangbei.leard.leradlauncher', activityName='TencentSportActivity'}, ContentEntity{packageName='com.dangbei.leradVideoPlugins', activityName='FilmDetailActivity'}, ContentEntity{packageName='com.dangbei.leradVideoPlugins', activityName='FullScreenDetailActivity'}, ContentEntity{packageName='com.dangbei.leradVideoPlugins', activityName='TencentSportActivity'}, ContentEntity{packageName='com.dangbei.leradVideoPlugins', activityName='ShortPlayActivity'}, ContentEntity{packageName='com.dangbei.hqmedia', activityName='FilmDetailActivity'}, ContentEntity{packageName='com.dangbei.hqmedia', activityName='FullScreenDetailActivity'}, ContentEntity{packageName='com.dangbei.leradVideoPlugins', activityName='MangoMediaActivity'}, ContentEntity{packageName='com.dangbei.leradVideoPlugins', activityName='VcinemaActivity'}]}, message='success'} ,,, isDisposed = false
03-31 16:36:04.324 I/okhttp.OkHttpClient( 1051): --> POST http://tyapi.qun7.com/v1/core/launcherota (551-byte body)
03-31 16:36:04.326 D/XHttpObservable( 1324): createNetWorkObservable subscribe: ShowMessageEntity{code=0, data=TipEntity{movieType=[我想看喜剧片, 动作片, 枪战片], movie=[庆余年, 误杀, 美丽人生, 爆笑虫子, 哪吒, 小猪佩奇, 胡歌的电视剧, 张艺谋导演的电影, 切换到1080P, 收藏], appController=[打开当贝市场, 下载哈趣影视, 爱奇艺, 卸载腾讯视频], weather=[今天的天气, 未来五天的天气, 杭州天气怎么样, 明天下不下雨], music=[我要听歌, 周杰伦的歌, 上一首, 下一首, 快进一分钟, 暂停], liveAppDownload='非常抱歉，根据监管部门政策管理要求，暂不提供相应服务。', subscreen=null, wakeUpVoiceResponse=[ProbabilityEntity{word='在呢', probability=30}, ProbabilityEntity{word='我在', probability=35}, ProbabilityEntity{word='你说', probability=15}, ProbabilityEntity{word='来啦', probability=20}], unrecognizedVoiceResponse=[ProbabilityEntity{word='可以再说一遍么', probability=45}, ProbabilityEntity{word='可以说的详细一点么', probability=30}, ProbabilityEntity{word='请问有什么可以帮您', probability=25}], notUnderstandVoiceResponse=[ProbabilityEntity{word='换个说法试试吧', probability=100}]}, message='success'} ,,, isDisposed = false
03-31 16:36:04.356 I/okhttp.OkHttpClient( 1051): --> POST http://tymsgapi.qun7.com/v1/core/ykota (622-byte body)
03-31 16:36:04.362 W/d.leradlaunche( 1095): Long monitor contention with owner DefaultDispatcher-worker-18 (1709) at java.util.Set b6.a.a(boolean, java.util.List, java.util.Map, java.util.List, gg.e)(SourceFile:186) waiters=0 in java.util.Set b6.a.a(boolean, java.util.List, java.util.Map, java.util.List, gg.e) for 910ms
03-31 16:36:04.383 D/CompatibilityChangeReporter(  479): Compat change id reported: 135634846; UID 10063; state: DISABLED
03-31 16:36:04.384 D/CompatibilityChangeReporter(  479): Compat change id reported: 177438394; UID 10063; state: DISABLED
03-31 16:36:04.384 D/CompatibilityChangeReporter(  479): Compat change id reported: 135772972; UID 10063; state: DISABLED
03-31 16:36:04.384 D/CompatibilityChangeReporter(  479): Compat change id reported: 135754954; UID 10063; state: ENABLED
03-31 16:36:04.386 D/CompatibilityChangeReporter(  479): Compat change id reported: 143937733; UID 10063; state: ENABLED
03-31 16:36:04.394 I/okhttp.OkHttpClient( 1051): <-- 200 OK http://tymsgapi.qun7.com/v1/core/rom (182ms, unknown-length body)
03-31 16:36:04.396 E/hq      ( 1095): WeatherRefresh:::请求网络地址后，更新的地理位置为：null
03-31 16:36:04.407 D/Zygote  (  244): Forked child process 2100
03-31 16:36:04.409 I/ActivityManager(  479): app.processName = com.android.remoteprovisioner
03-31 16:36:04.409 I/ActivityManager(  479): Start proc 2100:com.android.remoteprovisioner/u0a63 for broadcast {com.android.remoteprovisioner/com.android.remoteprovisioner.BootReceiver}
03-31 16:36:04.418 E/ccc     ( 1051): cccccc requestOtaInfo result BaseResponse{message='success', data=OtaUpdateBean{downloadId='3926', updateType=1, romVersionName='5.0.2.0', romCode=5555, current=0, romMd5v='35cc8705568c57c825806be669e0a812', romLength=701953395, romSize='664.1MB', downUrl='http://dl.qun7.com/H5/H5/5.0.2.0_20260311_OTA/DDR3_NEW_H5%20H618%2020260311_otazip', reUrl='http://dl.v5tv.com/H5/H5/5.0.2.0_20260311_OTA/DDR3_NEW_H5%20H618%2020260311_otazip', reUrl2='http://dl.tymcdn.com/H5/H5/5.0.2.0_20260311_OTA/DDR3_NEW_H5%20H618%2020260311_otazip', tempUrl='null', remark='20260311验证修改点+冒烟测试', status=idle, progress=0.0, filterMac=[], localPath='null', popup=1, isPaused=false, cancelled=false, extraInfo='null'}, code=0}
03-31 16:36:04.424 I/okhttp.OkHttpClient( 1051): --> POST http://tymsgapi.qun7.com/v1/core/appupdate (3192-byte body)
03-31 16:36:04.424 I/Zygote  ( 2100): seccomp disabled by setenforce 0
03-31 16:36:04.433 E/hq      ( 1095): WeatherRefresh:::请求网络地址后，更新的地理位置为：null
03-31 16:36:04.440 E/ccc     ( 1051): cccccc com.dangbei.haqusetting not connect
03-31 16:36:04.441 E/ccc     ( 1051): cccccc updateHelper 通知更新 
03-31 16:36:04.441 E/ccc     ( 1051): cccccc OtaUpdateHelper 普通更新 1
03-31 16:36:04.461 I/okhttp.OkHttpClient( 1051): <-- 200 OK http://tymsgapi.qun7.com/v1/core/ykota (104ms, unknown-length body)
03-31 16:36:04.465 D/CompatibilityChangeReporter(  479): Compat change id reported: 172100307; UID 10074; state: DISABLED
03-31 16:36:04.481 I/adbd    (  397): jdwp connection from 2100
03-31 16:36:04.486 D/AppListModel( 1095): requestAppFilterList: success
03-31 16:36:04.487 D/AppListModel( 1095): updateList
03-31 16:36:04.487 D/AppListModel( 1095): updateList: resetAppList
03-31 16:36:04.491 E/dangbei111( 1051): cccccc requestRemoteInfoInner BaseResponse{message='success', data=null, code=0}
03-31 16:36:04.494 W/System.err( 1051): java.lang.NullPointerException: Attempt to invoke virtual method 'java.lang.String com.etna.haqu.model.business.bean.db.remote.RemoteUpdateBean.getDownloadId()' on a null object reference
03-31 16:36:04.494 W/System.err( 1051): 	at com.dangbei.etna.update.remote.RemoteUpdateHelper$requestRemoteInfoInner$1$2.invoke(RemoteUpdateHelper.kt:199)
03-31 16:36:04.494 W/System.err( 1051): 	at com.dangbei.etna.update.remote.RemoteUpdateHelper$requestRemoteInfoInner$1$2.invoke(RemoteUpdateHelper.kt:188)
03-31 16:36:04.494 W/System.err( 1051): 	at com.etna.haqu.support.ext.FlowExtKt$safeCollect$3.emit(FlowExt.kt:52)
03-31 16:36:04.495 W/System.err( 1051): 	at kotlinx.coroutines.flow.FlowKt__ErrorsKt$catchImpl$2.emit(Errors.kt:158)
03-31 16:36:04.495 W/System.err( 1051): 	at kotlinx.coroutines.flow.FlowKt__ChannelsKt.emitAllImpl$FlowKt__ChannelsKt(Channels.kt:62)
03-31 16:36:04.495 W/System.err( 1051): 	at kotlinx.coroutines.flow.FlowKt__ChannelsKt.access$emitAllImpl$FlowKt__ChannelsKt(Channels.kt:1)
03-31 16:36:04.495 W/System.err( 1051): 	at kotlinx.coroutines.flow.FlowKt__ChannelsKt$emitAllImpl$1.invokeSuspend(Unknown Source:14)
03-31 16:36:04.495 W/System.err( 1051): 	at kotlin.coroutines.jvm.internal.BaseContinuationImpl.resumeWith(ContinuationImpl.kt:33)
03-31 16:36:04.495 W/System.err( 1051): 	at kotlinx.coroutines.DispatchedTask.run(DispatchedTask.kt:106)
03-31 16:36:04.495 W/System.err( 1051): 	at android.os.Handler.handleCallback(Handler.java:938)
03-31 16:36:04.495 W/System.err( 1051): 	at android.os.Handler.dispatchMessage(Handler.java:99)
03-31 16:36:04.495 W/System.err( 1051): 	at android.os.Looper.loopOnce(Looper.java:201)
03-31 16:36:04.495 W/System.err( 1051): 	at android.os.Looper.loop(Looper.java:288)
03-31 16:36:04.495 W/System.err( 1051): 	at android.app.ActivityThread.main(ActivityThread.java:7854)
03-31 16:36:04.495 W/System.err( 1051): 	at java.lang.reflect.Method.invoke(Native Method)
03-31 16:36:04.495 W/System.err( 1051): 	at com.android.internal.os.RuntimeInit$MethodAndArgsCaller.run(RuntimeInit.java:548)
03-31 16:36:04.495 W/System.err( 1051): 	at com.android.internal.os.ZygoteInit.main(ZygoteInit.java:1182)
03-31 16:36:04.513 D/CompatibilityChangeReporter(  479): Compat change id reported: 168419799; UID 10063; state: DISABLED
03-31 16:36:04.527 E/ccc     ( 1051): cccccc com.dangbei.haqusetting not connect
03-31 16:36:04.527 E/ccc     ( 1051): cccccc updateHelper 通知更新 
03-31 16:36:04.527 E/dangbei111( 1051): cccccc requestRemoteInfoInner 出现异常 Attempt to invoke virtual method 'java.lang.String com.etna.haqu.model.business.bean.db.remote.RemoteUpdateBean.getDownloadId()' on a null object reference
03-31 16:36:04.532 I/lerad.etna.haq( 1051): Background young concurrent copying GC freed 28111(2214KB) AllocSpace objects, 4(80KB) LOS objects, 35% free, 4055KB/6248KB, paused 251us total 248.647ms
03-31 16:36:04.534 W/System  ( 1051): A resource failed to call close. 
03-31 16:36:04.534 W/System  ( 1051): A resource failed to call close. 
03-31 16:36:04.534 W/System  ( 1051): A resource failed to call close. 
03-31 16:36:04.534 W/System  ( 1051): A resource failed to call close. 
03-31 16:36:04.536 W/IorapForwardingService(  479): No service published for: iorapd
03-31 16:36:04.536 D/CompatibilityChangeReporter( 2100): Compat change id reported: 171979766; UID 10063; state: ENABLED
03-31 16:36:04.553 I/okhttp.OkHttpClient( 1051): <-- 200 OK http://tyapi.qun7.com/v1/core/launcherota (228ms, unknown-length body)
01-01 08:00:34.401 I/        (  378): DVI mode selected: packets not configured
01-01 08:00:34.408 I/        (  378): Error: set vsif failed
03-31 16:36:04.577 I/okhttp.OkHttpClient( 1051): <-- 200 OK http://tymsgapi.qun7.com/v1/core/appupdate (137ms, unknown-length body)
03-31 16:36:04.597 E/ccc     ( 1051): cccccc launcher ota response is BaseResponse{message='success', data=UpgradeInfoEntity{contentLength=46663288, versionName='2.9.4.9', versionCode=102949, remark='1、桌面优化相关内容', list=[LauncherUpdateBean{downloadId='1', packName='com.dangbei.leard.leradlauncher', versionName='2.9.4.9', versionCode=102949, downUrl='http://dl.qun7.com/tyapp/2025-12-18/694364feed4bb.apk', reUrl='http://dl.v5tv.com/tyapp/2025-12-18/694364feed4bb.apk', reUrl2='http://dl.qun7.com/tyapp/2025-12-18/694364feed4bb.apk', contentLength=46663288, md5v='dd31e10a23bc8af67937ee194f87b070', tempUrl='null', desc='null', status=idle, progress=0.0, isPaused=false, cancelled=false, extraInfo='null', localPath='null', current=0, create_time=0, remark='null', upType=0}, LauncherUpdateBean{downloadId='2', packName='', versionName='2.9.4.9', versionCode=102949, downUrl='', reUrl='', reUrl2='', contentLength=0, md5v='', tempUrl='null', desc='null', status=idle, progress=0.0, isPaused=false, cancelled=false, extraInfo='null', localPath='null', current=0, create_time=0, remark='null', upType=0}, LauncherUpdateBean{downloadId='3', packName='', versionName='2.9.4.9', versionCode=102949, downUrl='', reUrl='', reUrl2='', contentLength=0, md5v='', tempUrl='null', desc='null', status=idle, progress=0.0, isPaused=false, cancelled=false, extraInfo='null', localPath='null', current=0, create_time=0, remark='null', upType=0}]}, code=0}
03-31 16:36:04.598 E/ccc     ( 1051): cccccc local code is 102949 net code is 102949
03-31 16:36:04.602 E/ccc     ( 1051): cccccc requestLauncherUpdateInfo BaseResponse{message='success', data=UpgradeInfoEntity{contentLength=46663288, versionName='2.9.4.9', versionCode=102949, remark='1、桌面优化相关内容', list=[LauncherUpdateBean{downloadId='1', packName='com.dangbei.leard.leradlauncher', versionName='2.9.4.9', versionCode=102949, downUrl='http://dl.qun7.com/tyapp/2025-12-18/694364feed4bb.apk', reUrl='http://dl.v5tv.com/tyapp/2025-12-18/694364feed4bb.apk', reUrl2='http://dl.qun7.com/tyapp/2025-12-18/694364feed4bb.apk', contentLength=46663288, md5v='dd31e10a23bc8af67937ee194f87b070', tempUrl='null', desc='null', status=idle, progress=0.0, isPaused=false, cancelled=false, extraInfo='null', localPath='null', current=0, create_time=0, remark='null', upType=0}, LauncherUpdateBean{downloadId='2', packName='', versionName='2.9.4.9', versionCode=102949, downUrl='', reUrl='', reUrl2='', contentLength=0, md5v='', tempUrl='null', desc='null', status=idle, progress=0.0, isPaused=false, cancelled=false, extraInfo='null', localPath='null', current=0, create_time=0, remark='null', upType=0}, LauncherUpdateBean{downloadId='3', packName='', versionName='2.9.4.9', versionCode=102949, downUrl='', reUrl='', reUrl2='', contentLength=0, md5v='', tempUrl='null', desc='null', status=idle, progress=0.0, isPaused=false, cancelled=false, extraInfo='null', localPath='null', current=0, create_time=0, remark='null', upType=0}]}, code=0}
03-31 16:36:04.612 V/GraphicsEnvironment( 2100): ANGLE Developer option for 'com.android.remoteprovisioner' set to: 'default'
03-31 16:36:04.612 V/GraphicsEnvironment( 2100): Neither updatable production driver nor prerelease driver is supported.
03-31 16:36:04.616 D/NetworkSecurityConfig( 2100): No Network Security Config specified, using platform default
03-31 16:36:04.617 D/NetworkSecurityConfig( 2100): No Network Security Config specified, using platform default
03-31 16:36:04.619 E/hq      ( 1095): Etna:::sendInspectLauncherUpdate
03-31 16:36:04.624 I/RemoteProvisioningBootReceiver( 2100): Caught boot intent, waking up.
03-31 16:36:04.639 E/ccc     ( 1051): cccccc SystemUpdateHelper launcherUpdate {"launcherCodeLocal":102949,"launcherCodeNet":0,"launcherVersionLocal":"2.9.4.9","launcherVersionNet":"","otaCodeLocal":0,"otaCodeNet":0,"remoteNeedUpdate":false,"updateType":""}
03-31 16:36:04.651 W/MediaProvider( 1033): getVolumePath for unknown volume: internal
03-31 16:36:04.660 D/ConnectivityService(  479): requestNetwork for uid/pid:1000/479 asUid: 10063 activeRequest: null callbackRequest: 29 [NetworkRequest [ REQUEST id=30, [ Capabilities: INTERNET&NOT_RESTRICTED&TRUSTED&NOT_VCN_MANAGED Uid: 10063 RequestorUid: 1000 RequestorPkg: android] ]] callback flags: 0 priority: 2147483647
03-31 16:36:04.661 D/ConnectivityService(  479): NetReassign [30 : null → 100]
03-31 16:36:04.663 D/WifiNetworkFactory(  479): got request NetworkRequest [ REQUEST id=30, [ Capabilities: INTERNET&NOT_RESTRICTED&TRUSTED&NOT_VCN_MANAGED Uid: 10063 RequestorUid: 1000 RequestorPkg: android] ]
03-31 16:36:04.663 D/Ethernet(  479): got request NetworkRequest [ REQUEST id=30, [ Capabilities: INTERNET&NOT_RESTRICTED&TRUSTED&NOT_VCN_MANAGED Uid: 10063 RequestorUid: 1000 RequestorPkg: android] ]
03-31 16:36:04.664 D/EthernetNetworkFactory(  479): acceptRequest, request: NetworkRequest [ REQUEST id=30, [ Capabilities: INTERNET&NOT_RESTRICTED&TRUSTED&NOT_VCN_MANAGED Uid: 10063 RequestorUid: 1000 RequestorPkg: android] ]
03-31 16:36:04.664 I/EthernetNetworkFactory(  479): networkForRequest, request: NetworkRequest [ REQUEST id=30, [ Capabilities: INTERNET&NOT_RESTRICTED&TRUSTED&NOT_VCN_MANAGED Uid: 10063 RequestorUid: 1000 RequestorPkg: android] ], network: null
03-31 16:36:04.664 D/UntrustedWifiNetworkFactory(  479): got request NetworkRequest [ REQUEST id=30, [ Capabilities: INTERNET&NOT_RESTRICTED&TRUSTED&NOT_VCN_MANAGED Uid: 10063 RequestorUid: 1000 RequestorPkg: android] ]
03-31 16:36:04.665 D/OemPaidWifiNetworkFactory(  479): got request NetworkRequest [ REQUEST id=30, [ Capabilities: INTERNET&NOT_RESTRICTED&TRUSTED&NOT_VCN_MANAGED Uid: 10063 RequestorUid: 1000 RequestorPkg: android] ]
03-31 16:36:04.678 I/ActivityManager(  479): com.android.shell is exempt from freezer
03-31 16:36:04.678 D/CompatibilityChangeReporter(  479): Compat change id reported: 135634846; UID 2000; state: DISABLED
03-31 16:36:04.678 D/CompatibilityChangeReporter(  479): Compat change id reported: 177438394; UID 2000; state: DISABLED
03-31 16:36:04.679 D/CompatibilityChangeReporter(  479): Compat change id reported: 135772972; UID 2000; state: DISABLED
03-31 16:36:04.679 D/CompatibilityChangeReporter(  479): Compat change id reported: 135754954; UID 2000; state: ENABLED
03-31 16:36:04.687 W/MediaProvider( 1033): getVolumePath for unknown volume: internal
03-31 16:36:04.688 D/etnaManager( 1095): 不需要更新桌面
03-31 16:36:04.690 W/MediaProvider( 1033): getVolumePath for unknown volume: internal
03-31 16:36:04.693 I/RemoteProvisioningService( 2100): Starting provisioning job
03-31 16:36:04.705 D/Zygote  (  244): Forked child process 2124
03-31 16:36:04.707 I/ActivityManager(  479): app.processName = com.android.shell
03-31 16:36:04.707 I/ActivityManager(  479): Start proc 2124:com.android.shell/2000 for broadcast {com.android.shell/com.android.shell.HeapDumpReceiver}
03-31 16:36:04.713 W/MediaProvider( 1033): getVolumePath for unknown volume: internal
03-31 16:36:04.714 I/Zygote  ( 2124): seccomp disabled by setenforce 0
03-31 16:36:04.715 W/MediaProvider( 1033): getVolumePath for unknown volume: internal
03-31 16:36:04.724 I/rainbow_flow( 1993): type=1400 audit(0.0:712): avc: denied { ioctl } for path="/dev/spidev1.0" dev="tmpfs" ino=3270 ioctlcmd=0x6b00 scontext=u:r:init:s0 tcontext=u:object_r:device:s0 tclass=chr_file permissive=1
03-31 16:36:04.741 I/adbd    (  397): jdwp connection from 2124
03-31 16:36:04.794 D/CompatibilityChangeReporter(  479): Compat change id reported: 168419799; UID 2000; state: DISABLED
01-01 08:00:34.626 I/        (  378): DVI mode selected: packets not configured
01-01 08:00:34.633 I/        (  378): Error: set vsif failed
03-31 16:36:04.808 D/CompatibilityChangeReporter( 2124): Compat change id reported: 171979766; UID 2000; state: ENABLED
01-01 08:00:34.677 I/        (  378): DVI mode selected: packets not configured
01-01 08:00:34.683 I/        (  378): Error: set vsif failed
03-31 16:36:04.880 E/hq      ( 1095): ErrorCoroutineExceptionHandler:::runTry error:com.dangbei.leard.base.proider.error.EmptyApiException: 数据为空  from=requestMessageDialog  from=requestMessageDialog
03-31 16:36:04.890 E/WifiHAL (  667): wifi_get_link_stats: requestResponse Error:-5
03-31 16:36:04.891 E/WifiVendorHal(  479): getWifiLinkLayerStats_1_5_Internal(l.1191) failed {.code = ERROR_INVALID_ARGS, .description = }
03-31 16:36:04.888 I/EventThread(  263): type=1400 audit(0.0:713): avc: denied { search } for name="extcon" dev="sysfs" ino=18102 scontext=u:r:hal_tv_cec_default:s0 tcontext=u:object_r:sysfs_extcon:s0 tclass=dir permissive=1
03-31 16:36:04.896 V/GraphicsEnvironment( 2124): ANGLE Developer option for 'com.android.shell' set to: 'default'
03-31 16:36:04.896 V/GraphicsEnvironment( 2124): Neither updatable production driver nor prerelease driver is supported.
03-31 16:36:04.904 D/NetworkSecurityConfig( 2124): No Network Security Config specified, using platform default
03-31 16:36:04.904 D/NetworkSecurityConfig( 2124): No Network Security Config specified, using platform default
03-31 16:36:04.939 D/HeapDumpReceiver( 2124): onReceive(): Intent { act=android.intent.action.BOOT_COMPLETED flg=0x89000010 cmp=com.android.shell/.HeapDumpReceiver (has extras) }
03-31 16:36:04.948 D/HeapDumpReceiver( 2124): Deleting from /data/user_de/0/com.android.shell/files/heapdumps
03-31 16:36:04.951 D/CompatibilityChangeReporter(  479): Compat change id reported: 135634846; UID 10017; state: DISABLED
03-31 16:36:04.952 D/CompatibilityChangeReporter(  479): Compat change id reported: 177438394; UID 10017; state: DISABLED
03-31 16:36:04.952 D/CompatibilityChangeReporter(  479): Compat change id reported: 135772972; UID 10017; state: DISABLED
03-31 16:36:04.952 D/CompatibilityChangeReporter(  479): Compat change id reported: 135754954; UID 10017; state: DISABLED
03-31 16:36:04.953 D/CompatibilityChangeReporter(  479): Compat change id reported: 143937733; UID 10017; state: DISABLED
03-31 16:36:04.973 D/Zygote  (  244): Forked child process 2157
03-31 16:36:04.974 I/ActivityManager(  479): app.processName = com.android.statementservice
03-31 16:36:04.974 I/ActivityManager(  479): Start proc 2157:com.android.statementservice/u0a17 for broadcast {com.android.statementservice/com.android.statementservice.domain.BootCompletedReceiver}
03-31 16:36:04.983 I/Zygote  ( 2157): seccomp disabled by setenforce 0
03-31 16:36:05.006 D/MDnsDS  (  243): Monitor poll got data pollCount = 2, 1
03-31 16:36:05.006 D/MDnsDS  (  243): Monitor found [1].revents = 1 - calling ProcessResults
03-31 16:36:05.006 D/MDnsDS  (  243): register succeeded for 3 as 192.168.3.131
03-31 16:36:05.006 D/MDnsDS  (  243): controlSocket shows revent= 0
03-31 16:36:05.006 D/MDnsDS  (  243): Going to poll with pollCount 2
03-31 16:36:05.010 D/NsdService(  479): Native daemon message SERVICE_REGISTERED: 606 3 "192.168.3.131"
03-31 16:36:05.011 I/adbd    (  397): jdwp connection from 2157
03-31 16:36:05.012 D/LanCommander( 1051): com.dangbei.andes.bean.RegistrationData@229d513----------------onServiceRegistered 
03-31 16:36:05.030 D/CompatibilityChangeReporter(  479): Compat change id reported: 168419799; UID 10017; state: DISABLED
03-31 16:36:05.043 D/AppManager( 1095): checkLocalAppsIsValid: size 
03-31 16:36:05.043 D/AppManager( 1095): AppManager resetData: 
03-31 16:36:05.043 D/CompatibilityChangeReporter( 2157): Compat change id reported: 171979766; UID 10017; state: DISABLED
