01-01 08:00:15.597 W/audio_route(  249): Control 'DACL Mixer AIF1DA0L Switch' doesn't exist - skipping
01-01 08:00:15.597 W/audio_route(  249): Control 'AIF1OUT0L Mux' doesn't exist - skipping
01-01 08:00:15.598 W/audio_route(  249): Control 'AIF1OUT0R Mux' doesn't exist - skipping
01-01 08:00:15.598 W/audio_route(  249): Control 'AIF1 AD0L Mixer ADCL Switch' doesn't exist - skipping
01-01 08:00:15.598 W/audio_route(  249): Control 'AIF1 AD0R Mixer ADCR Switch' doesn't exist - skipping
01-01 08:00:15.598 W/audio_route(  249): Control 'ADCR Mux' doesn't exist - skipping
01-01 08:00:15.598 W/audio_route(  249): Control 'ADCL Mux' doesn't exist - skipping
01-01 08:00:15.598 W/audio_route(  249): Control 'HP_R Mux' doesn't exist - skipping
01-01 08:00:15.598 W/audio_route(  249): Control 'HP_L Mux' doesn't exist - skipping
01-01 08:00:15.598 W/audio_route(  249): Control 'HP_R Mux' doesn't exist - skipping
01-01 08:00:15.598 W/audio_route(  249): Control 'HP_L Mux' doesn't exist - skipping
01-01 08:00:15.599 W/audio_route(  249): Control 'Right Output Mixer DACR Switch' doesn't exist - skipping
01-01 08:00:15.599 W/audio_route(  249): Control 'Left Output Mixer DACL Switch' doesn't exist - skipping
01-01 08:00:15.599 W/audio_route(  249): Control 'SPK_L Mux' doesn't exist - skipping
01-01 08:00:15.599 W/audio_route(  249): Control 'SPK_R Mux' doesn't exist - skipping
01-01 08:00:15.599 W/audio_route(  249): Control 'External Speaker Switch' doesn't exist - skipping
01-01 08:00:15.600 W/audio_route(  249): Control 'Headphone Switch' doesn't exist - skipping
01-01 08:00:15.600 W/audio_route(  249): Control 'AIF1IN0R Mux' doesn't exist - skipping
01-01 08:00:15.600 W/audio_route(  249): Control 'AIF1IN0L Mux' doesn't exist - skipping
01-01 08:00:15.600 W/audio_route(  249): Control 'DACR Mixer AIF1DA0R Switch' doesn't exist - skipping
01-01 08:00:15.600 W/audio_route(  249): Control 'DACL Mixer AIF1DA0L Switch' doesn't exist - skipping
01-01 08:00:15.600 W/audio_route(  249): Control 'Left Output Mixer DACR Switch' doesn't exist - skipping
01-01 08:00:15.600 W/audio_route(  249): Control 'Left Output Mixer DACL Switch' doesn't exist - skipping
01-01 08:00:15.600 W/audio_route(  249): Control 'SPK_L Mux' doesn't exist - skipping
01-01 08:00:15.600 W/audio_route(  249): Control 'External Speaker Switch' doesn't exist - skipping
01-01 08:00:15.600 W/audio_route(  249): unknown enum value string 0 for ctl LINEOUTL src LR
01-01 08:00:15.600 W/audio_route(  249): unknown enum value string 0 for ctl LINEOUTR src LR
01-01 08:00:15.600 W/audio_route(  249): Control 'DACR Mixer AIF1DA0R Switch' doesn't exist - skipping
01-01 08:00:15.601 W/audio_route(  249): Control 'DACL Mixer AIF1DA0L Switch' doesn't exist - skipping
01-01 08:00:15.601 W/audio_route(  249): Control 'AIF1 AD0L Mixer ADCL Switch' doesn't exist - skipping
01-01 08:00:15.601 W/audio_route(  249): Control 'AIF1 AD0R Mixer ADCR Switch' doesn't exist - skipping
01-01 08:00:15.601 W/audio_route(  249): Control 'Left Output Mixer DACL Switch' doesn't exist - skipping
01-01 08:00:15.601 W/audio_route(  249): Control 'Left Output Mixer DACR Switch' doesn't exist - skipping
01-01 08:00:15.601 W/audio_route(  249): Control 'Right Output Mixer DACL Switch' doesn't exist - skipping
01-01 08:00:15.601 W/audio_route(  249): Control 'Right Output Mixer DACR Switch' doesn't exist - skipping
01-01 08:00:15.601 W/audio_route(  249): Control 'Headphone Switch' doesn't exist - skipping
01-01 08:00:15.601 W/audio_route(  249): Control 'External Speaker Switch' doesn't exist - skipping
01-01 08:00:15.601 W/audio_route(  249): Control 'AIF1OUT0R Mux' doesn't exist - skipping
01-01 08:00:15.601 W/audio_route(  249): Control 'AIF1OUT0L Mux' doesn't exist - skipping
01-01 08:00:15.601 W/audio_route(  249): Control 'AIF1 AD0R Mixer ADCR Switch' doesn't exist - skipping
01-01 08:00:15.602 W/audio_route(  249): Control 'AIF1 AD0L Mixer ADCL Switch' doesn't exist - skipping
01-01 08:00:15.602 W/audio_route(  249): Control 'ADCR Mux' doesn't exist - skipping
01-01 08:00:15.603 W/audio_route(  249): Control 'ADCL Mux' doesn't exist - skipping
01-01 08:00:15.603 W/audio_route(  249): Control 'LADC input Mixer MIC1 boost Switch' doesn't exist - skipping
01-01 08:00:15.603 W/audio_route(  249): Control 'RADC input Mixer MIC1 boost Switch' doesn't exist - skipping
01-01 08:00:15.603 W/audio_route(  249): Control 'AIF1OUT0R Mux' doesn't exist - skipping
01-01 08:00:15.603 W/audio_route(  249): Control 'AIF1OUT0L Mux' doesn't exist - skipping
01-01 08:00:15.603 W/audio_route(  249): Control 'AIF1 AD0R Mixer ADCR Switch' doesn't exist - skipping
01-01 08:00:15.603 W/audio_route(  249): Control 'AIF1 AD0L Mixer ADCL Switch' doesn't exist - skipping
01-01 08:00:15.603 W/audio_route(  249): Control 'ADCR Mux' doesn't exist - skipping
01-01 08:00:15.604 W/audio_route(  249): Control 'ADCL Mux' doesn't exist - skipping
01-01 08:00:15.604 W/audio_route(  249): Control 'MIC2 SRC' doesn't exist - skipping
01-01 08:00:15.604 W/audio_route(  249): Control 'LADC input Mixer MIC2 boost Switch' doesn't exist - skipping
01-01 08:00:15.604 W/audio_route(  249): Control 'RADC input Mixer MIC2 boost Switch' doesn't exist - skipping
01-01 08:00:15.604 W/audio_route(  249): Control 'ADCL Mux' doesn't exist - skipping
01-01 08:00:15.604 W/audio_route(  249): Control 'ADCR Mux' doesn't exist - skipping
01-01 08:00:15.604 W/audio_route(  249): Control 'AIF1 AD0L Mixer ADCL Switch' doesn't exist - skipping
01-01 08:00:15.604 W/audio_route(  249): Control 'AIF1 AD0R Mixer ADCR Switch' doesn't exist - skipping
01-01 08:00:15.604 W/audio_route(  249): Control 'AIF1OUT0L Mux' doesn't exist - skipping
01-01 08:00:15.604 W/audio_route(  249): Control 'AIF1OUT0R Mux' doesn't exist - skipping
01-01 08:00:15.606 W/audio_route(  249): Control 'AIF2 ADC volume' doesn't exist - skipping
01-01 08:00:15.606 W/audio_route(  249): Control 'LEFT ADC input Mixer MIC1 boost Switch' doesn't exist - skipping
01-01 08:00:15.606 W/audio_route(  249): Control 'ADCL Mux' doesn't exist - skipping
01-01 08:00:15.606 W/audio_route(  249): Control 'AIF2 ADL Mixer ADCL Switch' doesn't exist - skipping
01-01 08:00:15.606 W/audio_route(  249): Control 'AIF2OUTL Mux' doesn't exist - skipping
01-01 08:00:15.606 W/audio_route(  249): Control 'AIF2INL Mux' doesn't exist - skipping
01-01 08:00:15.606 W/audio_route(  249): Control 'AIF2INL Mux switch aif2inl aif2Switch' doesn't exist - skipping
01-01 08:00:15.606 W/audio_route(  249): Control 'DACL Mixer AIF2DACL Switch' doesn't exist - skipping
01-01 08:00:15.606 W/audio_route(  249): Control 'Right Output Mixer DACL Switch' doesn't exist - skipping
01-01 08:00:15.606 W/audio_route(  249): Control 'Left Output Mixer DACL Switch' doesn't exist - skipping
01-01 08:00:15.606 W/audio_route(  249): Control 'SPK_L Mux' doesn't exist - skipping
01-01 08:00:15.606 W/audio_route(  249): Control 'SPK_R Mux' doesn't exist - skipping
01-01 08:00:15.606 W/audio_route(  249): Control 'External Speaker Switch' doesn't exist - skipping
01-01 08:00:15.607 W/audio_route(  249): Control 'AIF2 ADC volume' doesn't exist - skipping
01-01 08:00:15.607 W/audio_route(  249): Control 'MIC2 SRC' doesn't exist - skipping
01-01 08:00:15.607 W/audio_route(  249): Control 'LEFT ADC input Mixer MIC2 boost Switch' doesn't exist - skipping
01-01 08:00:15.607 W/audio_route(  249): Control 'ADCL Mux' doesn't exist - skipping
01-01 08:00:15.607 W/audio_route(  249): Control 'AIF2 ADL Mixer ADCL Switch' doesn't exist - skipping
01-01 08:00:15.607 W/audio_route(  249): Control 'AIF2OUTL Mux' doesn't exist - skipping
01-01 08:00:15.607 W/audio_route(  249): Control 'AIF2INL Mux' doesn't exist - skipping
01-01 08:00:15.607 W/audio_route(  249): Control 'AIF2INL Mux switch aif2inl aif2Switch' doesn't exist - skipping
01-01 08:00:15.607 W/audio_route(  249): Control 'DACL Mixer AIF2DACL Switch' doesn't exist - skipping
01-01 08:00:15.607 W/audio_route(  249): Control 'Left Output Mixer DACL Switch' doesn't exist - skipping
01-01 08:00:15.607 W/audio_route(  249): Control 'Right Output Mixer DACL Switch' doesn't exist - skipping
01-01 08:00:15.607 W/audio_route(  249): Control 'HP_L Mux' doesn't exist - skipping
01-01 08:00:15.607 W/audio_route(  249): Control 'HP_R Mux' doesn't exist - skipping
01-01 08:00:15.608 W/audio_route(  249): Control 'Headphone Switch' doesn't exist - skipping
01-01 08:00:15.609 W/audio_route(  249): Control 'AIF2 ADC volume' doesn't exist - skipping
01-01 08:00:15.609 W/audio_route(  249): Control 'LEFT ADC input Mixer MIC1 boost Switch' doesn't exist - skipping
01-01 08:00:15.609 W/audio_route(  249): Control 'ADCL Mux' doesn't exist - skipping
01-01 08:00:15.609 W/audio_route(  249): Control 'AIF2 ADL Mixer ADCL Switch' doesn't exist - skipping
01-01 08:00:15.609 W/audio_route(  249): Control 'AIF2OUTL Mux' doesn't exist - skipping
01-01 08:00:15.609 W/audio_route(  249): Control 'AIF2INL Mux' doesn't exist - skipping
01-01 08:00:15.609 W/audio_route(  249): Control 'AIF2INL Mux switch aif2inl aif2Switch' doesn't exist - skipping
01-01 08:00:15.609 W/audio_route(  249): Control 'DACL Mixer AIF2DACL Switch' doesn't exist - skipping
01-01 08:00:15.609 W/audio_route(  249): Control 'Left Output Mixer DACL Switch' doesn't exist - skipping
01-01 08:00:15.609 W/audio_route(  249): Control 'Right Output Mixer DACL Switch' doesn't exist - skipping
01-01 08:00:15.609 W/audio_route(  249): Control 'HP_L Mux' doesn't exist - skipping
01-01 08:00:15.609 W/audio_route(  249): Control 'HP_R Mux' doesn't exist - skipping
01-01 08:00:15.609 W/audio_route(  249): Control 'Headphone Switch' doesn't exist - skipping
01-01 08:00:15.609 W/audio_route(  249): Control 'AIF2INL Mux' doesn't exist - skipping
01-01 08:00:15.609 W/audio_route(  249): Control 'AIF2INL Mux switch aif2inl aif2Switch' doesn't exist - skipping
01-01 08:00:15.610 W/audio_route(  249): Control 'AIF2 ADR Mixer AIF2 DACL Switch' doesn't exist - skipping
01-01 08:00:15.610 W/audio_route(  249): Control 'AIF3OUT Mux' doesn't exist - skipping
01-01 08:00:15.610 W/audio_route(  249): Control 'AIF2INR Mux VIR switch aif2inr aif3Switch' doesn't exist - skipping
01-01 08:00:15.610 W/audio_route(  249): Control 'AIF2 ADL Mixer AIF2 DACR Switch' doesn't exist - skipping
01-01 08:00:15.610 W/audio_route(  249): Control 'AIF2OUTL Mux' doesn't exist - skipping
01-01 08:00:15.610 W/audio_route(  249): Control 'AIF2 ADC volume' doesn't exist - skipping
01-01 08:00:15.610 W/audio_route(  249): Control 'LEFT ADC input Mixer MIC1 boost Switch' doesn't exist - skipping
01-01 08:00:15.610 W/audio_route(  249): Control 'ADCL Mux' doesn't exist - skipping
01-01 08:00:15.610 W/audio_route(  249): Control 'AIF2 ADL Mixer ADCL Switch' doesn't exist - skipping
01-01 08:00:15.610 W/audio_route(  249): Control 'AIF2OUTL Mux' doesn't exist - skipping
01-01 08:00:15.610 W/audio_route(  249): Control 'AIF2INL Mux' doesn't exist - skipping
01-01 08:00:15.610 W/audio_route(  249): Control 'AIF2INL Mux switch aif2inl aif2Switch' doesn't exist - skipping
01-01 08:00:15.610 W/audio_route(  249): Control 'DACL Mixer AIF2DACL Switch' doesn't exist - skipping
01-01 08:00:15.610 W/audio_route(  249): Control 'EAR Mux' doesn't exist - skipping
01-01 08:00:15.610 W/audio_route(  249): Control 'Earpiece Switch' doesn't exist - skipping
01-01 08:00:15.611 W/audio_route(  249): Control 'AIF1 AD0L Mixer ADCL Switch' doesn't exist - skipping
01-01 08:00:15.611 W/audio_route(  249): Control 'AIF1 AD0L Mixer AIF2 DACL Switch' doesn't exist - skipping
01-01 08:00:15.611 W/audio_route(  249): Control 'AIF1OUT0L Mux' doesn't exist - skipping
01-01 08:00:15.611 W/audio_route(  249): Control 'AIF1 AD0L Mixer ADCL Switch' doesn't exist - skipping
01-01 08:00:15.611 W/audio_route(  249): Control 'AIF1 AD0L Mixer AIF2 DACL Switch' doesn't exist - skipping
01-01 08:00:15.611 W/audio_route(  249): Control 'AIF1OUT0L Mux' doesn't exist - skipping
01-01 08:00:15.611 W/audio_route(  249): Control 'AIF1 AD0L Mixer AIF2 DACL Switch' doesn't exist - skipping
01-01 08:00:15.611 W/audio_route(  249): Control 'AIF1 AD0L Mixer AIF2 DACR Switch' doesn't exist - skipping
01-01 08:00:15.612 W/audio_route(  249): Control 'AIF1OUT0L Mux' doesn't exist - skipping
01-01 08:00:15.612 W/audio_route(  249): Control 'Line Out Mixer MIC1 boost Switch' doesn't exist - skipping
01-01 08:00:15.612 W/audio_route(  249): Control 'MIC2 SRC' doesn't exist - skipping
01-01 08:00:15.612 W/audio_route(  249): Control 'Line Out Mixer MIC2 boost Switch' doesn't exist - skipping
01-01 08:00:15.613 W/audio_route(  249): Control 'Left Output Mixer LINEINL-LINEINR Switch' doesn't exist - skipping
01-01 08:00:15.613 W/audio_route(  249): Control 'Right Output Mixer LINEINL-LINEINR Switch' doesn't exist - skipping
01-01 08:00:15.613 W/audio_route(  249): Control 'EAR Mux' doesn't exist - skipping
01-01 08:00:15.613 W/audio_route(  249): Control 'External Speaker Switch' doesn't exist - skipping
01-01 08:00:15.613 W/audio_route(  249): Control 'Headphone Switch' doesn't exist - skipping
01-01 08:00:15.613 W/audio_route(  249): Control 'Headphone Switch' doesn't exist - skipping
01-01 08:00:15.613 W/audio_route(  249): Control 'Earpiece Switch' doesn't exist - skipping
01-01 08:00:15.613 W/audio_route(  249): Control 'LEFT ADC input Mixer LININL-R Switch' doesn't exist - skipping
01-01 08:00:15.613 W/audio_route(  249): Control 'ADCL Mux' doesn't exist - skipping
01-01 08:00:15.613 W/audio_route(  249): Control 'AIF2 ADL Mixer ADCL Switch' doesn't exist - skipping
01-01 08:00:15.613 W/audio_route(  249): Control 'AIF3OUT Mux' doesn't exist - skipping
01-01 08:00:15.613 W/audio_route(  249): Control 'AIF2INL Mux switch aif2inl aif2Switch' doesn't exist - skipping
01-01 08:00:15.614 W/audio_route(  249): Control 'AIF2INR Mux VIR switch aif2inr aif3Switch' doesn't exist - skipping
01-01 08:00:15.614 W/audio_route(  249): Control 'DACR Mixer AIF2DACR Switch' doesn't exist - skipping
01-01 08:00:15.614 W/audio_route(  249): Control 'Right Output Mixer DACR Switch' doesn't exist - skipping
01-01 08:00:15.614 W/audio_route(  249): Control 'Line Out Mixer Right Output mixer Switch' doesn't exist - skipping
01-01 08:00:15.614 W/audio_route(  249): Control 'AIF1OUT0L Mux' doesn't exist - skipping
01-01 08:00:15.614 W/audio_route(  249): Control 'AIF1 AD0L Mixer ADCL Switch' doesn't exist - skipping
01-01 08:00:15.614 W/audio_route(  249): Control 'ADCL Mux' doesn't exist - skipping
01-01 08:00:15.614 W/audio_route(  249): Control 'LEFT ADC input Mixer MIC1 boost Switch' doesn't exist - skipping
01-01 08:00:15.614 W/audio_route(  249): Control 'LEFT ADC input Mixer LININL-R Switch' doesn't exist - skipping
01-01 08:00:15.614 W/audio_route(  249): Control 'AIF1OUT0L Mux' doesn't exist - skipping
01-01 08:00:15.614 W/audio_route(  249): Control 'AIF1 AD0L Mixer ADCL Switch' doesn't exist - skipping
01-01 08:00:15.614 W/audio_route(  249): Control 'ADCL Mux' doesn't exist - skipping
01-01 08:00:15.614 W/audio_route(  249): Control 'LEFT ADC input Mixer MIC2 boost Switch' doesn't exist - skipping
01-01 08:00:15.614 W/audio_route(  249): Control 'LEFT ADC input Mixer LININL-R Switch' doesn't exist - skipping
01-01 08:00:15.614 W/audio_route(  249): Control 'AIF1OUT0L Mux' doesn't exist - skipping
01-01 08:00:15.614 W/audio_route(  249): Control 'AIF1 AD0L Mixer ADCL Switch' doesn't exist - skipping
01-01 08:00:15.615 W/audio_route(  249): Control 'AIF1 AD0L Mixer AIF2 DACR Switch' doesn't exist - skipping
01-01 08:00:15.616 W/audio_route(  249): Control 'AIF1IN0L Mux' doesn't exist - skipping
01-01 08:00:15.616 W/audio_route(  249): Control 'AIF2 ADL Mixer AIF1 DA0L Switch' doesn't exist - skipping
01-01 08:00:15.616 W/audio_route(  249): Control 'AIF2 ADL Mixer AIF1 DA0L Switch' doesn't exist - skipping
01-01 08:00:15.616 W/audio_route(  249): Control 'AIF3OUT Mux' doesn't exist - skipping
01-01 08:00:15.616 W/audio_route(  249): Control 'AIF2INR Mux switch aif2inr aif2Switch' doesn't exist - skipping
01-01 08:00:15.616 W/audio_route(  249): Control 'AIF2INR Mux VIR switch aif2inr aif3Switch' doesn't exist - skipping
01-01 08:00:15.616 W/audio_route(  249): Control 'AIF1 AD0L Mixer AIF2 DACR Switch' doesn't exist - skipping
01-01 08:00:15.616 W/audio_route(  249): Control 'AIF1OUT0L Mux' doesn't exist - skipping
01-01 08:00:15.616 W/audio_route(  249): Control 'AC DACR mixer I2S_DACDATR Switch' doesn't exist - skipping
01-01 08:00:15.620 W/audio_route(  249): Control 'AC DACL mixer I2S_DACDATL Switch' doesn't exist - skipping
01-01 08:00:15.621 W/audio_route(  249): Control 'Right Output Mixer DACR Switch' doesn't exist - skipping
01-01 08:00:15.621 W/audio_route(  249): Control 'Left Output Mixer DACL Switch' doesn't exist - skipping
01-01 08:00:15.621 W/audio_route(  249): Control 'External Speaker Switch' doesn't exist - skipping
01-01 08:00:15.621 D/audio_route(  249): Apply path: media-speaker-headphones
01-01 08:00:15.622 D/audio_route(  249): Apply path: media-headset-mic
01-01 08:00:15.625 V/audio_hw_primary(  249): adev_get_master_volume, line: 3590
01-01 08:00:15.626 V/audio_hw_primary(  249): adev_set_master_volume, line: 3582
01-01 08:00:15.627 I/AudioFlinger(  284): loadHwModule() Loaded primary audio interface, handle 10
01-01 08:00:15.627 I/AudioFlinger(  284): openOutput() this 0xedea5000, module 10 Device type:0x2,@:, SamplingRate 48000, Format 0x000001, Channels 0x3, flags 0x2
01-01 08:00:15.628 D/audio_hw_primary(  249): adev_open_output_stream
01-01 08:00:15.628 V/audio_hw_primary(  249): adev_open_output_stream, flags: 2
01-01 08:00:15.628 V/audio_hw_primary(  249): +++++++++++++++ adev_open_output_stream: req_sample_rate: 44100, fmt: 1, channel_count: 3
01-01 08:00:15.632 I/AudioFlinger(  284): HAL output buffer size 960 frames, normal sink buffer size 960 frames
01-01 08:00:15.660 D/multiir (  361): find target device, path=/dev/input/event0
01-01 08:00:15.664 D/multiir (  361): MultiirService create
01-01 08:00:15.665 E/SELinux (  182): avc:  denied  { add } for pid=361 uid=0 name=softwinner.multi_ir scontext=u:r:multi_ir:s0 tcontext=u:object_r:default_android_service:s0 tclass=service_manager permissive=1
01-01 08:00:15.671 I/BufferProvider(  284): found effect "Multichannel Downmix To Stereo" from The Android Open Source Project
01-01 08:00:15.672 D/AudioFlinger(  284): Failed to add event callback
01-01 08:00:15.677 I/AudioFlinger(  284): AudioFlinger's thread 0xedbeddc0 tid=445 ready to run
01-01 08:00:15.677 W/AudioFlinger(  284): no wake lock to update, system not ready yet
01-01 08:00:15.677 D/AudioFlinger(  284): ro.audio.silent is ignored since no output device is set
01-01 08:00:15.677 D/audio_hw_primary(  249): out_standby
01-01 08:00:15.688 W/AudioFlinger(  284): no wake lock to update, system not ready yet
01-01 08:00:15.688 V/APM_AudioPolicyManager(  284): checkAndSetVolume cannot set volume group 3 volume when isn ot requested for comm
01-01 08:00:15.688 D/AudioFlinger(  284): ro.audio.silent is ignored since no output device is set
01-01 08:00:15.701 W/AudioFlinger(  284): moveEffects() bad srcOutput 0
01-01 08:00:15.701 V/APM_AudioPolicyManager(  284): selectOutputForMusicEffects selected output 13
01-01 08:00:15.701 V/APM_AudioPolicyManager(  284): setOutputDevices device {type:0x2,@:} delayMs 0
01-01 08:00:15.701 V/APM_AudioPolicyManager(  284): setOutputDevices() prevDevice {type:0x2,@:}
01-01 08:00:15.702 V/APM_AudioPolicyManager(  284): setOutputDevices changing device to {type:0x2,@:}
01-01 08:00:15.725 V/audio_hw_primary(  249): adev_create_audio_patch num_sources: 1, num_sinks: 1
01-01 08:00:15.725 V/audio_hw_primary(  249): playback device: 2
01-01 08:00:15.727 V/APM_AudioPolicyManager(  284): setOutputDevices() AF::createAudioPatch returned 0 patchHandle 12 num_sources 1 num_sinks 1
01-01 08:00:15.752 V/APM_AudioPolicyManager(  284): checkAndSetVolume cannot set volume group 3 volume when isn ot requested for comm
01-01 08:00:15.758 I/AudioFlinger(  284): openOutput() this 0xedea5000, module 10 Device type:0x2,@:, SamplingRate 32000, Format 0x000003, Channels 0x3, flags 0x1
01-01 08:00:15.759 D/audio_hw_primary(  249): adev_open_output_stream
01-01 08:00:15.759 V/audio_hw_primary(  249): adev_open_output_stream, flags: 1
01-01 08:00:15.759 D/audio_hw_primary(  249): config format 0x3 raw_flag 1
01-01 08:00:15.759 V/audio_hw_primary(  249): +++++++++++++++ adev_open_output_stream: req_sample_rate: 32000, fmt: 3, channel_count: 3
01-01 08:00:15.761 I/AudioFlinger(  284): HAL output buffer size 2048 frames, normal sink buffer size 2048 frames
01-01 08:00:15.762 D/AudioFlinger(  284): Failed to add event callback
01-01 08:00:15.768 I/AudioFlinger(  284): AudioFlinger's thread 0xedbcf340 tid=448 ready to run
01-01 08:00:15.768 W/AudioFlinger(  284): no wake lock to update, system not ready yet
01-01 08:00:15.768 D/AudioFlinger(  284): ro.audio.silent is ignored since no output device is set
01-01 08:00:15.768 V/audio_hw_primary(  249): out_set_parameters: closing=true
01-01 08:00:15.769 D/audio_hw_primary(  249): out_standby
01-01 08:00:15.764 I/EventThread(  263): type=1400 audit(0.0:286): avc: denied { search } for name="extcon" dev="sysfs" ino=18102 scontext=u:r:hal_tv_cec_default:s0 tcontext=u:object_r:sysfs_extcon:s0 tclass=dir permissive=1
01-01 08:00:15.780 V/audio_hw_primary(  249): out_set_parameters: exiting=1
01-01 08:00:15.781 E/AudioFlinger(  284): Error when setting parameters on exit: -61
01-01 08:00:15.781 W/AudioFlinger(  284): no wake lock to update, system not ready yet
01-01 08:00:15.781 D/AudioFlinger(  284): ro.audio.silent is ignored since no output device is set
01-01 08:00:15.784 D/audio_hw_primary(  249): out_standby
01-01 08:00:15.785 W/APM_AudioPolicyManager(  284): Input profile contains no device on module primary
01-01 08:00:15.785 W/APM_AudioPolicyManager(  284): Input profile contains no device on module primary
01-01 08:00:15.789 D/xm_audio(  249): -->adev_open, name=audio_hw_if, socketthread_running=false, pth_listen=0
01-01 08:00:15.791 I/AudioFlinger(  284): loadHwModule() Loaded xm_hidraw audio interface, handle 18
01-01 08:00:15.791 D/xm_audio(  249): socket_thread start
01-01 08:00:15.791 D/xm_audio(  249): -->adev_open_input_stream
01-01 08:00:15.791 D/xm_audio(  249): -->adev_open_input_stream, config->sample_rate=16000
01-01 08:00:15.791 D/xm_audio(  249): -->adev_open_input_stream exit
01-01 08:00:15.792 D/xm_audio(  249): create socket g_is_running4
01-01 08:00:15.792 D/xm_audio(  249): create socket g_is_running5
01-01 08:00:15.792 D/XM_HIDREAD(  317): Client connected.
01-01 08:00:15.792 E/xm_audio(  249): so socket connect suc
01-01 08:00:15.792 D/XM_HIDREAD(  317): accept before.
01-01 08:00:15.792 I/xm_audio(  249): in_get_sample_rate
01-01 08:00:15.792 I/xm_audio(  249): in_get_channels
01-01 08:00:15.795 I/xm_audio(  249): in_get_sample_rate
01-01 08:00:15.795 I/xm_audio(  249): in_get_channels
01-01 08:00:15.796 D/XM_HIDREAD(  317): handle_client start.
01-01 08:00:15.796 I/xm_audio(  249): in_get_channels
01-01 08:00:15.796 I/xm_audio(  249): in_get_buffer_size
01-01 08:00:15.796 I/xm_audio(  249): in_get_buffer_size: fsize=512.000000, size=512
01-01 08:00:15.796 D/xm_audio(  249): data_thread start
01-01 08:00:15.796 I/xm_audio(  249): in_get_buffer_size
01-01 08:00:15.796 I/xm_audio(  249): in_get_buffer_size: fsize=512.000000, size=512
01-01 08:00:15.797 I/xm_audio(  249): in_get_sample_rate
01-01 08:00:15.797 I/xm_audio(  249): in_get_channels
01-01 08:00:15.804 I/AudioFlinger(  284): AudioFlinger's thread 0xedb839c0 tid=453 ready to run
01-01 08:00:15.805 W/AudioFlinger(  284): no wake lock to update, system not ready yet
01-01 08:00:15.806 D/xm_audio(  249): -->adev_close_input_stream
01-01 08:00:15.806 D/xm_audio(  249): -->adev_close_input_stream ready free stream.
01-01 08:00:15.806 D/xm_audio(  249): -->adev_close_input_stream free stream finish.
01-01 08:00:15.886 I/bt_a2dp_hw(  284): system/bt/audio_a2dp_hw/src/audio_a2dp_hw.cc:1893 adev_open: adev_open:  adev_open in A2dp_hw module
01-01 08:00:15.886 I/AudioFlinger(  284): loadHwModule() Loaded a2dp audio interface, handle 26
01-01 08:00:15.886 V/APM_AudioPolicyManager(  284): onNewAudioModulesAvailableInt: Input device list is empty! for profile a2dp input
01-01 08:00:15.890 I/r_submix(  249): adev_open(name=audio_hw_if)
01-01 08:00:15.891 I/r_submix(  249): adev_init_check()
01-01 08:00:15.891 I/AudioFlinger(  284): loadHwModule() Loaded r_submix audio interface, handle 34
01-01 08:00:15.891 D/r_submix(  249): adev_open_input_stream(addr=0)
01-01 08:00:15.891 D/r_submix(  249): submix_audio_device_create_pipe_l(addr=0, idx=9)
01-01 08:00:15.891 D/r_submix(  249):   now using address 0 for route 9
01-01 08:00:15.902 I/AudioFlinger(  284): AudioFlinger's thread 0xed9e7340 tid=457 ready to run
01-01 08:00:15.902 D/r_submix(  249): adev_close_input_stream()
01-01 08:00:15.902 D/r_submix(  249): submix_audio_device_release_pipe_l(idx=9) addr=0
01-01 08:00:15.902 D/r_submix(  249): submix_audio_device_destroy_pipe_l(): pipe destroyed
01-01 08:00:15.904 I/audio.service(  249): type=1400 audit(0.0:287): avc: denied { write } for name="HBG" dev="mmcblk0p25" ino=223 scontext=u:r:hal_audio_default:s0 tcontext=u:object_r:vendor_data_file:s0 tclass=dir permissive=1
01-01 08:00:15.907 D/audio_so_hv_309(  249): creat hbg mic rcv thread
01-01 08:00:15.907 D/audio_so_hv_309(  249): 0208creat rcv thread!
01-01 08:00:15.907 I/BLEAudioDrive_HV410(  249): hbg_init enter
01-01 08:00:15.907 I/BLEAudioDrive_HV410(  249): hbg_chengshi_android12
01-01 08:00:15.908 I/BLEAudioDrive_HV410(  249): hbg_init exit
01-01 08:00:15.904 I/audio.service(  249): type=1400 audit(0.0:288): avc: denied { remove_name } for name="ble" dev="mmcblk0p25" ino=3789 scontext=u:r:hal_audio_default:s0 tcontext=u:object_r:vendor_data_file:s0 tclass=dir permissive=1
01-01 08:00:15.904 I/audio.service(  249): type=1400 audit(0.0:289): avc: denied { unlink } for name="ble" dev="mmcblk0p25" ino=3789 scontext=u:r:hal_audio_default:s0 tcontext=u:object_r:vendor_data_file:s0 tclass=file permissive=1
01-01 08:00:15.913 I/AudioFlinger(  284): loadHwModule() Loaded blehid audio interface, handle 42
01-01 08:00:15.913 D/audio_so_hv_309(  249): open HBG MIC audio channel!!!
01-01 08:00:15.914 D/audio_so_hv_309(  249): --- registerAudioDataCB 0 ---
01-01 08:00:15.920 D/audio_so_hv_309(  249): ---0223 monit_mic_Thread ---
01-01 08:00:15.920 D/audio_so_hv_309(  249): HBG remote is powerdown!
01-01 08:00:15.921 I/AudioFlinger(  284): AudioFlinger's thread 0xed9e7a00 tid=463 ready to run
01-01 08:00:15.922 D/audio_so_hv_309(  249): --- unRegisterAudioDataCB 0---
01-01 08:00:15.922 D/audio_so_hv_309(  249): unRegisterAudioDataCB:DeInitRingBuffer
01-01 08:00:15.924 I/audioserver(  284): Waiting for activity service
01-01 08:00:15.968 E/cutils-trace(  466): Error opening trace file: No such file or directory (2)
01-01 08:00:15.972 I/audio.service(  249): type=1400 audit(0.0:290): avc: denied { read } for name="remote.txt" dev="mmcblk0p25" ino=224 scontext=u:r:hal_audio_default:s0 tcontext=u:object_r:vendor_data_file:s0 tclass=lnk_file permissive=1
01-01 08:00:15.976 I/audio.service(  249): type=1400 audit(0.0:291): avc: denied { read } for name="/" dev="tmpfs" ino=2687 scontext=u:r:hal_audio_default:s0 tcontext=u:object_r:device:s0 tclass=dir permissive=1
01-01 08:00:15.976 I/audio.service(  249): type=1400 audit(0.0:292): avc: denied { watch } for path="/dev" dev="tmpfs" ino=2687 scontext=u:r:hal_audio_default:s0 tcontext=u:object_r:device:s0 tclass=dir permissive=1
01-01 08:00:15.978 D/audio_so_hv_309(  249): ---0208 ReceiveAudioDataThread ---
01-01 08:00:15.979 I/BLEAudioDrive_HV410(  249): CONFIG_PRODUCT 10: PRODUCT_ID
01-01 08:00:15.979 I/BLEAudioDrive_HV410(  249): current line  info : VENDOR_ID:0x1d5a

01-01 08:00:15.979 I/BLEAudioDrive_HV410(  249): 
01-01 08:00:15.979 I/BLEAudioDrive_HV410(  249): config vendor : 0x1d5a
01-01 08:00:15.979 I/BLEAudioDrive_HV410(  249): current line  info : PRODUCT_ID:0xc081

01-01 08:00:15.979 I/BLEAudioDrive_HV410(  249): 
01-01 08:00:15.979 I/BLEAudioDrive_HV410(  249): config product : 0xc081
01-01 08:00:15.979 I/BLEAudioDrive_HV410(  249): current line  info : AUDIOKEY_REPORTID:0x01

01-01 08:00:15.979 I/BLEAudioDrive_HV410(  249): 
01-01 08:00:15.979 I/BLEAudioDrive_HV410(  249): config report_id : 1
01-01 08:00:15.979 I/BLEAudioDrive_HV410(  249): current line  info : AUDIOKEY_VALUE:0x3e

01-01 08:00:15.979 I/BLEAudioDrive_HV410(  249): 
01-01 08:00:15.979 I/BLEAudioDrive_HV410(  249): config key value : 3e 0
01-01 08:00:15.979 I/BLEAudioDrive_HV410(  249): current line  info : DYNAMIC_BLE:1

01-01 08:00:15.979 I/BLEAudioDrive_HV410(  249): 
01-01 08:00:15.979 I/BLEAudioDrive_HV410(  249): config DYNAMIC BLE : 1
01-01 08:00:15.979 I/BLEAudioDrive_HV410(  249): current line  info : START_RADIO:

01-01 08:00:15.979 I/BLEAudioDrive_HV410(  249): 
01-01 08:00:15.979 I/BLEAudioDrive_HV410(  249): not set boardcast !!
01-01 08:00:15.979 I/BLEAudioDrive_HV410(  249): config start broadcast : 

01-01 08:00:15.979 I/BLEAudioDrive_HV410(  249): 
01-01 08:00:15.979 I/BLEAudioDrive_HV410(  249): current line  info : STOP_RADIO:

01-01 08:00:15.979 I/BLEAudioDrive_HV410(  249): 
01-01 08:00:15.979 I/BLEAudioDrive_HV410(  249): current line  info : DEBUG_LOG:4

01-01 08:00:15.979 I/BLEAudioDrive_HV410(  249): 
01-01 08:00:15.979 I/BLEAudioDrive_HV410(  249): config debug level : 4
01-01 08:00:15.979 I/BLEAudioDrive_HV410(  249): current line  info : FORMAT_AU:1

01-01 08:00:15.979 I/BLEAudioDrive_HV410(  249): 
01-01 08:00:15.979 I/BLEAudioDrive_HV410(  249): config audioF : 1
01-01 08:00:15.979 I/BLEAudioDrive_HV410(  249): current line  info : CMD_REPORTID:0x01

01-01 08:00:15.979 I/BLEAudioDrive_HV410(  249): 
01-01 08:00:15.979 I/BLEAudioDrive_HV410(  249): config cmd_report_id : 1
01-01 08:00:15.979 I/BLEAudioDrive_HV410(  249): current line  info : 

01-01 08:00:15.979 I/BLEAudioDrive_HV410(  249): 
01-01 08:00:15.979 I/BLEAudioDrive_HV410(  249): current line  info : 

01-01 08:00:15.979 I/BLEAudioDrive_HV410(  249): 
01-01 08:00:15.979 I/BLEAudioDrive_HV410(  249): current line  info : 

01-01 08:00:15.979 I/BLEAudioDrive_HV410(  249): 
01-01 08:00:15.979 I/BLEAudioDrive_HV410(  249): devices vendor is 0x1d5a 
01-01 08:00:15.979 I/BLEAudioDrive_HV410(  249): devices product is 0xc081 
01-01 08:00:15.980 I/BLEAudioDrive_HV410(  249): doinit_thread exit
01-01 08:00:15.980 I/BLEAudioDrive_HV410(  249): hidraw_read_task
01-01 08:00:15.981 I/BLEAudioDrive_HV410(  249): decode audio_thread start.
01-01 08:00:15.981 I/BLEAudioDrive_HV410(  249): monit_audio_thread start.
01-01 08:00:15.981 I/BLEAudioDrive_HV410(  249): write to remote stop:-1
01-01 08:00:15.981 I/BLEAudioDrive_HV410(  249): send stop to remote fail: Bad file descriptor
01-01 08:00:15.981 I/BLEAudioDrive_HV410(  249): audSever stop!
01-01 08:00:16.001 I/zygote  (  244): Verified 2763 classes from mainline modules in 196.144ms
01-01 08:00:16.020 E/cutils-trace(  472): Error opening trace file: No such file or directory (2)
01-01 08:00:16.045 D/Zygote32Timing(  244): ZygotePreload took to complete: 552ms
01-01 08:00:16.045 D/Zygote  (  244): VMRuntime.setVerifierEnabled(true)
01-01 08:00:16.076 I/zygote  (  244): Explicit concurrent copying GC freed 6064(607KB) AllocSpace objects, 0(0B) LOS objects, 68% free, 719KB/2255KB, paused 108us total 30.937ms
01-01 08:00:16.101 I/zygote  (  244): Explicit concurrent copying GC freed 229(40KB) AllocSpace objects, 0(0B) LOS objects, 68% free, 710KB/2246KB, paused 56us total 23.932ms
01-01 08:00:16.101 D/Zygote32Timing(  244): PostZygoteInitGC took to complete: 56ms
01-01 08:00:16.101 D/Zygote32Timing(  244): ZygoteInit took to complete: 629ms
01-01 08:00:16.178 D/Zygote  (  244): Forked child process 479
01-01 08:00:16.178 I/Zygote  (  244): System server process 479 has been created
01-01 08:00:16.180 I/Zygote  (  244): Accepting command socket connections
01-01 08:00:16.277 I/adbd    (  397): adbd mDNS service _adb._tcp registered: 1
01-01 08:00:16.277 I/adbd    (  397): adbd mDNS service _adb-tls-connect._tcp registered: 1
01-01 08:00:16.407 W/awplayer(  360): <log_set_level:30>: Set log level to 3
01-01 08:00:16.479 I/cedarc  (  360): <CedarPluginVDInit:76>: register avs decoder success!
01-01 08:00:16.479 I/cedarc  (  360): <CedarPluginVDInit:79>: register h264 decoder success!
01-01 08:00:16.479 I/cedarc  (  360): <CedarPluginVDInit:85>: register h265 decoder success!
01-01 08:00:16.480 I/cedarc  (  360): <CedarPluginVDInit:84>: register mjpeg decoder success!
01-01 08:00:16.480 I/cedarc  (  360): <CedarPluginVDInit:89>: register mjpegplus decoder success!
01-01 08:00:16.480 I/cedarc  (  360): <CedarPluginVDInit:86>: register mpeg2 decoder success!
01-01 08:00:16.480 W/awplayer(  360): <DlOpenPlugin:112>: Invalid plugin,function CedarPluginVDInit not found.
01-01 08:00:16.481 I/cedarc  (  360): <CedarPluginVDInit:95>: register mpeg4dx decoder success!
01-01 08:00:16.481 I/cedarc  (  360): <CedarPluginVDInit:79>: register mpeg4H263 decoder success!
01-01 08:00:16.481 I/cedarc  (  360): <CedarPluginVDInit:90>: register mpeg4Normal decoder success!
01-01 08:00:16.481 I/cedarc  (  360): <CedarPluginVDInit:76>: register Mpeg4Vp6 decoder success!
01-01 08:00:16.482 I/cedarc  (  360): <CedarPluginVDInit:70>: register vp6Soft decoder success!
01-01 08:00:16.482 I/cedarc  (  360): <CedarPluginVDInit:73>: register vp8 decoder success!
01-01 08:00:16.483 E/cedarc  (  360): <CedarPluginVDInit:95>: [40;31mregister Wmv12Soft decoder failure!!![0m
01-01 08:00:16.483 I/cedarc  (  360): <CedarPluginVDInit:74>: register vc1 decoder success!
01-01 08:00:16.483 D/cedarc  (  360): <CedarPluginVDInit:92>: register Vp9Hw decoder success!
01-01 08:00:16.483 I/cedarc  (  360): <CedarPluginVDInit:73>: register avs2 decoder success!
01-01 08:00:16.487 D/awplayer(  360): <AwStreamInit:106>: aw stream init...
01-01 08:00:16.487 D/awplayer(  360): <AwRtpInit:512>: Register stream rtp version v1.1
01-01 08:00:16.500 I/Zygote  (  479): seccomp disabled by setenforce 0
01-01 08:00:16.505 I/mediaserver(  360): ServiceManager: 0xf744e960
01-01 08:00:16.506 W/BatteryNotifier(  360): batterystats service unavailable!
01-01 08:00:16.508 W/BatteryNotifier(  360): batterystats service unavailable!
01-01 08:00:16.508 I/rainbow_flow(  325): type=1400 audit(0.0:293): avc: denied { ioctl } for path="/dev/spidev1.0" dev="tmpfs" ino=3270 ioctlcmd=0x6b00 scontext=u:r:init:s0 tcontext=u:object_r:device:s0 tclass=chr_file permissive=1
01-01 08:00:16.520 W/system_server(  479): Failed to upload odrefresh metrics: metrics file '/data/misc/odrefresh/odrefresh-metrics.txt' could not be opened: No such file or directory
01-01 08:00:16.525 I/adbd    (  397): jdwp connection from 479
01-01 08:00:16.527 D/Zygote  (  479): begin preload_base
01-01 08:00:16.527 I/Zygote  (  479): Calling ZygoteHooks.beginPreload()
01-01 08:00:16.709 D/System_Preload_Base(  479): BeginPreload took to complete: 182ms
01-01 08:00:16.715 D/ApplicationLoaders(  479): Created zygote-cached class loader: /system/framework/android.hidl.base-V1.0-java.jar
01-01 08:00:16.722 D/ApplicationLoaders(  479): Created zygote-cached class loader: /system/framework/android.hidl.manager-V1.0-java.jar
01-01 08:00:16.729 D/ApplicationLoaders(  479): Created zygote-cached class loader: /system/framework/android.test.base.jar
01-01 08:00:16.729 D/System_Preload_Base(  479): CacheNonBootClasspathClassLoaders took to complete: 20ms
01-01 08:00:16.729 I/Zygote  (  479): Preloading resources...
01-01 08:00:16.752 W/Resources(  479): Preloaded drawable resource #0x1080286 (android:drawable/dialog_background_material) that varies with configuration!!
01-01 08:00:16.768 I/EventThread(  263): type=1400 audit(0.0:294): avc: denied { search } for name="extcon" dev="sysfs" ino=18102 scontext=u:r:hal_tv_cec_default:s0 tcontext=u:object_r:sysfs_extcon:s0 tclass=dir permissive=1
01-01 08:00:16.783 I/Zygote  (  479): ...preloaded 64 resources in 54ms.
01-01 08:00:16.789 I/Zygote  (  479): ...preloaded 41 resources in 6ms.
01-01 08:00:16.790 D/System_Preload_Base(  479): PreloadResources took to complete: 61ms
01-01 08:00:16.790 D/Zygote  (  479): Zygote:ThreadPreadloadBase took 264ms.
01-01 08:00:16.792 D/Zygote  (  479): Zygote:ThreadPreadloadClass start
01-01 08:00:16.794 I/Zygote  (  479): Preloading classes...
01-01 08:00:16.798 I/SystemServerTiming(  479): InitBeforeStartServices
01-01 08:00:16.805 I/SystemServer(  479): Entered the Android system server!
01-01 08:00:16.833 D/libEGL  (  479): loaded /vendor/lib/egl/libGLES_mali.so
01-01 08:00:16.890 I/Typeface(  479): Preloading /system/fonts/Roboto-Regular.ttf
01-01 08:00:16.920 I/Typeface(  479): Preloading /system/fonts/RobotoStatic-Regular.ttf
01-01 08:00:17.023 I/Typeface(  479): Preloading /system/fonts/NotoSansCJK-Regular.ttc
01-01 08:00:17.023 I/Typeface(  479): Preloading /system/fonts/NotoSerifCJK-Regular.ttc
01-01 08:00:17.068 E/ActivityRecognitionHardware(  479): activity_recognition HAL is deprecated. class_init is effectively a no-op
01-01 08:00:17.116 D/RenderEngine(  292): shader cache generated - 48 shaders in 2337.706787 ms
01-01 08:00:17.119 I/HidlServiceManagement(  292): Registered android.frameworks.displayservice@1.0::IDisplayService/default
01-01 08:00:17.120 D/SurfaceFlinger(  292): Setting power mode 2 on display 0
01-01 08:00:17.120 D/sunxihwc(  258): setPowerMode: device(hdmi0) power mode: On
01-01 08:00:17.120 I/sunxihwc(  258): setRuntimeState: disp2 blank control [unblank], driver usage [1]
01-01 08:00:17.120 D/SurfaceFlinger(  292): Finished setting power mode 2 on display 0
01-01 08:00:17.170 E/UsbAlsaJackDetectorJNI(  479): Can't register UsbAlsaJackDetector native methods
01-01 08:00:17.199 I/SystemServerInitThreadPool(  479): Creating instance with 4 threads
01-01 08:00:17.201 D/SystemServerTiming(  479): InitBeforeStartServices took to complete: 403ms
01-01 08:00:17.201 I/SystemServerTimingAsync(  479): InitThreadPoolExec:loadPreinstalledSystemFontMap
01-01 08:00:17.201 D/SystemServerInitThreadPool(  479): Started executing loadPreinstalledSystemFontMap
01-01 08:00:17.201 I/SystemServerTiming(  479): StartServices
01-01 08:00:17.201 D/SystemServer(  479): VMRuntime.setVerifierEnabled(false)
01-01 08:00:17.201 I/SystemServerTiming(  479): startBootstrapServices
01-01 08:00:17.201 I/SystemServerTimingAsync(  479): loadPreinstalledSystemFontMap
01-01 08:00:17.202 I/SystemServerTiming(  479): StartWatchdog
01-01 08:00:17.214 D/SystemServerTiming(  479): StartWatchdog took to complete: 12ms
01-01 08:00:17.214 I/SystemServer(  479): Reading configuration...
01-01 08:00:17.214 I/SystemServerTiming(  479): ReadingSystemConfig
01-01 08:00:17.215 D/SystemServerTiming(  479): ReadingSystemConfig took to complete: 0ms
01-01 08:00:17.216 I/SystemServerTiming(  479): PlatformCompat
01-01 08:00:17.219 D/CompatConfig(  479): Found a config file: /system/etc/compatconfig/services-platform-compat-config.xml
01-01 08:00:17.221 I/SystemServerTimingAsync(  479): InitThreadPoolExec:ReadingSystemConfig
01-01 08:00:17.221 D/SystemServerInitThreadPool(  479): Started executing ReadingSystemConfig
01-01 08:00:17.224 D/CompatConfig(  479): Adding: com.android.server.compat.config.Change@7d09c05
01-01 08:00:17.225 I/SystemConfig(  479): Reading permissions from /system/etc/sysconfig/preinstalled-packages-com.android.providers.media.module.xml
01-01 08:00:17.226 D/CompatConfig(  479): Adding: com.android.server.compat.config.Change@b71168b
01-01 08:00:17.228 D/CompatConfig(  479): Adding: com.android.server.compat.config.Change@e872368
01-01 08:00:17.229 D/CompatConfig(  479): Adding: com.android.server.compat.config.Change@6c3f381
01-01 08:00:17.230 D/CompatConfig(  479): Adding: com.android.server.compat.config.Change@c662c26
01-01 08:00:17.231 D/CompatConfig(  479): Adding: com.android.server.compat.config.Change@4589067
01-01 08:00:17.232 D/CompatConfig(  479): Adding: com.android.server.compat.config.Change@c5f0e14
01-01 08:00:17.233 D/CompatConfig(  479): Adding: com.android.server.compat.config.Change@23b46bd
01-01 08:00:17.234 D/CompatConfig(  479): Adding: com.android.server.compat.config.Change@5f8e4b2
01-01 08:00:17.235 D/CompatConfig(  479): Adding: com.android.server.compat.config.Change@453cc03
01-01 08:00:17.236 D/CompatConfig(  479): Adding: com.android.server.compat.config.Change@d28f780
01-01 08:00:17.236 D/MtpDeviceJNI(  479): register_android_mtp_MtpDevice
01-01 08:00:17.237 D/CompatConfig(  479): Adding: com.android.server.compat.config.Change@2da91b9
01-01 08:00:17.238 D/CompatConfig(  479): Adding: com.android.server.compat.config.Change@d8c99fe
01-01 08:00:17.239 D/CompatConfig(  479): Adding: com.android.server.compat.config.Change@43d255f
01-01 08:00:17.240 D/CompatConfig(  479): Adding: com.android.server.compat.config.Change@5e60bac
01-01 08:00:17.240 I/incfs   (  479): Initial API level of the device: 31
01-01 08:00:17.242 D/CompatConfig(  479): Adding: com.android.server.compat.config.Change@d899075
01-01 08:00:17.242 I/incfs   (  479): ro.incremental.enable: module:/vendor/lib/modules/incrementalfs.ko
01-01 08:00:17.242 I/incfs   (  479): isFsAvailable: false
01-01 08:00:17.242 I/incfs   (  479): isFsAvailable: false
01-01 08:00:17.243 D/CompatConfig(  479): Adding: com.android.server.compat.config.Change@d14580a
01-01 08:00:17.243 E/incfs   (  479): could not open IncFs kernel module "/vendor/lib/modules/incrementalfs.ko": No such file or directory
01-01 08:00:17.243 E/incfs   (  479): IncFs_Features: failed to open features dir, assuming v1/none.: No such file or directory
01-01 08:00:17.244 D/CompatConfig(  479): Adding: com.android.server.compat.config.Change@87e3698
01-01 08:00:17.244 I/SystemConfig(  479): Reading permissions from /system/etc/sysconfig/preinstalled-packages-platform.xml
01-01 08:00:17.252 D/CompatConfig(  479): Adding: com.android.server.compat.config.Change@3efbef1
01-01 08:00:17.253 D/CompatConfig(  479): Adding: com.android.server.compat.config.Change@8a7ead6
01-01 08:00:17.253 D/CompatConfig(  479): Adding: com.android.server.compat.config.Change@906157
01-01 08:00:17.254 D/CompatConfig(  479): Adding: com.android.server.compat.config.Change@b6c2444
01-01 08:00:17.254 D/CompatConfig(  479): Adding: com.android.server.compat.config.Change@b0592d
01-01 08:00:17.254 D/CompatConfig(  479): Adding: com.android.server.compat.config.Change@c0fde62
01-01 08:00:17.255 D/CompatConfig(  479): Adding: com.android.server.compat.config.Change@2940b0
01-01 08:00:17.255 I/SystemConfig(  479): Reading permissions from /system/etc/sysconfig/preinstalled-packages-platform-full-base.xml
01-01 08:00:17.255 D/CompatConfig(  479): Adding: com.android.server.compat.config.Change@b665b29
01-01 08:00:17.256 D/CompatConfig(  479): Adding: com.android.server.compat.config.Change@5117eae
01-01 08:00:17.256 D/CompatConfig(  479): Adding: com.android.server.compat.config.Change@5a0244f
01-01 08:00:17.257 D/CompatConfig(  479): Adding: com.android.server.compat.config.Change@459b7dc
01-01 08:00:17.257 D/CompatConfig(  479): Adding: com.android.server.compat.config.Change@6080e5
01-01 08:00:17.258 D/CompatConfig(  479): Adding: com.android.server.compat.config.Change@3e4b66b
01-01 08:00:17.258 I/SystemConfig(  479): Reading permissions from /system/etc/sysconfig/hiddenapi-package-whitelist.xml
01-01 08:00:17.258 D/CompatConfig(  479): Adding: com.android.server.compat.config.Change@9b875c8
01-01 08:00:17.258 D/CompatConfig(  479): Adding: com.android.server.compat.config.Change@81d4661
01-01 08:00:17.259 D/CompatConfig(  479): Adding: com.android.server.compat.config.Change@feeb586
01-01 08:00:17.259 D/CompatConfig(  479): Adding: com.android.server.compat.config.Change@f964e47
01-01 08:00:17.260 D/CompatConfig(  479): Adding: com.android.server.compat.config.Change@c32674
01-01 08:00:17.260 D/CompatConfig(  479): Adding: com.android.server.compat.config.Change@a86e79d
01-01 08:00:17.260 D/CompatConfig(  479): Adding: com.android.server.compat.config.Change@7df87e3
01-01 08:00:17.261 I/SystemConfig(  479): Reading permissions from /system/etc/sysconfig/framework-sysconfig.xml
01-01 08:00:17.261 D/CompatConfig(  479): Adding: com.android.server.compat.config.Change@22635e0
01-01 08:00:17.261 D/CompatConfig(  479): Adding: com.android.server.compat.config.Change@9ef6099
01-01 08:00:17.262 D/CompatConfig(  479): Adding: com.android.server.compat.config.Change@9b0ef5e
01-01 08:00:17.262 D/CompatConfig(  479): Adding: com.android.server.compat.config.Change@9f8bf3f
01-01 08:00:17.262 D/CompatConfig(  479): Adding: com.android.server.compat.config.Change@2e8d00c
01-01 08:00:17.263 D/CompatConfig(  479): Adding: com.android.server.compat.config.Change@1cc6d55
01-01 08:00:17.263 D/CompatConfig(  479): Adding: com.android.server.compat.config.Change@218a36a
01-01 08:00:17.264 D/CompatConfig(  479): Adding: com.android.server.compat.config.Change@444105b
01-01 08:00:17.265 D/CompatConfig(  479): Adding: com.android.server.compat.config.Change@f58e0f8
01-01 08:00:17.265 D/CompatConfig(  479): Adding: com.android.server.compat.config.Change@3958c36
01-01 08:00:17.266 I/SystemConfig(  479): Reading permissions from /system/etc/permissions/org.apache.http.legacy.xml
01-01 08:00:17.266 D/CompatConfig(  479): Adding: com.android.server.compat.config.Change@f295737
01-01 08:00:17.267 D/CompatConfig(  479): Adding: com.android.server.compat.config.Change@8b714a4
01-01 08:00:17.268 D/CompatConfig(  479): Adding: com.android.server.compat.config.Change@915f20d
01-01 08:00:17.268 I/SystemConfig(  479): Reading permissions from /system/etc/permissions/android.test.mock.xml
01-01 08:00:17.268 D/CompatConfig(  479): Adding: com.android.server.compat.config.Change@7b22fd3
01-01 08:00:17.269 D/CompatConfig(  479): Found a config file: /system/etc/compatconfig/calendar-provider-compat-config.xml
01-01 08:00:17.270 D/CompatConfig(  479): Adding: com.android.server.compat.config.Change@63ca209
01-01 08:00:17.271 D/CompatConfig(  479): Found a config file: /system/etc/compatconfig/framework-platform-compat-config.xml
01-01 08:00:17.273 I/SystemConfig(  479): Reading permissions from /system/etc/permissions/android.software.webview.xml
01-01 08:00:17.275 I/SystemConfig(  479): Reading permissions from /system/etc/permissions/com.android.documentsui.xml
01-01 08:00:17.276 D/CompatConfig(  479): Adding: com.android.server.compat.config.Change@f0455c5
01-01 08:00:17.277 D/CompatConfig(  479): Adding: com.android.server.compat.config.Change@258bb1a
01-01 08:00:17.278 D/CompatConfig(  479): Adding: com.android.server.compat.config.Change@8e5c64b
01-01 08:00:17.279 D/CompatConfig(  479): Adding: com.android.server.compat.config.Change@5427828
01-01 08:00:17.280 D/CompatConfig(  479): Adding: com.android.server.compat.config.Change@4d98941
01-01 08:00:17.280 D/CompatConfig(  479): Adding: com.android.server.compat.config.Change@1b76ee6
01-01 08:00:17.281 D/CompatConfig(  479): Adding: com.android.server.compat.config.Change@ac87c27
01-01 08:00:17.282 D/CompatConfig(  479): Adding: com.android.server.compat.config.Change@a5aeed4
01-01 08:00:17.283 D/CompatConfig(  479): Adding: com.android.server.compat.config.Change@974787d
01-01 08:00:17.284 D/CompatConfig(  479): Adding: com.android.server.compat.config.Change@fb9372
01-01 08:00:17.285 D/CompatConfig(  479): Adding: com.android.server.compat.config.Change@e36b3c3
01-01 08:00:17.286 D/CompatConfig(  479): Adding: com.android.server.compat.config.Change@3e22440
01-01 08:00:17.286 D/CompatConfig(  479): Adding: com.android.server.compat.config.Change@7d51f79
01-01 08:00:17.287 D/CompatConfig(  479): Adding: com.android.server.compat.config.Change@5eb74be
01-01 08:00:17.288 D/CompatConfig(  479): Adding: com.android.server.compat.config.Change@bc6c91f
01-01 08:00:17.290 D/CompatConfig(  479): Adding: com.android.server.compat.config.Change@1e5446c
01-01 08:00:17.291 D/CompatConfig(  479): Adding: com.android.server.compat.config.Change@ff3a35
01-01 08:00:17.293 I/SystemConfig(  479): Reading permissions from /system/etc/permissions/android.hardware.hdmi.cec.xml
01-01 08:00:17.294 D/CompatConfig(  479): Adding: com.android.server.compat.config.Change@518d83b
01-01 08:00:17.295 D/CompatConfig(  479): Adding: com.android.server.compat.config.Change@6183b58
01-01 08:00:17.296 D/CompatConfig(  479): Adding: com.android.server.compat.config.Change@87644b1
01-01 08:00:17.297 D/CompatConfig(  479): Adding: com.android.server.compat.config.Change@52f5d96
01-01 08:00:17.298 D/CompatConfig(  479): Adding: com.android.server.compat.config.Change@bb2bd17
01-01 08:00:17.298 D/CompatConfig(  479): Adding: com.android.server.compat.config.Change@781b504
01-01 08:00:17.299 D/CompatConfig(  479): Adding: com.android.server.compat.config.Change@c797aed
01-01 08:00:17.300 D/CompatConfig(  479): Adding: com.android.server.compat.config.Change@37bbd22
01-01 08:00:17.300 I/SystemConfig(  479): Reading permissions from /system/etc/permissions/privapp-vendor-permissions.xml
01-01 08:00:17.301 D/CompatConfig(  479): Adding: com.android.server.compat.config.Change@4e71d70
01-01 08:00:17.301 D/CompatConfig(  479): Adding: com.android.server.compat.config.Change@5ffd8e9
01-01 08:00:17.302 I/SystemConfig(  479): Reading permissions from /system/etc/permissions/android.hardware.location.network.xml
01-01 08:00:17.303 D/CompatConfig(  479): Adding: com.android.server.compat.config.Change@7ba380f
01-01 08:00:17.304 I/SystemConfig(  479): Reading permissions from /system/etc/permissions/android.software.controls.xml
01-01 08:00:17.304 D/CompatConfig(  479): Adding: com.android.server.compat.config.Change@c741aa5
01-01 08:00:17.305 I/SystemConfig(  479): Reading permissions from /system/etc/permissions/com.android.location.provider.xml
