04-02 09:46:47.606 I/ActivityManager(  479): app.processName = com.huawei.connection
04-02 09:46:47.606 I/ActivityManager(  479): Start proc 3269:com.huawei.connection/u0a27 for service {com.dangbei.screencast/com.huawei.connection.service.NearFieldManagerService}
04-02 09:46:47.614 I/Zygote  ( 3269): seccomp disabled by setenforce 0
04-02 09:46:47.636 I/adbd    (  397): jdwp connection from 3269
04-02 09:46:47.617 I/rainbow_flow( 1993): type=1400 audit(0.0:1208): avc: denied { ioctl } for path="/dev/spidev1.0" dev="tmpfs" ino=3270 ioctlcmd=0x6b00 scontext=u:r:init:s0 tcontext=u:object_r:device:s0 tclass=chr_file permissive=1
04-02 09:46:47.664 D/CompatibilityChangeReporter( 3269): Compat change id reported: 171979766; UID 10027; state: DISABLED
04-02 09:46:47.671 D/ApplicationLoaders( 3269): Returning zygote-cached class loader: /system/framework/android.test.base.jar
04-02 09:46:47.671 D/ApplicationLoaders( 3269): Returning zygote-cached class loader: /system/framework/android.hidl.manager-V1.0-java.jar
04-02 09:46:47.671 D/ApplicationLoaders( 3269): Returning zygote-cached class loader: /system/framework/android.hidl.base-V1.0-java.jar
04-02 09:46:47.691 V/GraphicsEnvironment( 3269): ANGLE Developer option for 'com.dangbei.screencast' set to: 'default'
04-02 09:46:47.692 V/GraphicsEnvironment( 3269): Neither updatable production driver nor prerelease driver is supported.
04-02 09:46:47.693 D/NetworkSecurityConfig( 3269): Using Network Security Config from resource network_security_config debugBuild: false
04-02 09:46:47.695 D/NetworkSecurityConfig( 3269): Using Network Security Config from resource network_security_config debugBuild: false
04-02 09:46:47.697 D/HiSight-SinkService( 3092): setDiscoverable true
04-02 09:46:47.698 D/HiSight-Discovery( 3092): set deviceInfo type:46
04-02 09:46:47.698 D/HiSight-Discovery( 3092): startAdvertise 1
04-02 09:46:47.698 I/MultiDex( 3269): VM with version 2.1.0 has multidex support
04-02 09:46:47.698 I/MultiDex( 3269): Installing application
04-02 09:46:47.698 I/MultiDex( 3269): VM has multidex support, MultiDex support library is disabled.
04-02 09:46:47.699 D/wenhc   ( 1095): getScreenInfo uri = content://com.dangbei.screencast.parts.info/screen_cast
04-02 09:46:47.701 D/wenhc   ( 1095): getScreenInfo uri = content://com.dangbei.screencast.parts.info/screen_cast
04-02 09:46:47.722 D/HiSight-SinkService( 3092): setDiscoverable true
04-02 09:46:47.723 D/HiSight-Discovery( 3092): set deviceInfo type:46
04-02 09:46:47.723 D/HiSight-Discovery( 3092): startAdvertise 1
04-02 09:46:47.723 E/HuaweiCastService( 3092): onStartCommand in 0
04-02 09:46:47.724 D/wenhc   ( 1095): getScreenInfo uri = content://com.dangbei.screencast.parts.info/screen_cast
04-02 09:46:47.724 D/wenhc   ( 1095): getScreenInfo uri = content://com.dangbei.screencast.parts.info/screen_cast
04-02 09:46:47.788 I/crashsdk( 3269): version unique build id: 6230cced
04-02 09:46:47.792 D/crashsdk( 3269): Native log stat thread 3308 setup, waiting
04-02 09:46:47.796 I/crashsdk( 3269): begin hack android.os.Process
04-02 09:46:47.796 I/crashsdk( 3269): end hack android.os.Process
04-02 09:46:47.800 I/TDLog   ( 3269):  setReportUncaughtExceptions: true
04-02 09:46:47.805 E/Application( 3269): onCreate:Version:v2.8.3/20830/883432e
04-02 09:46:47.789 I/Thread-3( 3269): type=1400 audit(0.0:1209): avc: denied { read } for name="version" dev="proc" ino=4026532049 scontext=u:r:platform_app:s0:c512,c768 tcontext=u:object_r:proc_version:s0 tclass=file permissive=1 app=com.dangbei.screencast
04-02 09:46:47.827 I/Matrix.AnrTracer( 3269): anrTrace, final mAnrBeatTime:400, mAnrBeatRate:400
04-02 09:46:47.830 W/ServiceManager(  479): Permission failure: android.permission.HIGH_SAMPLING_RATE_SENSORS from uid=10027 pid=3269
04-02 09:46:47.833 E/LaunchManager( 3269): Non main process !
04-02 09:46:47.834 W/System.err( 3269): java.lang.NullPointerException: Attempt to invoke virtual method 'boolean com.efs.sdk.launch.LaunchConfigManager.enableTracer()' on a null object reference
04-02 09:46:47.834 W/System.err( 3269): 	at com.umeng.umcrash.UMCrash.init(Unknown Source:403)
04-02 09:46:47.834 W/System.err( 3269): 	at java.lang.reflect.Method.invoke(Native Method)
04-02 09:46:47.835 W/System.err( 3269): 	at com.umeng.commonsdk.UMConfigure.init(Unknown Source:811)
04-02 09:46:47.835 W/System.err( 3269): 	at b.f.f.b.a(:4)
04-02 09:46:47.835 D/NearFieldManagerService( 3269): NearFieldManagerService.
04-02 09:46:47.835 W/System.err( 3269): 	at h.o.a.run(Unknown Source:2)
04-02 09:46:47.835 D/NearFieldManagerService( 3269): onCreate, enter.
04-02 09:46:47.836 I/NearFieldManagerService( 3269): onBind, enter.
04-02 09:46:47.836 D/NearFieldManagerService( 3269): initService
04-02 09:46:47.836 D/NearFieldManagerService( 3269): NearField starting...
04-02 09:46:47.837 D/NearFieldUtils( 3269): checkSystemProperty in
04-02 09:46:47.837 D/NearFieldUtils( 3269): checkSystemProperty: systemProperties:
04-02 09:46:47.837 E/NearFieldUtils( 3269): validProperty: priority is null
04-02 09:46:47.841 D/NearFieldManager( 3092): service connected.
04-02 09:46:47.842 D/HiSight-Discovery( 3092): eventId: 4001
04-02 09:46:47.843 D/HiSight-Discovery( 3092): msg 4001
04-02 09:46:47.843 D/HiSight-Discovery( 3092): bind success, status Ready
04-02 09:46:47.843 D/HiSight-Discovery( 3092): startAdvertise 2
04-02 09:46:47.843 D/HiSight-Discovery( 3092): stopAdvertise.
04-02 09:46:47.843 D/HiSight-Discovery( 3092): nearFieldStartListen deviceType 46
04-02 09:46:47.844 I/TDLog   ( 3269): TalkingData SDK init...
04-02 09:46:47.844 I/TDLog   ( 3269): 	SDK_VERSION is: Android+TD+V5.0.7 gp Type:Native  Build_Num:2141
04-02 09:46:47.844 I/TDLog   ( 3269): 	App ID is: B9D7815EC975466AB1332111FCE62DF5
04-02 09:46:47.844 I/TDLog   ( 3269): 	App Channel is: os
04-02 09:46:47.844 I/TDLog   ( 3269): 	App Custom is: 
04-02 09:46:47.844 I/TDLog   ( 3269): 	SDK_OVC is: TDOVC+a3bb7754719798526508b6caad480dd7+SaaS
04-02 09:46:47.845 I/NearFieldManagerImpl( 3269): setDeviceInfo, sDeviceId changes
04-02 09:46:47.845 I/NearFieldManagerImpl( 3269): setDeviceInfo, sDeviceName changes
04-02 09:46:47.845 I/crashsdk( 3269): Catcher mask: 5000, 20480
04-02 09:46:47.845 D/NearFieldManagerImpl( 3269): setServiceData, sServiceData=[], serviceData=[32]
04-02 09:46:47.846 E/NearFieldManager( 3092): setIdnNetworkPriority: networkPortPriority is empty
04-02 09:46:47.846 D/NearFieldManager( 3092): StartListen moduleId: CastPlusDiscoveryModule
04-02 09:46:47.846 I/crashsdk( 3269): Catcher thread 3274
04-02 09:46:47.846 D/crashsdk( 3269): Register ANR handler ...
04-02 09:46:47.846 D/NearFieldManagerImpl( 3269): onReceive action get:android.net.conn.CONNECTIVITY_CHANGE
04-02 09:46:47.789 I/Thread-3( 3269): type=1400 audit(0.0:1210): avc: denied { open } for path="/proc/version" dev="proc" ino=4026532049 scontext=u:r:platform_app:s0:c512,c768 tcontext=u:object_r:proc_version:s0 tclass=file permissive=1 app=com.dangbei.screencast
04-02 09:46:47.847 D/NearFieldManagerImpl( 3269): startListen: moduleId: CastPlusDiscoveryModule
04-02 09:46:47.847 D/NearFieldUtils( 3269): getPreferredIpAddress exec
04-02 09:46:47.847 D/NearFieldUtils( 3269): getPreferredIpAddress by custom priority
04-02 09:46:47.847 D/NearFieldUtils( 3269): getIpByInterfaceSetting customIdnNetworkPriority:[]
04-02 09:46:47.847 D/NearFieldUtils( 3269): getPreferredIpAddress by default priority
04-02 09:46:47.848 D/NearFieldUtils( 3269): getPreferredIpAddress exec
04-02 09:46:47.848 D/NearFieldUtils( 3269): getPreferredIpAddress by custom priority
04-02 09:46:47.848 D/NearFieldUtils( 3269): getIpByInterfaceSetting customIdnNetworkPriority:[]
04-02 09:46:47.848 D/NearFieldUtils( 3269): getPreferredIpAddress by default priority
04-02 09:46:47.853 W/efs.send_log( 3269): tryFileLock start! 
04-02 09:46:47.789 I/Thread-3( 3269): type=1400 audit(0.0:1211): avc: denied { getattr } for path="/proc/version" dev="proc" ino=4026532049 scontext=u:r:platform_app:s0:c512,c768 tcontext=u:object_r:proc_version:s0 tclass=file permissive=1 app=com.dangbei.screencast
01-01 08:01:48.454 E/sprdwl  (  949): sprdwl_rx_rsp_process ctx_id 0 recv rsp[WIFI_CMD_TX_DATA] status[SPRDWL_CMD_STATUS_ERROR]
01-01 08:01:48.468 E/sprdwl  (  949): sprdwl_rx_rsp_process ctx_id 0 recv rsp[WIFI_CMD_TX_DATA] status[SPRDWL_CMD_STATUS_ERROR]
04-02 09:46:47.913 D/NearFieldUtils( 3269): to get wlan0 ip address
04-02 09:46:47.913 D/NearFieldUtils( 3269): get wlan0 IP succeed.
04-02 09:46:47.913 E/NearFieldManagerImpl( 3269): notifyByPriority: interfaceNameInUse is null
04-02 09:46:47.913 D/NearFieldManagerImpl( 3269): handleConnectivityAction: notified by default
01-01 08:01:48.484 E/sprdwl  (  949): sprdwl_rx_rsp_process ctx_id 0 recv rsp[WIFI_CMD_TX_DATA] status[SPRDWL_CMD_STATUS_ERROR]
04-02 09:46:47.923 D/NearFieldUtils( 3269): to get wlan0 ip address
04-02 09:46:47.923 D/NearFieldUtils( 3269): get wlan0 IP succeed.
04-02 09:46:47.923 I/NearFieldManagerImpl( 3269): wlan Connected
04-02 09:46:47.923 E/NearFieldManagerUtilsNative( 3269): Begin System.loadLibrary()
04-02 09:46:47.925 D/NearFieldUtils( 3269): to get wlan0 ip address
04-02 09:46:47.925 D/NearFieldUtils( 3269): get wlan0 IP succeed.
04-02 09:46:47.925 D/NearFieldManagerImpl( 3269): sDeviceType: 46
04-02 09:46:47.926 D/NearFieldManagerImpl( 3269): registerDevice() is called.
04-02 09:46:47.930 I/efs.config( 3269): --->>> 删除旧的配置文件 false
01-01 08:01:48.499 E/sprdwl  (  949): sprdwl_rx_rsp_process ctx_id 0 recv rsp[WIFI_CMD_TX_DATA] status[SPRDWL_CMD_STATUS_ERROR]
01-01 08:01:48.513 E/sprdwl  (  949): sprdwl_rx_rsp_process ctx_id 0 recv rsp[WIFI_CMD_TX_DATA] status[SPRDWL_CMD_STATUS_ERROR]
04-02 09:46:47.949 I/efs.base( 3269): lt=event`ev_ct=efs_core`ev_ac=pvuv`tm=2026-04-02 09:46:91`dn=e47c7bd2-9fa9-451d-9f60-8dbb33e77f9c`ps=com.huawei.connection`um_os=android`stime=1775094407536`pid=3269`fr=android`pkg=com.dangbei.screencast`vcode=20830`dsp_w=1920`uid=e47c7bd2-9fa9-451d-9f60-8dbb33e77f9c`rom=12`wid=e47c7bd2-9fa9-451d-9f60-8dbb33e77f9c`um_app_carrier=`um_access=wifi`um_app_channel=os`um_crash_sdk_version=1.4.0`ctime=1775094407`model=dbbox-a2`lang=zh`net=wifi`brand=dangbei`dsp_h=1080`um_network_type=0`ver=v2.8.3`build_model=DBBOX-A2`w_tm=1775094407`appid=5fc60c21094d637f3130af19`um_umid_header=ai35af5d3062696c923ab8439457101f1b`sdk=31`tzone=Asia/Shanghai`sdk_ver=1.3.6.umeng
04-02 09:46:47.959 I/HicomNfTimerManager( 3269): epoll fd:122 create success
04-02 09:46:47.959 I/HicomNfTimerManager( 3269): epoll add fd:123--->122 success
04-02 09:46:47.959 I/HicomNfTimerManager( 3269): time fd:123 add to epoll success
04-02 09:46:47.960 I/efs.config( 3269): current config version (-1) is older than another (1735614866)
04-02 09:46:47.960 I/efs.config( 3269): load config from storage and notify observer
04-02 09:46:47.961 W/IorapForwardingService(  479): No service published for: iorapd
01-01 08:01:48.526 E/sprdwl  (  949): sprdwl_rx_rsp_process ctx_id 0 recv rsp[WIFI_CMD_TX_DATA] status[SPRDWL_CMD_STATUS_ERROR]
04-02 09:46:47.968 E/dangbei111( 1051): cccccc 检测到网络 准备请求遥控器ota信息
04-02 09:46:47.969 W/ContextImpl( 1051): Calling a method in the system process without a qualified user: android.app.ContextImpl.sendBroadcast:1173 android.content.ContextWrapper.sendBroadcast:479 com.dangbei.remotecontroller.RemoteControllerReceiver.sendMessageToUpdateHelper:122 com.dangbei.remotecontroller.RemoteControllerReceiver.access$100:28 com.dangbei.remotecontroller.RemoteControllerReceiver$1.handleMessage:41 
04-02 09:46:47.970 E/ActivityManager(  479): Sending non-protected broadcast com.dangbei.remote.connected from system 1051:com.dangbei.lerad.etna.haqu/1000 pkg com.dangbei.lerad.etna.haqu
04-02 09:46:47.970 E/ActivityManager(  479): java.lang.Throwable
04-02 09:46:47.970 E/ActivityManager(  479): 	at com.android.server.am.ActivityManagerService.checkBroadcastFromSystem(ActivityManagerService.java:12816)
04-02 09:46:47.970 E/ActivityManager(  479): 	at com.android.server.am.ActivityManagerService.broadcastIntentLocked(ActivityManagerService.java:13416)
04-02 09:46:47.970 E/ActivityManager(  479): 	at com.android.server.am.ActivityManagerService.broadcastIntentLocked(ActivityManagerService.java:12833)
04-02 09:46:47.970 E/ActivityManager(  479): 	at com.android.server.am.ActivityManagerService.broadcastIntentWithFeature(ActivityManagerService.java:13670)
04-02 09:46:47.970 E/ActivityManager(  479): 	at android.app.IActivityManager$Stub.onTransact(IActivityManager.java:2326)
04-02 09:46:47.970 E/ActivityManager(  479): 	at com.android.server.am.ActivityManagerService.onTransact(ActivityManagerService.java:2509)
04-02 09:46:47.970 E/ActivityManager(  479): 	at android.os.Binder.execTransactInternal(Binder.java:1179)
04-02 09:46:47.970 E/ActivityManager(  479): 	at android.os.Binder.execTransact(Binder.java:1143)
04-02 09:46:47.970 I/HicomNf_java_to_c( 3269): notifyNetworkStateChanged with maskStr, networkType: 0, networkState: 0, mask: 
04-02 09:46:47.970 I/HicomNfMainCtrlManager( 3269): NotifyNetworkStateChanged is called with networkState: 0
04-02 09:46:47.970 I/HicomNfMainCtrlManager( 3269): P2P and USB are both disconnected
04-02 09:46:47.970 I/HicomNfSecureManager( 3269): stop listening
04-02 09:46:47.970 D/nStackXDFinder( 3269): NSTACKX_Init:[146] :nstack ctrl creat epollfd 126
04-02 09:46:47.970 I/HicomNfSecureManager( 3269): StopListening, m_sessionInfoLock out, before calling NSTACKX_DMsgClose 2
04-02 09:46:47.970 I/HicomNfSecureManager( 3269): StopListening, after calling NSTACKX_DMsgClose 2
04-02 09:46:47.971 I/nStackXDFinder( 3269): InitDefaultInterfaceName:[779] :InitDefaultInterfaceName exec
04-02 09:46:47.971 D/nStackXCoAP( 3269): CoapServerInit:[174] :CoapServerInit is called
04-02 09:46:47.971 E/nStackXDFinder( 3269): GetLocalIp:[401] :GetLocalIp exec
04-02 09:46:47.971 E/nStackXDFinder( 3269): GetLocalIp:[407] :GetLocalIp, ifInfo is null
04-02 09:46:47.971 I/HicomNfMainCtrlManager( 3269): NSTACKX_RegisterDevice is called
04-02 09:46:47.971 D/NearFieldManagerImpl( 3269): Register device success.
04-02 09:46:47.971 I/NearFieldManagerImpl( 3269): serviceName is castPlus
04-02 09:46:47.972 D/NearFieldManagerImpl( 3269): registerCapability() called with: capabilityBitmapNum = 1, capabilityBitmap = [8]
04-02 09:46:47.972 I/HicomNf_java_to_c( 3269): registerCapability, capabilityBitmapNum: 1
04-02 09:46:47.972 I/HicomNfMainCtrlManager( 3269): RegisterCapability: 1, 8
04-02 09:46:47.971 E/ActivityManager(  479): Sending non-protected broadcast com.dangbei.remote.connected from system 1051:com.dangbei.lerad.etna.haqu/1000 pkg com.dangbei.lerad.etna.haqu
04-02 09:46:47.971 E/ActivityManager(  479): java.lang.Throwable
04-02 09:46:47.971 E/ActivityManager(  479): 	at com.android.server.am.ActivityManagerService.checkBroadcastFromSystem(ActivityManagerService.java:12816)
04-02 09:46:47.971 E/ActivityManager(  479): 	at com.android.server.am.ActivityManagerService.broadcastIntentLocked(ActivityManagerService.java:13513)
04-02 09:46:47.971 E/ActivityManager(  479): 	at com.android.server.am.ActivityManagerService.broadcastIntentLocked(ActivityManagerService.java:12833)
04-02 09:46:47.971 E/ActivityManager(  479): 	at com.android.server.am.ActivityManagerService.broadcastIntentWithFeature(ActivityManagerService.java:13670)
04-02 09:46:47.971 E/ActivityManager(  479): 	at android.app.IActivityManager$Stub.onTransact(IActivityManager.java:2326)
04-02 09:46:47.971 E/ActivityManager(  479): 	at com.android.server.am.ActivityManagerService.onTransact(ActivityManagerService.java:2509)
04-02 09:46:47.971 E/ActivityManager(  479): 	at android.os.Binder.execTransactInternal(Binder.java:1179)
04-02 09:46:47.971 E/ActivityManager(  479): 	at android.os.Binder.execTransact(Binder.java:1143)
04-02 09:46:47.972 I/DropBoxManagerService(  479): add tag=system_server_wtf isTagEnabled=true flags=0x2
04-02 09:46:47.972 D/NearFieldManagerImpl( 3269): Register capability succeed with capabilityBitmapNum = 1, capabilityBitmap = [8]
04-02 09:46:47.972 D/NearFieldManagerImpl( 3269): registerServiceData() called with: serviceData = 32
04-02 09:46:47.972 D/NearFieldManagerImpl( 3269): registerModule() called with: packageModuleName = com.huawei.connection+CastPlusDiscoveryModule
04-02 09:46:47.973 I/HicomNf_java_to_c( 3269): registerModule, moduleName: com.huawei.connection+CastPlusDiscoveryModule
04-02 09:46:47.973 I/HicomNfMainCtrlManager( 3269): Enter RegisterModule
04-02 09:46:47.973 I/HicomNfRegManager( 3269): RegisterModule OK, add module name com.huawei.connection+CastPlusDiscoveryModule
04-02 09:46:47.974 I/Hisight-DeviceListManager( 3092): init DeviceListManager.
04-02 09:46:47.979 I/nStackXDFinder( 3269): UpdateLocalNetworkInterface:[472] :UpdateLocalNetworkInterface exec,initerfaceName:wlan0
01-01 08:01:48.542 E/sprdwl  (  949): sprdwl_rx_rsp_process ctx_id 0 recv rsp[WIFI_CMD_TX_DATA] status[SPRDWL_CMD_STATUS_ERROR]
04-02 09:46:47.980 E/nStackXDFinder( 3269): GetLocalIp:[401] :GetLocalIp exec
04-02 09:46:47.980 E/nStackXDFinder( 3269): GetLocalIp:[407] :GetLocalIp, ifInfo is null
04-02 09:46:47.980 I/nStackXDFinder( 3269): UpdateLocalNetworkInterface:[498] :UpdateLocalNetworkInterface copy ip value in default process
04-02 09:46:47.980 E/nStackXDFinder( 3269): GetLocalIp:[401] :GetLocalIp exec
04-02 09:46:47.980 D/nStackXCoAP( 3269): CoapServerInit:[174] :CoapServerInit is called
04-02 09:46:47.980 E/nStackXDFinder( 3269): GetLocalIp:[401] :GetLocalIp exec
04-02 09:46:47.981 I/DropBoxManagerService(  479): add tag=system_server_wtf isTagEnabled=true flags=0x2
04-02 09:46:47.982 I/nStackXUtil( 3269): BindToDevice:[352] :BindToDevice exec
04-02 09:46:47.982 I/nStackXUtil( 3269): GetInterfaceByPriority:[279] :GetInterfaceByPriority exec
04-02 09:46:47.982 I/nStackXUtil( 3269): GetInterfaceByDefault:[309] :GetInterfaceByDefault exec
04-02 09:46:47.982 I/nStackXUtil( 3269): GetInterfaceByDefault:[316] :GetInterfaceByDefault, ndevice name: lo
04-02 09:46:47.982 I/nStackXUtil( 3269): GetInterfaceByDefault:[316] :GetInterfaceByDefault, ndevice name: wlan0
04-02 09:46:47.982 I/nStackXUtil( 3269): BindToDevice:[374] :BindToDevice, Bind localAddr name: wlan0
04-02 09:46:47.982 E/nStackXUtil( 3269): BindToDeviceInner:[188] :setsockopt fail, errno = 1
04-02 09:46:47.982 E/nStackXCoAP( 3269): CoapGetContext:[250] :bind to device fail
04-02 09:46:47.982 D/nStackXCoAP( 3269): CoapInitResources:[744] :CoapInitResources g_wlanOrEthContext update
04-02 09:46:47.983 I/nStackXDFinder( 3269): RegisterServiceData:[728] :RegisterServiceData, serviceData=[32]
04-02 09:46:47.985 E/dangbei111( 1051): 读出来的遥控器版本不是空 CSH260331
04-02 09:46:47.985 E/dangbei111( 1051): cccccc requestRemoteInfoInner factory NA version CSH260331
04-02 09:46:47.985 D/Hisight-DeviceListManager( 3092): get old secret key
04-02 09:46:47.988 I/HicomNf_java_to_c( 3269): notifyNetworkStateChanged with maskStr, networkType: 0, networkState: 1, mask: 255.255.254.0
04-02 09:46:47.988 I/HicomNfMainCtrlManager( 3269): NotifyNetworkStateChanged is called with networkState: 1
04-02 09:46:47.988 I/HicomNfSecureManager( 3269): StartListening, before calling NSTACKX_DMsgServer
04-02 09:46:47.988 I/nStackXDMsg( 3269): NSTACKX_DMsgServer:[1335] :msgReceiver is not NULL 
04-02 09:46:47.989 D/nStackXDMsg( 3269): StartDMsgMainThread:[1274] :pthread_create
04-02 09:46:47.989 I/HicomNfSecureManager( 3269): StartListening, after calling NSTACKX_DMsgServer
04-02 09:46:47.989 I/HicomNfSecureManager( 3269): OnehopSecureCtrlManager: succeeded to StartListening with type 0
04-02 09:46:47.990 W/efs.info.manager( 3269): network change: wifi
01-01 08:01:48.558 E/sprdwl  (  949): sprdwl_rx_rsp_process ctx_id 0 recv rsp[WIFI_CMD_TX_DATA] status[SPRDWL_CMD_STATUS_ERROR]
04-02 09:46:47.998 I/okhttp.OkHttpClient( 1051): --> POST http://tymsgapi.qun7.com/v1/core/ykota (622-byte body)
04-02 09:46:48.006 E/Hisight-ConnectAuthCallBack( 3092): readSecureFile failed, no such file
04-02 09:46:48.006 W/Hisight-DeviceListManager( 3092): deviceRecords is empty
04-02 09:46:48.006 W/Hisight-DeviceListManager( 3092): occur error, clear all the list
04-02 09:46:48.006 D/Hisight-HiChainAuthControl( 3092): start HiChainAuthControl
04-02 09:46:48.010 I/ConnectAuthJNI( 3092): JNI_OnLoad begin load
04-02 09:46:48.010 I/ConnectAuthJNI( 3092): RegisterNativeMethod begin
04-02 09:46:48.011 I/ConnectAuthJNI( 3092): RegisterNativeMethod end
04-02 09:46:48.011 I/ConnectAuthJNI( 3092): RegisterNativeMethod 1004 methodLen=10
04-02 09:46:48.011 I/ConnectAuthJNI( 3092): RegisterNativeMethod 1007 RegisterNatives=0
04-02 09:46:48.011 I/ConnectAuthJNI( 3092): InitArraylist 1013
04-02 09:46:48.011 I/ConnectAuthJNI( 3092): InitConnectAuthStaticJNIMethod 1114 methodRet=0
04-02 09:46:48.011 E/ConnectAuthJNI( 3092): JNI_OnLoad finish....1138
04-02 09:46:48.011 D/Hisight-HiChainAuthControl( 3092): setupAuthIfNeeded, HiChainInstance hasn't been initialized
04-02 09:46:48.011 I/ConnectAuthJNI( 3092): Java_com_huawei_hisight_security_ConnectAuthNative_nativeSetup 795 call HiChainNativeSetup
04-02 09:46:48.011 I/ConnectAuthJNI( 3092): HiChainNativeSetup 565 registe_log
04-02 09:46:48.011 I/ConnectAuthJNI( 3092): HksStorageRegisterFileCallbacks 245 register hks file callback status =0
04-02 09:46:48.011 I/ConnectAuthJNI( 3092): HksRegisterGetDeviceIdCallback 268 register hks get hardware udid callback status =0
04-02 09:46:48.011 D/ConnectAuthJNI( 3092): [HiChain] get_instance Begin get instance
04-02 09:46:48.011 I/ConnectAuthJNI( 3092): [HKS] hks_service_key_info_init hks init : begin
04-02 09:46:48.011 I/ConnectAuthJNI( 3092): FileRead 113 FileRead
04-02 09:46:48.011 I/ConnectAuthJNI( 3092): FileRead 122 FileRead call readSecureFile begin
04-02 09:46:48.012 E/Hisight-ConnectAuthCallBack( 3092): readSecureFile failed, no such file
04-02 09:46:48.012 W/ConnectAuthJNI( 3092): FileRead 132 FileRead call readSecureFile byteArray is null
04-02 09:46:48.012 I/ConnectAuthJNI( 3092): [HKS] hks_rkc_init RKC init:begin, is_key_info_exist=0
04-02 09:46:48.012 I/ConnectAuthJNI( 3092): [HKS] hks_rkc_init_entropy the entropy is empty
04-02 09:46:48.012 I/ConnectAuthJNI( 3092): FileSize 214 FileSize
04-02 09:46:48.012 I/ConnectAuthJNI( 3092): FileSize 230 fileSize=258
04-02 09:46:48.012 I/ConnectAuthJNI( 3092): FileRead 113 FileRead
04-02 09:46:48.012 I/ConnectAuthJNI( 3092): FileRead 122 FileRead call readSecureFile begin
04-02 09:46:48.013 I/ConnectAuthJNI( 3092): FileRead 135 FileRead call readSecureFile end
04-02 09:46:48.013 I/ConnectAuthJNI( 3092): FileRead 150 fileBuff size 258, buf len 258
04-02 09:46:48.013 I/ConnectAuthJNI( 3092): FileSize 214 FileSize
04-02 09:46:48.013 I/ConnectAuthJNI( 3092): FileSize 230 fileSize=258
04-02 09:46:48.013 I/ConnectAuthJNI( 3092): FileRead 113 FileRead
04-02 09:46:48.013 I/ConnectAuthJNI( 3092): FileRead 122 FileRead call readSecureFile begin
04-02 09:46:48.013 I/ConnectAuthJNI( 3092): FileRead 135 FileRead call readSecureFile end
04-02 09:46:48.013 I/ConnectAuthJNI( 3092): FileRead 150 fileBuff size 258, buf len 258
04-02 09:46:48.013 I/ConnectAuthJNI( 3092): [HKS] hks_rkc_load_ksf load ksf success
04-02 09:46:48.013 I/ConnectAuthJNI( 3092): [HKS] hks_rkc_init root key component init success
04-02 09:46:48.013 I/ConnectAuthJNI( 3092): [HKS] hks_rkc_init RKC init:end,rc=0
04-02 09:46:48.013 I/ConnectAuthJNI( 3092): [HKS] hks_service_key_info_init hks init : end
04-02 09:46:48.013 I/ConnectAuthJNI( 3092): GetHiChainProtocolParamsCallback 371 GetHiChainProtocolParamsCallback operation_code= 99
04-02 09:46:48.013 I/ConnectAuthJNI( 3092): paramLen is ,=0
04-02 09:46:48.013 I/ConnectAuthJNI( 3092): paramLen is ,=0
04-02 09:46:48.013 I/ConnectAuthJNI( 3092): GetHiChainProtocolParamsCallback 402 GetHiChainProtocolParamsCallback end
04-02 09:46:48.013 I/ConnectAuthJNI( 3092): [HiChain] get_instance Get instance success
04-02 09:46:48.013 I/ConnectAuthJNI( 3092): Java_com_huawei_hisight_security_ConnectAuthNative_nativeGetHiChainInstance 598 get instance success
04-02 09:46:48.013 D/Hisight-HiChainAuthControl( 3092): destroyAuth
04-02 09:46:48.013 I/ConnectAuthJNI( 3092): Java_com_huawei_hisight_security_ConnectAuthNative_nativeDestroy 603 destroy
04-02 09:46:48.014 D/Hisight-HiChainAuthControl( 3092): setupAuthIfNeeded, HiChainInstance hasn't been initialized
04-02 09:46:48.014 I/ConnectAuthJNI( 3092): Java_com_huawei_hisight_security_ConnectAuthNative_nativeSetup 795 call HiChainNativeSetup
04-02 09:46:48.014 I/ConnectAuthJNI( 3092): HiChainNativeSetup 565 registe_log
04-02 09:46:48.014 I/ConnectAuthJNI( 3092): HksStorageRegisterFileCallbacks 245 register hks file callback status =0
04-02 09:46:48.014 I/ConnectAuthJNI( 3092): HksRegisterGetDeviceIdCallback 268 register hks get hardware udid callback status =0
04-02 09:46:48.014 D/ConnectAuthJNI( 3092): [HiChain] get_instance Begin get instance
04-02 09:46:48.014 I/ConnectAuthJNI( 3092): [HKS] hks_service_key_info_init hks init : begin
04-02 09:46:48.014 I/ConnectAuthJNI( 3092): [HKS] hks_service_key_info_init hks init : end
04-02 09:46:48.014 I/ConnectAuthJNI( 3092): GetHiChainProtocolParamsCallback 371 GetHiChainProtocolParamsCallback operation_code= 99
04-02 09:46:48.014 I/ConnectAuthJNI( 3092): paramLen is ,=0
04-02 09:46:48.014 I/ConnectAuthJNI( 3092): paramLen is ,=0
04-02 09:46:48.014 I/ConnectAuthJNI( 3092): GetHiChainProtocolParamsCallback 402 GetHiChainProtocolParamsCallback end
04-02 09:46:48.014 I/ConnectAuthJNI( 3092): [HiChain] get_instance Get instance success
04-02 09:46:48.014 I/ConnectAuthJNI( 3092): Java_com_huawei_hisight_security_ConnectAuthNative_nativeGetHiChainInstance 598 get instance success
04-02 09:46:48.014 W/ConnectAuthJNI( 3092): GetListTrustPeers 899 trustPeerSize=0
04-02 09:46:48.014 D/Hisight-HiChainAuthControl( 3092): destroyAuth
04-02 09:46:48.014 I/ConnectAuthJNI( 3092): Java_com_huawei_hisight_security_ConnectAuthNative_nativeDestroy 603 destroy
04-02 09:46:48.014 D/Hisight-HiChainAuthControl( 3092): setupAuthIfNeeded, HiChainInstance hasn't been initialized
04-02 09:46:48.014 I/ConnectAuthJNI( 3092): Java_com_huawei_hisight_security_ConnectAuthNative_nativeSetup 795 call HiChainNativeSetup
04-02 09:46:48.014 I/ConnectAuthJNI( 3092): HiChainNativeSetup 565 registe_log
04-02 09:46:48.014 I/ConnectAuthJNI( 3092): HksStorageRegisterFileCallbacks 245 register hks file callback status =0
04-02 09:46:48.014 I/ConnectAuthJNI( 3092): HksRegisterGetDeviceIdCallback 268 register hks get hardware udid callback status =0
04-02 09:46:48.014 D/ConnectAuthJNI( 3092): [HiChain] get_instance Begin get instance
04-02 09:46:48.014 I/ConnectAuthJNI( 3092): [HKS] hks_service_key_info_init hks init : begin
04-02 09:46:48.014 I/ConnectAuthJNI( 3092): [HKS] hks_service_key_info_init hks init : end
04-02 09:46:48.014 I/ConnectAuthJNI( 3092): GetHiChainProtocolParamsCallback 371 GetHiChainProtocolParamsCallback operation_code= 99
04-02 09:46:48.014 I/ConnectAuthJNI( 3092): paramLen is ,=0
04-02 09:46:48.014 I/ConnectAuthJNI( 3092): paramLen is ,=0
04-02 09:46:48.014 I/ConnectAuthJNI( 3092): GetHiChainProtocolParamsCallback 402 GetHiChainProtocolParamsCallback end
04-02 09:46:48.014 I/ConnectAuthJNI( 3092): [HiChain] get_instance Get instance success
04-02 09:46:48.014 I/ConnectAuthJNI( 3092): Java_com_huawei_hisight_security_ConnectAuthNative_nativeGetHiChainInstance 598 get instance success
04-02 09:46:48.015 W/ConnectAuthJNI( 3092): GetListTrustPeers 899 trustPeerSize=0
04-02 09:46:48.015 D/Hisight-DeviceListManager( 3092): init trusted list size: 0
04-02 09:46:48.015 D/HiSight-ConnectionManager( 3092): setAuthInfo, authMode: 1
04-02 09:46:47.981 I/DefaultDispatch( 1051): type=1400 audit(0.0:1212): avc: denied { read } for name="devices" dev="proc" ino=4026532014 scontext=u:r:system_app:s0 tcontext=u:object_r:proc:s0 tclass=file permissive=1
04-02 09:46:47.981 I/DefaultDispatch( 1051): type=1400 audit(0.0:1213): avc: denied { open } for path="/proc/bus/input/devices" dev="proc" ino=4026532014 scontext=u:r:system_app:s0 tcontext=u:object_r:proc:s0 tclass=file permissive=1
04-02 09:46:47.981 I/DefaultDispatch( 1051): type=1400 audit(0.0:1214): avc: denied { getattr } for path="/proc/bus/input/devices" dev="proc" ino=4026532014 scontext=u:r:system_app:s0 tcontext=u:object_r:proc:s0 tclass=file permissive=1
01-01 08:01:48.645 E/sprdwl  (  949): sprdwl_rx_rsp_process ctx_id 0 recv rsp[WIFI_CMD_TX_DATA] status[SPRDWL_CMD_STATUS_ERROR]
01-01 08:01:48.660 E/sprdwl  (  949): sprdwl_rx_rsp_process ctx_id 0 recv rsp[WIFI_CMD_TX_DATA] status[SPRDWL_CMD_STATUS_ERROR]
01-01 08:01:48.674 E/sprdwl  (  949): sprdwl_rx_rsp_process ctx_id 0 recv rsp[WIFI_CMD_TX_DATA] status[SPRDWL_CMD_STATUS_ERROR]
01-01 08:01:48.688 E/sprdwl  (  949): sprdwl_rx_rsp_process ctx_id 0 recv rsp[WIFI_CMD_TX_DATA] status[SPRDWL_CMD_STATUS_ERROR]
01-01 08:01:48.705 E/sprdwl  (  949): sprdwl_rx_rsp_process ctx_id 0 recv rsp[WIFI_CMD_TX_DATA] status[SPRDWL_CMD_STATUS_ERROR]
04-02 09:46:48.144 I/okhttp.OkHttpClient( 1051): <-- 200 OK http://tymsgapi.qun7.com/v1/core/ykota (145ms, unknown-length body)
04-02 09:46:48.149 E/dangbei111( 1051): cccccc requestRemoteInfoInner BaseResponse{message='success', data=null, code=0}
04-02 09:46:48.150 W/System.err( 1051): java.lang.NullPointerException: Attempt to invoke virtual method 'java.lang.String com.etna.haqu.model.business.bean.db.remote.RemoteUpdateBean.getDownloadId()' on a null object reference
04-02 09:46:48.150 W/System.err( 1051): 	at com.dangbei.etna.update.remote.RemoteUpdateHelper$requestRemoteInfoInner$1$2.invoke(RemoteUpdateHelper.kt:199)
04-02 09:46:48.150 W/System.err( 1051): 	at com.dangbei.etna.update.remote.RemoteUpdateHelper$requestRemoteInfoInner$1$2.invoke(RemoteUpdateHelper.kt:188)
04-02 09:46:48.150 W/System.err( 1051): 	at com.etna.haqu.support.ext.FlowExtKt$safeCollect$3.emit(FlowExt.kt:52)
04-02 09:46:48.151 W/System.err( 1051): 	at kotlinx.coroutines.flow.FlowKt__ErrorsKt$catchImpl$2.emit(Errors.kt:158)
04-02 09:46:48.151 W/System.err( 1051): 	at kotlinx.coroutines.flow.FlowKt__ChannelsKt.emitAllImpl$FlowKt__ChannelsKt(Channels.kt:62)
04-02 09:46:48.151 W/System.err( 1051): 	at kotlinx.coroutines.flow.FlowKt__ChannelsKt.access$emitAllImpl$FlowKt__ChannelsKt(Channels.kt:1)
04-02 09:46:48.151 W/System.err( 1051): 	at kotlinx.coroutines.flow.FlowKt__ChannelsKt$emitAllImpl$1.invokeSuspend(Unknown Source:14)
04-02 09:46:48.151 W/System.err( 1051): 	at kotlin.coroutines.jvm.internal.BaseContinuationImpl.resumeWith(ContinuationImpl.kt:33)
04-02 09:46:48.151 W/System.err( 1051): 	at kotlinx.coroutines.DispatchedTask.run(DispatchedTask.kt:106)
04-02 09:46:48.151 W/System.err( 1051): 	at android.os.Handler.handleCallback(Handler.java:938)
04-02 09:46:48.151 W/System.err( 1051): 	at android.os.Handler.dispatchMessage(Handler.java:99)
04-02 09:46:48.151 W/System.err( 1051): 	at android.os.Looper.loopOnce(Looper.java:201)
04-02 09:46:48.151 W/System.err( 1051): 	at android.os.Looper.loop(Looper.java:288)
04-02 09:46:48.151 W/System.err( 1051): 	at android.app.ActivityThread.main(ActivityThread.java:7854)
04-02 09:46:48.151 W/System.err( 1051): 	at java.lang.reflect.Method.invoke(Native Method)
04-02 09:46:48.151 W/System.err( 1051): 	at com.android.internal.os.RuntimeInit$MethodAndArgsCaller.run(RuntimeInit.java:548)
04-02 09:46:48.152 W/System.err( 1051): 	at com.android.internal.os.ZygoteInit.main(ZygoteInit.java:1182)
01-01 08:01:48.719 E/sprdwl  (  949): sprdwl_rx_rsp_process ctx_id 0 recv rsp[WIFI_CMD_TX_DATA] status[SPRDWL_CMD_STATUS_ERROR]
04-02 09:46:48.155 E/ccc     ( 1051): cccccc com.dangbei.haqusetting not connect
04-02 09:46:48.155 E/ccc     ( 1051): cccccc updateHelper 通知更新 
04-02 09:46:48.155 E/dangbei111( 1051): cccccc requestRemoteInfoInner 出现异常 Attempt to invoke virtual method 'java.lang.String com.etna.haqu.model.business.bean.db.remote.RemoteUpdateBean.getDownloadId()' on a null object reference
01-01 08:01:48.734 E/sprdwl  (  949): sprdwl_rx_rsp_process ctx_id 0 recv rsp[WIFI_CMD_TX_DATA] status[SPRDWL_CMD_STATUS_ERROR]
01-01 08:01:48.749 E/sprdwl  (  949): sprdwl_rx_rsp_process ctx_id 0 recv rsp[WIFI_CMD_TX_DATA] status[SPRDWL_CMD_STATUS_ERROR]
01-01 08:01:48.761 E/sprdwl  (  949): sprdwl_rx_rsp_process ctx_id 0 recv rsp[WIFI_CMD_TX_DATA] status[SPRDWL_CMD_STATUS_ERROR]
01-01 08:01:48.775 E/sprdwl  (  949): sprdwl_rx_rsp_process ctx_id 0 recv rsp[WIFI_CMD_TX_DATA] status[SPRDWL_CMD_STATUS_ERROR]
01-01 08:01:48.790 E/sprdwl  (  949): sprdwl_rx_rsp_process ctx_id 0 recv rsp[WIFI_CMD_TX_DATA] status[SPRDWL_CMD_STATUS_ERROR]
01-01 08:01:48.808 E/sprdwl  (  949): sprdwl_rx_rsp_process ctx_id 0 recv rsp[WIFI_CMD_TX_DATA] status[SPRDWL_CMD_STATUS_ERROR]
01-01 08:01:48.821 E/sprdwl  (  949): sprdwl_rx_rsp_process ctx_id 0 recv rsp[WIFI_CMD_TX_DATA] status[SPRDWL_CMD_STATUS_ERROR]
01-01 08:01:48.838 E/sprdwl  (  949): sprdwl_rx_rsp_process ctx_id 0 recv rsp[WIFI_CMD_TX_DATA] status[SPRDWL_CMD_STATUS_ERROR]
01-01 08:01:48.852 E/sprdwl  (  949): sprdwl_rx_rsp_process ctx_id 0 recv rsp[WIFI_CMD_TX_DATA] status[SPRDWL_CMD_STATUS_ERROR]
04-02 09:46:48.543 E/raop    ( 3092): JavaCallback init
04-02 09:46:48.651 W/TelephonyPermissions(  479): reportAccessDeniedToReadIdentifiers:com.dangbei.screencast:getSerial:-1
04-02 09:46:48.679 V/NFC     ( 3269): this device does not have NFC support
01-01 08:01:49.450 E/sprdwl  (  949): sprdwl_rx_rsp_process ctx_id 0 recv rsp[WIFI_CMD_TX_DATA] status[SPRDWL_CMD_STATUS_ERROR]
01-01 08:01:49.468 E/sprdwl  (  949): sprdwl_rx_rsp_process ctx_id 0 recv rsp[WIFI_CMD_TX_DATA] status[SPRDWL_CMD_STATUS_ERROR]
01-01 08:01:49.483 E/sprdwl  (  949): sprdwl_rx_rsp_process ctx_id 0 recv rsp[WIFI_CMD_TX_DATA] status[SPRDWL_CMD_STATUS_ERROR]
01-01 08:01:49.499 E/sprdwl  (  949): sprdwl_rx_rsp_process ctx_id 0 recv rsp[WIFI_CMD_TX_DATA] status[SPRDWL_CMD_STATUS_ERROR]
01-01 08:01:49.516 E/sprdwl  (  949): sprdwl_rx_rsp_process ctx_id 0 recv rsp[WIFI_CMD_TX_DATA] status[SPRDWL_CMD_STATUS_ERROR]
01-01 08:01:49.530 E/sprdwl  (  949): sprdwl_rx_rsp_process ctx_id 0 recv rsp[WIFI_CMD_TX_DATA] status[SPRDWL_CMD_STATUS_ERROR]
04-02 09:46:48.978 E/dangbei111( 1051): cccccc 准备开始进行 startScanInner
04-02 09:46:48.978 E/dangbei111( 1051): cccccc 小于10s 由于之前已经开始扫描了 不在开启新的扫描 
01-01 08:01:49.543 E/sprdwl  (  949): sprdwl_rx_rsp_process ctx_id 0 recv rsp[WIFI_CMD_TX_DATA] status[SPRDWL_CMD_STATUS_ERROR]
04-02 09:46:48.980 W/IorapForwardingService(  479): No service published for: iorapd
01-01 08:01:49.559 E/sprdwl  (  949): sprdwl_rx_rsp_process ctx_id 0 recv rsp[WIFI_CMD_TX_DATA] status[SPRDWL_CMD_STATUS_ERROR]
01-01 08:01:49.574 E/sprdwl  (  949): sprdwl_rx_rsp_process ctx_id 0 recv rsp[WIFI_CMD_TX_DATA] status[SPRDWL_CMD_STATUS_ERROR]
01-01 08:01:49.588 E/sprdwl  (  949): sprdwl_rx_rsp_process ctx_id 0 recv rsp[WIFI_CMD_TX_DATA] status[SPRDWL_CMD_STATUS_ERROR]
01-01 08:01:49.604 E/sprdwl  (  949): sprdwl_rx_rsp_process ctx_id 0 recv rsp[WIFI_CMD_TX_DATA] status[SPRDWL_CMD_STATUS_ERROR]
01-01 08:01:49.620 E/sprdwl  (  949): sprdwl_rx_rsp_process ctx_id 0 recv rsp[WIFI_CMD_TX_DATA] status[SPRDWL_CMD_STATUS_ERROR]
01-01 08:01:49.635 E/sprdwl  (  949): sprdwl_rx_rsp_process ctx_id 0 recv rsp[WIFI_CMD_TX_DATA] status[SPRDWL_CMD_STATUS_ERROR]
01-01 08:01:49.649 E/sprdwl  (  949): sprdwl_rx_rsp_process ctx_id 0 recv rsp[WIFI_CMD_TX_DATA] status[SPRDWL_CMD_STATUS_ERROR]
01-01 08:01:49.664 E/sprdwl  (  949): sprdwl_rx_rsp_process ctx_id 0 recv rsp[WIFI_CMD_TX_DATA] status[SPRDWL_CMD_STATUS_ERROR]
01-01 08:01:49.680 E/sprdwl  (  949): sprdwl_rx_rsp_process ctx_id 0 recv rsp[WIFI_CMD_TX_DATA] status[SPRDWL_CMD_STATUS_ERROR]
01-01 08:01:49.695 E/sprdwl  (  949): sprdwl_rx_rsp_process ctx_id 0 recv rsp[WIFI_CMD_TX_DATA] status[SPRDWL_CMD_STATUS_ERROR]
01-01 08:01:49.710 E/sprdwl  (  949): sprdwl_rx_rsp_process ctx_id 0 recv rsp[WIFI_CMD_TX_DATA] status[SPRDWL_CMD_STATUS_ERROR]
01-01 08:01:49.724 E/sprdwl  (  949): sprdwl_rx_rsp_process ctx_id 0 recv rsp[WIFI_CMD_TX_DATA] status[SPRDWL_CMD_STATUS_ERROR]
01-01 08:01:49.740 E/sprdwl  (  949): sprdwl_rx_rsp_process ctx_id 0 recv rsp[WIFI_CMD_TX_DATA] status[SPRDWL_CMD_STATUS_ERROR]
04-02 09:46:49.257 E/GuardService( 2975): killMyselfRunnable: 
04-02 09:46:49.257 I/crashsdk( 2975): android_os_Process_sendSignal. PID: 2975 SIG: 9
04-02 09:46:49.257 I/crashsdk( 2975): onKillProcess. SIG: 9
04-02 09:46:49.261 I/crashsdk( 2975): Kill PID: 2975 (com.dangbei.screencast:bg_guard) by pid: 2975 (com.dangbei.screencast:bg_guard) tid: 2975 (main)
04-02 09:46:49.261 I/crashsdk( 2975): SIG: 9, fg: false, exiting: false, main process: false, time: 20260402094649
04-02 09:46:49.261 I/crashsdk( 2975): State in disk: 'b'
04-02 09:46:49.261 I/crashsdk( 2975):   at android.os.Process.sendSignal(Native Method)
04-02 09:46:49.261 I/crashsdk( 2975):   at android.os.Process.killProcess(Process.java:1153)
04-02 09:46:49.261 I/crashsdk( 2975):   at com.dangbei.screencast.startup.GuardService$a.run(:2)
04-02 09:46:49.261 I/crashsdk( 2975):   at android.os.Handler.handleCallback(Handler.java:938)
04-02 09:46:49.261 I/crashsdk( 2975):   at android.os.Handler.dispatchMessage(Handler.java:99)
04-02 09:46:49.261 I/crashsdk( 2975):   at android.os.Looper.loopOnce(Looper.java:201)
04-02 09:46:49.261 I/crashsdk( 2975):   at android.os.Looper.loop(Looper.java:288)
04-02 09:46:49.261 I/crashsdk( 2975):   at android.app.ActivityThread.main(ActivityThread.java:7854)
04-02 09:46:49.261 I/crashsdk( 2975):   at java.lang.reflect.Method.invoke(Native Method)
04-02 09:46:49.261 I/crashsdk( 2975):   at com.android.internal.os.RuntimeInit$MethodAndArgsCaller.run(RuntimeInit.java:548)
04-02 09:46:49.261 I/crashsdk( 2975):   at com.android.internal.os.ZygoteInit.main(ZygoteInit.java:1182)
04-02 09:46:49.262 I/Process ( 2975): Sending signal. PID: 2975 SIG: 9
04-02 09:46:49.313 W/efs.send_log( 3092): tryFileLock sendlock sucess! processname: com.dangbei.screencast
04-02 09:46:49.315 I/Zygote  (  244): Process 2975 exited due to signal 9 (Killed)
04-02 09:46:49.316 I/libprocessgroup(  479): Successfully killed process cgroup uid 10027 pid 2975 in 0ms
04-02 09:46:49.317 I/ActivityManager(  479): Process com.dangbei.screencast:bg_guard (pid 2975) has died: prcp FGS 
01-01 08:01:49.891 I/init    (    1): Untracked pid 3058 exited with status 0
01-01 08:01:50.143 W/hdr10p_Configure(  378): 58 callbacks suppressed
01-01 08:01:50.143 I/        (  378): DVI mode selected: packets not configured
01-01 08:01:50.156 W/set_vsif_config(  378): 58 callbacks suppressed
01-01 08:01:50.156 I/        (  378): Error: set vsif failed
04-02 09:46:49.592 E/WifiHAL (  667): wifi_get_link_stats: requestResponse Error:-5
04-02 09:46:49.593 E/WifiVendorHal(  479): getWifiLinkLayerStats_1_5_Internal(l.1191) failed {.code = ERROR_INVALID_ARGS, .description = }
01-01 08:01:50.184 I/        (  378): DVI mode selected: packets not configured
01-01 08:01:50.191 I/        (  378): Error: set vsif failed
01-01 08:01:50.202 I/        (  378): DVI mode selected: packets not configured
01-01 08:01:50.208 I/        (  378): Error: set vsif failed
01-01 08:01:50.235 I/        (  378): DVI mode selected: packets not configured
01-01 08:01:50.241 I/        (  378): Error: set vsif failed
01-01 08:01:50.268 I/        (  378): DVI mode selected: packets not configured
01-01 08:01:50.274 I/        (  378): Error: set vsif failed
01-01 08:01:50.301 I/        (  378): DVI mode selected: packets not configured
01-01 08:01:50.307 I/        (  378): Error: set vsif failed
04-02 09:46:49.751 I/awei.connectio( 3269): Background concurrent copying GC freed 84718(6228KB) AllocSpace objects, 25(500KB) LOS objects, 49% free, 3904KB/7809KB, paused 245us total 127.618ms
01-01 08:01:50.317 I/        (  378): DVI mode selected: packets not configured
01-01 08:01:50.324 I/        (  378): Error: set vsif failed
01-01 08:01:50.334 I/        (  378): DVI mode selected: packets not configured
01-01 08:01:50.340 I/        (  378): Error: set vsif failed
01-01 08:01:50.350 I/        (  378): DVI mode selected: packets not configured
01-01 08:01:50.357 I/        (  378): Error: set vsif failed
01-01 08:01:50.368 I/        (  378): DVI mode selected: packets not configured
01-01 08:01:50.374 I/        (  378): Error: set vsif failed
04-02 09:46:49.837 I/bt_stack(  673): [INFO:btsnoop.cc(338)] clear_l2cap_allowlist: Clearing acceptlist from l2cap channel. conn_handle=16 cid=4:4
04-02 09:46:49.837 I/bt_stack(  673): [INFO:eatt_impl.h(578)] supported_features_cb c9:b5:96:5c:e3:ed is_eatt_supported = 0
04-02 09:46:49.837 I/bluetooth(  673): system/bt/stack/gap/gap_ble.cc:298 client_connect_cback: No active GAP service found for peer:xx:xx:xx:xx:e3:ed callback:Disconnected
04-02 09:46:49.837 I/bt_bta_gattc(  673): system/bt/bta/gatt/bta_gattc_act.cc:1115 bta_gattc_conn_cback: Disconnected att_id:3 transport:le reason:GATT_CONN_TIMEOUT
04-02 09:46:49.837 I/bt_bta_gattc(  673): system/bt/bta/gatt/bta_gattc_act.cc:1115 bta_gattc_conn_cback: Disconnected att_id:4 transport:le reason:GATT_CONN_TIMEOUT
04-02 09:46:49.837 I/bt_bta_gattc(  673): system/bt/bta/gatt/bta_gattc_act.cc:1115 bta_gattc_conn_cback: Disconnected att_id:5 transport:le reason:GATT_CONN_TIMEOUT
04-02 09:46:49.838 I/bt_bta_gattc(  673): system/bt/bta/gatt/bta_gattc_act.cc:1115 bta_gattc_conn_cback: Disconnected att_id:6 transport:le reason:GATT_CONN_TIMEOUT
04-02 09:46:49.838 W/bt_btm_sec(  673): system/bt/stack/btm/btm_sec.cc:3685 btm_sec_disconnected: Got uncommon disconnection reason:Connection Timeout handle:0x0010
04-02 09:46:49.838 E/bt_bta_hh(  673): system/bt/bta/hh/bta_hh_le.cc:999 bta_hh_security_cmpl: Encryption failed status:BTA_HH_ERR_SEC btm_status:BTM_ERR_PROCESSING BLE mac:c9:b5:96:5c:e3:ed
04-02 09:46:49.838 I/btif_av (  673): system/bt/btif/src/btif_av.cc:3352 btif_av_acl_disconnected: btif_av_acl_disconnected: Peer c9:b5:96:5c:e3:ed : ACL Disconnected
04-02 09:46:49.838 I/btif_av (  673): system/bt/btif/src/btif_av.cc:1078 FindOrCreatePeer: BtifAvPeer *BtifAvSource::FindOrCreatePeer(const RawAddress &, tBTA_AV_HNDL): Create peer: peer_address=c9:b5:96:5c:e3:ed bta_handle=0x41 peer_id=0
04-02 09:46:49.838 I/btif_av (  673): system/bt/btif/src/btif_av.cc:3279 btif_av_get_peer_sep: No active sink or source peer found
04-02 09:46:49.838 I/bt_btif_a2dp_source(  673): system/bt/btif/src/btif_a2dp_source.cc:691 btif_a2dp_source_on_idle: btif_a2dp_source_on_idle: state=STATE_OFF
04-02 09:46:49.838 I/btif_av (  673): system/bt/btif/src/btif_av.cc:3279 btif_av_get_peer_sep: No active sink or source peer found
04-02 09:46:49.838 I/bt_btif_a2dp_source(  673): system/bt/btif/src/btif_a2dp_source.cc:691 btif_a2dp_source_on_idle: btif_a2dp_source_on_idle: state=STATE_OFF
04-02 09:46:49.838 I/btif_av (  673): system/bt/btif/src/btif_av.cc:1123 DeleteIdlePeers: DeleteIdlePeers: Deleting idle peer: c9:b5:96:5c:e3:ed bta_handle=0x41
04-02 09:46:49.838 E/bt_upio (  250): upio_set : /proc/bluetooth/sleep/btwrite(-1) incorrent
04-02 09:46:49.840 D/BluetoothGatt( 1051): onClientConnectionState() - status=0 clientIf=6 device=C9:B5:96:5C:E3:ED
04-02 09:46:49.847 W/bt_btif (  673): system/bt/main/bte_logmsg.cc:194 LogMsg: btif_hh_upstreams_evt: BTA_HH_OPN_EVT: handle=16, status =6
04-02 09:46:49.848 W/BluetoothHidHostService(  673): no state change: 0
04-02 09:46:49.855 I/dangbei111( 1051): cccccc on receiver=android.bluetooth.device.action.ACL_DISCONNECTED,mac=C9:B5:96:5C:E3:ED
01-01 08:01:50.471 E/sprdwl  (  949): sprdwl_rx_rsp_process ctx_id 0 recv rsp[WIFI_CMD_TX_DATA] status[SPRDWL_CMD_STATUS_ERROR]
01-01 08:01:50.484 E/sprdwl  (  949): sprdwl_rx_rsp_process ctx_id 0 recv rsp[WIFI_CMD_TX_DATA] status[SPRDWL_CMD_STATUS_ERROR]
01-01 08:01:50.497 E/sprdwl  (  949): sprdwl_rx_rsp_process ctx_id 0 recv rsp[WIFI_CMD_TX_DATA] status[SPRDWL_CMD_STATUS_ERROR]
01-01 08:01:50.511 E/sprdwl  (  949): sprdwl_rx_rsp_process ctx_id 0 recv rsp[WIFI_CMD_TX_DATA] status[SPRDWL_CMD_STATUS_ERROR]
04-02 09:46:49.971 I/bluetooth(  673): system/bt/stack/gatt/connection_manager.cc:185 on_connection_complete: Le connection completed to device:c9:b5:96:5c:e3:ed
04-02 09:46:49.971 I/bt_btm_ble(  673): system/bt/stack/btm/btm_ble.cc:1699 btm_ble_connected: Updating device record timestamp for existing ble connection
01-01 08:01:50.524 E/sprdwl  (  949): sprdwl_rx_rsp_process ctx_id 0 recv rsp[WIFI_CMD_TX_DATA] status[SPRDWL_CMD_STATUS_ERROR]
01-01 08:01:50.538 E/sprdwl  (  949): sprdwl_rx_rsp_process ctx_id 0 recv rsp[WIFI_CMD_TX_DATA] status[SPRDWL_CMD_STATUS_ERROR]
01-01 08:01:50.550 E/sprdwl  (  949): sprdwl_rx_rsp_process ctx_id 0 recv rsp[WIFI_CMD_TX_DATA] status[SPRDWL_CMD_STATUS_ERROR]
04-02 09:46:49.980 W/IorapForwardingService(  479): No service published for: iorapd
01-01 08:01:50.564 E/sprdwl  (  949): sprdwl_rx_rsp_process ctx_id 0 recv rsp[WIFI_CMD_TX_DATA] status[SPRDWL_CMD_STATUS_ERROR]
01-01 08:01:50.577 E/sprdwl  (  949): sprdwl_rx_rsp_process ctx_id 0 recv rsp[WIFI_CMD_TX_DATA] status[SPRDWL_CMD_STATUS_ERROR]
01-01 08:01:50.595 E/sprdwl  (  949): sprdwl_rx_rsp_process ctx_id 0 recv rsp[WIFI_CMD_TX_DATA] status[SPRDWL_CMD_STATUS_ERROR]
01-01 08:01:50.612 E/sprdwl  (  949): sprdwl_rx_rsp_process ctx_id 0 recv rsp[WIFI_CMD_TX_DATA] status[SPRDWL_CMD_STATUS_ERROR]
01-01 08:01:50.631 E/sprdwl  (  949): sprdwl_rx_rsp_process ctx_id 0 recv rsp[WIFI_CMD_TX_DATA] status[SPRDWL_CMD_STATUS_ERROR]
04-02 09:46:50.076 I/bt_stack(  673): [INFO:gatt_attr.cc(880)] gatt_sr_init_cl_status: bda=c9:b5:96:5c:e3:ed, cl_supp_feat=0000, aware=1
04-02 09:46:50.076 I/bluetooth(  673): system/bt/stack/gap/gap_ble.cc:298 client_connect_cback: No active GAP service found for peer:xx:xx:xx:xx:e3:ed callback:Connected
04-02 09:46:50.076 I/bt_bta_gattc(  673): system/bt/bta/gatt/bta_gattc_act.cc:1110 bta_gattc_conn_cback: Connected att_id:3 transport:le reason:GATT_CONN_OK
04-02 09:46:50.076 I/bt_bta_gattc(  673): system/bt/bta/gatt/bta_gattc_act.cc:1110 bta_gattc_conn_cback: Connected att_id:4 transport:le reason:GATT_CONN_OK
04-02 09:46:50.076 I/bt_bta_gattc(  673): system/bt/bta/gatt/bta_gattc_act.cc:1110 bta_gattc_conn_cback: Connected att_id:5 transport:le reason:GATT_CONN_OK
04-02 09:46:50.076 I/bt_bta_gattc(  673): system/bt/bta/gatt/bta_gattc_act.cc:1110 bta_gattc_conn_cback: Connected att_id:6 transport:le reason:GATT_CONN_OK
04-02 09:46:50.076 I/bluetooth(  673): system/bt/stack/gatt/connection_manager.cc:185 on_connection_complete: Le connection completed to device:c9:b5:96:5c:e3:ed
04-02 09:46:50.076 I/bt_stack(  673): [INFO:eatt_impl.h(634)] connect device c9:b5:96:5c:e3:ed rolecentral
04-02 09:46:50.077 I/bt_btif_dm(  673): system/bt/btif/src/btif_dm.cc:497 btif_update_remote_version_property: Remote version info valid:true [xx:xx:xx:xx:e3:ed]: 8, 50e, 8
04-02 09:46:50.093 D/BluetoothGatt( 1051): onClientConnectionState() - status=0 clientIf=6 device=C9:B5:96:5C:E3:ED
04-02 09:46:50.093 D/BluetoothGatt( 1051): discoverServices() - device: C9:B5:96:5C:E3:ED
04-02 09:46:50.093 W/bt_btm  (  673): system/bt/main/bte_logmsg.cc:194 LogMsg: Security Manager: BTM_SetEncryption busy, enqueue request
01-01 08:01:50.648 E/sprdwl  (  949): sprdwl_rx_rsp_process ctx_id 0 recv rsp[WIFI_CMD_TX_DATA] status[SPRDWL_CMD_STATUS_ERROR]
01-01 08:01:50.662 E/sprdwl  (  949): sprdwl_rx_rsp_process ctx_id 0 recv rsp[WIFI_CMD_TX_DATA] status[SPRDWL_CMD_STATUS_ERROR]
04-02 09:46:50.100 I/bt_bta_gattc(  673): system/bt/bta/gatt/bta_gattc_cache.cc:902 bta_gattc_get_gatt_db: bta_gattc_get_gatt_db
04-02 09:46:50.100 E/BluetoothPhonePolicy(  673): Received unexpected intent, action=android.bluetooth.device.action.ACL_CONNECTED
04-02 09:46:50.100 I/BluetoothPhonePolicy(  673): processDeviceConnected, device=C9:B5:96:5C:E3:ED
04-02 09:46:50.101 D/BluetoothDatabase(  673): setConnection: device=C9:B5:96:5C:E3:ED and isA2dpDevice=false
04-02 09:46:50.101 D/BluetoothDatabase(  673): Updating last connected time for device: C9:B5:96:5C:E3:ED to 10
04-02 09:46:50.101 D/BluetoothDatabase(  673): updateDatabase C9:B5:96:5C:E3:ED
04-02 09:46:50.103 D/BluetoothGatt( 1051): onSearchComplete() = Device=C9:B5:96:5C:E3:ED Status=0
04-02 09:46:50.106 I/bt_stack(  673): [INFO:eatt_impl.h(578)] supported_features_cb c9:b5:96:5c:e3:ed is_eatt_supported = 0
01-01 08:01:50.677 E/sprdwl  (  949): sprdwl_rx_rsp_process ctx_id 0 recv rsp[WIFI_CMD_TX_DATA] status[SPRDWL_CMD_STATUS_ERROR]
01-01 08:01:50.692 E/sprdwl  (  949): sprdwl_rx_rsp_process ctx_id 0 recv rsp[WIFI_CMD_TX_DATA] status[SPRDWL_CMD_STATUS_ERROR]
04-02 09:46:50.119 I/dangbei111( 1051): cccccc on receiver=android.bluetooth.device.action.ACL_CONNECTED,mac=C9:B5:96:5C:E3:ED
04-02 09:46:50.119 I/dangbei111( 1051): cccccc 收到 ACTION_ACL_CONNECTED 的广播
04-02 09:46:50.120 E/dangbei111( 1051): 5s后准备进行遥控器ota信息检测
01-01 08:01:50.709 E/sprdwl  (  949): sprdwl_rx_rsp_process ctx_id 0 recv rsp[WIFI_CMD_TX_DATA] status[SPRDWL_CMD_STATUS_ERROR]
01-01 08:01:50.722 E/sprdwl  (  949): sprdwl_rx_rsp_process ctx_id 0 recv rsp[WIFI_CMD_TX_DATA] status[SPRDWL_CMD_STATUS_ERROR]
01-01 08:01:50.739 E/sprdwl  (  949): sprdwl_rx_rsp_process ctx_id 0 recv rsp[WIFI_CMD_TX_DATA] status[SPRDWL_CMD_STATUS_ERROR]
01-01 08:01:50.756 E/sprdwl  (  949): sprdwl_rx_rsp_process ctx_id 0 recv rsp[WIFI_CMD_TX_DATA] status[SPRDWL_CMD_STATUS_ERROR]
01-01 08:01:50.769 E/sprdwl  (  949): sprdwl_rx_rsp_process ctx_id 0 recv rsp[WIFI_CMD_TX_DATA] status[SPRDWL_CMD_STATUS_ERROR]
01-01 08:01:50.787 E/sprdwl  (  949): sprdwl_rx_rsp_process ctx_id 0 recv rsp[WIFI_CMD_TX_DATA] status[SPRDWL_CMD_STATUS_ERROR]
01-01 08:01:50.806 E/sprdwl  (  949): sprdwl_rx_rsp_process ctx_id 0 recv rsp[WIFI_CMD_TX_DATA] status[SPRDWL_CMD_STATUS_ERROR]
01-01 08:01:50.820 E/sprdwl  (  949): sprdwl_rx_rsp_process ctx_id 0 recv rsp[WIFI_CMD_TX_DATA] status[SPRDWL_CMD_STATUS_ERROR]
01-01 08:01:50.837 E/sprdwl  (  949): sprdwl_rx_rsp_process ctx_id 0 recv rsp[WIFI_CMD_TX_DATA] status[SPRDWL_CMD_STATUS_ERROR]
