03-31 16:35:57.532 D/XM_HIDREAD(  317): add@ add@/devices/platform/soc@3000000/5200400.ohci1-controller/usb6
03-31 16:35:57.534 E/WifiHAL (  667): wifi_get_link_stats: requestResponse Error:-5
03-31 16:35:57.536 E/WifiVendorHal(  479): getWifiLinkLayerStats_1_5_Internal(l.1191) failed {.code = ERROR_INVALID_ARGS, .description = }
03-31 16:35:57.539 D/XM_HIDREAD(  317): add@ add@/devices/platform/soc@3000000/5200400.ohci1-controller/usb6/6-0:1.0
01-01 08:00:27.374 I/hub 6-0 (  164): 1.0: USB hub found
01-01 08:00:27.384 I/hub 6-0 (  164): 1.0: 1 port detected
03-31 16:35:57.557 W/KernelCpuProcStringReader(  479): File not found. It's normal if not implemented: /proc/uid_time_in_state
03-31 16:35:57.558 W/KernelCpuProcStringReader(  479): File not found. It's normal if not implemented: /proc/uid_concurrent_active_time
03-31 16:35:57.558 W/KernelCpuProcStringReader(  479): File not found. It's normal if not implemented: /proc/uid_concurrent_policy_time
03-31 16:35:57.559 E/KernelCpuSpeedReader(  479): Failed to read cpu-freq: /sys/devices/system/cpu/cpu0/cpufreq/stats/time_in_state: open failed: ENOENT (No such file or directory)
03-31 16:35:57.559 E/system_server(  479): Cannot read thread CPU times for PID 479
03-31 16:35:57.566 E/ccc     ( 1051): cccccc etna EtnaApplication init com.dangbei.lerad.etna.haqu.EtnaApplication@a2a35d6
01-01 08:00:27.393 W/        (  164): sunxi ohci2-controller don't init wakeup source
01-01 08:00:27.401 W/[sunxi-ohci2](  164): probe, pdev->name: 5310400.ohci2-controller, sunxi_ohci: 0xffffffc008f820f8
01-01 08:00:27.414 I/sunxi-ohci 5310400.ohci2-controller(  164): OHCI Host Controller
03-31 16:35:57.573 D/XM_HIDREAD(  317): add@ add@/devices/virtual/devlink/regulator.8--5310400.ohci2-controller
03-31 16:35:57.588 I/bt_core_module(  673): system/bt/btcore/src/module.cc:90 module_start_up: module_start_up Started module "controller_module"
03-31 16:35:57.591 I/adbd    (  397): jdwp connection from 1170
01-01 08:00:27.422 I/sunxi-ohci 5310400.ohci2-controller(  164): new USB bus registered, assigned bus number 7
03-31 16:35:57.593 I/bt_btm_pm(  673): system/bt/stack/acl/btm_pm.cc:392 btm_pm_reset: reset pm
03-31 16:35:57.603 I/btm_acl (  673): system/bt/stack/acl/btm_acl.cc:654 check_link_policy: hold not supported (settings: 0x000d)
03-31 16:35:57.603 I/btm_acl (  673): system/bt/stack/acl/btm_acl.cc:664 check_link_policy: park not supported (settings: 0x0005)
03-31 16:35:57.603 I/bt_btm_sec(  673): system/bt/stack/btm/btm_sec.cc:226 BTM_SecRegister: BTM_SecRegister p_cb_info->p_le_callback == 0x0xbdc95951
03-31 16:35:57.603 I/bt_btm_sec(  673): system/bt/stack/btm/btm_sec.cc:241 BTM_SecRegister: BTM_SecRegister btm_cb.api.p_le_callback = 0x0xbdc95951 
03-31 16:35:57.605 I/MMKV    ( 1051): Disable checkProcessMode()
01-01 08:00:27.433 E/debugfs (  164): Directory 'sunxi-ohci' with parent 'ohci' already present!
01-01 08:00:27.442 I/sunxi-ohci 5310400.ohci2-controller(  164): irq 55, io mem 0x05310400
03-31 16:35:57.610 I/bluetooth(  673): system/bt/stack/gatt/gatt_api.cc:1019 GATT_Register: Allocated name:GattClient uuid:f40e0737-0c16-d2f5-0dc4-4ef674aa0bc0 gatt_if:3 eatt_support:0
03-31 16:35:57.642 I/bt_stack(  673): [INFO:ble_advertiser_hci_interface.cc(767)] Extended advertising will be in use
03-31 16:35:57.644 E/bt_btif_storage(  673): system/bt/btif/src/btif_storage.cc:632 btif_storage_get_adapter_property: btif_storage_get_adapter_property: Controller ready!
03-31 16:35:57.644 I/bt_btif_storage(  673): system/bt/btif/src/btif_storage.cc:661 btif_storage_get_adapter_property: btif_storage_get_adapter_property service_mask:0x20000000
03-31 16:35:57.645 I/bt_stack(  673): [INFO:btif_bqr.cc(229)] EnableBtQualityReport: is_enable: true
03-31 16:35:57.645 W/bt_stack(  673): [WARNING:btif_bqr.cc(237)] EnableBtQualityReport: Bluetooth Quality Report is disabled. bqr_prop_evtmask: , bqr_prop_interval_ms: 
03-31 16:35:57.645 I/MMKV    ( 1051): <native-bridge.cpp:103::JNI_OnLoad> current API level = 31
03-31 16:35:57.645 I/MMKV    ( 1051): <MMKV.cpp:156::initialize> version v1.2.8 page size:4096
03-31 16:35:57.646 I/bt_osi_thread(  673): system/bt/osi/src/thread.cc:209 run_thread: run_thread: thread id 1194, thread name btif_sock started
03-31 16:35:57.647 I/MMKV    ( 1051): <MMKV.cpp:198::initializeMMKV> root dir: /data/user/0/com.dangbei.lerad.etna.haqu/files/mmkv
03-31 16:35:57.647 I/bt_bte_conf(  673): system/bt/main/bte_conf.cc:84 bte_load_did_conf: Device ID record 1 : primary
03-31 16:35:57.647 I/bt_bte_conf(  673): system/bt/main/bte_conf.cc:85 bte_load_did_conf:   vendorId            = 00e0
03-31 16:35:57.647 I/bt_bte_conf(  673): system/bt/main/bte_conf.cc:86 bte_load_did_conf:   vendorIdSource      = 0001
03-31 16:35:57.647 I/bt_bte_conf(  673): system/bt/main/bte_conf.cc:87 bte_load_did_conf:   product             = 1200
03-31 16:35:57.647 I/bt_bte_conf(  673): system/bt/main/bte_conf.cc:88 bte_load_did_conf:   version             = 1436
03-31 16:35:57.647 I/bt_bte_conf(  673): system/bt/main/bte_conf.cc:89 bte_load_did_conf:   clientExecutableURL = 
03-31 16:35:57.647 I/bt_bte_conf(  673): system/bt/main/bte_conf.cc:90 bte_load_did_conf:   serviceDescription  = 
03-31 16:35:57.647 I/bt_bte_conf(  673): system/bt/main/bte_conf.cc:91 bte_load_did_conf:   documentationURL    = 
03-31 16:35:57.647 I/bt_bta_dm(  673): system/bt/bta/dm/bta_dm_act.cc:3191 bta_dm_eir_update_uuid: EIR Adding UUID=0x1200 into extended inquiry response
03-31 16:35:57.647 I/bt_bta_dm(  673): system/bt/bta/dm/bta_dm_act.cc:2890 bta_dm_set_eir: Generating extended inquiry response packet EIR
03-31 16:35:57.647 I/bt_bte_conf(  673): system/bt/main/bte_conf.cc:47 bte_load_did_conf: bte_load_did_conf no section named DID2.
03-31 16:35:57.648 I/bt_btif_core(  673): system/bt/btif/src/btif_core.cc:312 btif_enable_bluetooth_evt: Bluetooth enable event completed
03-31 16:35:57.648 I/bt_bta_dm(  673): system/bt/bta/dm/bta_dm_act.cc:2890 bta_dm_set_eir: Generating extended inquiry response packet EIR
03-31 16:35:57.648 E/bt_btm  (  673): system/bt/main/bte_logmsg.cc:191 LogMsg: btm_ble_resolving_list_load_dev: Device already in Resolving list
03-31 16:35:57.648 I/bt_stack_manager(  673): system/bt/btif/src/stack_manager.cc:311 event_start_up_stack: event_start_up_stack finished
03-31 16:35:57.648 D/AdapterProperties(  673): BT_PROPERTY_LOCAL_LE_FEATURES: update from BT controller mNumOfAdvertisementInstancesSupported = 0 mRpaOffloadSupported = false mNumOfOffloadedIrkSupported = 0 mNumOfOffloadedScanFilterSupported = 0 mOffloadedScanResultStorageBytes= 0 mIsActivityAndEnergyReporting = false mVersSupported = 0 mTotNumOfTrackableAdv = 0 mIsExtendedScanSupported = false mIsDebugLogSupported = false mIsLe2MPhySupported = true mIsLeCodedPhySupported = true mIsLeExtendedAdvertisingSupported = true mIsLePeriodicAdvertisingSupported = true mLeMaximumAdvertisingDataLength = 1650 mDynamicAudioBufferSizeSupportedCodecsGroup1 = 0 mDynamicAudioBufferSizeSupportedCodecsGroup2 = 0
03-31 16:35:57.664 D/BluetoothManagerService(  479): Bluetooth Adapter address changed to B4:2F:03:15:6F:44
03-31 16:35:57.665 D/BluetoothManagerService(  479): Stored Bluetoothaddress: B4:2F:03:15:6F:44
03-31 16:35:57.669 D/CompatibilityChangeReporter(  479): Compat change id reported: 168419799; UID 1000; state: DISABLED
01-01 08:00:27.512 I/usb7    (  164): New USB device found, idVendor=1d6b, idProduct=0001, bcdDevice= 5.04
01-01 08:00:27.522 I/usb7    (  164): New USB device strings: Mfr=3, Product=2, SerialNumber=1
03-31 16:35:57.692 D/BluetoothManagerService(  479): Bluetooth Adapter name changed to DBBOX-A2 by android
03-31 16:35:57.693 D/BluetoothManagerService(  479): Stored Bluetooth name: DBBOX-A2
03-31 16:35:57.694 D/AdapterProperties(  673): Name is: DBBOX-A2
01-01 08:00:27.532 I/usb7    (  164): Product: OHCI Host Controller
01-01 08:00:27.538 I/usb7    (  164): Manufacturer: Linux 5.4.125+ ohci_hcd
03-31 16:35:57.699 D/AdapterProperties(  673): Scan Mode:20
03-31 16:35:57.700 D/AdapterProperties(  673): Discoverable Timeout:120
03-31 16:35:57.700 I/FrameWorkHelper( 1095): userHttps: 
03-31 16:35:57.704 D/AdapterProperties(  673): Adding bonded device:C9:B5:96:5C:E3:ED
01-01 08:00:27.546 I/usb7    (  164): SerialNumber: sunxi-ohci
03-31 16:35:57.714 D/XM_HIDREAD(  317): add@ add@/devices/platform/soc@3000000/5310400.ohci2-controller/usb7
03-31 16:35:57.715 D/XM_HIDREAD(  317): add@ add@/devices/platform/soc@3000000/5310400.ohci2-controller/usb7/7-0:1.0
01-01 08:00:27.555 I/hub 7-0 (  164): 1.0: USB hub found
01-01 08:00:27.561 I/hub 7-0 (  164): 1.0: 1 port detected
01-01 08:00:27.575 W/        (  164): sunxi ohci3-controller don't init wakeup source
01-01 08:00:27.585 W/[sunxi-ohci3](  164): probe, pdev->name: 5311400.ohci3-controller, sunxi_ohci: 0xffffffc008f827b8
03-31 16:35:57.757 I/AdapterState(  673): BLE_ON : entered 
03-31 16:35:57.757 D/AdapterProperties(  673): Setting state to BLE_ON
03-31 16:35:57.758 D/XM_HIDREAD(  317): add@ add@/devices/virtual/devlink/regulator.8--5311400.ohci3-controller
01-01 08:00:27.599 I/sunxi-ohci 5311400.ohci3-controller(  164): OHCI Host Controller
01-01 08:00:27.607 I/sunxi-ohci 5311400.ohci3-controller(  164): new USB bus registered, assigned bus number 8
03-31 16:35:57.770 D/BluetoothAdapterService(  673): updateAdapterState() - Broadcasting state BLE_ON to 1 receivers.
03-31 16:35:57.776 D/BluetoothManagerService(  479): MESSAGE_BLUETOOTH_STATE_CHANGE: BLE_TURNING_ON > BLE_ON
03-31 16:35:57.776 D/BluetoothManagerService(  479): Bluetooth is in LE only mode
03-31 16:35:57.777 D/BluetoothManagerService(  479): Binding Bluetooth GATT service
01-01 08:00:27.618 E/debugfs (  164): Directory 'sunxi-ohci' with parent 'ohci' already present!
01-01 08:00:27.627 I/sunxi-ohci 5311400.ohci3-controller(  164): irq 57, io mem 0x05311400
03-31 16:35:57.790 E/hq      ( 1095): USBReceiver:::USBReceiver onReceive: list=1
03-31 16:35:57.797 D/hq      ( 1095): NetWorkStateReceiver:::检查网络，并且持续更新 isConnect=false
03-31 16:35:57.808 D/BluetoothManagerService(  479): Sending BLE State Change: BLE_TURNING_ON > BLE_ON
03-31 16:35:57.809 D/BluetoothManagerService(  479): BluetoothServiceConnection: com.android.bluetooth.gatt.GattService
03-31 16:35:57.811 D/BluetoothManagerService(  479): MESSAGE_BLUETOOTH_SERVICE_CONNECTED: 2
03-31 16:35:57.811 D/BluetoothManagerService(  479): continueFromBleOnState()
03-31 16:35:57.815 E/DispatcherManager( 1095): publishMode=DBBOX-A2    piDispatcher=com.dangbei.launcher.dispatcher.function.BOXAXDispatcher@ca2961a
03-31 16:35:57.822 D/CompatibilityChangeReporter( 1170): Compat change id reported: 171979766; UID 1000; state: ENABLED
03-31 16:35:57.826 I/AdapterState(  673): TURNING_ON : entered 
03-31 16:35:57.826 D/AdapterProperties(  673): Setting state to TURNING_ON
03-31 16:35:57.827 D/BluetoothAdapterService(  673): updateAdapterState() - Broadcasting state TURNING_ON to 1 receivers.
03-31 16:35:57.828 D/BluetoothAdapterService(  673): startCoreServices()
03-31 16:35:57.830 D/BluetoothManagerService(  479): Persisting Bluetooth Setting: 1
03-31 16:35:57.831 D/BluetoothManagerService(  479): MESSAGE_BLUETOOTH_STATE_CHANGE: BLE_ON > TURNING_ON
03-31 16:35:57.831 D/BluetoothManagerService(  479): Sending BLE State Change: BLE_ON > TURNING_ON
03-31 16:35:57.837 D/CompatibilityChangeReporter(  479): Compat change id reported: 168419799; UID 1002; state: DISABLED
03-31 16:35:57.842 I/HeadsetService(  673): create()
03-31 16:35:57.847 E/ccc     ( 1051): cccccc ota-path is cache/recovery/
03-31 16:35:57.853 W/ContextImpl( 1051): Calling a method in the system process without a qualified user: android.app.ContextImpl.startService:1816 android.content.ContextWrapper.startService:774 com.dangbei.lerad.etna.core.EtnaManager.startService:64 com.dangbei.lerad.etna.core.EtnaManager.init:39 com.dangbei.lerad.etna.haqu.EtnaApplication.init:89 
03-31 16:35:57.856 D/BluetoothManagerService(  479): Sending State Change: OFF > TURNING_ON
03-31 16:35:57.868 I/HeadsetService(  673): start()
01-01 08:00:27.700 I/usb8    (  164): New USB device found, idVendor=1d6b, idProduct=0001, bcdDevice= 5.04
01-01 08:00:27.715 I/usb8    (  164): New USB device strings: Mfr=3, Product=2, SerialNumber=1
03-31 16:35:57.895 I/BluetoothHeadsetServiceJni(  673): classInitNative: succeeds
03-31 16:35:57.895 I/bt_btif (  673): system/bt/btif/src/bluetooth.cc:417 get_profile_interface: get_profile_interface: id = handsfree
03-31 16:35:57.896 I/bt_stack(  673): [INFO:btif_hf.cc(1491)] GetInterface
01-01 08:00:27.730 I/usb8    (  164): Product: OHCI Host Controller
03-31 16:35:57.898 I/bt_bta_dm(  673): system/bt/bta/dm/bta_dm_act.cc:3191 bta_dm_eir_update_uuid: EIR Adding UUID=0x1112 into extended inquiry response
03-31 16:35:57.898 I/bt_btif_storage(  673): system/bt/btif/src/btif_storage.cc:661 btif_storage_get_adapter_property: btif_storage_get_adapter_property service_mask:0x20000040
03-31 16:35:57.898 I/bt_bta_dm(  673): system/bt/bta/dm/bta_dm_act.cc:2890 bta_dm_set_eir: Generating extended inquiry response packet EIR
03-31 16:35:57.898 I/bt_bta_dm(  673): system/bt/bta/dm/bta_dm_act.cc:3191 bta_dm_eir_update_uuid: EIR Adding UUID=0x111F into extended inquiry response
03-31 16:35:57.898 I/bt_bta_dm(  673): system/bt/bta/dm/bta_dm_act.cc:2890 bta_dm_set_eir: Generating extended inquiry response packet EIR
03-31 16:35:57.898 I/bt_stack(  673): [INFO:btif_hf.cc(289)] btif_hf_upstreams_evt: AG enable/disable event 0
03-31 16:35:57.898 I/bt_stack(  673): [INFO:port_api.cc(234)] RFCOMM_CreateConnection: bd_addr=ff:ff:ff:ff:ff:ff, scn=2, is_server=1, mtu=256, uuid=0x1112, dlci=4, signal_state=0x0b, p_port=0xbe19ed64
03-31 16:35:57.898 I/bt_stack(  673): [INFO:port_api.cc(234)] RFCOMM_CreateConnection: bd_addr=ff:ff:ff:ff:ff:ff, scn=3, is_server=1, mtu=256, uuid=0x111f, dlci=6, signal_state=0x0b, p_port=0xbe19edec
03-31 16:35:57.899 I/bt_stack(  673): [INFO:port_api.cc(234)] RFCOMM_CreateConnection: bd_addr=ff:ff:ff:ff:ff:ff, scn=2, is_server=1, mtu=256, uuid=0x1112, dlci=4, signal_state=0x0b, p_port=0xbe19ee74
03-31 16:35:57.899 I/bt_stack(  673): [INFO:port_api.cc(234)] RFCOMM_CreateConnection: bd_addr=ff:ff:ff:ff:ff:ff, scn=3, is_server=1, mtu=256, uuid=0x111f, dlci=6, signal_state=0x0b, p_port=0xbe19eefc
03-31 16:35:57.902 I/A2dpService(  673): create()
01-01 08:00:27.738 I/usb8    (  164): Manufacturer: Linux 5.4.125+ ohci_hcd
01-01 08:00:27.748 I/usb8    (  164): SerialNumber: sunxi-ohci
03-31 16:35:57.915 D/BluetoothA2dp(  479): Proxy object connected
03-31 16:35:57.918 D/TheRouter::RouterInject( 1095): interception::===interface com.dangbei.leard.protocol.user.UserManagerInterface===UserManagerInterfaceImpl185300996
03-31 16:35:57.921 D/XM_HIDREAD(  317): add@ add@/devices/platform/soc@3000000/5311400.ohci3-controller/usb8
03-31 16:35:57.922 D/XM_HIDREAD(  317): add@ add@/devices/platform/soc@3000000/5311400.ohci3-controller/usb8/8-0:1.0
03-31 16:35:57.924 D/BluetoothA2dp(  479): Proxy object connected
03-31 16:35:57.924 D/BluetoothA2dp(  479): Proxy object connected
03-31 16:35:57.927 I/bt_stack(  673): [INFO:port_api.cc(234)] RFCOMM_CreateConnection: bd_addr=ff:ff:ff:ff:ff:ff, scn=2, is_server=1, mtu=256, uuid=0x1112, dlci=4, signal_state=0x0b, p_port=0xbe19ef84
03-31 16:35:57.928 I/bt_stack(  673): [INFO:port_api.cc(234)] RFCOMM_CreateConnection: bd_addr=ff:ff:ff:ff:ff:ff, scn=3, is_server=1, mtu=256, uuid=0x111f, dlci=6, signal_state=0x0b, p_port=0xbe19f00c
03-31 16:35:57.928 I/bt_stack(  673): [INFO:port_api.cc(234)] RFCOMM_CreateConnection: bd_addr=ff:ff:ff:ff:ff:ff, scn=2, is_server=1, mtu=256, uuid=0x1112, dlci=4, signal_state=0x0b, p_port=0xbe19f094
03-31 16:35:57.928 I/bt_stack(  673): [INFO:port_api.cc(234)] RFCOMM_CreateConnection: bd_addr=ff:ff:ff:ff:ff:ff, scn=3, is_server=1, mtu=256, uuid=0x111f, dlci=6, signal_state=0x0b, p_port=0xbe19f11c
03-31 16:35:57.928 I/bt_stack(  673): [INFO:port_api.cc(234)] RFCOMM_CreateConnection: bd_addr=ff:ff:ff:ff:ff:ff, scn=2, is_server=1, mtu=256, uuid=0x1112, dlci=4, signal_state=0x0b, p_port=0xbe19f1a4
03-31 16:35:57.928 I/bt_stack(  673): [INFO:port_api.cc(234)] RFCOMM_CreateConnection: bd_addr=ff:ff:ff:ff:ff:ff, scn=3, is_server=1, mtu=256, uuid=0x111f, dlci=6, signal_state=0x0b, p_port=0xbe19f22c
03-31 16:35:57.928 I/bt_stack(  673): [INFO:port_api.cc(234)] RFCOMM_CreateConnection: bd_addr=ff:ff:ff:ff:ff:ff, scn=2, is_server=1, mtu=256, uuid=0x1112, dlci=4, signal_state=0x0b, p_port=0xbe19f2b4
03-31 16:35:57.928 I/bt_stack(  673): [INFO:port_api.cc(234)] RFCOMM_CreateConnection: bd_addr=ff:ff:ff:ff:ff:ff, scn=3, is_server=1, mtu=256, uuid=0x111f, dlci=6, signal_state=0x0b, p_port=0xbe19f33c
01-01 08:00:27.763 I/hub 8-0 (  164): 1.0: USB hub found
01-01 08:00:27.768 I/hub 8-0 (  164): 1.0: 1 port detected
03-31 16:35:57.930 I/A2dpService(  673): start()
03-31 16:35:57.930 I/BluetoothA2dpServiceJni(  673): classInitNative: succeeds
03-31 16:35:57.930 I/A2dpService(  673): Max connected audio devices set to 5
03-31 16:35:57.938 D/XM_HIDREAD(  317): add@ add@/bus/platform/drivers/sunxi-ohci
03-31 16:35:57.938 D/XM_HIDREAD(  317): add@ add@/module/ohci_sunxi
03-31 16:35:57.940 I/bt_btif (  673): system/bt/btif/src/bluetooth.cc:417 get_profile_interface: get_profile_interface: id = a2dp
03-31 16:35:57.940 I/btif_av (  673): system/bt/btif/src/btif_av.cc:965 Init: bt_status_t BtifAvSource::Init(btav_source_callbacks_t *, int, const std::vector<btav_a2dp_codec_config_t> &, const std::vector<btav_a2dp_codec_config_t> &): max_connected_audio_devices=5
03-31 16:35:57.941 I/a2dp_codec(  673): system/bt/stack/a2dp/a2dp_codec_config.cc:569 init: init
03-31 16:35:57.941 I/a2dp_codec(  673): system/bt/stack/a2dp/a2dp_codec_config.cc:113 createCodec: createCodec: codec SBC
03-31 16:35:57.941 I/a2dp_codec(  673): system/bt/stack/a2dp/a2dp_codec_config.cc:633 init: init: updated SBC codec priority to 1001
03-31 16:35:57.941 I/a2dp_codec(  673): system/bt/stack/a2dp/a2dp_codec_config.cc:113 createCodec: createCodec: codec AAC
03-31 16:35:57.942 I/a2dp_codec(  673): system/bt/stack/a2dp/a2dp_codec_config.cc:633 init: init: updated AAC codec priority to 2001
03-31 16:35:57.942 I/a2dp_codec(  673): system/bt/stack/a2dp/a2dp_codec_config.cc:113 createCodec: createCodec: codec aptX
03-31 16:35:57.949 E/a2dp_vendor_aptx_encoder(  673): system/bt/stack/a2dp/a2dp_vendor_aptx_encoder.cc:123 A2DP_VendorLoadEncoderAptx: A2DP_VendorLoadEncoderAptx: cannot open aptX encoder library libaptX_encoder.so: dlopen failed: library "libaptX_encoder.so" not found
03-31 16:35:57.949 E/a2dp_vendor_aptx(  673): system/bt/stack/a2dp/a2dp_vendor_aptx.cc:465 init: init: cannot load the encoder
03-31 16:35:57.949 I/a2dp_codec(  673): system/bt/stack/a2dp/a2dp_codec_config.cc:113 createCodec: createCodec: codec aptX-HD
03-31 16:35:57.951 E/a2dp_vendor_aptx_hd_encoder(  673): system/bt/stack/a2dp/a2dp_vendor_aptx_hd_encoder.cc:123 A2DP_VendorLoadEncoderAptxHd: A2DP_VendorLoadEncoderAptxHd: cannot open aptX-HD encoder library libaptXHD_encoder.so: dlopen failed: library "libaptXHD_encoder.so" not found
03-31 16:35:57.951 E/a2dp_vendor_aptx_hd(  673): system/bt/stack/a2dp/a2dp_vendor_aptx_hd.cc:483 init: init: cannot load the encoder
03-31 16:35:57.951 I/a2dp_codec(  673): system/bt/stack/a2dp/a2dp_codec_config.cc:113 createCodec: createCodec: codec LDAC
03-31 16:35:57.953 W/ContextImpl( 1051): Calling a method in the system process without a qualified user: android.app.ContextImpl.startService:1816 android.content.ContextWrapper.startService:774 com.dangbei.andes.CoreService$Companion.start:29 com.dangbei.lerad.etna.haqu.EtnaApplication.init:90 com.dangbei.lerad.etna.haqu.EtnaApplication.onCreate:60 
03-31 16:35:57.959 I/a2dp_codec(  673): system/bt/stack/a2dp/a2dp_codec_config.cc:633 init: init: updated LDAC codec priority to 5001
03-31 16:35:57.959 I/a2dp_codec(  673): system/bt/stack/a2dp/a2dp_codec_config.cc:113 createCodec: createCodec: codec SBC SINK
03-31 16:35:57.959 I/a2dp_codec(  673): system/bt/stack/a2dp/a2dp_codec_config.cc:113 createCodec: createCodec: codec AAC SINK
03-31 16:35:57.959 I/a2dp_codec(  673): system/bt/stack/a2dp/a2dp_codec_config.cc:113 createCodec: createCodec: codec LDAC SINK
03-31 16:35:57.961 E/a2dp_vendor_ldac_decoder(  673): system/bt/stack/a2dp/a2dp_vendor_ldac_decoder.cc:134 A2DP_VendorLoadDecoderLdac: A2DP_VendorLoadDecoderLdac: cannot open LDAC decoder library libldacBT_bco.so: dlopen failed: library "libldacBT_bco.so" not found
03-31 16:35:57.961 E/a2dp_vendor_ldac(  673): system/bt/stack/a2dp/a2dp_vendor_ldac.cc:1418 init: init: cannot load the decoder
03-31 16:35:57.961 I/a2dp_codec(  673): system/bt/stack/a2dp/a2dp_codec_config.cc:658 init: init: initialized Source codec LDAC
03-31 16:35:57.961 I/a2dp_codec(  673): system/bt/stack/a2dp/a2dp_codec_config.cc:658 init: init: initialized Source codec AAC
03-31 16:35:57.961 I/a2dp_codec(  673): system/bt/stack/a2dp/a2dp_codec_config.cc:658 init: init: initialized Source codec SBC
03-31 16:35:57.961 I/a2dp_codec(  673): system/bt/stack/a2dp/a2dp_codec_config.cc:665 init: init: initialized Sink codec AAC SINK
03-31 16:35:57.961 I/a2dp_codec(  673): system/bt/stack/a2dp/a2dp_codec_config.cc:665 init: init: initialized Sink codec SBC SINK
03-31 16:35:57.961 I/a2dp_codec(  673): system/bt/stack/a2dp/a2dp_codec_config.cc:569 init: init
03-31 16:35:57.961 I/a2dp_codec(  673): system/bt/stack/a2dp/a2dp_codec_config.cc:113 createCodec: createCodec: codec SBC
03-31 16:35:57.961 I/a2dp_codec(  673): system/bt/stack/a2dp/a2dp_codec_config.cc:633 init: init: updated SBC codec priority to 1001
03-31 16:35:57.961 I/a2dp_codec(  673): system/bt/stack/a2dp/a2dp_codec_config.cc:113 createCodec: createCodec: codec AAC
03-31 16:35:57.961 I/a2dp_codec(  673): system/bt/stack/a2dp/a2dp_codec_config.cc:633 init: init: updated AAC codec priority to 2001
03-31 16:35:57.961 I/a2dp_codec(  673): system/bt/stack/a2dp/a2dp_codec_config.cc:113 createCodec: createCodec: codec aptX
03-31 16:35:57.962 E/a2dp_vendor_aptx_encoder(  673): system/bt/stack/a2dp/a2dp_vendor_aptx_encoder.cc:123 A2DP_VendorLoadEncoderAptx: A2DP_VendorLoadEncoderAptx: cannot open aptX encoder library libaptX_encoder.so: dlopen failed: library "libaptX_encoder.so" not found
03-31 16:35:57.962 E/a2dp_vendor_aptx(  673): system/bt/stack/a2dp/a2dp_vendor_aptx.cc:465 init: init: cannot load the encoder
03-31 16:35:57.962 I/a2dp_codec(  673): system/bt/stack/a2dp/a2dp_codec_config.cc:113 createCodec: createCodec: codec aptX-HD
03-31 16:35:57.966 E/a2dp_vendor_aptx_hd_encoder(  673): system/bt/stack/a2dp/a2dp_vendor_aptx_hd_encoder.cc:123 A2DP_VendorLoadEncoderAptxHd: A2DP_VendorLoadEncoderAptxHd: cannot open aptX-HD encoder library libaptXHD_encoder.so: dlopen failed: library "libaptXHD_encoder.so" not found
03-31 16:35:57.966 E/a2dp_vendor_aptx_hd(  673): system/bt/stack/a2dp/a2dp_vendor_aptx_hd.cc:483 init: init: cannot load the encoder
03-31 16:35:57.967 I/a2dp_codec(  673): system/bt/stack/a2dp/a2dp_codec_config.cc:113 createCodec: createCodec: codec LDAC
03-31 16:35:57.967 I/a2dp_codec(  673): system/bt/stack/a2dp/a2dp_codec_config.cc:633 init: init: updated LDAC codec priority to 5001
03-31 16:35:57.967 I/a2dp_codec(  673): system/bt/stack/a2dp/a2dp_codec_config.cc:113 createCodec: createCodec: codec SBC SINK
03-31 16:35:57.967 I/a2dp_codec(  673): system/bt/stack/a2dp/a2dp_codec_config.cc:113 createCodec: createCodec: codec AAC SINK
03-31 16:35:57.967 I/a2dp_codec(  673): system/bt/stack/a2dp/a2dp_codec_config.cc:113 createCodec: createCodec: codec LDAC SINK
03-31 16:35:57.969 E/a2dp_vendor_ldac_decoder(  673): system/bt/stack/a2dp/a2dp_vendor_ldac_decoder.cc:134 A2DP_VendorLoadDecoderLdac: A2DP_VendorLoadDecoderLdac: cannot open LDAC decoder library libldacBT_bco.so: dlopen failed: library "libldacBT_bco.so" not found
03-31 16:35:57.969 E/a2dp_vendor_ldac(  673): system/bt/stack/a2dp/a2dp_vendor_ldac.cc:1418 init: init: cannot load the decoder
03-31 16:35:57.969 I/a2dp_codec(  673): system/bt/stack/a2dp/a2dp_codec_config.cc:658 init: init: initialized Source codec LDAC
03-31 16:35:57.969 I/a2dp_codec(  673): system/bt/stack/a2dp/a2dp_codec_config.cc:658 init: init: initialized Source codec AAC
03-31 16:35:57.969 I/a2dp_codec(  673): system/bt/stack/a2dp/a2dp_codec_config.cc:658 init: init: initialized Source codec SBC
03-31 16:35:57.969 I/a2dp_codec(  673): system/bt/stack/a2dp/a2dp_codec_config.cc:665 init: init: initialized Sink codec AAC SINK
03-31 16:35:57.969 I/a2dp_codec(  673): system/bt/stack/a2dp/a2dp_codec_config.cc:665 init: init: initialized Sink codec SBC SINK
03-31 16:35:57.969 I/a2dp_codec(  673): system/bt/stack/a2dp/a2dp_codec_config.cc:569 init: init
03-31 16:35:57.969 I/a2dp_codec(  673): system/bt/stack/a2dp/a2dp_codec_config.cc:113 createCodec: createCodec: codec SBC
03-31 16:35:57.969 I/a2dp_codec(  673): system/bt/stack/a2dp/a2dp_codec_config.cc:633 init: init: updated SBC codec priority to 1001
03-31 16:35:57.969 I/a2dp_codec(  673): system/bt/stack/a2dp/a2dp_codec_config.cc:113 createCodec: createCodec: codec AAC
03-31 16:35:57.969 I/a2dp_codec(  673): system/bt/stack/a2dp/a2dp_codec_config.cc:633 init: init: updated AAC codec priority to 2001
03-31 16:35:57.969 I/a2dp_codec(  673): system/bt/stack/a2dp/a2dp_codec_config.cc:113 createCodec: createCodec: codec aptX
03-31 16:35:57.970 E/a2dp_vendor_aptx_encoder(  673): system/bt/stack/a2dp/a2dp_vendor_aptx_encoder.cc:123 A2DP_VendorLoadEncoderAptx: A2DP_VendorLoadEncoderAptx: cannot open aptX encoder library libaptX_encoder.so: dlopen failed: library "libaptX_encoder.so" not found
03-31 16:35:57.970 E/a2dp_vendor_aptx(  673): system/bt/stack/a2dp/a2dp_vendor_aptx.cc:465 init: init: cannot load the encoder
03-31 16:35:57.970 I/a2dp_codec(  673): system/bt/stack/a2dp/a2dp_codec_config.cc:113 createCodec: createCodec: codec aptX-HD
03-31 16:35:57.974 E/a2dp_vendor_aptx_hd_encoder(  673): system/bt/stack/a2dp/a2dp_vendor_aptx_hd_encoder.cc:123 A2DP_VendorLoadEncoderAptxHd: A2DP_VendorLoadEncoderAptxHd: cannot open aptX-HD encoder library libaptXHD_encoder.so: dlopen failed: library "libaptXHD_encoder.so" not found
03-31 16:35:57.975 E/a2dp_vendor_aptx_hd(  673): system/bt/stack/a2dp/a2dp_vendor_aptx_hd.cc:483 init: init: cannot load the encoder
03-31 16:35:57.975 I/a2dp_codec(  673): system/bt/stack/a2dp/a2dp_codec_config.cc:113 createCodec: createCodec: codec LDAC
03-31 16:35:57.975 I/a2dp_codec(  673): system/bt/stack/a2dp/a2dp_codec_config.cc:633 init: init: updated LDAC codec priority to 5001
03-31 16:35:57.975 I/a2dp_codec(  673): system/bt/stack/a2dp/a2dp_codec_config.cc:113 createCodec: createCodec: codec SBC SINK
03-31 16:35:57.975 I/a2dp_codec(  673): system/bt/stack/a2dp/a2dp_codec_config.cc:113 createCodec: createCodec: codec AAC SINK
03-31 16:35:57.975 I/a2dp_codec(  673): system/bt/stack/a2dp/a2dp_codec_config.cc:113 createCodec: createCodec: codec LDAC SINK
03-31 16:35:57.977 E/a2dp_vendor_ldac_decoder(  673): system/bt/stack/a2dp/a2dp_vendor_ldac_decoder.cc:134 A2DP_VendorLoadDecoderLdac: A2DP_VendorLoadDecoderLdac: cannot open LDAC decoder library libldacBT_bco.so: dlopen failed: library "libldacBT_bco.so" not found
03-31 16:35:57.977 E/a2dp_vendor_ldac(  673): system/bt/stack/a2dp/a2dp_vendor_ldac.cc:1418 init: init: cannot load the decoder
03-31 16:35:57.977 I/a2dp_codec(  673): system/bt/stack/a2dp/a2dp_codec_config.cc:658 init: init: initialized Source codec LDAC
03-31 16:35:57.978 I/a2dp_codec(  673): system/bt/stack/a2dp/a2dp_codec_config.cc:658 init: init: initialized Source codec AAC
03-31 16:35:57.978 I/a2dp_codec(  673): system/bt/stack/a2dp/a2dp_codec_config.cc:658 init: init: initialized Source codec SBC
03-31 16:35:57.978 I/a2dp_codec(  673): system/bt/stack/a2dp/a2dp_codec_config.cc:665 init: init: initialized Sink codec AAC SINK
03-31 16:35:57.978 I/a2dp_codec(  673): system/bt/stack/a2dp/a2dp_codec_config.cc:665 init: init: initialized Sink codec SBC SINK
03-31 16:35:57.978 I/a2dp_codec(  673): system/bt/stack/a2dp/a2dp_codec_config.cc:569 init: init
03-31 16:35:57.978 I/a2dp_codec(  673): system/bt/stack/a2dp/a2dp_codec_config.cc:113 createCodec: createCodec: codec SBC
03-31 16:35:57.978 I/a2dp_codec(  673): system/bt/stack/a2dp/a2dp_codec_config.cc:633 init: init: updated SBC codec priority to 1001
03-31 16:35:57.978 I/a2dp_codec(  673): system/bt/stack/a2dp/a2dp_codec_config.cc:113 createCodec: createCodec: codec AAC
03-31 16:35:57.978 I/a2dp_codec(  673): system/bt/stack/a2dp/a2dp_codec_config.cc:633 init: init: updated AAC codec priority to 2001
03-31 16:35:57.978 I/a2dp_codec(  673): system/bt/stack/a2dp/a2dp_codec_config.cc:113 createCodec: createCodec: codec aptX
03-31 16:35:57.978 D/DisplayOutputManager( 1051): ro.build.characteristics=homlet
03-31 16:35:57.982 I/servicemanager(  182): Found vendor.display.output.IDisplayOutputManager/default in device VINTF manifest.
03-31 16:35:57.984 E/a2dp_vendor_aptx_encoder(  673): system/bt/stack/a2dp/a2dp_vendor_aptx_encoder.cc:123 A2DP_VendorLoadEncoderAptx: A2DP_VendorLoadEncoderAptx: cannot open aptX encoder library libaptX_encoder.so: dlopen failed: library "libaptX_encoder.so" not found
03-31 16:35:57.984 E/a2dp_vendor_aptx(  673): system/bt/stack/a2dp/a2dp_vendor_aptx.cc:465 init: init: cannot load the encoder
03-31 16:35:57.984 I/a2dp_codec(  673): system/bt/stack/a2dp/a2dp_codec_config.cc:113 createCodec: createCodec: codec aptX-HD
03-31 16:35:57.985 E/a2dp_vendor_aptx_hd_encoder(  673): system/bt/stack/a2dp/a2dp_vendor_aptx_hd_encoder.cc:123 A2DP_VendorLoadEncoderAptxHd: A2DP_VendorLoadEncoderAptxHd: cannot open aptX-HD encoder library libaptXHD_encoder.so: dlopen failed: library "libaptXHD_encoder.so" not found
03-31 16:35:57.986 E/a2dp_vendor_aptx_hd(  673): system/bt/stack/a2dp/a2dp_vendor_aptx_hd.cc:483 init: init: cannot load the encoder
03-31 16:35:57.986 I/a2dp_codec(  673): system/bt/stack/a2dp/a2dp_codec_config.cc:113 createCodec: createCodec: codec LDAC
03-31 16:35:57.986 I/a2dp_codec(  673): system/bt/stack/a2dp/a2dp_codec_config.cc:633 init: init: updated LDAC codec priority to 5001
03-31 16:35:57.986 I/a2dp_codec(  673): system/bt/stack/a2dp/a2dp_codec_config.cc:113 createCodec: createCodec: codec SBC SINK
03-31 16:35:57.986 I/a2dp_codec(  673): system/bt/stack/a2dp/a2dp_codec_config.cc:113 createCodec: createCodec: codec AAC SINK
03-31 16:35:57.986 I/a2dp_codec(  673): system/bt/stack/a2dp/a2dp_codec_config.cc:113 createCodec: createCodec: codec LDAC SINK
03-31 16:35:57.990 V/GraphicsEnvironment( 1170): ANGLE Developer option for 'com.oranth.storage' set to: 'default'
03-31 16:35:57.991 V/GraphicsEnvironment( 1170): Neither updatable production driver nor prerelease driver is supported.
01-01 08:00:27.822 D/        (  164): get det_vbus is fail, -84
01-01 08:00:27.829 D/        (  164): get id is fail, -84
03-31 16:35:57.992 E/a2dp_vendor_ldac_decoder(  673): system/bt/stack/a2dp/a2dp_vendor_ldac_decoder.cc:134 A2DP_VendorLoadDecoderLdac: A2DP_VendorLoadDecoderLdac: cannot open LDAC decoder library libldacBT_bco.so: dlopen failed: library "libldacBT_bco.so" not found
03-31 16:35:57.996 D/XM_HIDREAD(  317): add@ add@/bus/platform/drivers/otg manager
03-31 16:35:57.996 D/XM_HIDREAD(  317): add@ add@/module/sunxi_usbc
03-31 16:35:57.999 E/a2dp_vendor_ldac(  673): system/bt/stack/a2dp/a2dp_vendor_ldac.cc:1418 init: init: cannot load the decoder
03-31 16:35:57.999 I/a2dp_codec(  673): system/bt/stack/a2dp/a2dp_codec_config.cc:658 init: init: initialized Source codec LDAC
03-31 16:35:57.999 I/a2dp_codec(  673): system/bt/stack/a2dp/a2dp_codec_config.cc:658 init: init: initialized Source codec AAC
03-31 16:35:57.999 I/a2dp_codec(  673): system/bt/stack/a2dp/a2dp_codec_config.cc:658 init: init: initialized Source codec SBC
03-31 16:35:57.999 I/a2dp_codec(  673): system/bt/stack/a2dp/a2dp_codec_config.cc:665 init: init: initialized Sink codec AAC SINK
03-31 16:35:57.999 I/a2dp_codec(  673): system/bt/stack/a2dp/a2dp_codec_config.cc:665 init: init: initialized Sink codec SBC SINK
03-31 16:35:57.999 I/a2dp_codec(  673): system/bt/stack/a2dp/a2dp_codec_config.cc:569 init: init
03-31 16:35:57.999 I/a2dp_codec(  673): system/bt/stack/a2dp/a2dp_codec_config.cc:113 createCodec: createCodec: codec SBC
03-31 16:35:57.999 I/a2dp_codec(  673): system/bt/stack/a2dp/a2dp_codec_config.cc:633 init: init: updated SBC codec priority to 1001
03-31 16:35:57.999 I/a2dp_codec(  673): system/bt/stack/a2dp/a2dp_codec_config.cc:113 createCodec: createCodec: codec AAC
03-31 16:35:57.999 I/a2dp_codec(  673): system/bt/stack/a2dp/a2dp_codec_config.cc:633 init: init: updated AAC codec priority to 2001
03-31 16:35:57.999 I/a2dp_codec(  673): system/bt/stack/a2dp/a2dp_codec_config.cc:113 createCodec: createCodec: codec aptX
03-31 16:35:57.999 D/HomletDisplayOutputManager( 1051): get IDisplayOutputManager service success
03-31 16:35:58.001 E/a2dp_vendor_aptx_encoder(  673): system/bt/stack/a2dp/a2dp_vendor_aptx_encoder.cc:123 A2DP_VendorLoadEncoderAptx: A2DP_VendorLoadEncoderAptx: cannot open aptX encoder library libaptX_encoder.so: dlopen failed: library "libaptX_encoder.so" not found
03-31 16:35:58.002 E/a2dp_vendor_aptx(  673): system/bt/stack/a2dp/a2dp_vendor_aptx.cc:465 init: init: cannot load the encoder
03-31 16:35:58.002 I/a2dp_codec(  673): system/bt/stack/a2dp/a2dp_codec_config.cc:113 createCodec: createCodec: codec aptX-HD
03-31 16:35:58.006 D/NetworkSecurityConfig( 1170): No Network Security Config specified, using platform default
03-31 16:35:58.010 E/a2dp_vendor_aptx_hd_encoder(  673): system/bt/stack/a2dp/a2dp_vendor_aptx_hd_encoder.cc:123 A2DP_VendorLoadEncoderAptxHd: A2DP_VendorLoadEncoderAptxHd: cannot open aptX-HD encoder library libaptXHD_encoder.so: dlopen failed: library "libaptXHD_encoder.so" not found
03-31 16:35:58.010 E/a2dp_vendor_aptx_hd(  673): system/bt/stack/a2dp/a2dp_vendor_aptx_hd.cc:483 init: init: cannot load the encoder
03-31 16:35:58.010 I/a2dp_codec(  673): system/bt/stack/a2dp/a2dp_codec_config.cc:113 createCodec: createCodec: codec LDAC
03-31 16:35:58.010 I/a2dp_codec(  673): system/bt/stack/a2dp/a2dp_codec_config.cc:633 init: init: updated LDAC codec priority to 5001
03-31 16:35:58.010 I/a2dp_codec(  673): system/bt/stack/a2dp/a2dp_codec_config.cc:113 createCodec: createCodec: codec SBC SINK
03-31 16:35:58.010 I/a2dp_codec(  673): system/bt/stack/a2dp/a2dp_codec_config.cc:113 createCodec: createCodec: codec AAC SINK
03-31 16:35:58.010 I/a2dp_codec(  673): system/bt/stack/a2dp/a2dp_codec_config.cc:113 createCodec: createCodec: codec LDAC SINK
03-31 16:35:58.012 D/AudioManagerEx( 1051): AudioManagerEx
03-31 16:35:58.015 D/NetworkSecurityConfig( 1170): No Network Security Config specified, using platform default
03-31 16:35:58.016 D/audio_hw_primary(  249): Mic get_audio_devices_active: 
03-31 16:35:58.016 D/audio_hw_primary(  249): get_audio_devices_active: AUDIO_HDMI
03-31 16:35:58.016 D/xm_audio(  249): adev_get_parameters
03-31 16:35:58.016 I/hash_map_utils(  284): system/bt/osi/src/hash_map_utils.cc:81 hash_map_utils_dump_string_keys_string_values: key: 'audio_devices_out_active' value: ''
03-31 16:35:58.019 D/AudioManagerEx( 1051): type audio_devices_out_active  list AUDIO_HDMI=
03-31 16:35:58.023 I/aaa     ( 1170): low stroage service is start !!!
03-31 16:35:58.023 D/audio_hw_primary(  249): getAudioDevices()
03-31 16:35:58.023 D/audio_hw_primary(  249): out dev:AUDIO_CODEC
03-31 16:35:58.023 D/audio_hw_primary(  249): in dev:AUDIO_SPDIF
03-31 16:35:58.023 D/audio_hw_primary(  249): out dev:AUDIO_SPDIF
03-31 16:35:58.023 D/audio_hw_primary(  249): in dev:AUDIO_HDMI
03-31 16:35:58.023 D/audio_hw_primary(  249): out dev:AUDIO_HDMI
03-31 16:35:58.023 D/audio_hw_primary(  249): in dev:AUDIO_I2S2
03-31 16:35:58.023 D/audio_hw_primary(  249): out playback: AUDIO_CODEC,AUDIO_SPDIF,AUDIO_HDMI
03-31 16:35:58.024 D/xm_audio(  249): adev_get_parameters
03-31 16:35:58.024 I/hash_map_utils(  284): system/bt/osi/src/hash_map_utils.cc:81 hash_map_utils_dump_string_keys_string_values: key: 'audio_devices_out' value: ''
03-31 16:35:58.025 W/ContextImpl( 1170): Calling a method in the system process without a qualified user: android.app.ContextImpl.startService:1816 android.content.ContextWrapper.startService:774 android.content.ContextWrapper.startService:774 com.oranth.storage.BootCompletedReceiver.onReceive:15 android.app.ActivityThread.handleReceiver:4308 
03-31 16:35:58.025 D/AudioManagerEx( 1051): type audio_devices_out  list AUDIO_CODEC,AUDIO_SPDIF,AUDIO_HDMI=
03-31 16:35:58.032 E/a2dp_vendor_ldac_decoder(  673): system/bt/stack/a2dp/a2dp_vendor_ldac_decoder.cc:134 A2DP_VendorLoadDecoderLdac: A2DP_VendorLoadDecoderLdac: cannot open LDAC decoder library libldacBT_bco.so: dlopen failed: library "libldacBT_bco.so" not found
03-31 16:35:58.032 E/a2dp_vendor_ldac(  673): system/bt/stack/a2dp/a2dp_vendor_ldac.cc:1418 init: init: cannot load the decoder
03-31 16:35:58.032 I/a2dp_codec(  673): system/bt/stack/a2dp/a2dp_codec_config.cc:658 init: init: initialized Source codec LDAC
03-31 16:35:58.032 I/a2dp_codec(  673): system/bt/stack/a2dp/a2dp_codec_config.cc:658 init: init: initialized Source codec AAC
03-31 16:35:58.032 I/a2dp_codec(  673): system/bt/stack/a2dp/a2dp_codec_config.cc:658 init: init: initialized Source codec SBC
03-31 16:35:58.032 I/a2dp_codec(  673): system/bt/stack/a2dp/a2dp_codec_config.cc:665 init: init: initialized Sink codec AAC SINK
03-31 16:35:58.032 I/a2dp_codec(  673): system/bt/stack/a2dp/a2dp_codec_config.cc:665 init: init: initialized Sink codec SBC SINK
03-31 16:35:58.032 I/a2dp_codec(  673): system/bt/stack/a2dp/a2dp_codec_config.cc:569 init: init
03-31 16:35:58.032 I/a2dp_codec(  673): system/bt/stack/a2dp/a2dp_codec_config.cc:113 createCodec: createCodec: codec SBC
03-31 16:35:58.032 I/a2dp_codec(  673): system/bt/stack/a2dp/a2dp_codec_config.cc:633 init: init: updated SBC codec priority to 1001
03-31 16:35:58.032 I/a2dp_codec(  673): system/bt/stack/a2dp/a2dp_codec_config.cc:113 createCodec: createCodec: codec AAC
03-31 16:35:58.032 I/a2dp_codec(  673): system/bt/stack/a2dp/a2dp_codec_config.cc:633 init: init: updated AAC codec priority to 2001
03-31 16:35:58.032 I/a2dp_codec(  673): system/bt/stack/a2dp/a2dp_codec_config.cc:113 createCodec: createCodec: codec aptX
03-31 16:35:58.035 E/a2dp_vendor_aptx_encoder(  673): system/bt/stack/a2dp/a2dp_vendor_aptx_encoder.cc:123 A2DP_VendorLoadEncoderAptx: A2DP_VendorLoadEncoderAptx: cannot open aptX encoder library libaptX_encoder.so: dlopen failed: library "libaptX_encoder.so" not found
03-31 16:35:58.035 E/a2dp_vendor_aptx(  673): system/bt/stack/a2dp/a2dp_vendor_aptx.cc:465 init: init: cannot load the encoder
03-31 16:35:58.035 I/a2dp_codec(  673): system/bt/stack/a2dp/a2dp_codec_config.cc:113 createCodec: createCodec: codec aptX-HD
03-31 16:35:58.037 E/a2dp_vendor_aptx_hd_encoder(  673): system/bt/stack/a2dp/a2dp_vendor_aptx_hd_encoder.cc:123 A2DP_VendorLoadEncoderAptxHd: A2DP_VendorLoadEncoderAptxHd: cannot open aptX-HD encoder library libaptXHD_encoder.so: dlopen failed: library "libaptXHD_encoder.so" not found
03-31 16:35:58.037 E/a2dp_vendor_aptx_hd(  673): system/bt/stack/a2dp/a2dp_vendor_aptx_hd.cc:483 init: init: cannot load the encoder
03-31 16:35:58.037 I/a2dp_codec(  673): system/bt/stack/a2dp/a2dp_codec_config.cc:113 createCodec: createCodec: codec LDAC
03-31 16:35:58.037 I/a2dp_codec(  673): system/bt/stack/a2dp/a2dp_codec_config.cc:633 init: init: updated LDAC codec priority to 5001
03-31 16:35:58.037 I/a2dp_codec(  673): system/bt/stack/a2dp/a2dp_codec_config.cc:113 createCodec: createCodec: codec SBC SINK
03-31 16:35:58.037 I/a2dp_codec(  673): system/bt/stack/a2dp/a2dp_codec_config.cc:113 createCodec: createCodec: codec AAC SINK
03-31 16:35:58.037 I/a2dp_codec(  673): system/bt/stack/a2dp/a2dp_codec_config.cc:113 createCodec: createCodec: codec LDAC SINK
03-31 16:35:58.039 E/a2dp_vendor_ldac_decoder(  673): system/bt/stack/a2dp/a2dp_vendor_ldac_decoder.cc:134 A2DP_VendorLoadDecoderLdac: A2DP_VendorLoadDecoderLdac: cannot open LDAC decoder library libldacBT_bco.so: dlopen failed: library "libldacBT_bco.so" not found
03-31 16:35:58.039 E/a2dp_vendor_ldac(  673): system/bt/stack/a2dp/a2dp_vendor_ldac.cc:1418 init: init: cannot load the decoder
03-31 16:35:58.039 I/a2dp_codec(  673): system/bt/stack/a2dp/a2dp_codec_config.cc:658 init: init: initialized Source codec LDAC
03-31 16:35:58.039 I/a2dp_codec(  673): system/bt/stack/a2dp/a2dp_codec_config.cc:658 init: init: initialized Source codec AAC
03-31 16:35:58.039 I/a2dp_codec(  673): system/bt/stack/a2dp/a2dp_codec_config.cc:658 init: init: initialized Source codec SBC
03-31 16:35:58.039 I/a2dp_codec(  673): system/bt/stack/a2dp/a2dp_codec_config.cc:665 init: init: initialized Sink codec AAC SINK
03-31 16:35:58.039 I/a2dp_codec(  673): system/bt/stack/a2dp/a2dp_codec_config.cc:665 init: init: initialized Sink codec SBC SINK
03-31 16:35:58.039 I/bt_btif_a2dp_source(  673): system/bt/btif/src/btif_a2dp_source.cc:325 btif_a2dp_source_init: btif_a2dp_source_init
03-31 16:35:58.040 I/bt_stack(  673): [INFO:message_loop_thread.cc(224)] Run: message loop starting for thread bt_a2dp_source_worker_thread
03-31 16:35:58.041 I/bt_btif_a2dp_source(  673): system/bt/btif/src/btif_a2dp_source.cc:335 btif_a2dp_source_init_delayed: btif_a2dp_source_init_delayed
03-31 16:35:58.041 I/bt_bta_av(  673): system/bt/bta/av/bta_av_main.cc:418 bta_av_api_register: bta_av_api_register: AVRCP version used for sdp: "avrcp15"
03-31 16:35:58.041 I/bt_l2cap(  673): system/bt/stack/l2cap/l2c_api.cc:134 L2CA_Register: L2CAP Registered service classic PSM: 0x0019
03-31 16:35:58.041 I/bt_l2cap(  673): system/bt/stack/l2cap/l2c_api.cc:134 L2CA_Register: L2CAP Registered service classic PSM: 0x0017
03-31 16:35:58.041 I/bt_l2cap(  673): system/bt/stack/l2cap/l2c_api.cc:134 L2CA_Register: L2CAP Registered service classic PSM: 0x001b
03-31 16:35:58.041 I/bt_bta_dm(  673): system/bt/bta/dm/bta_dm_act.cc:3191 bta_dm_eir_update_uuid: EIR Adding UUID=0x110A into extended inquiry response
03-31 16:35:58.041 I/bt_bta_dm(  673): system/bt/bta/dm/bta_dm_act.cc:2890 bta_dm_set_eir: Generating extended inquiry response packet EIR
03-31 16:35:58.041 I/bt_bta_av(  673): system/bt/bta/av/bta_av_act.cc:304 bta_av_rc_create: Skipping RC creation for the old AVRCP profile
03-31 16:35:58.041 I/bt_bta_dm(  673): system/bt/bta/dm/bta_dm_act.cc:3191 bta_dm_eir_update_uuid: EIR Adding UUID=0x110E into extended inquiry response
03-31 16:35:58.041 I/bt_bta_dm(  673): system/bt/bta/dm/bta_dm_act.cc:2890 bta_dm_set_eir: Generating extended inquiry response packet EIR
03-31 16:35:58.042 I/bt_bta_av(  673): system/bt/bta/av/bta_av_main.cc:418 bta_av_api_register: bta_av_api_register: AVRCP version used for sdp: "avrcp15"
03-31 16:35:58.043 I/bt_bta_av(  673): system/bt/bta/av/bta_av_main.cc:418 bta_av_api_register: bta_av_api_register: AVRCP version used for sdp: "avrcp15"
03-31 16:35:58.043 I/bt_bta_av(  673): system/bt/bta/av/bta_av_main.cc:418 bta_av_api_register: bta_av_api_register: AVRCP version used for sdp: "avrcp15"
03-31 16:35:58.043 I/bt_bta_av(  673): system/bt/bta/av/bta_av_main.cc:418 bta_av_api_register: bta_av_api_register: AVRCP version used for sdp: "avrcp15"
03-31 16:35:58.043 I/bt_bta_av(  673): system/bt/bta/av/bta_av_main.cc:418 bta_av_api_register: bta_av_api_register: AVRCP version used for sdp: "avrcp15"
03-31 16:35:58.043 I/bt_btif_storage(  673): system/bt/btif/src/btif_storage.cc:661 btif_storage_get_adapter_property: btif_storage_get_adapter_property service_mask:0x20000048
03-31 16:35:58.044 D/A2dpService(  673): A2DP offload flag set to false
03-31 16:35:58.067 D/bbb     ( 1170): onCreate() 
03-31 16:35:58.067 V/SystemUIService(  680): BOOT_COMPLETED received
03-31 16:35:58.068 D/A2dpService(  673): setA2dpService(): set to: com.android.bluetooth.a2dp.A2dpService@774a896
03-31 16:35:58.069 D/CompatibilityChangeReporter( 1170): Compat change id reported: 160794467; UID 1000; state: ENABLED
03-31 16:35:58.071 D/SystemUIBootTiming(  680): SystemUIService: bootcomplete com.android.systemui.util.NotificationChannels took 0 ms
03-31 16:35:58.071 D/SystemUIService(  680): loading: com.android.systemui.volume.VolumeUI
03-31 16:35:58.072 D/BluetoothActiveDeviceManager(  673): handleMessage(MESSAGE_ADAPTER_ACTION_STATE_CHANGED): newState=11
01-01 08:00:27.907 W/hdr10p_Configure(  378): 286 callbacks suppressed
01-01 08:00:27.907 I/        (  378): DVI mode selected: packets not configured
03-31 16:35:58.076 D/bbb     ( 1170): onStartCommand begin !!!!!!! data分区剩余 24957MB
03-31 16:35:58.078 D/CompatibilityChangeReporter(  479): Compat change id reported: 171306433; UID 1000; state: ENABLED
03-31 16:35:58.078 D/ConnectivityService(  479): NetReassign [no changes]
01-01 08:00:27.921 W/set_vsif_config(  378): 286 callbacks suppressed
01-01 08:00:27.921 I/        (  378): Error: set vsif failed
03-31 16:35:58.089 D/ConnectivityService(  479): NetReassign [no changes]
03-31 16:35:58.093 I/BluetoothHidHostServiceJni(  673): classInitNative: succeeds
03-31 16:35:58.096 I/bt_btif (  673): system/bt/btif/src/bluetooth.cc:417 get_profile_interface: get_profile_interface: id = hidhost
03-31 16:35:58.096 I/bt_btif_storage(  673): system/bt/btif/src/btif_storage.cc:661 btif_storage_get_adapter_property: btif_storage_get_adapter_property service_mask:0x20100048
03-31 16:35:58.096 I/bt_l2cap(  673): system/bt/stack/l2cap/l2c_api.cc:134 L2CA_Register: L2CAP Registered service classic PSM: 0x0011
03-31 16:35:58.096 I/bt_l2cap(  673): system/bt/stack/l2cap/l2c_api.cc:134 L2CA_Register: L2CAP Registered service classic PSM: 0x0013
03-31 16:35:58.096 I/bluetooth(  673): system/bt/stack/gatt/gatt_api.cc:1019 GATT_Register: Allocated name:GattClient uuid:80552901-6d92-2295-22ac-171540c9c7cd gatt_if:4 eatt_support:0
03-31 16:35:58.098 I/BluetoothPanServiceJni(  673): classInitNative(L110): succeeds
01-01 08:00:27.932 I/        (  378): DVI mode selected: packets not configured
01-01 08:00:27.939 I/        (  378): Error: set vsif failed
03-31 16:35:58.104 W/ContextImpl( 1051): Calling a method in the system process without a qualified user: android.app.ContextImpl.bindService:1895 android.content.ContextWrapper.bindService:810 com.dangbei.lerad.etna.lib.client.EtnaClient.bindServer:138 com.dangbei.lerad.etna.lib.client.EtnaClient.access$600:29 com.dangbei.lerad.etna.lib.client.EtnaClient$3.call:205 
01-01 08:00:27.944 I/        (  378): DVI mode selected: packets not configured
01-01 08:00:27.951 I/        (  378): Error: set vsif failed
03-31 16:35:58.115 D/VoHCI   ( 1212): VoHCI service version: v1.0.0
03-31 16:35:58.116 W/bt_stack(  673): [WARNING:btif_hh.cc(403)]  Added device c9:b5:96:5c:e3:ed
03-31 16:35:58.118 W/bt_btif (  673): system/bt/main/bte_logmsg.cc:194 LogMsg: BTA_HH_ADD_DEV_EVT: status = 0, handle = 16
03-31 16:35:58.120 I/vol.Events(  680): writeEvent collection_started
03-31 16:35:58.124 E/VoHCI   ( 1212): Cannot get card id for name: VoHCILoopback
03-31 16:35:58.136 D/BluetoothPanServiceJni(  673): initializeNative(L115): pan
03-31 16:35:58.136 I/bt_btif (  673): system/bt/btif/src/bluetooth.cc:417 get_profile_interface: get_profile_interface: id = pan
03-31 16:35:58.136 I/bt_l2cap(  673): system/bt/stack/l2cap/l2c_api.cc:134 L2CA_Register: L2CAP Registered service classic PSM: 0x000f
03-31 16:35:58.136 I/bt_bta_dm(  673): system/bt/bta/dm/bta_dm_act.cc:3191 bta_dm_eir_update_uuid: EIR Adding UUID=0x1116 into extended inquiry response
03-31 16:35:58.136 I/bt_bta_dm(  673): system/bt/bta/dm/bta_dm_act.cc:2890 bta_dm_set_eir: Generating extended inquiry response packet EIR
03-31 16:35:58.136 I/bt_bta_dm(  673): system/bt/bta/dm/bta_dm_act.cc:3191 bta_dm_eir_update_uuid: EIR Adding UUID=0x1115 into extended inquiry response
03-31 16:35:58.136 I/bt_bta_dm(  673): system/bt/bta/dm/bta_dm_act.cc:2890 bta_dm_set_eir: Generating extended inquiry response packet EIR
03-31 16:35:58.136 I/bt_bta_dm(  673): system/bt/bta/dm/bta_dm_act.cc:3191 bta_dm_eir_update_uuid: EIR Adding UUID=0x1116 into extended inquiry response
03-31 16:35:58.136 I/bt_bta_dm(  673): system/bt/bta/dm/bta_dm_act.cc:2890 bta_dm_set_eir: Generating extended inquiry response packet EIR
03-31 16:35:58.136 I/bt_bta_dm(  673): system/bt/bta/dm/bta_dm_act.cc:3191 bta_dm_eir_update_uuid: EIR Adding UUID=0x1115 into extended inquiry response
03-31 16:35:58.136 I/bt_bta_dm(  673): system/bt/bta/dm/bta_dm_act.cc:2890 bta_dm_set_eir: Generating extended inquiry response packet EIR
03-31 16:35:58.137 D/BluetoothPanServiceJni(  673): control_state_callback(L62): state:0, local_role:3, ifname:bt-pan
01-01 08:00:27.969 I/        (  378): DVI mode selected: packets not configured
01-01 08:00:27.976 I/        (  378): Error: set vsif failed
01-01 08:00:27.981 I/        (  378): DVI mode selected: packets not configured
01-01 08:00:27.988 I/        (  378): Error: set vsif failed
01-01 08:00:27.993 I/        (  378): DVI mode selected: packets not configured
01-01 08:00:27.999 I/        (  378): Error: set vsif failed
03-31 16:35:58.166 I/system_server(  479): Background young concurrent copying GC freed 181901(7342KB) AllocSpace objects, 29(1676KB) LOS objects, 44% free, 10MB/18MB, paused 2.881ms total 680.350ms
03-31 16:35:58.195 W/System  (  479): A resource failed to call release. 
03-31 16:35:58.195 W/System  (  479): A resource failed to call release. 
01-01 08:00:28.025 I/        (  378): DVI mode selected: packets not configured
01-01 08:00:28.032 I/        (  378): Error: set vsif failed
01-01 08:00:28.037 I/        (  378): DVI mode selected: packets not configured
01-01 08:00:28.043 I/        (  378): Error: set vsif failed
01-01 08:00:28.048 I/        (  378): DVI mode selected: packets not configured
03-31 16:35:58.209 I/AvrcpTargetService(  673): User unlocked, initializing the service
03-31 16:35:58.210 I/AvrcpTargetService(  673): Starting the AVRCP Target Service
