04-02 09:47:25.361 I/EventThread(  263): type=1400 audit(0.0:1241): avc: denied { search } for name="extcon" dev="sysfs" ino=18102 scontext=u:r:hal_tv_cec_default:s0 tcontext=u:object_r:sysfs_extcon:s0 tclass=dir permissive=1
04-02 09:47:25.414 I/bt_stack(  673): [INFO:gatt_attr.cc(880)] gatt_sr_init_cl_status: bda=c9:b5:96:5c:e3:ed, cl_supp_feat=0000, aware=1
04-02 09:47:25.415 I/bluetooth(  673): system/bt/stack/gap/gap_ble.cc:298 client_connect_cback: No active GAP service found for peer:xx:xx:xx:xx:e3:ed callback:Connected
04-02 09:47:25.415 I/bt_bta_gattc(  673): system/bt/bta/gatt/bta_gattc_act.cc:1110 bta_gattc_conn_cback: Connected att_id:3 transport:le reason:GATT_CONN_OK
04-02 09:47:25.415 I/bt_bta_gattc(  673): system/bt/bta/gatt/bta_gattc_act.cc:1110 bta_gattc_conn_cback: Connected att_id:4 transport:le reason:GATT_CONN_OK
04-02 09:47:25.415 I/bt_bta_gattc(  673): system/bt/bta/gatt/bta_gattc_act.cc:1110 bta_gattc_conn_cback: Connected att_id:5 transport:le reason:GATT_CONN_OK
04-02 09:47:25.415 I/bt_bta_gattc(  673): system/bt/bta/gatt/bta_gattc_act.cc:1110 bta_gattc_conn_cback: Connected att_id:6 transport:le reason:GATT_CONN_OK
04-02 09:47:25.415 I/bluetooth(  673): system/bt/stack/gatt/connection_manager.cc:185 on_connection_complete: Le connection completed to device:c9:b5:96:5c:e3:ed
04-02 09:47:25.415 I/bt_stack(  673): [INFO:eatt_impl.h(634)] connect device c9:b5:96:5c:e3:ed rolecentral
04-02 09:47:25.416 I/bt_btif_dm(  673): system/bt/btif/src/btif_dm.cc:497 btif_update_remote_version_property: Remote version info valid:true [xx:xx:xx:xx:e3:ed]: 8, 50e, 8
04-02 09:47:25.433 D/BluetoothGatt( 1051): onClientConnectionState() - status=0 clientIf=6 device=C9:B5:96:5C:E3:ED
04-02 09:47:25.433 W/bt_btm  (  673): system/bt/main/bte_logmsg.cc:194 LogMsg: Security Manager: BTM_SetEncryption busy, enqueue request
04-02 09:47:25.434 D/BluetoothGatt( 1051): discoverServices() - device: C9:B5:96:5C:E3:ED
04-02 09:47:25.436 E/BluetoothPhonePolicy(  673): Received unexpected intent, action=android.bluetooth.device.action.ACL_CONNECTED
04-02 09:47:25.437 I/BluetoothPhonePolicy(  673): processDeviceConnected, device=C9:B5:96:5C:E3:ED
04-02 09:47:25.438 D/BluetoothDatabase(  673): setConnection: device=C9:B5:96:5C:E3:ED and isA2dpDevice=false
04-02 09:47:25.438 I/bt_bta_gattc(  673): system/bt/bta/gatt/bta_gattc_cache.cc:902 bta_gattc_get_gatt_db: bta_gattc_get_gatt_db
04-02 09:47:25.438 D/BluetoothDatabase(  673): Updating last connected time for device: C9:B5:96:5C:E3:ED to 15
04-02 09:47:25.438 D/BluetoothDatabase(  673): updateDatabase C9:B5:96:5C:E3:ED
04-02 09:47:25.440 I/dangbei111( 1051): cccccc on receiver=android.bluetooth.device.action.ACL_CONNECTED,mac=C9:B5:96:5C:E3:ED
04-02 09:47:25.440 I/dangbei111( 1051): cccccc 收到 ACTION_ACL_CONNECTED 的广播
04-02 09:47:25.440 E/dangbei111( 1051): 5s后准备进行遥控器ota信息检测
04-02 09:47:25.441 D/BluetoothGatt( 1051): onSearchComplete() = Device=C9:B5:96:5C:E3:ED Status=0
01-01 08:02:26.205 W/hdr10p_Configure(  378): 59 callbacks suppressed
01-01 08:02:26.205 I/        (  378): DVI mode selected: packets not configured
01-01 08:02:26.218 W/set_vsif_config(  378): 59 callbacks suppressed
01-01 08:02:26.218 I/        (  378): Error: set vsif failed
01-01 08:02:26.251 I/        (  378): DVI mode selected: packets not configured
01-01 08:02:26.257 I/        (  378): Error: set vsif failed
01-01 08:02:26.274 I/        (  378): DVI mode selected: packets not configured
01-01 08:02:26.281 I/        (  378): Error: set vsif failed
01-01 08:02:26.300 I/        (  378): DVI mode selected: packets not configured
01-01 08:02:26.307 I/        (  378): Error: set vsif failed
01-01 08:02:26.318 I/        (  378): DVI mode selected: packets not configured
01-01 08:02:26.325 I/        (  378): Error: set vsif failed
04-02 09:47:25.765 E/WifiHAL (  667): wifi_get_link_stats: requestResponse Error:-5
04-02 09:47:25.766 E/WifiVendorHal(  479): getWifiLinkLayerStats_1_5_Internal(l.1191) failed {.code = ERROR_INVALID_ARGS, .description = }
01-01 08:02:26.351 I/        (  378): DVI mode selected: packets not configured
01-01 08:02:26.358 I/        (  378): Error: set vsif failed
01-01 08:02:26.384 I/        (  378): DVI mode selected: packets not configured
01-01 08:02:26.390 I/        (  378): Error: set vsif failed
01-01 08:02:26.400 I/        (  378): DVI mode selected: packets not configured
01-01 08:02:26.407 I/        (  378): Error: set vsif failed
01-01 08:02:26.419 I/        (  378): DVI mode selected: packets not configured
01-01 08:02:26.426 I/        (  378): Error: set vsif failed
01-01 08:02:26.451 I/        (  378): DVI mode selected: packets not configured
01-01 08:02:26.457 I/        (  378): Error: set vsif failed
04-02 09:47:25.930 I/BLEAudioDrive_HV410(  249): select timeout!
04-02 09:47:26.050 W/IorapForwardingService(  479): No service published for: iorapd
04-02 09:47:26.563 D/UtilLog ( 2252): 日志批量上报 进行正常循环 ！！！！！！本次有0次请求,共0条数据
04-02 09:47:27.053 W/IorapForwardingService(  479): No service published for: iorapd
04-02 09:47:28.005 D/TvWindowManager(  479): key event key = KEYCODE_DPAD_UP down = true
04-02 09:47:28.007 W/SoundPool(  479): Use of stream types is deprecated for operations other than volume control
04-02 09:47:28.007 W/SoundPool(  479): See the documentation of SoundPool() for what to use instead with android.media.AudioAttributes to qualify your playback use case
04-02 09:47:28.011 D/GpioService(  479): mFlickerEnable = true
04-02 09:47:28.017 D/TvWindowManager(  479): key event key = KEYCODE_DPAD_UP down = false
04-02 09:47:28.029 D/MediaCodecList(  479): codecHandlesFormat: no format, so no extra checks
04-02 09:47:28.031 D/MediaCodecList(  479): codecHandlesFormat: no format, so no extra checks
04-02 09:47:28.033 D/CCodec  (  479): allocate(c2.android.vorbis.decoder)
04-02 09:47:28.034 D/CCodec  (  479): allocate(c2.android.vorbis.decoder)
04-02 09:47:28.034 V/C2Store (  387): in init
04-02 09:47:28.034 V/C2Store (  387): loading dll
04-02 09:47:28.041 I/CCodec  (  479): Created component [c2.android.vorbis.decoder]
04-02 09:47:28.042 D/CCodecConfig(  479): read media type: audio/vorbis
04-02 09:47:28.042 I/CCodec  (  479): Created component [c2.android.vorbis.decoder]
04-02 09:47:28.043 D/CCodecConfig(  479): read media type: audio/vorbis
04-02 09:47:28.043 D/CompatibilityChangeReporter(  479): Compat change id reported: 135634846; UID 10047; state: DISABLED
04-02 09:47:28.045 D/CompatibilityChangeReporter(  479): Compat change id reported: 143937733; UID 10047; state: DISABLED
04-02 09:47:28.047 D/ReflectedParamUpdater(  479): extent() != 1 for single value type: algo.buffers.max-count.values
04-02 09:47:28.047 D/ReflectedParamUpdater(  479): extent() != 1 for single value type: algo.buffers.max-count.values
04-02 09:47:28.048 D/ReflectedParamUpdater(  479): extent() != 1 for single value type: output.subscribed-indices.values
04-02 09:47:28.048 D/ReflectedParamUpdater(  479): extent() != 1 for single value type: input.buffers.allocator-ids.values
04-02 09:47:28.048 D/ReflectedParamUpdater(  479): extent() != 1 for single value type: output.subscribed-indices.values
04-02 09:47:28.048 D/ReflectedParamUpdater(  479): extent() != 1 for single value type: output.buffers.allocator-ids.values
04-02 09:47:28.048 D/ReflectedParamUpdater(  479): extent() != 1 for single value type: input.buffers.allocator-ids.values
04-02 09:47:28.048 D/ReflectedParamUpdater(  479): extent() != 1 for single value type: algo.buffers.allocator-ids.values
04-02 09:47:28.049 D/ReflectedParamUpdater(  479): extent() != 1 for single value type: output.buffers.allocator-ids.values
04-02 09:47:28.049 D/ReflectedParamUpdater(  479): extent() != 1 for single value type: output.buffers.pool-ids.values
04-02 09:47:28.049 D/ReflectedParamUpdater(  479): extent() != 1 for single value type: algo.buffers.allocator-ids.values
04-02 09:47:28.049 D/ReflectedParamUpdater(  479): extent() != 1 for single value type: algo.buffers.pool-ids.values
04-02 09:47:28.049 D/ReflectedParamUpdater(  479): extent() != 1 for single value type: output.buffers.pool-ids.values
04-02 09:47:28.050 D/ReflectedParamUpdater(  479): extent() != 1 for single value type: algo.buffers.pool-ids.values
04-02 09:47:28.053 I/CCodecConfig(  479): query failed after returning 7 values (BAD_INDEX)
04-02 09:47:28.053 I/CCodecConfig(  479): query failed after returning 7 values (BAD_INDEX)
04-02 09:47:28.053 D/CCodecConfig(  479): c2 config diff is Dict {
04-02 09:47:28.053 D/CCodecConfig(  479):   c2::u32 coded.bitrate.value = 64000
04-02 09:47:28.053 D/CCodecConfig(  479):   c2::u32 input.buffers.max-size.value = 32768
04-02 09:47:28.053 D/CCodecConfig(  479):   c2::u32 input.delay.value = 0
04-02 09:47:28.053 D/CCodecConfig(  479):   string input.media-type.value = "audio/vorbis"
04-02 09:47:28.053 D/CCodecConfig(  479):   string output.media-type.value = "audio/raw"
04-02 09:47:28.053 D/CCodecConfig(  479):   c2::u32 raw.channel-count.value = 1
04-02 09:47:28.053 D/CCodecConfig(  479):   c2::u32 raw.sample-rate.value = 48000
04-02 09:47:28.053 D/CCodecConfig(  479): }
04-02 09:47:28.053 D/CCodecConfig(  479): c2 config diff is Dict {
04-02 09:47:28.053 D/CCodecConfig(  479):   c2::u32 coded.bitrate.value = 64000
04-02 09:47:28.053 D/CCodecConfig(  479):   c2::u32 input.buffers.max-size.value = 32768
04-02 09:47:28.053 D/CCodecConfig(  479):   c2::u32 input.delay.value = 0
04-02 09:47:28.053 D/CCodecConfig(  479):   string input.media-type.value = "audio/vorbis"
04-02 09:47:28.053 D/CCodecConfig(  479):   string output.media-type.value = "audio/raw"
04-02 09:47:28.053 D/CCodecConfig(  479):   c2::u32 raw.channel-count.value = 1
04-02 09:47:28.053 D/CCodecConfig(  479):   c2::u32 raw.sample-rate.value = 48000
04-02 09:47:28.053 D/CCodecConfig(  479): }
04-02 09:47:28.054 W/IorapForwardingService(  479): No service published for: iorapd
04-02 09:47:28.056 D/CCodec  (  479): [c2.android.vorbis.decoder] buffers are bound to CCodec for this session
04-02 09:47:28.056 D/CCodecConfig(  479): no c2 equivalents for durationUs
04-02 09:47:28.056 D/CCodecConfig(  479): no c2 equivalents for track-id
04-02 09:47:28.057 D/CCodecConfig(  479): no c2 equivalents for csd-1
04-02 09:47:28.057 D/CCodecConfig(  479): no c2 equivalents for channel-mask
04-02 09:47:28.057 D/CCodec  (  479): [c2.android.vorbis.decoder] buffers are bound to CCodec for this session
04-02 09:47:28.057 D/CCodecConfig(  479): no c2 equivalents for flags
04-02 09:47:28.057 D/CCodecConfig(  479): no c2 equivalents for durationUs
04-02 09:47:28.057 D/CCodecConfig(  479): no c2 equivalents for track-id
04-02 09:47:28.057 D/CCodecConfig(  479): no c2 equivalents for csd-1
04-02 09:47:28.058 D/CCodecConfig(  479): no c2 equivalents for channel-mask
04-02 09:47:28.058 D/CCodecConfig(  479): no c2 equivalents for flags
04-02 09:47:28.059 D/CCodecConfig(  479): c2 config diff is   c2::u32 coded.bitrate.value = 112000
04-02 09:47:28.059 D/CCodecConfig(  479):   c2::u32 raw.channel-count.value = 2
04-02 09:47:28.059 D/CCodecConfig(  479):   c2::u32 raw.sample-rate.value = 44100
04-02 09:47:28.059 D/CCodecConfig(  479): c2 config diff is   c2::u32 coded.bitrate.value = 112000
04-02 09:47:28.059 D/CCodecConfig(  479):   c2::u32 raw.channel-count.value = 2
04-02 09:47:28.059 D/CCodecConfig(  479):   c2::u32 raw.sample-rate.value = 44100
04-02 09:47:28.061 W/Codec2Client(  479): query -- param skipped: index = 1107298332.
04-02 09:47:28.061 W/Codec2Client(  479): query -- param skipped: index = 1107298332.
04-02 09:47:28.061 D/CCodec  (  479): setup formats input: AMessage(what = 0x00000000) = {
04-02 09:47:28.061 D/CCodec  (  479):   int32_t bitrate = 112000
04-02 09:47:28.061 D/CCodec  (  479):   int32_t channel-count = 2
04-02 09:47:28.061 D/CCodec  (  479):   int32_t max-input-size = 32768
04-02 09:47:28.061 D/CCodec  (  479):   string mime = "audio/vorbis"
04-02 09:47:28.061 D/CCodec  (  479):   int32_t sample-rate = 44100
04-02 09:47:28.061 D/CCodec  (  479): }
04-02 09:47:28.061 D/CCodec  (  479): setup formats input: AMessage(what = 0x00000000) = {
04-02 09:47:28.061 D/CCodec  (  479):   int32_t bitrate = 112000
04-02 09:47:28.061 D/CCodec  (  479):   int32_t channel-count = 2
04-02 09:47:28.061 D/CCodec  (  479):   int32_t max-input-size = 32768
04-02 09:47:28.061 D/CCodec  (  479):   string mime = "audio/vorbis"
04-02 09:47:28.061 D/CCodec  (  479):   int32_t sample-rate = 44100
04-02 09:47:28.061 D/CCodec  (  479): }
04-02 09:47:28.061 D/CCodec  (  479): setup formats output: AMessage(what = 0x00000000) = {
04-02 09:47:28.061 D/CCodec  (  479):   int32_t channel-count = 2
04-02 09:47:28.061 D/CCodec  (  479):   string mime = "audio/raw"
04-02 09:47:28.061 D/CCodec  (  479):   int32_t sample-rate = 44100
04-02 09:47:28.061 D/CCodec  (  479):   int32_t channel-mask = 3
04-02 09:47:28.061 D/CCodec  (  479): }
04-02 09:47:28.061 D/CCodec  (  479): setup formats output: AMessage(what = 0x00000000) = {
04-02 09:47:28.061 D/CCodec  (  479):   int32_t channel-count = 2
04-02 09:47:28.061 D/CCodec  (  479):   string mime = "audio/raw"
04-02 09:47:28.061 D/CCodec  (  479):   int32_t sample-rate = 44100
04-02 09:47:28.061 D/CCodec  (  479):   int32_t channel-mask = 3
04-02 09:47:28.061 D/CCodec  (  479): }
04-02 09:47:28.062 I/CCodecConfig(  479): query failed after returning 7 values (BAD_INDEX)
04-02 09:47:28.062 I/CCodecConfig(  479): query failed after returning 7 values (BAD_INDEX)
04-02 09:47:28.062 W/Codec2Client(  479): query -- param skipped: index = 1342179345.
04-02 09:47:28.062 W/Codec2Client(  479): query -- param skipped: index = 1342179345.
04-02 09:47:28.063 W/Codec2Client(  479): query -- param skipped: index = 2415921170.
04-02 09:47:28.063 W/Codec2Client(  479): query -- param skipped: index = 2415921170.
04-02 09:47:28.063 D/Zygote  (  244): Forked child process 3499
04-02 09:47:28.064 D/BufferPoolAccessor2.0(  387): bufferpool2 0xef476dd8 : 0(0 size) total buffers - 0(0 size) used buffers - 139/145 (recycle/alloc) - 6/144 (fetch/transfer)
04-02 09:47:28.064 D/BufferPoolAccessor2.0(  387): Destruction - bufferpool2 0xef476dd8 cached: 0/0M, 0/0% in use; allocs: 145, 96% recycled; transfers: 144, 96% unfetched
04-02 09:47:28.065 D/BufferPoolAccessor2.0(  387): bufferpool2 0xef477198 : 0(0 size) total buffers - 0(0 size) used buffers - 138/145 (recycle/alloc) - 7/144 (fetch/transfer)
04-02 09:47:28.065 D/BufferPoolAccessor2.0(  387): Destruction - bufferpool2 0xef477198 cached: 0/0M, 0/0% in use; allocs: 145, 95% recycled; transfers: 144, 95% unfetched
04-02 09:47:28.065 D/BufferPoolAccessor2.0(  387): bufferpool2 0xef4772d8 : 0(0 size) total buffers - 0(0 size) used buffers - 17/21 (recycle/alloc) - 4/20 (fetch/transfer)
04-02 09:47:28.065 D/BufferPoolAccessor2.0(  387): Destruction - bufferpool2 0xef4772d8 cached: 0/0M, 0/0% in use; allocs: 21, 81% recycled; transfers: 20, 80% unfetched
04-02 09:47:28.065 D/BufferPoolAccessor2.0(  387): bufferpool2 0xef477f58 : 0(0 size) total buffers - 0(0 size) used buffers - 15/19 (recycle/alloc) - 4/18 (fetch/transfer)
04-02 09:47:28.065 D/BufferPoolAccessor2.0(  387): Destruction - bufferpool2 0xef477f58 cached: 0/0M, 0/0% in use; allocs: 19, 79% recycled; transfers: 18, 78% unfetched
04-02 09:47:28.066 D/BufferPoolAccessor2.0(  387): bufferpool2 0xef477418 : 0(0 size) total buffers - 0(0 size) used buffers - 33/36 (recycle/alloc) - 3/35 (fetch/transfer)
04-02 09:47:28.066 D/BufferPoolAccessor2.0(  387): Destruction - bufferpool2 0xef477418 cached: 0/0M, 0/0% in use; allocs: 36, 92% recycled; transfers: 35, 91% unfetched
04-02 09:47:28.066 D/CCodecBufferChannel(  479): [c2.android.vorbis.decoder#128] Created input block pool with allocatorID 16 => poolID 23 - OK (0)
04-02 09:47:28.066 D/BufferPoolAccessor2.0(  387): bufferpool2 0xef478318 : 0(0 size) total buffers - 0(0 size) used buffers - 29/32 (recycle/alloc) - 3/31 (fetch/transfer)
04-02 09:47:28.066 D/BufferPoolAccessor2.0(  387): Destruction - bufferpool2 0xef478318 cached: 0/0M, 0/0% in use; allocs: 32, 91% recycled; transfers: 31, 90% unfetched
04-02 09:47:28.067 D/CCodecBufferChannel(  479): [c2.android.vorbis.decoder#957] Created input block pool with allocatorID 16 => poolID 24 - OK (0)
04-02 09:47:28.067 D/BufferPoolAccessor2.0(  479): bufferpool2 0xe89e3cd8 : 0(0 size) total buffers - 0(0 size) used buffers - 2/7 (recycle/alloc) - 13/294 (fetch/transfer)
04-02 09:47:28.068 D/BufferPoolAccessor2.0(  479): Destruction - bufferpool2 0xe89e3cd8 cached: 0/0M, 0/0% in use; allocs: 7, 29% recycled; transfers: 294, 96% unfetched
04-02 09:47:28.068 D/BufferPoolAccessor2.0(  479): bufferpool2 0xe89e4318 : 0(0 size) total buffers - 0(0 size) used buffers - 1/7 (recycle/alloc) - 13/294 (fetch/transfer)
04-02 09:47:28.068 D/BufferPoolAccessor2.0(  824): bufferpool2 0xea376998 : 0(0 size) total buffers - 0(0 size) used buffers - 1/7 (recycle/alloc) - 6/92 (fetch/transfer)
04-02 09:47:28.068 D/BufferPoolAccessor2.0(  479): bufferpool2 0xea901958 : 0(0 size) total buffers - 0(0 size) used buffers - 2/7 (recycle/alloc) - 6/76 (fetch/transfer)
04-02 09:47:28.068 D/BufferPoolAccessor2.0(  479): Destruction - bufferpool2 0xea901958 cached: 0/0M, 0/0% in use; allocs: 7, 29% recycled; transfers: 76, 92% unfetched
04-02 09:47:28.068 D/BufferPoolAccessor2.0(  479): bufferpool2 0xe89e3b98 : 0(0 size) total buffers - 0(0 size) used buffers - 2/7 (recycle/alloc) - 6/46 (fetch/transfer)
04-02 09:47:28.068 D/BufferPoolAccessor2.0(  479): Destruction - bufferpool2 0xe89e3b98 cached: 0/0M, 0/0% in use; allocs: 7, 29% recycled; transfers: 46, 87% unfetched
04-02 09:47:28.069 D/BufferPoolAccessor2.0(  824): Destruction - bufferpool2 0xea376998 cached: 0/0M, 0/0% in use; allocs: 7, 14% recycled; transfers: 92, 93% unfetched
04-02 09:47:28.069 D/BufferPoolAccessor2.0(  479): bufferpool2 0xe91870d8 : 0(0 size) total buffers - 0(0 size) used buffers - 2/7 (recycle/alloc) - 5/42 (fetch/transfer)
04-02 09:47:28.069 D/BufferPoolAccessor2.0(  479): Destruction - bufferpool2 0xe91870d8 cached: 0/0M, 0/0% in use; allocs: 7, 29% recycled; transfers: 42, 88% unfetched
04-02 09:47:28.069 D/BufferPoolAccessor2.0(  479): bufferpool2 0xea902998 : 0(0 size) total buffers - 0(0 size) used buffers - 2/7 (recycle/alloc) - 5/68 (fetch/transfer)
04-02 09:47:28.069 D/BufferPoolAccessor2.0(  479): Destruction - bufferpool2 0xea902998 cached: 0/0M, 0/0% in use; allocs: 7, 29% recycled; transfers: 68, 93% unfetched
04-02 09:47:28.069 D/BufferPoolAccessor2.0(  479): Destruction - bufferpool2 0xe89e4318 cached: 0/0M, 0/0% in use; allocs: 7, 14% recycled; transfers: 294, 96% unfetched
04-02 09:47:28.069 D/BufferPoolAccessor2.0(  824): bufferpool2 0xea375f98 : 0(0 size) total buffers - 0(0 size) used buffers - 1/7 (recycle/alloc) - 6/96 (fetch/transfer)
04-02 09:47:28.069 D/BufferPoolAccessor2.0(  824): Destruction - bufferpool2 0xea375f98 cached: 0/0M, 0/0% in use; allocs: 7, 14% recycled; transfers: 96, 94% unfetched
04-02 09:47:28.070 I/CCodecBufferChannel(  479): [c2.android.vorbis.decoder#128] Created output block pool with allocatorID 16 => poolID 25 - OK
04-02 09:47:28.070 D/CCodecBufferChannel(  479): [c2.android.vorbis.decoder#128] Configured output block pool ids 25 => OK
04-02 09:47:28.072 I/CCodecBufferChannel(  479): [c2.android.vorbis.decoder#957] Created output block pool with allocatorID 16 => poolID 26 - OK
04-02 09:47:28.073 D/CCodecBufferChannel(  479): [c2.android.vorbis.decoder#957] Configured output block pool ids 26 => OK
04-02 09:47:28.074 I/Zygote  ( 3499): seccomp disabled by setenforce 0
04-02 09:47:28.085 I/ActivityManager(  479): app.processName = com.sohu.inputmethod.sogou.tv
04-02 09:47:28.085 I/ActivityManager(  479): Start proc 3499:com.sohu.inputmethod.sogou.tv/u0a47 for service {com.sohu.inputmethod.sogou.tv/com.sohu.inputmethod.sogou.tv.SogouIME}
04-02 09:47:28.061 I/rainbow_flow( 1993): type=1400 audit(0.0:1242): avc: denied { ioctl } for path="/dev/spidev1.0" dev="tmpfs" ino=3270 ioctlcmd=0x6b00 scontext=u:r:init:s0 tcontext=u:object_r:device:s0 tclass=chr_file permissive=1
04-02 09:47:28.093 I/adbd    (  397): jdwp connection from 3499
04-02 09:47:28.095 D/SimpleC2Component(  387): Using output block pool with poolID 25 => got 25 - 0
04-02 09:47:28.095 D/SimpleC2Component(  387): Using output block pool with poolID 26 => got 26 - 0
04-02 09:47:28.114 D/CompatibilityChangeReporter(  479): Compat change id reported: 168419799; UID 10047; state: DISABLED
04-02 09:47:28.125 D/CompatibilityChangeReporter( 3499): Compat change id reported: 171979766; UID 10047; state: DISABLED
04-02 09:47:28.133 D/ApplicationLoaders( 3499): Returning zygote-cached class loader: /system/framework/android.test.base.jar
04-02 09:47:28.134 D/ApplicationLoaders( 3499): Returning zygote-cached class loader: /system/framework/android.hidl.manager-V1.0-java.jar
04-02 09:47:28.134 D/ApplicationLoaders( 3499): Returning zygote-cached class loader: /system/framework/android.hidl.base-V1.0-java.jar
04-02 09:47:28.157 D/CCodecBufferChannel(  479): [c2.android.vorbis.decoder#957] MediaCodec discarded an unknown buffer
04-02 09:47:28.157 D/CCodecBufferChannel(  479): [c2.android.vorbis.decoder#957] MediaCodec discarded an unknown buffer
04-02 09:47:28.160 I/hw-BpHwBinder(  479): onLastStrongRef automatically unlinking death recipients
04-02 09:47:28.178 D/CCodecBufferChannel(  479): [c2.android.vorbis.decoder#128] MediaCodec discarded an unknown buffer
04-02 09:47:28.178 D/CCodecBufferChannel(  479): [c2.android.vorbis.decoder#128] MediaCodec discarded an unknown buffer
04-02 09:47:28.178 D/CCodecBufferChannel(  479): [c2.android.vorbis.decoder#128] MediaCodec discarded an unknown buffer
04-02 09:47:28.180 I/hw-BpHwBinder(  479): onLastStrongRef automatically unlinking death recipients
04-02 09:47:28.180 I/hw-BpHwBinder(  387): onLastStrongRef automatically unlinking death recipients
04-02 09:47:28.181 V/C2Store (  387): in ~ComponentModule
04-02 09:47:28.181 V/C2Store (  387): unloading dll
04-02 09:47:28.182 D/MediaCodecList(  479): codecHandlesFormat: no format, so no extra checks
04-02 09:47:28.184 D/CCodec  (  479): allocate(c2.android.vorbis.decoder)
04-02 09:47:28.185 V/C2Store (  387): in init
04-02 09:47:28.185 V/C2Store (  387): loading dll
04-02 09:47:28.188 V/GraphicsEnvironment( 3499): ANGLE Developer option for 'com.sohu.inputmethod.sogou.tv' set to: 'default'
04-02 09:47:28.188 V/GraphicsEnvironment( 3499): Neither updatable production driver nor prerelease driver is supported.
04-02 09:47:28.189 I/CCodec  (  479): Created component [c2.android.vorbis.decoder]
04-02 09:47:28.190 D/CCodecConfig(  479): read media type: audio/vorbis
04-02 09:47:28.190 D/NetworkSecurityConfig( 3499): Using Network Security Config from resource network_security_config debugBuild: false
04-02 09:47:28.192 D/NetworkSecurityConfig( 3499): Using Network Security Config from resource network_security_config debugBuild: false
04-02 09:47:28.193 D/ReflectedParamUpdater(  479): extent() != 1 for single value type: algo.buffers.max-count.values
04-02 09:47:28.193 D/ReflectedParamUpdater(  479): extent() != 1 for single value type: output.subscribed-indices.values
04-02 09:47:28.193 D/ReflectedParamUpdater(  479): extent() != 1 for single value type: input.buffers.allocator-ids.values
04-02 09:47:28.194 D/ReflectedParamUpdater(  479): extent() != 1 for single value type: output.buffers.allocator-ids.values
04-02 09:47:28.194 D/ReflectedParamUpdater(  479): extent() != 1 for single value type: algo.buffers.allocator-ids.values
04-02 09:47:28.194 D/ReflectedParamUpdater(  479): extent() != 1 for single value type: output.buffers.pool-ids.values
04-02 09:47:28.194 D/ReflectedParamUpdater(  479): extent() != 1 for single value type: algo.buffers.pool-ids.values
04-02 09:47:28.194 I/MultiDex( 3499): VM with version 2.1.0 has multidex support
04-02 09:47:28.194 I/MultiDex( 3499): Installing application
04-02 09:47:28.194 I/MultiDex( 3499): VM has multidex support, MultiDex support library is disabled.
04-02 09:47:28.197 I/CCodecConfig(  479): query failed after returning 7 values (BAD_INDEX)
04-02 09:47:28.197 D/CCodecConfig(  479): c2 config diff is Dict {
04-02 09:47:28.197 D/CCodecConfig(  479):   c2::u32 coded.bitrate.value = 64000
04-02 09:47:28.197 D/CCodecConfig(  479):   c2::u32 input.buffers.max-size.value = 32768
04-02 09:47:28.197 D/CCodecConfig(  479):   c2::u32 input.delay.value = 0
04-02 09:47:28.197 D/CCodecConfig(  479):   string input.media-type.value = "audio/vorbis"
04-02 09:47:28.197 D/CCodecConfig(  479):   string output.media-type.value = "audio/raw"
04-02 09:47:28.197 D/CCodecConfig(  479):   c2::u32 raw.channel-count.value = 1
04-02 09:47:28.197 D/CCodecConfig(  479):   c2::u32 raw.sample-rate.value = 48000
04-02 09:47:28.197 D/CCodecConfig(  479): }
04-02 09:47:28.198 D/CCodec  (  479): [c2.android.vorbis.decoder] buffers are bound to CCodec for this session
04-02 09:47:28.198 D/CCodecConfig(  479): no c2 equivalents for durationUs
04-02 09:47:28.198 D/CCodecConfig(  479): no c2 equivalents for track-id
04-02 09:47:28.198 D/CCodecConfig(  479): no c2 equivalents for csd-1
04-02 09:47:28.198 D/CCodecConfig(  479): no c2 equivalents for channel-mask
04-02 09:47:28.199 D/CCodecConfig(  479): no c2 equivalents for flags
04-02 09:47:28.200 D/CCodecConfig(  479): c2 config diff is   c2::u32 coded.bitrate.value = 112000
04-02 09:47:28.200 D/CCodecConfig(  479):   c2::u32 raw.channel-count.value = 2
04-02 09:47:28.200 D/CCodecConfig(  479):   c2::u32 raw.sample-rate.value = 44100
04-02 09:47:28.202 W/Codec2Client(  479): query -- param skipped: index = 1107298332.
04-02 09:47:28.202 D/CCodec  (  479): setup formats input: AMessage(what = 0x00000000) = {
04-02 09:47:28.202 D/CCodec  (  479):   int32_t bitrate = 112000
04-02 09:47:28.202 D/CCodec  (  479):   int32_t channel-count = 2
04-02 09:47:28.202 D/CCodec  (  479):   int32_t max-input-size = 32768
04-02 09:47:28.202 D/CCodec  (  479):   string mime = "audio/vorbis"
04-02 09:47:28.202 D/CCodec  (  479):   int32_t sample-rate = 44100
04-02 09:47:28.202 D/CCodec  (  479): }
04-02 09:47:28.202 D/CCodec  (  479): setup formats output: AMessage(what = 0x00000000) = {
04-02 09:47:28.202 D/CCodec  (  479):   int32_t channel-count = 2
04-02 09:47:28.202 D/CCodec  (  479):   string mime = "audio/raw"
04-02 09:47:28.202 D/CCodec  (  479):   int32_t sample-rate = 44100
04-02 09:47:28.202 D/CCodec  (  479):   int32_t channel-mask = 3
04-02 09:47:28.202 D/CCodec  (  479): }
04-02 09:47:28.203 I/CCodecConfig(  479): query failed after returning 7 values (BAD_INDEX)
04-02 09:47:28.204 W/Codec2Client(  479): query -- param skipped: index = 1342179345.
04-02 09:47:28.204 W/Codec2Client(  479): query -- param skipped: index = 2415921170.
04-02 09:47:28.205 D/CCodecBufferChannel(  479): [c2.android.vorbis.decoder#61] Created input block pool with allocatorID 16 => poolID 25 - OK (0)
04-02 09:47:28.207 I/CCodecBufferChannel(  479): [c2.android.vorbis.decoder#61] Created output block pool with allocatorID 16 => poolID 27 - OK
04-02 09:47:28.208 D/CCodecBufferChannel(  479): [c2.android.vorbis.decoder#61] Configured output block pool ids 27 => OK
04-02 09:47:28.210 D/SimpleC2Component(  387): Using output block pool with poolID 27 => got 27 - 0
04-02 09:47:28.235 E/SogouIME( 3499): setupInputSurface
04-02 09:47:28.250 D/CCodecBufferChannel(  479): [c2.android.vorbis.decoder#61] MediaCodec discarded an unknown buffer
04-02 09:47:28.250 D/CCodecBufferChannel(  479): [c2.android.vorbis.decoder#61] MediaCodec discarded an unknown buffer
04-02 09:47:28.251 I/hw-BpHwBinder(  479): onLastStrongRef automatically unlinking death recipients
04-02 09:47:28.251 I/hw-BpHwBinder(  387): onLastStrongRef automatically unlinking death recipients
04-02 09:47:28.252 V/C2Store (  387): in ~ComponentModule
04-02 09:47:28.252 V/C2Store (  387): unloading dll
04-02 09:47:28.307 I/DefaultIMS( 3499): DefaultIMS::onCreate()
04-02 09:47:28.307 I/DefaultIMS( 3499): DefaultIMS::onCreate() finish
04-02 09:47:28.351 W/ActivityTaskManager(  479): Current config: {1.0 ?mcc?mnc [zh_CN] ldltr sw720dp w1280dp h696dp 240dpi xlrg long land television -touch qwerty/v/v dpad/v winConfig={ mBounds=Rect(0, 0 - 1920, 1080) mAppBounds=Rect(0, 0 - 1920, 1080) mMaxBounds=Rect(0, 0 - 1920, 1080) mWindowingMode=fullscreen mDisplayWindowingMode=fullscreen mActivityType=undefined mAlwaysOnTop=undefined mRotation=ROTATION_0} s.6 fontWeightAdjustment=0} unchanged for IME proc com.sohu.inputmethod.sogou.tv
04-02 09:47:28.351 W/ActivityTaskManager(  479): Current config: {1.0 ?mcc?mnc [zh_CN] ldltr sw720dp w1280dp h696dp 240dpi xlrg long land television -touch qwerty/v/v dpad/v winConfig={ mBounds=Rect(0, 0 - 1920, 1080) mAppBounds=Rect(0, 0 - 1920, 1080) mMaxBounds=Rect(0, 0 - 1920, 1080) mWindowingMode=fullscreen mDisplayWindowingMode=fullscreen mActivityType=undefined mAlwaysOnTop=undefined mRotation=ROTATION_0} s.6 fontWeightAdjustment=0} unchanged for IME proc com.sohu.inputmethod.sogou.tv
04-02 09:47:28.355 D/CompatibilityChangeReporter(  479): Compat change id reported: 158002302; UID 1000; state: ENABLED
04-02 09:47:28.371 I/DefaultIMS( 3499): onInitializeInterface: 
04-02 09:47:28.408 I/InputModelManager( 3499): mLanguageId+0 mInputType=0mChInputType=2
04-02 09:47:28.410 I/nw      ( 3499): loadKeyData: loadLanguageInfoSuccess ? true
04-02 09:47:28.410 I/InputModelManager( 3499): getCurrentLanguageBean inputMode languageId:0
04-02 09:47:28.411 I/nw      ( 3499): onChanged: languageResStatusBean=Language load status:
04-02 09:47:28.411 I/nw      ( 3499): 	{}
04-02 09:47:28.422 I/InputModelManager( 3499): getCurrentLanguageBean inputMode languageId:0
04-02 09:47:28.427 I/LanguageResManager( 3499): prepareResource onSuccess: 
04-02 09:47:28.428 I/LanguageResManager( 3499): prepareResource onSuccess: 
04-02 09:47:28.430 E/bt_upio (  250): upio_set : /proc/bluetooth/sleep/btwrite(-1) incorrent
04-02 09:47:28.431 D/InputSurface( 3499): initView: 
04-02 09:47:28.432 I/MainPresenter( 3499): initView: 
04-02 09:47:28.433 D/MainLayer( 3499): initView: 
04-02 09:47:28.436 D/BodyAreaPresenter( 3499): initView: 
04-02 09:47:28.446 E/dangbei111( 1051): cccccc 检查遥控器是否连接: Dangbei C9:B5:96:5C:E3:ED
04-02 09:47:28.447 E/dangbei111( 1051): cccccc 检查遥控器是否连接: 蓝牙的结果 Dangbei C9:B5:96:5C:E3:ED true
04-02 09:47:28.447 E/dangbei111( 1051): cccccc input中没有遥控器存在
04-02 09:47:28.447 E/dangbei111( 1051): cccccc 蓝牙状态连接 开启8s check任务
04-02 09:47:28.447 E/dangbei111( 1051): cccccc 没有遥控器连接 不进行 getRCInfo return
04-02 09:47:28.447 E/dangbei111( 1051): getBattery delay 0
04-02 09:47:28.450 D/BluetoothGatt( 1051): discoverServices() - device: C9:B5:96:5C:E3:ED
04-02 09:47:28.450 I/bt_btif_config(  673): system/bt/btif/src/btif_config.cc:137 btif_get_device_type: Device [c9:b5:96:5c:e3:ed] device type 2
04-02 09:47:28.450 I/bt_stack(  673): [INFO:connection_manager.cc(104)] App id=0x06already doing background connection to c9:b5:96:5c:e3:ed
04-02 09:47:28.451 E/dangbei111( 1051): 5mins后会再次获取电量
04-02 09:47:28.451 E/dangbei111( 1051): getBattery delay 300000
04-02 09:47:28.451 I/bt_bta_gattc(  673): system/bt/bta/gatt/bta_gattc_cache.cc:902 bta_gattc_get_gatt_db: bta_gattc_get_gatt_db
04-02 09:47:28.453 D/BluetoothGatt( 1051): onSearchComplete() = Device=C9:B5:96:5C:E3:ED Status=0
04-02 09:47:28.476 I/DefaultIMS( 3499): DefaultIMS::onInitializeInterface() finish
04-02 09:47:28.478 D/CompatibilityChangeReporter( 3499): Compat change id reported: 160794467; UID 10047; state: DISABLED
04-02 09:47:28.481 I/DefaultIMS( 3499): onStartInput attribute=android.view.inputmethod.EditorInfo@e57f73c restarting=false   inputType: 0
04-02 09:47:28.487 I/SendAliveManager( 3499): doWhenNetworkStateChanged
04-02 09:47:28.487 I/nw      ( 3499): onChanged: languageResStatusBean=Language load status:
04-02 09:47:28.487 I/nw      ( 3499): 	{zh=3}
04-02 09:47:28.487 I/DefaultIMS( 3499): initializedCallback: time tag1=1775094448487
04-02 09:47:28.488 I/nw      ( 3499): initializeInputSession: inputMode=languageID=0
04-02 09:47:28.488 I/nw      ( 3499): scriptID=2
04-02 09:47:28.488 I/nw      ( 3499): layoutID=2
04-02 09:47:28.488 I/KeyEventTransfer( 3499): languageID=0
04-02 09:47:28.488 I/KeyEventTransfer( 3499): scriptID=2
04-02 09:47:28.488 I/KeyEventTransfer( 3499): layoutID=2
04-02 09:47:28.518 D/CompatibilityChangeReporter(  479): Compat change id reported: 149924527; UID 10047; state: ENABLED
04-02 09:47:28.519 D/CompatibilityChangeReporter(  479): Compat change id reported: 132649864; UID 10047; state: DISABLED
04-02 09:47:28.665 I/chromium( 3499): [0402/094728:INFO:config_service.cc(227)] Load config buffer. err_code = 3, err_msg = Line: 1, column: 1, Unexpected token.
04-02 09:47:28.753 I/CHInputSession( 3499): set engine mode: 2 layout: 2
04-02 09:47:28.767 D/CHJNIDefault( 3499): setInputMode value=-1
04-02 09:47:28.768 I/InputContext( 3499): onChanged: candidateWords=[]
04-02 09:47:28.769 I/InputContext( 3499): onChanged: candidateWordInfo.size=0 	 global offset: 0pausedCandidateData = false
04-02 09:47:28.769 I/InputContext( 3499): onChanged: composing=null
04-02 09:47:28.769 I/InputContext( 3499): onChanged: forCompose=false
04-02 09:47:28.776 I/nw      ( 3499): onChanged: input mode:languageID=0
04-02 09:47:28.776 I/nw      ( 3499): scriptID=2
04-02 09:47:28.776 I/nw      ( 3499): layoutID=2
04-02 09:47:28.779 E/WifiHAL (  667): wifi_get_link_stats: requestResponse Error:-5
04-02 09:47:28.781 E/WifiVendorHal(  479): getWifiLinkLayerStats_1_5_Internal(l.1191) failed {.code = ERROR_INVALID_ARGS, .description = }
04-02 09:47:29.059 W/IorapForwardingService(  479): No service published for: iorapd
04-02 09:47:29.091 E/hq      ( 1095): LookupControler:::显示寻找遥控器3 topActivity=com.dangbei.launcher.home.LauncherActivity@133c606
04-02 09:47:29.091 E/LookupControler( 1095): showWindow: isWindowShow=false
04-02 09:47:29.248 D/ExifInterface( 1095): No image meets the size requirements of a thumbnail image.
04-02 09:47:29.271 I/gralloc (  257): alloc buffer:W:1920 H:1080 S:1920 PL[1920 1080] SZ:8294400 fmt:1 if:0 af:1 usg:20000b00 fg:00000004
04-02 09:47:29.273 I/gralloc (  257): alloc buffer:W:1920 H:1080 S:1920 PL[1920 1080] SZ:8294400 fmt:1 if:0 af:1 usg:20000b00 fg:00000004
04-02 09:47:29.275 I/gralloc (  257): alloc buffer:W:1920 H:1080 S:1920 PL[1920 1080] SZ:8294400 fmt:1 if:0 af:1 usg:20000b00 fg:00000004
04-02 09:47:29.329 I/DefaultIMS( 3499): onStartInput attribute=android.view.inputmethod.EditorInfo@ef9ab27 restarting=false   inputType: 0
04-02 09:47:29.346 D/ExifInterface( 1095): No image meets the size requirements of a thumbnail image.
04-02 09:47:29.371 D/hdmi-cec(  263): receive invalid cec message!
04-02 09:47:29.371 D/hdmi-cec(  263): receive poll message [04], skip!
04-02 09:47:30.061 W/IorapForwardingService(  479): No service published for: iorapd
04-02 09:47:30.445 E/dangbei111( 1051): cccccc 检测到网络 准备请求遥控器ota信息
04-02 09:47:30.448 W/ContextImpl( 1051): Calling a method in the system process without a qualified user: android.app.ContextImpl.sendBroadcast:1173 android.content.ContextWrapper.sendBroadcast:479 com.dangbei.remotecontroller.RemoteControllerReceiver.sendMessageToUpdateHelper:122 com.dangbei.remotecontroller.RemoteControllerReceiver.access$100:28 com.dangbei.remotecontroller.RemoteControllerReceiver$1.handleMessage:41 
04-02 09:47:30.450 E/ActivityManager(  479): Sending non-protected broadcast com.dangbei.remote.connected from system 1051:com.dangbei.lerad.etna.haqu/1000 pkg com.dangbei.lerad.etna.haqu
04-02 09:47:30.450 E/ActivityManager(  479): java.lang.Throwable
04-02 09:47:30.450 E/ActivityManager(  479): 	at com.android.server.am.ActivityManagerService.checkBroadcastFromSystem(ActivityManagerService.java:12816)
04-02 09:47:30.450 E/ActivityManager(  479): 	at com.android.server.am.ActivityManagerService.broadcastIntentLocked(ActivityManagerService.java:13416)
04-02 09:47:30.450 E/ActivityManager(  479): 	at com.android.server.am.ActivityManagerService.broadcastIntentLocked(ActivityManagerService.java:12833)
04-02 09:47:30.450 E/ActivityManager(  479): 	at com.android.server.am.ActivityManagerService.broadcastIntentWithFeature(ActivityManagerService.java:13670)
04-02 09:47:30.450 E/ActivityManager(  479): 	at android.app.IActivityManager$Stub.onTransact(IActivityManager.java:2326)
04-02 09:47:30.450 E/ActivityManager(  479): 	at com.android.server.am.ActivityManagerService.onTransact(ActivityManagerService.java:2509)
04-02 09:47:30.450 E/ActivityManager(  479): 	at android.os.Binder.execTransactInternal(Binder.java:1179)
04-02 09:47:30.450 E/ActivityManager(  479): 	at android.os.Binder.execTransact(Binder.java:1143)
04-02 09:47:30.451 E/ActivityManager(  479): Sending non-protected broadcast com.dangbei.remote.connected from system 1051:com.dangbei.lerad.etna.haqu/1000 pkg com.dangbei.lerad.etna.haqu
04-02 09:47:30.451 E/ActivityManager(  479): java.lang.Throwable
04-02 09:47:30.451 E/ActivityManager(  479): 	at com.android.server.am.ActivityManagerService.checkBroadcastFromSystem(ActivityManagerService.java:12816)
04-02 09:47:30.451 E/ActivityManager(  479): 	at com.android.server.am.ActivityManagerService.broadcastIntentLocked(ActivityManagerService.java:13513)
04-02 09:47:30.451 E/ActivityManager(  479): 	at com.android.server.am.ActivityManagerService.broadcastIntentLocked(ActivityManagerService.java:12833)
04-02 09:47:30.451 E/ActivityManager(  479): 	at com.android.server.am.ActivityManagerService.broadcastIntentWithFeature(ActivityManagerService.java:13670)
04-02 09:47:30.451 E/ActivityManager(  479): 	at android.app.IActivityManager$Stub.onTransact(IActivityManager.java:2326)
04-02 09:47:30.451 E/ActivityManager(  479): 	at com.android.server.am.ActivityManagerService.onTransact(ActivityManagerService.java:2509)
04-02 09:47:30.451 E/ActivityManager(  479): 	at android.os.Binder.execTransactInternal(Binder.java:1179)
04-02 09:47:30.451 E/ActivityManager(  479): 	at android.os.Binder.execTransact(Binder.java:1143)
04-02 09:47:30.453 I/DropBoxManagerService(  479): add tag=system_server_wtf isTagEnabled=true flags=0x2
04-02 09:47:30.456 I/DropBoxManagerService(  479): add tag=system_server_wtf isTagEnabled=true flags=0x2
04-02 09:47:30.458 E/dangbei111( 1051): 读出来的遥控器版本不是空 CSH260331
04-02 09:47:30.458 E/dangbei111( 1051): cccccc requestRemoteInfoInner factory NA version CSH260331
04-02 09:47:30.453 I/DefaultDispatch( 1051): type=1400 audit(0.0:1243): avc: denied { read } for name="devices" dev="proc" ino=4026532014 scontext=u:r:system_app:s0 tcontext=u:object_r:proc:s0 tclass=file permissive=1
04-02 09:47:30.481 I/okhttp.OkHttpClient( 1051): --> POST http://tymsgapi.qun7.com/v1/core/ykota (622-byte body)
04-02 09:47:30.499 W/System  ( 1051): A resource failed to call close. 
04-02 09:47:30.499 W/System  ( 1051): A resource failed to call close. 
04-02 09:47:30.499 W/System  ( 1051): A resource failed to call close. 
04-02 09:47:30.499 W/System  ( 1051): A resource failed to call close. 
04-02 09:47:30.499 W/System  ( 1051): A resource failed to call close. 
04-02 09:47:30.499 W/System  ( 1051): A resource failed to call close. 
04-02 09:47:30.499 W/System  ( 1051): A resource failed to call close. 
04-02 09:47:30.499 W/System  ( 1051): A resource failed to call close. 
04-02 09:47:30.499 W/System  ( 1051): A resource failed to call close. 
04-02 09:47:30.453 I/DefaultDispatch( 1051): type=1400 audit(0.0:1244): avc: denied { open } for path="/proc/bus/input/devices" dev="proc" ino=4026532014 scontext=u:r:system_app:s0 tcontext=u:object_r:proc:s0 tclass=file permissive=1
04-02 09:47:30.453 I/DefaultDispatch( 1051): type=1400 audit(0.0:1245): avc: denied { getattr } for path="/proc/bus/input/devices" dev="proc" ino=4026532014 scontext=u:r:system_app:s0 tcontext=u:object_r:proc:s0 tclass=file permissive=1
04-02 09:47:30.562 I/okhttp.OkHttpClient( 1051): <-- 200 OK http://tymsgapi.qun7.com/v1/core/ykota (80ms, unknown-length body)
04-02 09:47:30.567 E/dangbei111( 1051): cccccc requestRemoteInfoInner BaseResponse{message='success', data=null, code=0}
04-02 09:47:30.568 W/System.err( 1051): java.lang.NullPointerException: Attempt to invoke virtual method 'java.lang.String com.etna.haqu.model.business.bean.db.remote.RemoteUpdateBean.getDownloadId()' on a null object reference
04-02 09:47:30.569 W/System.err( 1051): 	at com.dangbei.etna.update.remote.RemoteUpdateHelper$requestRemoteInfoInner$1$2.invoke(RemoteUpdateHelper.kt:199)
04-02 09:47:30.569 W/System.err( 1051): 	at com.dangbei.etna.update.remote.RemoteUpdateHelper$requestRemoteInfoInner$1$2.invoke(RemoteUpdateHelper.kt:188)
04-02 09:47:30.569 W/System.err( 1051): 	at com.etna.haqu.support.ext.FlowExtKt$safeCollect$3.emit(FlowExt.kt:52)
04-02 09:47:30.569 W/System.err( 1051): 	at kotlinx.coroutines.flow.FlowKt__ErrorsKt$catchImpl$2.emit(Errors.kt:158)
04-02 09:47:30.569 W/System.err( 1051): 	at kotlinx.coroutines.flow.FlowKt__ChannelsKt.emitAllImpl$FlowKt__ChannelsKt(Channels.kt:62)
04-02 09:47:30.569 W/System.err( 1051): 	at kotlinx.coroutines.flow.FlowKt__ChannelsKt.access$emitAllImpl$FlowKt__ChannelsKt(Channels.kt:1)
04-02 09:47:30.569 W/System.err( 1051): 	at kotlinx.coroutines.flow.FlowKt__ChannelsKt$emitAllImpl$1.invokeSuspend(Unknown Source:14)
04-02 09:47:30.569 W/System.err( 1051): 	at kotlin.coroutines.jvm.internal.BaseContinuationImpl.resumeWith(ContinuationImpl.kt:33)
04-02 09:47:30.569 W/System.err( 1051): 	at kotlinx.coroutines.DispatchedTask.run(DispatchedTask.kt:106)
04-02 09:47:30.569 W/System.err( 1051): 	at android.os.Handler.handleCallback(Handler.java:938)
04-02 09:47:30.569 W/System.err( 1051): 	at android.os.Handler.dispatchMessage(Handler.java:99)
04-02 09:47:30.569 W/System.err( 1051): 	at android.os.Looper.loopOnce(Looper.java:201)
04-02 09:47:30.569 W/System.err( 1051): 	at android.os.Looper.loop(Looper.java:288)
04-02 09:47:30.569 W/System.err( 1051): 	at android.app.ActivityThread.main(ActivityThread.java:7854)
04-02 09:47:30.570 W/System.err( 1051): 	at java.lang.reflect.Method.invoke(Native Method)
04-02 09:47:30.570 W/System.err( 1051): 	at com.android.internal.os.RuntimeInit$MethodAndArgsCaller.run(RuntimeInit.java:548)
04-02 09:47:30.570 W/System.err( 1051): 	at com.android.internal.os.ZygoteInit.main(ZygoteInit.java:1182)
04-02 09:47:30.575 E/ccc     ( 1051): cccccc com.dangbei.haqusetting not connect
04-02 09:47:30.575 E/ccc     ( 1051): cccccc updateHelper 通知更新 
04-02 09:47:30.575 E/dangbei111( 1051): cccccc requestRemoteInfoInner 出现异常 Attempt to invoke virtual method 'java.lang.String com.etna.haqu.model.business.bean.db.remote.RemoteUpdateBean.getDownloadId()' on a null object reference
01-01 08:02:31.426 W/audit   ( 3419): audit_lost=695 audit_rate_limit=5 audit_backlog_limit=64
04-02 09:47:30.845 I/cling--ap-1( 3092): type=1400 audit(0.0:1246): avc: denied { search } for name="net" dev="sysfs" ino=10441 scontext=u:r:platform_app:s0:c512,c768 tcontext=u:object_r:sysfs_net:s0 tclass=dir permissive=1 app=com.dangbei.screencast
01-01 08:02:31.435 E/audit   ( 3419): rate limit exceeded
04-02 09:47:30.845 I/cling--ap-1( 3092): type=1400 audit(0.0:1247): avc: denied { read } for name="address" dev="sysfs" ino=16905 scontext=u:r:platform_app:s0:c512,c768 tcontext=u:object_r:sysfs_net:s0 tclass=file permissive=1 app=com.dangbei.screencast
04-02 09:47:31.063 W/IorapForwardingService(  479): No service published for: iorapd
04-02 09:47:31.210 D/TvWindowManager(  479): key event key = KEYCODE_DPAD_UP down = true
04-02 09:47:31.211 D/GpioService(  479): mFlickerEnable = true
04-02 09:47:31.213 I/SogouIME( 3499): onKeyDown: keyoCode=19
04-02 09:47:31.213 I/DefaultIMS( 3499): onKeyDown: keyoCode=19
04-02 09:47:31.233 D/TvWindowManager(  479): key event key = KEYCODE_DPAD_UP down = false
04-02 09:47:31.236 W/InputManager-JNI(  479): Input channel object 'c6b5c10 com.dangbei.leard.leradlauncher (client)' was disposed without first being removed with the input manager!
01-01 08:02:31.820 W/hdr10p_Configure(  378): 68 callbacks suppressed
01-01 08:02:31.820 I/        (  378): DVI mode selected: packets not configured
01-01 08:02:31.833 W/set_vsif_config(  378): 68 callbacks suppressed
01-01 08:02:31.833 I/        (  378): Error: set vsif failed
01-01 08:02:31.844 I/        (  378): DVI mode selected: packets not configured
01-01 08:02:31.851 I/        (  378): Error: set vsif failed
04-02 09:47:31.299 I/DefaultIMS( 3499): onStartInput attribute=android.view.inputmethod.EditorInfo@5e6bf7d restarting=false   inputType: 0
01-01 08:02:31.870 I/        (  378): DVI mode selected: packets not configured
01-01 08:02:31.877 I/        (  378): Error: set vsif failed
01-01 08:02:31.902 I/        (  378): DVI mode selected: packets not configured
01-01 08:02:31.909 I/        (  378): Error: set vsif failed
04-02 09:47:31.447 E/dangbei111( 1051): cccccc 准备开始进行 startScanInner
04-02 09:47:31.448 E/dangbei111( 1051): cccccc 小于10s 由于之前已经开始扫描了 不在开启新的扫描 
01-01 08:02:32.215 I/        (  378): DVI mode selected: packets not configured
01-01 08:02:32.222 I/        (  378): Error: set vsif failed
01-01 08:02:32.236 I/        (  378): DVI mode selected: packets not configured
01-01 08:02:32.242 I/        (  378): Error: set vsif failed
01-01 08:02:32.267 I/        (  378): DVI mode selected: packets not configured
01-01 08:02:32.274 I/        (  378): Error: set vsif failed
04-02 09:47:31.701 I/Thread-2( 3550): type=1400 audit(0.0:1253): avc: denied { execute } for name="am" dev="dm-1" ino=1164 scontext=u:r:system_app:s0 tcontext=u:object_r:vendor_file:s0 tclass=file permissive=1
01-01 08:02:32.285 I/        (  378): DVI mode selected: packets not configured
01-01 08:02:32.313 I/        (  378): Error: set vsif failed
04-02 09:47:31.751 D/aaa     ( 1107): LedStatusService onStartCommand begin
04-02 09:47:31.755 D/aaa     ( 1107): topPkg is -------------- :com.dangbei.leard.leradlauncher
04-02 09:47:31.758 D/aaa     ( 1107): WiFi is connect 
04-02 09:47:31.701 I/Thread-2( 3550): type=1400 audit(0.0:1254): avc: denied { read open } for path="/vendor/xbin/am" dev="dm-1" ino=1164 scontext=u:r:system_app:s0 tcontext=u:object_r:vendor_file:s0 tclass=file permissive=1
04-02 09:47:31.784 D/bbb     ( 1170): onStartCommand begin !!!!!!! data分区剩余 24956MB
01-01 08:02:32.343 I/        (  378): DVI mode selected: packets not configured
04-02 09:47:31.701 I/Thread-2( 3550): type=1400 audit(0.0:1255): avc: denied { execute_no_trans } for path="/vendor/xbin/am" dev="dm-1" ino=1164 scontext=u:r:system_app:s0 tcontext=u:object_r:vendor_file:s0 tclass=file permissive=1
04-02 09:47:31.797 E/WifiHAL (  667): wifi_get_link_stats: requestResponse Error:-5
04-02 09:47:31.798 E/WifiVendorHal(  479): getWifiLinkLayerStats_1_5_Internal(l.1191) failed {.code = ERROR_INVALID_ARGS, .description = }
01-01 08:02:32.372 I/        (  378): Error: set vsif failed
01-01 08:02:32.384 I/        (  378): DVI mode selected: packets not configured
01-01 08:02:32.391 I/        (  378): Error: set vsif failed
04-02 09:47:31.873 I/EventThread(  263): type=1400 audit(0.0:1256): avc: denied { search } for name="extcon" dev="sysfs" ino=18102 scontext=u:r:hal_tv_cec_default:s0 tcontext=u:object_r:sysfs_extcon:s0 tclass=dir permissive=1
04-02 09:47:32.065 W/IorapForwardingService(  479): No service published for: iorapd
04-02 09:47:32.301 I/bt_stack(  673): [INFO:btsnoop.cc(338)] clear_l2cap_allowlist: Clearing acceptlist from l2cap channel. conn_handle=16 cid=4:4
04-02 09:47:32.302 I/bt_stack(  673): [INFO:eatt_impl.h(578)] supported_features_cb c9:b5:96:5c:e3:ed is_eatt_supported = 0
04-02 09:47:32.302 I/bluetooth(  673): system/bt/stack/gap/gap_ble.cc:298 client_connect_cback: No active GAP service found for peer:xx:xx:xx:xx:e3:ed callback:Disconnected
04-02 09:47:32.302 I/bt_bta_gattc(  673): system/bt/bta/gatt/bta_gattc_act.cc:1115 bta_gattc_conn_cback: Disconnected att_id:3 transport:le reason:GATT_CONN_TIMEOUT
04-02 09:47:32.302 I/bt_bta_gattc(  673): system/bt/bta/gatt/bta_gattc_act.cc:1115 bta_gattc_conn_cback: Disconnected att_id:4 transport:le reason:GATT_CONN_TIMEOUT
04-02 09:47:32.302 I/bt_bta_gattc(  673): system/bt/bta/gatt/bta_gattc_act.cc:1115 bta_gattc_conn_cback: Disconnected att_id:5 transport:le reason:GATT_CONN_TIMEOUT
04-02 09:47:32.302 I/bt_bta_gattc(  673): system/bt/bta/gatt/bta_gattc_act.cc:1115 bta_gattc_conn_cback: Disconnected att_id:6 transport:le reason:GATT_CONN_TIMEOUT
04-02 09:47:32.303 W/bt_btm_sec(  673): system/bt/stack/btm/btm_sec.cc:3685 btm_sec_disconnected: Got uncommon disconnection reason:Connection Timeout handle:0x0010
04-02 09:47:32.303 E/bt_bta_hh(  673): system/bt/bta/hh/bta_hh_le.cc:999 bta_hh_security_cmpl: Encryption failed status:BTA_HH_ERR_SEC btm_status:BTM_ERR_PROCESSING BLE mac:c9:b5:96:5c:e3:ed
04-02 09:47:32.304 I/btif_av (  673): system/bt/btif/src/btif_av.cc:3352 btif_av_acl_disconnected: btif_av_acl_disconnected: Peer c9:b5:96:5c:e3:ed : ACL Disconnected
04-02 09:47:32.304 E/bt_upio (  250): upio_set : /proc/bluetooth/sleep/btwrite(-1) incorrent
04-02 09:47:32.304 I/btif_av (  673): system/bt/btif/src/btif_av.cc:1078 FindOrCreatePeer: BtifAvPeer *BtifAvSource::FindOrCreatePeer(const RawAddress &, tBTA_AV_HNDL): Create peer: peer_address=c9:b5:96:5c:e3:ed bta_handle=0x41 peer_id=0
04-02 09:47:32.304 I/btif_av (  673): system/bt/btif/src/btif_av.cc:3279 btif_av_get_peer_sep: No active sink or source peer found
04-02 09:47:32.304 I/bt_btif_a2dp_source(  673): system/bt/btif/src/btif_a2dp_source.cc:691 btif_a2dp_source_on_idle: btif_a2dp_source_on_idle: state=STATE_OFF
04-02 09:47:32.304 I/btif_av (  673): system/bt/btif/src/btif_av.cc:3279 btif_av_get_peer_sep: No active sink or source peer found
04-02 09:47:32.304 I/bt_btif_a2dp_source(  673): system/bt/btif/src/btif_a2dp_source.cc:691 btif_a2dp_source_on_idle: btif_a2dp_source_on_idle: state=STATE_OFF
04-02 09:47:32.304 I/btif_av (  673): system/bt/btif/src/btif_av.cc:1123 DeleteIdlePeers: DeleteIdlePeers: Deleting idle peer: c9:b5:96:5c:e3:ed bta_handle=0x41
