03-31 16:35:50.970 D/XiriService(  307): check file name: /data/data/com.android.networkstack.permissionconfig/lib
03-31 16:35:50.971 D/SystemServerTimingAsync(  479): START_FONT_MANAGER_SERVICE took to complete: 329ms
03-31 16:35:50.971 D/SystemServerInitThreadPool(  479): Finished executing START_FONT_MANAGER_SERVICE
03-31 16:35:50.971 D/SystemServerTimingAsync(  479): InitThreadPoolExec:START_FONT_MANAGER_SERVICE took to complete: 329ms
03-31 16:35:50.975 I/WifiScanningService(  479): Publishing wifiscanner
03-31 16:35:50.976 D/SystemServerTiming(  479): StartWifiScanning took to complete: 12ms
03-31 16:35:50.976 I/SystemServerTiming(  479): StartWifiP2P
03-31 16:35:50.976 I/SystemServiceManager(  479): Starting com.android.server.wifi.p2p.WifiP2pService
03-31 16:35:50.980 D/XiriService(  307): check file name: /data/data/com.android.networkstack.permissionconfig/lib
03-31 16:35:50.981 D/XiriService(  307): check file name: /data/data/com.android.networkstack.permissionconfig/lib
03-31 16:35:50.981 D/XiriService(  307): check file name: /data/data/com.android.networkstack.permissionconfig/lib
03-31 16:35:50.981 D/XiriService(  307): check file name: /data/data/com.android.networkstack.permissionconfig/lib
03-31 16:35:50.988 I/WifiP2pService(  479): Registering wifip2p
03-31 16:35:50.988 I/Zygote  (  244): ...preloaded 64 resources in 91ms.
03-31 16:35:50.990 D/SystemServerTiming(  479): StartWifiP2P took to complete: 14ms
03-31 16:35:50.990 I/SystemServerTiming(  479): StartEthernet
03-31 16:35:50.990 I/SystemServiceManager(  479): Starting com.android.server.ethernet.EthernetService
03-31 16:35:50.984 I/xiriservice_All(  307): type=1400 audit(0.0:320): avc: denied { search } for name="com.dangbei.lerad.screensaver" dev="mmcblk0p25" ino=1208 scontext=u:r:init:s0 tcontext=u:object_r:app_data_file:s0:c50,c256,c512,c768 tclass=dir permissive=1
03-31 16:35:50.984 I/xiriservice_All(  307): type=1400 audit(0.0:321): avc: denied { read } for name="lib" dev="mmcblk0p25" ino=2990 scontext=u:r:init:s0 tcontext=u:object_r:app_data_file:s0:c50,c256,c512,c768 tclass=lnk_file permissive=1
03-31 16:35:50.991 D/XiriService(  307): check file name: /data/data/com.dangbei.lerad.screensaver/lib
03-31 16:35:50.991 I/EthernetService(  479): Registering service ethernet
03-31 16:35:50.992 D/XiriService(  307): check file name: /data/data/com.dangbei.lerad.screensaver/lib
03-31 16:35:50.992 D/XiriService(  307): check file name: /data/data/com.dangbei.lerad.screensaver/lib
03-31 16:35:50.996 D/SystemServerTiming(  479): StartEthernet took to complete: 7ms
03-31 16:35:50.996 I/SystemServerTiming(  479): StartPacProxyService
03-31 16:35:51.002 D/XiriService(  307): check file name: /data/data/com.dangbei.lerad.screensaver/lib
03-31 16:35:51.003 I/Zygote  (  244): ...preloaded 41 resources in 14ms.
03-31 16:35:51.003 D/XiriService(  307): check file name: /data/data/com.dangbei.lerad.screensaver/lib
03-31 16:35:51.003 D/ZygoteInitTiming_lazy(  244): PreloadResources took to complete: 107ms
03-31 16:35:51.003 D/XiriService(  307): check file name: /data/data/com.dangbei.lerad.screensaver/lib
03-31 16:35:51.003 D/XiriService(  307): check file name: /data/data/com.dangbei.lerad.screensaver/lib
03-31 16:35:51.004 D/SystemServerTiming(  479): StartPacProxyService took to complete: 8ms
03-31 16:35:51.004 I/SystemServerTiming(  479): StartPppoe
03-31 16:35:51.005 I/SystemServiceManager(  479): Starting com.android.server.pppoe.PppoeService
03-31 16:35:51.006 I/PppoeServiceImpl(  479): Creating PppoeServiceImpl
03-31 16:35:51.020 I/PppoeService(  479): Registering service pppoe
03-31 16:35:51.022 D/SystemServerTiming(  479): StartPppoe took to complete: 17ms
03-31 16:35:51.022 I/SystemServerTiming(  479): StartConnectivityService
03-31 16:35:51.031 D/libEGL  (  244): loaded /vendor/lib/egl/libGLES_mali.so
03-31 16:35:51.037 I/system_server(  479): Waiting for a blocking GC ClassLinker
03-31 16:35:51.043 D/XiriService(  307): check file name: /data/data/com.android.wallpaperbackup/lib
03-31 16:35:51.043 D/XiriService(  307): check file name: /data/data/com.android.wallpaperbackup/lib
03-31 16:35:51.044 D/XiriService(  307): check file name: /data/data/com.android.wallpaperbackup/lib
03-31 16:35:51.051 D/XiriService(  307): check file name: /data/data/com.android.wallpaperbackup/lib
03-31 16:35:51.051 D/XiriService(  307): check file name: /data/data/com.android.wallpaperbackup/lib
03-31 16:35:51.051 D/XiriService(  307): check file name: /data/data/com.android.wallpaperbackup/lib
03-31 16:35:51.067 D/XiriService(  307): check file name: /data/data/com.android.providers.media.module/lib
03-31 16:35:51.064 I/xiriservice_All(  307): type=1400 audit(0.0:322): avc: denied { search } for name="com.android.providers.media.module" dev="mmcblk0p25" ino=1280 scontext=u:r:init:s0 tcontext=u:object_r:privapp_data_file:s0:c74,c256,c512,c768 tclass=dir permissive=1
03-31 16:35:51.064 I/xiriservice_All(  307): type=1400 audit(0.0:323): avc: denied { read } for name="lib" dev="mmcblk0p25" ino=3723 scontext=u:r:init:s0 tcontext=u:object_r:privapp_data_file:s0:c74,c256,c512,c768 tclass=lnk_file permissive=1
03-31 16:35:51.068 D/XiriService(  307): check file name: /data/data/com.android.providers.media.module/lib
03-31 16:35:51.075 D/XiriService(  307): check file name: /data/data/com.android.providers.media.module/lib
03-31 16:35:51.076 D/XiriService(  307): check file name: /data/data/com.android.providers.media.module/lib
03-31 16:35:51.082 D/XiriService(  307): check file name: /data/data/com.oranth.storage/lib
03-31 16:35:51.083 D/XiriService(  307): check file name: /data/data/com.oranth.storage/lib
03-31 16:35:51.083 D/XiriService(  307): check file name: /data/data/com.oranth.storage/lib
03-31 16:35:51.089 D/XiriService(  307): check file name: /data/data/com.oranth.storage/lib
03-31 16:35:51.090 D/XiriService(  307): check file name: /data/data/com.oranth.storage/lib
03-31 16:35:51.105 D/XiriService(  307): check file name: /data/data/com.dangbei.haqusetting/lib
03-31 16:35:51.105 D/XiriService(  307): check file name: /data/data/com.dangbei.haqusetting/lib
03-31 16:35:51.105 D/XiriService(  307): check file name: /data/data/com.dangbei.haqusetting/lib
03-31 16:35:51.105 D/XiriService(  307): check file name: /data/data/com.dangbei.haqusetting/lib
03-31 16:35:51.112 D/XiriService(  307): check file name: /data/data/com.dangbei.haqusetting/lib
03-31 16:35:51.113 D/XiriService(  307): check file name: /data/data/com.dangbei.haqusetting/lib
03-31 16:35:51.113 D/XiriService(  307): check file name: /data/data/com.dangbei.haqusetting/lib
03-31 16:35:51.113 D/XiriService(  307): check file name: /data/data/com.dangbei.haqusetting/lib
03-31 16:35:51.116 E/system_server(  479): Could not write anonymous vdex /apex/com.android.wifi/javalib/oat/arm/service-wifi.vdex: Could not create directory /apex/com.android.wifi/javalib/oat
03-31 16:35:51.119 I/system_server(  479): Waiting for a blocking GC ClassLinker
03-31 16:35:51.127 D/XiriService(  307): check file name: /data/data/com.softwinner.miracastReceiver/lib
03-31 16:35:51.127 D/XiriService(  307): check file name: /data/data/com.softwinner.miracastReceiver/lib
03-31 16:35:51.128 D/XiriService(  307): check file name: /data/data/com.softwinner.miracastReceiver/lib
03-31 16:35:51.128 D/XiriService(  307): check file name: /data/data/com.softwinner.miracastReceiver/lib
03-31 16:35:51.128 I/Zygote  (  244): Preloading shared libraries...
03-31 16:35:51.134 D/XiriService(  307): check file name: /data/data/com.softwinner.miracastReceiver/lib
03-31 16:35:51.134 D/XiriService(  307): check file name: /data/data/com.softwinner.miracastReceiver/lib
03-31 16:35:51.134 D/XiriService(  307): check file name: /data/data/com.softwinner.miracastReceiver/lib
03-31 16:35:51.134 D/XiriService(  307): check file name: /data/data/com.softwinner.miracastReceiver/lib
03-31 16:35:51.135 I/Zygote  (  244): Called ZygoteHooks.endPreload()
03-31 16:35:51.136 I/Zygote  (  244): Installed AndroidKeyStoreProvider in 1ms.
03-31 16:35:51.145 D/XiriService(  307): check file name: /data/data/com.android.bluetooth/lib
03-31 16:35:51.145 D/XiriService(  307): check file name: /data/data/com.android.bluetooth/lib
03-31 16:35:51.145 D/XiriService(  307): check file name: /data/data/com.android.bluetooth/lib
03-31 16:35:51.146 D/XiriService(  307): check file name: /data/data/com.android.bluetooth/lib
03-31 16:35:51.140 I/xiriservice_All(  307): type=1400 audit(0.0:324): avc: denied { read } for name="lib" dev="mmcblk0p25" ino=3731 scontext=u:r:init:s0 tcontext=u:object_r:bluetooth_data_file:s0 tclass=lnk_file permissive=1
03-31 16:35:51.151 I/Zygote  (  244): Warmed up JCA providers in 14ms.
03-31 16:35:51.151 D/Zygote  (  244): end preload
03-31 16:35:51.151 D/SystemServerTimingAsync(  479): SecondaryZygotePreload took to complete: 1374ms
03-31 16:35:51.151 D/SystemServerInitThreadPool(  479): Finished executing SecondaryZygotePreload
03-31 16:35:51.151 D/SystemServerTimingAsync(  479): InitThreadPoolExec:SecondaryZygotePreload took to complete: 1374ms
03-31 16:35:51.152 D/XiriService(  307): check file name: /data/data/com.android.bluetooth/lib
03-31 16:35:51.153 D/XiriService(  307): check file name: /data/data/com.android.bluetooth/lib
03-31 16:35:51.153 D/XiriService(  307): check file name: /data/data/com.android.bluetooth/lib
03-31 16:35:51.153 D/XiriService(  307): check file name: /data/data/com.android.bluetooth/lib
03-31 16:35:51.161 I/system_server(  479): Background young concurrent copying GC freed 74814(4202KB) AllocSpace objects, 16(460KB) LOS objects, 38% free, 7565KB/12MB, paused 220us total 144.482ms
03-31 16:35:51.161 I/system_server(  479): WaitForGcToComplete blocked ClassLinker on Background for 123.799ms
03-31 16:35:51.161 I/system_server(  479): Waiting for a blocking GC ClassLinker
03-31 16:35:51.161 I/system_server(  479): WaitForGcToComplete blocked ClassLinker on ClassLinker for 41.906ms
03-31 16:35:51.169 I/SystemServiceManager(  479): Starting com.android.server.ConnectivityServiceInitializer
03-31 16:35:51.179 D/SystemServerTimingAsync(  479): AppDataPrepare took to complete: 1665ms
03-31 16:35:51.179 I/PackageManager(  479): Deferred reconcileAppsData finished 98 packages
03-31 16:35:51.180 D/SystemServerInitThreadPool(  479): Finished executing prepareAppData
03-31 16:35:51.180 D/SystemServerTimingAsync(  479): InitThreadPoolExec:prepareAppData took to complete: 1816ms
03-31 16:35:51.189 D/ConnectivityService(  479): ConnectivityService starting up
03-31 16:35:51.192 D/pppoeNRI:(  479): uid/pid:1000/479 activeRequest: null callbackRequest: 5 [NetworkRequest [ REQUEST id=5, [ Transports: PPPOE Capabilities: INTERNET&NOT_RESTRICTED&TRUSTED&NOT_VPN&NOT_VCN_MANAGED RequestorUid: 1000 RequestorPkg: android] ]] callback flags: 1 priority: 2147483647
03-31 16:35:51.197 E/TAG     (  479): Exception = android.content.pm.PackageManager$NameNotFoundException: android.telephony.cts
03-31 16:35:51.197 E/TAG     (  479): Exception = android.content.pm.PackageManager$NameNotFoundException: android.net.cts
03-31 16:35:51.202 E/system_server(  479): Could not write anonymous vdex /apex/com.android.tethering/javalib/oat/arm/service-connectivity.vdex: Could not create directory /apex/com.android.tethering/javalib/oat
03-31 16:35:51.206 I/netd    (  243): registerUnsolicitedEventListener() <0.04ms>
03-31 16:35:51.216 D/CompatibilityChangeReporter(  479): Compat change id reported: 182478738; UID 1000; state: ENABLED
03-31 16:35:51.222 I/ConnectivityServiceInitializer(  479): Registering connectivity
03-31 16:35:51.223 D/SystemServerTiming(  479): StartConnectivityService took to complete: 202ms
03-31 16:35:51.223 I/SystemServerTiming(  479): StartVpnManagerService
03-31 16:35:51.227 D/VpnManagerService(  479): VpnManagerService starting up
03-31 16:35:51.228 D/SystemServerTiming(  479): StartVpnManagerService took to complete: 4ms
03-31 16:35:51.228 I/SystemServerTiming(  479): StartVcnManagementService
03-31 16:35:51.232 D/SystemServerTiming(  479): StartVcnManagementService took to complete: 4ms
03-31 16:35:51.232 I/SystemServerTiming(  479): StartNsdService
03-31 16:35:51.233 D/NsdService(  479): Network service discovery is enabled
03-31 16:35:51.235 D/SystemServerTiming(  479): StartNsdService took to complete: 3ms
03-31 16:35:51.235 I/SystemServerTiming(  479): StartSystemUpdateManagerService
03-31 16:35:51.235 I/SystemUpdateManagerService(  479): No existing info file /data/system/system-update-info.xml
03-31 16:35:51.236 D/SystemServerTiming(  479): StartSystemUpdateManagerService took to complete: 2ms
03-31 16:35:51.236 I/SystemServerTiming(  479): StartUpdateLockService
03-31 16:35:51.237 D/SystemServerTiming(  479): StartUpdateLockService took to complete: 1ms
03-31 16:35:51.237 I/SystemServerTiming(  479): StartNotificationManager
03-31 16:35:51.237 I/SystemServiceManager(  479): Starting com.android.server.notification.NotificationManagerService
03-31 16:35:51.248 D/ConditionProviders.SCP(  479): new ScheduleConditionProvider()
03-31 16:35:51.261 I/NotificationAssistants(  479): Read notification assistant permissions from xml
03-31 16:35:51.262 I/ConditionProviders(  479): Read condition provider permissions from xml
03-31 16:35:51.262 I/ConditionProviders(  479): Read condition provider permissions from xml
03-31 16:35:51.262 D/NotificationAssistants(  479): Approving default notification assistant for user 0
03-31 16:35:51.262 I/ConditionProviders(  479):  Allowing condition provider android.ext.services/android.ext.services.notification.Assistant (userSet: true)
03-31 16:35:51.264 D/CompatibilityChangeReporter(  479): Compat change id reported: 147600208; UID 1000; state: ENABLED
03-31 16:35:51.265 D/CompatibilityChangeReporter(  479): Compat change id reported: 157233955; UID 1000; state: ENABLED
03-31 16:35:51.271 D/SystemServerTiming(  479): StartNotificationManager took to complete: 34ms
03-31 16:35:51.271 I/SystemServerTiming(  479): StartDeviceMonitor
03-31 16:35:51.271 I/SystemServiceManager(  479): Starting com.android.server.storage.DeviceStorageMonitorService
03-31 16:35:51.273 D/SystemServerTiming(  479): StartDeviceMonitor took to complete: 2ms
03-31 16:35:51.273 I/SystemServerTiming(  479): StartLocationManagerService
03-31 16:35:51.273 I/SystemServiceManager(  479): Starting com.android.server.location.LocationManagerService$Lifecycle
03-31 16:35:51.279 D/SystemServerTiming(  479): StartLocationManagerService took to complete: 6ms
03-31 16:35:51.279 I/SystemServerTiming(  479): StartCountryDetectorService
03-31 16:35:51.280 D/SystemServerTiming(  479): StartCountryDetectorService took to complete: 1ms
03-31 16:35:51.280 I/SystemServerTiming(  479): StartTimeDetectorService
03-31 16:35:51.281 I/SystemServiceManager(  479): Starting com.android.server.timedetector.TimeDetectorService$Lifecycle
03-31 16:35:51.283 D/SystemServerTiming(  479): StartTimeDetectorService took to complete: 2ms
03-31 16:35:51.283 I/SystemServerTiming(  479): StartTimeZoneDetectorService
03-31 16:35:51.283 I/SystemServiceManager(  479): Starting com.android.server.timezonedetector.TimeZoneDetectorService$Lifecycle
03-31 16:35:51.285 D/SystemServerTiming(  479): StartTimeZoneDetectorService took to complete: 2ms
03-31 16:35:51.285 I/SystemServerTiming(  479): StartLocationTimeZoneManagerService
03-31 16:35:51.285 I/SystemServiceManager(  479): Starting com.android.server.timezonedetector.location.LocationTimeZoneManagerService$Lifecycle
03-31 16:35:51.286 D/SystemServerTiming(  479): StartLocationTimeZoneManagerService took to complete: 1ms
03-31 16:35:51.286 I/SystemServerTiming(  479): StartSearchManagerService
03-31 16:35:51.286 I/SystemServiceManager(  479): Starting com.android.server.search.SearchManagerService$Lifecycle
03-31 16:35:51.287 D/SystemServerTiming(  479): StartSearchManagerService took to complete: 2ms
03-31 16:35:51.287 I/SystemServerTiming(  479): StartWallpaperManagerService
03-31 16:35:51.287 I/SystemServiceManager(  479): Starting com.android.server.wallpaper.WallpaperManagerService$Lifecycle
03-31 16:35:51.288 D/SystemServerTiming(  479): StartWallpaperManagerService took to complete: 1ms
03-31 16:35:51.288 I/SystemServerTiming(  479): StartAudioService
03-31 16:35:51.288 I/SystemServiceManager(  479): Starting com.android.server.audio.AudioService$Lifecycle
03-31 16:35:51.301 I/android_os_HwBinder(  479): HwBinder: Starting thread pool for getting: android.hidl.manager@1.0::IServiceManager/default
03-31 16:35:51.306 W/AudioFlinger(  284): no wake lock to update, system not ready yet
03-31 16:35:51.312 D/PermissionCache(  284): checking android.permission.MODIFY_AUDIO_ROUTING for uid=1000 => granted (804 us)
03-31 16:35:51.317 D/PermissionCache(  284): checking android.permission.MODIFY_AUDIO_SETTINGS for uid=1000 => granted (130 us)
03-31 16:35:51.324 D/AudioFlinger(  284): isLowRamDevice:false totalMemory:2055442432 mClientSharedHeapSize:4194304
03-31 16:35:51.325 D/SystemServerTiming(  479): StartAudioService took to complete: 37ms
03-31 16:35:51.325 I/SystemServerTiming(  479): StartSoundTriggerMiddlewareService
03-31 16:35:51.325 I/SystemServiceManager(  479): Starting com.android.server.soundtrigger_middleware.SoundTriggerMiddlewareService$Lifecycle
03-31 16:35:51.326 D/SoundTriggerMiddlewareService(  479): Connecting to default ISoundTriggerHw
03-31 16:35:51.328 I/hwservicemanager(  183): getTransport: Cannot find entry android.hardware.soundtrigger@2.0::ISoundTriggerHw/default in either framework or device VINTF manifest.
03-31 16:35:51.331 E/SoundTriggerMiddlewareImpl(  479): Failed to add a SoundTriggerModule instance
03-31 16:35:51.331 E/SoundTriggerMiddlewareImpl(  479): java.util.NoSuchElementException
03-31 16:35:51.331 E/SoundTriggerMiddlewareImpl(  479): 	at android.os.HwBinder.getService(Native Method)
03-31 16:35:51.331 E/SoundTriggerMiddlewareImpl(  479): 	at android.hardware.soundtrigger.V2_0.ISoundTriggerHw.getService(ISoundTriggerHw.java:57)
03-31 16:35:51.331 E/SoundTriggerMiddlewareImpl(  479): 	at android.hardware.soundtrigger.V2_0.ISoundTriggerHw.getService(ISoundTriggerHw.java:64)
03-31 16:35:51.331 E/SoundTriggerMiddlewareImpl(  479): 	at com.android.server.soundtrigger_middleware.SoundTriggerMiddlewareService$Lifecycle.lambda$onStart$0(SoundTriggerMiddlewareService.java:238)
03-31 16:35:51.331 E/SoundTriggerMiddlewareImpl(  479): 	at com.android.server.soundtrigger_middleware.SoundTriggerMiddlewareService$Lifecycle$$ExternalSyntheticLambda0.create(Unknown Source:0)
03-31 16:35:51.331 E/SoundTriggerMiddlewareImpl(  479): 	at com.android.server.soundtrigger_middleware.SoundTriggerModule.attachToHal(SoundTriggerModule.java:222)
03-31 16:35:51.331 E/SoundTriggerMiddlewareImpl(  479): 	at com.android.server.soundtrigger_middleware.SoundTriggerModule.<init>(SoundTriggerModule.java:112)
03-31 16:35:51.331 E/SoundTriggerMiddlewareImpl(  479): 	at com.android.server.soundtrigger_middleware.SoundTriggerMiddlewareImpl.<init>(SoundTriggerMiddlewareImpl.java:89)
03-31 16:35:51.331 E/SoundTriggerMiddlewareImpl(  479): 	at com.android.server.soundtrigger_middleware.SoundTriggerMiddlewareService$Lifecycle.onStart(SoundTriggerMiddlewareService.java:244)
03-31 16:35:51.331 E/SoundTriggerMiddlewareImpl(  479): 	at com.android.server.SystemServiceManager.startService(SystemServiceManager.java:205)
03-31 16:35:51.331 E/SoundTriggerMiddlewareImpl(  479): 	at com.android.server.SystemServiceManager.startService(SystemServiceManager.java:192)
03-31 16:35:51.331 E/SoundTriggerMiddlewareImpl(  479): 	at com.android.server.SystemServer.startOtherServices(SystemServer.java:2161)
03-31 16:35:51.331 E/SoundTriggerMiddlewareImpl(  479): 	at com.android.server.SystemServer.run(SystemServer.java:928)
03-31 16:35:51.331 E/SoundTriggerMiddlewareImpl(  479): 	at com.android.server.SystemServer.main(SystemServer.java:628)
03-31 16:35:51.331 E/SoundTriggerMiddlewareImpl(  479): 	at java.lang.reflect.Method.invoke(Native Method)
03-31 16:35:51.331 E/SoundTriggerMiddlewareImpl(  479): 	at com.android.internal.os.RuntimeInit$MethodAndArgsCaller.run(RuntimeInit.java:548)
03-31 16:35:51.331 E/SoundTriggerMiddlewareImpl(  479): 	at com.android.internal.os.ZygoteInit.main(ZygoteInit.java:1160)
03-31 16:35:51.333 I/CaptureStateNotifier(  284): Registering a listener
03-31 16:35:51.333 D/SystemServerTiming(  479): StartSoundTriggerMiddlewareService took to complete: 8ms
03-31 16:35:51.333 I/SystemServerTiming(  479): StartDockObserver
03-31 16:35:51.333 I/SystemServiceManager(  479): Starting com.android.server.DockObserver
03-31 16:35:51.334 W/DockObserver(  479): This kernel does not have dock station support
03-31 16:35:51.334 I/SoundTriggerMiddlewareLogging(  479): setCaptureState[this=com.android.server.soundtrigger_middleware.SoundTriggerMiddlewareImpl@c47304a, client=null](false)
03-31 16:35:51.335 D/SystemServerTiming(  479): StartDockObserver took to complete: 1ms
03-31 16:35:51.335 I/SystemServerTiming(  479): StartWiredAccessoryManager
03-31 16:35:51.336 I/SystemServer(  479): Audio device manager Observer
03-31 16:35:51.336 E/Environment(  479): Path requests must specify a user by using UserEnvironment
03-31 16:35:51.336 E/Environment(  479): java.lang.Throwable
03-31 16:35:51.336 E/Environment(  479): 	at android.os.Environment.throwIfUserRequired(Environment.java:1449)
03-31 16:35:51.336 E/Environment(  479): 	at android.os.Environment.getExternalStorageDirectory(Environment.java:707)
03-31 16:35:51.336 E/Environment(  479): 	at com.android.server.SystemServer.startOtherServices(SystemServer.java:2192)
03-31 16:35:51.336 E/Environment(  479): 	at com.android.server.SystemServer.run(SystemServer.java:928)
03-31 16:35:51.336 E/Environment(  479): 	at com.android.server.SystemServer.main(SystemServer.java:628)
03-31 16:35:51.336 E/Environment(  479): 	at java.lang.reflect.Method.invoke(Native Method)
03-31 16:35:51.336 E/Environment(  479): 	at com.android.internal.os.RuntimeInit$MethodAndArgsCaller.run(RuntimeInit.java:548)
03-31 16:35:51.336 E/Environment(  479): 	at com.android.internal.os.ZygoteInit.main(ZygoteInit.java:1160)
03-31 16:35:51.340 W/StorageManagerService(  479): No primary storage defined yet; hacking together a stub
03-31 16:35:51.340 I/DropBoxManagerService(  479): add tag=system_server_wtf isTagEnabled=true flags=0x2
03-31 16:35:51.350 W/system_server(  479): ClassLoaderContext parent mismatch.  (PCL[] | PCL[];PCL[/system/framework/com.android.location.provider.jar*3633238673:/system/framework/services.jar*2473964525:/system/framework/services.jar!classes2.dex*1279896001:/system/framework/ethernet-service.jar*655162001:/system/framework/pppoe-service.jar*2082030846:/apex/com.android.appsearch/javalib/service-appsearch.jar*4100577803:/apex/com.android.media/javalib/service-media-s.jar*3881732923:/apex/com.android.permission/javalib/service-permission.jar*62506796])
03-31 16:35:51.356 D/DisplayOutputManager(  479): ro.build.characteristics=homlet
03-31 16:35:51.357 E/SELinux (  182): avc:  denied  { find } for pid=479 uid=1000 name=vendor.display.output.IDisplayOutputManager/default scontext=u:r:system_server:s0 tcontext=u:object_r:hal_awdisplayoutput_service:s0 tclass=service_manager permissive=1
03-31 16:35:51.357 I/servicemanager(  182): Found vendor.display.output.IDisplayOutputManager/default in device VINTF manifest.
03-31 16:35:51.359 D/HomletDisplayOutputManager(  479): get IDisplayOutputManager service success
03-31 16:35:51.359 D/AudioManagerEx(  479): AudioManagerEx
03-31 16:35:51.359 D/AudioDeviceManagerObserver(  479): AudioDeviceManagerObserver construct
03-31 16:35:51.360 D/SystemServerTiming(  479): StartWiredAccessoryManager took to complete: 25ms
03-31 16:35:51.360 I/SystemServerTiming(  479): StartMidiManager
03-31 16:35:51.360 I/SystemServiceManager(  479): Starting com.android.server.midi.MidiService$Lifecycle
03-31 16:35:51.361 D/SystemServerTiming(  479): StartMidiManager took to complete: 2ms
03-31 16:35:51.361 I/SystemServerTiming(  479): StartAdbService
03-31 16:35:51.361 I/SystemServiceManager(  479): Starting com.android.server.adb.AdbService$Lifecycle
03-31 16:35:51.363 D/SystemServerTiming(  479): StartAdbService took to complete: 2ms
03-31 16:35:51.363 I/SystemServerTiming(  479): StartUsbService
03-31 16:35:51.363 I/SystemServiceManager(  479): Starting com.android.server.usb.UsbService$Lifecycle
03-31 16:35:51.363 D/SystemServerTiming(  479): StartUsbService took to complete: 0ms
03-31 16:35:51.363 I/SystemServerTiming(  479): StartSerialService
03-31 16:35:51.364 D/SystemServerTiming(  479): StartSerialService took to complete: 1ms
03-31 16:35:51.364 I/SystemServerTimingAsync(  479): InitThreadPoolExec:UsbService$Lifecycle#onStart
03-31 16:35:51.364 I/SystemServerTiming(  479): StartHardwarePropertiesManagerService
03-31 16:35:51.364 D/SystemServerInitThreadPool(  479): Started executing UsbService$Lifecycle#onStart
03-31 16:35:51.365 I/hwservicemanager(  183): getTransport: Cannot find entry android.hardware.thermal@1.0::IThermal/default in either framework or device VINTF manifest.
03-31 16:35:51.365 E/HardwarePropertiesManagerService-JNI(  479): Unable to get Thermal service.
03-31 16:35:51.367 D/SystemServerTiming(  479): StartHardwarePropertiesManagerService took to complete: 2ms
03-31 16:35:51.367 I/SystemServerTiming(  479): StartTwilightService
03-31 16:35:51.367 I/SystemServiceManager(  479): Starting com.android.server.twilight.TwilightService
03-31 16:35:51.368 D/SystemServerTiming(  479): StartTwilightService took to complete: 0ms
03-31 16:35:51.368 I/SystemServerTiming(  479): StartColorDisplay
03-31 16:35:51.368 I/SystemServiceManager(  479): Starting com.android.server.display.color.ColorDisplayService
03-31 16:35:51.368 E/UsbDeviceManager(  479): failed to write to /sys/class/android_usb/android0/f_rndis/ethaddr
03-31 16:35:51.369 D/SystemServerTiming(  479): StartColorDisplay took to complete: 2ms
03-31 16:35:51.369 I/SystemServerTiming(  479): StartJobScheduler
03-31 16:35:51.370 I/SystemServiceManager(  479): Starting com.android.server.job.JobSchedulerService
03-31 16:35:51.370 I/android_os_HwBinder(  479): HwBinder: Starting thread pool for getting: android.hardware.usb.gadget@1.0::IUsbGadget/default
03-31 16:35:51.374 D/JobStore(  479): Start tag: job-info
03-31 16:35:51.376 W/JobStore(  479): Periodic job for uid='10073' persisted run-time is too big [400:55:07, 760:55:07]. Clamping to [360:00:18,720:00:18]
01-01 08:00:21.212 I/        (  585): read descriptors
01-01 08:00:21.216 I/        (  585): read strings
03-31 16:35:51.380 W/JobStore(  479): Periodic job for uid='10057' persisted run-time is too big [65:55:08, 90:55:08]. Clamping to [25:00:19,50:00:19]
03-31 16:35:51.381 W/JobStore(  479): Periodic job for uid='10057' persisted run-time is too big [41:15:08, 41:25:08]. Clamping to [15:19,25:19]
03-31 16:35:51.381 W/JobStore(  479): Periodic job for uid='1000' persisted run-time is too big [64:54:52, 88:54:52]. Clamping to [24:00:19,48:00:19]
03-31 16:35:51.382 I/JobStore(  479): Read 5 jobs
01-01 08:00:21.221 I/        (  585): read descriptors
01-01 08:00:21.225 I/        (  585): read strings
03-31 16:35:51.395 D/ConnectivityService(  479): NetReassign [no changes]
03-31 16:35:51.395 W/StorageManagerService(  479): No primary storage defined yet; hacking together a stub
03-31 16:35:51.396 I/android_os_HwBinder(  479): HwBinder: Starting thread pool for getting: android.hidl.manager@1.0::IServiceManager/default
03-31 16:35:51.399 I/UsbDeviceManager(  479): Usb gadget hal service started android.hardware.usb.gadget@1.0::IUsbGadget default
03-31 16:35:51.399 V/HistoricalRegistry(  479): Interaction before persistence initialized
03-31 16:35:51.399 V/HistoricalRegistry(  479): Interaction before persistence initialized
03-31 16:35:51.400 I/android_os_HwBinder(  479): HwBinder: Starting thread pool for getting: android.hardware.usb.gadget@1.0::IUsbGadget/default
03-31 16:35:51.400 W/JobScheduler(  479): !!! RTC not yet good; tracking time updates for job scheduling
03-31 16:35:51.402 D/SystemServerTiming(  479): StartJobScheduler took to complete: 32ms
03-31 16:35:51.402 I/SystemServerTiming(  479): StartSoundTrigger
03-31 16:35:51.402 I/SystemServiceManager(  479): Starting com.android.server.soundtrigger.SoundTriggerService
03-31 16:35:51.402 I/android_os_HwBinder(  479): HwBinder: Starting thread pool for getting: android.hardware.usb.gadget@1.0::IUsbGadget/default
03-31 16:35:51.403 D/SystemServerTiming(  479): StartSoundTrigger took to complete: 1ms
03-31 16:35:51.403 I/SystemServerTiming(  479): StartTrustManager
03-31 16:35:51.403 I/SystemServiceManager(  479): Starting com.android.server.trust.TrustManagerService
03-31 16:35:51.406 E/UsbDeviceManager(  479): prcessing MSG_GET_CURRENT_USB_FUNCTIONS
03-31 16:35:51.406 E/UsbDeviceManager(  479): updating mCurrentFunctions
03-31 16:35:51.406 E/UsbDeviceManager(  479): mCurrentFunctions:0applied:1
03-31 16:35:51.408 D/SystemServerTiming(  479): StartTrustManager took to complete: 5ms
03-31 16:35:51.408 I/SystemServerTiming(  479): StartBackupManager
03-31 16:35:51.409 I/SystemServiceManager(  479): Starting com.android.server.backup.BackupManagerService$Lifecycle
03-31 16:35:51.411 I/android_os_HwBinder(  479): HwBinder: Starting thread pool for getting: android.hidl.manager@1.0::IServiceManager/default
03-31 16:35:51.413 D/SystemServerTiming(  479): StartBackupManager took to complete: 4ms
03-31 16:35:51.413 I/UsbPortManager(  479): Usb hal service started android.hardware.usb@1.0::IUsb default
03-31 16:35:51.413 I/SystemServerTiming(  479): StartAppWidgetService
03-31 16:35:51.413 I/SystemServiceManager(  479): Starting com.android.server.appwidget.AppWidgetService
03-31 16:35:51.414 I/android_os_HwBinder(  479): HwBinder: Starting thread pool for getting: android.hardware.usb@1.0::IUsb/default
03-31 16:35:51.415 I/android.hardware.usb@1.0-service(  268): registering callback
03-31 16:35:51.416 E/android.hardware.usb@1.0-service(  268): Failed to open /sys/class/typec
03-31 16:35:51.416 E/android.hardware.usb@1.0-service(  268): creating thread
03-31 16:35:51.417 D/SystemServerTiming(  479): StartAppWidgetService took to complete: 3ms
03-31 16:35:51.417 I/SystemServerTiming(  479): StartVoiceRecognitionManager
03-31 16:35:51.418 I/UsbPortManager(  479): USB HAL version: 10
03-31 16:35:51.418 I/SystemServiceManager(  479): Starting com.android.server.voiceinteraction.VoiceInteractionManagerService
03-31 16:35:51.421 D/SystemServerInitThreadPool(  479): Finished executing UsbService$Lifecycle#onStart
03-31 16:35:51.422 D/SystemServerTimingAsync(  479): InitThreadPoolExec:UsbService$Lifecycle#onStart took to complete: 57ms
03-31 16:35:51.431 D/SystemServerTiming(  479): StartVoiceRecognitionManager took to complete: 13ms
03-31 16:35:51.431 I/SystemServerTiming(  479): StartAppHibernationService
03-31 16:35:51.431 I/SystemServiceManager(  479): Starting com.android.server.apphibernation.AppHibernationService
03-31 16:35:51.434 D/SystemServerTiming(  479): StartAppHibernationService took to complete: 2ms
03-31 16:35:51.434 I/SystemServerTiming(  479): StartGestureLauncher
03-31 16:35:51.434 I/SystemServiceManager(  479): Starting com.android.server.GestureLauncherService
03-31 16:35:51.434 D/SystemServerTiming(  479): StartGestureLauncher took to complete: 0ms
03-31 16:35:51.434 I/SystemServerTiming(  479): StartSensorNotification
03-31 16:35:51.434 I/SystemServiceManager(  479): Starting com.android.server.SensorNotificationService
03-31 16:35:51.434 D/SystemServerTiming(  479): StartSensorNotification took to complete: 0ms
03-31 16:35:51.434 I/SystemServerTiming(  479): StartDiskStatsService
03-31 16:35:51.437 D/SystemServerTiming(  479): StartDiskStatsService took to complete: 3ms
03-31 16:35:51.437 I/SystemServerTiming(  479): RuntimeService
03-31 16:35:51.438 D/SystemServerTiming(  479): RuntimeService took to complete: 0ms
03-31 16:35:51.438 I/SystemServerTiming(  479): StartNetworkTimeUpdateService
03-31 16:35:51.439 D/SystemServerTiming(  479): StartNetworkTimeUpdateService took to complete: 2ms
03-31 16:35:51.439 I/SystemServerTiming(  479): CertBlacklister
03-31 16:35:51.440 D/SystemServerTiming(  479): CertBlacklister took to complete: 1ms
03-31 16:35:51.441 I/SystemServerTiming(  479): StartEmergencyAffordanceService
03-31 16:35:51.441 I/SystemServiceManager(  479): Starting com.android.server.emergency.EmergencyAffordanceService
03-31 16:35:51.442 D/SystemServerTiming(  479): StartEmergencyAffordanceService took to complete: 1ms
03-31 16:35:51.442 I/SystemServerTiming(  479): StartDreamManager
03-31 16:35:51.442 I/SystemServiceManager(  479): Starting com.android.server.dreams.DreamManagerService
03-31 16:35:51.442 I/SystemServerTimingAsync(  479): InitThreadPoolExec:startBlobStoreManagerService
03-31 16:35:51.442 D/SystemServerInitThreadPool(  479): Started executing startBlobStoreManagerService
03-31 16:35:51.442 I/SystemServerTimingAsync(  479): startBlobStoreManagerService
03-31 16:35:51.442 I/SystemServiceManager(  479): Starting com.android.server.blob.BlobStoreManagerService
03-31 16:35:51.443 D/SystemServerTiming(  479): StartDreamManager took to complete: 1ms
03-31 16:35:51.443 I/SystemServerTiming(  479): AddGraphicsStatsService
03-31 16:35:51.446 D/SystemServerTimingAsync(  479): startBlobStoreManagerService took to complete: 4ms
03-31 16:35:51.447 D/SystemServerInitThreadPool(  479): Finished executing startBlobStoreManagerService
03-31 16:35:51.447 D/SystemServerTimingAsync(  479): InitThreadPoolExec:startBlobStoreManagerService took to complete: 4ms
03-31 16:35:51.447 D/SystemServerTiming(  479): AddGraphicsStatsService took to complete: 3ms
03-31 16:35:51.447 I/SystemServerTiming(  479): StartRestrictionManager
03-31 16:35:51.447 I/SystemServiceManager(  479): Starting com.android.server.restrictions.RestrictionsManagerService
03-31 16:35:51.448 D/SystemServerTiming(  479): StartRestrictionManager took to complete: 1ms
03-31 16:35:51.449 I/SystemServerTiming(  479): StartMediaSessionService
03-31 16:35:51.449 I/SystemServiceManager(  479): Starting com.android.server.media.MediaSessionService
03-31 16:35:51.453 D/SystemServerTiming(  479): StartMediaSessionService took to complete: 4ms
03-31 16:35:51.453 I/SystemServerTiming(  479): StartHdmiControlService
03-31 16:35:51.453 I/SystemServiceManager(  479): Starting com.android.server.hdmi.HdmiControlService
03-31 16:35:51.462 I/hwservicemanager(  183): getTransport: Cannot find entry android.hardware.tv.cec@1.1::IHdmiCec/default in either framework or device VINTF manifest.
03-31 16:35:51.462 E/HDMI    (  479): [1]:Couldn't connect to cec@1.1java.util.NoSuchElementException
03-31 16:35:51.462 W/HDMI    (  479): [1]:Couldn't get tv.cec service.
03-31 16:35:51.462 W/HDMI    (  479): [1]:Unable to use cec@1.1
03-31 16:35:51.464 I/android_os_HwBinder(  479): HwBinder: Starting thread pool for getting: android.hardware.tv.cec@1.0::IHdmiCec/default
03-31 16:35:51.467 I/HdmiControlService(  479): Device does not support MHL-control.
03-31 16:35:51.468 D/hdmi-cec(  263): setOption, flag=0x0002, value=0x00000000
03-31 16:35:51.477 W/IorapForwardingService(  479): No service published for: iorapd
03-31 16:35:51.478 D/SystemServerTiming(  479): StartHdmiControlService took to complete: 25ms
03-31 16:35:51.478 I/SystemServerTiming(  479): StartTvInputManager
03-31 16:35:51.478 I/SystemServiceManager(  479): Starting com.android.server.tv.TvInputManagerService
03-31 16:35:51.482 I/hwservicemanager(  183): getTransport: Cannot find entry android.hardware.tv.input@1.0::ITvInput/default in either framework or device VINTF manifest.
03-31 16:35:51.482 E/TvInputHal(  479): Couldn't get tv.input service.
03-31 16:35:51.485 D/SystemServerTiming(  479): StartTvInputManager took to complete: 6ms
03-31 16:35:51.485 I/SystemServerTiming(  479): StartMediaResourceMonitor
03-31 16:35:51.485 I/SystemServiceManager(  479): Starting com.android.server.media.MediaResourceMonitorService
03-31 16:35:51.486 D/SystemServerTiming(  479): StartMediaResourceMonitor took to complete: 0ms
03-31 16:35:51.486 I/SystemServerTiming(  479): StartTvRemoteService
03-31 16:35:51.486 I/SystemServiceManager(  479): Starting com.android.server.tv.TvRemoteService
03-31 16:35:51.487 D/SystemServerTiming(  479): StartTvRemoteService took to complete: 1ms
03-31 16:35:51.487 I/SystemServerTiming(  479): StartMediaRouterService
03-31 16:35:51.487 V/HistoricalRegistry(  479): Interaction before persistence initialized
03-31 16:35:51.489 D/SystemServerTiming(  479): StartMediaRouterService took to complete: 2ms
03-31 16:35:51.489 I/SystemServerTiming(  479): StartBiometricService
03-31 16:35:51.489 I/SystemServiceManager(  479): Starting com.android.server.biometrics.BiometricService
03-31 16:35:51.494 D/SystemServerTiming(  479): StartBiometricService took to complete: 5ms
03-31 16:35:51.494 I/SystemServerTiming(  479): StartAuthService
03-31 16:35:51.494 I/SystemServiceManager(  479): Starting com.android.server.biometrics.AuthService
03-31 16:35:51.497 D/SystemServerTiming(  479): StartAuthService took to complete: 3ms
03-31 16:35:51.497 I/SystemServerTiming(  479): StartBackgroundDexOptService
03-31 16:35:51.497 W/BackgroundDexOptService(  479): SysProp pm.dexopt.downgrade_after_inactive_days not set
03-31 16:35:51.498 D/SystemServerTiming(  479): StartBackgroundDexOptService took to complete: 1ms
03-31 16:35:51.498 I/SystemServerTiming(  479): StartDynamicCodeLoggingService
03-31 16:35:51.500 D/SystemServerTiming(  479): StartDynamicCodeLoggingService took to complete: 2ms
03-31 16:35:51.500 I/SystemServerTiming(  479): StartPruneInstantAppsJobService
03-31 16:35:51.501 D/SystemServerTiming(  479): StartPruneInstantAppsJobService took to complete: 1ms
03-31 16:35:51.501 I/SystemServerTiming(  479): StartShortcutServiceLifecycle
03-31 16:35:51.501 I/SystemServiceManager(  479): Starting com.android.server.pm.ShortcutService$Lifecycle
03-31 16:35:51.504 V/HistoricalRegistry(  479): Interaction before persistence initialized
03-31 16:35:51.505 D/SystemServerTiming(  479): StartShortcutServiceLifecycle took to complete: 3ms
03-31 16:35:51.505 I/SystemServerTiming(  479): StartLauncherAppsService
03-31 16:35:51.505 I/SystemServiceManager(  479): Starting com.android.server.pm.LauncherAppsService
03-31 16:35:51.507 D/SystemServerTiming(  479): StartLauncherAppsService took to complete: 3ms
03-31 16:35:51.507 I/SystemServerTiming(  479): StartCrossProfileAppsService
03-31 16:35:51.507 I/SystemServiceManager(  479): Starting com.android.server.pm.CrossProfileAppsService
03-31 16:35:51.510 D/SystemServerTiming(  479): StartCrossProfileAppsService took to complete: 2ms
03-31 16:35:51.510 I/SystemServerTiming(  479): StartPeopleService
03-31 16:35:51.510 I/SystemServiceManager(  479): Starting com.android.server.people.PeopleService
03-31 16:35:51.511 D/SystemServerTiming(  479): StartPeopleService took to complete: 1ms
03-31 16:35:51.511 I/SystemServerTiming(  479): StartMediaMetricsManager
03-31 16:35:51.511 I/SystemServiceManager(  479): Starting com.android.server.media.metrics.MediaMetricsManagerService
03-31 16:35:51.514 D/SystemServerTiming(  479): StartMediaMetricsManager took to complete: 2ms
03-31 16:35:51.514 I/SystemServerTiming(  479): StartMediaProjectionManager
03-31 16:35:51.514 I/SystemServiceManager(  479): Starting com.android.server.media.projection.MediaProjectionManagerService
03-31 16:35:51.516 V/MediaRouter(  479): Selecting route: RouteInfo{ name=手机, description=null, status=null, category=RouteCategory{ name=系统 types=ROUTE_TYPE_LIVE_AUDIO ROUTE_TYPE_LIVE_VIDEO  groupable=false }, supportedTypes=ROUTE_TYPE_LIVE_AUDIO ROUTE_TYPE_LIVE_VIDEO , presentationDisplay=null }
03-31 16:35:51.516 I/MediaRouter(  479): Skip setBluetoothA2dpOn(): types=8388615, isPlaybackActive()=false, BT route=null
03-31 16:35:51.517 D/SystemServerTiming(  479): StartMediaProjectionManager took to complete: 4ms
03-31 16:35:51.517 I/SystemServerTiming(  479): StartSliceManagerService
03-31 16:35:51.517 I/SystemServiceManager(  479): Starting com.android.server.slice.SliceManagerService$Lifecycle
03-31 16:35:51.521 D/SystemServerTiming(  479): StartSliceManagerService took to complete: 3ms
03-31 16:35:51.521 I/SystemServerTiming(  479): StartStatsCompanion
03-31 16:35:51.526 E/system_server(  479): Could not write anonymous vdex /apex/com.android.os.statsd/javalib/oat/arm/service-statsd.vdex: Could not create directory /apex/com.android.os.statsd/javalib/oat
03-31 16:35:51.526 I/SystemServiceManager(  479): Starting com.android.server.stats.StatsCompanion$Lifecycle
03-31 16:35:51.529 D/SystemServerTiming(  479): StartStatsCompanion took to complete: 9ms
03-31 16:35:51.529 I/SystemServerTiming(  479): StartRebootReadinessManagerService
03-31 16:35:51.535 I/SystemServiceManager(  479): Starting com.android.server.scheduling.RebootReadinessManagerService$Lifecycle
03-31 16:35:51.536 E/system_server(  479): Could not write anonymous vdex /apex/com.android.scheduling/javalib/oat/arm/service-scheduling.vdex: Could not create directory /apex/com.android.scheduling/javalib/oat
03-31 16:35:51.540 I/TetheringManager(  479): registerTetheringEventCallback:android
03-31 16:35:51.540 I/TetheringManager(  479): registerTetheringEventCallback caller:android
03-31 16:35:51.541 D/SystemServerTiming(  479): StartRebootReadinessManagerService took to complete: 11ms
03-31 16:35:51.541 I/SystemServerTiming(  479): StartStatsPullAtomService
03-31 16:35:51.541 I/SystemServiceManager(  479): Starting com.android.server.stats.pull.StatsPullAtomService
03-31 16:35:51.541 D/SystemServerTiming(  479): StartStatsPullAtomService took to complete: 1ms
03-31 16:35:51.541 I/SystemServerTiming(  479): StartIncidentCompanionService
03-31 16:35:51.541 I/SystemServiceManager(  479): Starting com.android.server.incident.IncidentCompanionService
03-31 16:35:51.543 D/SystemServerTiming(  479): StartIncidentCompanionService took to complete: 2ms
03-31 16:35:51.543 I/SystemServerTiming(  479): StartMmsService
03-31 16:35:51.543 I/SystemServiceManager(  479): Starting com.android.server.MmsServiceBroker
03-31 16:35:51.546 D/SystemServerTiming(  479): StartMmsService took to complete: 2ms
03-31 16:35:51.546 I/SystemServerTiming(  479): StartAutoFillService
03-31 16:35:51.546 I/SystemServiceManager(  479): Starting com.android.server.autofill.AutofillManagerService
03-31 16:35:51.548 D/AutofillManagerService(  479): setLogLevelFromSettings(): level=2, debug=true, verbose=false
03-31 16:35:51.548 D/AutofillManagerService(  479): setMaxPartitionsFromSettings(): 10
03-31 16:35:51.548 D/AutofillManagerService(  479): setMaxVisibleDatasetsFromSettings(): 0
03-31 16:35:51.548 D/AutofillUI(  479): destroySaveUiUiThread(): already destroyed
03-31 16:35:51.548 D/AutofillManagerServiceImpl(  479): Reset component for user 0:
03-31 16:35:51.551 D/SystemServerTiming(  479): StartAutoFillService took to complete: 5ms
03-31 16:35:51.551 D/SystemServer(  479): TranslationService not defined by OEM
03-31 16:35:51.551 I/SystemServerTiming(  479): StartClipboardService
03-31 16:35:51.551 I/SystemServiceManager(  479): Starting com.android.server.clipboard.ClipboardService
03-31 16:35:51.553 D/SystemServerTiming(  479): StartClipboardService took to complete: 3ms
03-31 16:35:51.553 I/SystemServerTiming(  479): AppServiceManager
03-31 16:35:51.553 I/SystemServiceManager(  479): Starting com.android.server.appbinding.AppBindingService$Lifecycle
03-31 16:35:51.554 D/SystemServerTiming(  479): AppServiceManager took to complete: 1ms
03-31 16:35:51.554 I/SystemServerTiming(  479): startTracingServiceProxy
03-31 16:35:51.554 I/SystemServiceManager(  479): Starting com.android.server.tracing.TracingServiceProxy
03-31 16:35:51.556 D/SystemServerTiming(  479): startTracingServiceProxy took to complete: 2ms
03-31 16:35:51.557 I/SystemServerTiming(  479): startOranthService
03-31 16:35:51.557 I/SystemServiceManager(  479): Starting com.android.server.oranth.OranthManagerService$Lifecycle
03-31 16:35:51.557 I/OranthManagerService(  479): -------------- OranthManagerService --------------
03-31 16:35:51.558 E/SELinux (  182): avc:  denied  { add } for pid=479 uid=1000 name=oranth_manager scontext=u:r:system_server:s0 tcontext=u:object_r:default_android_service:s0 tclass=service_manager permissive=1
03-31 16:35:51.558 D/SystemServerTiming(  479): startOranthService took to complete: 1ms
03-31 16:35:51.558 I/SystemServerTiming(  479): MakeLockSettingsServiceReady
03-31 16:35:51.564 I/hwservicemanager(  183): getTransport: Cannot find entry android.hardware.weaver@1.0::IWeaver/default in either framework or device VINTF manifest.
03-31 16:35:51.564 I/SyntheticPasswordManager(  479): Device does not support weaver
03-31 16:35:51.564 I/hwservicemanager(  183): getTransport: Cannot find entry android.hardware.authsecret@1.0::IAuthSecret/default in either framework or device VINTF manifest.
03-31 16:35:51.565 I/LockSettingsService(  479): Device doesn't implement AuthSecret HAL
03-31 16:35:51.566 D/SystemServerTiming(  479): MakeLockSettingsServiceReady took to complete: 8ms
03-31 16:35:51.566 I/SystemServerTiming(  479): StartBootPhaseLockSettingsReady
03-31 16:35:51.566 I/SystemServiceManager(  479): Starting phase 480
03-31 16:35:51.566 I/SystemServerTiming(  479): OnBootPhase_480
03-31 16:35:51.566 D/SoundTriggerService(  479): onBootPhase: 480 : false
03-31 16:35:51.568 D/SystemServerTiming(  479): OnBootPhase_480 took to complete: 2ms
03-31 16:35:51.568 D/SystemServerTiming(  479): StartBootPhaseLockSettingsReady took to complete: 2ms
03-31 16:35:51.568 I/SystemServerTiming(  479): StartBootPhaseSystemServicesReady
03-31 16:35:51.568 I/SystemServiceManager(  479): Starting phase 500
03-31 16:35:51.568 I/SystemServerTiming(  479): OnBootPhase_500
03-31 16:35:51.569 E/StatsPullAtomCallbackImpl(  479): Failed to start PowerStatsService statsd pullers
03-31 16:35:51.572 D/ConnectivityService(  479): requestNetwork for uid/pid:1000/479 activeRequest: null callbackRequest: 9 [NetworkRequest [ REQUEST id=10, [ Capabilities: INTERNET&NOT_RESTRICTED&TRUSTED&NOT_VCN_MANAGED Uid: 1000 RequestorUid: 1000 RequestorPkg: android] ]] callback flags: 0 priority: 2147483647
03-31 16:35:51.572 E/BatteryStatsService(  479): Could not register PowerStatsInternal
03-31 16:35:51.572 D/ConnectivityService(  479): NetReassign [no changes]
03-31 16:35:51.574 D/SLog    (  479): static_init took to complete: 0ms
03-31 16:35:51.574 V/HintManagerService(  479): Initializing HintManager service...
03-31 16:35:51.574 V/HistoricalRegistry(  479): Interaction before persistence initialized
03-31 16:35:51.577 D/AppStandbyController(  479): Setting app idle enabled state
03-31 16:35:51.580 V/HistoricalRegistry(  479): Interaction before persistence initialized
03-31 16:35:51.585 V/VibratorManagerService(  479): Initializing VibratorManager service...
03-31 16:35:51.585 V/HistoricalRegistry(  479): Interaction before persistence initialized
03-31 16:35:51.586 V/VibratorManagerService(  479): VibratorManager service initialized
03-31 16:35:51.587 E/LazyAlarmStore(  479): Removed TIME_TICK alarm
03-31 16:35:51.589 I/DropBoxManagerService(  479): add tag=system_server_wtf isTagEnabled=true flags=0x2
03-31 16:35:51.591 D/ConnectivityService(  479): NetReassign [no changes]
03-31 16:35:51.592 I/ServiceManager(  242): Waiting for service 'statscompanion' on '/dev/binder' successful after waiting 1511ms
03-31 16:35:51.596 I/ActivityTaskManager(  479): Config changes=200 {1.0 ?mcc?mnc [zh_CN] ldltr sw720dp w1280dp h696dp 240dpi xlrg long land television -touch qwerty/v/v dpad/v winConfig={ mBounds=Rect(0, 0 - 1920, 1080) mAppBounds=Rect(0, 0 - 1920, 1080) mMaxBounds=Rect(0, 0 - 1920, 1080) mWindowingMode=fullscreen mDisplayWindowingMode=fullscreen mActivityType=undefined mAlwaysOnTop=undefined mRotation=ROTATION_0} s.4 ?fontWeightAdjustment}
03-31 16:35:51.599 I/WindowManager(  479): Override config changes=200 {1.0 ?mcc?mnc [zh_CN] ldltr sw720dp w1280dp h696dp 240dpi xlrg long land television -touch qwerty/v/v dpad/v winConfig={ mBounds=Rect(0, 0 - 1920, 1080) mAppBounds=Rect(0, 0 - 1920, 1080) mMaxBounds=Rect(0, 0 - 1920, 1080) mWindowingMode=fullscreen mDisplayWindowingMode=fullscreen mActivityType=undefined mAlwaysOnTop=undefined mRotation=ROTATION_0} s.4 ?fontWeightAdjustment} for displayId=0
03-31 16:35:51.601 D/TestHarnessModeService(  479): Setting up test harness mode
03-31 16:35:51.601 D/TestHarnessModeService(  479): Getting PersistentDataBlockManagerInternal from LocalServices
03-31 16:35:51.613 V/HistoricalRegistry(  479): Interaction before persistence initialized
03-31 16:35:51.615 W/NetworkPolicy(  479): setRestrictBackgroundUL: already false
03-31 16:35:51.616 I/WifiScanningService(  479): Starting wifiscanner
03-31 16:35:51.617 I/netd    (  243): registerUnsolicitedEventListener() <0.04ms>
03-31 16:35:51.617 I/EthernetServiceImpl(  479): Starting Ethernet service
03-31 16:35:51.620 D/EthernetTracker(  479): Interface match regexp set to 'eth\d'
03-31 16:35:51.623 D/Ethernet(  479): Registering NetworkFactory
03-31 16:35:51.623 D/ConnectivityService(  479): Got NetworkProvider Messenger for Ethernet
03-31 16:35:51.626 W/WifiXmlUtil(  479): Ignoring unknown value name found: CarrierMerged
03-31 16:35:51.627 W/WifiXmlUtil(  479): Ignoring unknown value name found: CaptivePortalNeverDetected
03-31 16:35:51.647 E/IpConfigStore(  479): Error opening configuration file: java.io.FileNotFoundException: /data/misc/ethernet/ipconfig.txt: open failed: ENOENT (No such file or directory)
03-31 16:35:51.648 I/PppoeServiceImpl(  479): Starting PPPOE service
03-31 16:35:51.649 D/WifiConfigStore(  479): Reading from all stores completed in 32 ms.
