01-01 08:00:14.028 I/pgrep   (  312): type=1400 audit(0.0:159): avc: denied { open } for path="/proc/252/stat" dev="proc" ino=10402 scontext=u:r:toolbox:s0 tcontext=u:r:hal_cas_default:s0 tclass=file permissive=1
01-01 08:00:14.028 I/pgrep   (  312): type=1400 audit(0.0:160): avc: denied { getattr } for path="/proc/256" dev="proc" ino=6815 scontext=u:r:toolbox:s0 tcontext=u:r:hal_gatekeeper_default:s0 tclass=dir permissive=1
01-01 08:00:14.028 I/pgrep   (  312): type=1400 audit(0.0:161): avc: denied { search } for name="256" dev="proc" ino=6815 scontext=u:r:toolbox:s0 tcontext=u:r:hal_gatekeeper_default:s0 tclass=dir permissive=1
01-01 08:00:14.028 I/pgrep   (  312): type=1400 audit(0.0:162): avc: denied { open } for path="/proc/256/stat" dev="proc" ino=10405 scontext=u:r:toolbox:s0 tcontext=u:r:hal_gatekeeper_default:s0 tclass=file permissive=1
01-01 08:00:14.028 I/xiriservice_All(  307): type=1400 audit(0.0:163): avc: denied { search } for name="com.android.internal.systemui.navbar.gestural_extra_wide_back" dev="mmcblk0p25" ino=925 scontext=u:r:init:s0 tcontext=u:object_r:app_data_file:s0:c0,c256,c512,c768 tclass=dir permissive=1
01-01 08:00:14.028 I/pgrep   (  312): type=1400 audit(0.0:164): avc: denied { getattr } for path="/proc/257" dev="proc" ino=6841 scontext=u:r:toolbox:s0 tcontext=u:r:hal_graphics_allocator_default:s0 tclass=dir permissive=1
01-01 08:00:14.028 I/pgrep   (  312): type=1400 audit(0.0:165): avc: denied { search } for name="257" dev="proc" ino=6841 scontext=u:r:toolbox:s0 tcontext=u:r:hal_graphics_allocator_default:s0 tclass=dir permissive=1
01-01 08:00:14.028 I/xiriservice_All(  307): type=1400 audit(0.0:166): avc: denied { search } for name="com.android.printspooler" dev="mmcblk0p25" ino=952 scontext=u:r:init:s0 tcontext=u:object_r:app_data_file:s0:c52,c256,c512,c768 tclass=dir permissive=1
01-01 08:00:14.028 I/pgrep   (  312): type=1400 audit(0.0:167): avc: denied { open } for path="/proc/257/stat" dev="proc" ino=10406 scontext=u:r:toolbox:s0 tcontext=u:r:hal_graphics_allocator_default:s0 tclass=file permissive=1
01-01 08:00:14.028 I/pgrep   (  312): type=1400 audit(0.0:168): avc: denied { getattr } for path="/proc/258" dev="proc" ino=3762 scontext=u:r:toolbox:s0 tcontext=u:r:hal_graphics_composer_default:s0 tclass=dir permissive=1
01-01 08:00:14.028 I/pgrep   (  312): type=1400 audit(0.0:169): avc: denied { search } for name="258" dev="proc" ino=3762 scontext=u:r:toolbox:s0 tcontext=u:r:hal_graphics_composer_default:s0 tclass=dir permissive=1
01-01 08:00:14.032 I/xiriservice_All(  307): type=1400 audit(0.0:170): avc: denied { read } for name="lib" dev="mmcblk0p25" ino=2976 scontext=u:r:init:s0 tcontext=u:object_r:app_data_file:s0:c52,c256,c512,c768 tclass=lnk_file permissive=1
01-01 08:00:14.032 I/pgrep   (  312): type=1400 audit(0.0:171): avc: denied { open } for path="/proc/258/stat" dev="proc" ino=10407 scontext=u:r:toolbox:s0 tcontext=u:r:hal_graphics_composer_default:s0 tclass=file permissive=1
01-01 08:00:14.032 I/pgrep   (  312): type=1400 audit(0.0:172): avc: denied { getattr } for path="/proc/259" dev="proc" ino=3821 scontext=u:r:toolbox:s0 tcontext=u:r:hal_health_default:s0 tclass=dir permissive=1
01-01 08:00:14.032 I/pgrep   (  312): type=1400 audit(0.0:173): avc: denied { search } for name="259" dev="proc" ino=3821 scontext=u:r:toolbox:s0 tcontext=u:r:hal_health_default:s0 tclass=dir permissive=1
01-01 08:00:14.032 I/pgrep   (  312): type=1400 audit(0.0:174): avc: denied { open } for path="/proc/259/stat" dev="proc" ino=10408 scontext=u:r:toolbox:s0 tcontext=u:r:hal_health_default:s0 tclass=file permissive=1
01-01 08:00:14.032 I/pgrep   (  312): type=1400 audit(0.0:175): avc: denied { getattr } for path="/proc/260" dev="proc" ino=3823 scontext=u:r:toolbox:s0 tcontext=u:r:hal_light_default:s0 tclass=dir permissive=1
01-01 08:00:14.032 I/xiriservice_All(  307): type=1400 audit(0.0:176): avc: denied { search } for name="com.android.dreams.basic" dev="mmcblk0p25" ino=960 scontext=u:r:init:s0 tcontext=u:object_r:app_data_file:s0:c39,c256,c512,c768 tclass=dir permissive=1
01-01 08:00:14.032 I/pgrep   (  312): type=1400 audit(0.0:177): avc: denied { search } for name="260" dev="proc" ino=3823 scontext=u:r:toolbox:s0 tcontext=u:r:hal_light_default:s0 tclass=dir permissive=1
01-01 08:00:14.032 I/xiriservice_All(  307): type=1400 audit(0.0:178): avc: denied { search } for name="com.android.webview" dev="mmcblk0p25" ino=969 scontext=u:r:init:s0 tcontext=u:object_r:app_data_file:s0:c60,c256,c512,c768 tclass=dir permissive=1
01-01 08:00:14.032 I/pgrep   (  312): type=1400 audit(0.0:179): avc: denied { open } for path="/proc/260/stat" dev="proc" ino=10409 scontext=u:r:toolbox:s0 tcontext=u:r:hal_light_default:s0 tclass=file permissive=1
01-01 08:00:14.032 I/pgrep   (  312): type=1400 audit(0.0:180): avc: denied { getattr } for path="/proc/261" dev="proc" ino=3831 scontext=u:r:toolbox:s0 tcontext=u:r:hal_power_default:s0 tclass=dir permissive=1
01-01 08:00:14.032 I/pgrep   (  312): type=1400 audit(0.0:181): avc: denied { search } for name="261" dev="proc" ino=3831 scontext=u:r:toolbox:s0 tcontext=u:r:hal_power_default:s0 tclass=dir permissive=1
01-01 08:00:14.032 I/xiriservice_All(  307): type=1400 audit(0.0:182): avc: denied { read } for name="lib" dev="mmcblk0p25" ino=2977 scontext=u:r:init:s0 tcontext=u:object_r:app_data_file:s0:c60,c256,c512,c768 tclass=lnk_file permissive=1
01-01 08:00:14.032 I/pgrep   (  312): type=1400 audit(0.0:183): avc: denied { open } for path="/proc/261/stat" dev="proc" ino=10410 scontext=u:r:toolbox:s0 tcontext=u:r:hal_power_default:s0 tclass=file permissive=1
01-01 08:00:14.032 I/pgrep   (  312): type=1400 audit(0.0:184): avc: denied { getattr } for path="/proc/263" dev="proc" ino=6913 scontext=u:r:toolbox:s0 tcontext=u:r:hal_tv_cec_default:s0 tclass=dir permissive=1
01-01 08:00:14.036 I/pgrep   (  312): type=1400 audit(0.0:185): avc: denied { search } for name="263" dev="proc" ino=6913 scontext=u:r:toolbox:s0 tcontext=u:r:hal_tv_cec_default:s0 tclass=dir permissive=1
01-01 08:00:14.036 I/pgrep   (  312): type=1400 audit(0.0:186): avc: denied { open } for path="/proc/263/stat" dev="proc" ino=10412 scontext=u:r:toolbox:s0 tcontext=u:r:hal_tv_cec_default:s0 tclass=file permissive=1
01-01 08:00:14.036 I/pgrep   (  312): type=1400 audit(0.0:187): avc: denied { getattr } for path="/proc/268" dev="proc" ino=6935 scontext=u:r:toolbox:s0 tcontext=u:r:hal_usb_impl:s0 tclass=dir permissive=1
01-01 08:00:14.036 I/pgrep   (  312): type=1400 audit(0.0:188): avc: denied { search } for name="268" dev="proc" ino=6935 scontext=u:r:toolbox:s0 tcontext=u:r:hal_usb_impl:s0 tclass=dir permissive=1
01-01 08:00:14.036 I/pgrep   (  312): type=1400 audit(0.0:189): avc: denied { open } for path="/proc/268/stat" dev="proc" ino=10413 scontext=u:r:toolbox:s0 tcontext=u:r:hal_usb_impl:s0 tclass=file permissive=1
01-01 08:00:14.036 I/pgrep   (  312): type=1400 audit(0.0:190): avc: denied { getattr } for path="/proc/270" dev="proc" ino=3885 scontext=u:r:toolbox:s0 tcontext=u:r:hal_awdisplayoutput_default:s0 tclass=dir permissive=1
01-01 08:00:14.036 I/pgrep   (  312): type=1400 audit(0.0:191): avc: denied { search } for name="270" dev="proc" ino=3885 scontext=u:r:toolbox:s0 tcontext=u:r:hal_awdisplayoutput_default:s0 tclass=dir permissive=1
01-01 08:00:14.036 I/pgrep   (  312): type=1400 audit(0.0:192): avc: denied { open } for path="/proc/270/stat" dev="proc" ino=10414 scontext=u:r:toolbox:s0 tcontext=u:r:hal_awdisplayoutput_default:s0 tclass=file permissive=1
01-01 08:00:14.036 I/pgrep   (  312): type=1400 audit(0.0:193): avc: denied { getattr } for path="/proc/277" dev="proc" ino=6974 scontext=u:r:toolbox:s0 tcontext=u:r:hal_rebootescrow_default:s0 tclass=dir permissive=1
01-01 08:00:14.036 I/pgrep   (  312): type=1400 audit(0.0:194): avc: denied { read } for scontext=u:r:toolbox:s0 tcontext=u:r:hal_rebootescrow_default:s0 tclass=file permissive=1
01-01 08:00:14.036 I/pgrep   (  312): type=1400 audit(0.0:195): avc: denied { search } for name="277" dev="proc" ino=6974 scontext=u:r:toolbox:s0 tcontext=u:r:hal_rebootescrow_default:s0 tclass=dir permissive=1
01-01 08:00:14.036 I/pgrep   (  312): type=1400 audit(0.0:196): avc: denied { open } for path="/proc/277/stat" dev="proc" ino=10415 scontext=u:r:toolbox:s0 tcontext=u:r:hal_rebootescrow_default:s0 tclass=file permissive=1
01-01 08:00:14.036 I/pgrep   (  312): type=1400 audit(0.0:197): avc: denied { getattr } for path="/proc/284" dev="proc" ino=7015 scontext=u:r:toolbox:s0 tcontext=u:r:audioserver:s0 tclass=dir permissive=1
01-01 08:00:14.036 I/pgrep   (  312): type=1400 audit(0.0:198): avc: denied { read } for scontext=u:r:toolbox:s0 tcontext=u:r:audioserver:s0 tclass=file permissive=1
01-01 08:00:14.036 I/pgrep   (  312): type=1400 audit(0.0:199): avc: denied { search } for name="284" dev="proc" ino=7015 scontext=u:r:toolbox:s0 tcontext=u:r:audioserver:s0 tclass=dir permissive=1
01-01 08:00:14.036 I/pgrep   (  312): type=1400 audit(0.0:200): avc: denied { open } for path="/proc/284/stat" dev="proc" ino=10416 scontext=u:r:toolbox:s0 tcontext=u:r:audioserver:s0 tclass=file permissive=1
01-01 08:00:14.036 I/pgrep   (  312): type=1400 audit(0.0:201): avc: denied { getattr } for path="/proc/290" dev="proc" ino=6994 scontext=u:r:toolbox:s0 tcontext=u:r:credstore:s0 tclass=dir permissive=1
01-01 08:00:14.160 D/XiriService(  307): read SYSTEM APP lib
01-01 08:00:14.036 I/pgrep   (  312): type=1400 audit(0.0:202): avc: denied { read } for scontext=u:r:toolbox:s0 tcontext=u:r:credstore:s0 tclass=file permissive=1
01-01 08:00:14.036 I/pgrep   (  312): type=1400 audit(0.0:203): avc: denied { search } for name="290" dev="proc" ino=6994 scontext=u:r:toolbox:s0 tcontext=u:r:credstore:s0 tclass=dir permissive=1
01-01 08:00:14.036 I/xiriservice_All(  307): type=1400 audit(0.0:204): avc: denied { search } for name="com.android.printservice.recommendation" dev="mmcblk0p25" ino=1046 scontext=u:r:init:s0 tcontext=u:object_r:app_data_file:s0:c36,c256,c512,c768 tclass=dir permissive=1
01-01 08:00:14.036 I/pgrep   (  312): type=1400 audit(0.0:205): avc: denied { open } for path="/proc/290/stat" dev="proc" ino=10417 scontext=u:r:toolbox:s0 tcontext=u:r:credstore:s0 tclass=file permissive=1
01-01 08:00:14.036 I/xiriservice_All(  307): type=1400 audit(0.0:206): avc: denied { search } for name="com.google.android.networkstack.tetheringconfig" dev="mmcblk0p25" ino=1054 scontext=u:r:init:s0 tcontext=u:object_r:app_data_file:s0:c8,c256,c512,c768 tclass=dir permissive=1
01-01 08:00:14.036 I/pgrep   (  312): type=1400 audit(0.0:207): avc: denied { getattr } for path="/proc/291" dev="proc" ino=6998 scontext=u:r:toolbox:s0 tcontext=u:r:gpuservice:s0 tclass=dir permissive=1
01-01 08:00:14.036 I/pgrep   (  312): type=1400 audit(0.0:208): avc: denied { read } for scontext=u:r:toolbox:s0 tcontext=u:r:gpuservice:s0 tclass=file permissive=1
01-01 08:00:14.036 I/pgrep   (  312): type=1400 audit(0.0:209): avc: denied { search } for name="291" dev="proc" ino=6998 scontext=u:r:toolbox:s0 tcontext=u:r:gpuservice:s0 tclass=dir permissive=1
01-01 08:00:14.036 I/pgrep   (  312): type=1400 audit(0.0:210): avc: denied { open } for path="/proc/291/stat" dev="proc" ino=10418 scontext=u:r:toolbox:s0 tcontext=u:r:gpuservice:s0 tclass=file permissive=1
01-01 08:00:14.036 I/pgrep   (  312): type=1400 audit(0.0:211): avc: denied { getattr } for path="/proc/292" dev="proc" ino=3962 scontext=u:r:toolbox:s0 tcontext=u:r:surfaceflinger:s0 tclass=dir permissive=1
01-01 08:00:14.036 I/pgrep   (  312): type=1400 audit(0.0:212): avc: denied { search } for name="292" dev="proc" ino=3962 scontext=u:r:toolbox:s0 tcontext=u:r:surfaceflinger:s0 tclass=dir permissive=1
01-01 08:00:14.036 I/pgrep   (  312): type=1400 audit(0.0:213): avc: denied { open } for path="/proc/292/stat" dev="proc" ino=10419 scontext=u:r:toolbox:s0 tcontext=u:r:surfaceflinger:s0 tclass=file permissive=1
01-01 08:00:14.036 I/pgrep   (  312): type=1400 audit(0.0:214): avc: denied { getattr } for path="/proc/295" dev="proc" ino=7017 scontext=u:r:toolbox:s0 tcontext=u:r:pqd:s0 tclass=dir permissive=1
01-01 08:00:14.036 I/pgrep   (  312): type=1400 audit(0.0:215): avc: denied { search } for name="295" dev="proc" ino=7017 scontext=u:r:toolbox:s0 tcontext=u:r:pqd:s0 tclass=dir permissive=1
01-01 08:00:14.036 I/pgrep   (  312): type=1400 audit(0.0:216): avc: denied { open } for path="/proc/295/stat" dev="proc" ino=10420 scontext=u:r:toolbox:s0 tcontext=u:r:pqd:s0 tclass=file permissive=1
01-01 08:00:14.165 D/DONGLE_SERVICE(  324): ble_rc_service version is 2.0.26601
01-01 08:00:14.165 D/DONGLE_SERVICE(  324): init command center ...
01-01 08:00:14.165 D/DONGLE_SERVICE(  324): trying to scan for smart ctrl hidraw...
01-01 08:00:14.166 D/DONGLE_SERVICE(  324): command center, start working...
01-01 08:00:14.167 D/DONGLE_SERVICE(  324): >> start monitor uevent ...
01-01 08:00:14.036 I/pgrep   (  312): type=1400 audit(0.0:217): avc: denied { read } for scontext=u:r:toolbox:s0 tcontext=u:r:init:s0 tclass=file permissive=1
01-01 08:00:14.036 I/pgrep   (  312): type=1400 audit(0.0:218): avc: denied { open } for path="/proc/302/stat" dev="proc" ino=10421 scontext=u:r:toolbox:s0 tcontext=u:r:init:s0 tclass=file permissive=1
01-01 08:00:14.040 I/xiriservice_All(  307): type=1400 audit(0.0:219): avc: denied { search } for name="com.android.theme.font.notoserifsource" dev="mmcblk0p25" ino=1078 scontext=u:r:init:s0 tcontext=u:object_r:app_data_file:s0:c9,c256,c512,c768 tclass=dir permissive=1
01-01 08:00:14.040 I/xiriservice_All(  307): type=1400 audit(0.0:220): avc: denied { search } for name="com.android.smspush" dev="mmcblk0p25" ino=1134 scontext=u:r:init:s0 tcontext=u:object_r:app_data_file:s0:c69,c256,c512,c768 tclass=dir permissive=1
01-01 08:00:14.044 I/xiriservice_All(  307): type=1400 audit(0.0:221): avc: denied { search } for name="com.tv.filemanager.os" dev="mmcblk0p25" ino=1150 scontext=u:r:init:s0 tcontext=u:object_r:app_data_file:s0:c54,c256,c512,c768 tclass=dir permissive=1
01-01 08:00:14.044 I/led_switch.sh(  316): type=1400 audit(0.0:222): avc: denied { add_name } for name="led_swith.txt" scontext=u:r:init:s0 tcontext=u:object_r:shell_data_file:s0 tclass=dir permissive=1 bug=b/77873135
01-01 08:00:14.044 I/led_switch.sh(  316): type=1400 audit(0.0:223): avc: denied { create } for name="led_swith.txt" scontext=u:r:init:s0 tcontext=u:object_r:shell_data_file:s0 tclass=file permissive=1 bug=b/77873135
01-01 08:00:14.048 I/led_switch.sh(  316): type=1400 audit(0.0:224): avc: denied { write } for name="led_swith.txt" dev="mmcblk0p25" ino=228 scontext=u:r:init:s0 tcontext=u:object_r:shell_data_file:s0 tclass=file permissive=1 bug=b/77873135
01-01 08:00:14.048 I/led_switch.sh(  316): type=1400 audit(0.0:225): avc: denied { open } for path="/data/local/tmp/led_swith.txt" dev="mmcblk0p25" ino=228 scontext=u:r:init:s0 tcontext=u:object_r:shell_data_file:s0 tclass=file permissive=1 bug=b/77873135
01-01 08:00:14.048 I/xiriservice_All(  307): type=1400 audit(0.0:226): avc: denied { search } for name="com.android.bookmarkprovider" dev="mmcblk0p25" ino=1181 scontext=u:r:init:s0 tcontext=u:object_r:app_data_file:s0:c41,c256,c512,c768 tclass=dir permissive=1
01-01 08:00:14.048 I/xiriservice_All(  307): type=1400 audit(0.0:227): avc: denied { search } for name="com.android.cts.ctsshim" dev="mmcblk0p25" ino=1200 scontext=u:r:init:s0 tcontext=u:object_r:app_data_file:s0:c37,c256,c512,c768 tclass=dir permissive=1
01-01 08:00:14.048 I/check_xm_hidraw(  317): type=1400 audit(0.0:228): avc: denied { execute_no_trans } for path="/system/bin/xm_hidread" dev="dm-0" ino=1326 scontext=u:r:init:s0 tcontext=u:object_r:system_file:s0 tclass=file permissive=1
01-01 08:00:14.048 I/xiriservice_All(  307): type=1400 audit(0.0:229): avc: denied { search } for name="com.dangbei.lerad.screensaver" dev="mmcblk0p25" ino=1208 scontext=u:r:init:s0 tcontext=u:object_r:app_data_file:s0:c50,c256,c512,c768 tclass=dir permissive=1
01-01 08:00:14.048 I/xiriservice_All(  307): type=1400 audit(0.0:230): avc: denied { read } for name="lib" dev="mmcblk0p25" ino=2990 scontext=u:r:init:s0 tcontext=u:object_r:app_data_file:s0:c50,c256,c512,c768 tclass=lnk_file permissive=1
01-01 08:00:14.048 I/xiriservice_All(  307): type=1400 audit(0.0:231): avc: denied { search } for name="com.android.remoteprovisioner" dev="mmcblk0p25" ino=1216 scontext=u:r:init:s0 tcontext=u:object_r:app_data_file:s0:c63,c256,c512,c768 tclass=dir permissive=1
01-01 08:00:14.048 I/xiriservice_All(  307): type=1400 audit(0.0:232): avc: denied { search } for name="com.softwinner.theme.icon" dev="mmcblk0p25" ino=1224 scontext=u:r:init:s0 tcontext=u:object_r:app_data_file:s0:c7,c256,c512,c768 tclass=dir permissive=1
01-01 08:00:14.048 I/xiriservice_All(  307): type=1400 audit(0.0:233): avc: denied { search } for name="com.android.music" dev="mmcblk0p25" ino=1248 scontext=u:r:init:s0 tcontext=u:object_r:app_data_file:s0:c48,c256,c512,c768 tclass=dir permissive=1
01-01 08:00:14.052 I/xiriservice_All(  307): type=1400 audit(0.0:234): avc: denied { search } for name="com.android.providers.media.module" dev="mmcblk0p25" ino=1280 scontext=u:r:init:s0 tcontext=u:object_r:privapp_data_file:s0:c74,c256,c512,c768 tclass=dir permissive=1
01-01 08:00:14.052 I/xiriservice_All(  307): type=1400 audit(0.0:235): avc: denied { read } for name="lib" dev="mmcblk0p25" ino=2992 scontext=u:r:init:s0 tcontext=u:object_r:privapp_data_file:s0:c74,c256,c512,c768 tclass=lnk_file permissive=1
01-01 08:00:14.052 I/xiriservice_All(  307): type=1400 audit(0.0:236): avc: denied { search } for name="com.softwinner.theme.color" dev="mmcblk0p25" ino=1288 scontext=u:r:init:s0 tcontext=u:object_r:app_data_file:s0:c3,c256,c512,c768 tclass=dir permissive=1
01-01 08:00:14.052 I/xiriservice_All(  307): type=1400 audit(0.0:237): avc: denied { search } for name="com.android.hotspot2.osulogin" dev="mmcblk0p25" ino=1304 scontext=u:r:init:s0 tcontext=u:object_r:app_data_file:s0:c71,c256,c512,c768 tclass=dir permissive=1
01-01 08:00:14.052 I/xiriservice_All(  307): type=1400 audit(0.0:238): avc: denied { search } for name="com.android.internal.systemui.navbar.gestural" dev="mmcblk0p25" ino=1312 scontext=u:r:init:s0 tcontext=u:object_r:app_data_file:s0:c4,c256,c512,c768 tclass=dir permissive=1
01-01 08:00:14.060 I/led_switch.sh(  318): type=1400 audit(0.0:239): avc: denied { execute_no_trans } for path="/vendor/bin/toolbox" dev="dm-1" ino=229 scontext=u:r:init:s0 tcontext=u:object_r:vendor_toolbox_exec:s0 tclass=file permissive=1
01-01 08:00:14.064 I/xm_hidread(  317): type=1400 audit(0.0:240): avc: denied { create } for scontext=u:r:init:s0 tcontext=u:r:init:s0 tclass=netlink_kobject_uevent_socket permissive=1
01-01 08:00:14.064 I/xm_hidread(  317): type=1400 audit(0.0:241): avc: denied { setopt } for scontext=u:r:init:s0 tcontext=u:r:init:s0 tclass=netlink_kobject_uevent_socket permissive=1
01-01 08:00:14.064 I/xm_hidread(  317): type=1400 audit(0.0:242): avc: denied { bind } for scontext=u:r:init:s0 tcontext=u:r:init:s0 tclass=netlink_kobject_uevent_socket permissive=1
01-01 08:00:14.064 I/xm_hidread(  317): type=1400 audit(0.0:243): avc: denied { read } for scontext=u:r:init:s0 tcontext=u:r:init:s0 tclass=netlink_kobject_uevent_socket permissive=1
01-01 08:00:14.076 I/xiriservice_All(  307): type=1400 audit(0.0:244): avc: denied { search } for name="com.android.bluetoothmidiservice" dev="mmcblk0p25" ino=1328 scontext=u:r:init:s0 tcontext=u:object_r:app_data_file:s0:c53,c256,c512,c768 tclass=dir permissive=1
01-01 08:00:14.076 I/xiriservice_All(  307): type=1400 audit(0.0:245): avc: denied { search } for name="com.softwinner.miracastReceiver" dev="mmcblk0p25" ino=1344 scontext=u:r:init:s0 tcontext=u:object_r:system_app_data_file:s0 tclass=dir permissive=1
01-01 08:00:14.080 I/xiriservice_All(  307): type=1400 audit(0.0:246): avc: denied { search } for name="com.android.traceur" dev="mmcblk0p25" ino=1352 scontext=u:r:init:s0 tcontext=u:object_r:app_data_file:s0:c31,c256,c512,c768 tclass=dir permissive=1
01-01 08:00:14.080 I/xiriservice_All(  307): type=1400 audit(0.0:247): avc: denied { read } for name="lib" dev="mmcblk0p25" ino=2997 scontext=u:r:init:s0 tcontext=u:object_r:bluetooth_data_file:s0 tclass=lnk_file permissive=1
01-01 08:00:14.084 I/xiriservice_All(  307): type=1400 audit(0.0:248): avc: denied { search } for name="com.android.providers.contacts" dev="mmcblk0p25" ino=1368 scontext=u:r:init:s0 tcontext=u:object_r:privapp_data_file:s0:c512,c768 tclass=dir permissive=1
01-01 08:00:14.084 I/xiriservice_All(  307): type=1400 audit(0.0:249): avc: denied { search } for name="com.android.captiveportallogin" dev="mmcblk0p25" ino=1376 scontext=u:r:init:s0 tcontext=u:object_r:app_data_file:s0:c45,c256,c512,c768 tclass=dir permissive=1
01-01 08:00:14.084 I/xiriservice_All(  307): type=1400 audit(0.0:250): avc: denied { search } for name="com.android.internal.systemui.navbar.gestural_narrow_back" dev="mmcblk0p25" ino=1384 scontext=u:r:init:s0 tcontext=u:object_r:app_data_file:s0:c11,c256,c512,c768 tclass=dir permissive=1
01-01 08:00:14.084 I/xiriservice_All(  307): type=1400 audit(0.0:251): avc: denied { search } for name="android.auto_generated_rro_vendor__" dev="mmcblk0p25" ino=1392 scontext=u:r:init:s0 tcontext=u:object_r:app_data_file:s0:c12,c256,c512,c768 tclass=dir permissive=1
01-01 08:00:14.176 I/xiriservice_All(  307): type=1400 audit(0.0:252): avc: denied { watch } for path="/data/data" dev="mmcblk0p25" ino=87 scontext=u:r:init:s0 tcontext=u:object_r:system_data_file:s0:c512,c768 tclass=dir permissive=1
01-01 08:00:14.180 I/rainbow_flow(  325): type=1400 audit(0.0:253): avc: denied { write } for name="spidev1.0" dev="tmpfs" ino=3270 scontext=u:r:init:s0 tcontext=u:object_r:device:s0 tclass=chr_file permissive=1
01-01 08:00:14.180 I/rainbow_flow(  325): type=1400 audit(0.0:254): avc: denied { open } for path="/dev/spidev1.0" dev="tmpfs" ino=3270 scontext=u:r:init:s0 tcontext=u:object_r:device:s0 tclass=chr_file permissive=1
01-01 08:00:14.180 I/rainbow_flow(  325): type=1400 audit(0.0:255): avc: denied { ioctl } for path="/dev/spidev1.0" dev="tmpfs" ino=3270 ioctlcmd=0x6b01 scontext=u:r:init:s0 tcontext=u:object_r:device:s0 tclass=chr_file permissive=1
01-01 08:00:14.187 I/AndroidRuntime(  244): Using default boot image
01-01 08:00:14.188 I/AndroidRuntime(  244): Leaving lock profiling enabled
01-01 08:00:14.193 E/cutils-trace(  292): Error opening trace file: No such file or directory (2)
01-01 08:00:14.194 I/hwservicemanager(  183): getTransport: Cannot find entry android.hardware.configstore@1.0::ISurfaceFlingerConfigs/default in either framework or device VINTF manifest.
01-01 08:00:14.195 E/cutils-trace(  244): Error opening trace file: No such file or directory (2)
01-01 08:00:14.197 I/zygote  (  244): option[0]=-Xzygote
01-01 08:00:14.198 I/zygote  (  244): option[1]=-Xdeny-art-apex-data-files
01-01 08:00:14.198 I/zygote  (  244): option[2]=exit
01-01 08:00:14.198 I/zygote  (  244): option[3]=vfprintf
01-01 08:00:14.198 I/zygote  (  244): option[4]=sensitiveThread
01-01 08:00:14.198 I/zygote  (  244): option[5]=-verbose:gc
01-01 08:00:14.198 I/zygote  (  244): option[6]=-XX:PerfettoHprof=true
01-01 08:00:14.198 I/zygote  (  244): option[7]=-XX:PerfettoJavaHeapStackProf=true
01-01 08:00:14.198 I/zygote  (  244): option[8]=-Xprimaryzygote
01-01 08:00:14.198 I/zygote  (  244): option[9]=-Xms5m
01-01 08:00:14.198 I/zygote  (  244): option[10]=-Xmx512m
01-01 08:00:14.198 I/zygote  (  244): option[11]=-XX:HeapGrowthLimit=256m
01-01 08:00:14.198 I/zygote  (  244): option[12]=-XX:HeapMinFree=512k
01-01 08:00:14.198 I/zygote  (  244): option[13]=-XX:HeapMaxFree=8m
01-01 08:00:14.198 I/zygote  (  244): option[14]=-XX:HeapTargetUtilization=0.75
01-01 08:00:14.198 I/zygote  (  244): option[15]=-Xusejit:true
01-01 08:00:14.198 I/zygote  (  244): option[16]=-Xjitsaveprofilinginfo
01-01 08:00:14.198 I/zygote  (  244): option[17]=-XMadviseWillNeedVdexFileSize:104857600
01-01 08:00:14.198 I/zygote  (  244): option[18]=-XMadviseWillNeedOdexFileSize:104857600
01-01 08:00:14.198 I/zygote  (  244): option[19]=-XMadviseWillNeedArtFileSize:4294967295
01-01 08:00:14.198 I/zygote  (  244): option[20]=-XjdwpOptions:suspend=n,server=y
01-01 08:00:14.198 I/zygote  (  244): option[21]=-XjdwpProvider:default
01-01 08:00:14.198 I/zygote  (  244): option[22]=-Xopaque-jni-ids:swapable
01-01 08:00:14.198 I/zygote  (  244): option[23]=-Xlockprofthreshold:500
01-01 08:00:14.198 I/zygote  (  244): option[24]=-Xcompiler-option
01-01 08:00:14.198 I/zygote  (  244): option[25]=--instruction-set-variant=cortex-a7
01-01 08:00:14.198 I/zygote  (  244): option[26]=-Xcompiler-option
01-01 08:00:14.198 I/zygote  (  244): option[27]=--instruction-set-features=default
01-01 08:00:14.198 I/zygote  (  244): option[28]=-Xcompiler-option
01-01 08:00:14.198 I/zygote  (  244): option[29]=--generate-mini-debug-info
01-01 08:00:14.198 I/zygote  (  244): option[30]=-Ximage-compiler-option
01-01 08:00:14.198 I/zygote  (  244): option[31]=--runtime-arg
01-01 08:00:14.198 I/zygote  (  244): option[32]=-Ximage-compiler-option
01-01 08:00:14.198 I/zygote  (  244): option[33]=-Xms64m
01-01 08:00:14.198 I/zygote  (  244): option[34]=-Ximage-compiler-option
01-01 08:00:14.198 I/zygote  (  244): option[35]=--runtime-arg
01-01 08:00:14.198 I/zygote  (  244): option[36]=-Ximage-compiler-option
01-01 08:00:14.198 I/zygote  (  244): option[37]=-Xmx64m
01-01 08:00:14.198 I/zygote  (  244): option[38]=-Ximage-compiler-option
01-01 08:00:14.198 I/zygote  (  244): option[39]=--dirty-image-objects=/system/etc/dirty-image-objects
01-01 08:00:14.198 I/zygote  (  244): option[40]=-Ximage-compiler-option
01-01 08:00:14.198 I/zygote  (  244): option[41]=--instruction-set-variant=cortex-a7
01-01 08:00:14.198 I/zygote  (  244): option[42]=-Ximage-compiler-option
01-01 08:00:14.198 I/zygote  (  244): option[43]=--instruction-set-features=default
01-01 08:00:14.198 I/zygote  (  244): option[44]=-Ximage-compiler-option
01-01 08:00:14.198 I/zygote  (  244): option[45]=--generate-mini-debug-info
01-01 08:00:14.199 I/zygote  (  244): option[46]=-Duser.locale=zh-CN
01-01 08:00:14.199 I/zygote  (  244): option[47]=--cpu-abilist=armeabi-v7a,armeabi
01-01 08:00:14.199 I/zygote  (  244): option[48]=-Xcore-platform-api-policy:just-warn
01-01 08:00:14.199 I/zygote  (  244): option[49]=-Xfingerprint:Dangbei/raven/raven:12/SP1A.211105.004/20260331.163629:userdebug/release-keys
01-01 08:00:14.204 I/SurfaceFlinger(  292): Using HWComposer service: default
01-01 08:00:14.204 I/SurfaceFlinger(  292): SurfaceFlinger is starting
01-01 08:00:14.212 I/hwservicemanager(  183): getTransport: Cannot find entry android.hardware.configstore@1.1::ISurfaceFlingerConfigs/default in either framework or device VINTF manifest.
01-01 08:00:14.213 I/SurfaceFlinger(  292): Disabling blur effects, they are not supported.
01-01 08:00:14.218 I/SurfaceFlinger(  292): SurfaceFlinger's main thread ready to run. Initializing graphics H/W...
01-01 08:00:14.218 D/RenderEngine(  292): RenderEngine with GLES Backend
01-01 08:00:14.314 W/FAT-fs (mmcblk0p24)(    1): Volume was not properly unmounted. Some data may be corrupt. Please run fsck.
01-01 08:00:14.224 I/FastMixerState(  284): sMaxFastTracks = 8
01-01 08:00:14.227 W/zygote  (  244): ART APEX data files are untrusted.
01-01 08:00:14.230 I/bootstat(  327): Service started: /system/bin/bootstat --set_system_boot_reason 
01-01 08:00:14.231 I/zygote  (  244): Core platform API reporting enabled, enforcing=false
01-01 08:00:14.233 I/bootstat(  327): Canonical boot reason: reboot
01-01 08:00:14.233 I/bootstat(  327): Canonical boot reason: reboot
01-01 08:00:14.240 V/MediaUtils(  284): physMem: 2055442432
01-01 08:00:14.240 V/MediaUtils(  284): requested limit: 411088480
01-01 08:00:14.240 I/libc    (  284): malloc_limit: Allocation limit enabled, max size 411088480 bytes
01-01 08:00:14.241 I/audioserver(  284): ServiceManager: 0xee10d420
01-01 08:00:14.245 W/BatteryNotifier(  284): batterystats service unavailable!
01-01 08:00:14.247 E/cutils-trace(  284): Error opening trace file: No such file or directory (2)
01-01 08:00:14.264 E/bootstat(  327): Failed to read /metadata/bootstat/persist.sys.boot.reason: No such file or directory
01-01 08:00:14.264 I/bootstat(  327): Value of persist.sys.boot.reason : 
01-01 08:00:14.264 I/bootstat(  327): Normalized last reboot reason : reboot
01-01 08:00:14.260 I/EventThread(  263): type=1400 audit(0.0:256): avc: denied { search } for name="extcon" dev="sysfs" ino=18102 scontext=u:r:hal_tv_cec_default:s0 tcontext=u:object_r:sysfs_extcon:s0 tclass=dir permissive=1
01-01 08:00:14.260 I/EventThread(  263): type=1400 audit(0.0:257): avc: denied { read } for name="u:object_r:default_prop:s0" dev="tmpfs" ino=2815 scontext=u:r:hal_tv_cec_default:s0 tcontext=u:object_r:default_prop:s0 tclass=file permissive=1
01-01 08:00:14.260 I/EventThread(  263): type=1400 audit(0.0:258): avc: denied { open } for path="/dev/__properties__/u:object_r:default_prop:s0" dev="tmpfs" ino=2815 scontext=u:r:hal_tv_cec_default:s0 tcontext=u:object_r:default_prop:s0 tclass=file permissive=1
01-01 08:00:14.260 I/EventThread(  263): type=1400 audit(0.0:259): avc: denied { getattr } for path="/dev/__properties__/u:object_r:default_prop:s0" dev="tmpfs" ino=2815 scontext=u:r:hal_tv_cec_default:s0 tcontext=u:object_r:default_prop:s0 tclass=file permissive=1
01-01 08:00:14.260 I/EventThread(  263): type=1400 audit(0.0:260): avc: denied { map } for path="/dev/__properties__/u:object_r:default_prop:s0" dev="tmpfs" ino=2815 scontext=u:r:hal_tv_cec_default:s0 tcontext=u:object_r:default_prop:s0 tclass=file permissive=1
01-01 08:00:14.274 I/perfetto(  331): probes.cc:84            Starting /system/bin/traced_probes service
01-01 08:00:14.268 I/rainbow_flow(  325): type=1400 audit(0.0:261): avc: denied { ioctl } for path="/dev/spidev1.0" dev="tmpfs" ino=3270 ioctlcmd=0x6b00 scontext=u:r:init:s0 tcontext=u:object_r:device:s0 tclass=chr_file permissive=1
01-01 08:00:14.275 I/perfetto(  331): _activity_trigger.cc:71 mm_events ftrace instance not found. Triggering of traces on memory pressure will not be available on this device.
01-01 08:00:14.277 I/perfetto(  331): probes_producer.cc:129  Disconnected from tracing service
01-01 08:00:14.286 W/perfetto(  333): service.cc:207          Started traced, listening on /dev/socket/traced_producer /dev/socket/traced_consumer
01-01 08:00:14.288 E/bootstat(  327): Failed to unlink /metadata/bootstat/persist.sys.boot.reason: No such file or directory
01-01 08:00:14.304 I/preloaddata(  339): type=1400 audit(0.0:262): avc: denied { write search } for name="tmp" dev="mmcblk0p25" ino=85 scontext=u:r:toolbox:s0 tcontext=u:object_r:shell_data_file:s0 tclass=dir permissive=1
01-01 08:00:14.304 I/preloaddata(  339): type=1400 audit(0.0:263): avc: denied { getattr } for path="/data/local/tmp" dev="mmcblk0p25" ino=85 scontext=u:r:toolbox:s0 tcontext=u:object_r:shell_data_file:s0 tclass=dir permissive=1
01-01 08:00:14.361 D/XM_HIDREAD(  317): add@ add@/devices/platform/uwe_bsp.0
01-01 08:00:14.356 I/xiriservice_All(  324): type=1400 audit(0.0:264): avc: denied { read } for scontext=u:r:init:s0 tcontext=u:r:init:s0 tclass=netlink_kobject_uevent_socket permissive=1
01-01 08:00:14.464 I/WCN     (  164): marlin_init entry!
01-01 08:00:14.471 I/WCN     (  164): unisoc wcn driver version: W26.14.2, build time: Mar 31 2026 16:35:32 (UTC)
01-01 08:00:14.471 I/WCN     (  164): wcn config keep power on
01-01 08:00:14.487 I/WCN     (  164): wcn config bt wake host
01-01 08:00:14.389 I/ServiceManager(  284): Waiting for service 'media.metrics' on '/dev/binder'...
01-01 08:00:14.393 D/XM_HIDREAD(  317): add@ add@/devices/platform/uwe_bsp.0/wakeup/wakeup8
01-01 08:00:14.492 I/WCN     (  164): marlin_registsr_bt_wake bt_hostwake gpio=208 intnum=237
01-01 08:00:14.504 I/sdiohal (  164): sdiohal_parse_dt adma_tx:1, adma_rx:1, pwrseq:0, irq type:data, gpio_num:0, blksize:840
01-01 08:00:14.518 E/sdiohal err(  164): sdio, BITS =64, PageSize =4096, order=6, 3
01-01 08:00:14.527 I/sdiohal (  164): sdiohal_init ok
01-01 08:00:14.424 D/XM_HIDREAD(  317): add@ add@/class/slog_wcn
01-01 08:00:14.425 D/libEGL  (  292): loaded /vendor/lib/egl/libGLES_mali.so
01-01 08:00:14.426 D/XM_HIDREAD(  317): add@ add@/devices/virtual/slog_wcn/slog_wcn0
01-01 08:00:14.426 D/XM_HIDREAD(  317): add@ add@/devices/virtual/slog_wcn/slog_wcn1
01-01 08:00:14.427 D/XM_HIDREAD(  317): add@ add@/devices/virtual/misc/wcn_op
01-01 08:00:14.535 I/WCN     (  164): marlin_probe ok!
01-01 08:00:14.433 D/XM_HIDREAD(  317): add@ add@/bus/platform/drivers/uwe_bsp
01-01 08:00:14.433 D/XM_HIDREAD(  317): add@ add@/module/uwe5621_bsp_sdio
01-01 08:00:14.476 D/XM_HIDREAD(  317): add@ add@/devices/platform/mtty.0
01-01 08:00:14.478 D/XM_HIDREAD(  317): add@ add@/devices/virtual/tty/ttyBT0
01-01 08:00:14.580 E/        (  164): uwe5621_bt_tty_init
01-01 08:00:14.585 E/        (  164): mtty_probe unisoc soc, continue
01-01 08:00:14.586 I/        (  164): mtty_probe init device addr: 0x00000000a9746f04
01-01 08:00:14.599 E/        (  164): rfkill_bluetooth_init
01-01 08:00:14.496 D/XM_HIDREAD(  317): add@ add@/devices/platform/mtty.0/rfkill/rfkill1
01-01 08:00:14.604 E/        (  164): rfkill_bluetooth_init end
01-01 08:00:14.609 E/        (  164): marlin_sdio_init
01-01 08:00:14.505 D/XM_HIDREAD(  317): add@ add@/bus/platform/drivers/mtty
01-01 08:00:14.506 D/XM_HIDREAD(  317): add@ add@/module/sprdbt_tty
01-01 08:00:14.512 I/perfetto(  331): probes_producer.cc:112  Connected to the service
01-01 08:00:14.560 I/RenderEngine(  292): Realtime priority unsupported, degrading gracefully to high priority
01-01 08:00:14.572 I/init    (    1): type=1400 audit(0.0:265): avc: denied { read } for name="ext_csd" dev="debugfs" ino=5653 scontext=u:r:init:s0 tcontext=u:object_r:debugfs_mmc:s0 tclass=file permissive=1
01-01 08:00:14.572 I/init    (    1): type=1400 audit(0.0:266): avc: denied { open } for path="/sys/kernel/debug/mmc0/mmc0:0001/ext_csd" dev="debugfs" ino=5653 scontext=u:r:init:s0 tcontext=u:object_r:debugfs_mmc:s0 tclass=file permissive=1
01-01 08:00:14.578 I/hwservicemanager(  183): getTransport: Cannot find entry android.hardware.graphics.mapper@4.0::IMapper/default in either framework or device VINTF manifest.
01-01 08:00:14.581 I/Gralloc4(  292): mapper 4.x is not supported
01-01 08:00:14.584 I/hwservicemanager(  183): getTransport: Cannot find entry android.hardware.graphics.mapper@3.0::IMapper/default in either framework or device VINTF manifest.
01-01 08:00:14.586 W/Gralloc3(  292): mapper 3.x is not supported
01-01 08:00:14.634 E/gralloc (  292): Arm Module v1.0
01-01 08:00:14.650 I/hwservicemanager(  183): getTransport: Cannot find entry android.hardware.graphics.allocator@4.0::IAllocator/default in either framework or device VINTF manifest.
01-01 08:00:14.650 W/Gralloc4(  292): allocator 4.x is not supported
01-01 08:00:14.651 I/hwservicemanager(  183): getTransport: Cannot find entry android.hardware.graphics.allocator@3.0::IAllocator/default in either framework or device VINTF manifest.
01-01 08:00:14.652 W/Gralloc3(  292): allocator 3.x is not supported
01-01 08:00:14.655 I/installd(  356): installd firing up
01-01 08:00:14.683 E/ion     (  257): ioctl c0044901 failed with code -1: Inappropriate ioctl for device
01-01 08:00:14.684 I/gralloc (  257): alloc buffer:W:1 H:1 S:16 PL[1 1] SZ:64 fmt:1 if:0 af:1 usg:300 fg:00000004
01-01 08:00:14.688 E/ion     (  292): ioctl c0044901 failed with code -1: Inappropriate ioctl for device
01-01 08:00:14.694 I/RenderEngine(  292): OpenGL ES informations:
01-01 08:00:14.694 I/RenderEngine(  292): vendor    : ARM
01-01 08:00:14.694 I/RenderEngine(  292): renderer  : Mali-G31
01-01 08:00:14.694 I/RenderEngine(  292): version   : OpenGL ES 3.2 v1.r20p0-01rel0.9f6475d0baffb05079096179e1278b1d
01-01 08:00:14.694 I/RenderEngine(  292): extensions: GL_EXT_debug_marker GL_ARM_rgba8 GL_ARM_mali_shader_binary GL_OES_depth24 GL_OES_depth_texture GL_OES_depth_texture_cube_map GL_OES_packed_depth_stencil GL_OES_rgb8_rgba8 GL_EXT_read_format_bgra GL_OES_compressed_paletted_texture GL_OES_compressed_ETC1_RGB8_texture GL_OES_standard_derivatives GL_OES_EGL_image GL_OES_EGL_image_external GL_OES_EGL_image_external_essl3 GL_OES_EGL_sync GL_OES_texture_npot GL_OES_vertex_half_float GL_OES_required_internalformat GL_OES_vertex_array_object GL_OES_mapbuffer GL_EXT_texture_format_BGRA8888 GL_EXT_texture_rg GL_EXT_texture_type_2_10_10_10_REV GL_OES_fbo_render_mipmap GL_OES_element_index_uint GL_EXT_shadow_samplers GL_OES_texture_compression_astc GL_KHR_texture_compression_astc_ldr GL_KHR_texture_compression_astc_hdr GL_KHR_texture_compression_astc_sliced_3d GL_EXT_texture_compression_astc_decode_mode GL_EXT_texture_compression_astc_decode_mode_rgb9e5 GL_KHR_debug GL_EXT_occlusion_query_boolean GL_EXT_disjoint_timer_query GL_EXT_blend_minmax GL_EXT_discard_
01-01 08:00:14.694 I/RenderEngine(  292): GL_MAX_TEXTURE_SIZE = 8192
01-01 08:00:14.694 I/RenderEngine(  292): GL_MAX_VIEWPORT_DIMS = 8192
01-01 08:00:14.694 W/libprocessgroup(  292): Failed to open /dev/cpuset/system-background/tasks: Permission denied: Permission denied
01-01 08:00:14.695 W/libprocessgroup(  292): Failed to apply SFMainPolicy task profile: Permission denied
01-01 08:00:14.708 I/hwservicemanager(  183): getTransport: Cannot find entry android.hardware.graphics.mapper@4.0::IMapper/default in either framework or device VINTF manifest.
01-01 08:00:14.711 I/ComposerResources(  258): failed to get mapper 4.0 service, falling back to mapper 3.0
01-01 08:00:14.712 I/storaged(  363): type=1400 audit(0.0:267): avc: denied { read } for path="/sys/kernel/debug/mmc0/mmc0:0001/ext_csd" dev="debugfs" ino=5653 scontext=u:r:storaged:s0 tcontext=u:object_r:debugfs_mmc:s0 tclass=file permissive=1
01-01 08:00:14.717 I/hwservicemanager(  183): getTransport: Cannot find entry android.hardware.graphics.mapper@3.0::IMapper/default in either framework or device VINTF manifest.
01-01 08:00:14.718 I/ComposerResources(  258): failed to get mapper 3.0 service, falling back to mapper 2.0
01-01 08:00:14.725 E/gralloc (  258): Arm Module v1.0
01-01 08:00:14.720 I/rainbow_flow(  325): type=1400 audit(0.0:268): avc: denied { ioctl } for path="/dev/spidev1.0" dev="tmpfs" ino=3270 ioctlcmd=0x6b00 scontext=u:r:init:s0 tcontext=u:object_r:device:s0 tclass=chr_file permissive=1
01-01 08:00:14.736 I/sunxihwc(  258): createDeviceFactory: IDeviceFactory from hardware/aw/display/hwc-hal/disp2/HomletDeviceFactory.cpp
01-01 08:00:14.736 I/sunxihwc(  258): Device name: raven
01-01 08:00:14.738 D/sunxihwc(  258): Device config file: /vendor/etc/dispconfigs/homlet-default.json
01-01 08:00:14.739 I/sunxihwc(  258): threadLoop: EventThread start
01-01 08:00:14.740 D/sunxihwc(  258): Parse 'Display0' config
01-01 08:00:14.740 D/sunxihwc(  258): Parse 'Display1' config
01-01 08:00:14.744 W/displayd(  258): xxxxxxx: threadedStartup begin
01-01 08:00:14.744 I/sunxihwc(  258): Device name: raven
01-01 08:00:14.745 D/sunxihwc(  258): Device config file: /vendor/etc/dispconfigs/homlet-default.json
01-01 08:00:14.745 D/sunxihwc(  258): Parse 'Display0' config
01-01 08:00:14.745 D/sunxihwc(  258): Parse 'Display1' config
01-01 08:00:14.746 W/displayd(  258): xxxxxxx: HAL device config file: /vendor/etc/dispconfigs/homlet-default.json
01-01 08:00:14.746 W/displayd(  258): Displays (2 entries)
01-01 08:00:14.746 W/displayd(  258): + Display{id=0, framebuffer=1920x1080(override=1), dpi=160x160}
01-01 08:00:14.746 W/displayd(  258):    DisplayEnginePortId=0
01-01 08:00:14.746 W/displayd(  258):    InterfaceType=HDMI
01-01 08:00:14.746 W/displayd(  258):    DefaultOutputMode=0
01-01 08:00:14.746 W/displayd(  258):    HotplugSupported=0
01-01 08:00:14.746 W/displayd(  258):    AfbcSupported=0
01-01 08:00:14.746 W/displayd(  258):    HardwareRotateSupported=0
01-01 08:00:14.746 W/displayd(  258):    BandwidthLimited=338800 Bytes per frame
01-01 08:00:14.746 W/displayd(  258): + Display{id=1, framebuffer=1920x1080(override=1), dpi=160x160}
01-01 08:00:14.746 W/displayd(  258):    DisplayEnginePortId=1
01-01 08:00:14.746 W/displayd(  258):    InterfaceType=CVBS
01-01 08:00:14.746 W/displayd(  258):    DefaultOutputMode=0
01-01 08:00:14.746 W/displayd(  258):    HotplugSupported=0
01-01 08:00:14.746 W/displayd(  258):    AfbcSupported=0
01-01 08:00:14.746 W/displayd(  258):    HardwareRotateSupported=0
01-01 08:00:14.746 W/displayd(  258):    BandwidthLimited=338800 Bytes per frame
01-01 08:00:14.746 W/displayd(  258): xxxxxxx: display output policy: dual
01-01 08:00:14.746 W/displayd(  258): xxxxxxx: Display.0 output type: 4
01-01 08:00:14.746 W/displayd(  258): xxxxxxx: Display.1 output type: 2
01-01 08:00:14.746 W/displayd(  258): xxxxxxx: createDevice: type=4 on port 0
01-01 08:00:14.740 I/MQ-Thread(  258): type=1400 audit(0.0:269): avc: denied { read } for name="u:object_r:system_prop:s0" dev="tmpfs" ino=2942 scontext=u:r:hal_graphics_composer_default:s0 tcontext=u:object_r:system_prop:s0 tclass=file permissive=1
01-01 08:00:14.740 I/MQ-Thread(  258): type=1400 audit(0.0:270): avc: denied { open } for path="/dev/__properties__/u:object_r:system_prop:s0" dev="tmpfs" ino=2942 scontext=u:r:hal_graphics_composer_default:s0 tcontext=u:object_r:system_prop:s0 tclass=file permissive=1
01-01 08:00:14.740 I/MQ-Thread(  258): type=1400 audit(0.0:271): avc: denied { getattr } for path="/dev/__properties__/u:object_r:system_prop:s0" dev="tmpfs" ino=2942 scontext=u:r:hal_graphics_composer_default:s0 tcontext=u:object_r:system_prop:s0 tclass=file permissive=1
01-01 08:00:14.740 I/MQ-Thread(  258): type=1400 audit(0.0:272): avc: denied { map } for path="/dev/__properties__/u:object_r:system_prop:s0" dev="tmpfs" ino=2942 scontext=u:r:hal_graphics_composer_default:s0 tcontext=u:object_r:system_prop:s0 tclass=file permissive=1
01-01 08:00:14.740 I/MQ-Thread(  258): type=1400 audit(0.0:273): avc: denied { read } for name="u:object_r:default_prop:s0" dev="tmpfs" ino=2815 scontext=u:r:hal_graphics_composer_default:s0 tcontext=u:object_r:default_prop:s0 tclass=file permissive=1
01-01 08:00:14.747 W/displayd(  258): xxxxxxx: Device hdmi init
01-01 08:00:14.740 I/MQ-Thread(  258): type=1400 audit(0.0:274): avc: denied { open } for path="/dev/__properties__/u:object_r:default_prop:s0" dev="tmpfs" ino=2815 scontext=u:r:hal_graphics_composer_default:s0 tcontext=u:object_r:default_prop:s0 tclass=file permissive=1
01-01 08:00:14.740 I/MQ-Thread(  258): type=1400 audit(0.0:275): avc: denied { getattr } for path="/dev/__properties__/u:object_r:default_prop:s0" dev="tmpfs" ino=2815 scontext=u:r:hal_graphics_composer_default:s0 tcontext=u:object_r:default_prop:s0 tclass=file permissive=1
01-01 08:00:14.740 I/MQ-Thread(  258): type=1400 audit(0.0:276): avc: denied { map } for path="/dev/__properties__/u:object_r:default_prop:s0" dev="tmpfs" ino=2815 scontext=u:r:hal_graphics_composer_default:s0 tcontext=u:object_r:default_prop:s0 tclass=file permissive=1
01-01 08:00:14.752 W/displayd(  258): xxxxxxx: createDevice: type=2 on port 1
01-01 08:00:14.752 W/displayd(  258): xxxxxxx: Device cvbs init
01-01 08:00:14.752 W/displayd(  258): xxxxxxx: Initizlize display device mapping
01-01 08:00:14.752 D/displayd(  258): xxxxxxx: updateConnectState: type=-1 connected=-1
01-01 08:00:14.748 I/MQ-Thread(  258): type=1400 audit(0.0:277): avc: denied { getattr } for path="/sys/devices/platform/soc@3000000/6520000.tv0/extcon/extcon1/state" dev="sysfs" ino=19379 scontext=u:r:hal_graphics_composer_default:s0 tcontext=u:object_r:sysfs:s0 tclass=file permissive=1
01-01 08:00:14.753 W/displayd(  258): xxxxxxx: platformGetDeviceConnectStatePath:
01-01 08:00:14.753 W/displayd(  258):     hdmi: /sys/class/extcon/extcon0/state
01-01 08:00:14.753 W/displayd(  258):     cvbs: /sys/class/extcon/extcon1/state
01-01 08:00:14.753 D/displayd(  258): xxxxxxx: updated: type=2 connected=0
01-01 08:00:14.753 D/displayd(  258): xxxxxxx: updated: type=4 connected=1
01-01 08:00:14.754 W/displayd(  258): xxxxxxx: setupDefaultOutput: hdmi user strategy: 255
01-01 08:00:14.754 W/edid    (  258): Parse block0:
01-01 08:00:14.754 W/edid    (  258): Extension block count: 1
01-01 08:00:14.754 W/edid    (  258): Parse CEA extension block (version: 3)
01-01 08:00:14.754 W/edid    (  258): CEA data length: 74 bytes
01-01 08:00:14.754 E/edid    (  258): parseCeaDataBlocks:unhandled EXTENDED_TAG code0
01-01 08:00:14.752 I//system/bin/init(    1): type=1107 audit(0.0:278): uid=0 auid=4294967295 ses=4294967295 subj=u:r:init:s0 msg='avc: denied { set } for property=vendor.sys.tv_vdid_fex pid=258 uid=1000 gid=1003 scontext=u:r:hal_graphics_composer_default:s0 tcontext=u:object_r:vendor_default_prop:s0 tclass=property_service permissive=1'
01-01 08:00:14.760 W/displayd(  258): xxxxxxx: performDefaultConfig dirty=0
01-01 08:00:14.760 W/displayd(  258): xxxxxxx: Old config: type[4] mode[10] pixelformat[1] bits[0] eotf[4] colorspace[257]
01-01 08:00:14.760 W/displayd(  258): xxxxxxx: New config: type[4] mode[10] pixelformat[1] bits[0] eotf[4] colorspace[257]
01-01 08:00:14.760 I/sunxihwc(  258): switchDevice: display[1]: type=2 mode=0 enable=0
01-01 08:00:14.760 I/sunxihwc(  258): switchDevice: display[0]: type=4 mode=10 enable=1
01-01 08:00:14.760 I/sunxihwc(  258): setMargin: display[0]: margin 100 100 100 100
01-01 08:00:14.760 I/HidlServiceManagement(  258): Registered vendor.display.config@1.0::IDisplayConfig/default
01-01 08:00:14.761 D/android.hardware.graphics.composer@2.2-service(  258): IDisplayConfig register: ok
01-01 08:00:14.761 I/sunxihwc(  258): initialize: DisplayConfigService init: ok
01-01 08:00:14.761 D/sunxihwc(  258): setHotplugState: mbHotplug = 1
01-01 08:00:14.761 I/sunxihwc(  258): createSyncTimeline: DisplayEngine Frequency: 696000000 Hz
01-01 08:00:14.761 I/sunxihwc(  258): setup: timeline0 create
01-01 08:00:14.761 E/sunxihwc(  258): readFromFile: Could not open '/sys/firmware/devicetree/base/dram/dram_clk', No such file or directory(2)
01-01 08:00:14.761 E/sunxihwc(  258): readFromFile: Could not open '/sys/firmware/devicetree/base/dram/dram_mr1', No such file or directory(2)
01-01 08:00:14.761 E/sunxihwc(  258): readFromFile: Could not open '/sys/firmware/devicetree/base/dram/dram_type', No such file or directory(2)
01-01 08:00:14.761 I/sunxihwc(  258): getDramInfoFromDeviceTree: draminfo: freq 0 MHz, bus width 32 bits, type 0
01-01 08:00:14.761 I/sunxihwc(  258): computeEffectiveBandwidth: dram effective bandwidth: 0 MBytes
01-01 08:00:14.761 E/sunxihwc(  258): calculateBandwidthLimitation: getDramFrequency return error(0), fallback to default bandwidth config
01-01 08:00:14.761 I/sunxihwc(  258): setup: Bandwidth limitation: 49152000 Bytes per frame
01-01 08:00:14.762 I/sunxihwc(  258): setDisplaydCb: get mDisplaydCb =0x0x696c4372
01-01 08:00:14.762 I/sunxihwc(  258): updateConnectedDevices: display[0] connected=1 type=4 device=0xf7910d0c
01-01 08:00:14.762 I/sunxihwc(  258): updateConnectedDevices: display[1] connected=0 type=2 device=0x0
01-01 08:00:14.762 E/sunxihwc(  258): notifyDeviceChanged: DeviceChangedListener not register yet!
01-01 08:00:14.762 I/sunxihwc(  258): setVendorInterface: register IVendorInterface: 0xf790d310
01-01 08:00:14.762 D/sunxihwc(  258): HAL device config file: /vendor/etc/dispconfigs/homlet-default.json
01-01 08:00:14.762 D/sunxihwc(  258): Displays (2 entries)
01-01 08:00:14.762 D/sunxihwc(  258): + Display{id=0, framebuffer=1920x1080(override=1), dpi=160x160}
01-01 08:00:14.762 D/sunxihwc(  258):    DisplayEnginePortId=0
01-01 08:00:14.762 D/sunxihwc(  258):    InterfaceType=HDMI
01-01 08:00:14.762 D/sunxihwc(  258):    DefaultOutputMode=0
01-01 08:00:14.762 D/sunxihwc(  258):    HotplugSupported=0
01-01 08:00:14.762 D/sunxihwc(  258):    AfbcSupported=0
01-01 08:00:14.762 D/sunxihwc(  258):    HardwareRotateSupported=0
01-01 08:00:14.762 D/sunxihwc(  258):    BandwidthLimited=338800 Bytes per frame
01-01 08:00:14.762 D/sunxihwc(  258): + Display{id=1, framebuffer=1920x1080(override=1), dpi=160x160}
01-01 08:00:14.762 D/sunxihwc(  258):    DisplayEnginePortId=1
01-01 08:00:14.762 D/sunxihwc(  258):    InterfaceType=CVBS
01-01 08:00:14.762 D/sunxihwc(  258):    DefaultOutputMode=0
01-01 08:00:14.762 D/sunxihwc(  258):    HotplugSupported=0
01-01 08:00:14.762 D/sunxihwc(  258):    AfbcSupported=0
01-01 08:00:14.762 D/sunxihwc(  258):    HardwareRotateSupported=0
01-01 08:00:14.762 D/sunxihwc(  258):    BandwidthLimited=338800 Bytes per frame
01-01 08:00:14.762 W/sunxihwc(  258): bringupDevices: display.1 was off, request type 2, try to bringup it!
01-01 08:00:14.762 D/sunxihwc(  258): enqueueEvent: enqueueEvent: event 1
01-01 08:00:14.762 I/sunxihwc(  258): waitForHotplugIssued: Wait for display connect
01-01 08:00:14.762 W/sunxihwc(  258): deviceChangedEventProcess: Display.0 (hdmi0) connect
01-01 08:00:14.762 I/sunxihwc(  258): onHotplugReceived: display(0) connect state[1]
01-01 08:00:14.762 I/sunxihwc(  258): onHotplugReceived: display size: 0 display.0 0 display.1 0 display.0 0
01-01 08:00:14.762 W/sunxihwc(  258): onHotplugReceived: display(0) is 0xf781c010
01-01 08:00:14.762 D/sunxihwc(  258): setDisplays: display =0xf781c010
01-01 08:00:14.762 D/sunxihwc(  258): setDisplays: display size=1
01-01 08:00:14.762 D/sunxihwc(  258): setHotplugState: mbHotplug = 0
01-01 08:00:14.763 I/SurfaceFlinger(  292): onComposerHalHotplug(0, connected)
01-01 08:00:14.763 I/HWComposer(  292): Switching to legacy multi-display mode
01-01 08:00:14.763 W/displayd(  258): xxxxxxx: Turen on display(0), margin(100,100,100,100)
01-01 08:00:14.764 E/HWComposer(  292): getAttribute: getDisplayAttribute failed for display 0: BadConfig (1)
01-01 08:00:14.764 W/displayd(  258): xxxxxxx: Current device mapping:
01-01 08:00:14.764 W/displayd(  258):   + display [1]: enable=0 type=2 mode=0
01-01 08:00:14.764 W/displayd(  258):   + display [0]: enable=1 type=4 mode=10
