04-02 09:47:32.305 D/BluetoothGatt( 1051): onClientConnectionState() - status=0 clientIf=6 device=C9:B5:96:5C:E3:ED
04-02 09:47:32.312 W/bt_btif (  673): system/bt/main/bte_logmsg.cc:194 LogMsg: btif_hh_upstreams_evt: BTA_HH_OPN_EVT: handle=16, status =6
04-02 09:47:32.312 W/BluetoothHidHostService(  673): no state change: 0
04-02 09:47:32.316 I/dangbei111( 1051): cccccc on receiver=android.bluetooth.device.action.ACL_DISCONNECTED,mac=C9:B5:96:5C:E3:ED
04-02 09:47:32.436 I/bluetooth(  673): system/bt/stack/gatt/connection_manager.cc:185 on_connection_complete: Le connection completed to device:c9:b5:96:5c:e3:ed
04-02 09:47:32.436 I/bt_btm_ble(  673): system/bt/stack/btm/btm_ble.cc:1699 btm_ble_connected: Updating device record timestamp for existing ble connection
04-02 09:47:32.525 I/bt_stack(  673): [INFO:gatt_attr.cc(880)] gatt_sr_init_cl_status: bda=c9:b5:96:5c:e3:ed, cl_supp_feat=0000, aware=1
04-02 09:47:32.526 I/bluetooth(  673): system/bt/stack/gap/gap_ble.cc:298 client_connect_cback: No active GAP service found for peer:xx:xx:xx:xx:e3:ed callback:Connected
04-02 09:47:32.526 I/bt_bta_gattc(  673): system/bt/bta/gatt/bta_gattc_act.cc:1110 bta_gattc_conn_cback: Connected att_id:3 transport:le reason:GATT_CONN_OK
04-02 09:47:32.526 I/bt_bta_gattc(  673): system/bt/bta/gatt/bta_gattc_act.cc:1110 bta_gattc_conn_cback: Connected att_id:4 transport:le reason:GATT_CONN_OK
04-02 09:47:32.526 I/bt_bta_gattc(  673): system/bt/bta/gatt/bta_gattc_act.cc:1110 bta_gattc_conn_cback: Connected att_id:5 transport:le reason:GATT_CONN_OK
04-02 09:47:32.526 I/bt_bta_gattc(  673): system/bt/bta/gatt/bta_gattc_act.cc:1110 bta_gattc_conn_cback: Connected att_id:6 transport:le reason:GATT_CONN_OK
04-02 09:47:32.526 I/bluetooth(  673): system/bt/stack/gatt/connection_manager.cc:185 on_connection_complete: Le connection completed to device:c9:b5:96:5c:e3:ed
04-02 09:47:32.526 I/bt_stack(  673): [INFO:eatt_impl.h(634)] connect device c9:b5:96:5c:e3:ed rolecentral
04-02 09:47:32.526 I/bt_btif_dm(  673): system/bt/btif/src/btif_dm.cc:497 btif_update_remote_version_property: Remote version info valid:true [xx:xx:xx:xx:e3:ed]: 8, 50e, 8
04-02 09:47:32.540 W/bt_btm  (  673): system/bt/main/bte_logmsg.cc:194 LogMsg: Security Manager: BTM_SetEncryption busy, enqueue request
04-02 09:47:32.540 D/BluetoothGatt( 1051): onClientConnectionState() - status=0 clientIf=6 device=C9:B5:96:5C:E3:ED
04-02 09:47:32.540 D/BluetoothGatt( 1051): discoverServices() - device: C9:B5:96:5C:E3:ED
04-02 09:47:32.541 E/BluetoothPhonePolicy(  673): Received unexpected intent, action=android.bluetooth.device.action.ACL_CONNECTED
04-02 09:47:32.541 I/BluetoothPhonePolicy(  673): processDeviceConnected, device=C9:B5:96:5C:E3:ED
04-02 09:47:32.541 D/BluetoothDatabase(  673): setConnection: device=C9:B5:96:5C:E3:ED and isA2dpDevice=false
04-02 09:47:32.541 D/BluetoothDatabase(  673): Updating last connected time for device: C9:B5:96:5C:E3:ED to 16
04-02 09:47:32.541 D/BluetoothDatabase(  673): updateDatabase C9:B5:96:5C:E3:ED
04-02 09:47:32.543 I/bt_bta_gattc(  673): system/bt/bta/gatt/bta_gattc_cache.cc:902 bta_gattc_get_gatt_db: bta_gattc_get_gatt_db
04-02 09:47:32.544 I/dangbei111( 1051): cccccc on receiver=android.bluetooth.device.action.ACL_CONNECTED,mac=C9:B5:96:5C:E3:ED
04-02 09:47:32.544 I/dangbei111( 1051): cccccc 收到 ACTION_ACL_CONNECTED 的广播
04-02 09:47:32.545 E/dangbei111( 1051): 5s后准备进行遥控器ota信息检测
04-02 09:47:32.546 D/BluetoothGatt( 1051): onSearchComplete() = Device=C9:B5:96:5C:E3:ED Status=0
04-02 09:47:32.678 D/TvWindowManager(  479): key event key = KEYCODE_DPAD_UP down = true
04-02 09:47:32.679 D/GpioService(  479): mFlickerEnable = true
04-02 09:47:32.680 I/SogouIME( 3499): onKeyDown: keyoCode=19
04-02 09:47:32.680 I/DefaultIMS( 3499): onKeyDown: keyoCode=19
04-02 09:47:32.694 D/TvWindowManager(  479): key event key = KEYCODE_DPAD_UP down = false
04-02 09:47:32.696 I/DefaultIMS( 3499): onStartInput attribute=android.view.inputmethod.EditorInfo@6a4d679 restarting=false   inputType: 0
04-02 09:47:32.697 I/SogouIME( 3499): onKeyUp: keyoCode=19
04-02 09:47:32.697 I/DefaultIMS( 3499): onKeyUp: keyoCode=19
04-02 09:47:32.941 I/efs-base( 3092): type=1400 audit(0.0:1257): avc: denied { search } for name="com.dangbei.screencast" dev="mmcblk0p25" ino=909 scontext=u:r:platform_app:s0:c512,c768 tcontext=u:object_r:app_data_file:s0:c512,c768 tclass=dir permissive=1 app=com.dangbei.screencast
04-02 09:47:32.941 I/efs-base( 3092): type=1400 audit(0.0:1258): avc: denied { getattr } for path="/data/user/0/com.dangbei.screencast/app_UApm/5fc60c21094d637f3130af19/ready" dev="mmcblk0p25" ino=2112 scontext=u:r:platform_app:s0:c512,c768 tcontext=u:object_r:app_data_file:s0:c512,c768 tclass=dir permissive=1 app=com.dangbei.screencast
04-02 09:47:32.941 I/efs-base( 3092): type=1400 audit(0.0:1259): avc: denied { read } for name="ready" dev="mmcblk0p25" ino=2112 scontext=u:r:platform_app:s0:c512,c768 tcontext=u:object_r:app_data_file:s0:c512,c768 tclass=dir permissive=1 app=com.dangbei.screencast
04-02 09:47:32.941 I/efs-base( 3092): type=1400 audit(0.0:1260): avc: denied { open } for path="/data/user/0/com.dangbei.screencast/app_UApm/5fc60c21094d637f3130af19/ready" dev="mmcblk0p25" ino=2112 scontext=u:r:platform_app:s0:c512,c768 tcontext=u:object_r:app_data_file:s0:c512,c768 tclass=dir permissive=1 app=com.dangbei.screencast
04-02 09:47:33.064 D/BufferPoolAccessor2.0(  479): bufferpool2 0xe89e4458 : 0(0 size) total buffers - 0(0 size) used buffers - 2/7 (recycle/alloc) - 5/60 (fetch/transfer)
04-02 09:47:33.065 D/BufferPoolAccessor2.0(  479): evictor expired: 1, evicted: 1
04-02 09:47:33.065 D/BufferPoolAccessor2.0(  387): evictor expired: 2, evicted: 0
04-02 09:47:33.067 W/IorapForwardingService(  479): No service published for: iorapd
04-02 09:47:33.203 D/BufferPoolAccessor2.0(  824): evictor expired: 2, evicted: 0
04-02 09:47:33.257 I/rainbow_flow( 1993): type=1400 audit(0.0:1261): avc: denied { ioctl } for path="/dev/spidev1.0" dev="tmpfs" ino=3270 ioctlcmd=0x6b00 scontext=u:r:init:s0 tcontext=u:object_r:device:s0 tclass=chr_file permissive=1
04-02 09:47:34.065 D/BufferPoolAccessor2.0(  479): bufferpool2 0xe7bf8dd8 : 0(0 size) total buffers - 0(0 size) used buffers - 2/7 (recycle/alloc) - 5/42 (fetch/transfer)
04-02 09:47:34.065 D/BufferPoolAccessor2.0(  479): bufferpool2 0xea902998 : 0(0 size) total buffers - 0(0 size) used buffers - 2/7 (recycle/alloc) - 5/50 (fetch/transfer)
04-02 09:47:34.065 D/BufferPoolAccessor2.0(  479): evictor expired: 8, evicted: 2
04-02 09:47:34.065 D/BufferPoolAccessor2.0(  387): bufferpool2 0xef477198 : 0(0 size) total buffers - 0(0 size) used buffers - 17/19 (recycle/alloc) - 2/18 (fetch/transfer)
04-02 09:47:34.065 D/BufferPoolAccessor2.0(  387): bufferpool2 0xef476dd8 : 0(0 size) total buffers - 0(0 size) used buffers - 26/28 (recycle/alloc) - 2/27 (fetch/transfer)
04-02 09:47:34.065 D/BufferPoolAccessor2.0(  387): bufferpool2 0xef4772d8 : 0(0 size) total buffers - 0(0 size) used buffers - 20/23 (recycle/alloc) - 3/22 (fetch/transfer)
04-02 09:47:34.065 D/BufferPoolAccessor2.0(  387): evictor expired: 7, evicted: 3
04-02 09:47:34.069 W/IorapForwardingService(  479): No service published for: iorapd
04-02 09:47:34.718 D/TvWindowManager(  479): key event key = KEYCODE_DPAD_UP down = true
04-02 09:47:34.719 D/GpioService(  479): mFlickerEnable = true
04-02 09:47:34.720 I/SogouIME( 3499): onKeyDown: keyoCode=19
04-02 09:47:34.720 I/DefaultIMS( 3499): onKeyDown: keyoCode=19
04-02 09:47:34.724 D/TvWindowManager(  479): key event key = KEYCODE_DPAD_UP down = false
04-02 09:47:34.727 I/DefaultIMS( 3499): onStartInput attribute=android.view.inputmethod.EditorInfo@ca5dbb1 restarting=false   inputType: 0
04-02 09:47:34.727 I/SogouIME( 3499): onKeyUp: keyoCode=19
04-02 09:47:34.727 I/DefaultIMS( 3499): onKeyUp: keyoCode=19
04-02 09:47:34.808 E/WifiHAL (  667): wifi_get_link_stats: requestResponse Error:-5
04-02 09:47:34.810 E/WifiVendorHal(  479): getWifiLinkLayerStats_1_5_Internal(l.1191) failed {.code = ERROR_INVALID_ARGS, .description = }
04-02 09:47:35.071 W/IorapForwardingService(  479): No service published for: iorapd
04-02 09:47:35.553 E/dangbei111( 1051): cccccc 检查遥控器是否连接: Dangbei C9:B5:96:5C:E3:ED
04-02 09:47:35.556 E/dangbei111( 1051): cccccc 检查遥控器是否连接: 蓝牙的结果 Dangbei C9:B5:96:5C:E3:ED true
04-02 09:47:35.557 E/dangbei111( 1051): cccccc input中没有遥控器存在
04-02 09:47:35.557 E/dangbei111( 1051): cccccc 蓝牙状态连接 开启8s check任务
04-02 09:47:35.557 E/dangbei111( 1051): cccccc 没有遥控器连接 不进行 getRCInfo return
04-02 09:47:35.557 E/dangbei111( 1051): getBattery delay 0
04-02 09:47:35.563 I/bt_btif_config(  673): system/bt/btif/src/btif_config.cc:137 btif_get_device_type: Device [c9:b5:96:5c:e3:ed] device type 2
04-02 09:47:35.564 I/bt_stack(  673): [INFO:connection_manager.cc(104)] App id=0x06already doing background connection to c9:b5:96:5c:e3:ed
04-02 09:47:35.564 D/BluetoothGatt( 1051): discoverServices() - device: C9:B5:96:5C:E3:ED
04-02 09:47:35.565 E/dangbei111( 1051): 5mins后会再次获取电量
04-02 09:47:35.566 E/dangbei111( 1051): getBattery delay 300000
04-02 09:47:35.567 I/bt_bta_gattc(  673): system/bt/bta/gatt/bta_gattc_cache.cc:902 bta_gattc_get_gatt_db: bta_gattc_get_gatt_db
04-02 09:47:35.571 D/BluetoothGatt( 1051): onSearchComplete() = Device=C9:B5:96:5C:E3:ED Status=0
04-02 09:47:35.941 I/BLEAudioDrive_HV410(  249): select timeout!
04-02 09:47:36.074 W/IorapForwardingService(  479): No service published for: iorapd
04-02 09:47:36.314 E/bt_upio (  250): upio_set : /proc/bluetooth/sleep/btwrite(-1) incorrent
04-02 09:47:36.565 D/UtilLog ( 2252): 日志批量上报 进行正常循环 ！！！！！！本次有0次请求,共0条数据
04-02 09:47:37.076 W/IorapForwardingService(  479): No service published for: iorapd
04-02 09:47:37.550 E/dangbei111( 1051): cccccc 检测到网络 准备请求遥控器ota信息
04-02 09:47:37.551 W/ContextImpl( 1051): Calling a method in the system process without a qualified user: android.app.ContextImpl.sendBroadcast:1173 android.content.ContextWrapper.sendBroadcast:479 com.dangbei.remotecontroller.RemoteControllerReceiver.sendMessageToUpdateHelper:122 com.dangbei.remotecontroller.RemoteControllerReceiver.access$100:28 com.dangbei.remotecontroller.RemoteControllerReceiver$1.handleMessage:41 
04-02 09:47:37.553 E/ActivityManager(  479): Sending non-protected broadcast com.dangbei.remote.connected from system 1051:com.dangbei.lerad.etna.haqu/1000 pkg com.dangbei.lerad.etna.haqu
04-02 09:47:37.553 E/ActivityManager(  479): java.lang.Throwable
04-02 09:47:37.553 E/ActivityManager(  479): 	at com.android.server.am.ActivityManagerService.checkBroadcastFromSystem(ActivityManagerService.java:12816)
04-02 09:47:37.553 E/ActivityManager(  479): 	at com.android.server.am.ActivityManagerService.broadcastIntentLocked(ActivityManagerService.java:13416)
04-02 09:47:37.553 E/ActivityManager(  479): 	at com.android.server.am.ActivityManagerService.broadcastIntentLocked(ActivityManagerService.java:12833)
04-02 09:47:37.553 E/ActivityManager(  479): 	at com.android.server.am.ActivityManagerService.broadcastIntentWithFeature(ActivityManagerService.java:13670)
04-02 09:47:37.553 E/ActivityManager(  479): 	at android.app.IActivityManager$Stub.onTransact(IActivityManager.java:2326)
04-02 09:47:37.553 E/ActivityManager(  479): 	at com.android.server.am.ActivityManagerService.onTransact(ActivityManagerService.java:2509)
04-02 09:47:37.553 E/ActivityManager(  479): 	at android.os.Binder.execTransactInternal(Binder.java:1179)
04-02 09:47:37.553 E/ActivityManager(  479): 	at android.os.Binder.execTransact(Binder.java:1143)
04-02 09:47:37.555 E/ActivityManager(  479): Sending non-protected broadcast com.dangbei.remote.connected from system 1051:com.dangbei.lerad.etna.haqu/1000 pkg com.dangbei.lerad.etna.haqu
04-02 09:47:37.555 E/ActivityManager(  479): java.lang.Throwable
04-02 09:47:37.555 E/ActivityManager(  479): 	at com.android.server.am.ActivityManagerService.checkBroadcastFromSystem(ActivityManagerService.java:12816)
04-02 09:47:37.555 E/ActivityManager(  479): 	at com.android.server.am.ActivityManagerService.broadcastIntentLocked(ActivityManagerService.java:13513)
04-02 09:47:37.555 E/ActivityManager(  479): 	at com.android.server.am.ActivityManagerService.broadcastIntentLocked(ActivityManagerService.java:12833)
04-02 09:47:37.555 E/ActivityManager(  479): 	at com.android.server.am.ActivityManagerService.broadcastIntentWithFeature(ActivityManagerService.java:13670)
04-02 09:47:37.555 E/ActivityManager(  479): 	at android.app.IActivityManager$Stub.onTransact(IActivityManager.java:2326)
04-02 09:47:37.555 E/ActivityManager(  479): 	at com.android.server.am.ActivityManagerService.onTransact(ActivityManagerService.java:2509)
04-02 09:47:37.555 E/ActivityManager(  479): 	at android.os.Binder.execTransactInternal(Binder.java:1179)
04-02 09:47:37.555 E/ActivityManager(  479): 	at android.os.Binder.execTransact(Binder.java:1143)
04-02 09:47:37.556 I/DropBoxManagerService(  479): add tag=system_server_wtf isTagEnabled=true flags=0x2
04-02 09:47:37.560 I/DropBoxManagerService(  479): add tag=system_server_wtf isTagEnabled=true flags=0x2
04-02 09:47:37.562 E/dangbei111( 1051): 读出来的遥控器版本不是空 CSH260331
04-02 09:47:37.562 E/dangbei111( 1051): cccccc requestRemoteInfoInner factory NA version CSH260331
04-02 09:47:37.557 I/DefaultDispatch( 1051): type=1400 audit(0.0:1262): avc: denied { read } for name="devices" dev="proc" ino=4026532014 scontext=u:r:system_app:s0 tcontext=u:object_r:proc:s0 tclass=file permissive=1
04-02 09:47:37.590 I/okhttp.OkHttpClient( 1051): --> POST http://tymsgapi.qun7.com/v1/core/ykota (622-byte body)
04-02 09:47:37.557 I/DefaultDispatch( 1051): type=1400 audit(0.0:1263): avc: denied { open } for path="/proc/bus/input/devices" dev="proc" ino=4026532014 scontext=u:r:system_app:s0 tcontext=u:object_r:proc:s0 tclass=file permissive=1
04-02 09:47:37.557 I/DefaultDispatch( 1051): type=1400 audit(0.0:1264): avc: denied { getattr } for path="/proc/bus/input/devices" dev="proc" ino=4026532014 scontext=u:r:system_app:s0 tcontext=u:object_r:proc:s0 tclass=file permissive=1
04-02 09:47:37.657 I/okhttp.OkHttpClient( 1051): <-- 200 OK http://tymsgapi.qun7.com/v1/core/ykota (66ms, unknown-length body)
04-02 09:47:37.661 E/dangbei111( 1051): cccccc requestRemoteInfoInner BaseResponse{message='success', data=null, code=0}
04-02 09:47:37.662 W/System.err( 1051): java.lang.NullPointerException: Attempt to invoke virtual method 'java.lang.String com.etna.haqu.model.business.bean.db.remote.RemoteUpdateBean.getDownloadId()' on a null object reference
04-02 09:47:37.662 W/System.err( 1051): 	at com.dangbei.etna.update.remote.RemoteUpdateHelper$requestRemoteInfoInner$1$2.invoke(RemoteUpdateHelper.kt:199)
04-02 09:47:37.662 W/System.err( 1051): 	at com.dangbei.etna.update.remote.RemoteUpdateHelper$requestRemoteInfoInner$1$2.invoke(RemoteUpdateHelper.kt:188)
04-02 09:47:37.662 W/System.err( 1051): 	at com.etna.haqu.support.ext.FlowExtKt$safeCollect$3.emit(FlowExt.kt:52)
04-02 09:47:37.662 W/System.err( 1051): 	at kotlinx.coroutines.flow.FlowKt__ErrorsKt$catchImpl$2.emit(Errors.kt:158)
04-02 09:47:37.662 W/System.err( 1051): 	at kotlinx.coroutines.flow.FlowKt__ChannelsKt.emitAllImpl$FlowKt__ChannelsKt(Channels.kt:62)
04-02 09:47:37.663 W/System.err( 1051): 	at kotlinx.coroutines.flow.FlowKt__ChannelsKt.access$emitAllImpl$FlowKt__ChannelsKt(Channels.kt:1)
04-02 09:47:37.663 W/System.err( 1051): 	at kotlinx.coroutines.flow.FlowKt__ChannelsKt$emitAllImpl$1.invokeSuspend(Unknown Source:14)
04-02 09:47:37.663 W/System.err( 1051): 	at kotlin.coroutines.jvm.internal.BaseContinuationImpl.resumeWith(ContinuationImpl.kt:33)
04-02 09:47:37.663 W/System.err( 1051): 	at kotlinx.coroutines.DispatchedTask.run(DispatchedTask.kt:106)
04-02 09:47:37.663 W/System.err( 1051): 	at android.os.Handler.handleCallback(Handler.java:938)
04-02 09:47:37.663 W/System.err( 1051): 	at android.os.Handler.dispatchMessage(Handler.java:99)
04-02 09:47:37.663 W/System.err( 1051): 	at android.os.Looper.loopOnce(Looper.java:201)
04-02 09:47:37.663 W/System.err( 1051): 	at android.os.Looper.loop(Looper.java:288)
04-02 09:47:37.663 W/System.err( 1051): 	at android.app.ActivityThread.main(ActivityThread.java:7854)
04-02 09:47:37.663 W/System.err( 1051): 	at java.lang.reflect.Method.invoke(Native Method)
04-02 09:47:37.663 W/System.err( 1051): 	at com.android.internal.os.RuntimeInit$MethodAndArgsCaller.run(RuntimeInit.java:548)
04-02 09:47:37.663 W/System.err( 1051): 	at com.android.internal.os.ZygoteInit.main(ZygoteInit.java:1182)
04-02 09:47:37.666 E/ccc     ( 1051): cccccc com.dangbei.haqusetting not connect
04-02 09:47:37.666 E/ccc     ( 1051): cccccc updateHelper 通知更新 
04-02 09:47:37.666 E/dangbei111( 1051): cccccc requestRemoteInfoInner 出现异常 Attempt to invoke virtual method 'java.lang.String com.etna.haqu.model.business.bean.db.remote.RemoteUpdateBean.getDownloadId()' on a null object reference
01-01 08:02:38.343 W/hdr10p_Configure(  378): 28 callbacks suppressed
01-01 08:02:38.343 I/        (  378): DVI mode selected: packets not configured
01-01 08:02:38.356 W/set_vsif_config(  378): 28 callbacks suppressed
01-01 08:02:38.356 I/        (  378): Error: set vsif failed
01-01 08:02:38.385 I/        (  378): DVI mode selected: packets not configured
01-01 08:02:38.391 I/        (  378): Error: set vsif failed
04-02 09:47:37.825 E/WifiHAL (  667): wifi_get_link_stats: requestResponse Error:-5
04-02 09:47:37.828 E/WifiVendorHal(  479): getWifiLinkLayerStats_1_5_Internal(l.1191) failed {.code = ERROR_INVALID_ARGS, .description = }
01-01 08:02:38.417 I/        (  378): DVI mode selected: packets not configured
01-01 08:02:38.424 I/        (  378): Error: set vsif failed
01-01 08:02:38.440 I/        (  378): DVI mode selected: packets not configured
01-01 08:02:38.447 I/        (  378): Error: set vsif failed
01-01 08:02:38.467 I/        (  378): DVI mode selected: packets not configured
01-01 08:02:38.474 I/        (  378): Error: set vsif failed
01-01 08:02:38.484 I/        (  378): DVI mode selected: packets not configured
01-01 08:02:38.491 I/        (  378): Error: set vsif failed
01-01 08:02:38.517 I/        (  378): DVI mode selected: packets not configured
01-01 08:02:38.524 I/        (  378): Error: set vsif failed
01-01 08:02:38.537 I/        (  378): DVI mode selected: packets not configured
01-01 08:02:38.544 I/        (  378): Error: set vsif failed
01-01 08:02:38.567 I/        (  378): DVI mode selected: packets not configured
01-01 08:02:38.574 I/        (  378): Error: set vsif failed
01-01 08:02:38.587 I/        (  378): DVI mode selected: packets not configured
01-01 08:02:38.594 I/        (  378): Error: set vsif failed
04-02 09:47:38.078 W/IorapForwardingService(  479): No service published for: iorapd
04-02 09:47:38.558 E/dangbei111( 1051): cccccc 准备开始进行 startScanInner
04-02 09:47:38.558 E/dangbei111( 1051): cccccc 真正开始进入扫描流程啦 
04-02 09:47:38.566 E/dangbei111( 1051): cccccc 检查遥控器是否连接: Dangbei C9:B5:96:5C:E3:ED
04-02 09:47:38.570 E/dangbei111( 1051): cccccc 检查遥控器是否连接: 蓝牙的结果 Dangbei C9:B5:96:5C:E3:ED true
04-02 09:47:38.570 E/dangbei111( 1051): cccccc input中没有遥控器存在
04-02 09:47:38.570 E/dangbei111( 1051): cccccc 蓝牙状态连接 开启8s check任务
04-02 09:47:38.570 E/dangbei111( 1051): 开始扫描 com.dangbei.remotecontroller.RCHelper$3@1ad1ff
04-02 09:47:38.571 D/BluetoothAdapter( 1051): isLeEnabled(): ON
04-02 09:47:39.080 W/IorapForwardingService(  479): No service published for: iorapd
04-02 09:47:39.302 W/resolv  (  243): SSL_connect write error 0, mark 0xf0064: Try again
04-02 09:47:39.302 W/resolv  (  243): TLS Handshake failed
04-02 09:47:39.303 W/resolv  (  243): query failed
04-02 09:47:39.303 W/resolv  (  243): validateDnsTlsServer returned 0 for 202.96.134.133
04-02 09:47:39.303 W/resolv  (  243): Validation failed
04-02 09:47:39.314 W/resolv  (  243): SSL_connect write error 0, mark 0xf0064: Try again
04-02 09:47:39.314 W/resolv  (  243): TLS Handshake failed
04-02 09:47:39.315 W/resolv  (  243): query failed
04-02 09:47:39.315 W/resolv  (  243): validateDnsTlsServer returned 0 for 202.96.128.166
04-02 09:47:39.315 W/resolv  (  243): Validation failed
04-02 09:47:39.381 I/bt_stack(  673): [INFO:btsnoop.cc(338)] clear_l2cap_allowlist: Clearing acceptlist from l2cap channel. conn_handle=16 cid=4:4
04-02 09:47:39.382 I/bt_stack(  673): [INFO:eatt_impl.h(578)] supported_features_cb c9:b5:96:5c:e3:ed is_eatt_supported = 0
04-02 09:47:39.382 I/bluetooth(  673): system/bt/stack/gap/gap_ble.cc:298 client_connect_cback: No active GAP service found for peer:xx:xx:xx:xx:e3:ed callback:Disconnected
04-02 09:47:39.382 I/bt_bta_gattc(  673): system/bt/bta/gatt/bta_gattc_act.cc:1115 bta_gattc_conn_cback: Disconnected att_id:3 transport:le reason:GATT_CONN_TIMEOUT
04-02 09:47:39.382 I/bt_bta_gattc(  673): system/bt/bta/gatt/bta_gattc_act.cc:1115 bta_gattc_conn_cback: Disconnected att_id:4 transport:le reason:GATT_CONN_TIMEOUT
04-02 09:47:39.382 I/bt_bta_gattc(  673): system/bt/bta/gatt/bta_gattc_act.cc:1115 bta_gattc_conn_cback: Disconnected att_id:5 transport:le reason:GATT_CONN_TIMEOUT
04-02 09:47:39.382 I/bt_bta_gattc(  673): system/bt/bta/gatt/bta_gattc_act.cc:1115 bta_gattc_conn_cback: Disconnected att_id:6 transport:le reason:GATT_CONN_TIMEOUT
04-02 09:47:39.383 W/bt_btm_sec(  673): system/bt/stack/btm/btm_sec.cc:3685 btm_sec_disconnected: Got uncommon disconnection reason:Connection Timeout handle:0x0010
04-02 09:47:39.383 E/bt_bta_hh(  673): system/bt/bta/hh/bta_hh_le.cc:999 bta_hh_security_cmpl: Encryption failed status:BTA_HH_ERR_SEC btm_status:BTM_ERR_PROCESSING BLE mac:c9:b5:96:5c:e3:ed
04-02 09:47:39.383 I/btif_av (  673): system/bt/btif/src/btif_av.cc:3352 btif_av_acl_disconnected: btif_av_acl_disconnected: Peer c9:b5:96:5c:e3:ed : ACL Disconnected
04-02 09:47:39.383 E/bt_upio (  250): upio_set : /proc/bluetooth/sleep/btwrite(-1) incorrent
04-02 09:47:39.384 I/btif_av (  673): system/bt/btif/src/btif_av.cc:1078 FindOrCreatePeer: BtifAvPeer *BtifAvSource::FindOrCreatePeer(const RawAddress &, tBTA_AV_HNDL): Create peer: peer_address=c9:b5:96:5c:e3:ed bta_handle=0x41 peer_id=0
04-02 09:47:39.384 I/btif_av (  673): system/bt/btif/src/btif_av.cc:3279 btif_av_get_peer_sep: No active sink or source peer found
04-02 09:47:39.384 I/bt_btif_a2dp_source(  673): system/bt/btif/src/btif_a2dp_source.cc:691 btif_a2dp_source_on_idle: btif_a2dp_source_on_idle: state=STATE_OFF
04-02 09:47:39.384 I/btif_av (  673): system/bt/btif/src/btif_av.cc:3279 btif_av_get_peer_sep: No active sink or source peer found
04-02 09:47:39.384 I/bt_btif_a2dp_source(  673): system/bt/btif/src/btif_a2dp_source.cc:691 btif_a2dp_source_on_idle: btif_a2dp_source_on_idle: state=STATE_OFF
04-02 09:47:39.384 I/btif_av (  673): system/bt/btif/src/btif_av.cc:1123 DeleteIdlePeers: DeleteIdlePeers: Deleting idle peer: c9:b5:96:5c:e3:ed bta_handle=0x41
04-02 09:47:39.384 D/BluetoothGatt( 1051): onClientConnectionState() - status=0 clientIf=6 device=C9:B5:96:5C:E3:ED
04-02 09:47:39.392 W/bt_btif (  673): system/bt/main/bte_logmsg.cc:194 LogMsg: btif_hh_upstreams_evt: BTA_HH_OPN_EVT: handle=16, status =6
04-02 09:47:39.393 W/BluetoothHidHostService(  673): no state change: 0
04-02 09:47:39.400 I/dangbei111( 1051): cccccc on receiver=android.bluetooth.device.action.ACL_DISCONNECTED,mac=C9:B5:96:5C:E3:ED
04-02 09:47:39.607 I/bluetooth(  673): system/bt/stack/gatt/connection_manager.cc:185 on_connection_complete: Le connection completed to device:c9:b5:96:5c:e3:ed
04-02 09:47:39.607 I/bt_btm_ble(  673): system/bt/stack/btm/btm_ble.cc:1699 btm_ble_connected: Updating device record timestamp for existing ble connection
04-02 09:47:39.680 I/bt_stack(  673): [INFO:gatt_attr.cc(880)] gatt_sr_init_cl_status: bda=c9:b5:96:5c:e3:ed, cl_supp_feat=0000, aware=1
04-02 09:47:39.680 I/bluetooth(  673): system/bt/stack/gap/gap_ble.cc:298 client_connect_cback: No active GAP service found for peer:xx:xx:xx:xx:e3:ed callback:Connected
04-02 09:47:39.680 I/bt_bta_gattc(  673): system/bt/bta/gatt/bta_gattc_act.cc:1110 bta_gattc_conn_cback: Connected att_id:3 transport:le reason:GATT_CONN_OK
04-02 09:47:39.680 I/bt_bta_gattc(  673): system/bt/bta/gatt/bta_gattc_act.cc:1110 bta_gattc_conn_cback: Connected att_id:4 transport:le reason:GATT_CONN_OK
04-02 09:47:39.680 I/bt_bta_gattc(  673): system/bt/bta/gatt/bta_gattc_act.cc:1110 bta_gattc_conn_cback: Connected att_id:5 transport:le reason:GATT_CONN_OK
04-02 09:47:39.680 I/bt_bta_gattc(  673): system/bt/bta/gatt/bta_gattc_act.cc:1110 bta_gattc_conn_cback: Connected att_id:6 transport:le reason:GATT_CONN_OK
04-02 09:47:39.680 I/bluetooth(  673): system/bt/stack/gatt/connection_manager.cc:185 on_connection_complete: Le connection completed to device:c9:b5:96:5c:e3:ed
04-02 09:47:39.680 I/bt_stack(  673): [INFO:eatt_impl.h(634)] connect device c9:b5:96:5c:e3:ed rolecentral
04-02 09:47:39.680 I/bt_btif_dm(  673): system/bt/btif/src/btif_dm.cc:497 btif_update_remote_version_property: Remote version info valid:true [xx:xx:xx:xx:e3:ed]: 8, 50e, 8
04-02 09:47:39.696 W/bt_btm  (  673): system/bt/main/bte_logmsg.cc:194 LogMsg: Security Manager: BTM_SetEncryption busy, enqueue request
04-02 09:47:39.696 D/BluetoothGatt( 1051): onClientConnectionState() - status=0 clientIf=6 device=C9:B5:96:5C:E3:ED
04-02 09:47:39.697 D/BluetoothGatt( 1051): discoverServices() - device: C9:B5:96:5C:E3:ED
04-02 09:47:39.698 E/BluetoothPhonePolicy(  673): Received unexpected intent, action=android.bluetooth.device.action.ACL_CONNECTED
04-02 09:47:39.698 I/BluetoothPhonePolicy(  673): processDeviceConnected, device=C9:B5:96:5C:E3:ED
04-02 09:47:39.698 D/BluetoothDatabase(  673): setConnection: device=C9:B5:96:5C:E3:ED and isA2dpDevice=false
04-02 09:47:39.698 D/BluetoothDatabase(  673): Updating last connected time for device: C9:B5:96:5C:E3:ED to 17
04-02 09:47:39.698 D/BluetoothDatabase(  673): updateDatabase C9:B5:96:5C:E3:ED
04-02 09:47:39.703 I/bt_bta_gattc(  673): system/bt/bta/gatt/bta_gattc_cache.cc:902 bta_gattc_get_gatt_db: bta_gattc_get_gatt_db
04-02 09:47:39.704 I/dangbei111( 1051): cccccc on receiver=android.bluetooth.device.action.ACL_CONNECTED,mac=C9:B5:96:5C:E3:ED
04-02 09:47:39.704 I/dangbei111( 1051): cccccc 收到 ACTION_ACL_CONNECTED 的广播
04-02 09:47:39.704 E/dangbei111( 1051): 5s后准备进行遥控器ota信息检测
04-02 09:47:39.709 D/BluetoothGatt( 1051): onSearchComplete() = Device=C9:B5:96:5C:E3:ED Status=0
04-02 09:47:39.848 D/bbb     ( 1170): onStartCommand begin !!!!!!! data分区剩余 24956MB
04-02 09:47:39.850 D/aaa     ( 1107): LedStatusService onStartCommand begin
04-02 09:47:39.851 D/aaa     ( 1107): topPkg is -------------- :com.dangbei.leard.leradlauncher
04-02 09:47:39.860 D/aaa     ( 1107): WiFi is connect 
04-02 09:47:39.982 I/gbei.screencas( 3092): Background concurrent copying GC freed 45929(5472KB) AllocSpace objects, 9(228KB) LOS objects, 49% free, 6136KB/11MB, paused 110us total 140.224ms
04-02 09:47:40.082 W/IorapForwardingService(  479): No service published for: iorapd
04-02 09:47:40.845 E/WifiHAL (  667): wifi_get_link_stats: requestResponse Error:-5
04-02 09:47:40.847 E/WifiVendorHal(  479): getWifiLinkLayerStats_1_5_Internal(l.1191) failed {.code = ERROR_INVALID_ARGS, .description = }
04-02 09:47:41.084 W/IorapForwardingService(  479): No service published for: iorapd
04-02 09:47:42.086 W/IorapForwardingService(  479): No service published for: iorapd
04-02 09:47:42.461 I/efs-base( 3092): type=1400 audit(0.0:1265): avc: denied { open } for path="/data/user/0/com.dangbei.screencast/app_UApm/5fc60c21094d637f3130af19/ready/3092/wa_none_1_1_3092_7355_1775094402446" dev="mmcblk0p25" ino=4143 scontext=u:r:platform_app:s0:c512,c768 tcontext=u:object_r:app_data_file:s0:c512,c768 tclass=file permissive=1 app=com.dangbei.screencast
04-02 09:47:42.469 I/efs-base( 3092): type=1400 audit(0.0:1266): avc: denied { write } for name="upload" dev="mmcblk0p25" ino=2388 scontext=u:r:platform_app:s0:c512,c768 tcontext=u:object_r:app_data_file:s0:c512,c768 tclass=dir permissive=1 app=com.dangbei.screencast
04-02 09:47:42.469 I/efs-base( 3092): type=1400 audit(0.0:1267): avc: denied { add_name } for name="wa_gzip_1_1_3092_2253_1775094462471" scontext=u:r:platform_app:s0:c512,c768 tcontext=u:object_r:app_data_file:s0:c512,c768 tclass=dir permissive=1 app=com.dangbei.screencast
04-02 09:47:42.469 I/efs-base( 3092): type=1400 audit(0.0:1268): avc: denied { create } for name="wa_gzip_1_1_3092_2253_1775094462471" scontext=u:r:platform_app:s0:c512,c768 tcontext=u:object_r:app_data_file:s0:c512,c768 tclass=file permissive=1 app=com.dangbei.screencast
04-02 09:47:42.469 I/efs-base( 3092): type=1400 audit(0.0:1269): avc: denied { remove_name } for name="wa_none_1_1_3092_7355_1775094402446" dev="mmcblk0p25" ino=4143 scontext=u:r:platform_app:s0:c512,c768 tcontext=u:object_r:app_data_file:s0:c512,c768 tclass=dir permissive=1 app=com.dangbei.screencast
04-02 09:47:42.469 I/efs-base( 3092): type=1400 audit(0.0:1270): avc: denied { unlink } for name="wa_none_1_1_3092_7355_1775094402446" dev="mmcblk0p25" ino=4143 scontext=u:r:platform_app:s0:c512,c768 tcontext=u:object_r:app_data_file:s0:c512,c768 tclass=file permissive=1 app=com.dangbei.screencast
04-02 09:47:42.692 E/bt_upio (  250): upio_set : /proc/bluetooth/sleep/btwrite(-1) incorrent
04-02 09:47:42.711 E/dangbei111( 1051): cccccc 检查遥控器是否连接: Dangbei C9:B5:96:5C:E3:ED
04-02 09:47:42.714 E/dangbei111( 1051): cccccc 检查遥控器是否连接: 蓝牙的结果 Dangbei C9:B5:96:5C:E3:ED true
04-02 09:47:42.714 E/dangbei111( 1051): cccccc input中没有遥控器存在
04-02 09:47:42.714 E/dangbei111( 1051): cccccc 蓝牙状态连接 开启8s check任务
04-02 09:47:42.714 E/dangbei111( 1051): cccccc 没有遥控器连接 不进行 getRCInfo return
04-02 09:47:42.714 E/dangbei111( 1051): getBattery delay 0
04-02 09:47:42.719 I/bt_btif_config(  673): system/bt/btif/src/btif_config.cc:137 btif_get_device_type: Device [c9:b5:96:5c:e3:ed] device type 2
04-02 09:47:42.719 D/BluetoothGatt( 1051): discoverServices() - device: C9:B5:96:5C:E3:ED
04-02 09:47:42.720 I/bt_stack(  673): [INFO:connection_manager.cc(104)] App id=0x06already doing background connection to c9:b5:96:5c:e3:ed
04-02 09:47:42.721 E/dangbei111( 1051): 5mins后会再次获取电量
04-02 09:47:42.721 E/dangbei111( 1051): getBattery delay 300000
04-02 09:47:42.722 I/bt_bta_gattc(  673): system/bt/bta/gatt/bta_gattc_cache.cc:902 bta_gattc_get_gatt_db: bta_gattc_get_gatt_db
04-02 09:47:42.726 D/BluetoothGatt( 1051): onSearchComplete() = Device=C9:B5:96:5C:E3:ED Status=0
01-01 08:02:43.459 W/audit   ( 3573): audit_lost=700 audit_rate_limit=5 audit_backlog_limit=64
01-01 08:02:43.467 E/audit   ( 3573): rate limit exceeded
04-02 09:47:42.877 I/cling--ap-3( 3092): type=1400 audit(0.0:1271): avc: denied { read } for name="address" dev="sysfs" ino=25874 scontext=u:r:platform_app:s0:c512,c768 tcontext=u:object_r:sysfs:s0 tclass=file permissive=1 app=com.dangbei.screencast
04-02 09:47:42.877 I/cling--ap-3( 3092): type=1400 audit(0.0:1272): avc: denied { open } for path="/sys/devices/platform/unisoc_wifi/net/wlan1/address" dev="sysfs" ino=25874 scontext=u:r:platform_app:s0:c512,c768 tcontext=u:object_r:sysfs:s0 tclass=file permissive=1 app=com.dangbei.screencast
04-02 09:47:43.089 W/IorapForwardingService(  479): No service published for: iorapd
01-01 08:02:44.367 W/hdr10p_Configure(  378): 56 callbacks suppressed
01-01 08:02:44.367 I/        (  378): DVI mode selected: packets not configured
01-01 08:02:44.380 W/set_vsif_config(  378): 56 callbacks suppressed
01-01 08:02:44.380 I/        (  378): Error: set vsif failed
01-01 08:02:44.401 I/        (  378): DVI mode selected: packets not configured
01-01 08:02:44.407 I/        (  378): Error: set vsif failed
04-02 09:47:43.864 E/WifiHAL (  667): wifi_get_link_stats: requestResponse Error:-5
04-02 09:47:43.865 E/WifiVendorHal(  479): getWifiLinkLayerStats_1_5_Internal(l.1191) failed {.code = ERROR_INVALID_ARGS, .description = }
01-01 08:02:44.435 I/        (  378): DVI mode selected: packets not configured
01-01 08:02:44.441 I/        (  378): Error: set vsif failed
01-01 08:02:44.468 I/        (  378): DVI mode selected: packets not configured
01-01 08:02:44.474 I/        (  378): Error: set vsif failed
01-01 08:02:44.501 I/        (  378): DVI mode selected: packets not configured
01-01 08:02:44.507 I/        (  378): Error: set vsif failed
01-01 08:02:44.517 I/        (  378): DVI mode selected: packets not configured
01-01 08:02:44.523 I/        (  378): Error: set vsif failed
01-01 08:02:44.535 I/        (  378): DVI mode selected: packets not configured
01-01 08:02:44.542 I/        (  378): Error: set vsif failed
01-01 08:02:44.567 I/        (  378): DVI mode selected: packets not configured
01-01 08:02:44.574 I/        (  378): Error: set vsif failed
01-01 08:02:44.599 I/        (  378): DVI mode selected: packets not configured
01-01 08:02:44.606 I/        (  378): Error: set vsif failed
01-01 08:02:44.622 I/        (  378): DVI mode selected: packets not configured
01-01 08:02:44.629 I/        (  378): Error: set vsif failed
04-02 09:47:44.091 W/IorapForwardingService(  479): No service published for: iorapd
04-02 09:47:44.395 D/hdmi-cec(  263): receive invalid cec message!
04-02 09:47:44.395 D/hdmi-cec(  263): receive poll message [04], skip!
04-02 09:47:44.709 E/dangbei111( 1051): cccccc 检测到网络 准备请求遥控器ota信息
04-02 09:47:44.710 W/ContextImpl( 1051): Calling a method in the system process without a qualified user: android.app.ContextImpl.sendBroadcast:1173 android.content.ContextWrapper.sendBroadcast:479 com.dangbei.remotecontroller.RemoteControllerReceiver.sendMessageToUpdateHelper:122 com.dangbei.remotecontroller.RemoteControllerReceiver.access$100:28 com.dangbei.remotecontroller.RemoteControllerReceiver$1.handleMessage:41 
04-02 09:47:44.712 E/ActivityManager(  479): Sending non-protected broadcast com.dangbei.remote.connected from system 1051:com.dangbei.lerad.etna.haqu/1000 pkg com.dangbei.lerad.etna.haqu
04-02 09:47:44.712 E/ActivityManager(  479): java.lang.Throwable
04-02 09:47:44.712 E/ActivityManager(  479): 	at com.android.server.am.ActivityManagerService.checkBroadcastFromSystem(ActivityManagerService.java:12816)
04-02 09:47:44.712 E/ActivityManager(  479): 	at com.android.server.am.ActivityManagerService.broadcastIntentLocked(ActivityManagerService.java:13416)
04-02 09:47:44.712 E/ActivityManager(  479): 	at com.android.server.am.ActivityManagerService.broadcastIntentLocked(ActivityManagerService.java:12833)
04-02 09:47:44.712 E/ActivityManager(  479): 	at com.android.server.am.ActivityManagerService.broadcastIntentWithFeature(ActivityManagerService.java:13670)
04-02 09:47:44.712 E/ActivityManager(  479): 	at android.app.IActivityManager$Stub.onTransact(IActivityManager.java:2326)
04-02 09:47:44.712 E/ActivityManager(  479): 	at com.android.server.am.ActivityManagerService.onTransact(ActivityManagerService.java:2509)
04-02 09:47:44.712 E/ActivityManager(  479): 	at android.os.Binder.execTransactInternal(Binder.java:1179)
04-02 09:47:44.712 E/ActivityManager(  479): 	at android.os.Binder.execTransact(Binder.java:1143)
04-02 09:47:44.714 E/ActivityManager(  479): Sending non-protected broadcast com.dangbei.remote.connected from system 1051:com.dangbei.lerad.etna.haqu/1000 pkg com.dangbei.lerad.etna.haqu
04-02 09:47:44.714 E/ActivityManager(  479): java.lang.Throwable
04-02 09:47:44.714 E/ActivityManager(  479): 	at com.android.server.am.ActivityManagerService.checkBroadcastFromSystem(ActivityManagerService.java:12816)
04-02 09:47:44.714 E/ActivityManager(  479): 	at com.android.server.am.ActivityManagerService.broadcastIntentLocked(ActivityManagerService.java:13513)
04-02 09:47:44.714 E/ActivityManager(  479): 	at com.android.server.am.ActivityManagerService.broadcastIntentLocked(ActivityManagerService.java:12833)
04-02 09:47:44.714 E/ActivityManager(  479): 	at com.android.server.am.ActivityManagerService.broadcastIntentWithFeature(ActivityManagerService.java:13670)
04-02 09:47:44.714 E/ActivityManager(  479): 	at android.app.IActivityManager$Stub.onTransact(IActivityManager.java:2326)
04-02 09:47:44.714 E/ActivityManager(  479): 	at com.android.server.am.ActivityManagerService.onTransact(ActivityManagerService.java:2509)
04-02 09:47:44.714 E/ActivityManager(  479): 	at android.os.Binder.execTransactInternal(Binder.java:1179)
04-02 09:47:44.714 E/ActivityManager(  479): 	at android.os.Binder.execTransact(Binder.java:1143)
04-02 09:47:44.714 I/DropBoxManagerService(  479): add tag=system_server_wtf isTagEnabled=true flags=0x2
04-02 09:47:44.718 I/DropBoxManagerService(  479): add tag=system_server_wtf isTagEnabled=true flags=0x2
04-02 09:47:44.720 E/dangbei111( 1051): 读出来的遥控器版本不是空 CSH260331
04-02 09:47:44.720 E/dangbei111( 1051): cccccc requestRemoteInfoInner factory NA version CSH260331
04-02 09:47:44.736 I/okhttp.OkHttpClient( 1051): --> POST http://tymsgapi.qun7.com/v1/core/ykota (622-byte body)
04-02 09:47:44.899 I/okhttp.OkHttpClient( 1051): <-- 200 OK http://tymsgapi.qun7.com/v1/core/ykota (163ms, unknown-length body)
04-02 09:47:44.904 E/dangbei111( 1051): cccccc requestRemoteInfoInner BaseResponse{message='success', data=null, code=0}
04-02 09:47:44.905 W/System.err( 1051): java.lang.NullPointerException: Attempt to invoke virtual method 'java.lang.String com.etna.haqu.model.business.bean.db.remote.RemoteUpdateBean.getDownloadId()' on a null object reference
04-02 09:47:44.905 W/System.err( 1051): 	at com.dangbei.etna.update.remote.RemoteUpdateHelper$requestRemoteInfoInner$1$2.invoke(RemoteUpdateHelper.kt:199)
04-02 09:47:44.905 W/System.err( 1051): 	at com.dangbei.etna.update.remote.RemoteUpdateHelper$requestRemoteInfoInner$1$2.invoke(RemoteUpdateHelper.kt:188)
04-02 09:47:44.905 W/System.err( 1051): 	at com.etna.haqu.support.ext.FlowExtKt$safeCollect$3.emit(FlowExt.kt:52)
04-02 09:47:44.906 W/System.err( 1051): 	at kotlinx.coroutines.flow.FlowKt__ErrorsKt$catchImpl$2.emit(Errors.kt:158)
04-02 09:47:44.906 W/System.err( 1051): 	at kotlinx.coroutines.flow.FlowKt__ChannelsKt.emitAllImpl$FlowKt__ChannelsKt(Channels.kt:62)
04-02 09:47:44.906 W/System.err( 1051): 	at kotlinx.coroutines.flow.FlowKt__ChannelsKt.access$emitAllImpl$FlowKt__ChannelsKt(Channels.kt:1)
04-02 09:47:44.906 W/System.err( 1051): 	at kotlinx.coroutines.flow.FlowKt__ChannelsKt$emitAllImpl$1.invokeSuspend(Unknown Source:14)
04-02 09:47:44.906 W/System.err( 1051): 	at kotlin.coroutines.jvm.internal.BaseContinuationImpl.resumeWith(ContinuationImpl.kt:33)
04-02 09:47:44.906 W/System.err( 1051): 	at kotlinx.coroutines.DispatchedTask.run(DispatchedTask.kt:106)
04-02 09:47:44.906 W/System.err( 1051): 	at android.os.Handler.handleCallback(Handler.java:938)
04-02 09:47:44.906 W/System.err( 1051): 	at android.os.Handler.dispatchMessage(Handler.java:99)
04-02 09:47:44.906 W/System.err( 1051): 	at android.os.Looper.loopOnce(Looper.java:201)
04-02 09:47:44.906 W/System.err( 1051): 	at android.os.Looper.loop(Looper.java:288)
04-02 09:47:44.906 W/System.err( 1051): 	at android.app.ActivityThread.main(ActivityThread.java:7854)
04-02 09:47:44.907 W/System.err( 1051): 	at java.lang.reflect.Method.invoke(Native Method)
04-02 09:47:44.907 W/System.err( 1051): 	at com.android.internal.os.RuntimeInit$MethodAndArgsCaller.run(RuntimeInit.java:548)
04-02 09:47:44.907 W/System.err( 1051): 	at com.android.internal.os.ZygoteInit.main(ZygoteInit.java:1182)
04-02 09:47:44.909 E/ccc     ( 1051): cccccc com.dangbei.haqusetting not connect
04-02 09:47:44.909 E/ccc     ( 1051): cccccc updateHelper 通知更新 
04-02 09:47:44.909 E/dangbei111( 1051): cccccc requestRemoteInfoInner 出现异常 Attempt to invoke virtual method 'java.lang.String com.etna.haqu.model.business.bean.db.remote.RemoteUpdateBean.getDownloadId()' on a null object reference
04-02 09:47:45.034 I/efs.base( 3092): wa upload succ, HttpResponse {succ=true, code=200, data='暂不支持该服务', extra={req_url=https://errlog.umeng.com/api/crashsdk/logcollect}}
04-02 09:47:45.093 W/IorapForwardingService(  479): No service published for: iorapd
04-02 09:47:45.714 E/dangbei111( 1051): cccccc 准备开始进行 startScanInner
04-02 09:47:45.715 E/dangbei111( 1051): cccccc 小于10s 由于之前已经开始扫描了 不在开启新的扫描 
04-02 09:47:45.947 I/BLEAudioDrive_HV410(  249): select timeout!
04-02 09:47:46.094 W/IorapForwardingService(  479): No service published for: iorapd
04-02 09:47:46.551 I/bt_stack(  673): [INFO:btsnoop.cc(338)] clear_l2cap_allowlist: Clearing acceptlist from l2cap channel. conn_handle=16 cid=4:4
04-02 09:47:46.552 I/bt_stack(  673): [INFO:eatt_impl.h(578)] supported_features_cb c9:b5:96:5c:e3:ed is_eatt_supported = 0
04-02 09:47:46.552 I/bluetooth(  673): system/bt/stack/gap/gap_ble.cc:298 client_connect_cback: No active GAP service found for peer:xx:xx:xx:xx:e3:ed callback:Disconnected
04-02 09:47:46.552 I/bt_bta_gattc(  673): system/bt/bta/gatt/bta_gattc_act.cc:1115 bta_gattc_conn_cback: Disconnected att_id:3 transport:le reason:GATT_CONN_TIMEOUT
04-02 09:47:46.552 I/bt_bta_gattc(  673): system/bt/bta/gatt/bta_gattc_act.cc:1115 bta_gattc_conn_cback: Disconnected att_id:4 transport:le reason:GATT_CONN_TIMEOUT
04-02 09:47:46.552 I/bt_bta_gattc(  673): system/bt/bta/gatt/bta_gattc_act.cc:1115 bta_gattc_conn_cback: Disconnected att_id:5 transport:le reason:GATT_CONN_TIMEOUT
04-02 09:47:46.552 I/bt_bta_gattc(  673): system/bt/bta/gatt/bta_gattc_act.cc:1115 bta_gattc_conn_cback: Disconnected att_id:6 transport:le reason:GATT_CONN_TIMEOUT
04-02 09:47:46.552 W/bt_btm_sec(  673): system/bt/stack/btm/btm_sec.cc:3685 btm_sec_disconnected: Got uncommon disconnection reason:Connection Timeout handle:0x0010
04-02 09:47:46.553 E/bt_bta_hh(  673): system/bt/bta/hh/bta_hh_le.cc:999 bta_hh_security_cmpl: Encryption failed status:BTA_HH_ERR_SEC btm_status:BTM_ERR_PROCESSING BLE mac:c9:b5:96:5c:e3:ed
04-02 09:47:46.553 E/bt_upio (  250): upio_set : /proc/bluetooth/sleep/btwrite(-1) incorrent
04-02 09:47:46.553 I/btif_av (  673): system/bt/btif/src/btif_av.cc:3352 btif_av_acl_disconnected: btif_av_acl_disconnected: Peer c9:b5:96:5c:e3:ed : ACL Disconnected
04-02 09:47:46.553 I/btif_av (  673): system/bt/btif/src/btif_av.cc:1078 FindOrCreatePeer: BtifAvPeer *BtifAvSource::FindOrCreatePeer(const RawAddress &, tBTA_AV_HNDL): Create peer: peer_address=c9:b5:96:5c:e3:ed bta_handle=0x41 peer_id=0
04-02 09:47:46.553 I/btif_av (  673): system/bt/btif/src/btif_av.cc:3279 btif_av_get_peer_sep: No active sink or source peer found
04-02 09:47:46.553 I/bt_btif_a2dp_source(  673): system/bt/btif/src/btif_a2dp_source.cc:691 btif_a2dp_source_on_idle: btif_a2dp_source_on_idle: state=STATE_OFF
04-02 09:47:46.553 I/btif_av (  673): system/bt/btif/src/btif_av.cc:3279 btif_av_get_peer_sep: No active sink or source peer found
04-02 09:47:46.553 I/bt_btif_a2dp_source(  673): system/bt/btif/src/btif_a2dp_source.cc:691 btif_a2dp_source_on_idle: btif_a2dp_source_on_idle: state=STATE_OFF
04-02 09:47:46.553 I/btif_av (  673): system/bt/btif/src/btif_av.cc:1123 DeleteIdlePeers: DeleteIdlePeers: Deleting idle peer: c9:b5:96:5c:e3:ed bta_handle=0x41
04-02 09:47:46.554 D/BluetoothGatt( 1051): onClientConnectionState() - status=0 clientIf=6 device=C9:B5:96:5C:E3:ED
04-02 09:47:46.562 W/bt_btif (  673): system/bt/main/bte_logmsg.cc:194 LogMsg: btif_hh_upstreams_evt: BTA_HH_OPN_EVT: handle=16, status =6
04-02 09:47:46.564 D/UtilLog ( 2252): 日志批量上报 进行正常循环 ！！！！！！本次有0次请求,共0条数据
04-02 09:47:46.569 W/BluetoothHidHostService(  673): no state change: 0
04-02 09:47:46.572 I/dangbei111( 1051): cccccc on receiver=android.bluetooth.device.action.ACL_DISCONNECTED,mac=C9:B5:96:5C:E3:ED
04-02 09:47:46.675 I/bluetooth(  673): system/bt/stack/gatt/connection_manager.cc:185 on_connection_complete: Le connection completed to device:c9:b5:96:5c:e3:ed
04-02 09:47:46.675 I/bt_btm_ble(  673): system/bt/stack/btm/btm_ble.cc:1699 btm_ble_connected: Updating device record timestamp for existing ble connection
04-02 09:47:46.749 I/bt_stack(  673): [INFO:gatt_attr.cc(880)] gatt_sr_init_cl_status: bda=c9:b5:96:5c:e3:ed, cl_supp_feat=0000, aware=1
04-02 09:47:46.749 I/bluetooth(  673): system/bt/stack/gap/gap_ble.cc:298 client_connect_cback: No active GAP service found for peer:xx:xx:xx:xx:e3:ed callback:Connected
04-02 09:47:46.749 I/bt_bta_gattc(  673): system/bt/bta/gatt/bta_gattc_act.cc:1110 bta_gattc_conn_cback: Connected att_id:3 transport:le reason:GATT_CONN_OK
04-02 09:47:46.749 I/bt_bta_gattc(  673): system/bt/bta/gatt/bta_gattc_act.cc:1110 bta_gattc_conn_cback: Connected att_id:4 transport:le reason:GATT_CONN_OK
04-02 09:47:46.749 I/bt_bta_gattc(  673): system/bt/bta/gatt/bta_gattc_act.cc:1110 bta_gattc_conn_cback: Connected att_id:5 transport:le reason:GATT_CONN_OK
04-02 09:47:46.749 I/bt_bta_gattc(  673): system/bt/bta/gatt/bta_gattc_act.cc:1110 bta_gattc_conn_cback: Connected att_id:6 transport:le reason:GATT_CONN_OK
04-02 09:47:46.749 I/bluetooth(  673): system/bt/stack/gatt/connection_manager.cc:185 on_connection_complete: Le connection completed to device:c9:b5:96:5c:e3:ed
04-02 09:47:46.749 I/bt_stack(  673): [INFO:eatt_impl.h(634)] connect device c9:b5:96:5c:e3:ed rolecentral
04-02 09:47:46.750 I/bt_btif_dm(  673): system/bt/btif/src/btif_dm.cc:497 btif_update_remote_version_property: Remote version info valid:true [xx:xx:xx:xx:e3:ed]: 8, 50e, 8
04-02 09:47:46.768 D/BluetoothGatt( 1051): onClientConnectionState() - status=0 clientIf=6 device=C9:B5:96:5C:E3:ED
04-02 09:47:46.768 D/BluetoothGatt( 1051): discoverServices() - device: C9:B5:96:5C:E3:ED
04-02 09:47:46.768 W/bt_btm  (  673): system/bt/main/bte_logmsg.cc:194 LogMsg: Security Manager: BTM_SetEncryption busy, enqueue request
04-02 09:47:46.769 E/BluetoothPhonePolicy(  673): Received unexpected intent, action=android.bluetooth.device.action.ACL_CONNECTED
04-02 09:47:46.769 I/BluetoothPhonePolicy(  673): processDeviceConnected, device=C9:B5:96:5C:E3:ED
04-02 09:47:46.769 D/BluetoothDatabase(  673): setConnection: device=C9:B5:96:5C:E3:ED and isA2dpDevice=false
04-02 09:47:46.769 D/BluetoothDatabase(  673): Updating last connected time for device: C9:B5:96:5C:E3:ED to 18
04-02 09:47:46.770 D/BluetoothDatabase(  673): updateDatabase C9:B5:96:5C:E3:ED
04-02 09:47:46.774 I/bt_bta_gattc(  673): system/bt/bta/gatt/bta_gattc_cache.cc:902 bta_gattc_get_gatt_db: bta_gattc_get_gatt_db
04-02 09:47:46.776 I/dangbei111( 1051): cccccc on receiver=android.bluetooth.device.action.ACL_CONNECTED,mac=C9:B5:96:5C:E3:ED
04-02 09:47:46.776 I/dangbei111( 1051): cccccc 收到 ACTION_ACL_CONNECTED 的广播
04-02 09:47:46.777 E/dangbei111( 1051): 5s后准备进行遥控器ota信息检测
04-02 09:47:46.778 D/BluetoothGatt( 1051): onSearchComplete() = Device=C9:B5:96:5C:E3:ED Status=0
04-02 09:47:46.880 E/WifiHAL (  667): wifi_get_link_stats: requestResponse Error:-5
04-02 09:47:46.881 E/WifiVendorHal(  479): getWifiLinkLayerStats_1_5_Internal(l.1191) failed {.code = ERROR_INVALID_ARGS, .description = }
04-02 09:47:47.096 W/IorapForwardingService(  479): No service published for: iorapd
04-02 09:47:47.885 D/bbb     ( 1170): onStartCommand begin !!!!!!! data分区剩余 24956MB
04-02 09:47:47.887 D/aaa     ( 1107): LedStatusService onStartCommand begin
04-02 09:47:47.888 D/aaa     ( 1107): topPkg is -------------- :com.dangbei.leard.leradlauncher
04-02 09:47:47.893 D/aaa     ( 1107): WiFi is connect 
04-02 09:47:48.098 W/IorapForwardingService(  479): No service published for: iorapd
04-02 09:47:48.889 I/ModuleDataForwa( 3092): type=1400 audit(0.0:1274): avc: denied { lock } for path="/data/user/0/com.dangbei.screencast/files/TD__Env_Synchronous_Lock__" dev="mmcblk0p25" ino=3185 scontext=u:r:platform_app:s0:c512,c768 tcontext=u:object_r:app_data_file:s0:c512,c768 tclass=file permissive=1 app=com.dangbei.screencast
04-02 09:47:49.100 W/IorapForwardingService(  479): No service published for: iorapd
04-02 09:47:49.762 E/bt_upio (  250): upio_set : /proc/bluetooth/sleep/btwrite(-1) incorrent
04-02 09:47:49.786 E/dangbei111( 1051): cccccc 检查遥控器是否连接: Dangbei C9:B5:96:5C:E3:ED
04-02 09:47:49.792 E/dangbei111( 1051): cccccc 检查遥控器是否连接: 蓝牙的结果 Dangbei C9:B5:96:5C:E3:ED true
04-02 09:47:49.794 E/dangbei111( 1051): cccccc input中没有遥控器存在
04-02 09:47:49.794 E/dangbei111( 1051): cccccc 蓝牙状态连接 开启8s check任务
04-02 09:47:49.794 E/dangbei111( 1051): cccccc 没有遥控器连接 不进行 getRCInfo return
04-02 09:47:49.794 E/dangbei111( 1051): getBattery delay 0
04-02 09:47:49.803 D/BluetoothGatt( 1051): discoverServices() - device: C9:B5:96:5C:E3:ED
04-02 09:47:49.803 I/bt_btif_config(  673): system/bt/btif/src/btif_config.cc:137 btif_get_device_type: Device [c9:b5:96:5c:e3:ed] device type 2
04-02 09:47:49.804 I/bt_stack(  673): [INFO:connection_manager.cc(104)] App id=0x06already doing background connection to c9:b5:96:5c:e3:ed
04-02 09:47:49.806 E/dangbei111( 1051): 5mins后会再次获取电量
04-02 09:47:49.807 E/dangbei111( 1051): getBattery delay 300000
04-02 09:47:49.808 I/bt_bta_gattc(  673): system/bt/bta/gatt/bta_gattc_cache.cc:902 bta_gattc_get_gatt_db: bta_gattc_get_gatt_db
04-02 09:47:49.813 D/BluetoothGatt( 1051): onSearchComplete() = Device=C9:B5:96:5C:E3:ED Status=0
01-01 08:02:50.385 W/hdr10p_Configure(  378): 54 callbacks suppressed
01-01 08:02:50.385 I/        (  378): DVI mode selected: packets not configured
01-01 08:02:50.398 W/set_vsif_config(  378): 54 callbacks suppressed
01-01 08:02:50.398 I/        (  378): Error: set vsif failed
01-01 08:02:50.419 I/        (  378): DVI mode selected: packets not configured
01-01 08:02:50.426 I/        (  378): Error: set vsif failed
01-01 08:02:50.451 I/        (  378): DVI mode selected: packets not configured
01-01 08:02:50.457 I/        (  378): Error: set vsif failed
04-02 09:47:49.892 E/WifiHAL (  667): wifi_get_link_stats: requestResponse Error:-5
04-02 09:47:49.893 E/WifiVendorHal(  479): getWifiLinkLayerStats_1_5_Internal(l.1191) failed {.code = ERROR_INVALID_ARGS, .description = }
01-01 08:02:50.484 I/        (  378): DVI mode selected: packets not configured
01-01 08:02:50.491 I/        (  378): Error: set vsif failed
01-01 08:02:50.518 I/        (  378): DVI mode selected: packets not configured
01-01 08:02:50.524 I/        (  378): Error: set vsif failed
01-01 08:02:50.550 I/        (  378): DVI mode selected: packets not configured
01-01 08:02:50.557 I/        (  378): Error: set vsif failed
