04-02 09:46:50.758 I/PlatformDependent( 3092): Your platform does not provide complete low-level API for accessing direct buffers reliably. Unless explicitly requested, heap buffer will always be preferred to avoid potential system instability.
04-02 09:46:50.804 W/VideoCapabilities( 3092): Unrecognized profile/level 0/3 for video/mpeg2
04-02 09:46:50.842 D/NsdService(  479): Register service
04-02 09:46:50.813 W/Thread-33( 3092): type=1400 audit(0.0:1215): avc: granted { read } for name="somaxconn" dev="proc" ino=39618 scontext=u:r:platform_app:s0:c512,c768 tcontext=u:object_r:proc_net:s0 tclass=file app=com.dangbei.screencast
04-02 09:46:50.842 D/NsdService(  479): registerService: 7 name: 当贝投屏R7, type: _airplay._tcp, host: null, port: 45847, txtRecord: srcvers=220.68features=0x527FFFF7,0x1E'pi=2e388006-13ba-4041-9a67-25dd4a43d536Cpk=b07727d6f6cd6e08b58ede525ec3cdeaa252ad9f683feb212ef8a205246554e7vv=2	flags=0x4model=AppleTV2,1deviceid=b4:2f:03:15:e4:ce
04-02 09:46:50.843 D/NsdService(  479): mdnssd [register, 7, 当贝投屏R7, _airplay._tcp, 45847, DnNyY3ZlcnM9MjIwLjY4GGZlYXR1cmVzPTB4NTI3RkZGRjcsMHgxRSdwaT0yZTM4ODAwNi0xM2JhLTQwNDEtOWE2Ny0yNWRkNGE0M2Q1MzZDcGs9YjA3NzI3ZDZmNmNkNmUwOGI1OGVkZTUyNWVjM2NkZWFhMjUyYWQ5ZjY4M2ZlYjIxMmVmOGEyMDUyNDY1NTRlNwR2dj0yCWZsYWdzPTB4NBBtb2RlbD1BcHBsZVRWMiwxGmRldmljZWlkPWI0OjJmOjAzOjE1OmU0OmNl]
04-02 09:46:50.843 I/adbd    (  397): host-15: write thread spawning
04-02 09:46:50.843 D/MDnsDS  (  243): serviceRegister(7, (null), 当贝投屏R7, _airplay._tcp, (null), (null), 45847, 207, <binary>)
04-02 09:46:50.844 D/MDnsDS  (  243): startMonitoring 7
04-02 09:46:50.844 D/MDnsDS  (  243): triggering rescan
04-02 09:46:50.844 D/MDnsDS  (  243): serviceRegister successful
04-02 09:46:50.844 D/MDnsDS  (  243): Monitor poll got data pollCount = 2, 1
04-02 09:46:50.844 D/MDnsDS  (  243): controlSocket shows revent= 1
04-02 09:46:50.844 D/MDnsDS  (  243): MDnsSdListener::Monitor got 1
04-02 09:46:50.844 D/MDnsDS  (  243): MDnsSdListener::Monitor poll rescanning - size=10, live=2
04-02 09:46:50.844 D/MDnsDS  (  243): Going to poll with pollCount 3
04-02 09:46:50.845 D/NsdService(  479): Register 2 7
04-02 09:46:50.845 D/NsdService(  479): Register service
04-02 09:46:50.845 D/NsdService(  479): registerService: 8 name: b42f0315e4ce@当贝投屏R7, type: _raop._tcp, host: null, port: 35421, txtRecord: 	txtvers=1
am=AppleTV2,1ch=2
04-02 09:46:50.845 D/NsdService(  479): cn=0,1,2,3da=trueet=0,3,5ft=0x527FFFF7,0x1Emd=0,1,2Cpk=b07727d6f6cd6e08b58ede525ec3cdeaa252ad9f683feb212ef8a205246554e7pw=falsesf=0x4sr=44100ss=16sv=falsetp=UDPvn=65537	vs=220.68vv=2rhd=5.6.0.0
04-02 09:46:50.845 D/NsdService(  479): mdnssd [register, 8, b42f0315e4ce@当贝投屏R7, _raop._tcp, 35421, CXR4dHZlcnM9MQ1hbT1BcHBsZVRWMiwxBGNoPTIKY249MCwxLDIsMwdkYT10cnVlCGV0PTAsMyw1EmZ0PTB4NTI3RkZGRjcsMHgxRQhtZD0wLDEsMkNwaz1iMDc3MjdkNmY2Y2Q2ZTA4YjU4ZWRlNTI1ZWMzY2RlYWEyNTJhZDlmNjgzZmViMjEyZWY4YTIwNTI0NjU1NGU3CHB3PWZhbHNlBnNmPTB4NAhzcj00NDEwMAVzcz0xNghzdj1mYWxzZQZ0cD1VRFAIdm49NjU1MzcJdnM9MjIwLjY4BHZ2PTILcmhkPTUuNi4wLjA=]
04-02 09:46:50.846 D/MDnsDS  (  243): serviceRegister(8, (null), b42f0315e4ce@当贝投屏R7, _raop._tcp, (null), (null), 35421, 236, <binary>)
04-02 09:46:50.846 D/MDnsDS  (  243): startMonitoring 8
04-02 09:46:50.846 D/MDnsDS  (  243): triggering rescan
04-02 09:46:50.846 D/MDnsDS  (  243): serviceRegister successful
04-02 09:46:50.847 D/MDnsDS  (  243): Monitor poll got data pollCount = 3, 1
04-02 09:46:50.847 D/MDnsDS  (  243): controlSocket shows revent= 1
04-02 09:46:50.847 D/MDnsDS  (  243): MDnsSdListener::Monitor got 1
04-02 09:46:50.847 D/MDnsDS  (  243): MDnsSdListener::Monitor poll rescanning - size=10, live=3
04-02 09:46:50.847 D/MDnsDS  (  243): Going to poll with pollCount 4
04-02 09:46:50.847 D/NsdService(  479): Register 3 8
04-02 09:46:50.847 I/adbd    (  397): host-15: read thread spawning
04-02 09:46:50.847 I/adbd    (  397): host-15: already offline
04-02 09:46:50.848 I/adbd    (  397): authentication not required
04-02 09:46:50.813 W/Thread-33( 3092): type=1400 audit(0.0:1216): avc: granted { read open } for path="/proc/sys/net/core/somaxconn" dev="proc" ino=39618 scontext=u:r:platform_app:s0:c512,c768 tcontext=u:object_r:proc_net:s0 tclass=file app=com.dangbei.screencast
04-02 09:46:50.892 I/gbei.screencas( 3092): Background concurrent copying GC freed 40938(3510KB) AllocSpace objects, 4(80KB) LOS objects, 49% free, 5282KB/10MB, paused 127us total 122.018ms
04-02 09:46:50.813 W/Thread-33( 3092): type=1400 audit(0.0:1217): avc: granted { getattr } for path="/proc/sys/net/core/somaxconn" dev="proc" ino=39618 scontext=u:r:platform_app:s0:c512,c768 tcontext=u:object_r:proc_net:s0 tclass=file app=com.dangbei.screencast
04-02 09:46:50.813 W/Thread-33( 3092): type=1400 audit(0.0:1218): avc: granted { getattr } for path="/proc/sys/net/core/somaxconn" dev="proc" ino=39618 scontext=u:r:platform_app:s0:c512,c768 tcontext=u:object_r:proc_net:s0 tclass=file app=com.dangbei.screencast
04-02 09:46:50.982 W/IorapForwardingService(  479): No service published for: iorapd
04-02 09:46:51.089 I/CrashSDKNormalH( 3269): type=1400 audit(0.0:1219): avc: denied { search } for name="com.dangbei.screencast" dev="mmcblk0p25" ino=909 scontext=u:r:platform_app:s0:c512,c768 tcontext=u:object_r:app_data_file:s0:c512,c768 tclass=dir permissive=1 app=com.dangbei.screencast
01-01 08:01:51.798 W/audit   ( 3178): audit_lost=682 audit_rate_limit=5 audit_backlog_limit=64
01-01 08:01:51.807 E/audit   ( 3178): rate limit exceeded
04-02 09:46:51.297 D/NsdService(  479): Register service
04-02 09:46:51.298 D/NsdService(  479): registerService: 9 name: 当贝投屏R7, type: _db_cast_screen._tcp, host: null, port: 39269, txtRecord: au=1cV=20830mV=100h265=0maxR=4096-3152model=DBBOX-A2deviceid=4A:13:E4:F9:79:75
04-02 09:46:51.298 D/NsdService(  479): mdnssd [register, 9, 当贝投屏R7, _db_cast_screen._tcp, 39269, BGF1PTEIY1Y9MjA4MzAGbVY9MTAwBmgyNjU9MA5tYXhSPTQwOTYtMzE1Mg5tb2RlbD1EQkJPWC1BMhpkZXZpY2VpZD00QToxMzpFNDpGOTo3OTo3NQ==]
04-02 09:46:51.299 D/MDnsDS  (  243): serviceRegister(9, (null), 当贝投屏R7, _db_cast_screen._tcp, (null), (null), 39269, 85, <binary>)
04-02 09:46:51.300 D/MDnsDS  (  243): startMonitoring 9
04-02 09:46:51.300 D/MDnsDS  (  243): triggering rescan
04-02 09:46:51.300 D/MDnsDS  (  243): serviceRegister successful
04-02 09:46:51.300 D/MDnsDS  (  243): Monitor poll got data pollCount = 4, 1
04-02 09:46:51.300 D/MDnsDS  (  243): controlSocket shows revent= 1
04-02 09:46:51.300 D/MDnsDS  (  243): MDnsSdListener::Monitor got 1
04-02 09:46:51.300 D/MDnsDS  (  243): MDnsSdListener::Monitor poll rescanning - size=10, live=4
04-02 09:46:51.300 D/MDnsDS  (  243): Going to poll with pollCount 5
04-02 09:46:51.300 D/NsdService(  479): Register 4 9
04-02 09:46:51.561 D/bbb     ( 1170): onStartCommand begin !!!!!!! data分区剩余 24956MB
04-02 09:46:51.563 D/aaa     ( 1107): LedStatusService onStartCommand begin
04-02 09:46:51.565 D/aaa     ( 1107): topPkg is -------------- :com.dangbei.leard.leradlauncher
04-02 09:46:51.571 D/aaa     ( 1107): WiFi is connect 
04-02 09:46:51.580 D/MDnsDS  (  243): Monitor poll got data pollCount = 5, 2
04-02 09:46:51.580 D/MDnsDS  (  243): Monitor found [2].revents = 1 - calling ProcessResults
04-02 09:46:51.580 D/MDnsDS  (  243): register succeeded for 8 as b42f0315e4ce@当贝投屏R7
04-02 09:46:51.580 D/MDnsDS  (  243): Monitor found [3].revents = 1 - calling ProcessResults
04-02 09:46:51.580 D/MDnsDS  (  243): register succeeded for 7 as 当贝投屏R7
04-02 09:46:51.581 D/MDnsDS  (  243): controlSocket shows revent= 0
04-02 09:46:51.581 D/MDnsDS  (  243): Going to poll with pollCount 5
04-02 09:46:51.581 D/NsdService(  479): Native daemon message SERVICE_REGISTERED: 606 8 "b42f0315e4ce@当贝投屏R7"
04-02 09:46:51.582 D/NsdService(  479): Native daemon message SERVICE_REGISTERED: 606 7 "当贝投屏R7"
04-02 09:46:51.743 E/accept  ( 3092): myIp:192.168.3.131
04-02 09:46:51.747 E/accept  ( 3092): connect error
04-02 09:46:51.757 I/UpnpServiceImpl( 3092): >>> Starting UPnP service...
04-02 09:46:51.758 I/UpnpServiceImpl( 3092): Using configuration: org.fourthline.cling.android.AndroidUpnpServiceConfiguration
04-02 09:46:51.763 I/Router  ( 3092): Creating Router: org.fourthline.cling.android.AndroidRouter
04-02 09:46:51.765 W/Router  ( 3092): enable lock:org.fourthline.cling.android.AndroidRouter@282db8f_java.util.concurrent.locks.ReentrantReadWriteLock$WriteLock@373e1c[Unlocked]
04-02 09:46:51.780 W/tworkAddressFactoryImpl( 3092): Network interface may not be multicast capable: dummy0
04-02 09:46:51.784 I/MulticastReceiver( 3092): Creating wildcard socket (for receiving multicast datagrams) on port: 1900
04-02 09:46:51.786 I/MulticastReceiver( 3092): Joining multicast group: /239.255.255.250:1900 on network interface: wlan0
04-02 09:46:51.815 E/accept  ( 3092): Adding connector try: 192.168.3.131/192.168.3.131:40383
04-02 09:46:51.818 E/accept  ( 3092): Adding connector result: 192.168.3.131/192.168.3.131:40383
04-02 09:46:51.832 D/MDnsDS  (  243): Monitor poll got data pollCount = 5, 1
04-02 09:46:51.832 D/MDnsDS  (  243): Monitor found [1].revents = 1 - calling ProcessResults
04-02 09:46:51.832 D/MDnsDS  (  243): register succeeded for 9 as 当贝投屏R7
04-02 09:46:51.832 D/MDnsDS  (  243): controlSocket shows revent= 0
04-02 09:46:51.832 D/MDnsDS  (  243): Going to poll with pollCount 5
04-02 09:46:51.834 D/NsdService(  479): Native daemon message SERVICE_REGISTERED: 606 9 "当贝投屏R7"
04-02 09:46:51.963 I/JettyServletContainer( 3092): Registering UPnP servlet under context path: /upnp
04-02 09:46:51.968 I/DatagramIO( 3092): Creating bound socket (for datagram input/output) on: 192.168.3.131/192.168.3.131
04-02 09:46:51.970 E/JettyServletContainer( 3092): gogogo
04-02 09:46:51.970 I/JettyServletContainer( 3092): Starting Jetty server... 
04-02 09:46:51.971 W/System.err( 3092): 2026-04-02 09:46:51.971:INFO:lcaf.p:jetty-8.y.z-SNAPSHOT
04-02 09:46:51.974 I/Router  ( 3092): WiFi multicast lock acquired
04-02 09:46:51.975 I/WifiService(  479): acquireMulticastLock uid=10027
04-02 09:46:51.977 I/Router  ( 3092): WiFi lock acquired
04-02 09:46:51.978 I/WifiService(  479): acquireWifiLock uid=10027 lockMode=3
04-02 09:46:51.981 W/Router  ( 3092): enable unlock:org.fourthline.cling.android.AndroidRouter@282db8f
04-02 09:46:51.982 I/UpnpServiceImpl( 3092): <<< UPnP service started successfully
04-02 09:46:51.984 W/IorapForwardingService(  479): No service published for: iorapd
04-02 09:46:52.025 W/System.err( 3092): 2026-04-02 09:46:52.024:INFO:lcaf.a:Started @192.168.3.131:40383
04-02 09:46:52.065 E/g       ( 3092): channel :os
04-02 09:46:52.149 I/gbei.screencas( 3092): Background concurrent copying GC freed 64446(3526KB) AllocSpace objects, 25(1380KB) LOS objects, 49% free, 5985KB/11MB, paused 152us total 110.179ms
04-02 09:46:52.445 I/efs-base( 3092): type=1400 audit(0.0:1233): avc: denied { read } for name="ready" dev="mmcblk0p25" ino=2112 scontext=u:r:platform_app:s0:c512,c768 tcontext=u:object_r:app_data_file:s0:c512,c768 tclass=dir permissive=1 app=com.dangbei.screencast
04-02 09:46:52.445 I/efs-base( 3092): type=1400 audit(0.0:1234): avc: denied { open } for path="/data/user/0/com.dangbei.screencast/app_UApm/5fc60c21094d637f3130af19/ready" dev="mmcblk0p25" ino=2112 scontext=u:r:platform_app:s0:c512,c768 tcontext=u:object_r:app_data_file:s0:c512,c768 tclass=dir permissive=1 app=com.dangbei.screencast
04-02 09:46:52.445 I/efs-base( 3092): type=1400 audit(0.0:1235): avc: denied { rmdir } for name="2404" dev="mmcblk0p25" ino=3942 scontext=u:r:platform_app:s0:c512,c768 tcontext=u:object_r:app_data_file:s0:c512,c768 tclass=dir permissive=1 app=com.dangbei.screencast
04-02 09:46:52.453 I/efs-base( 3092): type=1400 audit(0.0:1236): avc: denied { create } for name="wa_gzip_1_1_3092_2884_1775094412455" scontext=u:r:platform_app:s0:c512,c768 tcontext=u:object_r:app_data_file:s0:c512,c768 tclass=file permissive=1 app=com.dangbei.screencast
04-02 09:46:52.453 I/efs-base( 3092): type=1400 audit(0.0:1237): avc: denied { unlink } for name="wa_none_1_1_2975_1209_1775094399307" dev="mmcblk0p25" ino=4126 scontext=u:r:platform_app:s0:c512,c768 tcontext=u:object_r:app_data_file:s0:c512,c768 tclass=file permissive=1 app=com.dangbei.screencast
04-02 09:46:52.463 I/efs.base( 3092): lt=event`ev_ct=efs_core`ev_ac=log_lag`tm=2026-04-02 09:46:46`dn=e47c7bd2-9fa9-451d-9f60-8dbb33e77f9c`ps=com.dangbei.screencast`um_os=android`stime=1775094402101`pid=3092`fr=android`pkg=com.dangbei.screencast`vcode=20830`dsp_w=1920`uid=e47c7bd2-9fa9-451d-9f60-8dbb33e77f9c`rom=12`wid=e47c7bd2-9fa9-451d-9f60-8dbb33e77f9c`um_app_carrier=`um_access=wifi`um_app_channel=os`um_crash_sdk_version=1.4.0`ctime=1775094412`model=dbbox-a2`lang=zh`net=wifi`brand=dangbei`dsp_h=1080`um_network_type=0`ver=v2.8.3`cnt=2`build_model=DBBOX-A2`w_tm=1775094412`appid=5fc60c21094d637f3130af19`um_umid_header=ai35af5d3062696c923ab8439457101f1b`sdk=31`tzone=Asia/Shanghai`sdk_ver=1.3.6.umeng
04-02 09:46:52.606 E/WifiHAL (  667): wifi_get_link_stats: requestResponse Error:-5
04-02 09:46:52.607 E/WifiVendorHal(  479): getWifiLinkLayerStats_1_5_Internal(l.1191) failed {.code = ERROR_INVALID_ARGS, .description = }
04-02 09:46:52.720 I/efs.base( 3092): wa upload succ, HttpResponse {succ=true, code=200, data='暂不支持该服务', extra={req_url=https://errlog.umeng.com/api/crashsdk/logcollect}}
04-02 09:46:52.793 I/efs.base( 3092): wa upload succ, HttpResponse {succ=true, code=200, data='暂不支持该服务', extra={req_url=https://errlog.umeng.com/api/crashsdk/logcollect}}
04-02 09:46:52.985 W/IorapForwardingService(  479): No service published for: iorapd
04-02 09:46:53.106 E/bt_upio (  250): upio_set : /proc/bluetooth/sleep/btwrite(-1) incorrent
04-02 09:46:53.128 E/dangbei111( 1051): cccccc 检查遥控器是否连接: Dangbei C9:B5:96:5C:E3:ED
04-02 09:46:53.131 E/dangbei111( 1051): cccccc 检查遥控器是否连接: 蓝牙的结果 Dangbei C9:B5:96:5C:E3:ED true
04-02 09:46:53.131 E/dangbei111( 1051): cccccc input中没有遥控器存在
04-02 09:46:53.131 E/dangbei111( 1051): cccccc 蓝牙状态连接 开启8s check任务
04-02 09:46:53.131 E/dangbei111( 1051): cccccc 没有遥控器连接 不进行 getRCInfo return
04-02 09:46:53.131 E/dangbei111( 1051): getBattery delay 0
04-02 09:46:53.136 I/bt_btif_config(  673): system/bt/btif/src/btif_config.cc:137 btif_get_device_type: Device [c9:b5:96:5c:e3:ed] device type 2
04-02 09:46:53.136 D/BluetoothGatt( 1051): discoverServices() - device: C9:B5:96:5C:E3:ED
04-02 09:46:53.136 I/bt_stack(  673): [INFO:connection_manager.cc(104)] App id=0x06already doing background connection to c9:b5:96:5c:e3:ed
04-02 09:46:53.137 E/dangbei111( 1051): 5mins后会再次获取电量
04-02 09:46:53.137 E/dangbei111( 1051): getBattery delay 300000
04-02 09:46:53.138 I/bt_bta_gattc(  673): system/bt/bta/gatt/bta_gattc_cache.cc:902 bta_gattc_get_gatt_db: bta_gattc_get_gatt_db
04-02 09:46:53.142 D/BluetoothGatt( 1051): onSearchComplete() = Device=C9:B5:96:5C:E3:ED Status=0
04-02 09:46:53.987 W/IorapForwardingService(  479): No service published for: iorapd
04-02 09:46:54.688 W/ZramWriteback(  479): Writeback device is not set
04-02 09:46:54.688 D/ZramWriteback(  479): wait to flush
01-01 08:01:55.484 I/[    C0] nf_conntrack(    0): default automatic helper assignment has been turned off for security reasons and CT-based  firewall rule not found. Use the iptables CT target to attach helpers instead.
04-02 09:46:54.989 W/IorapForwardingService(  479): No service published for: iorapd
04-02 09:46:55.124 E/dangbei111( 1051): cccccc 检测到网络 准备请求遥控器ota信息
04-02 09:46:55.125 W/ContextImpl( 1051): Calling a method in the system process without a qualified user: android.app.ContextImpl.sendBroadcast:1173 android.content.ContextWrapper.sendBroadcast:479 com.dangbei.remotecontroller.RemoteControllerReceiver.sendMessageToUpdateHelper:122 com.dangbei.remotecontroller.RemoteControllerReceiver.access$100:28 com.dangbei.remotecontroller.RemoteControllerReceiver$1.handleMessage:41 
04-02 09:46:55.127 E/ActivityManager(  479): Sending non-protected broadcast com.dangbei.remote.connected from system 1051:com.dangbei.lerad.etna.haqu/1000 pkg com.dangbei.lerad.etna.haqu
04-02 09:46:55.127 E/ActivityManager(  479): java.lang.Throwable
04-02 09:46:55.127 E/ActivityManager(  479): 	at com.android.server.am.ActivityManagerService.checkBroadcastFromSystem(ActivityManagerService.java:12816)
04-02 09:46:55.127 E/ActivityManager(  479): 	at com.android.server.am.ActivityManagerService.broadcastIntentLocked(ActivityManagerService.java:13416)
04-02 09:46:55.127 E/ActivityManager(  479): 	at com.android.server.am.ActivityManagerService.broadcastIntentLocked(ActivityManagerService.java:12833)
04-02 09:46:55.127 E/ActivityManager(  479): 	at com.android.server.am.ActivityManagerService.broadcastIntentWithFeature(ActivityManagerService.java:13670)
04-02 09:46:55.127 E/ActivityManager(  479): 	at android.app.IActivityManager$Stub.onTransact(IActivityManager.java:2326)
04-02 09:46:55.127 E/ActivityManager(  479): 	at com.android.server.am.ActivityManagerService.onTransact(ActivityManagerService.java:2509)
04-02 09:46:55.127 E/ActivityManager(  479): 	at android.os.Binder.execTransactInternal(Binder.java:1179)
04-02 09:46:55.127 E/ActivityManager(  479): 	at android.os.Binder.execTransact(Binder.java:1143)
04-02 09:46:55.128 E/ActivityManager(  479): Sending non-protected broadcast com.dangbei.remote.connected from system 1051:com.dangbei.lerad.etna.haqu/1000 pkg com.dangbei.lerad.etna.haqu
04-02 09:46:55.128 E/ActivityManager(  479): java.lang.Throwable
04-02 09:46:55.128 E/ActivityManager(  479): 	at com.android.server.am.ActivityManagerService.checkBroadcastFromSystem(ActivityManagerService.java:12816)
04-02 09:46:55.128 E/ActivityManager(  479): 	at com.android.server.am.ActivityManagerService.broadcastIntentLocked(ActivityManagerService.java:13513)
04-02 09:46:55.128 E/ActivityManager(  479): 	at com.android.server.am.ActivityManagerService.broadcastIntentLocked(ActivityManagerService.java:12833)
04-02 09:46:55.128 E/ActivityManager(  479): 	at com.android.server.am.ActivityManagerService.broadcastIntentWithFeature(ActivityManagerService.java:13670)
04-02 09:46:55.128 E/ActivityManager(  479): 	at android.app.IActivityManager$Stub.onTransact(IActivityManager.java:2326)
04-02 09:46:55.128 E/ActivityManager(  479): 	at com.android.server.am.ActivityManagerService.onTransact(ActivityManagerService.java:2509)
04-02 09:46:55.128 E/ActivityManager(  479): 	at android.os.Binder.execTransactInternal(Binder.java:1179)
04-02 09:46:55.128 E/ActivityManager(  479): 	at android.os.Binder.execTransact(Binder.java:1143)
04-02 09:46:55.129 I/DropBoxManagerService(  479): add tag=system_server_wtf isTagEnabled=true flags=0x2
04-02 09:46:55.131 I/DropBoxManagerService(  479): add tag=system_server_wtf isTagEnabled=true flags=0x2
04-02 09:46:55.132 E/dangbei111( 1051): 读出来的遥控器版本不是空 CSH260331
04-02 09:46:55.132 E/dangbei111( 1051): cccccc requestRemoteInfoInner factory NA version CSH260331
04-02 09:46:55.156 I/okhttp.OkHttpClient( 1051): --> POST http://tymsgapi.qun7.com/v1/core/ykota (622-byte body)
04-02 09:46:55.252 I/okhttp.OkHttpClient( 1051): <-- 200 OK http://tymsgapi.qun7.com/v1/core/ykota (95ms, unknown-length body)
04-02 09:46:55.254 E/dangbei111( 1051): cccccc requestRemoteInfoInner BaseResponse{message='success', data=null, code=0}
04-02 09:46:55.255 W/System.err( 1051): java.lang.NullPointerException: Attempt to invoke virtual method 'java.lang.String com.etna.haqu.model.business.bean.db.remote.RemoteUpdateBean.getDownloadId()' on a null object reference
04-02 09:46:55.255 W/System.err( 1051): 	at com.dangbei.etna.update.remote.RemoteUpdateHelper$requestRemoteInfoInner$1$2.invoke(RemoteUpdateHelper.kt:199)
04-02 09:46:55.255 W/System.err( 1051): 	at com.dangbei.etna.update.remote.RemoteUpdateHelper$requestRemoteInfoInner$1$2.invoke(RemoteUpdateHelper.kt:188)
04-02 09:46:55.255 W/System.err( 1051): 	at com.etna.haqu.support.ext.FlowExtKt$safeCollect$3.emit(FlowExt.kt:52)
04-02 09:46:55.255 W/System.err( 1051): 	at kotlinx.coroutines.flow.FlowKt__ErrorsKt$catchImpl$2.emit(Errors.kt:158)
04-02 09:46:55.255 W/System.err( 1051): 	at kotlinx.coroutines.flow.FlowKt__ChannelsKt.emitAllImpl$FlowKt__ChannelsKt(Channels.kt:62)
04-02 09:46:55.255 W/System.err( 1051): 	at kotlinx.coroutines.flow.FlowKt__ChannelsKt.access$emitAllImpl$FlowKt__ChannelsKt(Channels.kt:1)
04-02 09:46:55.255 W/System.err( 1051): 	at kotlinx.coroutines.flow.FlowKt__ChannelsKt$emitAllImpl$1.invokeSuspend(Unknown Source:14)
04-02 09:46:55.255 W/System.err( 1051): 	at kotlin.coroutines.jvm.internal.BaseContinuationImpl.resumeWith(ContinuationImpl.kt:33)
04-02 09:46:55.255 W/System.err( 1051): 	at kotlinx.coroutines.DispatchedTask.run(DispatchedTask.kt:106)
04-02 09:46:55.255 W/System.err( 1051): 	at android.os.Handler.handleCallback(Handler.java:938)
04-02 09:46:55.255 W/System.err( 1051): 	at android.os.Handler.dispatchMessage(Handler.java:99)
04-02 09:46:55.255 W/System.err( 1051): 	at android.os.Looper.loopOnce(Looper.java:201)
04-02 09:46:55.255 W/System.err( 1051): 	at android.os.Looper.loop(Looper.java:288)
04-02 09:46:55.255 W/System.err( 1051): 	at android.app.ActivityThread.main(ActivityThread.java:7854)
04-02 09:46:55.256 W/System.err( 1051): 	at java.lang.reflect.Method.invoke(Native Method)
04-02 09:46:55.256 W/System.err( 1051): 	at com.android.internal.os.RuntimeInit$MethodAndArgsCaller.run(RuntimeInit.java:548)
04-02 09:46:55.256 W/System.err( 1051): 	at com.android.internal.os.ZygoteInit.main(ZygoteInit.java:1182)
04-02 09:46:55.258 E/ccc     ( 1051): cccccc com.dangbei.haqusetting not connect
04-02 09:46:55.258 E/ccc     ( 1051): cccccc updateHelper 通知更新 
04-02 09:46:55.258 E/dangbei111( 1051): cccccc requestRemoteInfoInner 出现异常 Attempt to invoke virtual method 'java.lang.String com.etna.haqu.model.business.bean.db.remote.RemoteUpdateBean.getDownloadId()' on a null object reference
01-01 08:01:56.135 W/hdr10p_Configure(  378): 56 callbacks suppressed
01-01 08:01:56.135 I/        (  378): DVI mode selected: packets not configured
01-01 08:01:56.148 W/set_vsif_config(  378): 56 callbacks suppressed
01-01 08:01:56.148 I/        (  378): Error: set vsif failed
01-01 08:01:56.168 I/        (  378): DVI mode selected: packets not configured
01-01 08:01:56.175 I/        (  378): Error: set vsif failed
04-02 09:46:55.621 E/WifiHAL (  667): wifi_get_link_stats: requestResponse Error:-5
04-02 09:46:55.623 E/WifiVendorHal(  479): getWifiLinkLayerStats_1_5_Internal(l.1191) failed {.code = ERROR_INVALID_ARGS, .description = }
01-01 08:01:56.201 I/        (  378): DVI mode selected: packets not configured
01-01 08:01:56.207 I/        (  378): Error: set vsif failed
01-01 08:01:56.217 I/        (  378): DVI mode selected: packets not configured
01-01 08:01:56.224 I/        (  378): Error: set vsif failed
01-01 08:01:56.234 I/        (  378): DVI mode selected: packets not configured
01-01 08:01:56.240 I/        (  378): Error: set vsif failed
01-01 08:01:56.251 I/        (  378): DVI mode selected: packets not configured
01-01 08:01:56.257 I/        (  378): Error: set vsif failed
01-01 08:01:56.267 I/        (  378): DVI mode selected: packets not configured
01-01 08:01:56.274 I/        (  378): Error: set vsif failed
01-01 08:01:56.284 I/        (  378): DVI mode selected: packets not configured
01-01 08:01:56.290 I/        (  378): Error: set vsif failed
01-01 08:01:56.301 I/        (  378): DVI mode selected: packets not configured
01-01 08:01:56.307 I/        (  378): Error: set vsif failed
01-01 08:01:56.317 I/        (  378): DVI mode selected: packets not configured
01-01 08:01:56.324 I/        (  378): Error: set vsif failed
04-02 09:46:55.915 I/BLEAudioDrive_HV410(  249): select timeout!
04-02 09:46:55.992 W/IorapForwardingService(  479): No service published for: iorapd
04-02 09:46:56.132 I/TDLog   ( 2252): [APP] New data found, Submitting...
04-02 09:46:56.132 E/dangbei111( 1051): cccccc 准备开始进行 startScanInner
04-02 09:46:56.132 E/dangbei111( 1051): cccccc 真正开始进入扫描流程啦 
04-02 09:46:56.136 E/dangbei111( 1051): cccccc 检查遥控器是否连接: Dangbei C9:B5:96:5C:E3:ED
04-02 09:46:56.139 E/dangbei111( 1051): cccccc 检查遥控器是否连接: 蓝牙的结果 Dangbei C9:B5:96:5C:E3:ED true
04-02 09:46:56.140 E/dangbei111( 1051): cccccc input中没有遥控器存在
04-02 09:46:56.140 E/dangbei111( 1051): cccccc 蓝牙状态连接 开启8s check任务
04-02 09:46:56.140 E/dangbei111( 1051): 开始扫描 com.dangbei.remotecontroller.RCHelper$3@1ad1ff
04-02 09:46:56.140 D/BluetoothAdapter( 1051): isLeEnabled(): ON
04-02 09:46:56.151 I/TDLog   ( 2252): [APP] Failed to submit data!
04-02 09:46:56.482 I/ActivityStarter(  479): ---START u0 {act=com.dangbei.tv.settings.BLUETOOTH flg=0x10000000} from uid 2000
04-02 09:46:56.532 D/UtilLog ( 2252): 日志批量上报 进行正常循环 ！！！！！！本次有0次请求,共0条数据
04-02 09:46:56.917 I/bt_stack(  673): [INFO:btsnoop.cc(338)] clear_l2cap_allowlist: Clearing acceptlist from l2cap channel. conn_handle=16 cid=4:4
04-02 09:46:56.918 I/bluetooth(  673): system/bt/stack/gap/gap_ble.cc:298 client_connect_cback: No active GAP service found for peer:xx:xx:xx:xx:e3:ed callback:Disconnected
04-02 09:46:56.918 I/bt_bta_gattc(  673): system/bt/bta/gatt/bta_gattc_act.cc:1115 bta_gattc_conn_cback: Disconnected att_id:3 transport:le reason:GATT_CONN_TIMEOUT
04-02 09:46:56.918 I/bt_bta_gattc(  673): system/bt/bta/gatt/bta_gattc_act.cc:1115 bta_gattc_conn_cback: Disconnected att_id:4 transport:le reason:GATT_CONN_TIMEOUT
04-02 09:46:56.918 I/bt_bta_gattc(  673): system/bt/bta/gatt/bta_gattc_act.cc:1115 bta_gattc_conn_cback: Disconnected att_id:5 transport:le reason:GATT_CONN_TIMEOUT
04-02 09:46:56.918 I/bt_bta_gattc(  673): system/bt/bta/gatt/bta_gattc_act.cc:1115 bta_gattc_conn_cback: Disconnected att_id:6 transport:le reason:GATT_CONN_TIMEOUT
04-02 09:46:56.918 W/bt_btm_sec(  673): system/bt/stack/btm/btm_sec.cc:3685 btm_sec_disconnected: Got uncommon disconnection reason:Connection Timeout handle:0x0010
04-02 09:46:56.918 E/bt_bta_hh(  673): system/bt/bta/hh/bta_hh_le.cc:999 bta_hh_security_cmpl: Encryption failed status:BTA_HH_ERR_SEC btm_status:BTM_ERR_PROCESSING BLE mac:c9:b5:96:5c:e3:ed
04-02 09:46:56.919 E/bt_upio (  250): upio_set : /proc/bluetooth/sleep/btwrite(-1) incorrent
04-02 09:46:56.919 I/btif_av (  673): system/bt/btif/src/btif_av.cc:3352 btif_av_acl_disconnected: btif_av_acl_disconnected: Peer c9:b5:96:5c:e3:ed : ACL Disconnected
04-02 09:46:56.919 I/btif_av (  673): system/bt/btif/src/btif_av.cc:1078 FindOrCreatePeer: BtifAvPeer *BtifAvSource::FindOrCreatePeer(const RawAddress &, tBTA_AV_HNDL): Create peer: peer_address=c9:b5:96:5c:e3:ed bta_handle=0x41 peer_id=0
04-02 09:46:56.919 I/btif_av (  673): system/bt/btif/src/btif_av.cc:3279 btif_av_get_peer_sep: No active sink or source peer found
04-02 09:46:56.919 I/bt_btif_a2dp_source(  673): system/bt/btif/src/btif_a2dp_source.cc:691 btif_a2dp_source_on_idle: btif_a2dp_source_on_idle: state=STATE_OFF
04-02 09:46:56.919 I/btif_av (  673): system/bt/btif/src/btif_av.cc:3279 btif_av_get_peer_sep: No active sink or source peer found
04-02 09:46:56.919 I/bt_btif_a2dp_source(  673): system/bt/btif/src/btif_a2dp_source.cc:691 btif_a2dp_source_on_idle: btif_a2dp_source_on_idle: state=STATE_OFF
04-02 09:46:56.919 I/btif_av (  673): system/bt/btif/src/btif_av.cc:1123 DeleteIdlePeers: DeleteIdlePeers: Deleting idle peer: c9:b5:96:5c:e3:ed bta_handle=0x41
04-02 09:46:56.920 D/BluetoothGatt( 1051): onClientConnectionState() - status=0 clientIf=6 device=C9:B5:96:5C:E3:ED
04-02 09:46:56.926 W/bt_btif (  673): system/bt/main/bte_logmsg.cc:194 LogMsg: btif_hh_upstreams_evt: BTA_HH_OPN_EVT: handle=16, status =6
04-02 09:46:56.927 W/BluetoothHidHostService(  673): no state change: 0
04-02 09:46:56.931 I/dangbei111( 1051): cccccc on receiver=android.bluetooth.device.action.ACL_DISCONNECTED,mac=C9:B5:96:5C:E3:ED
04-02 09:46:56.994 W/IorapForwardingService(  479): No service published for: iorapd
04-02 09:46:57.054 I/bluetooth(  673): system/bt/stack/gatt/connection_manager.cc:185 on_connection_complete: Le connection completed to device:c9:b5:96:5c:e3:ed
04-02 09:46:57.054 I/bt_btm_ble(  673): system/bt/stack/btm/btm_ble.cc:1699 btm_ble_connected: Updating device record timestamp for existing ble connection
04-02 09:46:57.126 I/bt_stack(  673): [INFO:gatt_attr.cc(880)] gatt_sr_init_cl_status: bda=c9:b5:96:5c:e3:ed, cl_supp_feat=0000, aware=1
04-02 09:46:57.126 I/bluetooth(  673): system/bt/stack/gap/gap_ble.cc:298 client_connect_cback: No active GAP service found for peer:xx:xx:xx:xx:e3:ed callback:Connected
04-02 09:46:57.126 I/bt_bta_gattc(  673): system/bt/bta/gatt/bta_gattc_act.cc:1110 bta_gattc_conn_cback: Connected att_id:3 transport:le reason:GATT_CONN_OK
04-02 09:46:57.126 I/bt_bta_gattc(  673): system/bt/bta/gatt/bta_gattc_act.cc:1110 bta_gattc_conn_cback: Connected att_id:4 transport:le reason:GATT_CONN_OK
04-02 09:46:57.126 I/bt_bta_gattc(  673): system/bt/bta/gatt/bta_gattc_act.cc:1110 bta_gattc_conn_cback: Connected att_id:5 transport:le reason:GATT_CONN_OK
04-02 09:46:57.126 I/bt_bta_gattc(  673): system/bt/bta/gatt/bta_gattc_act.cc:1110 bta_gattc_conn_cback: Connected att_id:6 transport:le reason:GATT_CONN_OK
04-02 09:46:57.126 I/bluetooth(  673): system/bt/stack/gatt/connection_manager.cc:185 on_connection_complete: Le connection completed to device:c9:b5:96:5c:e3:ed
04-02 09:46:57.126 I/bt_stack(  673): [INFO:eatt_impl.h(634)] connect device c9:b5:96:5c:e3:ed rolecentral
04-02 09:46:57.126 I/bt_btif_dm(  673): system/bt/btif/src/btif_dm.cc:497 btif_update_remote_version_property: Remote version info valid:true [xx:xx:xx:xx:e3:ed]: 8, 50e, 8
04-02 09:46:57.142 D/BluetoothGatt( 1051): onClientConnectionState() - status=0 clientIf=6 device=C9:B5:96:5C:E3:ED
04-02 09:46:57.143 W/bt_btm  (  673): system/bt/main/bte_logmsg.cc:194 LogMsg: Security Manager: BTM_SetEncryption busy, enqueue request
04-02 09:46:57.143 D/BluetoothGatt( 1051): discoverServices() - device: C9:B5:96:5C:E3:ED
04-02 09:46:57.145 E/BluetoothPhonePolicy(  673): Received unexpected intent, action=android.bluetooth.device.action.ACL_CONNECTED
04-02 09:46:57.146 I/BluetoothPhonePolicy(  673): processDeviceConnected, device=C9:B5:96:5C:E3:ED
04-02 09:46:57.147 D/BluetoothDatabase(  673): setConnection: device=C9:B5:96:5C:E3:ED and isA2dpDevice=false
04-02 09:46:57.147 D/BluetoothDatabase(  673): Updating last connected time for device: C9:B5:96:5C:E3:ED to 11
04-02 09:46:57.148 D/BluetoothDatabase(  673): updateDatabase C9:B5:96:5C:E3:ED
04-02 09:46:57.149 I/bt_bta_gattc(  673): system/bt/bta/gatt/bta_gattc_cache.cc:902 bta_gattc_get_gatt_db: bta_gattc_get_gatt_db
04-02 09:46:57.152 I/dangbei111( 1051): cccccc on receiver=android.bluetooth.device.action.ACL_CONNECTED,mac=C9:B5:96:5C:E3:ED
04-02 09:46:57.153 I/dangbei111( 1051): cccccc 收到 ACTION_ACL_CONNECTED 的广播
04-02 09:46:57.153 E/dangbei111( 1051): 5s后准备进行遥控器ota信息检测
04-02 09:46:57.154 D/BluetoothGatt( 1051): onSearchComplete() = Device=C9:B5:96:5C:E3:ED Status=0
04-02 09:46:57.465 I/sh      ( 3429): type=1400 audit(0.0:1238): avc: denied { getattr } for path="/system/xbin/su" dev="dm-0" ino=3482 scontext=u:r:platform_app:s0:c512,c768 tcontext=u:object_r:su_exec:s0 tclass=file permissive=1 app=com.dangbei.screencast
04-02 09:46:57.506 I/crashsdk( 3092): crashsdk uploading logs
04-02 09:46:57.465 I/sh      ( 3429): type=1400 audit(0.0:1239): avc: denied { execute } for name="su" dev="dm-0" ino=3482 scontext=u:r:platform_app:s0:c512,c768 tcontext=u:object_r:su_exec:s0 tclass=file permissive=1 app=com.dangbei.screencast
04-02 09:46:57.497 I/ls      ( 3430): type=1400 audit(0.0:1240): avc: denied { getattr } for path="/system/xbin/su" dev="dm-0" ino=3482 scontext=u:r:platform_app:s0:c512,c768 tcontext=u:object_r:su_exec:s0 tclass=file permissive=1
04-02 09:46:57.996 W/IorapForwardingService(  479): No service published for: iorapd
04-02 09:46:58.504 I/keystore2(  205): keystore2::watchdog: Watchdog thread idle -> terminating. Have a great day.
04-02 09:46:58.635 E/WifiHAL (  667): wifi_get_link_stats: requestResponse Error:-5
04-02 09:46:58.637 E/WifiVendorHal(  479): getWifiLinkLayerStats_1_5_Internal(l.1191) failed {.code = ERROR_INVALID_ARGS, .description = }
04-02 09:46:58.998 W/IorapForwardingService(  479): No service published for: iorapd
04-02 09:46:59.319 D/hdmi-cec(  263): receive invalid cec message!
04-02 09:46:59.319 D/hdmi-cec(  263): receive poll message [04], skip!
04-02 09:46:59.609 D/bbb     ( 1170): onStartCommand begin !!!!!!! data分区剩余 24956MB
04-02 09:46:59.614 D/aaa     ( 1107): LedStatusService onStartCommand begin
04-02 09:46:59.616 D/aaa     ( 1107): topPkg is -------------- :com.dangbei.leard.leradlauncher
04-02 09:46:59.620 D/aaa     ( 1107): WiFi is connect 
04-02 09:46:59.999 W/IorapForwardingService(  479): No service published for: iorapd
04-02 09:47:00.138 E/bt_upio (  250): upio_set : /proc/bluetooth/sleep/btwrite(-1) incorrent
04-02 09:47:00.161 E/dangbei111( 1051): cccccc 检查遥控器是否连接: Dangbei C9:B5:96:5C:E3:ED
04-02 09:47:00.164 E/dangbei111( 1051): cccccc 检查遥控器是否连接: 蓝牙的结果 Dangbei C9:B5:96:5C:E3:ED true
04-02 09:47:00.165 E/dangbei111( 1051): cccccc input中没有遥控器存在
04-02 09:47:00.165 E/dangbei111( 1051): cccccc 蓝牙状态连接 开启8s check任务
04-02 09:47:00.165 E/dangbei111( 1051): cccccc 没有遥控器连接 不进行 getRCInfo return
04-02 09:47:00.165 E/dangbei111( 1051): getBattery delay 0
04-02 09:47:00.171 I/bt_btif_config(  673): system/bt/btif/src/btif_config.cc:137 btif_get_device_type: Device [c9:b5:96:5c:e3:ed] device type 2
04-02 09:47:00.171 D/BluetoothGatt( 1051): discoverServices() - device: C9:B5:96:5C:E3:ED
04-02 09:47:00.171 I/bt_stack(  673): [INFO:connection_manager.cc(104)] App id=0x06already doing background connection to c9:b5:96:5c:e3:ed
04-02 09:47:00.173 E/dangbei111( 1051): 5mins后会再次获取电量
04-02 09:47:00.173 E/dangbei111( 1051): getBattery delay 300000
04-02 09:47:00.175 I/bt_bta_gattc(  673): system/bt/bta/gatt/bta_gattc_cache.cc:902 bta_gattc_get_gatt_db: bta_gattc_get_gatt_db
04-02 09:47:00.178 D/BluetoothGatt( 1051): onSearchComplete() = Device=C9:B5:96:5C:E3:ED Status=0
04-02 09:47:01.001 W/IorapForwardingService(  479): No service published for: iorapd
01-01 08:02:02.146 W/hdr10p_Configure(  378): 63 callbacks suppressed
01-01 08:02:02.146 I/        (  378): DVI mode selected: packets not configured
01-01 08:02:02.159 W/set_vsif_config(  378): 63 callbacks suppressed
01-01 08:02:02.159 I/        (  378): Error: set vsif failed
01-01 08:02:02.184 I/        (  378): DVI mode selected: packets not configured
01-01 08:02:02.191 I/        (  378): Error: set vsif failed
01-01 08:02:02.202 I/        (  378): DVI mode selected: packets not configured
01-01 08:02:02.208 I/        (  378): Error: set vsif failed
04-02 09:47:01.649 E/WifiHAL (  667): wifi_get_link_stats: requestResponse Error:-5
04-02 09:47:01.651 E/WifiVendorHal(  479): getWifiLinkLayerStats_1_5_Internal(l.1191) failed {.code = ERROR_INVALID_ARGS, .description = }
01-01 08:02:02.234 I/        (  378): DVI mode selected: packets not configured
01-01 08:02:02.241 I/        (  378): Error: set vsif failed
01-01 08:02:02.268 I/        (  378): DVI mode selected: packets not configured
01-01 08:02:02.274 I/        (  378): Error: set vsif failed
01-01 08:02:02.301 I/        (  378): DVI mode selected: packets not configured
01-01 08:02:02.307 I/        (  378): Error: set vsif failed
01-01 08:02:02.334 I/        (  378): DVI mode selected: packets not configured
01-01 08:02:02.341 I/        (  378): Error: set vsif failed
01-01 08:02:02.358 I/        (  378): DVI mode selected: packets not configured
01-01 08:02:02.365 I/        (  378): Error: set vsif failed
01-01 08:02:02.384 I/        (  378): DVI mode selected: packets not configured
01-01 08:02:02.390 I/        (  378): Error: set vsif failed
01-01 08:02:02.401 I/        (  378): DVI mode selected: packets not configured
01-01 08:02:02.408 I/        (  378): Error: set vsif failed
04-02 09:47:02.003 W/IorapForwardingService(  479): No service published for: iorapd
04-02 09:47:02.157 E/dangbei111( 1051): cccccc 检测到网络 准备请求遥控器ota信息
04-02 09:47:02.158 W/ContextImpl( 1051): Calling a method in the system process without a qualified user: android.app.ContextImpl.sendBroadcast:1173 android.content.ContextWrapper.sendBroadcast:479 com.dangbei.remotecontroller.RemoteControllerReceiver.sendMessageToUpdateHelper:122 com.dangbei.remotecontroller.RemoteControllerReceiver.access$100:28 com.dangbei.remotecontroller.RemoteControllerReceiver$1.handleMessage:41 
04-02 09:47:02.160 E/ActivityManager(  479): Sending non-protected broadcast com.dangbei.remote.connected from system 1051:com.dangbei.lerad.etna.haqu/1000 pkg com.dangbei.lerad.etna.haqu
04-02 09:47:02.160 E/ActivityManager(  479): java.lang.Throwable
04-02 09:47:02.160 E/ActivityManager(  479): 	at com.android.server.am.ActivityManagerService.checkBroadcastFromSystem(ActivityManagerService.java:12816)
04-02 09:47:02.160 E/ActivityManager(  479): 	at com.android.server.am.ActivityManagerService.broadcastIntentLocked(ActivityManagerService.java:13416)
04-02 09:47:02.160 E/ActivityManager(  479): 	at com.android.server.am.ActivityManagerService.broadcastIntentLocked(ActivityManagerService.java:12833)
04-02 09:47:02.160 E/ActivityManager(  479): 	at com.android.server.am.ActivityManagerService.broadcastIntentWithFeature(ActivityManagerService.java:13670)
04-02 09:47:02.160 E/ActivityManager(  479): 	at android.app.IActivityManager$Stub.onTransact(IActivityManager.java:2326)
04-02 09:47:02.160 E/ActivityManager(  479): 	at com.android.server.am.ActivityManagerService.onTransact(ActivityManagerService.java:2509)
04-02 09:47:02.160 E/ActivityManager(  479): 	at android.os.Binder.execTransactInternal(Binder.java:1179)
04-02 09:47:02.160 E/ActivityManager(  479): 	at android.os.Binder.execTransact(Binder.java:1143)
04-02 09:47:02.162 E/ActivityManager(  479): Sending non-protected broadcast com.dangbei.remote.connected from system 1051:com.dangbei.lerad.etna.haqu/1000 pkg com.dangbei.lerad.etna.haqu
04-02 09:47:02.162 E/ActivityManager(  479): java.lang.Throwable
04-02 09:47:02.162 E/ActivityManager(  479): 	at com.android.server.am.ActivityManagerService.checkBroadcastFromSystem(ActivityManagerService.java:12816)
04-02 09:47:02.162 E/ActivityManager(  479): 	at com.android.server.am.ActivityManagerService.broadcastIntentLocked(ActivityManagerService.java:13513)
04-02 09:47:02.162 E/ActivityManager(  479): 	at com.android.server.am.ActivityManagerService.broadcastIntentLocked(ActivityManagerService.java:12833)
04-02 09:47:02.162 E/ActivityManager(  479): 	at com.android.server.am.ActivityManagerService.broadcastIntentWithFeature(ActivityManagerService.java:13670)
04-02 09:47:02.162 E/ActivityManager(  479): 	at android.app.IActivityManager$Stub.onTransact(IActivityManager.java:2326)
04-02 09:47:02.162 E/ActivityManager(  479): 	at com.android.server.am.ActivityManagerService.onTransact(ActivityManagerService.java:2509)
04-02 09:47:02.162 E/ActivityManager(  479): 	at android.os.Binder.execTransactInternal(Binder.java:1179)
04-02 09:47:02.162 E/ActivityManager(  479): 	at android.os.Binder.execTransact(Binder.java:1143)
04-02 09:47:02.163 I/DropBoxManagerService(  479): add tag=system_server_wtf isTagEnabled=true flags=0x2
04-02 09:47:02.167 I/DropBoxManagerService(  479): add tag=system_server_wtf isTagEnabled=true flags=0x2
04-02 09:47:02.168 E/dangbei111( 1051): 读出来的遥控器版本不是空 CSH260331
04-02 09:47:02.169 E/dangbei111( 1051): cccccc requestRemoteInfoInner factory NA version CSH260331
04-02 09:47:02.191 I/okhttp.OkHttpClient( 1051): --> POST http://tymsgapi.qun7.com/v1/core/ykota (622-byte body)
04-02 09:47:02.295 I/okhttp.OkHttpClient( 1051): <-- 200 OK http://tymsgapi.qun7.com/v1/core/ykota (102ms, unknown-length body)
04-02 09:47:02.300 E/dangbei111( 1051): cccccc requestRemoteInfoInner BaseResponse{message='success', data=null, code=0}
04-02 09:47:02.300 W/System.err( 1051): java.lang.NullPointerException: Attempt to invoke virtual method 'java.lang.String com.etna.haqu.model.business.bean.db.remote.RemoteUpdateBean.getDownloadId()' on a null object reference
04-02 09:47:02.301 W/System.err( 1051): 	at com.dangbei.etna.update.remote.RemoteUpdateHelper$requestRemoteInfoInner$1$2.invoke(RemoteUpdateHelper.kt:199)
04-02 09:47:02.301 W/System.err( 1051): 	at com.dangbei.etna.update.remote.RemoteUpdateHelper$requestRemoteInfoInner$1$2.invoke(RemoteUpdateHelper.kt:188)
04-02 09:47:02.301 W/System.err( 1051): 	at com.etna.haqu.support.ext.FlowExtKt$safeCollect$3.emit(FlowExt.kt:52)
04-02 09:47:02.301 W/System.err( 1051): 	at kotlinx.coroutines.flow.FlowKt__ErrorsKt$catchImpl$2.emit(Errors.kt:158)
04-02 09:47:02.301 W/System.err( 1051): 	at kotlinx.coroutines.flow.FlowKt__ChannelsKt.emitAllImpl$FlowKt__ChannelsKt(Channels.kt:62)
04-02 09:47:02.301 W/System.err( 1051): 	at kotlinx.coroutines.flow.FlowKt__ChannelsKt.access$emitAllImpl$FlowKt__ChannelsKt(Channels.kt:1)
04-02 09:47:02.301 W/System.err( 1051): 	at kotlinx.coroutines.flow.FlowKt__ChannelsKt$emitAllImpl$1.invokeSuspend(Unknown Source:14)
04-02 09:47:02.301 W/System.err( 1051): 	at kotlin.coroutines.jvm.internal.BaseContinuationImpl.resumeWith(ContinuationImpl.kt:33)
04-02 09:47:02.301 W/System.err( 1051): 	at kotlinx.coroutines.DispatchedTask.run(DispatchedTask.kt:106)
04-02 09:47:02.302 W/System.err( 1051): 	at android.os.Handler.handleCallback(Handler.java:938)
04-02 09:47:02.302 W/System.err( 1051): 	at android.os.Handler.dispatchMessage(Handler.java:99)
04-02 09:47:02.302 W/System.err( 1051): 	at android.os.Looper.loopOnce(Looper.java:201)
04-02 09:47:02.302 W/System.err( 1051): 	at android.os.Looper.loop(Looper.java:288)
04-02 09:47:02.302 W/System.err( 1051): 	at android.app.ActivityThread.main(ActivityThread.java:7854)
04-02 09:47:02.302 W/System.err( 1051): 	at java.lang.reflect.Method.invoke(Native Method)
04-02 09:47:02.302 W/System.err( 1051): 	at com.android.internal.os.RuntimeInit$MethodAndArgsCaller.run(RuntimeInit.java:548)
04-02 09:47:02.302 W/System.err( 1051): 	at com.android.internal.os.ZygoteInit.main(ZygoteInit.java:1182)
04-02 09:47:02.304 E/ccc     ( 1051): cccccc com.dangbei.haqusetting not connect
04-02 09:47:02.305 E/ccc     ( 1051): cccccc updateHelper 通知更新 
04-02 09:47:02.305 E/dangbei111( 1051): cccccc requestRemoteInfoInner 出现异常 Attempt to invoke virtual method 'java.lang.String com.etna.haqu.model.business.bean.db.remote.RemoteUpdateBean.getDownloadId()' on a null object reference
04-02 09:47:03.005 W/IorapForwardingService(  479): No service published for: iorapd
04-02 09:47:03.165 E/dangbei111( 1051): cccccc 准备开始进行 startScanInner
04-02 09:47:03.165 E/dangbei111( 1051): cccccc 小于10s 由于之前已经开始扫描了 不在开启新的扫描 
04-02 09:47:03.997 I/bt_stack(  673): [INFO:btsnoop.cc(338)] clear_l2cap_allowlist: Clearing acceptlist from l2cap channel. conn_handle=16 cid=4:4
04-02 09:47:03.997 I/bt_stack(  673): [INFO:eatt_impl.h(578)] supported_features_cb c9:b5:96:5c:e3:ed is_eatt_supported = 0
04-02 09:47:03.997 I/bluetooth(  673): system/bt/stack/gap/gap_ble.cc:298 client_connect_cback: No active GAP service found for peer:xx:xx:xx:xx:e3:ed callback:Disconnected
04-02 09:47:03.998 I/bt_bta_gattc(  673): system/bt/bta/gatt/bta_gattc_act.cc:1115 bta_gattc_conn_cback: Disconnected att_id:3 transport:le reason:GATT_CONN_TIMEOUT
04-02 09:47:03.998 I/bt_bta_gattc(  673): system/bt/bta/gatt/bta_gattc_act.cc:1115 bta_gattc_conn_cback: Disconnected att_id:4 transport:le reason:GATT_CONN_TIMEOUT
04-02 09:47:03.998 I/bt_bta_gattc(  673): system/bt/bta/gatt/bta_gattc_act.cc:1115 bta_gattc_conn_cback: Disconnected att_id:5 transport:le reason:GATT_CONN_TIMEOUT
04-02 09:47:03.998 I/bt_bta_gattc(  673): system/bt/bta/gatt/bta_gattc_act.cc:1115 bta_gattc_conn_cback: Disconnected att_id:6 transport:le reason:GATT_CONN_TIMEOUT
04-02 09:47:03.998 W/bt_btm_sec(  673): system/bt/stack/btm/btm_sec.cc:3685 btm_sec_disconnected: Got uncommon disconnection reason:Connection Timeout handle:0x0010
04-02 09:47:03.998 E/bt_bta_hh(  673): system/bt/bta/hh/bta_hh_le.cc:999 bta_hh_security_cmpl: Encryption failed status:BTA_HH_ERR_SEC btm_status:BTM_ERR_PROCESSING BLE mac:c9:b5:96:5c:e3:ed
04-02 09:47:03.998 E/bt_upio (  250): upio_set : /proc/bluetooth/sleep/btwrite(-1) incorrent
04-02 09:47:03.998 I/btif_av (  673): system/bt/btif/src/btif_av.cc:3352 btif_av_acl_disconnected: btif_av_acl_disconnected: Peer c9:b5:96:5c:e3:ed : ACL Disconnected
04-02 09:47:03.999 I/btif_av (  673): system/bt/btif/src/btif_av.cc:1078 FindOrCreatePeer: BtifAvPeer *BtifAvSource::FindOrCreatePeer(const RawAddress &, tBTA_AV_HNDL): Create peer: peer_address=c9:b5:96:5c:e3:ed bta_handle=0x41 peer_id=0
04-02 09:47:03.999 I/btif_av (  673): system/bt/btif/src/btif_av.cc:3279 btif_av_get_peer_sep: No active sink or source peer found
04-02 09:47:03.999 I/bt_btif_a2dp_source(  673): system/bt/btif/src/btif_a2dp_source.cc:691 btif_a2dp_source_on_idle: btif_a2dp_source_on_idle: state=STATE_OFF
04-02 09:47:03.999 I/btif_av (  673): system/bt/btif/src/btif_av.cc:3279 btif_av_get_peer_sep: No active sink or source peer found
04-02 09:47:03.999 I/bt_btif_a2dp_source(  673): system/bt/btif/src/btif_a2dp_source.cc:691 btif_a2dp_source_on_idle: btif_a2dp_source_on_idle: state=STATE_OFF
04-02 09:47:03.999 I/btif_av (  673): system/bt/btif/src/btif_av.cc:1123 DeleteIdlePeers: DeleteIdlePeers: Deleting idle peer: c9:b5:96:5c:e3:ed bta_handle=0x41
04-02 09:47:04.000 D/BluetoothGatt( 1051): onClientConnectionState() - status=0 clientIf=6 device=C9:B5:96:5C:E3:ED
04-02 09:47:04.006 W/bt_btif (  673): system/bt/main/bte_logmsg.cc:194 LogMsg: btif_hh_upstreams_evt: BTA_HH_OPN_EVT: handle=16, status =6
04-02 09:47:04.007 W/BluetoothHidHostService(  673): no state change: 0
04-02 09:47:04.008 W/IorapForwardingService(  479): No service published for: iorapd
04-02 09:47:04.013 I/dangbei111( 1051): cccccc on receiver=android.bluetooth.device.action.ACL_DISCONNECTED,mac=C9:B5:96:5C:E3:ED
04-02 09:47:04.131 I/bluetooth(  673): system/bt/stack/gatt/connection_manager.cc:185 on_connection_complete: Le connection completed to device:c9:b5:96:5c:e3:ed
04-02 09:47:04.131 I/bt_btm_ble(  673): system/bt/stack/btm/btm_ble.cc:1699 btm_ble_connected: Updating device record timestamp for existing ble connection
04-02 09:47:04.205 I/bt_stack(  673): [INFO:gatt_attr.cc(880)] gatt_sr_init_cl_status: bda=c9:b5:96:5c:e3:ed, cl_supp_feat=0000, aware=1
04-02 09:47:04.205 I/bluetooth(  673): system/bt/stack/gap/gap_ble.cc:298 client_connect_cback: No active GAP service found for peer:xx:xx:xx:xx:e3:ed callback:Connected
04-02 09:47:04.205 I/bt_bta_gattc(  673): system/bt/bta/gatt/bta_gattc_act.cc:1110 bta_gattc_conn_cback: Connected att_id:3 transport:le reason:GATT_CONN_OK
04-02 09:47:04.205 I/bt_bta_gattc(  673): system/bt/bta/gatt/bta_gattc_act.cc:1110 bta_gattc_conn_cback: Connected att_id:4 transport:le reason:GATT_CONN_OK
04-02 09:47:04.205 I/bt_bta_gattc(  673): system/bt/bta/gatt/bta_gattc_act.cc:1110 bta_gattc_conn_cback: Connected att_id:5 transport:le reason:GATT_CONN_OK
04-02 09:47:04.205 I/bt_bta_gattc(  673): system/bt/bta/gatt/bta_gattc_act.cc:1110 bta_gattc_conn_cback: Connected att_id:6 transport:le reason:GATT_CONN_OK
04-02 09:47:04.206 I/bluetooth(  673): system/bt/stack/gatt/connection_manager.cc:185 on_connection_complete: Le connection completed to device:c9:b5:96:5c:e3:ed
04-02 09:47:04.206 I/bt_stack(  673): [INFO:eatt_impl.h(634)] connect device c9:b5:96:5c:e3:ed rolecentral
04-02 09:47:04.206 I/bt_btif_dm(  673): system/bt/btif/src/btif_dm.cc:497 btif_update_remote_version_property: Remote version info valid:true [xx:xx:xx:xx:e3:ed]: 8, 50e, 8
04-02 09:47:04.217 W/bt_btm  (  673): system/bt/main/bte_logmsg.cc:194 LogMsg: Security Manager: BTM_SetEncryption busy, enqueue request
04-02 09:47:04.217 D/BluetoothGatt( 1051): onClientConnectionState() - status=0 clientIf=6 device=C9:B5:96:5C:E3:ED
04-02 09:47:04.217 D/BluetoothGatt( 1051): discoverServices() - device: C9:B5:96:5C:E3:ED
04-02 09:47:04.219 E/BluetoothPhonePolicy(  673): Received unexpected intent, action=android.bluetooth.device.action.ACL_CONNECTED
04-02 09:47:04.219 I/BluetoothPhonePolicy(  673): processDeviceConnected, device=C9:B5:96:5C:E3:ED
04-02 09:47:04.219 D/BluetoothDatabase(  673): setConnection: device=C9:B5:96:5C:E3:ED and isA2dpDevice=false
04-02 09:47:04.219 D/BluetoothDatabase(  673): Updating last connected time for device: C9:B5:96:5C:E3:ED to 12
04-02 09:47:04.219 D/BluetoothDatabase(  673): updateDatabase C9:B5:96:5C:E3:ED
04-02 09:47:04.220 I/bt_bta_gattc(  673): system/bt/bta/gatt/bta_gattc_cache.cc:902 bta_gattc_get_gatt_db: bta_gattc_get_gatt_db
04-02 09:47:04.222 D/BluetoothGatt( 1051): onSearchComplete() = Device=C9:B5:96:5C:E3:ED Status=0
04-02 09:47:04.223 I/dangbei111( 1051): cccccc on receiver=android.bluetooth.device.action.ACL_CONNECTED,mac=C9:B5:96:5C:E3:ED
04-02 09:47:04.224 I/dangbei111( 1051): cccccc 收到 ACTION_ACL_CONNECTED 的广播
04-02 09:47:04.224 E/dangbei111( 1051): 5s后准备进行遥控器ota信息检测
04-02 09:47:04.661 E/WifiHAL (  667): wifi_get_link_stats: requestResponse Error:-5
04-02 09:47:04.662 E/WifiVendorHal(  479): getWifiLinkLayerStats_1_5_Internal(l.1191) failed {.code = ERROR_INVALID_ARGS, .description = }
04-02 09:47:05.009 W/IorapForwardingService(  479): No service published for: iorapd
04-02 09:47:05.916 I/BLEAudioDrive_HV410(  249): select timeout!
04-02 09:47:06.010 W/IorapForwardingService(  479): No service published for: iorapd
04-02 09:47:06.564 D/UtilLog ( 2252): 日志批量上报 进行正常循环 ！！！！！！本次有0次请求,共0条数据
04-02 09:47:07.012 W/IorapForwardingService(  479): No service published for: iorapd
04-02 09:47:07.214 E/bt_upio (  250): upio_set : /proc/bluetooth/sleep/btwrite(-1) incorrent
04-02 09:47:07.228 E/dangbei111( 1051): cccccc 检查遥控器是否连接: Dangbei C9:B5:96:5C:E3:ED
04-02 09:47:07.231 E/dangbei111( 1051): cccccc 检查遥控器是否连接: 蓝牙的结果 Dangbei C9:B5:96:5C:E3:ED true
04-02 09:47:07.231 E/dangbei111( 1051): cccccc input中没有遥控器存在
04-02 09:47:07.232 E/dangbei111( 1051): cccccc 蓝牙状态连接 开启8s check任务
04-02 09:47:07.232 E/dangbei111( 1051): cccccc 没有遥控器连接 不进行 getRCInfo return
04-02 09:47:07.232 E/dangbei111( 1051): getBattery delay 0
