03-31 16:36:00.625 D/CompatibilityChangeReporter(  479): Compat change id reported: 135634846; UID 1000; state: DISABLED
03-31 16:36:00.626 W/ActivityManager(  479): Unable to start service Intent { act=com.cvte.tv.api.TV_API_SERVICE pkg=com.cvte.tv.api.impl } U=0: not found
03-31 16:36:00.627 W/ContextImpl( 1324): Calling a method in the system process without a qualified user: android.app.ContextImpl.bindService:1895 android.content.ContextWrapper.bindService:810 com.cvte.tv.api.TvApiSDKManager.getTvApi:362 com.dangbei.rocky.component.system.SystemControlUtils.initSystemAidl:83 com.dangbei.rocky.component.system.SystemComponent.onAttached:38 
03-31 16:36:00.629 I/ActivityManager(  479): com.android.managedprovisioning is exempt from freezer
03-31 16:36:00.629 D/CompatibilityChangeReporter(  479): Compat change id reported: 135634846; UID 10020; state: DISABLED
03-31 16:36:00.629 D/CompatibilityChangeReporter(  479): Compat change id reported: 177438394; UID 10020; state: DISABLED
03-31 16:36:00.629 D/CompatibilityChangeReporter(  479): Compat change id reported: 135772972; UID 10020; state: DISABLED
03-31 16:36:00.629 D/CompatibilityChangeReporter(  479): Compat change id reported: 135754954; UID 10020; state: ENABLED
03-31 16:36:00.631 W/ActivityManager(  479): Unable to start service Intent { act=com.cvte.tv.api.TV_API_SERVICE pkg=com.cvte.tv.api.impl } U=0: not found
03-31 16:36:00.641 W/ContextImpl( 1324): Calling a method in the system process without a qualified user: android.app.ContextImpl.startService:1816 android.content.ContextWrapper.startService:774 com.dangbei.phrike.core.DownloadManager.register:294 com.dangbei.component_appcontrol.phrike.XPhrikeAppCreator.register:47 com.dangbei.component_appcontrol.AppControlComponent.onAttached:65 
03-31 16:36:00.646 D/Zygote  (  244): Forked child process 1539
03-31 16:36:00.652 I/ActivityManager(  479): app.processName = com.android.dynsystem:dynsystem
03-31 16:36:00.652 I/ActivityManager(  479): Start proc 1539:com.android.dynsystem:dynsystem/1000 for service {com.android.dynsystem/com.android.dynsystem.DynamicSystemInstallationService}
03-31 16:36:00.652 D/CompatibilityChangeReporter(  479): Compat change id reported: 143937733; UID 10020; state: ENABLED
03-31 16:36:00.655 I/RockyManager( 1324): initSDKDelegate: 
03-31 16:36:00.659 I/Zygote  ( 1539): seccomp disabled by setenforce 0
03-31 16:36:00.663 I/wpa_supplicant(  979): wlan0: Trying to associate with 58:c7:ac:7a:4a:12 (SSID='DB-machines2.4G' freq=2437 MHz)
03-31 16:36:00.677 D/Zygote  (  244): Forked child process 1543
03-31 16:36:00.679 W/ActivityManager(  479): Slow operation: 51ms so far, now at startProcess: done updating battery stats
03-31 16:36:00.679 W/ActivityManager(  479): Slow operation: 51ms so far, now at startProcess: building log message
03-31 16:36:00.680 I/ActivityManager(  479): app.processName = com.android.managedprovisioning
03-31 16:36:00.680 I/ActivityManager(  479): Start proc 1543:com.android.managedprovisioning/u0a20 for broadcast {com.android.managedprovisioning/com.android.managedprovisioning.BootReminder}
03-31 16:36:00.680 W/ActivityManager(  479): Slow operation: 51ms so far, now at startProcess: starting to update pids map
03-31 16:36:00.681 E/hq      ( 1095): ErrorCoroutineExceptionHandler:::runTry error:java.net.UnknownHostException: Unable to resolve host "ottdbui-tyapiqun7.yysh.mgtv.com": No address associated with hostname  from=requestMessageDialog
03-31 16:36:00.683 W/ActivityManager(  479): Slow operation: 55ms so far, now at startProcess: done updating pids map
03-31 16:36:00.694 I/Zygote  ( 1543): seccomp disabled by setenforce 0
03-31 16:36:00.708 D/WifiCountryCode(  479): evaluateAllCmmStateAndApplyIfAllReady: {ConcreteClientModeManager{id=19292 iface=wlan0 role=ROLE_CLIENT_PRIMARY}=false}
03-31 16:36:00.709 D/WifiClientModeImpl[wlan0](  479): Start Connecting Watchdog 1
03-31 16:36:00.755 D/QuickLifeImpl( 1051): onReceive intent : Intent { act=android.net.wifi.STATE_CHANGE flg=0x4000010 (has extras) }
03-31 16:36:00.771 I/adbd    (  397): jdwp connection from 1539
03-31 16:36:00.773 I/adbd    (  397): jdwp connection from 1543
03-31 16:36:00.793 D/CompatibilityChangeReporter(  479): Compat change id reported: 168419799; UID 10020; state: DISABLED
03-31 16:36:00.800 D/ContactsDatabaseHelper( 1238): WAL enabled for contacts2.db: true
03-31 16:36:00.806 D/CompatibilityChangeReporter( 1543): Compat change id reported: 171979766; UID 10020; state: ENABLED
03-31 16:36:00.815 D/QuickLifeImpl( 1051): start resetAppStartTimes!
03-31 16:36:00.824 D/music_MediaPlaybackSer( 1234): Received catalog result, success:  true
03-31 16:36:00.824 D/music_MediaPlaybackSer( 1234): OnLoadChildren.ROOT
03-31 16:36:00.825 D/music_MediaPlaybackSer( 1234): OnLoadChildren sending 4 results for __ROOT__
03-31 16:36:00.833 D/AvrcpBrowsablePlayerConnector(  673): Received a message: msg.what=0
03-31 16:36:00.833 I/AvrcpBrowsablePlayerConnector(  673): Successfully added package to results: com.android.music
03-31 16:36:00.833 I/AvrcpBrowsablePlayerConnector(  673): Successfully connected to 1 browsable players.
03-31 16:36:00.834 I/MediaPlayerList(  673): init: Browsable Player list size is 1
03-31 16:36:00.834 D/MediaPlayerList(  673): Adding Browser Wrapper for com.android.music with id 1
03-31 16:36:00.834 I/AvrcpBrowsedPlayerWrapper(  673): getFolderItems: Grabbing cached data for mediaId: __ROOT__
03-31 16:36:00.835 D/MediaPlayerList(  673): Got the contents for: __ROOT__ : num results=4
03-31 16:36:00.835 D/MediaPlayerList(  673): Initializing list of current media players
03-31 16:36:00.852 D/CompatibilityChangeReporter( 1539): Compat change id reported: 171979766; UID 1000; state: ENABLED
03-31 16:36:00.873 D/music_MediaPlaybackSer( 1234): onDestroy
03-31 16:36:00.873 D/music_MusicApp( 1234): remove mount callback: com.android.music.MediaPlaybackService@7101fb2
03-31 16:36:00.873 D/music_MediaPlaybackSer( 1234): handleStopRequest: mState=0 error=destroy
03-31 16:36:00.873 D/music_MediaPlaybackSer( 1234): updatePlaybackState, playback state=1
03-31 16:36:00.874 D/Playback( 1234): giveUpAudioFocus
03-31 16:36:00.874 D/Playback( 1234): relaxResources. releaseMediaPlayer=true
03-31 16:36:00.892 D/music_MediaPlaybackSer( 1234): updatePlaybackState, playback state=1
03-31 16:36:00.905 V/MediaPlayerList(  673): onActiveSessionsChanged: number of controllers: 0
03-31 16:36:00.944 V/GraphicsEnvironment( 1543): ANGLE Developer option for 'com.android.managedprovisioning' set to: 'default'
03-31 16:36:00.945 V/GraphicsEnvironment( 1543): Neither updatable production driver nor prerelease driver is supported.
03-31 16:36:00.950 D/NetworkSecurityConfig( 1543): No Network Security Config specified, using platform default
03-31 16:36:00.950 D/NetworkSecurityConfig( 1543): No Network Security Config specified, using platform default
03-31 16:36:00.984 E/GetBgColorManager( 1095): setTargetImageView: 
03-31 16:36:00.996 I/MediaProvider( 1033): Scanned internal due to REASON_MOUNTED, found 5 items in 812ms, 0 inserts 0 updates 0 deletes
03-31 16:36:01.004 D/TheRouter::RouterInject( 1095): interception::===interface com.dangbei.leard.protocol.MainManagerInterface===MainManagerInterfaceImpl45968941
03-31 16:36:01.010 W/ModernMediaScanner( 1033): Failed to visit /oem/media: java.nio.file.NoSuchFileException: /oem/media
03-31 16:36:01.014 I/MediaProvider( 1033): Scanned internal due to REASON_MOUNTED, found 0 items in 7ms, 0 inserts 0 updates 0 deletes
03-31 16:36:01.019 V/GraphicsEnvironment( 1539): ANGLE Developer option for 'com.android.dynsystem' set to: 'default'
03-31 16:36:01.020 V/GraphicsEnvironment( 1539): Neither updatable production driver nor prerelease driver is supported.
03-31 16:36:01.032 D/NetworkSecurityConfig( 1539): No Network Security Config specified, using platform default
03-31 16:36:01.033 D/NetworkSecurityConfig( 1539): No Network Security Config specified, using platform default
03-31 16:36:01.038 I/CallLogProvider( 1238): Will sync following Uris:[]
03-31 16:36:01.038 I/CallLogProvider( 1238): Syncing call composer pics -- got []
03-31 16:36:01.040 I/CarUiInstaller( 1543): CarUiInstaller started for com.android.managedprovisioning
03-31 16:36:01.069 D/DynamicSystemInstallationService( 1539): onStartCommand(): action=android.os.image.action.NOTIFY_IF_IN_USE
03-31 16:36:01.076 I/DynamicSystemService(  479): isInstalled(): false
03-31 16:36:01.079 E/getHdmiStatus( 1095): sourceInputStatus=null  mEtnaAdapter=com.dangbei.launcher.etna.EtnaAdapter@98064e3
03-31 16:36:01.124 D/CompatibilityChangeReporter(  479): Compat change id reported: 168419799; UID 10019; state: DISABLED
03-31 16:36:01.292 I/d.process.acor( 1238): Background concurrent copying GC freed 17976(898KB) AllocSpace objects, 2(40KB) LOS objects, 49% free, 3390KB/6780KB, paused 4.276ms total 747.655ms
03-31 16:36:01.316 I/UtilCommon( 1324): bluetoothMac=B4:2F:03:15:6F:44
03-31 16:36:01.323 D/NetworkSecurityConfig( 1444): No Network Security Config specified, using platform default
03-31 16:36:01.331 I/wificond(  365): Regulatory domain changed to country: CN on wiphy_index: 0
03-31 16:36:01.335 I/wificond(  365): 2.4Ghz frequencies: 2412 2417 2422 2427 2432 2437 2442 2447 2452 2457 2462 2467 2472
03-31 16:36:01.335 I/wificond(  365): 5Ghz non-DFS frequencies: 5180 5200 5220 5240 5745 5765 5785 5805 5825
03-31 16:36:01.335 I/wificond(  365): 5Ghz DFS frequencies: 5260 5280 5300 5320
03-31 16:36:01.335 I/wificond(  365): 6Ghz frequencies:
03-31 16:36:01.335 I/wificond(  365): 60Ghz frequencies:
03-31 16:36:01.335 D/WifiNl80211Manager(  479): OnRegDomainChanged CN
03-31 16:36:01.336 D/WifiNative(  479): onCountryCodeChanged: CN
03-31 16:36:01.336 I/WifiCountryCode(  479): Receive onDriverCountryCodeChanged CN
03-31 16:36:01.337 I/WifiService(  479): onDriverCountryCodeChanged CN
03-31 16:36:01.342 I/wpa_supplicant(  979): wlan0: Associated with 58:c7:ac:7a:4a:12
03-31 16:36:01.342 I/wpa_supplicant(  979): wlan0: CTRL-EVENT-SUBNET-STATUS-UPDATE status=0
03-31 16:36:01.342 I/wpa_supplicant(  979): wlan0: CTRL-EVENT-REGDOM-CHANGE init=COUNTRY_IE type=COUNTRY alpha2=CN
03-31 16:36:01.346 I/wpa_supplicant(  979): wlan0: WPA: RX message 1 of 4-Way Handshake from 58:c7:ac:7a:4a:12 (ver=2)
03-31 16:36:01.349 I/wpa_supplicant(  979): wlan0: WPA: Sending EAPOL-Key 2/4
03-31 16:36:01.354 I/wpa_supplicant(  979): wlan0: WPA: RX message 3 of 4-Way Handshake from 58:c7:ac:7a:4a:12 (ver=2)
03-31 16:36:01.354 I/wpa_supplicant(  979): wlan0: WPA: Sending EAPOL-Key 4/4
03-31 16:36:01.359 I/wpa_supplicant(  979): wlan0: WPA: Key negotiation completed with 58:c7:ac:7a:4a:12 [PTK=CCMP GTK=TKIP]
03-31 16:36:01.359 I/wpa_supplicant(  979): wlan0: CTRL-EVENT-CONNECTED - Connection to 58:c7:ac:7a:4a:12 completed [id=0 id_str=%7B%22configKey%22%3A%22%5C%22DB-machines2.4G%5C%22WPA_PSK%22%2C%22creatorUid%22%3A%221000%22%7D]
03-31 16:36:01.378 W/bei.lerad.rock( 1324): Class com.iflytek.aiui.AIUIAgent failed lock verification and will run slower.
03-31 16:36:01.378 W/bei.lerad.rock( 1324): Common causes for lock verification issues are non-optimized dex code
03-31 16:36:01.378 W/bei.lerad.rock( 1324): and incorrect proguard optimizations.
03-31 16:36:01.384 D/CompatibilityChangeReporter(  479): Compat change id reported: 135634846; UID 10055; state: DISABLED
03-31 16:36:01.384 D/CompatibilityChangeReporter(  479): Compat change id reported: 177438394; UID 10055; state: DISABLED
03-31 16:36:01.384 D/CompatibilityChangeReporter(  479): Compat change id reported: 135772972; UID 10055; state: DISABLED
03-31 16:36:01.384 D/CompatibilityChangeReporter(  479): Compat change id reported: 135754954; UID 10055; state: ENABLED
03-31 16:36:01.385 D/CompatibilityChangeReporter(  479): Compat change id reported: 143937733; UID 10055; state: ENABLED
03-31 16:36:01.390 I/ContactLocale( 1238): AddressBook Labels [[zh_CN]]: […, A, B, C, D, E, F, G, H, I, J, K, L, M, N, O, P, Q, R, S, T, U, V, W, X, Y, Z, Α, Β, Γ, Δ, Ε, Ζ, Η, Θ, Ι, Κ, Λ, Μ, Ν, Ξ, Ο, Π, Ρ, Σ, Τ, Υ, Φ, Χ, Ψ, Ω, …, А, Б, В, Г, Д, Ђ, Е, Є, Ж, З, И, І, Й, Ј, К, Л, Љ, М, Н, Њ, О, П, Р, С, Т, Ћ, У, Ф, Х, Ц, Ч, Џ, Ш, Щ, Ю, Я, …, א, ב, ג, ד, ה, ו, ז, ח, ט, י, כ, ל, מ, נ, ס, ע, פ, צ, ק, ר, ש, ת, …, ا, ب, ت, ث, ج, ح, خ, د, ذ, ر, ز, س, ش, ص, ض, ط, ظ, ع, غ, ف, ق, ك, ل, م, ن, ه, و, ي, …, ก, ข, ฃ, ค, ฅ, ฆ, ง, จ, ฉ, ช, ซ, ฌ, ญ, ฎ, ฏ, ฐ, ฑ, ฒ, ณ, ด, ต, ถ, ท, ธ, น, บ, ป, ผ, ฝ, พ, ฟ, ภ, ม, ย, ร, ฤ, ล, ฦ, ว, ศ, ษ, ส, ห, ฬ, อ, ฮ, …, ㄱ, ㄴ, ㄷ, ㄹ, ㅁ, ㅂ, ㅅ, ㅇ, ㅈ, ㅊ, ㅋ, ㅌ, ㅍ, ㅎ, …, あ, か, さ, た, な, は, ま, や, ら, わ, #, …]
03-31 16:36:01.391 I/EthernetTracker(  479): interfaceLinkStateChanged, iface: wlan0, up: true
03-31 16:36:01.391 W/PppoeNetworkFactory(  479): interfaceLinkStateChanged
03-31 16:36:01.391 D/PppoeNetworkFactory(  479): updateInterface: mIface: mPhyIface:eth0 iface:wlan0 link:up
03-31 16:36:01.391 D/PppoeNetworkFactory(  479): not tracker interface
03-31 16:36:01.396 W/System.err( 1324): java.net.UnknownHostException: Unable to resolve host "tyapi.qun7.com": No address associated with hostname
03-31 16:36:01.402 D/Zygote  (  244): Forked child process 1658
03-31 16:36:01.410 I/ActivityManager(  479): app.processName = com.android.onetimeinitializer
03-31 16:36:01.410 I/ActivityManager(  479): Start proc 1658:com.android.onetimeinitializer/u0a55 for broadcast {com.android.onetimeinitializer/com.android.onetimeinitializer.OneTimeInitializerReceiver}
03-31 16:36:01.414 W/System.err( 1324): 	at java.net.Inet6AddressImpl.lookupHostByName(Inet6AddressImpl.java:156)
03-31 16:36:01.415 D/ConnectivityService(  479): requestNetwork for uid/pid:1000/1095 activeRequest: null callbackRequest: 27 [NetworkRequest [ REQUEST id=28, [ Capabilities: INTERNET&NOT_RESTRICTED&TRUSTED&NOT_VCN_MANAGED Uid: 1000 RequestorUid: 1000 RequestorPkg: com.dangbei.leard.leradlauncher] ]] callback flags: 0 priority: 2147483647
03-31 16:36:01.418 W/System.err( 1324): 	at java.net.Inet6AddressImpl.lookupAllHostAddr(Inet6AddressImpl.java:103)
03-31 16:36:01.418 W/System.err( 1324): 	at java.net.InetAddress.getAllByName(InetAddress.java:1152)
03-31 16:36:01.418 W/System.err( 1324): 	at com.android.okhttp.Dns$1.lookup(Dns.java:41)
03-31 16:36:01.419 D/ConnectivityService(  479): NetReassign [no changes]
03-31 16:36:01.422 I/Zygote  ( 1658): seccomp disabled by setenforce 0
03-31 16:36:01.423 D/Ethernet(  479): got request NetworkRequest [ REQUEST id=28, [ Capabilities: INTERNET&NOT_RESTRICTED&TRUSTED&NOT_VCN_MANAGED Uid: 1000 RequestorUid: 1000 RequestorPkg: com.dangbei.leard.leradlauncher] ]
03-31 16:36:01.424 D/OsInitLaunch( 1095): send cache: launchAd, playAd, complete, null
03-31 16:36:01.424 D/PPPOE   (  479): got request NetworkRequest [ REQUEST id=28, [ Capabilities: INTERNET&NOT_RESTRICTED&TRUSTED&NOT_VCN_MANAGED Uid: 1000 RequestorUid: 1000 RequestorPkg: com.dangbei.leard.leradlauncher] ]
03-31 16:36:01.425 I/Choreographer( 1095): Skipped 52 frames!  The application may be doing too much work on its main thread.
03-31 16:36:01.384 I/EventThread(  263): type=1400 audit(0.0:556): avc: denied { search } for name="extcon" dev="sysfs" ino=18102 scontext=u:r:hal_tv_cec_default:s0 tcontext=u:object_r:sysfs_extcon:s0 tclass=dir permissive=1
03-31 16:36:01.433 D/EthernetNetworkFactory(  479): acceptRequest, request: NetworkRequest [ REQUEST id=28, [ Capabilities: INTERNET&NOT_RESTRICTED&TRUSTED&NOT_VCN_MANAGED Uid: 1000 RequestorUid: 1000 RequestorPkg: com.dangbei.leard.leradlauncher] ]
03-31 16:36:01.434 I/EthernetNetworkFactory(  479): networkForRequest, request: NetworkRequest [ REQUEST id=28, [ Capabilities: INTERNET&NOT_RESTRICTED&TRUSTED&NOT_VCN_MANAGED Uid: 1000 RequestorUid: 1000 RequestorPkg: com.dangbei.leard.leradlauncher] ], network: null
03-31 16:36:01.434 W/System.err( 1324): 	at com.android.okhttp.internal.http.RouteSelector.resetNextInetSocketAddress(RouteSelector.java:178)
03-31 16:36:01.435 W/System.err( 1324): 	at com.android.okhttp.internal.http.RouteSelector.nextProxy(RouteSelector.java:144)
03-31 16:36:01.435 W/System.err( 1324): 	at com.android.okhttp.internal.http.RouteSelector.next(RouteSelector.java:86)
03-31 16:36:01.435 W/System.err( 1324): 	at com.android.okhttp.internal.http.StreamAllocation.findConnection(StreamAllocation.java:176)
03-31 16:36:01.435 W/System.err( 1324): 	at com.android.okhttp.internal.http.StreamAllocation.findHealthyConnection(StreamAllocation.java:128)
03-31 16:36:01.436 W/System.err( 1324): 	at com.android.okhttp.internal.http.StreamAllocation.newStream(StreamAllocation.java:97)
03-31 16:36:01.436 W/System.err( 1324): 	at com.android.okhttp.internal.http.HttpEngine.connect(HttpEngine.java:289)
03-31 16:36:01.436 W/System.err( 1324): 	at com.android.okhttp.internal.http.HttpEngine.sendRequest(HttpEngine.java:232)
03-31 16:36:01.436 W/System.err( 1324): 	at com.android.okhttp.internal.huc.HttpURLConnectionImpl.execute(HttpURLConnectionImpl.java:465)
03-31 16:36:01.436 W/System.err( 1324): 	at com.android.okhttp.internal.huc.HttpURLConnectionImpl.getResponse(HttpURLConnectionImpl.java:411)
03-31 16:36:01.436 W/System.err( 1324): 	at com.android.okhttp.internal.huc.HttpURLConnectionImpl.getResponseCode(HttpURLConnectionImpl.java:542)
03-31 16:36:01.437 W/System.err( 1324): 	at com.dangbei.statistics.UtilCommon.networkGetIp(UtilCommon.java:826)
03-31 16:36:01.437 W/System.err( 1324): 	at com.dangbei.statistics.UtilCommon$1.accept(UtilCommon.java:807)
03-31 16:36:01.437 W/System.err( 1324): 	at com.dangbei.statistics.UtilCommon$1.accept(UtilCommon.java:803)
03-31 16:36:01.437 W/System.err( 1324): 	at io.reactivex.internal.operators.observable.ObservableDoOnEach$DoOnEachObserver.onNext(ObservableDoOnEach.java:93)
03-31 16:36:01.437 W/System.err( 1324): 	at io.reactivex.internal.operators.observable.ObservableObserveOn$ObserveOnObserver.drainNormal(ObservableObserveOn.java:201)
03-31 16:36:01.437 W/System.err( 1324): 	at io.reactivex.internal.operators.observable.ObservableObserveOn$ObserveOnObserver.run(ObservableObserveOn.java:255)
03-31 16:36:01.438 W/System.err( 1324): 	at io.reactivex.internal.schedulers.ScheduledRunnable.run(ScheduledRunnable.java:66)
03-31 16:36:01.438 W/System.err( 1324): 	at io.reactivex.internal.schedulers.ScheduledRunnable.call(ScheduledRunnable.java:57)
03-31 16:36:01.438 W/System.err( 1324): 	at java.util.concurrent.FutureTask.run(FutureTask.java:266)
03-31 16:36:01.438 W/System.err( 1324): 	at java.util.concurrent.ScheduledThreadPoolExecutor$ScheduledFutureTask.run(ScheduledThreadPoolExecutor.java:301)
03-31 16:36:01.438 D/QuickLifeImpl( 1051): onReceive intent : Intent { act=android.net.wifi.STATE_CHANGE flg=0x4000010 (has extras) }
03-31 16:36:01.439 W/System.err( 1324): 	at java.util.concurrent.ThreadPoolExecutor.runWorker(ThreadPoolExecutor.java:1167)
03-31 16:36:01.439 W/System.err( 1324): 	at java.util.concurrent.ThreadPoolExecutor$Worker.run(ThreadPoolExecutor.java:641)
03-31 16:36:01.443 I/AiuiEngine( 1324): create aiui agent
03-31 16:36:01.443 D/RockyVoice_AiUiDelegate( 1324): 初始化成功
03-31 16:36:01.446 D/RockyNetMessageUtil( 1324): initTipsList   tipEntity = null     isRequestTipSuccess = false
03-31 16:36:01.451 I/adbd    (  397): jdwp connection from 1658
03-31 16:36:01.457 W/bei.lerad.rock( 1324): Class com.iflytek.aiui.utils.c failed lock verification and will run slower.
03-31 16:36:01.464 W/System.err( 1324): 	at java.lang.Thread.run(Thread.java:920)
03-31 16:36:01.464 W/System.err( 1324): Caused by: android.system.GaiException: android_getaddrinfo failed: EAI_NODATA (No address associated with hostname)
03-31 16:36:01.464 W/System.err( 1324): 	at libcore.io.Linux.android_getaddrinfo(Native Method)
03-31 16:36:01.464 W/System.err( 1324): 	at libcore.io.ForwardingOs.android_getaddrinfo(ForwardingOs.java:136)
03-31 16:36:01.464 W/System.err( 1324): 	at libcore.io.BlockGuardOs.android_getaddrinfo(BlockGuardOs.java:221)
03-31 16:36:01.464 W/System.err( 1324): 	at libcore.io.ForwardingOs.android_getaddrinfo(ForwardingOs.java:136)
03-31 16:36:01.464 W/System.err( 1324): 	at java.net.Inet6AddressImpl.lookupHostByName(Inet6AddressImpl.java:135)
03-31 16:36:01.464 W/System.err( 1324): 	... 27 more
03-31 16:36:01.440 I/cmd     ( 1659): type=1400 audit(0.0:557): avc: denied { call } for scontext=u:r:preinstall:s0 tcontext=u:r:system_server:s0 tclass=binder permissive=1
03-31 16:36:01.495 E/hq      ( 1095): ErrorCoroutineExceptionHandler:::runTry error:java.net.UnknownHostException: Unable to resolve host "ottdbui-tyapiqun7.yysh.mgtv.com": No address associated with hostname  from=requestAppBarData_loadData
03-31 16:36:01.504 D/CompatibilityChangeReporter(  479): Compat change id reported: 168419799; UID 10055; state: DISABLED
03-31 16:36:01.527 W/IorapForwardingService(  479): No service published for: iorapd
03-31 16:36:01.440 I/cmd     ( 1659): type=1400 audit(0.0:558): avc: denied { transfer } for scontext=u:r:preinstall:s0 tcontext=u:r:system_server:s0 tclass=binder permissive=1
03-31 16:36:01.546 W/ActivityManager(  479): Slow operation: 70ms so far, now at attachApplicationLocked: after sendPendingBroadcastsLocked
03-31 16:36:01.559 W/bei.lerad.rock( 1324): Class com.iflytek.aiui.utils.l failed lock verification and will run slower.
03-31 16:36:01.440 I/Thread-15( 1095): type=1400 audit(0.0:559): avc: denied { search } for name="tmp" dev="mmcblk0p25" ino=85 scontext=u:r:system_app:s0 tcontext=u:object_r:shell_data_file:s0 tclass=dir permissive=1
03-31 16:36:01.573 D/CompatibilityChangeReporter( 1658): Compat change id reported: 171979766; UID 10055; state: ENABLED
03-31 16:36:01.593 D/QuickLifeImpl( 1051): onReceive intent : Intent { act=android.net.wifi.STATE_CHANGE flg=0x4000010 (has extras) }
03-31 16:36:01.444 I/Binder:479_6(  479): type=1400 audit(0.0:560): avc: denied { call } for scontext=u:r:system_server:s0 tcontext=u:r:preinstall:s0 tclass=binder permissive=1
03-31 16:36:01.621 D/ConnectivityService(  479): registerNetworkAgent NetworkAgentInfo{network{100}  handle{432902426637}  ni{WIFI CONNECTING extra: } Score(60 ; KeepConnected : 0 ; Policies : IS_UNMETERED)   lp{{LinkAddresses: [ ] DnsAddresses: [ ] Domains: null MTU: 0 Routes: [ ]}}  nc{[ Transports: WIFI Capabilities: NOT_METERED&INTERNET&NOT_RESTRICTED&TRUSTED&NOT_VPN&NOT_ROAMING&FOREGROUND&NOT_CONGESTED&NOT_SUSPENDED&NOT_VCN_MANAGED LinkUpBandwidth>=144000Kbps LinkDnBandwidth>=144000Kbps Specifier: <WifiNetworkAgentSpecifier [WifiConfiguration=, SSID="DB-machines2.4G", BSSID=58:c7:ac:7a:4a:12, band=1, mMatchLocalOnlySpecifiers=false]> TransportInfo: <SSID: "DB-machines2.4G", BSSID: 58:c7:ac:7a:4a:12, MAC: b4:2f:03:15:e4:ce, Security type: 2, Supplicant state: GROUP_HANDSHAKE, Wi-Fi standard: 4, RSSI: -127, Link speed: -1Mbps, Tx Link speed: -1Mbps, Max Supported Tx Link speed: 144Mbps, Rx Link speed: -1Mbps, Max Supported Rx Link speed: 144Mbps, Frequency: 2437MHz, Net ID: 0, Metered hint: false, score: 0, CarrierMerged: false, SubscriptionId: -1, IsPrimary: 1> OwnerUid: 1000 AdminUids: [1000] SSID: "DB-machines2.4G"]}}
03-31 16:36:01.625 D/RockyNetMessageUtil( 1324): initMediaControlPage   pageEntity = null     isRequestPageControlSuccess = false
03-31 16:36:01.629 D/XHttpObservable( 1324): handleRequest: start https://tyapi.qun7.com/v1/voice/getsoundshowmsg ,,, isCache = false
03-31 16:36:01.634 D/nativeloader( 1658): classloader namespace configured for unbundled product apk. library_path=/product/priv-app/OneTimeInitializer/lib/arm:/product/lib:/system/product/lib
03-31 16:36:01.659 D/QuickLifeImpl( 1051): onReceive intent : Intent { act=android.net.wifi.STATE_CHANGE flg=0x4000010 (has extras) }
03-31 16:36:01.678 E/WifiHAL (  667): wifi_get_packet_filter_capabilities: requestResponse() error: -3
03-31 16:36:01.678 I/WifiHAL (  667): Packet filtering is not supprted
03-31 16:36:01.685 D/XHttpObservable( 1324): handleRequest: start https://tyapi.qun7.com/v1/voice/getResponseControlPage ,,, isCache = false
03-31 16:36:01.699 V/GraphicsEnvironment( 1658): ANGLE Developer option for 'com.android.onetimeinitializer' set to: 'default'
03-31 16:36:01.700 V/GraphicsEnvironment( 1658): Neither updatable production driver nor prerelease driver is supported.
03-31 16:36:01.702 E/WifiHAL (  667): wifi_get_link_stats: requestResponse Error:-5
03-31 16:36:01.705 E/WifiVendorHal(  479): getWifiLinkLayerStats_1_5_Internal(l.1191) failed {.code = ERROR_INVALID_ARGS, .description = }
03-31 16:36:01.706 D/NetworkSecurityConfig( 1658): No Network Security Config specified, using platform default
03-31 16:36:01.706 D/NetworkSecurityConfig( 1658): No Network Security Config specified, using platform default
01-01 08:00:31.460 W/audit   ( 1690): audit_lost=139 audit_rate_limit=5 audit_backlog_limit=64
01-01 08:00:31.549 E/audit   ( 1690): rate limit exceeded
03-31 16:36:01.725 V/OneTimeInitializerReceiver( 1658): OneTimeInitializerReceiver.onReceive
03-31 16:36:01.756 I/netd    (  243): getFwmarkForNetwork(100) -> {MarkMaskParcel{mark: 100, mask: 65535}} <0.02ms>
03-31 16:36:01.758 E/bt_upio (  250): upio_set : /proc/bluetooth/sleep/btwrite(-1) incorrent
03-31 16:36:01.773 I/ActivityManager(  479): com.android.packageinstaller is exempt from freezer
03-31 16:36:01.773 D/CompatibilityChangeReporter(  479): Compat change id reported: 135634846; UID 1000; state: DISABLED
03-31 16:36:01.796 D/CompatibilityChangeReporter(  479): Compat change id reported: 171306433; UID 1073; state: ENABLED
03-31 16:36:01.798 D/WifiNetworkFactory(  479): got request NetworkRequest [ REQUEST id=28, [ Capabilities: INTERNET&NOT_RESTRICTED&TRUSTED&NOT_VCN_MANAGED Uid: 1000 RequestorUid: 1000 RequestorPkg: com.dangbei.leard.leradlauncher] ]
03-31 16:36:01.798 D/Zygote  (  244): Forked child process 1731
03-31 16:36:01.799 D/UntrustedWifiNetworkFactory(  479): got request NetworkRequest [ REQUEST id=28, [ Capabilities: INTERNET&NOT_RESTRICTED&TRUSTED&NOT_VCN_MANAGED Uid: 1000 RequestorUid: 1000 RequestorPkg: com.dangbei.leard.leradlauncher] ]
03-31 16:36:01.799 D/OemPaidWifiNetworkFactory(  479): got request NetworkRequest [ REQUEST id=28, [ Capabilities: INTERNET&NOT_RESTRICTED&TRUSTED&NOT_VCN_MANAGED Uid: 1000 RequestorUid: 1000 RequestorPkg: com.dangbei.leard.leradlauncher] ]
03-31 16:36:01.806 I/ActivityManager(  479): app.processName = com.android.packageinstaller
03-31 16:36:01.806 I/ActivityManager(  479): Start proc 1731:com.android.packageinstaller/1000 for broadcast {com.android.packageinstaller/com.android.packageinstaller.TemporaryFileManager}
03-31 16:36:01.809 I/Zygote  ( 1731): seccomp disabled by setenforce 0
03-31 16:36:01.826 D/hq      ( 1095): NetWorkStateReceiver:::检查网络，并且持续更新 isConnect=false
03-31 16:36:01.833 D/ContactsDatabaseHelper( 1238): WAL enabled for profile.db: true
03-31 16:36:01.835 I/netd    (  243): interfaceGetCfg(wlan0) -> {InterfaceConfigurationParcel{ifName: wlan0, hwAddr: b4:2f:03:15:e4:ce, ipv4Addr: 0.0.0.0, prefixLength: 0, flags: [up, broadcast, running, multicast]}} <0.47ms>
03-31 16:36:01.856 E/WifiHAL (  667): wifi_get_link_stats: requestResponse Error:-5
03-31 16:36:01.857 E/WifiVendorHal(  479): getWifiLinkLayerStats_1_5_Internal(l.1191) failed {.code = ERROR_INVALID_ARGS, .description = }
03-31 16:36:01.862 W/SoundPool( 1324): Use of stream types is deprecated for operations other than volume control
03-31 16:36:01.862 W/SoundPool( 1324): See the documentation of SoundPool() for what to use instead with android.media.AudioAttributes to qualify your playback use case
03-31 16:36:01.900 I/adbd    (  397): jdwp connection from 1731
03-31 16:36:01.922 D/bbb     ( 1170): onStartCommand begin !!!!!!! data分区剩余 24956MB
03-31 16:36:01.929 D/CompatibilityChangeReporter(  479): Compat change id reported: 171306433; UID 1000; state: ENABLED
03-31 16:36:01.936 D/aaa     ( 1107): LedStatusService onStartCommand begin
03-31 16:36:01.960 D/aaa     ( 1107): topPkg is -------------- :com.dangbei.leard.leradlauncher
03-31 16:36:01.969 D/RockyReceiver( 1324): action: android.net.wifi.WIFI_STATE_CHANGED
03-31 16:36:01.979 E/ConnectivityService(  479): Exception = android.content.pm.PackageManager$NameNotFoundException: android.net.cts
03-31 16:36:01.987 D/RockyReceiver( 1324): action: android.net.wifi.STATE_CHANGE
03-31 16:36:02.000 E/ConnectivityService(  479): Exception = android.content.pm.PackageManager$NameNotFoundException: android.net.cts
03-31 16:36:02.042 D/CompatibilityChangeReporter(  479): Compat change id reported: 168419799; UID 1000; state: DISABLED
03-31 16:36:02.060 D/CompatibilityChangeReporter( 1731): Compat change id reported: 171979766; UID 1000; state: ENABLED
03-31 16:36:02.088 D/ConnectivityService(  479): [100 WIFI] EVENT_NETWORK_INFO_CHANGED, going from CONNECTING to CONNECTING
03-31 16:36:02.090 D/ConnectivityService(  479): NetReassign [no changes]
03-31 16:36:02.116 D/ConnectivityService(  479): NetReassign [no changes]
03-31 16:36:02.198 E/WifiVendorHal(  479): configureNeighborDiscoveryOffload(l.2704) failed {.code = ERROR_INVALID_ARGS, .description = }
03-31 16:36:02.223 I/netd    (  243): interfaceSetIPv6PrivacyExtensions(wlan0, true) <0.46ms>
03-31 16:36:02.225 I/netd    (  243): setIPv6AddrGenMode(wlan0, 2) <0.40ms>
03-31 16:36:02.227 I/netd    (  243): interfaceSetEnableIPv6(wlan0, true) <0.52ms>
03-31 16:36:02.258 V/GraphicsEnvironment( 1731): ANGLE Developer option for 'com.android.packageinstaller' set to: 'default'
03-31 16:36:02.258 V/GraphicsEnvironment( 1731): Neither updatable production driver nor prerelease driver is supported.
03-31 16:36:02.267 D/ConnectivityService(  479): Adding iface wlan0 to network 100
03-31 16:36:02.271 E/Netd    (  243): no such netId 100
03-31 16:36:02.272 I/netd    (  243): networkAddInterface(100, wlan0) -> ServiceSpecificException(64, "Machine is not on the network") <0.14ms>
03-31 16:36:02.273 W/ConnectivityService(  479): Exception adding interface: android.os.ServiceSpecificException: Machine is not on the network (code 64)
03-31 16:36:02.274 E/Netd    (  243): no such netId 100
03-31 16:36:02.274 I/netd    (  243): networkAddRouteParcel(100, RouteInfoParcel{destination: fe80::/64, ifName: wlan0, nextHop: , mtu: 0}) -> ServiceSpecificException(64, "Machine is not on the network") <0.12ms>
03-31 16:36:02.278 D/NetworkSecurityConfig( 1731): No Network Security Config specified, using platform default
03-31 16:36:02.278 D/NetworkSecurityConfig( 1731): No Network Security Config specified, using platform default
03-31 16:36:02.313 D/CompatibilityChangeReporter(  479): Compat change id reported: 135634846; UID 10073; state: DISABLED
03-31 16:36:02.313 D/CompatibilityChangeReporter(  479): Compat change id reported: 177438394; UID 10073; state: DISABLED
03-31 16:36:02.313 D/CompatibilityChangeReporter(  479): Compat change id reported: 135772972; UID 10073; state: DISABLED
03-31 16:36:02.314 D/CompatibilityChangeReporter(  479): Compat change id reported: 135754954; UID 10073; state: DISABLED
03-31 16:36:02.316 D/CompatibilityChangeReporter(  479): Compat change id reported: 143937733; UID 10073; state: DISABLED
03-31 16:36:02.337 D/Zygote  (  244): Forked child process 1820
03-31 16:36:02.341 W/BestClock(  479): java.time.DateTimeException: Missing NTP fix
03-31 16:36:02.343 I/ActivityManager(  479): app.processName = com.android.permissioncontroller
03-31 16:36:02.343 I/ActivityManager(  479): Start proc 1820:com.android.permissioncontroller/u0a73 for broadcast {com.android.permissioncontroller/com.android.permissioncontroller.permission.service.LocationAccessCheck$SetupPeriodicBackgroundLocationAccessCheck}
03-31 16:36:02.351 I/Zygote  ( 1820): seccomp disabled by setenforce 0
03-31 16:36:02.383 I/netd    (  243): trafficSwapActiveStatsMap() <41.84ms>
03-31 16:36:02.389 I/netd    (  243): tetherGetStats() -> {[]} <4.12ms>
03-31 16:36:02.393 I/adbd    (  397): jdwp connection from 1820
03-31 16:36:02.395 W/BestClock(  479): java.time.DateTimeException: Missing NTP fix
03-31 16:36:02.407 I/system_server(  479): Background young concurrent copying GC freed 124330(6480KB) AllocSpace objects, 76(1824KB) LOS objects, 35% free, 12MB/18MB, paused 5.879ms total 799.573ms
03-31 16:36:02.418 W/System  ( 1324): A resource failed to call close. 
03-31 16:36:02.482 D/CompatibilityChangeReporter(  479): Compat change id reported: 168419799; UID 10073; state: DISABLED
03-31 16:36:02.499 W/BestClock(  479): java.time.DateTimeException: Missing NTP fix
03-31 16:36:02.500 W/BestClock(  479): java.time.DateTimeException: Missing NTP fix
03-31 16:36:02.500 I/net_disconnect.( 1418): type=1400 audit(0.0:621): avc: denied { execute } for name="rgb_led_ctl" dev="dm-1" ino=188 scontext=u:r:init:s0 tcontext=u:object_r:vendor_file:s0 tclass=file permissive=1
03-31 16:36:02.519 E/WifiHAL (  667): wifi_get_link_stats: requestResponse Error:-5
03-31 16:36:02.520 E/WifiVendorHal(  479): getWifiLinkLayerStats_1_5_Internal(l.1191) failed {.code = ERROR_INVALID_ARGS, .description = }
03-31 16:36:02.530 W/IorapForwardingService(  479): No service published for: iorapd
03-31 16:36:02.504 I/net_disconnect.( 1853): type=1400 audit(0.0:622): avc: denied { execute_no_trans } for path="/vendor/bin/rgb_led_ctl" dev="dm-1" ino=188 scontext=u:r:init:s0 tcontext=u:object_r:vendor_file:s0 tclass=file permissive=1
03-31 16:36:02.544 D/DhcpClient(  762): l2key: W72cca011b643f458 lease address: /192.168.3.131 lease expiry: 1774949765738 current time: 1774946162544
03-31 16:36:02.550 D/DhcpClient(  762): Broadcasting DHCPREQUEST ciaddr=0.0.0.0 request=192.168.3.131 serverid=null
03-31 16:36:02.575 D/CompatibilityChangeReporter( 1820): Compat change id reported: 171979766; UID 10073; state: DISABLED
03-31 16:36:02.520 I/pm      ( 1857): type=1400 audit(0.0:623): avc: denied { execute_no_trans } for path="/system/bin/cmd" dev="dm-0" ino=940 scontext=u:r:system_server:s0 tcontext=u:object_r:system_file:s0 tclass=file permissive=1
03-31 16:36:02.524 I/rgb_led_ctl( 1853): type=1400 audit(0.0:624): avc: denied { write } for name="spidev1.0" dev="tmpfs" ino=3270 scontext=u:r:init:s0 tcontext=u:object_r:device:s0 tclass=chr_file permissive=1
03-31 16:36:02.524 I/rgb_led_ctl( 1853): type=1400 audit(0.0:625): avc: denied { open } for path="/dev/spidev1.0" dev="tmpfs" ino=3270 scontext=u:r:init:s0 tcontext=u:object_r:device:s0 tclass=chr_file permissive=1
03-31 16:36:02.605 D/ExifInterface( 1095): No image meets the size requirements of a thumbnail image.
03-31 16:36:02.615 D/DhcpClient(  762): Received packet: b4:2f:03:15:e4:ce ACK: your new IP /192.168.3.131, netmask /255.255.254.0, gateways [/192.168.3.1] DNS servers: /202.96.134.133 /202.96.128.166 , lease time 3600
03-31 16:36:02.619 D/DhcpClient(  762): Confirmed lease: android.net.networkstack.DhcpResults@836ff2e DHCP server /192.168.3.1 Vendor info null lease 3600 seconds Servername 
03-31 16:36:02.622 I/d.leradlaunche( 1095): Background young concurrent copying GC freed 53402(5399KB) AllocSpace objects, 21(548KB) LOS objects, 41% free, 7602KB/12MB, paused 16.504ms total 659.325ms
03-31 16:36:02.626 W/System  ( 1095): A resource failed to call close. 
03-31 16:36:02.631 I/d.process.medi( 1444): Background concurrent copying GC freed 15889(751KB) AllocSpace objects, 0(0B) LOS objects, 49% free, 2846KB/5692KB, paused 114us total 435.712ms
03-31 16:36:02.635 E/dangbei111( 1051): cccccc 准备开始进行 startScanInner
03-31 16:36:02.636 E/dangbei111( 1051): cccccc 真正开始进入扫描流程啦 
03-31 16:36:02.657 D/ApplicationLoaders( 1820): Returning zygote-cached class loader: /system/framework/android.test.base.jar
03-31 16:36:02.657 E/Netd    (  243): no such netId 100
03-31 16:36:02.658 I/netd    (  243): networkAddRouteParcel(100, RouteInfoParcel{destination: 192.168.2.0/23, ifName: wlan0, nextHop: , mtu: 0}) -> ServiceSpecificException(64, "Machine is not on the network") <0.10ms>
03-31 16:36:02.659 I/netd    (  243): interfaceSetCfg(InterfaceConfigurationParcel{ifName: wlan0, hwAddr: , ipv4Addr: 192.168.3.131, prefixLength: 23, flags: []}) <1.57ms>
03-31 16:36:02.660 D/RockyReceiver( 1324): action: android.net.wifi.STATE_CHANGE
03-31 16:36:02.664 E/ConnectivityService(  479): Exception = android.content.pm.PackageManager$NameNotFoundException: android.net.cts
03-31 16:36:02.664 E/ConnectivityService(  479): Exception in networkAddRouteParcel for non-gateway: android.os.ServiceSpecificException: Machine is not on the network (code 64)
03-31 16:36:02.665 E/Netd    (  243): no such netId 100
03-31 16:36:02.665 I/netd    (  243): networkAddRouteParcel(100, RouteInfoParcel{destination: 0.0.0.0/0, ifName: wlan0, nextHop: 192.168.3.1, mtu: 0}) -> ServiceSpecificException(64, "Machine is not on the network") <0.11ms>
03-31 16:36:02.671 E/ConnectivityService(  479): Exception in networkAddRouteParcel for gateway: android.os.ServiceSpecificException: Machine is not on the network (code 64)
03-31 16:36:02.671 E/dangbei111( 1051): cccccc 检查遥控器是否连接: Dangbei C9:B5:96:5C:E3:ED
03-31 16:36:02.678 E/dangbei111( 1051): cccccc 检查遥控器是否连接: 蓝牙的结果 Dangbei C9:B5:96:5C:E3:ED false
03-31 16:36:02.679 E/dangbei111( 1051): cccccc input中没有遥控器存在
03-31 16:36:02.684 E/dangbei111( 1051): cccccc 蓝牙状态连接 不是连接状态 啥都不干
03-31 16:36:02.686 W/BestClock(  479): java.time.DateTimeException: Missing NTP fix
03-31 16:36:02.688 E/dangbei111( 1051): cccccc 蓝牙状态连接 配对状态 啥都不做
01-01 08:00:32.513 W/audit   ( 1869): audit_lost=205 audit_rate_limit=5 audit_backlog_limit=64
01-01 08:00:32.523 E/audit   ( 1869): rate limit exceeded
03-31 16:36:02.697 E/dangbei111( 1051): 开始扫描 com.dangbei.remotecontroller.RCHelper$3@1ad1ff
03-31 16:36:02.697 D/BluetoothAdapter( 1051): isLeEnabled(): ON
03-31 16:36:02.703 I/netd    (  243): trafficSwapActiveStatsMap() <16.54ms>
03-31 16:36:02.705 I/bluetooth(  673): system/bt/stack/gatt/gatt_api.cc:1019 GATT_Register: Allocated name:GattClient uuid:33321200-f999-7f48-1e00-40147023302b gatt_if:5 eatt_support:0
03-31 16:36:02.707 D/BluetoothLeScanner( 1051): onScannerRegistered() - status=0 scannerId=5 mScannerId=0
03-31 16:36:02.707 D/RockyReceiver( 1324): action: android.net.wifi.STATE_CHANGE
03-31 16:36:02.708 I/netd    (  243): tetherGetStats() -> {[]} <2.88ms>
03-31 16:36:02.711 E/ConnectivityService(  479): Exception = android.content.pm.PackageManager$NameNotFoundException: android.net.cts
03-31 16:36:02.712 W/BestClock(  479): java.time.DateTimeException: Missing NTP fix
03-31 16:36:02.723 W/BestClock(  479): java.time.DateTimeException: Missing NTP fix
03-31 16:36:02.724 W/BestClock(  479): java.time.DateTimeException: Missing NTP fix
03-31 16:36:02.730 D/DhcpClient(  762): Scheduling renewal in 1799s
03-31 16:36:02.730 D/DhcpClient(  762): Scheduling rebind in 3149s
03-31 16:36:02.730 D/DhcpClient(  762): Scheduling expiry in 3599s
03-31 16:36:02.734 D/ConnectivityService(  479): Setting DNS servers for network 100 to [/202.96.134.133, /202.96.128.166]
03-31 16:36:02.762 W/BestClock(  479): java.time.DateTimeException: Missing NTP fix
03-31 16:36:02.764 W/WifiScoreReport(  479): Cannot start external scoring netId=100 currentNetId=100 currentNetCapabilities=[ Transports: WIFI Capabilities: NOT_METERED&INTERNET&NOT_RESTRICTED&TRUSTED&NOT_VPN&NOT_ROAMING&NOT_CONGESTED&NOT_SUSPENDED&NOT_VCN_MANAGED LinkUpBandwidth>=12000Kbps LinkDnBandwidth>=30000Kbps Specifier: <WifiNetworkAgentSpecifier [WifiConfiguration=, SSID="DB-machines2.4G", BSSID=58:c7:ac:7a:4a:12, band=1, mMatchLocalOnlySpecifiers=false]> TransportInfo: <SSID: "DB-machines2.4G", BSSID: 58:c7:ac:7a:4a:12, MAC: b4:2f:03:15:e4:ce, Security type: 2, Supplicant state: COMPLETED, Wi-Fi standard: 4, RSSI: -64, Link speed: 130Mbps, Tx Link speed: 130Mbps, Max Supported Tx Link speed: 144Mbps, Rx Link speed: -1Mbps, Max Supported Rx Link speed: 144Mbps, Frequency: 2437MHz, Net ID: 0, Metered hint: false, score: 60, CarrierMerged: false, SubscriptionId: -1, IsPrimary: 1> SignalStrength: -64 OwnerUid: 1000 AdminUids: [1000] SSID: "DB-machines2.4G"] sessionId=1008
03-31 16:36:02.803 I/netd    (  243): trafficSwapActiveStatsMap() <41.31ms>
03-31 16:36:02.809 W/UnsafeUtil(  673): platform method missing - proto runtime falling back to safer methods: java.lang.NoSuchMethodException: sun.misc.Unsafe.copyMemory [class java.lang.Object, long, class java.lang.Object, long, long]
03-31 16:36:02.815 I/netd    (  243): tetherGetStats() -> {[]} <2.74ms>
03-31 16:36:02.824 W/BestClock(  479): java.time.DateTimeException: Missing NTP fix
03-31 16:36:02.835 W/BestClock(  479): java.time.DateTimeException: Missing NTP fix
03-31 16:36:02.837 W/BestClock(  479): java.time.DateTimeException: Missing NTP fix
03-31 16:36:02.839 E/bt_upio (  250): upio_set : /proc/bluetooth/sleep/btwrite(-1) incorrent
03-31 16:36:02.847 D/QuickLifeImpl( 1051): onReceive intent : Intent { act=android.net.wifi.STATE_CHANGE flg=0x4000010 (has extras) }
03-31 16:36:02.848 D/QuickLifeImpl( 1051): onReceive intent : Intent { act=android.net.wifi.STATE_CHANGE flg=0x4000010 (has extras) }
03-31 16:36:02.871 D/ConnectivityService(  479): [100 WIFI] EVENT_NETWORK_INFO_CHANGED, going from CONNECTING to CONNECTED
03-31 16:36:02.875 D/TcpSocketMonitor(  243): resuming tcpinfo polling (interval=30000ms)
03-31 16:36:02.876 I/netd    (  243): networkCreate(NativeNetworkConfig{netId: 100, networkType: PHYSICAL, permission: 0, secure: false, vpnType: -1}) <0.15ms>
03-31 16:36:02.877 I/netd    (  243): createNetworkCache(100) <0.29ms>
03-31 16:36:02.879 D/DnsManager(  479): sendDnsConfigurationForNetwork(100, [202.96.134.133, 202.96.128.166], [], 1800, 25, 8, 64, 0, 0, , [])
03-31 16:36:02.883 V/GraphicsEnvironment( 1820): ANGLE Developer option for 'com.android.permissioncontroller' set to: 'default'
03-31 16:36:02.884 V/GraphicsEnvironment( 1820): Neither updatable production driver nor prerelease driver is supported.
03-31 16:36:02.894 D/NetworkSecurityConfig( 1820): No Network Security Config specified, using platform default
03-31 16:36:02.895 D/NetworkSecurityConfig( 1820): No Network Security Config specified, using platform default
03-31 16:36:02.896 I/netd    (  243): DnsResolverService::setResolverConfiguration(100, [202.96.134.133, 202.96.128.166], [], 1800, 25, 8, 64, 0, 0, "", []) -> (0) (0.2ms)
03-31 16:36:02.896 I/netd    (  243): setResolverConfiguration(ResolverParamsParcel{netId: 100, sampleValiditySeconds: 1800, successThreshold: 25, minSamples: 8, maxSamples: 64, baseTimeoutMsec: 0, retryCount: 0, servers: [202.96.134.133, 202.96.128.166], domains: [], tlsName: , tlsServers: [], tlsFingerprints: [], caCertificate: , tlsConnectTimeoutMs: 0, resolverOptions: (null), transportTypes: [1]}) <0.38ms>
03-31 16:36:02.901 D/WifiMemoryStoreImpl(  479): Set cluster Ga9e5cc4da00b8abb for W72cca011b643f458: SUCCESS
03-31 16:36:02.914 W/DnsManager(  479): updatePrivateDns(100, PrivateDnsConfig{true:/[]})
03-31 16:36:02.914 D/ConnectivityService(  479): Setting DNS servers for network 100 to [/202.96.134.133, /202.96.128.166]
03-31 16:36:02.923 D/DnsManager(  479): sendDnsConfigurationForNetwork(100, [202.96.134.133, 202.96.128.166], [], 1800, 25, 8, 64, 0, 0, , [202.96.134.133, 202.96.128.166])
03-31 16:36:02.925 W/resolv  (  243): Validating DnsTlsServer 202.96.128.166 with mark 0xf0064
03-31 16:36:02.925 I/netd    (  243): DnsResolverService::setResolverConfiguration(100, [202.96.134.133, 202.96.128.166], [], 1800, 25, 8, 64, 0, 0, "", [202.96.134.133, 202.96.128.166]) -> (0) (0.6ms)
03-31 16:36:02.925 I/netd    (  243): setResolverConfiguration(ResolverParamsParcel{netId: 100, sampleValiditySeconds: 1800, successThreshold: 25, minSamples: 8, maxSamples: 64, baseTimeoutMsec: 0, retryCount: 0, servers: [202.96.134.133, 202.96.128.166], domains: [], tlsName: , tlsServers: [202.96.134.133, 202.96.128.166], tlsFingerprints: [], caCertificate: , tlsConnectTimeoutMs: 0, resolverOptions: (null), transportTypes: [1]}) <0.74ms>
03-31 16:36:02.926 W/resolv  (  243): Socket failed to connect: Network is unreachable
03-31 16:36:02.926 W/resolv  (  243): TCP Handshake failed: 101
03-31 16:36:02.926 W/resolv  (  243): query failed
03-31 16:36:02.926 W/resolv  (  243): validateDnsTlsServer returned 0 for 202.96.128.166
03-31 16:36:02.926 W/resolv  (  243): Validation failed
03-31 16:36:02.927 W/resolv  (  243): Validating DnsTlsServer 202.96.134.133 with mark 0xf0064
03-31 16:36:02.928 W/resolv  (  243): Socket failed to connect: Network is unreachable
03-31 16:36:02.931 W/resolv  (  243): TCP Handshake failed: 101
03-31 16:36:02.931 D/ConnectivityService(  479): Adding iface wlan0 to network 100
03-31 16:36:02.932 W/resolv  (  243): query failed
03-31 16:36:02.932 W/resolv  (  243): validateDnsTlsServer returned 0 for 202.96.134.133
03-31 16:36:02.932 W/resolv  (  243): Validation failed
03-31 16:36:02.938 D/WifiMemoryStoreImpl(  479): Set cluster Ga9e5cc4da00b8abb for Wa9e5cc4da00b8abb: SUCCESS
03-31 16:36:02.940 I/netd    (  243): networkAddInterface(100, wlan0) <8.37ms>
03-31 16:36:02.945 I/netd    (  243): networkAddRouteParcel(100, RouteInfoParcel{destination: fe80::/64, ifName: wlan0, nextHop: , mtu: 0}) <0.42ms>
03-31 16:36:02.948 I/netd    (  243): networkAddRouteParcel(100, RouteInfoParcel{destination: 192.168.2.0/23, ifName: wlan0, nextHop: , mtu: 0}) <0.44ms>
03-31 16:36:02.949 I/netd    (  243): networkAddRouteParcel(100, RouteInfoParcel{destination: 0.0.0.0/0, ifName: wlan0, nextHop: 192.168.3.1, mtu: 0}) <0.37ms>
03-31 16:36:02.950 D/ConnectivityService(  479): Setting DNS servers for network 100 to [/202.96.134.133, /202.96.128.166]
03-31 16:36:02.950 D/DnsManager(  479): sendDnsConfigurationForNetwork(100, [202.96.134.133, 202.96.128.166], [], 1800, 25, 8, 64, 0, 0, , [202.96.134.133, 202.96.128.166])
03-31 16:36:02.952 W/resolv  (  243): Validating DnsTlsServer 202.96.128.166 with mark 0xf0064
03-31 16:36:02.952 W/resolv  (  243): Validating DnsTlsServer 202.96.134.133 with mark 0xf0064
03-31 16:36:02.952 I/netd    (  243): DnsResolverService::setResolverConfiguration(100, [202.96.134.133, 202.96.128.166], [], 1800, 25, 8, 64, 0, 0, "", [202.96.134.133, 202.96.128.166]) -> (0) (0.5ms)
03-31 16:36:02.952 I/netd    (  243): setResolverConfiguration(ResolverParamsParcel{netId: 100, sampleValiditySeconds: 1800, successThreshold: 25, minSamples: 8, maxSamples: 64, baseTimeoutMsec: 0, retryCount: 0, servers: [202.96.134.133, 202.96.128.166], domains: [], tlsName: , tlsServers: [202.96.134.133, 202.96.128.166], tlsFingerprints: [], caCertificate: , tlsConnectTimeoutMs: 0, resolverOptions: (null), transportTypes: [1]}) <0.73ms>
03-31 16:36:02.968 I/CarUiInstaller( 1820): CarUiInstaller started for com.android.permissioncontroller
03-31 16:36:02.972 E/WifiHAL (  667): wifi_get_link_stats: requestResponse Error:-5
03-31 16:36:02.973 E/WifiVendorHal(  479): getWifiLinkLayerStats_1_5_Internal(l.1191) failed {.code = ERROR_INVALID_ARGS, .description = }
03-31 16:36:02.980 W/BestClock(  479): java.time.DateTimeException: Missing NTP fix
03-31 16:36:03.011 I/netd    (  243): trafficSwapActiveStatsMap() <30.72ms>
03-31 16:36:03.016 I/netd    (  243): tetherGetStats() -> {[]} <2.67ms>
03-31 16:36:03.026 W/BestClock(  479): java.time.DateTimeException: Missing NTP fix
03-31 16:36:03.029 W/BestClock(  479): java.time.DateTimeException: Missing NTP fix
03-31 16:36:03.031 W/BestClock(  479): java.time.DateTimeException: Missing NTP fix
03-31 16:36:03.035 D/WifiClientModeImpl[wlan0](  479): Received signal strength thresholds: []
03-31 16:36:03.038 E/WifiVendorHal(  479): stopRssiMonitoring(l.2617) failed {.code = ERROR_NOT_AVAILABLE, .description = }
03-31 16:36:03.039 D/ConnectivityService(  479): NetReassign [3 : null → 100, 10 : null → 100, 23 : null → 100, 17 : null → 100, 28 : null → 100, 1 : null → 100, 21 : null → 100, 19 : null → 100]
03-31 16:36:03.048 D/ConnectivityService(  479): Switching to new default network for: uid/pid:1000/479 activeRequest: 1 callbackRequest: 1 [NetworkRequest [ REQUEST id=1, [ Capabilities: INTERNET&NOT_RESTRICTED&TRUSTED&NOT_VPN&NOT_VCN_MANAGED RequestorUid: 1000 RequestorPkg: android] ]] callback flags: 1 priority: 2147483647 using NetworkAgentInfo{network{100}  handle{432902426637}  ni{WIFI CONNECTED extra: } Score(60 ; KeepConnected : 0 ; Policies : TRANSPORT_PRIMARY&IS_UNMETERED)   lp{{InterfaceName: wlan0 LinkAddresses: [ fe80::4922:9ab0:be12:e004/64,192.168.3.131/23 ] DnsAddresses: [ /202.96.134.133,/202.96.128.166 ] Domains: null MTU: 0 ServerAddress: /192.168.3.1 TcpBufferSizes: 524288,1048576,2097152,262144,524288,1048576 Routes: [ fe80::/64 -> :: wlan0 mtu 0,192.168.2.0/23 -> 0.0.0.0 wlan0 mtu 0,0.0.0.0/0 -> 192.168.3.1 wlan0 mtu 0 ]}}  nc{[ Transports: WIFI Capabilities: NOT_METERED&INTERNET&NOT_RESTRICTED&TRUSTED&NOT_VPN&NOT_ROAMING&FOREGROUND&NOT_CONGESTED&NOT_SUSPENDED&NOT_VCN_MANAGED LinkUpBandwidth>=12000Kbps LinkDnBandwidth>=30000Kbps Specifier: <WifiNetworkAgentSpecifier [WifiConfiguration=, SSID="DB-machines2.4G", BSSID=58:c7:ac:7a:4a:12, band=1, mMatchLocalOnlySpecifiers=false]> TransportInfo: <SSID: "DB-machines2.4G", BSSID: 58:c7:ac:7a:4a:12, MAC: b4:2f:03:15:e4:ce, Security type: 2, Supplicant state: COMPLETED, Wi-Fi standard: 4, RSSI: -64, Link speed: 130Mbps, Tx Link speed: 130Mbps, Max Supported Tx Link speed: 144Mbps, Rx Link speed: -1Mbps, Max Supported Rx Link speed: 144Mbps, Frequency: 2437MHz, Net ID: 0, Metered hint: false, score: 60, CarrierMerged: false, SubscriptionId: -1, IsPrimary: 1> SignalStrength: -64 OwnerUid: 1000 AdminUids: [1000] SSID: "DB-machines2.4G"]}}
03-31 16:36:03.049 I/netd    (  243): networkSetDefault(100) <0.40ms>
03-31 16:36:03.056 D/NetworkMonitor/100(  762): Validation disabled.
03-31 16:36:03.057 I/netd    (  243): idletimerAddInterface(wlan0, 15, 1) <5.45ms>
03-31 16:36:03.059 I/netd    (  243): setTcpRWmemorySize(524288 1048576 2097152, 262144 524288 1048576) <0.44ms>
03-31 16:36:03.071 W/BestClock(  479): java.time.DateTimeException: Missing NTP fix
03-31 16:36:03.088 W/Role    ( 1820): Cannot get ApplicationInfo for default holder: com.android.messaging
