03-31 16:35:56.065 D/AutofillManagerServiceImpl(  479): Reset component for user 0:
03-31 16:35:56.065 D/FieldClassificationStrategy(  479): reset(): service is not bound. Do nothing.
03-31 16:35:56.066 W/AppBindingService(  479): [Default SMS app] u0 Target package not found
03-31 16:35:56.067 D/AutofillUI(  479): destroySaveUiUiThread(): already destroyed
03-31 16:35:56.070 D/BackupManagerService(  479): [UserID:0] Started thread backup-0
03-31 16:35:56.072 D/SystemServerTimingAsync(  479): ssm.UnlockingUser-0 took to complete: 60ms
03-31 16:35:56.076 D/ColorDisplayService(  479): onNightDisplayAutoModeChanged: autoMode=0
03-31 16:35:56.078 I/ColorDisplayService(  479): Turning off night display
03-31 16:35:56.084 I/UsageStatsService(  479): User[0] Rollover scheduled @ 2026-04-01 16:35:56(1775032556034)
03-31 16:35:56.085 D/XM_HIDREAD(  317): add@ add@/devices/virtual/bdi/0:47
03-31 16:35:56.090 I/UsageStatsService(  479): Time changed in by 1774946130 seconds
03-31 16:35:56.076 I/init    ( 1021): type=1400 audit(0.0:392): avc: denied { entrypoint } for path="/system/bin/appsdisable" dev="dm-0" ino=892 scontext=u:r:shell:s0 tcontext=u:object_r:system_file:s0 tclass=file permissive=1
03-31 16:35:56.080 I/xiriservice_All(  324): type=1400 audit(0.0:393): avc: denied { read } for scontext=u:r:init:s0 tcontext=u:r:init:s0 tclass=netlink_kobject_uevent_socket permissive=1
03-31 16:35:56.094 I/vold    (  187): Bind mounting /data/media to /mnt/pass_through/0/emulated
03-31 16:35:56.095 I/WifiScoreCard(  479): Installing MemoryStore
03-31 16:35:56.095 I/WifiHealthMonitor(  479): Installing MemoryStore
03-31 16:35:56.099 D/ColorDisplayService(  479): Setting bright color reduction level: 50
03-31 16:35:56.100 I/ActivityTaskManager(  479): Loading recents for user 0 into memory.
03-31 16:35:56.107 I/StorageSessionController(  479): On volume mount VolumeInfo{emulated;0}:
03-31 16:35:56.107 I/StorageSessionController(  479):     type=EMULATED diskId=null partGuid= mountFlags=PRIMARY|VISIBLE 
03-31 16:35:56.107 I/StorageSessionController(  479):     mountUserId=0 state=CHECKING 
03-31 16:35:56.107 I/StorageSessionController(  479):     fsType=null fsUuid=null fsLabel=null 
03-31 16:35:56.107 I/StorageSessionController(  479):     path=/storage/emulated internalPath=/data/media 
03-31 16:35:56.108 V/PackageConfigPersister(  479): loadPackages: empty list files from /data/system_ce/0/package_configs
03-31 16:35:56.109 I/UsageStatsService(  479): User[0] Flushing usage stats to disk
03-31 16:35:56.113 W/ActivityManager(  479): UserLifecycleEvent 5 received without an active userJourneySession.
03-31 16:35:56.119 I/StorageSessionController(  479): Creating connection for user: 0
03-31 16:35:56.119 W/ActivityManager(  479): UserLifecycleEvent 6 received without an active userJourneySession.
03-31 16:35:56.119 I/ActivityManager(  479): User 0 state changed from RUNNING_UNLOCKING to RUNNING_UNLOCKED
03-31 16:35:56.119 I/StorageSessionController(  479): Creating and starting session with id: emulated;0
03-31 16:35:56.121 I/StorageUserConnection(  479): Binding to the ExternalStorageService for user 0
03-31 16:35:56.140 D/CompatibilityChangeReporter(  479): Compat change id reported: 135634846; UID 10074; state: DISABLED
03-31 16:35:56.144 D/CompatibilityChangeReporter(  479): Compat change id reported: 143937733; UID 10074; state: ENABLED
03-31 16:35:56.161 D/SystemServerTiming(  479): SystemUserUnlock took to complete: 748ms
03-31 16:35:56.164 I/StorageUserConnection(  479): Bound to the ExternalStorageService for user 0
03-31 16:35:56.176 I/rainbow_flow(  325): type=1400 audit(0.0:394): avc: denied { ioctl } for path="/dev/spidev1.0" dev="tmpfs" ino=3270 ioctlcmd=0x6b00 scontext=u:r:init:s0 tcontext=u:object_r:device:s0 tclass=chr_file permissive=1
03-31 16:35:56.188 I/SELinux (  479): SELinux: Loaded file_contexts
03-31 16:35:56.202 D/Zygote  (  244): Forked child process 1033
03-31 16:35:56.205 W/ActivityManager(  479): Slow operation: 66ms so far, now at startProcess: returned from zygote!
03-31 16:35:56.210 I/bootstat( 1023): Service started: /system/bin/bootstat --record_boot_complete --record_boot_reason --record_time_since_factory_reset -l 
03-31 16:35:56.217 I/ActivityManager(  479): com.dangbei.lerad.etna.haqu is exempt from freezer
03-31 16:35:56.223 E/bootstat( 1023): Failed to read /data/misc/bootstat/post_decrypt_time_elapsed: No such file or directory
03-31 16:35:56.223 E/bootstat( 1023): Failed to parse boot time record: /data/misc/bootstat/post_decrypt_time_elapsed
03-31 16:35:56.227 I/Zygote  ( 1033): seccomp disabled by setenforce 0
03-31 16:35:56.241 E/BackupPasswordManager(  479): Unable to read backup pw version
03-31 16:35:56.244 E/BackupPasswordManager(  479): Unable to read saved backup pw hash
03-31 16:35:56.249 W/InputMethodUtils(  479): Found no fallback locale. imis=[InputMethodInfo{com.sohu.inputmethod.sogou.tv/.SogouIME, settings: com.sohu.inputmethod.sogou.SogouIMESettingsLauncher}]
03-31 16:35:56.249 W/bootstat( 1023): LogBootEvents, atomInfo not defined for events:last_boot_time_utc,build_date,ro.boottime.init.cold_boot_wait,boot_reason,system_boot_reason,time_since_last_boot
03-31 16:35:56.251 D/CompatibilityChangeReporter(  479): Compat change id reported: 135634846; UID 1000; state: DISABLED
03-31 16:35:56.253 W/ActivityManager(  479): Slow operation: 115ms so far, now at startProcess: done updating battery stats
03-31 16:35:56.254 I/Watchdog(  479): Interesting Java process com.android.providers.media.module started. Pid 1033
03-31 16:35:56.254 W/ActivityManager(  479): Slow operation: 115ms so far, now at startProcess: building log message
03-31 16:35:56.254 I/ActivityManager(  479): app.processName = com.android.providers.media.module
03-31 16:35:56.254 I/ActivityManager(  479): Start proc 1033:com.android.providers.media.module/u0a74 for service {com.android.providers.media.module/com.android.providers.media.fuse.ExternalStorageServiceImpl}
03-31 16:35:56.254 W/ActivityManager(  479): Slow operation: 115ms so far, now at startProcess: starting to update pids map
03-31 16:35:56.254 W/ActivityManager(  479): Slow operation: 115ms so far, now at startProcess: done updating pids map
03-31 16:35:56.260 I/BLEAudioDrive_HV410(  249): select timeout!
03-31 16:35:56.265 W/InputMethodUtils(  479): No software keyboard is found. imis=[InputMethodInfo{com.sohu.inputmethod.sogou.tv/.SogouIME, settings: com.sohu.inputmethod.sogou.SogouIMESettingsLauncher}] systemLocale=zh_CN fallbackLocale=null
03-31 16:35:56.268 W/Looper  (  479): Slow dispatch took 208ms main h=android.os.Handler c=null m=5000
03-31 16:35:56.270 D/WifiNetworkFactory(  479): Registering NetworkFactory
03-31 16:35:56.273 D/ConnectivityService(  479): Got NetworkProvider Messenger for WifiNetworkFactory
03-31 16:35:56.273 D/Zygote  (  244): Forked child process 1051
03-31 16:35:56.274 D/UntrustedWifiNetworkFactory(  479): Registering NetworkFactory
03-31 16:35:56.274 D/ConnectivityService(  479): Got NetworkProvider Messenger for UntrustedWifiNetworkFactory
03-31 16:35:56.274 D/OemPaidWifiNetworkFactory(  479): Registering NetworkFactory
03-31 16:35:56.280 W/ActivityManager(  479): Slow operation: 75ms so far, now at startProcess: returned from zygote!
03-31 16:35:56.285 I/Zygote  ( 1051): seccomp disabled by setenforce 0
03-31 16:35:56.286 W/Looper  (  479): Slow delivery took 244ms main h=com.android.server.notification.NotificationManagerService$WorkerHandler c=com.android.server.notification.NotificationManagerService$EnqueueNotificationRunnable@92f90cb m=0
03-31 16:35:56.287 D/ConnectivityService(  479): Got NetworkProvider Messenger for OemPaidWifiNetworkFactory
03-31 16:35:56.291 W/Searchables(  479): No global search activity found
03-31 16:35:56.297 I/adbd    (  397): jdwp connection from 1033
03-31 16:35:56.303 I/NotificationHistory(  479): Attempted to unlock gone/disabled user 0
03-31 16:35:56.305 I/system_server(  479): Using smaps_rollup for pss collection
03-31 16:35:56.308 I/rainbow_flow(  325): type=1400 audit(0.0:395): avc: denied { ioctl } for path="/dev/spidev1.0" dev="tmpfs" ino=3270 ioctlcmd=0x6b00 scontext=u:r:init:s0 tcontext=u:object_r:device:s0 tclass=chr_file permissive=1
03-31 16:35:56.319 W/ActivityManager(  479): Slow operation: 114ms so far, now at startProcess: done updating battery stats
03-31 16:35:56.319 W/ActivityManager(  479): Slow operation: 114ms so far, now at startProcess: building log message
03-31 16:35:56.319 I/ActivityManager(  479): app.processName = com.dangbei.lerad.etna.haqu
03-31 16:35:56.319 I/ActivityManager(  479): Start proc 1051:com.dangbei.lerad.etna.haqu/1000 for added application com.dangbei.lerad.etna.haqu
03-31 16:35:56.320 W/ActivityManager(  479): Slow operation: 115ms so far, now at startProcess: starting to update pids map
03-31 16:35:56.320 W/ActivityManager(  479): Slow operation: 116ms so far, now at startProcess: done updating pids map
03-31 16:35:56.322 I/adbd    (  397): jdwp connection from 1051
03-31 16:35:56.323 I/ActivityManager(  479): Posting BOOT_COMPLETED user #0
03-31 16:35:56.336 I/xiriservice_All(  324): type=1400 audit(0.0:396): avc: denied { read } for scontext=u:r:init:s0 tcontext=u:r:init:s0 tclass=netlink_kobject_uevent_socket permissive=1
03-31 16:35:56.340 D/XM_HIDREAD(  317): add@ add@/class/hci_reg
03-31 16:35:56.340 D/XM_HIDREAD(  317): add@ add@/module/sunxi_hci
03-31 16:35:56.343 I/AdbDebuggingManager(  479): Not connected to any wireless network. Not enabling adbwifi.
03-31 16:35:56.345 W/Looper  (  479): Slow dispatch took 962ms android.fg h=com.android.server.adb.AdbDebuggingManager$AdbDebuggingHandler c=null m=11
03-31 16:35:56.345 W/Looper  (  479): Slow delivery took 961ms android.fg h=com.android.server.adb.AdbDebuggingManager$AdbDebuggingHandler c=null m=26
03-31 16:35:56.347 V/BackupManagerConstants(  479): getKeyValueBackupIntervalMilliseconds(...) returns 14400000
03-31 16:35:56.347 V/BackupManagerConstants(  479): getKeyValueBackupFuzzMilliseconds(...) returns 600000
03-31 16:35:56.347 V/BackupManagerConstants(  479): getKeyValueBackupRequiredNetworkType(...) returns 1
03-31 16:35:56.347 V/BackupManagerConstants(  479): getKeyValueBackupRequireCharging(...) returns true
03-31 16:35:56.348 V/KeyValueBackupJob(  479): Scheduling k/v pass in 241 minutes
03-31 16:35:56.354 I/AppWidgetServiceImpl(  479): Processing of handleUserUnlocked u0 took 3 ms
03-31 16:35:56.356 D/ConnectivityService(  479): requestNetwork for uid/pid:1000/479 activeRequest: null callbackRequest: 22 [NetworkRequest [ REQUEST id=23, [ Capabilities: INTERNET&NOT_RESTRICTED&TRUSTED&NOT_VCN_MANAGED Uid: 1000 RequestorUid: 1000 RequestorPkg: android] ]] callback flags: 0 priority: 2147483647
03-31 16:35:56.357 D/ConnectivityService(  479): NetReassign [no changes]
03-31 16:35:56.360 D/PPPOE   (  479): got request NetworkRequest [ REQUEST id=23, [ Capabilities: INTERNET&NOT_RESTRICTED&TRUSTED&NOT_VCN_MANAGED Uid: 1000 RequestorUid: 1000 RequestorPkg: android] ]
03-31 16:35:56.361 D/Ethernet(  479): got request NetworkRequest [ REQUEST id=23, [ Capabilities: INTERNET&NOT_RESTRICTED&TRUSTED&NOT_VCN_MANAGED Uid: 1000 RequestorUid: 1000 RequestorPkg: android] ]
03-31 16:35:56.361 D/EthernetNetworkFactory(  479): acceptRequest, request: NetworkRequest [ REQUEST id=23, [ Capabilities: INTERNET&NOT_RESTRICTED&TRUSTED&NOT_VCN_MANAGED Uid: 1000 RequestorUid: 1000 RequestorPkg: android] ]
03-31 16:35:56.361 I/EthernetNetworkFactory(  479): networkForRequest, request: NetworkRequest [ REQUEST id=23, [ Capabilities: INTERNET&NOT_RESTRICTED&TRUSTED&NOT_VCN_MANAGED Uid: 1000 RequestorUid: 1000 RequestorPkg: android] ], network: null
03-31 16:35:56.360 I/runin.sh( 1032): type=1400 audit(0.0:397): avc: denied { dac_read_search } for capability=2 scontext=u:r:shell:s0 tcontext=u:r:shell:s0 tclass=capability permissive=1
03-31 16:35:56.371 V/BackupManagerService(  479): [UserID:0] No ancestral data
03-31 16:35:56.374 D/AdbService(  479): setAdbEnabled(true), mIsAdbUsbEnabled=true, mIsAdbWifiEnabled=true, transportType=1
03-31 16:35:56.374 D/AW_CODE (  479): rotation =0
03-31 16:35:56.374 W/Looper  (  479): Drained
03-31 16:35:56.372 I/EventThread(  263): type=1400 audit(0.0:398): avc: denied { search } for name="extcon" dev="sysfs" ino=18102 scontext=u:r:hal_tv_cec_default:s0 tcontext=u:object_r:sysfs_extcon:s0 tclass=dir permissive=1
03-31 16:35:56.377 W/Looper  (  479): Drained
03-31 16:35:56.378 D/CompatibilityChangeReporter(  479): Compat change id reported: 135634846; UID 10031; state: DISABLED
03-31 16:35:56.378 D/AW_CODE (  479): rotation =0
03-31 16:35:56.380 D/CompatibilityChangeReporter(  479): Compat change id reported: 177438394; UID 10031; state: DISABLED
03-31 16:35:56.382 D/CompatibilityChangeReporter(  479): Compat change id reported: 135772972; UID 10031; state: DISABLED
03-31 16:35:56.383 D/CompatibilityChangeReporter(  479): Compat change id reported: 135754954; UID 10031; state: ENABLED
03-31 16:35:56.385 D/CompatibilityChangeReporter(  479): Compat change id reported: 143937733; UID 10031; state: ENABLED
03-31 16:35:56.392 E/system_server(  479): No package ID 7f found for ID 0x7f070090.
03-31 16:35:56.392 E/system_server(  479): No package ID 7f found for ID 0x7f10009b.
03-31 16:35:56.405 D/CompatibilityChangeReporter(  479): Compat change id reported: 168419799; UID 10074; state: DISABLED
01-01 08:00:26.240 W/sunxi-ehci(  164): EHCI SUNXI driver
01-01 08:00:26.259 W/        (  164): sunxi ehci0-controller don't init wakeup source
03-31 16:35:56.411 D/Zygote  (  244): Forked child process 1068
03-31 16:35:56.426 W/ActivityManager(  479): Slow operation: 53ms so far, now at startProcess: returned from zygote!
03-31 16:35:56.441 D/CompatibilityChangeReporter(  479): Compat change id reported: 168419799; UID 1000; state: DISABLED
03-31 16:35:56.442 D/CompatibilityChangeReporter( 1033): Compat change id reported: 171979766; UID 10074; state: DISABLED
03-31 16:35:56.445 W/ActivityManager(  479): Slow operation: 73ms so far, now at startProcess: done updating battery stats
03-31 16:35:56.446 W/ActivityManager(  479): Slow operation: 73ms so far, now at startProcess: building log message
03-31 16:35:56.446 I/ActivityManager(  479): app.processName = com.android.traceur
03-31 16:35:56.446 I/ActivityManager(  479): Start proc 1068:com.android.traceur/u0a31 for broadcast {com.android.traceur/com.android.traceur.Receiver}
01-01 08:00:26.269 W/[sunxi-ehci0](  164): probe, pdev->name: 5101000.ehci0-controller, sunxi_ehci: 0xffffffc008f81018, 0x:ffffffc015445000, irq_no:32
03-31 16:35:56.446 W/ActivityManager(  479): Slow operation: 73ms so far, now at startProcess: starting to update pids map
03-31 16:35:56.446 W/ActivityManager(  479): Slow operation: 74ms so far, now at startProcess: done updating pids map
03-31 16:35:56.452 D/XM_HIDREAD(  317): add@ add@/devices/virtual/devlink/regulator.8--5101000.ehci0-controller
01-01 08:00:26.294 I/sunxi-ehci 5101000.ehci0-controller(  164): EHCI Host Controller
03-31 16:35:56.456 I/Zygote  ( 1068): seccomp disabled by setenforce 0
03-31 16:35:56.472 D/CompatibilityChangeReporter( 1051): Compat change id reported: 171979766; UID 1000; state: DISABLED
01-01 08:00:26.303 I/sunxi-ehci 5101000.ehci0-controller(  164): new USB bus registered, assigned bus number 1
03-31 16:35:56.484 I/adbd    (  397): jdwp connection from 1068
03-31 16:35:56.493 D/BluetoothOppFileProvider(  673): Initialized
03-31 16:35:56.493 W/IorapForwardingService(  479): No service published for: iorapd
03-31 16:35:56.495 I/SystemServerTimingAsync(  479): ssm.UnlockedUser-0
03-31 16:35:56.495 I/SystemServiceManager(  479): Calling onUnlockedUser 0
01-01 08:00:26.326 I/sunxi-ehci 5101000.ehci0-controller(  164): irq 50, io mem 0x05101000
03-31 16:35:56.501 I/LaunchParamsPersister(  479): Didn't find launch param folder for user 0
03-31 16:35:56.505 D/SystemServerTimingAsync(  479): ssm.UnlockedUser-0 took to complete: 10ms
03-31 16:35:56.505 W/ActivityManager(  479): UserLifecycleEvent 6 received without an active userJourneySession.
03-31 16:35:56.506 D/FallbackHome(  824): User unlocked and real home found; let's go!
03-31 16:35:56.524 I/BackupManagerService(  479): isBackupEnabled() => false due to absent settings file
03-31 16:35:56.524 D/BackupManagerService(  479): user:0 readBackupEnableState enabled:false
03-31 16:35:56.525 I/BackupManagerService(  479): [UserID:0] Backup enabled => false
01-01 08:00:26.356 I/sunxi-ehci 5101000.ehci0-controller(  164): USB 2.0 started, EHCI 1.00
01-01 08:00:26.366 I/usb1    (  164): New USB device found, idVendor=1d6b, idProduct=0002, bcdDevice= 5.04
01-01 08:00:26.379 I/usb1    (  164): New USB device strings: Mfr=3, Product=2, SerialNumber=1
03-31 16:35:56.544 E/TaskPersister(  479): File error accessing recents directory (directory doesn't exist?).
01-01 08:00:26.389 I/usb1    (  164): Product: EHCI Host Controller
03-31 16:35:56.545 I/ActivityStarter(  479): ---START u0 {act=android.intent.action.MAIN cat=[android.intent.category.HOME] flg=0x10000100 cmp=com.dangbei.leard.leradlauncher/com.dangbei.launcher.home.LauncherActivity (has extras)} from uid 0
03-31 16:35:56.549 I/BpBinder(  292): onLastStrongRef automatically unlinking death recipients: <uncached descriptor>
03-31 16:35:56.554 D/ApplicationLoaders( 1051): Returning zygote-cached class loader: /system/framework/android.test.base.jar
01-01 08:00:26.396 I/usb1    (  164): Manufacturer: Linux 5.4.125+ ehci_hcd
03-31 16:35:56.555 D/ApplicationLoaders( 1051): Returning zygote-cached class loader: /system/framework/android.hidl.manager-V1.0-java.jar
03-31 16:35:56.555 D/ApplicationLoaders( 1051): Returning zygote-cached class loader: /system/framework/android.hidl.base-V1.0-java.jar
01-01 08:00:26.404 I/usb1    (  164): SerialNumber: sunxi-ehci
03-31 16:35:56.574 D/XM_HIDREAD(  317): add@ add@/devices/platform/soc@3000000/5101000.ehci0-controller/usb1
03-31 16:35:56.579 I/BLEAudioDrive_HV410(  249): not hidraw* create or delete event
03-31 16:35:56.568 I/xiriservice_All(  324): type=1400 audit(0.0:399): avc: denied { read } for scontext=u:r:init:s0 tcontext=u:r:init:s0 tclass=netlink_kobject_uevent_socket permissive=1
03-31 16:35:56.580 D/XM_HIDREAD(  317): add@ add@/devices/platform/soc@3000000/5101000.ehci0-controller/usb1/1-0:1.0
03-31 16:35:56.586 W/NotificationHistory(  479): Attempted to add notif for locked/gone/disabled user 0
03-31 16:35:56.587 W/Looper  (  479): Slow dispatch took 100ms main h=com.android.server.notification.NotificationManagerService$WorkerHandler c=com.android.server.notification.NotificationManagerService$PostNotificationRunnable@a05ae5 m=0
03-31 16:35:56.588 V/NotificationAssistants(  479): disabling notification assistant for user 0: ComponentInfo{android.ext.services/android.ext.services.notification.Assistant}
03-31 16:35:56.588 D/NotificationListeners(  479): Removing active service ComponentInfo{android.ext.services/android.ext.services.notification.Assistant}
01-01 08:00:26.417 I/hub 1-0 (  164): 1.0: USB hub found
01-01 08:00:26.423 I/hub 1-0 (  164): 1.0: 1 port detected
03-31 16:35:56.588 I/rainbow_flow(  325): type=1400 audit(0.0:400): avc: denied { ioctl } for path="/dev/spidev1.0" dev="tmpfs" ino=3270 ioctlcmd=0x6b00 scontext=u:r:init:s0 tcontext=u:object_r:device:s0 tclass=chr_file permissive=1
03-31 16:35:56.601 D/CompatibilityChangeReporter(  479): Compat change id reported: 174042980; UID 1000; state: DISABLED
03-31 16:35:56.610 D/ActivityTaskManager(  479): isHomeLauncher info= ActivityInfo{cf597c8 com.dangbei.launcher.home.LauncherActivity}
01-01 08:00:26.436 W/        (  164): sunxi ehci1-controller don't init wakeup source
01-01 08:00:26.443 W/[sunxi-ehci1](  164): probe, pdev->name: 5200000.ehci1-controller, sunxi_ehci: 0xffffffc008f816d8, 0x:ffffffc01573d000, irq_no:34
03-31 16:35:56.612 I/Binder:479_1( 1088): type=1400 audit(0.0:401): avc: denied { execute } for name="am" dev="dm-1" ino=1164 scontext=u:r:system_server:s0 tcontext=u:object_r:vendor_file:s0 tclass=file permissive=1
03-31 16:35:56.612 I/Binder:479_1( 1088): type=1400 audit(0.0:402): avc: denied { read open } for path="/vendor/xbin/am" dev="dm-1" ino=1164 scontext=u:r:system_server:s0 tcontext=u:object_r:vendor_file:s0 tclass=file permissive=1
03-31 16:35:56.612 I/Binder:479_1( 1088): type=1400 audit(0.0:403): avc: denied { execute_no_trans } for path="/vendor/xbin/am" dev="dm-1" ino=1164 scontext=u:r:system_server:s0 tcontext=u:object_r:vendor_file:s0 tclass=file permissive=1
03-31 16:35:56.621 D/XM_HIDREAD(  317): add@ add@/devices/virtual/devlink/regulator.8--5200000.ehci1-controller
01-01 08:00:26.459 W/audit   ( 1088): audit_lost=1 audit_rate_limit=5 audit_backlog_limit=64
01-01 08:00:26.461 I/sunxi-ehci 5200000.ehci1-controller(  164): EHCI Host Controller
01-01 08:00:26.468 E/audit   ( 1088): rate limit exceeded
01-01 08:00:26.476 I/sunxi-ehci 5200000.ehci1-controller(  164): new USB bus registered, assigned bus number 2
03-31 16:35:56.641 I/AW_PowerHAL(  261): Power setMode: SUSTAINED_PERFORMANCE to: 1
03-31 16:35:56.645 D/CompatibilityChangeReporter(  479): Compat change id reported: 168419799; UID 1000; state: DISABLED
03-31 16:35:56.661 D/CompatibilityChangeReporter(  479): Compat change id reported: 168419799; UID 10031; state: DISABLED
01-01 08:00:26.493 I/sunxi-ehci 5200000.ehci1-controller(  164): irq 52, io mem 0x05200000
03-31 16:35:56.668 W/ActivityManager(  479): Slow operation: 127ms so far, now at attachApplicationLocked: immediately before bindApplication
03-31 16:35:56.671 W/AW_PowerHAL(  261): Could not open nsi-bw: No such file or directory
03-31 16:35:56.672 I/AW_PowerHAL(  261): cur-mode:PERFORMANCE
03-31 16:35:56.673 W/ActivityManager(  479): Slow operation: 132ms so far, now at attachApplicationLocked: immediately after bindApplication
03-31 16:35:56.674 W/ActivityManager(  479): Slow operation: 133ms so far, now at attachApplicationLocked: after updateLruProcessLocked
03-31 16:35:56.679 D/CompatibilityChangeReporter(  479): Compat change id reported: 181136395; UID 1000; state: DISABLED
03-31 16:35:56.682 D/CompatibilityChangeReporter(  479): Compat change id reported: 174042936; UID 1000; state: DISABLED
03-31 16:35:56.683 W/ActivityManager(  479): Slow operation: 141ms so far, now at attachApplicationLocked: after mServices.attachApplicationLocked
03-31 16:35:56.692 W/ActivityManager(  479): Slow operation: 150ms so far, now at attachApplicationLocked: after sendPendingBroadcastsLocked
01-01 08:00:26.520 I/sunxi-ehci 5200000.ehci1-controller(  164): USB 2.0 started, EHCI 1.00
03-31 16:35:56.696 I/ActivityManager(  479): com.android.keychain is exempt from freezer
03-31 16:35:56.696 D/CompatibilityChangeReporter( 1068): Compat change id reported: 171979766; UID 10031; state: ENABLED
03-31 16:35:56.697 D/CompatibilityChangeReporter(  479): Compat change id reported: 135634846; UID 1000; state: DISABLED
03-31 16:35:56.702 V/NotificationAssistants(  479): enabling notification assistant for 0: ComponentInfo{android.ext.services/android.ext.services.notification.Assistant}
03-31 16:35:56.702 V/NotificationAssistants(  479): binding: Intent { act=android.service.notification.NotificationAssistantService cmp=android.ext.services/.notification.Assistant (has extras) }
03-31 16:35:56.703 I/ActivityManager(  479): com.dangbei.leard.leradlauncher is exempt from freezer
03-31 16:35:56.710 W/Looper  (  479): Slow dispatch took 122ms main h=android.app.ActivityThread$H c=android.app.LoadedApk$ReceiverDispatcher$Args$$ExternalSyntheticLambda0@5f7dc09 m=0
03-31 16:35:56.712 W/Looper  (  479): Slow delivery took 223ms main h=android.app.ActivityThread$H c=android.app.LoadedApk$ReceiverDispatcher$Args$$ExternalSyntheticLambda0@7899e0e m=0
01-01 08:00:26.530 E/debugfs (  164): Directory 'sunxi-ehci' with parent 'ehci' already present!
01-01 08:00:26.541 I/usb2    (  164): New USB device found, idVendor=1d6b, idProduct=0002, bcdDevice= 5.04
01-01 08:00:26.553 I/usb2    (  164): New USB device strings: Mfr=3, Product=2, SerialNumber=1
03-31 16:35:56.725 I/ActivityManager(  479): com.oranth.ledstatus is exempt from freezer
01-01 08:00:26.564 I/usb2    (  164): Product: EHCI Host Controller
01-01 08:00:26.571 I/usb2    (  164): Manufacturer: Linux 5.4.125+ ehci_hcd
03-31 16:35:56.728 D/Zygote  (  244): Forked child process 1093
03-31 16:35:56.737 I/ActivityManager(  479): app.processName = com.android.keychain
03-31 16:35:56.737 I/ActivityManager(  479): Start proc 1093:com.android.keychain/1000 for service {com.android.keychain/com.android.keychain.KeyChainService}
03-31 16:35:56.738 I/Zygote  ( 1093): seccomp disabled by setenforce 0
01-01 08:00:26.579 I/usb2    (  164): SerialNumber: sunxi-ehci
03-31 16:35:56.751 D/XM_HIDREAD(  317): add@ add@/devices/platform/soc@3000000/5200000.ehci1-controller/usb2
01-01 08:00:26.594 I/hub 2-0 (  164): 1.0: USB hub found
01-01 08:00:26.599 I/hub 2-0 (  164): 1.0: 1 port detected
01-01 08:00:26.608 W/        (  164): sunxi ehci2-controller don't init wakeup source
03-31 16:35:56.758 D/XM_HIDREAD(  317): add@ add@/devices/platform/soc@3000000/5200000.ehci1-controller/usb2/2-0:1.0
03-31 16:35:56.755 D/TvPipController(  680): onTaskStackChanged()
03-31 16:35:56.760 D/Zygote  (  244): Forked child process 1095
03-31 16:35:56.763 W/ActivityManager(  479): Slow operation: 61ms so far, now at startProcess: returned from zygote!
03-31 16:35:56.764 W/ActivityManager(  479): Slow operation: 61ms so far, now at startProcess: done updating battery stats
03-31 16:35:56.764 W/ActivityManager(  479): Slow operation: 61ms so far, now at startProcess: building log message
03-31 16:35:56.764 I/ActivityManager(  479): app.processName = com.dangbei.leard.leradlauncher
03-31 16:35:56.764 I/ActivityManager(  479): Start proc 1095:com.dangbei.leard.leradlauncher/1000 for top-activity {com.dangbei.leard.leradlauncher/com.dangbei.launcher.home.LauncherActivity}
03-31 16:35:56.764 W/ActivityManager(  479): Slow operation: 61ms so far, now at startProcess: starting to update pids map
03-31 16:35:56.764 W/ActivityManager(  479): Slow operation: 62ms so far, now at startProcess: done updating pids map
03-31 16:35:56.773 I/Zygote  ( 1095): seccomp disabled by setenforce 0
01-01 08:00:26.623 W/[sunxi-ehci2](  164): probe, pdev->name: 5310000.ehci2-controller, sunxi_ehci: 0xffffffc008f81d98, 0x:ffffffc015803000, irq_no:36
01-01 08:00:26.641 I/sunxi-ehci 5310000.ehci2-controller(  164): EHCI Host Controller
01-01 08:00:26.650 I/sunxi-ehci 5310000.ehci2-controller(  164): new USB bus registered, assigned bus number 3
03-31 16:35:56.792 D/Zygote  (  244): Forked child process 1107
03-31 16:35:56.793 W/ActivityManager(  479): Slow operation: 69ms so far, now at startProcess: returned from zygote!
03-31 16:35:56.794 W/ActivityManager(  479): Slow operation: 70ms so far, now at startProcess: done updating battery stats
03-31 16:35:56.794 W/ActivityManager(  479): Slow operation: 70ms so far, now at startProcess: building log message
03-31 16:35:56.794 I/ActivityManager(  479): app.processName = com.oranth.ledstatus
03-31 16:35:56.794 I/ActivityManager(  479): Start proc 1107:com.oranth.ledstatus/1000 for service {com.oranth.ledstatus/com.oranth.ledstatus.LedStatusService}
03-31 16:35:56.794 W/ActivityManager(  479): Slow operation: 70ms so far, now at startProcess: starting to update pids map
03-31 16:35:56.794 W/ActivityManager(  479): Slow operation: 70ms so far, now at startProcess: done updating pids map
03-31 16:35:56.797 V/GraphicsEnvironment( 1033): ANGLE Developer option for 'com.android.providers.media.module' set to: 'default'
03-31 16:35:56.797 V/GraphicsEnvironment( 1033): Neither updatable production driver nor prerelease driver is supported.
03-31 16:35:56.800 I/adbd    (  397): jdwp connection from 1095
03-31 16:35:56.801 D/XM_HIDREAD(  317): add@ add@/devices/virtual/devlink/regulator.8--5310000.ehci2-controller
03-31 16:35:56.802 D/NetworkSecurityConfig( 1033): No Network Security Config specified, using platform default
03-31 16:35:56.803 D/NetworkSecurityConfig( 1033): No Network Security Config specified, using platform default
03-31 16:35:56.804 I/Zygote  ( 1107): seccomp disabled by setenforce 0
03-31 16:35:56.810 I/ranth.ledstatu( 1107): Late-enabling -Xcheck:jni
03-31 16:35:56.817 I/adbd    (  397): jdwp connection from 1093
01-01 08:00:26.660 I/sunxi-ehci 5310000.ehci2-controller(  164): irq 54, io mem 0x05310000
03-31 16:35:56.850 I/AccountManagerService(  479): User 0 is unlocked - opening CE database
01-01 08:00:26.683 I/sunxi-ehci 5310000.ehci2-controller(  164): USB 2.0 started, EHCI 1.00
01-01 08:00:26.694 E/debugfs (  164): Directory 'sunxi-ehci' with parent 'ehci' already present!
03-31 16:35:56.869 V/GraphicsEnvironment( 1051): ANGLE Developer option for 'com.dangbei.lerad.etna.haqu' set to: 'default'
03-31 16:35:56.869 V/GraphicsEnvironment( 1051): Neither updatable production driver nor prerelease driver is supported.
03-31 16:35:56.875 D/NetworkSecurityConfig( 1051): Using Network Security Config from resource network_security_config debugBuild: false
01-01 08:00:26.708 I/usb3    (  164): New USB device found, idVendor=1d6b, idProduct=0002, bcdDevice= 5.04
03-31 16:35:56.880 I/adbd    (  397): jdwp connection from 1107
03-31 16:35:56.882 V/GraphicsEnvironment( 1068): ANGLE Developer option for 'com.android.traceur' set to: 'default'
03-31 16:35:56.882 V/GraphicsEnvironment( 1068): Neither updatable production driver nor prerelease driver is supported.
03-31 16:35:56.885 D/NetworkSecurityConfig( 1068): No Network Security Config specified, using platform default
03-31 16:35:56.885 D/NetworkSecurityConfig( 1068): No Network Security Config specified, using platform default
01-01 08:00:26.721 I/usb3    (  164): New USB device strings: Mfr=3, Product=2, SerialNumber=1
01-01 08:00:26.736 I/usb3    (  164): Product: EHCI Host Controller
03-31 16:35:56.910 D/NetworkSecurityConfig( 1051): Using Network Security Config from resource network_security_config debugBuild: false
01-01 08:00:26.746 I/usb3    (  164): Manufacturer: Linux 5.4.125+ ehci_hcd
01-01 08:00:26.753 I/usb3    (  164): SerialNumber: sunxi-ehci
03-31 16:35:56.921 I/Traceur ( 1068): Received BOOT_COMPLETE
03-31 16:35:56.922 D/XM_HIDREAD(  317): add@ add@/devices/platform/soc@3000000/5310000.ehci2-controller/usb3
03-31 16:35:56.922 D/XM_HIDREAD(  317): add@ add@/devices/platform/soc@3000000/5310000.ehci2-controller/usb3/3-0:1.0
01-01 08:00:26.762 I/hub 3-0 (  164): 1.0: USB hub found
01-01 08:00:26.768 I/hub 3-0 (  164): 1.0: 1 port detected
01-01 08:00:26.776 W/        (  164): sunxi ehci3-controller don't init wakeup source
03-31 16:35:56.955 D/AW_CODE (  479): rotation =0
03-31 16:35:56.958 D/CompatibilityChangeReporter(  479): Compat change id reported: 174042980; UID 1000; state: DISABLED
01-01 08:00:26.785 W/[sunxi-ehci3](  164): probe, pdev->name: 5311000.ehci3-controller, sunxi_ehci: 0xffffffc008f82458, 0x:ffffffc0159b2000, irq_no:38
03-31 16:35:56.966 D/XM_HIDREAD(  317): add@ add@/devices/virtual/devlink/regulator.8--5311000.ehci3-controller
01-01 08:00:26.807 I/sunxi-ehci 5311000.ehci3-controller(  164): EHCI Host Controller
01-01 08:00:26.817 I/sunxi-ehci 5311000.ehci3-controller(  164): new USB bus registered, assigned bus number 4
03-31 16:35:56.987 D/CompatibilityChangeReporter( 1095): Compat change id reported: 171979766; UID 1000; state: DISABLED
03-31 16:35:56.994 V/MediaProvider( 1033): Attached media from com.android.providers.media.module
01-01 08:00:26.829 I/sunxi-ehci 5311000.ehci3-controller(  164): irq 56, io mem 0x05311000
03-31 16:35:57.001 D/CompatibilityChangeReporter(  479): Compat change id reported: 168419799; UID 1000; state: DISABLED
03-31 16:35:57.005 D/ApplicationLoaders( 1095): Returning zygote-cached class loader: /system/framework/android.test.base.jar
03-31 16:35:57.005 D/ApplicationLoaders( 1095): Returning zygote-cached class loader: /system/framework/android.hidl.manager-V1.0-java.jar
03-31 16:35:57.005 D/ApplicationLoaders( 1095): Returning zygote-cached class loader: /system/framework/android.hidl.base-V1.0-java.jar
03-31 16:35:57.006 I/MultiDex( 1051): VM with version 2.1.0 has multidex support
03-31 16:35:57.006 I/MultiDex( 1051): Installing application
03-31 16:35:57.006 I/MultiDex( 1051): VM has multidex support, MultiDex support library is disabled.
03-31 16:35:57.030 D/CompatibilityChangeReporter( 1093): Compat change id reported: 171979766; UID 1000; state: ENABLED
01-01 08:00:26.852 I/sunxi-ehci 5311000.ehci3-controller(  164): USB 2.0 started, EHCI 1.00
01-01 08:00:26.860 E/debugfs (  164): Directory 'sunxi-ehci' with parent 'ehci' already present!
01-01 08:00:26.872 I/usb4    (  164): New USB device found, idVendor=1d6b, idProduct=0002, bcdDevice= 5.04
01-01 08:00:26.883 I/usb4    (  164): New USB device strings: Mfr=3, Product=2, SerialNumber=1
03-31 16:35:57.031 W/Looper  (  479): Slow dispatch took 320ms main h=android.app.ActivityThread$H c=android.app.LoadedApk$ReceiverDispatcher$Args$$ExternalSyntheticLambda0@d614a46 m=0
03-31 16:35:57.042 V/NotificationAssistants(  479): 0 notification assistant service connected: ComponentInfo{android.ext.services/android.ext.services.notification.Assistant}
03-31 16:35:57.057 D/QuickLifeImpl( 1051): DatabaseHelper
01-01 08:00:26.896 I/usb4    (  164): Product: EHCI Host Controller
03-31 16:35:57.063 I/SyncManager(  479): Loaded persisted syncs: 0 periodic syncs, 0 oneshot syncs, 16 total system server jobs, JobStats: FirstLoad: 5/2/0 LastSave: -1/-1/-1
01-01 08:00:26.904 I/usb4    (  164): Manufacturer: Linux 5.4.125+ ehci_hcd
01-01 08:00:26.912 I/usb4    (  164): SerialNumber: sunxi-ehci
03-31 16:35:57.067 D/CompatibilityChangeReporter( 1107): Compat change id reported: 171979766; UID 1000; state: DISABLED
01-01 08:00:26.925 I/hub 4-0 (  164): 1.0: USB hub found
01-01 08:00:26.931 I/hub 4-0 (  164): 1.0: 1 port detected
03-31 16:35:57.084 D/XM_HIDREAD(  317): add@ add@/devices/platform/soc@3000000/5311000.ehci3-controller/usb4
03-31 16:35:57.085 D/XM_HIDREAD(  317): add@ add@/devices/platform/soc@3000000/5311000.ehci3-controller/usb4/4-0:1.0
03-31 16:35:57.098 V/GraphicsEnvironment( 1095): ANGLE Developer option for 'com.dangbei.leard.leradlauncher' set to: 'default'
03-31 16:35:57.098 V/GraphicsEnvironment( 1095): Neither updatable production driver nor prerelease driver is supported.
03-31 16:35:57.098 D/XM_HIDREAD(  317): add@ add@/bus/platform/drivers/sunxi-ehci
03-31 16:35:57.098 D/XM_HIDREAD(  317): add@ add@/module/ehci_sunxi
03-31 16:35:57.101 D/NetworkSecurityConfig( 1095): Using Network Security Config from resource network_permission_config debugBuild: false
03-31 16:35:57.104 D/NetworkSecurityConfig( 1095): Using Network Security Config from resource network_permission_config debugBuild: false
03-31 16:35:57.131 I/TranscodeHelper( 1033): Empty transcode compat stale
03-31 16:35:57.132 I/TranscodeHelper( 1033): Parsed 0 packages from resource
01-01 08:00:26.968 W/sunxi-ohci(  164): OHCI SUNXI driver
01-01 08:00:26.976 W/        (  164): sunxi ohci0-controller don't init wakeup source
03-31 16:35:57.135 I/TranscodeHelper( 1033): Empty device config transcode compat manifest
03-31 16:35:57.156 I/MultiDex( 1095): VM with version 2.1.0 has multidex support
03-31 16:35:57.157 I/MultiDex( 1095): Installing application
03-31 16:35:57.157 I/MultiDex( 1095): VM has multidex support, MultiDex support library is disabled.
01-01 08:00:26.986 W/[sunxi-ohci0](  164): probe, pdev->name: 5101400.ohci0-controller, sunxi_ohci: 0xffffffc008f81378
03-31 16:35:57.160 D/XM_HIDREAD(  317): add@ add@/devices/virtual/devlink/regulator.8--5101400.ohci0-controller
03-31 16:35:57.163 D/ApplicationLoaders( 1107): Returning zygote-cached class loader: /system/framework/android.test.base.jar
03-31 16:35:57.163 D/ApplicationLoaders( 1107): Returning zygote-cached class loader: /system/framework/android.hidl.manager-V1.0-java.jar
03-31 16:35:57.163 D/ApplicationLoaders( 1107): Returning zygote-cached class loader: /system/framework/android.hidl.base-V1.0-java.jar
03-31 16:35:57.166 V/GraphicsEnvironment( 1093): ANGLE Developer option for 'com.android.keychain' set to: 'default'
03-31 16:35:57.167 V/GraphicsEnvironment( 1093): Neither updatable production driver nor prerelease driver is supported.
01-01 08:00:27.001 I/sunxi-ohci 5101400.ohci0-controller(  164): OHCI Host Controller
01-01 08:00:27.009 I/sunxi-ohci 5101400.ohci0-controller(  164): new USB bus registered, assigned bus number 5
03-31 16:35:57.169 D/NetworkSecurityConfig( 1093): No Network Security Config specified, using platform default
03-31 16:35:57.172 D/NetworkSecurityConfig( 1093): No Network Security Config specified, using platform default
03-31 16:35:57.177 V/MediaStore( 1033): Examining volume emulated;0 with name external_primary and state checking
03-31 16:35:57.184 D/CompatibilityChangeReporter( 1033): Compat change id reported: 148180766; UID 10074; state: ENABLED
01-01 08:00:27.023 I/sunxi-ohci 5101400.ohci0-controller(  164): irq 51, io mem 0x05101400
03-31 16:35:57.197 W/Looper  (  479): Drained
03-31 16:35:57.198 D/PulledMetrics( 1033): Registering callback with StatsManager
03-31 16:35:57.212 W/ranth.ledstatu( 1107): ClassLoaderContext shared library size mismatch. Expected=0, found=4 (PCL[] | PCL[]{PCL[/system/framework/android.test.base.jar*3790657674]#PCL[/system/framework/android.hidl.manager-V1.0-java.jar*1809561547]#PCL[/system/framework/android.hidl.base-V1.0-java.jar*2233032481]#PCL[/system/framework/org.apache.http.legacy.jar*2058259660]})
03-31 16:35:57.234 I/StorageUserConnection(  479): Service: [ComponentInfo{com.android.providers.media.module/com.android.providers.media.fuse.ExternalStorageServiceImpl}] connected. User [0]
03-31 16:35:57.237 I/ExternalStorageServiceImpl( 1033): Starting session for id: emulated;0
03-31 16:35:57.238 V/FuseDaemonThread( 1033): Waiting 1000ms for FUSE start. Count 4
03-31 16:35:57.241 I/FuseDaemonThread( 1033): Starting thread for emulated;0 ...
03-31 16:35:57.244 V/MediaProvider( 1033): onConfigure() for external.db
03-31 16:35:57.244 I/FuseDaemon( 1033): Starting fuse...
03-31 16:35:57.250 D/GattService(  673): Unlocked userId 0
03-31 16:35:57.265 V/GraphicsEnvironment( 1107): ANGLE Developer option for 'com.oranth.ledstatus' set to: 'default'
03-31 16:35:57.265 V/GraphicsEnvironment( 1107): Neither updatable production driver nor prerelease driver is supported.
03-31 16:35:57.280 D/CompatibilityChangeReporter(  479): Compat change id reported: 149924527; UID 1000; state: ENABLED
03-31 16:35:57.279 D/NetworkSecurityConfig( 1107): No Network Security Config specified, using platform default
03-31 16:35:57.282 D/CompatibilityChangeReporter(  479): Compat change id reported: 132649864; UID 1000; state: DISABLED
01-01 08:00:27.096 I/usb5    (  164): New USB device found, idVendor=1d6b, idProduct=0001, bcdDevice= 5.04
01-01 08:00:27.115 I/usb5    (  164): New USB device strings: Mfr=3, Product=2, SerialNumber=1
03-31 16:35:57.286 D/NetworkSecurityConfig( 1107): No Network Security Config specified, using platform default
01-01 08:00:27.127 I/usb5    (  164): Product: OHCI Host Controller
01-01 08:00:27.135 I/usb5    (  164): Manufacturer: Linux 5.4.125+ ohci_hcd
01-01 08:00:27.142 I/usb5    (  164): SerialNumber: sunxi-ohci
03-31 16:35:57.307 D/aaa     ( 1107): onCreate() 
03-31 16:35:57.307 V/MediaProvider( 1033): onOpen() for external.db
03-31 16:35:57.308 E/SELinux (  182): avc:  denied  { find } for pid=1107 uid=1000 name=MyLedService scontext=u:r:system_app:s0 tcontext=u:object_r:default_android_service:s0 tclass=service_manager permissive=1
03-31 16:35:57.310 E/SELinux (  182): avc:  denied  { add } for pid=1107 uid=1000 name=MyLedService scontext=u:r:system_app:s0 tcontext=u:object_r:default_android_service:s0 tclass=service_manager permissive=1
03-31 16:35:57.313 V/MediaProvider( 1033): onOpen() finished for external.db
03-31 16:35:57.319 D/WakeupConfigStoreData(  479): WifiWake user data has been read
03-31 16:35:57.321 D/XM_HIDREAD(  317): add@ add@/devices/platform/soc@3000000/5101400.ohci0-controller/usb5
03-31 16:35:57.322 D/XM_HIDREAD(  317): add@ add@/devices/platform/soc@3000000/5101400.ohci0-controller/usb5/5-0:1.0
01-01 08:00:27.162 I/hub 5-0 (  164): 1.0: USB hub found
01-01 08:00:27.168 I/hub 5-0 (  164): 1.0: 1 port detected
03-31 16:35:57.352 D/WifiConfigStore(  479): Reading from user stores completed in 91 ms.
03-31 16:35:57.364 D/aaa     ( 1107): LedStatusService onStartCommand begin
03-31 16:35:57.366 D/aaa     ( 1107): topPkg is -------------- :com.android.tv.settings
01-01 08:00:27.191 W/        (  164): sunxi ohci1-controller don't init wakeup source
01-01 08:00:27.198 W/[sunxi-ohci1](  164): probe, pdev->name: 5200400.ohci1-controller, sunxi_ohci: 0xffffffc008f81a38
03-31 16:35:57.371 D/XM_HIDREAD(  317): add@ add@/devices/virtual/devlink/regulator.8--5200400.ohci1-controller
01-01 08:00:27.211 I/sunxi-ohci 5200400.ohci1-controller(  164): OHCI Host Controller
03-31 16:35:57.377 I/aaa     ( 1107): BootCompleteService is start !!!
03-31 16:35:57.378 W/ContextImpl( 1107): Calling a method in the system process without a qualified user: android.app.ContextImpl.startService:1816 android.content.ContextWrapper.startService:774 android.content.ContextWrapper.startService:774 com.oranth.ledstatus.BootCompletedReceiver.onReceive:15 android.app.ActivityThread.handleReceiver:4308 
01-01 08:00:27.220 I/sunxi-ohci 5200400.ohci1-controller(  164): new USB bus registered, assigned bus number 6
01-01 08:00:27.231 E/debugfs (  164): Directory 'sunxi-ohci' with parent 'ohci' already present!
03-31 16:35:57.404 D/aaa     ( 1107): LedStatusService onStartCommand begin
03-31 16:35:57.404 I/ActivityManager(  479): com.oranth.storage is exempt from freezer
03-31 16:35:57.405 D/CompatibilityChangeReporter(  479): Compat change id reported: 135634846; UID 1000; state: DISABLED
03-31 16:35:57.405 D/aaa     ( 1107): topPkg is -------------- :com.android.tv.settings
01-01 08:00:27.242 I/sunxi-ohci 5200400.ohci1-controller(  164): irq 53, io mem 0x05200400
03-31 16:35:57.426 D/WifiConfigStore(  479): Writing to stores completed in 42 ms.
03-31 16:35:57.431 D/QuickLifeImpl( 1051): DatabaseHelper
03-31 16:35:57.432 D/QuickLifeImpl( 1051): initSQLiteDatabase : mDatabase = null
03-31 16:35:57.437 E/SQLiteLog( 1051): (5) statement aborts at 1: [PRAGMA journal_mode=TRUNCATE] database is locked
03-31 16:35:57.438 W/SQLiteConnection( 1051): Could not change the database journal mode of '/data/user/0/com.dangbei.lerad.etna.haqu/databases/quickLife.db' from 'wal' to 'TRUNCATE' because the database is locked.  This usually means that there are other open connections to the database which prevents the database from enabling or disabling write-ahead logging mode.  Proceeding without changing the journal mode.
03-31 16:35:57.441 I/netd    (  243): interfaceGetCfg(wlan0) -> {InterfaceConfigurationParcel{ifName: wlan0, hwAddr: b4:2f:03:15:e4:ce, ipv4Addr: 0.0.0.0, prefixLength: 0, flags: [up, broadcast, multicast]}} <0.51ms>
03-31 16:35:57.441 D/Zygote  (  244): Forked child process 1170
03-31 16:35:57.444 I/ActivityManager(  479): app.processName = com.oranth.storage
03-31 16:35:57.444 I/netd    (  243): interfaceGetCfg(wlan0) -> {InterfaceConfigurationParcel{ifName: wlan0, hwAddr: b4:2f:03:15:e4:ce, ipv4Addr: 0.0.0.0, prefixLength: 0, flags: [up, broadcast, multicast]}} <0.59ms>
03-31 16:35:57.444 I/ActivityManager(  479): Start proc 1170:com.oranth.storage/1000 for broadcast {com.oranth.storage/com.oranth.storage.BootCompletedReceiver}
03-31 16:35:57.446 I/WifiService(  479): onDriverCountryCodeChanged CN
03-31 16:35:57.452 D/WifiNetworkFactory(  479): got request NetworkRequest [ REQUEST id=10, [ Capabilities: INTERNET&NOT_RESTRICTED&TRUSTED&NOT_VCN_MANAGED Uid: 1000 RequestorUid: 1000 RequestorPkg: android] ]
03-31 16:35:57.453 I/Zygote  ( 1170): seccomp disabled by setenforce 0
03-31 16:35:57.461 D/WifiConnectivityHelper(  479): Firmware supported feature set: d8108a881003d
03-31 16:35:57.469 D/WifiConnectivityHelper(  479): Firmware roaming supported with capabilities: max num blocklist bssid=0 max num allowlist ssid=0
03-31 16:35:57.471 E/WifiHAL (  667): wifi_get_link_stats: requestResponse Error:-5
03-31 16:35:57.472 V/BackupManagerConstants(  479): getKeyValueBackupIntervalMilliseconds(...) returns 14400000
03-31 16:35:57.473 V/BackupManagerConstants(  479): getKeyValueBackupFuzzMilliseconds(...) returns 600000
03-31 16:35:57.473 V/BackupManagerConstants(  479): getKeyValueBackupRequiredNetworkType(...) returns 1
03-31 16:35:57.473 V/BackupManagerConstants(  479): getKeyValueBackupRequireCharging(...) returns true
03-31 16:35:57.473 V/KeyValueBackupJob(  479): Scheduling k/v pass in 248 minutes
03-31 16:35:57.473 I/QuickLifeImpl( 1051): Quick life start 1 time(s)
03-31 16:35:57.474 D/QuickLifeImpl( 1051): Start QuickLifeService in QuickLifeApplication!
03-31 16:35:57.474 E/WifiVendorHal(  479): getWifiLinkLayerStats_1_5_Internal(l.1191) failed {.code = ERROR_INVALID_ARGS, .description = }
03-31 16:35:57.476 E/WifiScoringParams(  479): Invalid frequency(-1), using 5G as default rssi array
03-31 16:35:57.480 W/ContextImpl( 1051): Calling a method in the system process without a qualified user: android.app.ContextImpl.startService:1816 android.content.ContextWrapper.startService:774 com.dangbei.quicklife.QuickLifeManager.startQuickLifeService:108 com.dangbei.quicklife.QuickLifeManager.init:57 com.dangbei.lerad.etna.haqu.EtnaApplication.init:68 
03-31 16:35:57.482 I/.oranth.storag( 1170): Late-enabling -Xcheck:jni
03-31 16:35:57.485 D/WifiNetworkFactory(  479): got request NetworkRequest [ REQUEST id=19, [ Capabilities: INTERNET&NOT_RESTRICTED&TRUSTED&NOT_VCN_MANAGED Uid: 1073 RequestorUid: 1073 RequestorPkg: com.android.networkstack] ]
03-31 16:35:57.485 D/WifiNetworkFactory(  479): got request NetworkRequest [ REQUEST id=1, [ Capabilities: INTERNET&NOT_RESTRICTED&TRUSTED&NOT_VPN&NOT_VCN_MANAGED RequestorUid: 1000 RequestorPkg: android] ]
03-31 16:35:57.485 D/WifiNetworkFactory(  479): got request NetworkRequest [ REQUEST id=17, [ Capabilities: INTERNET&NOT_RESTRICTED&TRUSTED&NOT_VCN_MANAGED Uid: 1000 RequestorUid: 1000 RequestorPkg: android] ]
03-31 16:35:57.485 D/WifiNetworkFactory(  479): got request NetworkRequest [ REQUEST id=23, [ Capabilities: INTERNET&NOT_RESTRICTED&TRUSTED&NOT_VCN_MANAGED Uid: 1000 RequestorUid: 1000 RequestorPkg: android] ]
03-31 16:35:57.490 D/WifiNetworkFactory(  479): got request NetworkRequest [ REQUEST id=3, [ Transports: WIFI Capabilities: INTERNET&NOT_RESTRICTED&TRUSTED&NOT_VPN&NOT_VCN_MANAGED RequestorUid: 1000 RequestorPkg: android] ]
03-31 16:35:57.490 D/UntrustedWifiNetworkFactory(  479): got request NetworkRequest [ REQUEST id=10, [ Capabilities: INTERNET&NOT_RESTRICTED&TRUSTED&NOT_VCN_MANAGED Uid: 1000 RequestorUid: 1000 RequestorPkg: android] ]
03-31 16:35:57.491 D/UntrustedWifiNetworkFactory(  479): got request NetworkRequest [ REQUEST id=19, [ Capabilities: INTERNET&NOT_RESTRICTED&TRUSTED&NOT_VCN_MANAGED Uid: 1073 RequestorUid: 1073 RequestorPkg: com.android.networkstack] ]
03-31 16:35:57.492 D/UntrustedWifiNetworkFactory(  479): got request NetworkRequest [ REQUEST id=1, [ Capabilities: INTERNET&NOT_RESTRICTED&TRUSTED&NOT_VPN&NOT_VCN_MANAGED RequestorUid: 1000 RequestorPkg: android] ]
03-31 16:35:57.492 D/UntrustedWifiNetworkFactory(  479): got request NetworkRequest [ REQUEST id=17, [ Capabilities: INTERNET&NOT_RESTRICTED&TRUSTED&NOT_VCN_MANAGED Uid: 1000 RequestorUid: 1000 RequestorPkg: android] ]
03-31 16:35:57.492 D/UntrustedWifiNetworkFactory(  479): got request NetworkRequest [ REQUEST id=23, [ Capabilities: INTERNET&NOT_RESTRICTED&TRUSTED&NOT_VCN_MANAGED Uid: 1000 RequestorUid: 1000 RequestorPkg: android] ]
03-31 16:35:57.493 D/UntrustedWifiNetworkFactory(  479): got request NetworkRequest [ REQUEST id=3, [ Transports: WIFI Capabilities: INTERNET&NOT_RESTRICTED&TRUSTED&NOT_VPN&NOT_VCN_MANAGED RequestorUid: 1000 RequestorPkg: android] ]
03-31 16:35:57.493 D/OemPaidWifiNetworkFactory(  479): got request NetworkRequest [ REQUEST id=10, [ Capabilities: INTERNET&NOT_RESTRICTED&TRUSTED&NOT_VCN_MANAGED Uid: 1000 RequestorUid: 1000 RequestorPkg: android] ]
03-31 16:35:57.493 D/OemPaidWifiNetworkFactory(  479): got request NetworkRequest [ REQUEST id=19, [ Capabilities: INTERNET&NOT_RESTRICTED&TRUSTED&NOT_VCN_MANAGED Uid: 1073 RequestorUid: 1073 RequestorPkg: com.android.networkstack] ]
03-31 16:35:57.494 D/OemPaidWifiNetworkFactory(  479): got request NetworkRequest [ REQUEST id=1, [ Capabilities: INTERNET&NOT_RESTRICTED&TRUSTED&NOT_VPN&NOT_VCN_MANAGED RequestorUid: 1000 RequestorPkg: android] ]
03-31 16:35:57.494 D/OemPaidWifiNetworkFactory(  479): got request NetworkRequest [ REQUEST id=17, [ Capabilities: INTERNET&NOT_RESTRICTED&TRUSTED&NOT_VCN_MANAGED Uid: 1000 RequestorUid: 1000 RequestorPkg: android] ]
03-31 16:35:57.494 D/OemPaidWifiNetworkFactory(  479): got request NetworkRequest [ REQUEST id=23, [ Capabilities: INTERNET&NOT_RESTRICTED&TRUSTED&NOT_VCN_MANAGED Uid: 1000 RequestorUid: 1000 RequestorPkg: android] ]
03-31 16:35:57.494 D/OemPaidWifiNetworkFactory(  479): got request NetworkRequest [ REQUEST id=3, [ Transports: WIFI Capabilities: INTERNET&NOT_RESTRICTED&TRUSTED&NOT_VPN&NOT_VCN_MANAGED RequestorUid: 1000 RequestorPkg: android] ]
01-01 08:00:27.312 I/usb6    (  164): New USB device found, idVendor=1d6b, idProduct=0001, bcdDevice= 5.04
01-01 08:00:27.332 I/usb6    (  164): New USB device strings: Mfr=3, Product=2, SerialNumber=1
03-31 16:35:57.503 W/IorapForwardingService(  479): No service published for: iorapd
01-01 08:00:27.341 I/usb6    (  164): Product: OHCI Host Controller
01-01 08:00:27.347 I/usb6    (  164): Manufacturer: Linux 5.4.125+ ohci_hcd
01-01 08:00:27.355 I/usb6    (  164): SerialNumber: sunxi-ohci
