03-31 16:35:59.281 W/ActivityManager(  479): Slow operation: 82ms so far, now at startProcess: done updating pids map
03-31 16:35:59.284 I/hwservicemanager(  183): getTransport: Cannot find entry android.hardware.graphics.mapper@4.0::IMapper/default in either framework or device VINTF manifest.
03-31 16:35:59.285 I/Gralloc4( 1095): mapper 4.x is not supported
03-31 16:35:59.286 I/hwservicemanager(  183): getTransport: Cannot find entry android.hardware.graphics.mapper@3.0::IMapper/default in either framework or device VINTF manifest.
03-31 16:35:59.287 W/Gralloc3( 1095): mapper 3.x is not supported
03-31 16:35:59.288 D/CompatibilityChangeReporter( 1095): Compat change id reported: 147600208; UID 1000; state: DISABLED
03-31 16:35:59.289 E/EtnaListener( 1051): onServerConnected 
03-31 16:35:59.289 E/ccc     ( 1051): cccccc etnaService addListener com.dangbei.lerad.etna.lib.client.EtnaServerListener@ae001a5 com.dangbei.etna.update
03-31 16:35:59.289 I/Zygote  ( 1324): seccomp disabled by setenforce 0
03-31 16:35:59.291 E/ccc     ( 1051): cccccc UpdateHelper onServerConnected 
03-31 16:35:59.293 E/ccc     ( 1051): cccccc etnaService addListener com.dangbei.lerad.etna.lib.client.EtnaServerListener@2f56dd2 com.dangbei.etna.setting
03-31 16:35:59.293 E/ccc     ( 1051): cccccc SettingHelper onServerConnected 
03-31 16:35:59.295 E/gralloc ( 1095): Arm Module v1.0
03-31 16:35:59.300 I/hwservicemanager(  183): getTransport: Cannot find entry android.hardware.graphics.allocator@4.0::IAllocator/default in either framework or device VINTF manifest.
03-31 16:35:59.301 W/Gralloc4( 1095): allocator 4.x is not supported
03-31 16:35:59.301 I/hwservicemanager(  183): getTransport: Cannot find entry android.hardware.graphics.allocator@3.0::IAllocator/default in either framework or device VINTF manifest.
03-31 16:35:59.302 W/Gralloc3( 1095): allocator 3.x is not supported
03-31 16:35:59.300 I/rainbow_flow(  325): type=1400 audit(0.0:426): avc: denied { ioctl } for path="/dev/spidev1.0" dev="tmpfs" ino=3270 ioctlcmd=0x6b00 scontext=u:r:init:s0 tcontext=u:object_r:device:s0 tclass=chr_file permissive=1
03-31 16:35:59.310 I/gralloc (  257): alloc buffer:W:1920 H:1080 S:1920 PL[1920 1080] SZ:8294400 fmt:1 if:0 af:1 usg:20000b00 fg:00000004
03-31 16:35:59.311 E/ion     ( 1095): ioctl c0044901 failed with code -1: Inappropriate ioctl for device
03-31 16:35:59.322 I/gralloc (  257): alloc buffer:W:1920 H:1080 S:1920 PL[1920 1080] SZ:8294400 fmt:1 if:0 af:1 usg:20000b00 fg:00000004
03-31 16:35:59.323 V/MediaStore( 1033): Examining volume emulated;0 with name external_primary and state mounted
03-31 16:35:59.329 I/gralloc (  257): alloc buffer:W:1920 H:1080 S:1920 PL[1920 1080] SZ:8294400 fmt:1 if:0 af:1 usg:20000b00 fg:00000004
03-31 16:35:59.333 I/adbd    (  397): jdwp connection from 1324
03-31 16:35:59.354 D/BluetoothHidHost(  680): Binding service...
03-31 16:35:59.357 E/ccc     ( 1051): cccccc sendCycleCheckBootGuideStatusMessage
03-31 16:35:59.359 W/ContextImpl( 1051): Calling a method in the system process without a qualified user: android.app.ContextImpl.startService:1816 android.content.ContextWrapper.startService:774 com.dangbei.etna.setting.core.SettingHelper.startRocky:260 com.dangbei.etna.setting.core.SettingHelper.sendCycleCheckBootGuideStatusMessage:206 com.dangbei.etna.setting.core.SettingHelper.startLoop:195 
03-31 16:35:59.367 E/ccc     ( 1051): cccccc sendCycleCheckBroadcast
03-31 16:35:59.370 W/ContextImpl( 1051): Calling a method in the system process without a qualified user: android.app.ContextImpl.sendBroadcast:1173 android.content.ContextWrapper.sendBroadcast:479 com.dangbei.etna.setting.core.SettingHelper.sendCycleToProjector:250 com.dangbei.etna.setting.core.SettingHelper.sendCycleCheckBroadcast:219 com.dangbei.etna.setting.core.SettingHelper.sendCycleCheckBootGuideStatusMessage:207 
03-31 16:35:59.370 V/MediaPlayerList(  673): onActiveSessionsChanged: number of controllers: 0
03-31 16:35:59.380 D/LocalBluetoothProfileManager(  680): Adding local HID_DEVICE profile
03-31 16:35:59.381 W/ContextImpl( 1051): Calling a method in the system process without a qualified user: android.app.ContextImpl.sendBroadcast:1173 android.content.ContextWrapper.sendBroadcast:479 com.dangbei.etna.setting.core.SettingHelper.sendCycleToVoice:235 com.dangbei.etna.setting.core.SettingHelper.sendCycleCheckBroadcast:220 com.dangbei.etna.setting.core.SettingHelper.sendCycleCheckBootGuideStatusMessage:207 
03-31 16:35:59.376 I/EventThread(  263): type=1400 audit(0.0:427): avc: denied { search } for name="extcon" dev="sysfs" ino=18102 scontext=u:r:hal_tv_cec_default:s0 tcontext=u:object_r:sysfs_extcon:s0 tclass=dir permissive=1
03-31 16:35:59.387 E/ActivityManager(  479): Sending non-protected broadcast com.dangbei.etna.setting.action_cycle_check_broadcast from system 1051:com.dangbei.lerad.etna.haqu/1000 pkg com.dangbei.lerad.etna.haqu
03-31 16:35:59.387 E/ActivityManager(  479): java.lang.Throwable
03-31 16:35:59.387 E/ActivityManager(  479): 	at com.android.server.am.ActivityManagerService.checkBroadcastFromSystem(ActivityManagerService.java:12816)
03-31 16:35:59.387 E/ActivityManager(  479): 	at com.android.server.am.ActivityManagerService.broadcastIntentLocked(ActivityManagerService.java:13513)
03-31 16:35:59.387 E/ActivityManager(  479): 	at com.android.server.am.ActivityManagerService.broadcastIntentLocked(ActivityManagerService.java:12833)
03-31 16:35:59.387 E/ActivityManager(  479): 	at com.android.server.am.ActivityManagerService.broadcastIntentWithFeature(ActivityManagerService.java:13670)
03-31 16:35:59.387 E/ActivityManager(  479): 	at android.app.IActivityManager$Stub.onTransact(IActivityManager.java:2326)
03-31 16:35:59.387 E/ActivityManager(  479): 	at com.android.server.am.ActivityManagerService.onTransact(ActivityManagerService.java:2509)
03-31 16:35:59.387 E/ActivityManager(  479): 	at android.os.Binder.execTransactInternal(Binder.java:1179)
03-31 16:35:59.387 E/ActivityManager(  479): 	at android.os.Binder.execTransact(Binder.java:1143)
03-31 16:35:59.408 I/ndroid.systemui(  680): type=1400 audit(0.0:428): avc: denied { search } for name="com.android.systemui" dev="mmcblk0p25" ino=507 scontext=u:r:platform_app:s0:c512,c768 tcontext=u:object_r:app_data_file:s0:c512,c768 tclass=dir permissive=1 app=com.softwinner.screenshot
03-31 16:35:59.408 I/ranth.ledstatus( 1107): type=1400 audit(0.0:429): avc: denied { open } for path="/dev/__properties__/u:object_r:vendor_default_prop:s0" dev="tmpfs" ino=2967 scontext=u:r:system_app:s0 tcontext=u:object_r:vendor_default_prop:s0 tclass=file permissive=1
03-31 16:35:59.408 I/ranth.ledstatus( 1107): type=1400 audit(0.0:430): avc: denied { getattr } for path="/dev/__properties__/u:object_r:vendor_default_prop:s0" dev="tmpfs" ino=2967 scontext=u:r:system_app:s0 tcontext=u:object_r:vendor_default_prop:s0 tclass=file permissive=1
03-31 16:35:59.447 D/MobclickAgent( 1095): Report policy : ReportAtLaunch
03-31 16:35:59.461 I/ActivityManager(  479): com.android.localtransport is exempt from freezer
03-31 16:35:59.497 D/SystemUIBootTiming(  680): SystemUIService: bootcomplete com.android.systemui.power.PowerUI took 225 ms
03-31 16:35:59.505 E/hq      ( 1095): USBReceiver:::USBReceiver onReceive: action=android.intent.action.MEDIA_MOUNTED
03-31 16:35:59.508 D/Zygote  (  244): Forked child process 1366
03-31 16:35:59.509 D/BufferPoolAccessor2.0(  479): bufferpool2 0xea901958 : 0(0 size) total buffers - 0(0 size) used buffers - 2/7 (recycle/alloc) - 6/76 (fetch/transfer)
03-31 16:35:59.509 D/BufferPoolAccessor2.0(  479): bufferpool2 0xe89e3b98 : 0(0 size) total buffers - 0(0 size) used buffers - 2/7 (recycle/alloc) - 6/46 (fetch/transfer)
03-31 16:35:59.509 D/BufferPoolAccessor2.0(  479): bufferpool2 0xe91870d8 : 0(0 size) total buffers - 0(0 size) used buffers - 2/7 (recycle/alloc) - 5/42 (fetch/transfer)
03-31 16:35:59.509 D/BufferPoolAccessor2.0(  479): bufferpool2 0xe89e4318 : 0(0 size) total buffers - 0(0 size) used buffers - 1/7 (recycle/alloc) - 13/294 (fetch/transfer)
03-31 16:35:59.509 D/BufferPoolAccessor2.0(  479): evictor expired: 4, evicted: 4
03-31 16:35:59.511 I/ActivityManager(  479): app.processName = com.android.localtransport
03-31 16:35:59.511 I/ActivityManager(  479): Start proc 1366:com.android.localtransport/1000 for service {com.android.localtransport/com.android.localtransport.LocalTransportService}
03-31 16:35:59.511 W/ActivityManager(  479): Slow operation: 51ms so far, now at startProcess: starting to update pids map
03-31 16:35:59.515 D/BufferPoolAccessor2.0(  387): bufferpool2 0xef477b98 : 0(0 size) total buffers - 0(0 size) used buffers - 40/44 (recycle/alloc) - 4/43 (fetch/transfer)
03-31 16:35:59.517 W/IorapForwardingService(  479): No service published for: iorapd
03-31 16:35:59.523 D/BufferPoolAccessor2.0(  387): bufferpool2 0xef477f58 : 0(0 size) total buffers - 0(0 size) used buffers - 15/19 (recycle/alloc) - 4/18 (fetch/transfer)
03-31 16:35:59.523 D/BufferPoolAccessor2.0(  387): bufferpool2 0xef478458 : 0(0 size) total buffers - 0(0 size) used buffers - 42/46 (recycle/alloc) - 4/45 (fetch/transfer)
03-31 16:35:59.523 D/BufferPoolAccessor2.0(  387): bufferpool2 0xef477418 : 0(0 size) total buffers - 0(0 size) used buffers - 33/36 (recycle/alloc) - 3/35 (fetch/transfer)
03-31 16:35:59.523 D/BufferPoolAccessor2.0(  387): bufferpool2 0xef477198 : 0(0 size) total buffers - 0(0 size) used buffers - 138/145 (recycle/alloc) - 7/144 (fetch/transfer)
03-31 16:35:59.524 I/Zygote  ( 1366): seccomp disabled by setenforce 0
03-31 16:35:59.525 E/dangbei111( 1051): cccccc 检查遥控器是否连接: Dangbei C9:B5:96:5C:E3:ED
03-31 16:35:59.532 E/ActivityRecord(  479): real home.....com.dangbei.leard.leradlauncher/com.dangbei.launcher.home.LauncherActivity
03-31 16:35:59.532 E/+++ActivityRecord(  479): pre led_switch = 5
03-31 16:35:59.523 D/BufferPoolAccessor2.0(  387): bufferpool2 0xef4772d8 : 0(0 size) total buffers - 0(0 size) used buffers - 17/21 (recycle/alloc) - 4/20 (fetch/transfer)
03-31 16:35:59.533 D/BufferPoolAccessor2.0(  387): evictor expired: 6, evicted: 6
03-31 16:35:59.555 D/BootAnimation(  523): BootAnimationStopTiming start time: 27179ms
03-31 16:35:59.564 D/TheRouter::RouterInject( 1095): interception::===interface com.dangbei.leard.protocol.down.DownProtocol===DownProtocolProxy257627156
03-31 16:35:59.567 E/dangbei111( 1051): cccccc 检查遥控器是否连接: 蓝牙的结果 Dangbei C9:B5:96:5C:E3:ED false
03-31 16:35:59.568 D/SystemUIService(  680): loading: com.android.systemui.media.RingtonePlayer
03-31 16:35:59.570 D/SystemUIService(  680): running: com.android.systemui.media.RingtonePlayer@e70a04c
03-31 16:35:59.571 I/adbd    (  397): jdwp connection from 1366
03-31 16:35:59.578 E/dangbei111( 1051): cccccc input中没有遥控器存在
03-31 16:35:59.579 E/dangbei111( 1051): cccccc 蓝牙状态连接 不是连接状态 啥都不干
03-31 16:35:59.593 D/CompatibilityChangeReporter( 1234): Compat change id reported: 160794467; UID 10048; state: DISABLED
03-31 16:35:59.594 D/BluetoothHidDevice(  680): Binding service...
03-31 16:35:59.602 D/TheRouter::RouterInject( 1095): interception::===interface com.dangbei.leard.protocol.install.IInstallProtocol===InstallAppManagerInterface49023491
01-01 08:00:29.421 W/audit   ( 1370): audit_lost=39 audit_rate_limit=5 audit_backlog_limit=64
01-01 08:00:29.438 E/audit   ( 1370): rate limit exceeded
03-31 16:35:59.609 E/FactoryResetOperateImpl( 1095): isFirstBoot  2
03-31 16:35:59.610 E/FactoryResetOperateImpl( 1095): isFirstBoot  2
03-31 16:35:59.625 D/TheRouter::RouterInject( 1095): interception::===interface com.dangbei.leard.protocol.etna.EtnaManagerInterface===EtnaManagerInterfaceImpl45641726
03-31 16:35:59.630 D/music_MediaPlaybackSer( 1234): updatePlaybackState, playback state=0
03-31 16:35:59.633 E/dangbei111( 1051): cccccc 蓝牙状态连接 配对状态 啥都不做
03-31 16:35:59.647 I/WindowManager(  479): ******* TELLING SURFACE FLINGER WE ARE BOOTED!
03-31 16:35:59.649 I/SurfaceFlinger(  292): Boot is finished (15179 ms)
03-31 16:35:59.654 D/SystemUIBootTiming(  680): SystemUIService: bootcomplete com.android.systemui.media.RingtonePlayer took 86 ms
03-31 16:35:59.666 D/SystemUIService(  680): loading: com.android.systemui.keyboard.KeyboardUI
03-31 16:35:59.666 D/SystemUIService(  680): running: com.android.systemui.keyboard.KeyboardUI@7794d9b
01-01 08:00:29.504 I/init    (    1): Service 'idmap2d' (pid 354) received signal 9
03-31 16:35:59.685 W/OverlayManager(  479): service 'idmap' died
03-31 16:35:59.707 I/servicemanager(  182): Found android.hardware.power.IPower/default in device VINTF manifest.
03-31 16:35:59.708 I/PowerAdvisor(  292): Loaded AIDL Power HAL service
03-31 16:35:59.708 I/AW_PowerHAL(  261): check: Mode 6 not Supported ,do nothing
03-31 16:35:59.709 I/AW_PowerHAL(  261): isBoostSupported: 1
03-31 16:35:59.711 D/SystemUIBootTiming(  680): SystemUIService: bootcomplete com.android.systemui.keyboard.KeyboardUI took 45 ms
03-31 16:35:59.711 D/SystemUIService(  680): loading: com.android.systemui.shortcut.ShortcutKeyDispatcher
03-31 16:35:59.713 D/SystemUIService(  680): running: com.android.systemui.shortcut.ShortcutKeyDispatcher@52d7538
03-31 16:35:59.715 W/system_server(  479): Long monitor contention with owner android.anim (530) at void com.android.server.wm.WindowSurfacePlacer$Traverser.run()(WindowSurfacePlacer.java:58) waiters=0 in void com.android.server.wm.WindowManagerService$H.handleMessage(android.os.Message) for 208ms
03-31 16:35:59.718 D/SystemUIBootTiming(  680): SystemUIService: bootcomplete com.android.systemui.shortcut.ShortcutKeyDispatcher took 7 ms
03-31 16:35:59.718 D/SystemUIService(  680): loading: com.android.systemui.VendorServices
03-31 16:35:59.720 D/SystemUIService(  680): running: com.android.systemui.VendorServices@974da76
03-31 16:35:59.721 D/SystemUIBootTiming(  680): SystemUIService: bootcomplete com.android.systemui.VendorServices took 3 ms
03-31 16:35:59.721 D/SystemUIService(  680): loading: com.android.systemui.SliceBroadcastRelayHandler
03-31 16:35:59.721 D/SystemUIService(  680): running: com.android.systemui.SliceBroadcastRelayHandler@e952877
03-31 16:35:59.727 W/system_server(  479): Long monitor contention with owner android.anim (530) at void com.android.server.wm.WindowSurfacePlacer$Traverser.run()(WindowSurfacePlacer.java:58) waiters=1 in void com.android.server.wm.ActivityTaskManagerService$LocalService.onProcessMapped(int, com.android.server.wm.WindowProcessController) for 215ms
03-31 16:35:59.730 W/ActivityManager(  479): Slow operation: 270ms so far, now at startProcess: done updating pids map
03-31 16:35:59.731 W/system_server(  479): Long monitor contention with owner ActivityManager:procStart (541) at void com.android.server.am.ProcessList.handleProcessStart(com.android.server.am.ProcessRecord, java.lang.String, int[], int, int, int, java.lang.String, java.lang.String, java.lang.String, long)(ProcessList.java:2161) waiters=1 in void com.android.server.am.ActivityManagerService.addPackageDependency(java.lang.String) for 147ms
01-01 08:00:29.550 I/init    (    1): Control message: Processed ctl.stop for 'rainbow_flow' from pid: 1398 (stop rainbow_flow voice breathe flow_led net_disconnect)
03-31 16:35:59.749 I/AW_PowerHAL(  261): Power setMode: SUSTAINED_PERFORMANCE to: 0
01-01 08:00:29.576 I/init    (    1): Control message: Processed ctl.stop for 'voice' from pid: 1398 (stop rainbow_flow voice breathe flow_led net_disconnect)
03-31 16:35:59.756 I/AW_PowerHAL(  261): cur-mode:SCHEDUTIL-Home
03-31 16:35:59.757 D/SystemUIBootTiming(  680): SystemUIService: bootcomplete com.android.systemui.SliceBroadcastRelayHandler took 36 ms
03-31 16:35:59.763 D/SystemUIService(  680): loading: com.android.systemui.statusbar.notification.InstantAppNotifier
03-31 16:35:59.764 D/SystemUIService(  680): running: com.android.systemui.statusbar.notification.InstantAppNotifier@ae0ace4
03-31 16:35:59.770 D/CompatibilityChangeReporter( 1324): Compat change id reported: 171979766; UID 1000; state: DISABLED
03-31 16:35:59.770 E/hq      ( 1095): NetWorkStateReceiver:::NetWorkStateReceiver onReceive: 网络变化广播 >>>> intent.action=android.net.wifi.SCAN_RESULTS
03-31 16:35:59.771 D/music_MusicApp( 1234): add mount callback: com.android.music.MediaPlaybackService@b42bf67
01-01 08:00:29.596 I/init    (    1): Control message: Processed ctl.stop for 'breathe' from pid: 1398 (stop rainbow_flow voice breathe flow_led net_disconnect)
03-31 16:35:59.776 D/aaa     ( 1107): LedStatusService onStartCommand begin
03-31 16:35:59.777 D/aaa     ( 1107): topPkg is -------------- :com.dangbei.leard.leradlauncher
03-31 16:35:59.787 D/BufferPoolAccessor2.0(  824): bufferpool2 0xea375f98 : 0(0 size) total buffers - 0(0 size) used buffers - 1/7 (recycle/alloc) - 6/96 (fetch/transfer)
03-31 16:35:59.787 D/BufferPoolAccessor2.0(  824): evictor expired: 1, evicted: 1
03-31 16:35:59.794 D/music_MusicApp( 1234): received action: android.intent.action.MEDIA_MOUNTED
01-01 08:00:29.617 I/init    (    1): Control message: Processed ctl.stop for 'flow_led' from pid: 1398 (stop rainbow_flow voice breathe flow_led net_disconnect)
03-31 16:35:59.795 D/music_MediaPlaybackSer( 1234): mount changed: isMounted: true, stop playing ... 
01-01 08:00:29.636 I/init    (    1): Sending signal 9 to service 'net_disconnect' (pid 1387) process group...
03-31 16:35:59.797 D/LocalBluetoothProfileManager(  680): Adding local PAN profile
03-31 16:35:59.797 D/music_MediaPlaybackSer( 1234): OnGetRoot: clientPackageName=com.android.bluetooth; clientUid=1002 ; rootHints=null
03-31 16:35:59.798 I/AvrcpBrowsedPlayerWrapper(  673): onConnected: com.android.music is connected
03-31 16:35:59.799 D/AvrcpBrowsablePlayerConnector(  673): Browse player callback called: package=com.android.music : status=0
03-31 16:35:59.799 D/AvrcpBrowsablePlayerConnector(  673): Received a message: msg.what=1
03-31 16:35:59.800 E/hq      ( 1095): LookupControler:::startLookupControllerTimer
03-31 16:35:59.800 I/AvrcpBrowsablePlayerConnector(  673): Checking root contents for com.android.music
03-31 16:35:59.808 D/music_MediaPlaybackSer( 1234): onDestroy
03-31 16:35:59.812 D/music_MusicApp( 1234): remove mount callback: com.android.music.MediaPlaybackService@b42bf67
03-31 16:35:59.812 D/music_MediaPlaybackSer( 1234): handleStopRequest: mState=0 error=destroy
03-31 16:35:59.812 D/music_MediaPlaybackSer( 1234): updatePlaybackState, playback state=1
03-31 16:35:59.814 D/hq      ( 1095): NetWorkStateReceiver:::检查网络，并且持续更新 isConnect=false
03-31 16:35:59.819 D/Playback( 1234): giveUpAudioFocus
03-31 16:35:59.820 D/Playback( 1234): relaxResources. releaseMediaPlayer=true
03-31 16:35:59.822 D/CompatibilityChangeReporter(  479): Compat change id reported: 168419799; UID 1000; state: DISABLED
03-31 16:35:59.831 D/SystemUIBootTiming(  680): SystemUIService: bootcomplete com.android.systemui.statusbar.notification.InstantAppNotifier took 67 ms
03-31 16:35:59.831 D/SystemUIService(  680): loading: com.android.systemui.toast.ToastUI
03-31 16:35:59.832 D/SystemUIService(  680): running: com.android.systemui.toast.ToastUI@229d513
03-31 16:35:59.832 D/SystemUIBootTiming(  680): SystemUIService: bootcomplete com.android.systemui.toast.ToastUI took 1 ms
03-31 16:35:59.832 D/SystemUIService(  680): loading: com.android.systemui.wmshell.WMShell
03-31 16:35:59.833 D/SystemUIService(  680): running: com.android.systemui.wmshell.WMShell@a6db350
03-31 16:35:59.834 W/InputManager-JNI(  479): Input channel object '6f95d7 com.android.tv.settings/com.android.tv.settings.system.FallbackHome (client)' was disposed without first being removed with the input manager!
03-31 16:35:59.838 D/ApplicationLoaders( 1324): Returning zygote-cached class loader: /system/framework/android.test.base.jar
03-31 16:35:59.838 D/ApplicationLoaders( 1324): Returning zygote-cached class loader: /system/framework/android.hidl.manager-V1.0-java.jar
03-31 16:35:59.838 D/ApplicationLoaders( 1324): Returning zygote-cached class loader: /system/framework/android.hidl.base-V1.0-java.jar
03-31 16:35:59.840 E/WifiHAL (  667): wifi_get_link_stats: requestResponse Error:-5
03-31 16:35:59.848 D/BluetoothPan(  680): Binding service...
03-31 16:35:59.848 E/WifiVendorHal(  479): getWifiLinkLayerStats_1_5_Internal(l.1191) failed {.code = ERROR_INVALID_ARGS, .description = }
03-31 16:35:59.852 D/music_MediaPlaybackSer( 1234): updatePlaybackState, playback state=1
03-31 16:35:59.855 W/Looper  (  479): Slow dispatch took 141ms android.fg h=android.os.Handler c=com.android.server.wm.ActivityMetricsLogger$$ExternalSyntheticLambda1@363e3e2 m=0
03-31 16:35:59.855 I/ActivityTaskManager(  479): +++Displayed com.dangbei.leard.leradlauncher/com.dangbei.launcher.home.LauncherActivity: +2s984ms
01-01 08:00:29.666 I/libprocessgroup(    1): Successfully killed process cgroup uid 0 pid 1387 in 17ms
01-01 08:00:29.677 I/init    (    1): Control message: Processed ctl.stop for 'net_disconnect' from pid: 1398 (stop rainbow_flow voice breathe flow_led net_disconnect)
03-31 16:35:59.857 D/CompatibilityChangeReporter(  479): Compat change id reported: 182734110; UID 10074; state: DISABLED
03-31 16:35:59.868 D/music_MediaPlaybackSer( 1234): onCreate()
03-31 16:35:59.868 D/music_MediaPlaybackSer( 1234): Create MusicProvider
03-31 16:35:59.868 D/music_MediaPlaybackSer( 1234): Create MediaSession
03-31 16:35:59.871 D/CompatibilityChangeReporter( 1366): Compat change id reported: 171979766; UID 1000; state: ENABLED
03-31 16:35:59.875 W/ContextImpl( 1095): Calling a method in the system process without a qualified user: android.app.ContextImpl.bindService:1895 android.content.ContextWrapper.bindService:810 ye.b.h:57 ye.b$c.call:3 af.c$a.run:5 
03-31 16:35:59.885 D/hdmi-cec(  263): receive invalid cec message!
03-31 16:35:59.885 D/hdmi-cec(  263): receive poll message [04], skip!
03-31 16:35:59.887 V/MediaPlayerList(  673): onActiveSessionsChanged: number of controllers: 0
01-01 08:00:29.700 I/init    (    1): Service 'net_disconnect' (pid 1387) received signal 9 oneshot service took 0.250000 seconds in background
01-01 08:00:29.725 I/init    (    1): Untracked pid 1397 received signal 9
03-31 16:35:59.919 V/MediaPlayerList(  673): onActiveSessionsChanged: number of controllers: 0
03-31 16:35:59.922 D/music_MediaPlaybackSer( 1234): updatePlaybackState, playback state=0
03-31 16:35:59.949 I/d.leradlaunche( 1095): Background concurrent copying GC freed 174804(6104KB) AllocSpace objects, 28(7468KB) LOS objects, 49% free, 6481KB/12MB, paused 183us total 1.163s
03-31 16:35:59.964 I/d.leradlaunche( 1095): WaitForGcToComplete blocked ClassLinker on Background for 804.809ms
03-31 16:35:59.973 D/LocalBluetoothProfileManager(  680): Adding local PBAP profile
03-31 16:35:59.976 D/SystemUIBootTiming(  680): SystemUIService: bootcomplete com.android.systemui.wmshell.WMShell took 144 ms
03-31 16:35:59.976 D/SystemUIService(  680): loading: com.android.systemui.media.systemsounds.HomeSoundEffectController
03-31 16:35:59.977 D/SystemUIService(  680): running: com.android.systemui.media.systemsounds.HomeSoundEffectController@849c68
03-31 16:35:59.978 D/SystemUIBootTiming(  680): SystemUIService: bootcomplete com.android.systemui.media.systemsounds.HomeSoundEffectController took 2 ms
03-31 16:35:59.981 I/ManagerService(  680): --------------------- system activated! ---------------
03-31 16:35:59.981 D/SystemUIBootTiming(  680): SystemUIService: bootcomplete com.android.systemui.oranth.ManagerService took 3 ms
03-31 16:35:59.984 D/CompatibilityChangeReporter(  479): Compat change id reported: 168419799; UID 1000; state: DISABLED
03-31 16:36:00.012 D/music_MusicApp( 1234): add mount callback: com.android.music.MediaPlaybackService@7101fb2
03-31 16:36:00.020 D/music_MediaPlaybackSer( 1234): OnGetRoot: clientPackageName=com.android.bluetooth; clientUid=1002 ; rootHints=null
03-31 16:36:00.023 I/AvrcpBrowsedPlayerWrapper(  673): onConnected: com.android.music is connected
03-31 16:36:00.024 I/AvrcpBrowsedPlayerWrapper(  673): getFolderItems: Connected to browsable player: com.android.music
03-31 16:36:00.026 D/NetworkSecurityConfig(  479): No Network Security Config specified, using platform default
03-31 16:36:00.029 D/music_MediaPlaybackSer( 1234): OnLoadChildren: parentMediaId=__ROOT__
03-31 16:36:00.030 D/MusicProvider( 1234): retrieveMediaAsync called
03-31 16:36:00.033 E/BootReceiver(  479): Could not open /sys/kernel/tracing/instances/bootreceiver/trace_pipe
03-31 16:36:00.033 E/BootReceiver(  479): android.system.ErrnoException: open failed: ENOENT (No such file or directory)
03-31 16:36:00.033 E/BootReceiver(  479): 	at libcore.io.Linux.open(Native Method)
03-31 16:36:00.033 E/BootReceiver(  479): 	at libcore.io.ForwardingOs.open(ForwardingOs.java:567)
03-31 16:36:00.033 E/BootReceiver(  479): 	at libcore.io.BlockGuardOs.open(BlockGuardOs.java:273)
03-31 16:36:00.033 E/BootReceiver(  479): 	at android.system.Os.open(Os.java:501)
03-31 16:36:00.033 E/BootReceiver(  479): 	at com.android.server.BootReceiver.onReceive(BootReceiver.java:167)
03-31 16:36:00.033 E/BootReceiver(  479): 	at android.app.ActivityThread.handleReceiver(ActivityThread.java:4308)
03-31 16:36:00.033 E/BootReceiver(  479): 	at android.app.ActivityThread.access$1600(ActivityThread.java:247)
03-31 16:36:00.033 E/BootReceiver(  479): 	at android.app.ActivityThread$H.handleMessage(ActivityThread.java:2064)
03-31 16:36:00.033 E/BootReceiver(  479): 	at android.os.Handler.dispatchMessage(Handler.java:106)
03-31 16:36:00.033 E/BootReceiver(  479): 	at android.os.Looper.loopOnce(Looper.java:201)
03-31 16:36:00.033 E/BootReceiver(  479): 	at android.os.Looper.loop(Looper.java:288)
03-31 16:36:00.033 E/BootReceiver(  479): 	at com.android.server.SystemServer.run(SystemServer.java:966)
03-31 16:36:00.033 E/BootReceiver(  479): 	at com.android.server.SystemServer.main(SystemServer.java:628)
03-31 16:36:00.033 E/BootReceiver(  479): 	at java.lang.reflect.Method.invoke(Native Method)
03-31 16:36:00.033 E/BootReceiver(  479): 	at com.android.internal.os.RuntimeInit$MethodAndArgsCaller.run(RuntimeInit.java:548)
03-31 16:36:00.033 E/BootReceiver(  479): 	at com.android.internal.os.ZygoteInit.main(ZygoteInit.java:1160)
03-31 16:36:00.042 W/ContextImpl(  824): Calling a method in the system process without a qualified user: android.app.ContextImpl.startService:1816 android.content.ContextWrapper.startService:774 android.content.ContextWrapper.startService:774 com.android.tv.settings.users.UserSwitchListenerService$BootReceiver.onReceive:50 android.app.ActivityThread.handleReceiver:4308 
03-31 16:36:00.049 V/AudioDeviceManagerObserver(  479): AudioDeviceManagerObserver init()
03-31 16:36:00.052 D/BluetoothA2dp(  680): Proxy object connected
03-31 16:36:00.053 D/AudioDeviceManagerObserver(  479): AudioDeviceManagerObserver: newCardId: /sys/class/sound/card0/id
03-31 16:36:00.054 I/ContactsPerf( 1238): VoicemailContentProvider.onCreate start
03-31 16:36:00.055 D/AudioDeviceManagerObserver(  479): AudioDeviceManagerObserver: devName: pcmC0D0p
03-31 16:36:00.057 D/AudioDeviceManagerObserver(  479): ~~~~~~~~ AudioDeviceManagerObserver: findNameMap: id: audiocodec
03-31 16:36:00.057 D/AudioDeviceManagerObserver(  479): AudioDeviceManagerObserver: name_linux: audiocodec, name_android: AUDIO_CODEC
03-31 16:36:00.058 D/AudioDeviceManagerObserver(  479): AudioDeviceManagerObserver: newCardId: /sys/class/sound/card1/id
03-31 16:36:00.059 D/AudioDeviceManagerObserver(  479): AudioDeviceManagerObserver: devName: pcmC1D0c
03-31 16:36:00.059 I/UtilCommon( 1095): bluetoothMac=B4:2F:03:15:6F:44
03-31 16:36:00.060 D/AudioDeviceManagerObserver(  479): ~~~~~~~~ AudioDeviceManagerObserver: findNameMap: id: sndspdif
03-31 16:36:00.060 E/wangli  ( 1095): env: 0_true
03-31 16:36:00.061 D/AudioDeviceManagerObserver(  479): AudioDeviceManagerObserver: devName: pcmC1D0p
03-31 16:36:00.061 D/AudioDeviceManagerObserver(  479): ~~~~~~~~ AudioDeviceManagerObserver: findNameMap: id: sndspdif
03-31 16:36:00.061 D/AudioDeviceManagerObserver(  479): AudioDeviceManagerObserver: name_linux: sndspdif, name_android: AUDIO_SPDIF
03-31 16:36:00.061 D/AudioDeviceManagerObserver(  479): AudioDeviceManagerObserver: newCardId: /sys/class/sound/card2/id
03-31 16:36:00.062 D/AudioDeviceManagerObserver(  479): AudioDeviceManagerObserver: name_linux: ahubdam, name_android: AUDIO_SPDIF
03-31 16:36:00.064 D/AudioDeviceManagerObserver(  479): AudioDeviceManagerObserver: newCardId: /sys/class/sound/card3/id
03-31 16:36:00.068 D/AudioDeviceManagerObserver(  479): AudioDeviceManagerObserver: devName: pcmC3D0c
03-31 16:36:00.068 D/AudioDeviceManagerObserver(  479): ~~~~~~~~ AudioDeviceManagerObserver: findNameMap: id: ahubhdmi
03-31 16:36:00.069 D/AudioDeviceManagerObserver(  479): AudioDeviceManagerObserver: devName: pcmC3D0p
03-31 16:36:00.074 D/AudioDeviceManagerObserver(  479): ~~~~~~~~ AudioDeviceManagerObserver: findNameMap: id: ahubhdmi
03-31 16:36:00.076 D/AudioDeviceManagerObserver(  479): AudioDeviceManagerObserver: name_linux: ahubhdmi, name_android: AUDIO_USB_ahubhdmi
03-31 16:36:00.076 D/AudioDeviceManagerObserver(  479): AudioDeviceManagerObserver: newCardId: /sys/class/sound/card4/id
03-31 16:36:00.078 D/AudioDeviceManagerObserver(  479): AudioDeviceManagerObserver: devName: pcmC4D0c
03-31 16:36:00.078 D/AudioDeviceManagerObserver(  479): ~~~~~~~~ AudioDeviceManagerObserver: findNameMap: id: ahubi2s2
03-31 16:36:00.079 D/AudioDeviceManagerObserver(  479): AudioDeviceManagerObserver: devName: pcmC4D0p
03-31 16:36:00.079 D/AudioDeviceManagerObserver(  479): ~~~~~~~~ AudioDeviceManagerObserver: findNameMap: id: ahubi2s2
03-31 16:36:00.079 D/AudioDeviceManagerObserver(  479): AudioDeviceManagerObserver: name_linux: ahubi2s2, name_android: AUDIO_USB_ahubi2s2
03-31 16:36:00.079 D/AudioDeviceManagerObserver(  479): AudioDeviceManagerObserver: newCardId: /sys/class/sound/card5/id
03-31 16:36:00.080 V/AudioDeviceManagerObserver(  479): This kernel does not have sound card5
03-31 16:36:00.081 D/AudioManagerEx(  479): AudioManagerEx
03-31 16:36:00.083 I/RecoverySystem(  479): No recovery log file
03-31 16:36:00.092 I/DropBoxManagerService(  479): add tag=SYSTEM_BOOT isTagEnabled=true flags=0x2
03-31 16:36:00.094 D/audio_hw_primary(  249): getAudioDevices()
03-31 16:36:00.094 D/audio_hw_primary(  249): out dev:AUDIO_CODEC
03-31 16:36:00.094 D/audio_hw_primary(  249): in dev:AUDIO_SPDIF
03-31 16:36:00.094 D/audio_hw_primary(  249): out dev:AUDIO_SPDIF
03-31 16:36:00.094 D/audio_hw_primary(  249): in dev:AUDIO_HDMI
03-31 16:36:00.094 D/audio_hw_primary(  249): out dev:AUDIO_HDMI
03-31 16:36:00.094 D/audio_hw_primary(  249): in dev:AUDIO_I2S2
03-31 16:36:00.094 D/audio_hw_primary(  249): out playback: AUDIO_CODEC,AUDIO_SPDIF,AUDIO_HDMI
03-31 16:36:00.096 D/xm_audio(  249): adev_get_parameters
03-31 16:36:00.097 I/hash_map_utils(  284): system/bt/osi/src/hash_map_utils.cc:81 hash_map_utils_dump_string_keys_string_values: key: 'audio_devices_out' value: ''
03-31 16:36:00.098 D/BluetoothMap(  680): Proxy object connected
03-31 16:36:00.098 D/BluetoothMap(  680): getConnectedDevices()
03-31 16:36:00.100 D/AudioManagerEx(  479): type audio_devices_out  list AUDIO_CODEC,AUDIO_SPDIF,AUDIO_HDMI=
03-31 16:36:00.101 D/BluetoothHidHost(  680): Proxy object connected
03-31 16:36:00.103 D/BluetoothHidDevice(  680): Proxy object connected
03-31 16:36:00.104 D/AudioManagerPolicy(  479): get AUDIO_MANAGE_POLICY is 2
03-31 16:36:00.106 E/AudioDeviceManagerObserver(  479): Could not parse switch state for /sys/devices/virtual/switch/h2w/state ,fail because /sys/devices/virtual/switch/h2w/state: open failed: ENOENT (No such file or directory)
03-31 16:36:00.107 D/AudioManagerPolicy(  479): no usb audio i=3 size=3
03-31 16:36:00.108 D/BluetoothPan(  680): Proxy object connected
03-31 16:36:00.109 V/TvNotificationHandler(  680): Notification not added because it isn't relevant for tv
03-31 16:36:00.110 D/AudioManagerPolicy(  479): curType4 isHdmiPlugin =true
03-31 16:36:00.112 V/GraphicsEnvironment( 1366): ANGLE Developer option for 'com.android.localtransport' set to: 'default'
03-31 16:36:00.114 V/GraphicsEnvironment( 1366): Neither updatable production driver nor prerelease driver is supported.
03-31 16:36:00.115 I/ContactsPerf( 1238): VoicemailContentProvider.onCreate finish
03-31 16:36:00.114 D/AudioManagerPolicy(  479): hdmi is available on init.
03-31 16:36:00.116 D/AudioManagerPolicy(  479): notifyHdmiAvailable hdmi is available
03-31 16:36:00.116 I/BootReceiver(  479): Copying audit failures to DropBox
03-31 16:36:00.118 I/BootReceiver(  479): Checking for fsck errors
03-31 16:36:00.125 D/NetworkSecurityConfig( 1366): No Network Security Config specified, using platform default
03-31 16:36:00.129 D/NetworkSecurityConfig( 1366): No Network Security Config specified, using platform default
03-31 16:36:00.134 D/CompatibilityChangeReporter(  479): Compat change id reported: 135634846; UID 10019; state: DISABLED
03-31 16:36:00.136 D/CompatibilityChangeReporter(  479): Compat change id reported: 177438394; UID 10019; state: DISABLED
03-31 16:36:00.136 D/CompatibilityChangeReporter(  479): Compat change id reported: 135772972; UID 10019; state: DISABLED
03-31 16:36:00.137 D/CompatibilityChangeReporter(  479): Compat change id reported: 135754954; UID 10019; state: ENABLED
03-31 16:36:00.138 D/CompatibilityChangeReporter(  479): Compat change id reported: 143937733; UID 10019; state: ENABLED
03-31 16:36:00.143 W/UnsafeUtil(  479): platform method missing - proto runtime falling back to safer methods: java.lang.NoSuchMethodException: sun.misc.Unsafe.copyMemory [class java.lang.Object, long, class java.lang.Object, long, long]
03-31 16:36:00.161 D/CompatibilityChangeReporter(  479): Compat change id reported: 149924527; UID 10048; state: ENABLED
03-31 16:36:00.163 D/Zygote  (  244): Forked child process 1444
03-31 16:36:00.169 I/ActivityManager(  479): app.processName = android.process.media
03-31 16:36:00.169 I/ActivityManager(  479): Start proc 1444:android.process.media/u0a19 for content provider {com.android.providers.downloads/com.android.providers.downloads.DownloadProvider}
03-31 16:36:00.170 V/MediaProvider( 1033): onConfigure() for internal.db
03-31 16:36:00.177 V/GraphicsEnvironment( 1324): ANGLE Developer option for 'com.dangbei.lerad.rocky' set to: 'default'
03-31 16:36:00.180 V/MediaProvider( 1033): onOpen() for internal.db
03-31 16:36:00.181 V/MediaProvider( 1033): onOpen() finished for internal.db
03-31 16:36:00.182 V/GraphicsEnvironment( 1324): Neither updatable production driver nor prerelease driver is supported.
03-31 16:36:00.187 I/Zygote  ( 1444): seccomp disabled by setenforce 0
03-31 16:36:00.189 D/NetworkSecurityConfig( 1324): No Network Security Config specified, using platform default
03-31 16:36:00.212 D/NetworkSecurityConfig( 1324): No Network Security Config specified, using platform default
03-31 16:36:00.215 I/MultiDex( 1324): VM with version 2.1.0 has multidex support
03-31 16:36:00.215 I/MultiDex( 1324): Installing application
03-31 16:36:00.215 I/MultiDex( 1324): VM has multidex support, MultiDex support library is disabled.
03-31 16:36:00.219 D/audio_hw_primary(  249): Mic get_audio_devices_active: 
03-31 16:36:00.219 D/audio_hw_primary(  249): get_audio_devices_active: AUDIO_HDMI
03-31 16:36:00.220 D/xm_audio(  249): adev_get_parameters
03-31 16:36:00.220 I/hash_map_utils(  284): system/bt/osi/src/hash_map_utils.cc:81 hash_map_utils_dump_string_keys_string_values: key: 'audio_devices_out_active' value: ''
03-31 16:36:00.221 I/adbd    (  397): jdwp connection from 1444
03-31 16:36:00.221 D/AudioManagerEx(  479): type audio_devices_out_active  list AUDIO_HDMI=
03-31 16:36:00.222 D/AudioManagerEx(  479): AudioManagerEx
03-31 16:36:00.222 D/AudioManagerPolicy(  479): save audio is AUDIO_HDMI
03-31 16:36:00.223 D/AudioManagerPolicy(  479): get AUDIO_MANAGE_POLICY is 2
03-31 16:36:00.223 D/AudioManagerPolicy(  479): +++ not select HDMI Audio Output Device,waiting... +++
03-31 16:36:00.223 D/AudioManagerPolicy(  479): get AUDIO_MANAGE_POLICY is 2
03-31 16:36:00.224 D/audio_hw_primary(  249): getAudioDevices()
03-31 16:36:00.224 D/audio_hw_primary(  249): out dev:AUDIO_CODEC
03-31 16:36:00.224 D/audio_hw_primary(  249): in dev:AUDIO_SPDIF
03-31 16:36:00.224 D/audio_hw_primary(  249): out dev:AUDIO_SPDIF
03-31 16:36:00.224 D/audio_hw_primary(  249): in dev:AUDIO_HDMI
03-31 16:36:00.224 D/audio_hw_primary(  249): out dev:AUDIO_HDMI
03-31 16:36:00.224 D/audio_hw_primary(  249): in dev:AUDIO_I2S2
03-31 16:36:00.224 D/audio_hw_primary(  249): in capture: AUDIO_SPDIF,AUDIO_HDMI,AUDIO_I2S2
03-31 16:36:00.225 D/xm_audio(  249): adev_get_parameters
03-31 16:36:00.225 I/hash_map_utils(  284): system/bt/osi/src/hash_map_utils.cc:81 hash_map_utils_dump_string_keys_string_values: key: 'audio_devices_in' value: ''
03-31 16:36:00.226 D/AudioManagerEx(  479): type audio_devices_in  list AUDIO_SPDIF,AUDIO_HDMI,AUDIO_I2S2=
03-31 16:36:00.226 D/AudioManagerEx(  479): state=audio_devices_in_active,dev=[AUDIO_CODEC]
03-31 16:36:00.226 D/AudioManagerEx(  479): enablePassThrough = true
03-31 16:36:00.227 D/AudioManagerEx(  479):   audio=AUDIO_CODEC
03-31 16:36:00.227 V/audio_hw_primary(  249): adev_set_parameters, audio_devices_in_active=AUDIO_CODEC
03-31 16:36:00.229 V/audio_hw_primary(  249): in AUDIO_PARAMETER_DEVICES_IN_ACTIVE: AUDIO_CODEC
03-31 16:36:00.238 V/audio_hw_primary(  249): set property persist.vendor.audio.input.active: AUDIO_CODEC ok
03-31 16:36:00.240 D/CompatibilityChangeReporter(  479): Compat change id reported: 132649864; UID 10048; state: DISABLED
03-31 16:36:00.250 W/Looper  (  479): Slow dispatch took 201ms main h=android.app.ActivityThread$H c=android.app.LoadedApk$ReceiverDispatcher$Args$$ExternalSyntheticLambda0@8713dd6 m=0
03-31 16:36:00.252 D/AudioDeviceManagerObserver(  479): name: AUDIO_HDMI, state: 0, type: 1
03-31 16:36:00.254 I/TransportClient(  479): LocalTransportService#0: Notifying [TransportManager.registerTransport()] transport = IBackupTransport
03-31 16:36:00.263 I/ActivityManager(  479): com.android.dynsystem is exempt from freezer
03-31 16:36:00.265 D/CompatibilityChangeReporter(  479): Compat change id reported: 135634846; UID 1000; state: DISABLED
03-31 16:36:00.270 D/CompatibilityChangeReporter(  479): Compat change id reported: 182734110; UID 10048; state: DISABLED
03-31 16:36:00.283 D/Zygote  (  244): Forked child process 1473
03-31 16:36:00.289 I/ActivityManager(  479): app.processName = com.android.dynsystem
03-31 16:36:00.289 I/ActivityManager(  479): Start proc 1473:com.android.dynsystem/1000 for broadcast {com.android.dynsystem/com.android.dynsystem.BootCompletedReceiver}
03-31 16:36:00.298 I/Zygote  ( 1473): seccomp disabled by setenforce 0
03-31 16:36:00.304 D/BackupTransportManager(  479): Transport com.android.localtransport/.LocalTransportService registered
03-31 16:36:00.304 D/BackupManagerService(  479): [UserID:0] Transport com.android.localtransport/.LocalTransport registered 3961ms after first request (delay = 3000ms)
03-31 16:36:00.308 D/CountryDetector(  479): The first listener is added
03-31 16:36:00.312 I/ContactsDatabaseHelper( 1238): updateUseStrictPhoneNumberComparison: CN
03-31 16:36:00.334 I/adbd    (  397): jdwp connection from 1473
03-31 16:36:00.340 I/BackupManagerService(  479): [UserID:0] Found 3 stale backup journal(s), scheduling.
03-31 16:36:00.343 I/BackupManagerService(  479): [UserID:0] Stale backup journals: Scheduled 7 package(s) total
03-31 16:36:00.343 D/CompatibilityChangeReporter(  479): Compat change id reported: 168419799; UID 10019; state: DISABLED
03-31 16:36:00.351 I/netd    (  243): bandwidthAddNiceApp(10019) <0.09ms>
03-31 16:36:00.351 D/LocalBluetoothProfileManager(  680): Current Profiles[]
03-31 16:36:00.359 D/CompatibilityChangeReporter( 1444): Compat change id reported: 171979766; UID 10019; state: ENABLED
03-31 16:36:00.372 D/BluetoothMap(  680): getConnectionState(C9:B5:96:5C:E3:ED)
03-31 16:36:00.373 D/RockyApplication( 1324): init: false
03-31 16:36:00.383 I/cr_VariationsUtils( 1095): Failed reading seed file "/data/user/0/com.dangbei.leard.leradlauncher/app_webview/variations_seed_new"
03-31 16:36:00.384 I/cr_VariationsUtils( 1095): Failed reading seed file "/data/user/0/com.dangbei.leard.leradlauncher/app_webview/variations_seed"
03-31 16:36:00.380 I/EventThread(  263): type=1400 audit(0.0:500): avc: denied { search } for name="extcon" dev="sysfs" ino=18102 scontext=u:r:hal_tv_cec_default:s0 tcontext=u:object_r:sysfs_extcon:s0 tclass=dir permissive=1
03-31 16:36:00.432 D/WifiScoreReport(  479): setShouldReduceNetworkScore=false mNetworkAgent is null? true
03-31 16:36:00.432 D/WifiClientModeImpl[wlan0](  479): CMD_START_CONNECT  my state DisconnectedState nid=0 roam=false
03-31 16:36:00.436 E/hq      ( 1095): ErrorCoroutineExceptionHandler:::runTry error:java.net.UnknownHostException: Unable to resolve host "ottdbui-tyapiqun7.yysh.mgtv.com": No address associated with hostname  from=requestUserAgreement
03-31 16:36:00.436 E/UserProtocolInterceptorImpl( 1095): isAgree: 20210615  20210615  true
03-31 16:36:00.437 E/UserProtocolInterceptorImpl( 1095): version===>0
03-31 16:36:00.442 E/WifiBlocklistMonitor(  479): Invalid max BSSID blocklist size:  0
03-31 16:36:00.447 W/LastMileLogger(  479): Failed to open free_buffer pseudo-file: /sys/kernel/debug/tracing/instances/wifi/free_buffer: open failed: ENOENT (No such file or directory)
03-31 16:36:00.447 W/LastMileLogger(  479): Failed to arm fail-safe.
03-31 16:36:00.448 I/WifiClientModeImpl[wlan0](  479): Connecting with b4:2f:03:15:e4:ce as the mac address
03-31 16:36:00.449 W/wificond(  365): Scan is not started. Ignore abort request
03-31 16:36:00.449 D/SupplicantStaIfaceHal(  479): connectToNetwork "DB-machines2.4G"WPA_PSK
03-31 16:36:00.450 I/SupplicantStaIfaceHal(  479): addSupplicantStaNetwork via HIDL
03-31 16:36:00.457 W/eventbuscore( 1095): post Event:com.dangbei.leard.base.entity.event.NetWifiRssiEvent
03-31 16:36:00.459 W/eventbuscore( 1095): post Event:com.dangbei.leard.base.entity.event.ModularMountEvent
03-31 16:36:00.463 E/hq      ( 1095): USBReceiver:::USBReceiver onReceive: list=1
03-31 16:36:00.463 D/CompatibilityChangeReporter(  479): Compat change id reported: 149924527; UID 10074; state: ENABLED
03-31 16:36:00.466 E/ccc     ( 1051): cccccc etnaService addListener com.dangbei.lerad.etna.aidl.IEtnaAidlListener$Stub$Proxy@abb0559 com.dangbei.leard.leradlauncher
03-31 16:36:00.467 E/hq      ( 1095): Etna:::etnaClient connectState=true
03-31 16:36:00.468 E/hq      ( 1095): AdHelper:::启动延迟检查，支持广告的最长播放时间：25000   isLoadAd=false
03-31 16:36:00.469 D/OsInitLaunch( 1095): send cache: launchAd, playAd, start, null
03-31 16:36:00.474 D/CompatibilityChangeReporter(  479): Compat change id reported: 132649864; UID 10074; state: DISABLED
03-31 16:36:00.474 I/dangbei ad sdk( 1095): ADSDK::play splash ad
03-31 16:36:00.478 I/CallLogProvider( 1238): Syncing call composer pics -- source user=0, isShadow=true, forAllUser=false
01-01 08:00:30.307 I/binder  (   34): undelivered transaction 24822, process died.
03-31 16:36:00.480 D/BluetoothPbapService(  673): getConnectionState: C9:B5:96:5C:E3:ED
03-31 16:36:00.396 I/preinstall.sh( 1504): type=1400 audit(0.0:501): avc: denied { execute_no_trans } for path="/system/bin/pm" dev="dm-0" ino=1162 scontext=u:r:system_server:s0 tcontext=u:object_r:system_file:s0 tclass=file permissive=1
03-31 16:36:00.488 I/dangbei ad sdk( 1095): AdSplashView::show offline ad
03-31 16:36:00.499 D/SupplicantStaNetworkHal(  479): The target security params: Security Parameters:
03-31 16:36:00.499 D/SupplicantStaNetworkHal(  479):  Type: 2
03-31 16:36:00.499 D/SupplicantStaNetworkHal(  479):  Enabled: true
03-31 16:36:00.499 D/SupplicantStaNetworkHal(  479):  KeyMgmt: WPA_PSK
03-31 16:36:00.499 D/SupplicantStaNetworkHal(  479):  Protocols: WPA RSN
03-31 16:36:00.499 D/SupplicantStaNetworkHal(  479):  AuthAlgorithms:
03-31 16:36:00.499 D/SupplicantStaNetworkHal(  479):  PairwiseCiphers: TKIP CCMP
03-31 16:36:00.499 D/SupplicantStaNetworkHal(  479):  GroupCiphers: WEP40 WEP104 TKIP CCMP
03-31 16:36:00.499 D/SupplicantStaNetworkHal(  479):  GroupMgmtCiphers:
03-31 16:36:00.499 D/SupplicantStaNetworkHal(  479):  SuiteBCiphers:
03-31 16:36:00.499 D/SupplicantStaNetworkHal(  479):  RequirePmf: false
03-31 16:36:00.499 D/SupplicantStaNetworkHal(  479):  IsAddedByAutoUpgrade: false
03-31 16:36:00.499 D/SupplicantStaNetworkHal(  479):  IsSaeH2eOnlyMode: false
03-31 16:36:00.499 D/SupplicantStaNetworkHal(  479):  IsSaePkOnlyMode: false
03-31 16:36:00.499 I/CallLogProvider( 1238): Fetching list of Uris to sync
03-31 16:36:00.436 I/Thread-15( 1095): type=1400 audit(0.0:502): avc: denied { read } for name="address" dev="sysfs" ino=25874 scontext=u:r:system_app:s0 tcontext=u:object_r:sysfs:s0 tclass=file permissive=1
03-31 16:36:00.525 W/IorapForwardingService(  479): No service published for: iorapd
03-31 16:36:00.527 D/BufferPoolAccessor2.0(  479): bufferpool2 0xea902998 : 0(0 size) total buffers - 0(0 size) used buffers - 2/7 (recycle/alloc) - 5/68 (fetch/transfer)
03-31 16:36:00.527 D/BufferPoolAccessor2.0(  479): evictor expired: 1, evicted: 1
03-31 16:36:00.528 D/LocalBluetoothProfileManager(  680): New Profiles[HID]
03-31 16:36:00.530 D/RockyManager( 1324): initFarWakeStatus    isMainFarSwitch: false
03-31 16:36:00.539 E/hq      ( 1095): AdHelper:::notFetchAd: main
03-31 16:36:00.539 E/hq      ( 1095): AdHelper:::onComplete:main
03-31 16:36:00.539 E/hq      ( 1095): AdHelper:::adFinish: com.dangbei.launcher.home.callback.LauncherCallback$onAttach$1$1@69451e2
03-31 16:36:00.540 E/hq      ( 1095): LauncherCallback:::onDetach
03-31 16:36:00.541 E/hq      ( 1095): AdHelper:::handleFinishAd: true
03-31 16:36:00.543 D/BufferPoolAccessor2.0(  387): bufferpool2 0xef478318 : 0(0 size) total buffers - 0(0 size) used buffers - 29/32 (recycle/alloc) - 3/31 (fetch/transfer)
03-31 16:36:00.543 D/BufferPoolAccessor2.0(  387): evictor expired: 1, evicted: 1
03-31 16:36:00.551 I/RockyManager( 1324): isFarWake: false
03-31 16:36:00.564 V/GraphicsEnvironment( 1444): ANGLE Developer option for 'com.android.providers.downloads' set to: 'default'
03-31 16:36:00.564 V/GraphicsEnvironment( 1444): Neither updatable production driver nor prerelease driver is supported.
03-31 16:36:00.566 D/NetworkSecurityConfig( 1444): No Network Security Config specified, using platform default
03-31 16:36:00.567 D/NetworkSecurityConfig( 1444): No Network Security Config specified, using platform default
03-31 16:36:00.568 D/CompatibilityChangeReporter( 1473): Compat change id reported: 171979766; UID 1000; state: ENABLED
03-31 16:36:00.571 E/DangXiaoBeiManager( 1095): setMessageList: false
03-31 16:36:00.571 E/hq      ( 1095): 当小贝:::显示消息type=SIMPLE_TEXT ,data.isShowInCur=false  ,delay=60000 ,message.mandatoryMessage=null  , message=null  
03-31 16:36:00.571 E/hq      ( 1095): 当小贝:::当前显示了消息，不显示新消息 
03-31 16:36:00.579 D/CachedBluetoothDevice(  680): updating profiles for Dangbei
03-31 16:36:00.588 W/ContextImpl( 1324): Calling a method in the system process without a qualified user: android.app.ContextImpl.startService:1816 android.content.ContextWrapper.startService:774 com.cvte.tv.api.TvApiSDKManager.<init>:177 com.cvte.tv.api.TvApiSDKManager.init:217 com.dangbei.rocky.component.system.SystemControlUtils.initSystemAidl:82 
03-31 16:36:00.593 W/ActivityManager(  479): Unable to start service Intent { act=com.cvte.tv.api.TV_API_SERVICE pkg=com.cvte.tv.api.impl } U=0: not found
01-01 08:00:30.424 W/audit   ( 1286): audit_lost=101 audit_rate_limit=5 audit_backlog_limit=64
03-31 16:36:00.605 W/ContextImpl( 1324): Calling a method in the system process without a qualified user: android.app.ContextImpl.bindService:1895 android.content.ContextWrapper.bindService:810 com.cvte.tv.api.TvApiSDKManager.<init>:178 com.cvte.tv.api.TvApiSDKManager.init:217 com.dangbei.rocky.component.system.SystemControlUtils.initSystemAidl:82 
03-31 16:36:00.608 V/CachedBluetoothDevice(  680): Class: 1f00
03-31 16:36:00.609 V/CachedBluetoothDevice(  680): UUID:
03-31 16:36:00.609 V/CachedBluetoothDevice(  680):   00001812-0000-1000-8000-00805f9b34fb
01-01 08:00:30.453 E/audit   ( 1286): rate limit exceeded
03-31 16:36:00.436 I/Thread-15( 1095): type=1400 audit(0.0:503): avc: denied { open } for path="/sys/devices/platform/unisoc_wifi/net/wlan1/address" dev="sysfs" ino=25874 scontext=u:r:system_app:s0 tcontext=u:object_r:sysfs:s0 tclass=file permissive=1
03-31 16:36:00.436 I/Thread-15( 1095): type=1400 audit(0.0:504): avc: denied { getattr } for path="/sys/devices/platform/unisoc_wifi/net/wlan1/address" dev="sysfs" ino=25874 scontext=u:r:system_app:s0 tcontext=u:object_r:sysfs:s0 tclass=file permissive=1
03-31 16:36:00.612 D/MusicProvider( 1234): Failed to move cursor to first row (no query result)
03-31 16:36:00.612 W/ActivityManager(  479): Unable to start service Intent { act=com.cvte.tv.api.TV_API_SERVICE pkg=com.cvte.tv.api.impl } U=0: not found
03-31 16:36:00.617 V/GraphicsEnvironment( 1473): ANGLE Developer option for 'com.android.dynsystem' set to: 'default'
03-31 16:36:00.617 V/GraphicsEnvironment( 1473): Neither updatable production driver nor prerelease driver is supported.
03-31 16:36:00.618 D/NetworkSecurityConfig( 1473): No Network Security Config specified, using platform default
03-31 16:36:00.619 D/NetworkSecurityConfig( 1473): No Network Security Config specified, using platform default
03-31 16:36:00.624 D/TvApiSDKManager( 1324): getTvApi getSystemService = false
03-31 16:36:00.624 D/TvApiSDKManager( 1324): getTvApi startService
03-31 16:36:00.624 I/ActivityManager(  479): com.android.dynsystem is exempt from freezer
03-31 16:36:00.624 W/ContextImpl( 1324): Calling a method in the system process without a qualified user: android.app.ContextImpl.startService:1816 android.content.ContextWrapper.startService:774 com.cvte.tv.api.TvApiSDKManager.getTvApi:361 com.dangbei.rocky.component.system.SystemControlUtils.initSystemAidl:83 com.dangbei.rocky.component.system.SystemComponent.onAttached:38 
