05-30 19:11:58.916  9683  9683 W ServiceManagerCppClient: Waited one second for android.hardware.tv.tuner.ITuner/default (is service started? Number of threads started in the threadpool: 0. Are binder threads started and available?)
05-30 19:11:58.921   229 11503 W libc    : Unable to set property "ctl.interface_start" to "aidl/android.hardware.tv.tuner.ITuner/default": error code: 0x20
05-30 19:11:59.054   303 11499 D MesonDisplay: read /sys/class/amhdmitx/amhdmitx0/hdcp_lstore, result length:0, val:
05-30 19:11:59.340  9613  9694 D ActivityManager: freezing 10874 com.android.providers.tv
05-30 19:11:59.919  9683  9683 W ServiceManagerCppClient: Waited one second for android.hardware.tv.tuner.ITuner/default (is service started? Number of threads started in the threadpool: 0. Are binder threads started and available?)
05-30 19:11:59.925   229 11505 W libc    : Unable to set property "ctl.interface_start" to "aidl/android.hardware.tv.tuner.ITuner/default": error code: 0x20
05-30 19:12:00.055   303 11499 D MesonDisplay: read /sys/class/amhdmitx/amhdmitx0/hdcp_lstore, result length:0, val:
05-30 19:12:00.384  9613  9626 I WifiService: startScan uid=1000
05-30 19:12:00.386 11267 11267 E ccc     : cccccc i will start scan
05-30 19:12:00.394  9613  9739 D InstantWifi: Drop, size: 1
05-30 19:12:00.504   557   571 I WifiHAL : call wifi_get_link_stats handler
05-30 19:12:00.505   557   571 I WifiHAL : Creating message to get link statistics; iface = 16
05-30 19:12:00.505   557   571 D WifiHAL : error code -95 mapped to -3
05-30 19:12:00.505  9613  9735 E WifiStaIfaceAidlImpl: getLinkLayerStats failed with service-specific exception: android.os.ServiceSpecificException:  (code 4)
05-30 19:12:00.922  9683  9683 W ServiceManagerCppClient: Waited one second for android.hardware.tv.tuner.ITuner/default (is service started? Number of threads started in the threadpool: 0. Are binder threads started and available?)
05-30 19:12:00.928   229 11507 W libc    : Unable to set property "ctl.interface_start" to "aidl/android.hardware.tv.tuner.ITuner/default": error code: 0x20
05-30 19:12:01.055   303 11499 D MesonDisplay: read /sys/class/amhdmitx/amhdmitx0/hdcp_lstore, result length:0, val:
05-30 19:12:01.446  9613  9787 D ActivityManager: sync unfroze 10798 com.android.permissioncontroller for 6
05-30 19:12:01.447  9613  9787 D OomAdjuster: Not killing cached processes
05-30 19:12:01.455 10798 10826 I PermissionControllerServiceImpl: Updating user sensitive for user 0
05-30 19:12:01.926  9683  9683 W ServiceManagerCppClient: Waited one second for android.hardware.tv.tuner.ITuner/default (is service started? Number of threads started in the threadpool: 0. Are binder threads started and available?)
05-30 19:12:01.931   229 11511 W libc    : Unable to set property "ctl.interface_start" to "aidl/android.hardware.tv.tuner.ITuner/default": error code: 0x20
05-30 19:12:02.055   303 11499 D MesonDisplay: read /sys/class/amhdmitx/amhdmitx0/hdcp_lstore, result length:0, val:
05-30 19:12:02.180 10201 10201 I adbd    : type=1400 audit(0.0:3177): avc:  denied  { write } for  path="socket:[111472]" dev="sockfs" ino=111472 scontext=u:r:su:s0 tcontext=u:r:adbd:s0 tclass=unix_stream_socket permissive=1
05-30 19:12:02.180 10201 10201 I adbd    : type=1400 audit(0.0:3178): avc:  denied  { read } for  path="socket:[111473]" dev="sockfs" ino=111473 scontext=u:r:su:s0 tcontext=u:r:adbd:s0 tclass=unix_stream_socket permissive=1
05-30 19:12:02.929  9683  9683 W ServiceManagerCppClient: Waited one second for android.hardware.tv.tuner.ITuner/default (is service started? Number of threads started in the threadpool: 0. Are binder threads started and available?)
05-30 19:12:02.935   229 11513 W libc    : Unable to set property "ctl.interface_start" to "aidl/android.hardware.tv.tuner.ITuner/default": error code: 0x20
05-30 19:12:03.056   303 11499 D MesonDisplay: read /sys/class/amhdmitx/amhdmitx0/hdcp_lstore, result length:0, val:
05-30 19:12:03.088  9613  9626 D WifiNl80211Manager: Scan result ready event
05-30 19:12:03.089  9613  9626 D WifiNative: Scan result ready event
05-30 19:12:03.101  9613  9739 W IE_Capabilities: Unknown RSN cipher suite: 6ac0f00
05-30 19:12:03.104  9613  9739 D WificondScannerImpl: Filtering out 2 scan results.
05-30 19:12:03.141  9613  9735 D PasspointManager: ANQP entry not found for: 50:33:f0:5b:7e:a2:<ChinaNet-Szq2>
05-30 19:12:03.141  9613  9735 D PasspointManager: ANQP entry not found for: 10:7c:61:1a:4b:90:<2>
05-30 19:12:03.142 11267 11399 E ccc     : cccccc SCAN_RESULTS_AVAILABLE_ACTION hhhh
05-30 19:12:03.143  9613  9735 D PasspointManager: ANQP entry not found for: 52:33:f0:3b:7e:a2:<ChinaNet-Szq2-5G>
05-30 19:12:03.143  9613  9735 D PasspointManager: ANQP entry not found for: 10:7c:61:1a:4b:94:<5G>
05-30 19:12:03.144 10291 10291 E hq      : NetWorkStateReceiver:::NetWorkStateReceiver onReceive: 网络变化广播 >>>> intent.action=android.net.wifi.SCAN_RESULTS
05-30 19:12:03.147   557   571 I WifiHAL : call wifi_get_link_stats handler
05-30 19:12:03.147   557   571 I WifiHAL : Creating message to get link statistics; iface = 16
05-30 19:12:03.147   557   571 D WifiHAL : error code -95 mapped to -3
05-30 19:12:03.147  9613  9735 E WifiStaIfaceAidlImpl: getLinkLayerStats failed with service-specific exception: android.os.ServiceSpecificException:  (code 4)
05-30 19:12:03.160 11267 11399 E ccc     : cccccc result is not empty call back
05-30 19:12:03.160 11267 11399 E ccc     : cccccc 666666666666666
05-30 19:12:03.162 10291 10291 W eventbuscore: post Event:com.dangbei.leard.base.entity.event.NetWifiRssiEvent
05-30 19:12:03.173 11267 11399 E ccc     : cccccc sort 2 46
05-30 19:12:03.509   557   571 I WifiHAL : call wifi_get_link_stats handler
05-30 19:12:03.509   557   571 I WifiHAL : Creating message to get link statistics; iface = 16
05-30 19:12:03.509   557   571 D WifiHAL : error code -95 mapped to -3
05-30 19:12:03.510  9613  9735 E WifiStaIfaceAidlImpl: getLinkLayerStats failed with service-specific exception: android.os.ServiceSpecificException:  (code 4)
05-30 19:12:03.649 10543 11364 D TrafficStats: tagSocket(228) with statsTag=0xffffffff, statsUid=-1
05-30 19:12:03.933  9683  9683 W ServiceManagerCppClient: Waited one second for android.hardware.tv.tuner.ITuner/default (is service started? Number of threads started in the threadpool: 0. Are binder threads started and available?)
05-30 19:12:03.939   229 11515 W libc    : Unable to set property "ctl.interface_start" to "aidl/android.hardware.tv.tuner.ITuner/default": error code: 0x20
05-30 19:12:04.056   303 11499 D MesonDisplay: read /sys/class/amhdmitx/amhdmitx0/hdcp_lstore, result length:0, val:
05-30 19:12:04.936  9683  9683 W ServiceManagerCppClient: Waited one second for android.hardware.tv.tuner.ITuner/default (is service started? Number of threads started in the threadpool: 0. Are binder threads started and available?)
05-30 19:12:04.941   229 11518 W libc    : Unable to set property "ctl.interface_start" to "aidl/android.hardware.tv.tuner.ITuner/default": error code: 0x20
05-30 19:12:05.056   303 11499 D MesonDisplay: read /sys/class/amhdmitx/amhdmitx0/hdcp_lstore, result length:0, val:
05-30 19:12:05.939  9683  9683 W ServiceManagerCppClient: Waited one second for android.hardware.tv.tuner.ITuner/default (is service started? Number of threads started in the threadpool: 0. Are binder threads started and available?)
05-30 19:12:05.944   229 11520 W libc    : Unable to set property "ctl.interface_start" to "aidl/android.hardware.tv.tuner.ITuner/default": error code: 0x20
05-30 19:12:06.057   303 11499 D MesonDisplay: read /sys/class/amhdmitx/amhdmitx0/hdcp_lstore, result length:0, val:
05-30 19:12:06.106  9613  9674 W BatteryExternalStatsWorker: error reading Bluetooth stats: 11
05-30 19:12:06.515   557   571 I WifiHAL : call wifi_get_link_stats handler
05-30 19:12:06.515   557   571 I WifiHAL : Creating message to get link statistics; iface = 16
05-30 19:12:06.515   557   571 D WifiHAL : error code -95 mapped to -3
05-30 19:12:06.515  9613  9735 E WifiStaIfaceAidlImpl: getLinkLayerStats failed with service-specific exception: android.os.ServiceSpecificException:  (code 4)
05-30 19:12:06.942  9683  9683 W ServiceManagerCppClient: Waited one second for android.hardware.tv.tuner.ITuner/default (is service started? Number of threads started in the threadpool: 0. Are binder threads started and available?)
05-30 19:12:06.948   229 11522 W libc    : Unable to set property "ctl.interface_start" to "aidl/android.hardware.tv.tuner.ITuner/default": error code: 0x20
05-30 19:12:07.017  9613  9698 D OomAdjuster: Not killing cached processes
05-30 19:12:07.021 10415 10415 D bbb     : onStartCommand begin !!!!!!! data分区剩余 54619MB
05-30 19:12:07.023  9613  9674 D CompatibilityChangeReporter: Compat change id reported: 171306433; UID 1000; state: ENABLED
05-30 19:12:07.024  9613  9674 D CompatibilityChangeReporter: Compat change id reported: 218533173; UID 1000; state: ENABLED
05-30 19:12:07.057   303 11499 D MesonDisplay: read /sys/class/amhdmitx/amhdmitx0/hdcp_lstore, result length:0, val:
05-30 19:12:07.659  9613  9624 W System  : A resource failed to call release. 
05-30 19:12:07.827 10543 10651 I efs.base: lt=event`ev_ct=efs_core`ev_ac=req_succ_rate`tm=2025-05-30 19:12:82`dn=e51a988b-54c8-4375-8782-b9f92d3b202a`ps=com.dangbei.screencast`um_os=android`stime=1748603467631`pid=10543`fr=android`pkg=com.dangbei.screencast`vcode=20830`dsp_w=1920`path=https://errlog.umeng.com/apm_cc`uid=e51a988b-54c8-4375-8782-b9f92d3b202a`rom=14`wid=e51a988b-54c8-4375-8782-b9f92d3b202a`um_app_carrier=`um_access=unknow`um_app_channel=os`um_crash_sdk_version=1.4.0`ctime=1748603527`model=dbbox-a3`lang=zh`net=wifi`brand=amlogic`dsp_h=1080`um_network_type=0`ver=v2.8.3`cnt=1`rep_code=200`px_code=0`build_model=DBBOX-A3`w_tm=1748603527`appid=5fc60c21094d637f3130af19`um_umid_header=ai213f134a525eaf6337aeffaab372c5e9`sdk=34`tzone=Asia/Shanghai`sdk_ver=1.3.6.umeng
05-30 19:12:07.946  9683  9683 W ServiceManagerCppClient: Waited one second for android.hardware.tv.tuner.ITuner/default (is service started? Number of threads started in the threadpool: 0. Are binder threads started and available?)
05-30 19:12:07.951   229 11526 W libc    : Unable to set property "ctl.interface_start" to "aidl/android.hardware.tv.tuner.ITuner/default": error code: 0x20
05-30 19:12:07.961 10543 10651 D TrafficStats: tagSocket(134) with statsTag=0xffffffff, statsUid=-1
05-30 19:12:08.057   303 11499 D MesonDisplay: read /sys/class/amhdmitx/amhdmitx0/hdcp_lstore, result length:0, val:
05-30 19:12:08.058   303 11499 D MesonDisplay: read /sys/class/amhdmitx/amhdmitx0/hdcp_lstore, result length:0, val:
05-30 19:12:08.058   303 11499 I MesonDisplay: [/HDCPTxAuth.cpp, authInit, 223] hdcp_tx key:
05-30 19:12:08.148 10543 10651 I efs.base: wa upload succ, HttpResponse {succ=true, code=200, data='暂不支持该服务', extra={req_url=https://errlog.umeng.com/api/crashsdk/logcollect}}
05-30 19:12:08.518  9613  9674 I ActivityManager: Background started FGS: Allowed [callingPackage: com.dangbei.screencast; callingUid: 10044; uidState: FGS ; uidBFSL: [BFSL]; intent: Intent { cmp=com.dangbei.screencast/.startup.GuardService }; code:PROC_STATE_FGS; tempAllowListReason:<null>; targetSdkVersion:28; callerTargetSdkVersion:28; startForegroundCount:0; bindFromPackage:null: isBindService:false]
05-30 19:12:08.521  9613  9674 D CompatibilityChangeReporter: Compat change id reported: 135634846; UID 10044; state: DISABLED
05-30 19:12:08.522  9613  9643 D CompatibilityChangeReporter: Compat change id reported: 143937733; UID 10044; state: DISABLED
05-30 19:12:08.542  9492  9492 D Zygote  : Forked child process 11530
05-30 19:12:08.542  9613  9746 I serviceDiscovery: [MdnsAdvertiser] Removing service with ID 4
05-30 19:12:08.543  9613  9643 I ActivityManager: Start proc 11530:com.dangbei.screencast:bg_guard/u0a44 for service {com.dangbei.screencast/com.dangbei.screencast.startup.GuardService}
05-30 19:12:08.546  9613  9746 I serviceDiscovery: [MdnsAdvertiser] Removing service with ID 5
05-30 19:12:08.546 10543 11336 W System.err: java.net.SocketException: Socket closed
05-30 19:12:08.546 10543 11336 W System.err: 	at java.net.PlainSocketImpl.socketAccept(PlainSocketImpl.java:213)
05-30 19:12:08.546 10543 11336 W System.err: 	at java.net.AbstractPlainSocketImpl.accept(AbstractPlainSocketImpl.java:451)
05-30 19:12:08.546 10543 11336 W System.err: 	at java.net.ServerSocket.implAccept(ServerSocket.java:569)
05-30 19:12:08.546 10543 11336 W System.err: 	at java.net.ServerSocket.accept(ServerSocket.java:537)
05-30 19:12:08.546 10543 11336 W System.err: 	at b.f.f.t.f.run(Unknown Source:40)
05-30 19:12:08.546 10543 11336 W System.err: 	at java.lang.Thread.run(Thread.java:1012)
05-30 19:12:08.549 10543 11532 W UpnpServiceImpl: >>> Shutting down UPnP service...
05-30 19:12:08.551  9613  9746 I serviceDiscovery: [MdnsAdvertiser] Removing service with ID 3
05-30 19:12:08.555 10543 11328 W AbstractChannel: Can't invoke task later as EventLoop rejected it
05-30 19:12:08.555 10543 11328 W AbstractChannel: java.util.concurrent.RejectedExecutionException: event executor terminated
05-30 19:12:08.555 10543 11328 W AbstractChannel: 	at io.netty.util.concurrent.SingleThreadEventExecutor.reject(Unknown Source:4)
05-30 19:12:08.555 10543 11328 W AbstractChannel: 	at io.netty.util.concurrent.SingleThreadEventExecutor.offerTask(Unknown Source:6)
05-30 19:12:08.555 10543 11328 W AbstractChannel: 	at io.netty.util.concurrent.SingleThreadEventExecutor.addTask(Unknown Source:5)
05-30 19:12:08.555 10543 11328 W AbstractChannel: 	at io.netty.util.concurrent.SingleThreadEventExecutor.execute(Unknown Source:4)
05-30 19:12:08.555 10543 11328 W AbstractChannel: 	at io.netty.util.concurrent.SingleThreadEventExecutor.execute(Unknown Source:18)
05-30 19:12:08.555 10543 11328 W AbstractChannel: 	at io.netty.channel.AbstractChannel$AbstractUnsafe.invokeLater(Unknown Source:6)
05-30 19:12:08.555 10543 11328 W AbstractChannel: 	at io.netty.channel.AbstractChannel$AbstractUnsafe.deregister(Unknown Source:24)
05-30 19:12:08.555 10543 11328 W AbstractChannel: 	at io.netty.channel.AbstractChannel$AbstractUnsafe.fireChannelInactiveAndDeregister(Unknown Source:17)
05-30 19:12:08.555 10543 11328 W AbstractChannel: 	at io.netty.channel.AbstractChannel$AbstractUnsafe.close(Unknown Source:112)
05-30 19:12:08.555 10543 11328 W AbstractChannel: 	at io.netty.channel.AbstractChannel$AbstractUnsafe.close(Unknown Source:12)
05-30 19:12:08.555 10543 11328 W AbstractChannel: 	at io.netty.channel.nio.NioEventLoop.closeAll(Unknown Source:86)
05-30 19:12:08.555 10543 11328 W AbstractChannel: 	at io.netty.channel.nio.NioEventLoop.run(Unknown Source:202)
05-30 19:12:08.555 10543 11328 W AbstractChannel: 	at io.netty.util.concurrent.SingleThreadEventExecutor$4.run(Unknown Source:41)
05-30 19:12:08.555 10543 11328 W AbstractChannel: 	at io.netty.util.internal.ThreadExecutorMap$2.run(Unknown Source:8)
05-30 19:12:08.555 10543 11328 W AbstractChannel: 	at io.netty.util.concurrent.FastThreadLocalRunnable.run(Unknown Source:2)
05-30 19:12:08.555 10543 11328 W AbstractChannel: 	at java.lang.Thread.run(Thread.java:1012)
05-30 19:12:08.556 11530 11530 I Zygote  : seccomp disabled by setenforce 0
05-30 19:12:08.565 11530 11530 I encast:bg_guard: Using CollectorTypeCC GC.
05-30 19:12:08.567 10543 10729 E raop    : httpd_stop running 1 joined 0
05-30 19:12:08.567 10543 10729 E raop    : httpd_stop connection->socket_fd=0
05-30 19:12:08.567 10543 10729 E raop    : httpd_stop connection->socket_fd=0
05-30 19:12:08.567 10543 10729 E raop    : httpd_stop connection->socket_fd=0
05-30 19:12:08.567 10543 10729 E raop    : httpd_stop connection->socket_fd=0
05-30 19:12:08.567 10543 10729 E raop    : httpd_stop connection->socket_fd=0
05-30 19:12:08.567 10543 10729 E raop    : httpd_stop connection->socket_fd=0
05-30 19:12:08.567 10543 10729 E raop    : httpd_stop connection->socket_fd=0
05-30 19:12:08.567 10543 10729 E raop    : httpd_stop connection->socket_fd=0
05-30 19:12:08.567 10543 10729 E raop    : httpd_stop connection->socket_fd=0
05-30 19:12:08.567 10543 10729 E raop    : httpd_stop connection->socket_fd=0
05-30 19:12:08.571 11530 11530 E encast:bg_guard: Not starting debugger since process cannot load the jdwp agent.
05-30 19:12:08.568 10201 10201 I adbd    : type=1400 audit(0.0:3179): avc:  denied  { use } for  path="anon_inode:[eventfd]" dev="anon_inodefs" ino=10204 scontext=u:r:su:s0 tcontext=u:r:adbd:s0 tclass=fd permissive=1
05-30 19:12:08.576 11131 11131 I rainbow_flow: type=1400 audit(0.0:3180): avc:  denied  { ioctl } for  path="/dev/spidev1.0" dev="tmpfs" ino=533 ioctlcmd=0x6b00 scontext=u:r:init:s0 tcontext=u:object_r:device:s0 tclass=chr_file permissive=1
05-30 19:12:08.584  9613  9674 D CompatibilityChangeReporter: Compat change id reported: 168419799; UID 10044; state: DISABLED
05-30 19:12:08.585  9613  9674 D CompatibilityChangeReporter: Compat change id reported: 273564678; UID 10044; state: DISABLED
05-30 19:12:08.589 11530 11530 D CompatibilityChangeReporter: Compat change id reported: 171979766; UID 10044; state: DISABLED
05-30 19:12:08.590 11530 11530 D CompatibilityChangeReporter: Compat change id reported: 242716250; UID 10044; state: DISABLED
05-30 19:12:08.593  9613  9674 D CompatibilityChangeReporter: Compat change id reported: 170503758; UID 10044; state: DISABLED
05-30 19:12:08.595 11530 11530 D ApplicationLoaders: Returning zygote-cached class loader: /system/framework/android.test.base.jar
05-30 19:12:08.595 11530 11530 D ApplicationLoaders: Returning zygote-cached class loader: /system/framework/android.hidl.manager-V1.0-java.jar
05-30 19:12:08.595 11530 11530 D ApplicationLoaders: Returning zygote-cached class loader: /system/framework/android.hidl.base-V1.0-java.jar
05-30 19:12:08.605 11530 11530 D nativeloader: Configuring clns-shared-4 for other apk /system/app/dangbei-screencast/dangbei-screencast.apk. target_sdk_version=28, uses_libraries=, library_path=/system/app/dangbei-screencast/lib/arm:/system/app/dangbei-screencast/dangbei-screencast.apk!/lib/armeabi-v7a:/system/lib:/system_ext/lib, permitted_path=/data:/mnt/expand:/data/user/0/com.dangbei.screencast:/system/app/dangbei-screencast:/system/lib:/system_ext/lib
05-30 19:12:08.629 11530 11530 V GraphicsEnvironment: Currently set values for:
05-30 19:12:08.630 11530 11530 V GraphicsEnvironment:   angle_gl_driver_selection_pkgs=[]
05-30 19:12:08.630 11530 11530 V GraphicsEnvironment:   angle_gl_driver_selection_values=[]
05-30 19:12:08.631 11530 11530 V GraphicsEnvironment: ANGLE GameManagerService for com.dangbei.screencast: false
05-30 19:12:08.631 11530 11530 V GraphicsEnvironment: com.dangbei.screencast is not listed in per-application setting
05-30 19:12:08.631 11530 11530 V GraphicsEnvironment: Neither updatable production driver nor prerelease driver is supported.
05-30 19:12:08.636 11530 11530 I MultiDex: VM with version 2.1.0 has multidex support
05-30 19:12:08.636 11530 11530 I MultiDex: Installing application
05-30 19:12:08.636 11530 11530 I MultiDex: VM has multidex support, MultiDex support library is disabled.
05-30 19:12:08.638 11530 11530 D CompatibilityChangeReporter: Compat change id reported: 247079863; UID 10044; state: DISABLED
05-30 19:12:08.646  9613  9674 D CompatibilityChangeReporter: Compat change id reported: 161145287; UID 10044; state: DISABLED
05-30 19:12:08.664 11530 11530 I encast:bg_guard: type=1400 audit(0.0:3181): avc:  denied  { search } for  name="net" dev="sysfs" ino=12344 scontext=u:r:untrusted_app_27:s0:c44,c256,c512,c768 tcontext=u:object_r:sysfs_net:s0 tclass=dir permissive=1 app=com.dangbei.screencast
05-30 19:12:08.685 11530 11530 I TDLog   :  setReportUncaughtExceptions: true
05-30 19:12:08.686 11530 11530 E Application: onCreate:Version:v2.8.3/20830/883432e
05-30 19:12:08.688 11530 11572 I crashsdk: version unique build id: 6230cced
05-30 19:12:08.690 11530 11579 I crashsdk: version unique build id: 6230cced
05-30 19:12:08.684 11530 11530 I Thread-3: type=1400 audit(0.0:3182): avc:  denied  { read } for  name="version" dev="proc" ino=4026532005 scontext=u:r:untrusted_app_27:s0:c44,c256,c512,c768 tcontext=u:object_r:proc_version:s0 tclass=file permissive=1 app=com.dangbei.screencast
05-30 19:12:08.693 11530 11572 I crashsdk: begin hack android.os.Process
05-30 19:12:08.693 11530 11572 I crashsdk: end hack android.os.Process
05-30 19:12:08.694 11530 11582 D crashsdk: Native log stat thread 11582 setup, waiting
05-30 19:12:08.684 11530 11530 I Thread-3: type=1400 audit(0.0:3183): avc:  denied  { open } for  path="/proc/version" dev="proc" ino=4026532005 scontext=u:r:untrusted_app_27:s0:c44,c256,c512,c768 tcontext=u:object_r:proc_version:s0 tclass=file permissive=1 app=com.dangbei.screencast
05-30 19:12:08.697 11530 11530 I crashsdk: Catcher mask: 5000, 20480
05-30 19:12:08.698 11530 11530 I crashsdk: Catcher thread 11558
05-30 19:12:08.698 11530 11530 D crashsdk: Register ANR handler ...
05-30 19:12:08.684 11530 11530 I Thread-3: type=1400 audit(0.0:3184): avc:  denied  { getattr } for  path="/proc/version" dev="proc" ino=4026532005 scontext=u:r:untrusted_app_27:s0:c44,c256,c512,c768 tcontext=u:object_r:proc_version:s0 tclass=file permissive=1 app=com.dangbei.screencast
05-30 19:12:08.704  9613  9958 D CompatibilityChangeReporter: Compat change id reported: 170668199; UID 10044; state: DISABLED
05-30 19:12:08.704  9613  9958 W ActivityManager: Foreground service started from background can not have location/camera/microphone access: service com.dangbei.screencast/.startup.GuardService
05-30 19:12:08.705  9613  9958 D CompatibilityChangeReporter: Compat change id reported: 255038118; UID 10044; state: DISABLED
05-30 19:12:08.705  9613  9958 D CompatibilityChangeReporter: Compat change id reported: 255042465; UID 10044; state: DISABLED
05-30 19:12:08.706  9613  9958 W ForegroundServiceTypeLoggerModule: Foreground service start for UID: 10044 does not have any types
05-30 19:12:08.707 11530 11530 E GuardService: onStartCommand: 
05-30 19:12:08.707 11530 11530 E GuardService: onStartCommand: cmd:1
05-30 19:12:08.708 11530 11530 E GuardService: result:2
05-30 19:12:08.716 11530 11573 I TDLog   : TalkingData SDK init...
05-30 19:12:08.716 11530 11573 I TDLog   : 	SDK_VERSION is: Android+TD+V5.0.7 gp Type:Native  Build_Num:2141
05-30 19:12:08.716 11530 11573 I TDLog   : 	App ID is: B9D7815EC975466AB1332111FCE62DF5
05-30 19:12:08.716 11530 11573 I TDLog   : 	App Channel is: os
05-30 19:12:08.716 11530 11573 I TDLog   : 	App Custom is: 
05-30 19:12:08.716 11530 11573 I TDLog   : 	SDK_OVC is: TDOVC+a3bb7754719798526508b6caad480dd7+SaaS
05-30 19:12:08.731 11530 11591 D TrafficStats: tagSocket(116) with statsTag=0xffffffff, statsUid=-1
05-30 19:12:08.732 11530 11572 I Matrix.AnrTracer: anrTrace, final mAnrBeatTime:400, mAnrBeatRate:400
05-30 19:12:08.733 11530 11572 E LaunchManager: Non main process !
05-30 19:12:08.734 11530 11572 W System.err: java.lang.NullPointerException: Attempt to invoke virtual method 'boolean com.efs.sdk.launch.LaunchConfigManager.enableTracer()' on a null object reference
05-30 19:12:08.734 11530 11572 W System.err: 	at com.umeng.umcrash.UMCrash.init(Unknown Source:403)
05-30 19:12:08.734 11530 11572 W System.err: 	at java.lang.reflect.Method.invoke(Native Method)
05-30 19:12:08.734 11530 11572 W System.err: 	at com.umeng.commonsdk.UMConfigure.init(Unknown Source:811)
05-30 19:12:08.734 11530 11572 W System.err: 	at b.f.f.b.a(:4)
05-30 19:12:08.734 11530 11572 W System.err: 	at h.o.a.run(Unknown Source:2)
05-30 19:12:08.737 11530 11586 W efs.send_log: tryFileLock start! 
05-30 19:12:08.748 11530 11586 I efs.config: --->>> 删除旧的配置文件 false
05-30 19:12:08.763 11530 11599 I efs.base: lt=event`ev_ct=efs_core`ev_ac=pvuv`tm=2025-05-30 19:12:74`dn=e51a988b-54c8-4375-8782-b9f92d3b202a`ps=com.dangbei.screencast:bg_guard`um_os=android`stime=1748603528544`pid=11530`fr=android`pkg=com.dangbei.screencast`vcode=20830`dsp_w=1920`uid=e51a988b-54c8-4375-8782-b9f92d3b202a`rom=14`wid=e51a988b-54c8-4375-8782-b9f92d3b202a`um_app_carrier=`um_access=wifi`um_app_channel=os`um_crash_sdk_version=1.4.0`ctime=1748603528`model=dbbox-a3`lang=zh`net=wifi`brand=amlogic`dsp_h=1080`um_network_type=0`ver=v2.8.3`build_model=DBBOX-A3`w_tm=1748603528`appid=5fc60c21094d637f3130af19`um_umid_header=ai213f134a525eaf6337aeffaab372c5e9`sdk=34`tzone=Asia/Shanghai`sdk_ver=1.3.6.umeng
05-30 19:12:08.767 11530 11586 I efs.config: current config version (-1) is older than another (1735614866)
05-30 19:12:08.767 11530 11586 I efs.config: load config from storage and notify observer
05-30 19:12:08.793 11530 11598 D TrafficStats: tagSocket(141) with statsTag=0xffffffff, statsUid=-1
05-30 19:12:08.837 11530 11591 D TrafficStats: tagSocket(116) with statsTag=0xffffffff, statsUid=-1
05-30 19:12:08.876 10543 11532 W Router  : disable lock:org.fourthline.cling.android.AndroidRouter@b262c4d_java.util.concurrent.locks.ReentrantReadWriteLock$WriteLock@14e8302[Unlocked]
05-30 19:12:08.876 10543 11532 I Router  : WiFi multicast lock released
05-30 19:12:08.876  9613  9674 I WifiService: releaseMulticastLock uid=10044
05-30 19:12:08.877 10543 11532 I Router  : WiFi lock released
05-30 19:12:08.878  9613  9674 I WifiService: releaseWifiLock uid=10044
05-30 19:12:08.880   557   571 I WifiHAL : wifi_set_latency_mode set to 0
05-30 19:12:08.880  9872 10050 D IpClient.wlan0: set max DTIM multiplier to 9
05-30 19:12:08.899   557   571 D WifiHAL : Setting APF program, halHandle = 0xf2d02380
05-30 19:12:08.899   557   571 I WifiHAL : createRequest: APF set program request
05-30 19:12:08.899   557   571 D WifiHAL : error code -95 mapped to -3
05-30 19:12:08.899   557   571 I WifiHAL : Request Response failed for APF, result = -3
05-30 19:12:08.900  9613  9735 E WifiStaIfaceAidlImpl: installApfPacketFilter failed with service-specific exception: android.os.ServiceSpecificException:  (code 4)
05-30 19:12:08.900   557   571 D WifiHAL : Setting DTIM config , halHandle = 0xf2d02380 Multiplier = 9
05-30 19:12:08.900   557   571 I WifiHAL : Successfully configured dtim multiplier 9
05-30 19:12:08.900   557   571 D WifiHAL : error code -95 mapped to -3
05-30 19:12:08.901  9613  9735 E WifiStaIfaceAidlImpl: setDtimMultiplier failed with service-specific exception: android.os.ServiceSpecificException:  (code 4)
05-30 19:12:08.911 10543 11532 I JettyServletContainer: No more connectors, stopping Jetty server
05-30 19:12:08.911 10543 11532 I JettyServletContainer: Stopping Jetty server...
05-30 19:12:08.911 10543 11532 W System.err: 2025-05-30 19:12:08.911:INFO:lcaf.p:Graceful shutdown l.c.a.g.d{/upnp,null}
05-30 19:12:08.913 10543 11364 E JettyServletContainer: error:java.net.SocketException: Socket closed
05-30 19:12:08.913 10543 11364 W System.err: java.net.SocketException: Socket closed
05-30 19:12:08.913 10543 11364 W System.err: 	at java.net.PlainSocketImpl.socketAccept(PlainSocketImpl.java:213)
05-30 19:12:08.913 10543 11364 W System.err: 	at java.net.AbstractPlainSocketImpl.accept(AbstractPlainSocketImpl.java:451)
05-30 19:12:08.913 10543 11364 W System.err: 	at java.net.ServerSocket.implAccept(ServerSocket.java:569)
05-30 19:12:08.913 10543 11364 W System.err: 	at java.net.ServerSocket.accept(ServerSocket.java:537)
05-30 19:12:08.913 10543 11364 W System.err: 	at l.c.a.f.w.a.accept(Unknown Source:2)
05-30 19:12:08.913 10543 11364 W System.err: 	at org.fourthline.cling.transport.impl.jetty.JettyServletContainer$2.accept(Unknown Source:1)
05-30 19:12:08.913 10543 11364 W System.err: 	at l.c.a.f.a$a.run(Unknown Source:113)
05-30 19:12:08.913 10543 11364 W System.err: 	at java.util.concurrent.ThreadPoolExecutor.runWorker(ThreadPoolExecutor.java:1145)
05-30 19:12:08.913 10543 11364 W System.err: 	at java.util.concurrent.ThreadPoolExecutor$Worker.run(ThreadPoolExecutor.java:644)
05-30 19:12:08.913 10543 11364 W System.err: 	at java.lang.Thread.run(Thread.java:1012)
05-30 19:12:08.949  9683  9683 W ServiceManagerCppClient: Waited one second for android.hardware.tv.tuner.ITuner/default (is service started? Number of threads started in the threadpool: 0. Are binder threads started and available?)
05-30 19:12:08.954   229 11607 W libc    : Unable to set property "ctl.interface_start" to "aidl/android.hardware.tv.tuner.ITuner/default": error code: 0x20
05-30 19:12:09.032 10543 10729 E raop    : httpd_stop running 0 joined 1
05-30 19:12:09.187 11530 11599 W efs.info.manager: network change: wifi
05-30 19:12:09.496 10201 10201 I /apex/com.android.adbd/bin/adbd: type=1400 audit(0.0:3185): avc:  denied  { dac_read_search } for  comm=75736220666673206F70656E capability=2  scontext=u:r:su:s0 tcontext=u:r:su:s0 tclass=capability permissive=1
05-30 19:12:09.496 10201 10201 I /apex/com.android.adbd/bin/adbd: type=1400 audit(0.0:3186): avc:  denied  { dac_override } for  comm=75736220666673206F70656E capability=1  scontext=u:r:su:s0 tcontext=u:r:su:s0 tclass=capability permissive=1
05-30 19:12:09.520   557   571 I WifiHAL : call wifi_get_link_stats handler
05-30 19:12:09.520   557   571 I WifiHAL : Creating message to get link statistics; iface = 16
05-30 19:12:09.520   557   571 D WifiHAL : error code -95 mapped to -3
05-30 19:12:09.521  9613  9735 E WifiStaIfaceAidlImpl: getLinkLayerStats failed with service-specific exception: android.os.ServiceSpecificException:  (code 4)
05-30 19:12:09.912 10543 11532 W System.err: 2025-05-30 19:12:09.912:INFO:lcafx.c:stopped l.c.a.g.d{/upnp,null}
05-30 19:12:09.913 10543 11532 W Router  : disable unlock:org.fourthline.cling.android.AndroidRouter@b262c4d
05-30 19:12:09.913 10543 11532 W UpnpServiceImpl: <<< UPnP service shutdown completed
05-30 19:12:09.952  9683  9683 W ServiceManagerCppClient: Waited one second for android.hardware.tv.tuner.ITuner/default (is service started? Number of threads started in the threadpool: 0. Are binder threads started and available?)
05-30 19:12:09.956   229 11610 W libc    : Unable to set property "ctl.interface_start" to "aidl/android.hardware.tv.tuner.ITuner/default": error code: 0x20
05-30 19:12:10.543 10543 10543 I crashsdk: android_os_Process_sendSignal. PID: 10543 SIG: 9
05-30 19:12:10.543 10543 10543 I crashsdk: onKillProcess. SIG: 9
05-30 19:12:10.545 10543 10543 I crashsdk: Kill PID: 10543 (com.dangbei.screencast) by pid: 10543 (com.dangbei.screencast) tid: 10543 (main)
05-30 19:12:10.545 10543 10543 I crashsdk: SIG: 9, fg: false, exiting: false, main process: true, time: 20250530191210
05-30 19:12:10.545 10543 10543 I crashsdk: State in disk: 'b'
05-30 19:12:10.545 10543 10543 I crashsdk:   at android.os.Process.sendSignal(Native Method)
05-30 19:12:10.545 10543 10543 I crashsdk:   at android.os.Process.killProcess(Process.java:1315)
05-30 19:12:10.545 10543 10543 I crashsdk:   at com.dangbei.screencast.startup.JumpService$i.run(:2)
05-30 19:12:10.545 10543 10543 I crashsdk:   at android.os.Handler.handleCallback(Handler.java:958)
05-30 19:12:10.545 10543 10543 I crashsdk:   at android.os.Handler.dispatchMessage(Handler.java:99)
05-30 19:12:10.545 10543 10543 I crashsdk:   at android.os.Looper.loopOnce(Looper.java:205)
05-30 19:12:10.545 10543 10543 I crashsdk:   at android.os.Looper.loop(Looper.java:294)
05-30 19:12:10.545 10543 10543 I crashsdk:   at android.app.ActivityThread.main(ActivityThread.java:8255)
05-30 19:12:10.545 10543 10543 I crashsdk:   at java.lang.reflect.Method.invoke(Native Method)
05-30 19:12:10.545 10543 10543 I crashsdk:   at com.android.internal.os.RuntimeInit$MethodAndArgsCaller.run(RuntimeInit.java:552)
05-30 19:12:10.545 10543 10543 I crashsdk:   at com.android.internal.os.ZygoteInit.main(ZygoteInit.java:978)
05-30 19:12:10.546 10543 10543 I Process : Sending signal. PID: 10543 SIG: 9
05-30 19:12:10.560 10201 10201 I /apex/com.android.adbd/bin/adbd: type=1400 audit(0.0:3189): avc:  denied  { search } for  comm=75736220666673206F70656E name="/" dev="functionfs" ino=22213 scontext=u:r:su:s0 tcontext=u:object_r:functionfs:s0 tclass=dir permissive=1
05-30 19:12:10.560 10201 10201 I adbd    : type=1400 audit(0.0:3190): avc:  denied  { write } for  path="socket:[114334]" dev="sockfs" ino=114334 scontext=u:r:su:s0 tcontext=u:r:su:s0 tclass=tcp_socket permissive=1
05-30 19:12:10.568 10201 10201 I adbd    : type=1400 audit(0.0:3191): avc:  denied  { read } for  path="socket:[114334]" dev="sockfs" ino=114334 scontext=u:r:su:s0 tcontext=u:r:su:s0 tclass=tcp_socket permissive=1
05-30 19:12:10.582 11197 11236 W efs.send_log: tryFileLock sendlock sucess! processname: com.huawei.connection
05-30 19:12:10.592  9613  9958 I ActivityManager: Process com.dangbei.screencast (pid 10543) has died: prcp FGS 
05-30 19:12:10.593  9613  9644 I libprocessgroup: Successfully killed process cgroup uid 10044 pid 10543 in 0ms
05-30 19:12:10.593  9492  9492 I Zygote  : Process 10543 exited due to signal 9 (Killed)
05-30 19:12:10.593  9613  9958 D CompatibilityChangeReporter: Compat change id reported: 261072174; UID 10044; state: DISABLED
05-30 19:12:10.595 11197 11197 D NearFieldManagerService: onDestroy, enter.
05-30 19:12:10.595 11197 11197 I NearFieldManagerService: killCurrentProcess.
05-30 19:12:10.595 11197 11197 I crashsdk: android_os_Process_sendSignal. PID: 11197 SIG: 9
05-30 19:12:10.595 11197 11197 I crashsdk: onKillProcess. SIG: 9
05-30 19:12:10.595  9613  9958 W ActivityManager: Scheduling restart of crashed service com.dangbei.screencast/.startup.StartupService in 1000ms for start-requested
05-30 19:12:10.595  9613  9958 W ActivityManager: Scheduling restart of crashed service com.dangbei.screencast/.huaweicast.service.HuaweiCastService in 11000ms for start-requested
05-30 19:12:10.597 11197 11197 I crashsdk: Kill PID: 11197 (com.huawei.connection) by pid: 11197 (com.huawei.connection) tid: 11197 (main)
05-30 19:12:10.597 11197 11197 I crashsdk: SIG: 9, fg: false, exiting: false, main process: false, time: 20250530191210
05-30 19:12:10.597 11197 11197 I crashsdk: State in disk: 'b'
05-30 19:12:10.597 11197 11197 I crashsdk:   at android.os.Process.sendSignal(Native Method)
05-30 19:12:10.597 11197 11197 I crashsdk:   at android.os.Process.killProcess(Process.java:1315)
05-30 19:12:10.597 11197 11197 I crashsdk:   at com.huawei.connection.service.NearFieldManagerService.c(Unknown Source:11)
05-30 19:12:10.597 11197 11197 I crashsdk:   at com.huawei.connection.service.NearFieldManagerService.onDestroy(Unknown Source:10)
05-30 19:12:10.597 11197 11197 I crashsdk:   at android.app.ActivityThread.handleStopService(ActivityThread.java:4896)
05-30 19:12:10.597 11197 11197 I crashsdk:   at android.app.ActivityThread.-$$Nest$mhandleStopService(Unknown Source:0)
05-30 19:12:10.597 11197 11197 I crashsdk:   at android.app.ActivityThread$H.handleMessage(ActivityThread.java:2326)
05-30 19:12:10.597 11197 11197 I crashsdk:   at android.os.Handler.dispatchMessage(Handler.java:106)
05-30 19:12:10.597 11197 11197 I crashsdk:   at android.os.Looper.loopOnce(Looper.java:205)
05-30 19:12:10.597 11197 11197 I crashsdk:   at android.os.Looper.loop(Looper.java:294)
05-30 19:12:10.597 11197 11197 I crashsdk:   at android.app.ActivityThread.main(ActivityThread.java:8255)
05-30 19:12:10.597 11197 11197 I crashsdk:   at java.lang.reflect.Method.invoke(Native Method)
05-30 19:12:10.597 11197 11197 I crashsdk:   at com.android.internal.os.RuntimeInit$MethodAndArgsCaller.run(RuntimeInit.java:552)
05-30 19:12:10.597 11197 11197 I crashsdk:   at com.android.internal.os.ZygoteInit.main(ZygoteInit.java:978)
05-30 19:12:10.605 11197 11197 I Process : Sending signal. PID: 11197 SIG: 9
05-30 19:12:10.639 11530 11597 W efs.send_log: tryFileLock sendlock sucess! processname: com.dangbei.screencast:bg_guard
05-30 19:12:10.641  9613 11017 I ActivityManager: Process com.huawei.connection (pid 11197) has died: fg  SVC 
05-30 19:12:10.642  9492  9492 I Zygote  : Process 11197 exited due to signal 9 (Killed)
05-30 19:12:10.646  9613  9644 I libprocessgroup: Successfully killed process cgroup uid 10044 pid 11197 in 5ms
05-30 19:12:10.955  9683  9683 W ServiceManagerCppClient: Waited one second for android.hardware.tv.tuner.ITuner/default (is service started? Number of threads started in the threadpool: 0. Are binder threads started and available?)
05-30 19:12:10.960   229 11613 W libc    : Unable to set property "ctl.interface_start" to "aidl/android.hardware.tv.tuner.ITuner/default": error code: 0x20
05-30 19:12:11.496 10924 11126 D TrafficStats: tagSocket(5) with statsTag=0x0, statsUid=-1
05-30 19:12:11.597  9613  9642 D CompatibilityChangeReporter: Compat change id reported: 135634846; UID 10044; state: DISABLED
05-30 19:12:11.598  9613  9643 D CompatibilityChangeReporter: Compat change id reported: 143937733; UID 10044; state: DISABLED
05-30 19:12:11.600 10201 10201 I /apex/com.android.adbd/bin/adbd: type=1400 audit(0.0:3192): avc:  denied  { read write } for  comm=75736220666673206F70656E name="ep0" dev="functionfs" ino=22214 scontext=u:r:su:s0 tcontext=u:object_r:functionfs:s0 tclass=file permissive=1
05-30 19:12:11.600 10201 10201 I /apex/com.android.adbd/bin/adbd: type=1400 audit(0.0:3193): avc:  denied  { open } for  comm=75736220666673206F70656E path="/dev/usb-ffs/adb/ep0" dev="functionfs" ino=22214 scontext=u:r:su:s0 tcontext=u:object_r:functionfs:s0 tclass=file permissive=1
05-30 19:12:11.615  9492  9492 D Zygote  : Forked child process 11615
05-30 19:12:11.616  9613  9643 I ActivityManager: Start proc 11615:com.dangbei.screencast/u0a44 for service {com.dangbei.screencast/com.dangbei.screencast.startup.StartupService}
05-30 19:12:11.621 11615 11615 I Zygote  : seccomp disabled by setenforce 0
05-30 19:12:11.628 11615 11615 I gbei.screencast: Using CollectorTypeCC GC.
05-30 19:12:11.633 11615 11615 E gbei.screencast: Not starting debugger since process cannot load the jdwp agent.
05-30 19:12:11.643 10924 11152 D TrafficStats: tagSocket(77) with statsTag=0x0, statsUid=-1
05-30 19:12:11.648 11615 11615 D CompatibilityChangeReporter: Compat change id reported: 171979766; UID 10044; state: DISABLED
05-30 19:12:11.648 11615 11615 D CompatibilityChangeReporter: Compat change id reported: 242716250; UID 10044; state: DISABLED
05-30 19:12:11.653 11615 11615 D ApplicationLoaders: Returning zygote-cached class loader: /system/framework/android.test.base.jar
05-30 19:12:11.653 11615 11615 D ApplicationLoaders: Returning zygote-cached class loader: /system/framework/android.hidl.manager-V1.0-java.jar
05-30 19:12:11.653 11615 11615 D ApplicationLoaders: Returning zygote-cached class loader: /system/framework/android.hidl.base-V1.0-java.jar
05-30 19:12:11.661 11615 11615 D nativeloader: Configuring clns-shared-4 for other apk /system/app/dangbei-screencast/dangbei-screencast.apk. target_sdk_version=28, uses_libraries=, library_path=/system/app/dangbei-screencast/lib/arm:/system/app/dangbei-screencast/dangbei-screencast.apk!/lib/armeabi-v7a:/system/lib:/system_ext/lib, permitted_path=/data:/mnt/expand:/data/user/0/com.dangbei.screencast:/system/app/dangbei-screencast:/system/lib:/system_ext/lib
05-30 19:12:11.690 11615 11615 V GraphicsEnvironment: Currently set values for:
05-30 19:12:11.690 11615 11615 V GraphicsEnvironment:   angle_gl_driver_selection_pkgs=[]
05-30 19:12:11.690 11615 11615 V GraphicsEnvironment:   angle_gl_driver_selection_values=[]
05-30 19:12:11.690 11615 11615 V GraphicsEnvironment: ANGLE GameManagerService for com.dangbei.screencast: false
05-30 19:12:11.691 11615 11615 V GraphicsEnvironment: com.dangbei.screencast is not listed in per-application setting
05-30 19:12:11.691 11615 11615 V GraphicsEnvironment: Neither updatable production driver nor prerelease driver is supported.
05-30 19:12:11.696 11615 11615 I MultiDex: VM with version 2.1.0 has multidex support
05-30 19:12:11.696 11615 11615 I MultiDex: Installing application
05-30 19:12:11.696 11615 11615 I MultiDex: VM has multidex support, MultiDex support library is disabled.
05-30 19:12:11.697 11615 11615 E PartsInfoProvider: onCreate: 
05-30 19:12:11.698 11530 11578 D TrafficStats: tagSocket(142) with statsTag=0xffffffff, statsUid=-1
05-30 19:12:11.699 11615 11615 E ServiceUtils: start main service
05-30 19:12:11.701 11615 11615 E ServiceUtils: start main service
05-30 19:12:11.709 11615 11615 D AndroidAutoSize: designWidthInDp = 1920, designHeightInDp = 1080, screenWidth = 1920, screenHeight = 1080
05-30 19:12:11.710 11615 11615 D AndroidAutoSize: initDensity = 1.5, initScaledDensity = 1.5
05-30 19:12:11.720 11615 11615 D CompatibilityChangeReporter: Compat change id reported: 247079863; UID 10044; state: DISABLED
05-30 19:12:11.740 11615 11615 I gbei.screencast: type=1400 audit(0.0:3194): avc:  denied  { search } for  name="net" dev="sysfs" ino=12344 scontext=u:r:untrusted_app_27:s0:c44,c256,c512,c768 tcontext=u:object_r:sysfs_net:s0 tclass=dir permissive=1 app=com.dangbei.screencast
05-30 19:12:11.749 11615 11643 I crashsdk: version unique build id: 6230cced
05-30 19:12:11.748 11615 11615 I Thread-4: type=1400 audit(0.0:3195): avc:  denied  { read } for  name="version" dev="proc" ino=4026532005 scontext=u:r:untrusted_app_27:s0:c44,c256,c512,c768 tcontext=u:object_r:proc_version:s0 tclass=file permissive=1 app=com.dangbei.screencast
05-30 19:12:11.748 11615 11615 I Thread-4: type=1400 audit(0.0:3196): avc:  denied  { open } for  path="/proc/version" dev="proc" ino=4026532005 scontext=u:r:untrusted_app_27:s0:c44,c256,c512,c768 tcontext=u:object_r:proc_version:s0 tclass=file permissive=1 app=com.dangbei.screencast
05-30 19:12:11.748 11615 11615 I Thread-4: type=1400 audit(0.0:3197): avc:  denied  { getattr } for  path="/proc/version" dev="proc" ino=4026532005 scontext=u:r:untrusted_app_27:s0:c44,c256,c512,c768 tcontext=u:object_r:proc_version:s0 tclass=file permissive=1 app=com.dangbei.screencast
05-30 19:12:11.752 11615 11645 D crashsdk: Native log stat thread 11645 setup, waiting
05-30 19:12:11.755 11615 11637 I crashsdk: begin hack android.os.Process
05-30 19:12:11.756 11615 11637 I crashsdk: end hack android.os.Process
05-30 19:12:11.762 11615 11615 I TDLog   :  setReportUncaughtExceptions: true
05-30 19:12:11.763 11615 11615 E Application: onCreate:Version:v2.8.3/20830/883432e
05-30 19:12:11.770 11615 11637 I Matrix.AnrTracer: anrTrace, final mAnrBeatTime:400, mAnrBeatRate:400
05-30 19:12:11.771 11615 11615 I crashsdk: Catcher mask: 5000, 20480
05-30 19:12:11.772 11615 11615 I crashsdk: Catcher thread 11620
05-30 19:12:11.772 11615 11615 D crashsdk: Register ANR handler ...
05-30 19:12:11.777  9613  9958 W ActivityManager: Foreground service started from background can not have location/camera/microphone access: service com.dangbei.screencast/.startup.StartupService
05-30 19:12:11.777  9613  9958 I ActivityManager: Background started FGS: Allowed [callingPackage: com.dangbei.screencast; callingUid: 10044; uidState: FGS ; uidBFSL: [BFSL]; intent: Intent { act=com.dangbei.screencast.STARTUP pkg=com.dangbei.screencast }; code:PROC_STATE_FGS; tempAllowListReason:<null>; targetSdkVersion:28; callerTargetSdkVersion:28; startForegroundCount:1; bindFromPackage:null: isBindService:true]
05-30 19:12:11.781 11615 11638 I TDLog   : TalkingData SDK init...
05-30 19:12:11.781 11615 11638 I TDLog   : 	SDK_VERSION is: Android+TD+V5.0.7 gp Type:Native  Build_Num:2141
05-30 19:12:11.781 11615 11638 I TDLog   : 	App ID is: B9D7815EC975466AB1332111FCE62DF5
05-30 19:12:11.781 11615 11638 I TDLog   : 	App Channel is: os
05-30 19:12:11.781 11615 11638 I TDLog   : 	App Custom is: 
05-30 19:12:11.781 11615 11638 I TDLog   : 	SDK_OVC is: TDOVC+a3bb7754719798526508b6caad480dd7+SaaS
05-30 19:12:11.797 11615 11637 D LaunchConfigManager:  check in allready
05-30 19:12:11.797 11615 11647 W efs.send_log: tryFileLock start! 
05-30 19:12:11.798 11615 11659 I LaunchTrace: begin sendLaunchCache
05-30 19:12:11.802 11615 11615 E raop    : *********************AirplayBroadcastServer+++++++++
05-30 19:12:11.802 11615 11664 I efs.base: lt=event`ev_ct=efs_core`ev_ac=pvuv`tm=2025-05-30 19:12:80`dn=e51a988b-54c8-4375-8782-b9f92d3b202a`ps=com.dangbei.screencast`um_os=android`stime=1748603531611`pid=11615`fr=android`pkg=com.dangbei.screencast`vcode=20830`dsp_w=1920`uid=e51a988b-54c8-4375-8782-b9f92d3b202a`rom=14`wid=e51a988b-54c8-4375-8782-b9f92d3b202a`um_app_carrier=`um_access=wifi`um_app_channel=os`um_crash_sdk_version=1.4.0`ctime=1748603531`model=dbbox-a3`lang=zh`net=wifi`brand=amlogic`dsp_h=1080`um_network_type=0`ver=v2.8.3`build_model=DBBOX-A3`w_tm=1748603531`appid=5fc60c21094d637f3130af19`um_umid_header=ai213f134a525eaf6337aeffaab372c5e9`sdk=34`tzone=Asia/Shanghai`sdk_ver=1.3.6.umeng
05-30 19:12:11.803 11615 11647 I efs.config: --->>> 删除旧的配置文件 false
05-30 19:12:11.806 11615 11647 I efs.config: current config version (-1) is older than another (1735614866)
05-30 19:12:11.806 11615 11647 I efs.config: load config from storage and notify observer
05-30 19:12:11.806 11615 11615 D CompatibilityChangeReporter: Compat change id reported: 270306772; UID 10044; state: DISABLED
05-30 19:12:11.808 11615 11615 D CompatibilityChangeReporter: Compat change id reported: 235355681; UID 10044; state: DISABLED
05-30 19:12:11.847 11615 11615 E H264FrameQueue: H264FrameQueue: mFullQueueCount:200
05-30 19:12:11.856 10291 10410 D wenhc   : getScreenInfo uri = content://com.dangbei.screencast.parts.info/screen_cast
05-30 19:12:11.857 11615 11615 W System.err: java.lang.NullPointerException: Attempt to invoke virtual method 'byte[] java.net.NetworkInterface.getHardwareAddress()' on a null object reference
05-30 19:12:11.857 11615 11615 W System.err: 	at b.f.f.y.g.b(Unknown Source:11)
05-30 19:12:11.857 11615 11615 W System.err: 	at b.d.a.a.p.c0(Unknown Source:2)
05-30 19:12:11.857 11615 11615 W System.err: 	at com.dangbei.screencast.startup.StartupService.onCreate(:5)
05-30 19:12:11.857 11615 11615 W System.err: 	at android.app.ActivityThread.handleCreateService(ActivityThread.java:4696)
05-30 19:12:11.857 11615 11615 W System.err: 	at android.app.ActivityThread.-$$Nest$mhandleCreateService(Unknown Source:0)
05-30 19:12:11.857 11615 11615 W System.err: 	at android.app.ActivityThread$H.handleMessage(ActivityThread.java:2293)
05-30 19:12:11.857 11615 11615 W System.err: 	at android.os.Handler.dispatchMessage(Handler.java:106)
05-30 19:12:11.857 11615 11615 W System.err: 	at android.os.Looper.loopOnce(Looper.java:205)
05-30 19:12:11.857 11615 11615 W System.err: 	at android.os.Looper.loop(Looper.java:294)
05-30 19:12:11.857 11615 11615 W System.err: 	at android.app.ActivityThread.main(ActivityThread.java:8255)
05-30 19:12:11.857 11615 11615 W System.err: 	at java.lang.reflect.Method.invoke(Native Method)
05-30 19:12:11.857 11615 11615 W System.err: 	at com.android.internal.os.RuntimeInit$MethodAndArgsCaller.run(RuntimeInit.java:552)
05-30 19:12:11.857 11615 11615 W System.err: 	at com.android.internal.os.ZygoteInit.main(ZygoteInit.java:978)
05-30 19:12:11.865 11615 11671 D TrafficStats: tagSocket(148) with statsTag=0xffffffff, statsUid=-1
05-30 19:12:11.867 11615 11615 E HuaweiCastService: onCreate called().
05-30 19:12:11.869 11615 11615 E PlayerClient: registerCallback com.dangbei.screencast.huaweicast.service.HuaweiCastService$a@79209fd
05-30 19:12:11.869 11615 11615 D PlayerClient: registerCallback true
05-30 19:12:11.869 11615 11615 D PlayerClient: init.
05-30 19:12:11.871 11615 11615 W KIT_FWK_a: KitFwk is not installed, pls do not use related interfaces.
05-30 19:12:11.872 11615 11615 W KIT_FWK_a: KitFwk is not installed, pls do not use related interfaces.
05-30 19:12:11.872 11615 11615 E PlayerClient: bind player service by aar.
05-30 19:12:11.876 11615 11615 D PlayerClient: bind player sink service true
05-30 19:12:11.878  9613  9919 W ActivityManager: Foreground service started from background can not have location/camera/microphone access: service com.dangbei.screencast/.huaweicast.service.HuaweiCastService
05-30 19:12:11.879 11615 11615 E HuaweiCastService: startForeground!
05-30 19:12:11.882 11615 11615 E HuaweiCastService: onStartCommand in 0
05-30 19:12:11.883 11615 11678 D TrafficStats: tagSocket(149) with statsTag=0xffffffff, statsUid=-1
05-30 19:12:11.885 11615 11615 D HiSight-SinkService: onCreate.
05-30 19:12:11.888  9613  9958 I WifiService: acquireMulticastLock uid=10044
05-30 19:12:11.889 11615 11615 D HiSight-ConnectionManager: start ConnectionManager
05-30 19:12:11.890 11615 11615 D HiSight-SinkService: onBind.
05-30 19:12:11.891  9872 10050 D IpClient.wlan0: set max DTIM multiplier to 1
05-30 19:12:11.892   557   571 D WifiHAL : Setting APF program, halHandle = 0xf2d02380
05-30 19:12:11.892   557   571 I WifiHAL : createRequest: APF set program request
05-30 19:12:11.892   557   571 D WifiHAL : error code -95 mapped to -3
05-30 19:12:11.892   557   571 I WifiHAL : Request Response failed for APF, result = -3
05-30 19:12:11.892  9613  9735 E WifiStaIfaceAidlImpl: installApfPacketFilter failed with service-specific exception: android.os.ServiceSpecificException:  (code 4)
05-30 19:12:11.893 11615 11615 D PlayerClient: service connected.
05-30 19:12:11.893   557   571 D WifiHAL : Setting DTIM config , halHandle = 0xf2d02380 Multiplier = 1
05-30 19:12:11.893   557   571 I WifiHAL : Successfully configured dtim multiplier 1
05-30 19:12:11.893   557   571 D WifiHAL : error code -95 mapped to -3
05-30 19:12:11.893 11615 11615 D HiSight-SinkService: ITaskBinder registerCallback: true
05-30 19:12:11.893 11615 11615 D HiSight-HiSightManager: ITaskBinder registerCallback.
05-30 19:12:11.893 11615 11615 D HiSight-CallbackManager: addNewCallback. com.dangbei.screencast.huaweicast.service.HuaweiCastService$a@79209fd
05-30 19:12:11.893  9613  9735 E WifiStaIfaceAidlImpl: setDtimMultiplier failed with service-specific exception: android.os.ServiceSpecificException:  (code 4)
05-30 19:12:11.893 11615 11615 E HuaweiCastService: eventId: 4001
05-30 19:12:11.894 11615 11615 E HuaweiCastService: mPlayerClient is null.
05-30 19:12:11.894  9613  9919 I WifiService: acquireMulticastLock uid=10044
