05-30 19:12:11.894 11615 11615 D HiSight-HiSightManager: check capability vbr range not setting, using default value
05-30 19:12:11.895 11615 11615 E HuaweiCastService: mPlayerClient is null.
05-30 19:12:11.895 11615 11615 D HiSight-SinkService: setAuthMode
05-30 19:12:11.895 11615 11615 W HiSight-ConnectionManager: mSinkId is empty
05-30 19:12:11.907 11615 11661 I MobclickAgent: module init:azioc
05-30 19:12:11.952 10247 10385 W MediaProvider: isAppCloneUserPair for user 0: false
05-30 19:12:11.954 10247 10385 W MediaProvider: isAppCloneUserPair for user 0: false
05-30 19:12:11.955 10247 10385 W MediaProvider: isAppCloneUserPair for user 0: false
05-30 19:12:11.956  9683  9683 W ServiceManagerCppClient: Waited one second for android.hardware.tv.tuner.ITuner/default (is service started? Number of threads started in the threadpool: 0. Are binder threads started and available?)
05-30 19:12:11.961   229 11695 W libc    : Unable to set property "ctl.interface_start" to "aidl/android.hardware.tv.tuner.ITuner/default": error code: 0x20
05-30 19:12:11.968  9613  9919 W TelephonyPermissions: reportAccessDeniedToReadIdentifiers:com.dangbei.screencast:getSerial:-1
05-30 19:12:12.252 11615 11615 E StartupService: onConnected: 
05-30 19:12:12.280 11615 11615 I gbei.screencast: type=1400 audit(0.0:3198): avc:  denied  { open } for  path="/dev/__properties__/u:object_r:serialno_prop:s0" dev="tmpfs" ino=323 scontext=u:r:untrusted_app_27:s0:c44,c256,c512,c768 tcontext=u:object_r:serialno_prop:s0 tclass=file permissive=1 app=com.dangbei.screencast
05-30 19:12:12.292 11615 11615 W System.err: java.lang.NullPointerException: Attempt to invoke virtual method 'byte[] java.net.NetworkInterface.getHardwareAddress()' on a null object reference
05-30 19:12:12.292 11615 11615 W System.err: 	at b.f.f.y.g.b(Unknown Source:11)
05-30 19:12:12.292 11615 11615 W System.err: 	at b.d.a.a.p.c0(Unknown Source:2)
05-30 19:12:12.292 11615 11615 W System.err: 	at b.f.f.w.b.<clinit>(:16)
05-30 19:12:12.292 11615 11615 W System.err: 	at com.dangbei.screencast.startup.StartupService.w(:2)
05-30 19:12:12.293 11615 11615 W System.err: 	at b.f.f.h.g.b.run(:6)
05-30 19:12:12.293 11615 11615 W System.err: 	at b.d.a.a.n.a(Unknown Source:10)
05-30 19:12:12.293 11615 11615 W System.err: 	at b.f.f.h.g.j.onReceive(Unknown Source:20)
05-30 19:12:12.293 11615 11615 W System.err: 	at android.app.LoadedApk$ReceiverDispatcher$Args.lambda$getRunnable$0(LoadedApk.java:1811)
05-30 19:12:12.293 11615 11615 W System.err: 	at android.app.LoadedApk$ReceiverDispatcher$Args.$r8$lambda$gDuJqgxY6Zb-ifyeubKeivTLAwk(Unknown Source:0)
05-30 19:12:12.293 11615 11615 W System.err: 	at android.app.LoadedApk$ReceiverDispatcher$Args$$ExternalSyntheticLambda0.run(Unknown Source:2)
05-30 19:12:12.293 11615 11615 W System.err: 	at android.os.Handler.handleCallback(Handler.java:958)
05-30 19:12:12.293 11615 11615 W System.err: 	at android.os.Handler.dispatchMessage(Handler.java:99)
05-30 19:12:12.293 11615 11615 W System.err: 	at android.os.Looper.loopOnce(Looper.java:205)
05-30 19:12:12.293 11615 11615 W System.err: 	at android.os.Looper.loop(Looper.java:294)
05-30 19:12:12.293 11615 11615 W System.err: 	at android.app.ActivityThread.main(ActivityThread.java:8255)
05-30 19:12:12.293 11615 11615 W System.err: 	at java.lang.reflect.Method.invoke(Native Method)
05-30 19:12:12.293 11615 11615 W System.err: 	at com.android.internal.os.RuntimeInit$MethodAndArgsCaller.run(RuntimeInit.java:552)
05-30 19:12:12.293 11615 11615 W System.err: 	at com.android.internal.os.ZygoteInit.main(ZygoteInit.java:978)
05-30 19:12:12.319 11615 11664 W efs.info.manager: network change: wifi
05-30 19:12:12.338 11615 11662 D TrafficStats: tagSocket(148) with statsTag=0xffffffff, statsUid=-1
05-30 19:12:12.525   557   571 I WifiHAL : call wifi_get_link_stats handler
05-30 19:12:12.525   557   571 I WifiHAL : Creating message to get link statistics; iface = 16
05-30 19:12:12.525   557   571 D WifiHAL : error code -95 mapped to -3
05-30 19:12:12.526  9613  9735 E WifiStaIfaceAidlImpl: getLinkLayerStats failed with service-specific exception: android.os.ServiceSpecificException:  (code 4)
05-30 19:12:12.959  9683  9683 W ServiceManagerCppClient: Waited one second for android.hardware.tv.tuner.ITuner/default (is service started? Number of threads started in the threadpool: 0. Are binder threads started and available?)
05-30 19:12:12.965   229 11702 W libc    : Unable to set property "ctl.interface_start" to "aidl/android.hardware.tv.tuner.ITuner/default": error code: 0x20
05-30 19:12:13.644 10201 10201 I UsbFfs-monitor: type=1400 audit(0.0:3205): avc:  denied  { use } for  path="anon_inode:[eventfd]" dev="anon_inodefs" ino=10204 scontext=u:r:su:s0 tcontext=u:r:adbd:s0 tclass=fd permissive=1
05-30 19:12:13.688 10201 10201 I /apex/com.android.adbd/bin/adbd: type=1400 audit(0.0:3206): avc:  denied  { dac_read_search } for  comm=75736220666673206F70656E capability=2  scontext=u:r:su:s0 tcontext=u:r:su:s0 tclass=capability permissive=1
05-30 19:12:13.688 10201 10201 I /apex/com.android.adbd/bin/adbd: type=1400 audit(0.0:3207): avc:  denied  { dac_override } for  comm=75736220666673206F70656E capability=1  scontext=u:r:su:s0 tcontext=u:r:su:s0 tclass=capability permissive=1
05-30 19:12:13.741  9613  9919 W TelephonyPermissions: reportAccessDeniedToReadIdentifiers:com.dangbei.screencast:getSerial:-1
05-30 19:12:13.767 11530 11586 I efs.config: No update is required, less than 8h since the last update
05-30 19:12:13.790 11530 11593 V NFC     : this device does not have NFC support
05-30 19:12:13.920 11707 11707 I ip      : type=1400 audit(0.0:3208): avc:  denied  { bind } for  scontext=u:r:untrusted_app_27:s0:c44,c256,c512,c768 tcontext=u:r:untrusted_app_27:s0:c44,c256,c512,c768 tclass=netlink_route_socket permissive=1 app=com.dangbei.screencast
05-30 19:12:13.962  9683  9683 W ServiceManagerCppClient: Waited one second for android.hardware.tv.tuner.ITuner/default (is service started? Number of threads started in the threadpool: 0. Are binder threads started and available?)
05-30 19:12:13.967   229 11708 W libc    : Unable to set property "ctl.interface_start" to "aidl/android.hardware.tv.tuner.ITuner/default": error code: 0x20
05-30 19:12:14.076  9511  9569 E audio_hw_hal_alsamgr: aml_alsa_output_get_delayframe:824, pcm_ioctl fail, ret:0xffffffff, error info:Broken pipe
05-30 19:12:14.076  9511  9569 I audio_hw_hal_alsamgr: aml_alsa_output_write alsa_running_status[0xe8485d80] change from 1 to 0
05-30 19:12:14.076  9511  9569 W audio_hw_hal_alsamgr: [aml_alsa_output_write:616] alsa underrun
05-30 19:12:13.928 11707 11707 I ip      : type=1400 audit(0.0:3209): avc:  denied  { nlmsg_readpriv } for  scontext=u:r:untrusted_app_27:s0:c44,c256,c512,c768 tcontext=u:r:untrusted_app_27:s0:c44,c256,c512,c768 tclass=netlink_route_socket permissive=1 app=com.dangbei.screencast
05-30 19:12:14.127  9511  9569 I audio_hw_hal_ms12v2: dolby_ms12_threadloop alsa is not running
05-30 19:12:14.127  9511  9569 I audio_hw_hal_alsamgr: aml_alsa_output_write alsa_running_status[0xe8485d80] change from 0 to 1
05-30 19:12:14.291 11530 11585 D TrafficStats: tagSocket(149) with statsTag=0xffffffff, statsUid=-1
05-30 19:12:14.581  9511  9569 I audio_hw_hal_alsamgr: alsa format =0x1 delay frames =768 total frames=3787520
05-30 19:12:14.761 11615 11642 D TrafficStats: tagSocket(155) with statsTag=0xffffffff, statsUid=-1
05-30 19:12:14.897  9511  9569 E audio_hw_hal_alsamgr: aml_alsa_output_get_delayframe:824, pcm_ioctl fail, ret:0xffffffff, error info:Broken pipe
05-30 19:12:14.898  9511  9569 I audio_hw_hal_alsamgr: aml_alsa_output_write alsa_running_status[0xe8485d80] change from 1 to 0
05-30 19:12:14.898  9511  9569 W audio_hw_hal_alsamgr: [aml_alsa_output_write:616] alsa underrun
05-30 19:12:14.918  9511  9569 I audio_hw_hal_ms12v2: dolby_ms12_threadloop alsa is not running
05-30 19:12:14.918  9511  9569 I audio_hw_hal_alsamgr: aml_alsa_output_write alsa_running_status[0xe8485d80] change from 0 to 1
05-30 19:12:14.964  9683  9683 W ServiceManagerCppClient: Waited one second for android.hardware.tv.tuner.ITuner/default (is service started? Number of threads started in the threadpool: 0. Are binder threads started and available?)
05-30 19:12:14.969   229 11716 W libc    : Unable to set property "ctl.interface_start" to "aidl/android.hardware.tv.tuner.ITuner/default": error code: 0x20
05-30 19:12:15.531   557   571 I WifiHAL : call wifi_get_link_stats handler
05-30 19:12:15.531   557   571 I WifiHAL : Creating message to get link statistics; iface = 16
05-30 19:12:15.531   557   571 D WifiHAL : error code -95 mapped to -3
05-30 19:12:15.532  9613  9735 E WifiStaIfaceAidlImpl: getLinkLayerStats failed with service-specific exception: android.os.ServiceSpecificException:  (code 4)
05-30 19:12:15.709 11530 11530 E GuardService: startMainRunnable: 
05-30 19:12:15.711  9613 11017 D OomAdjuster: Not killing cached processes
05-30 19:12:15.967  9683  9683 W ServiceManagerCppClient: Waited one second for android.hardware.tv.tuner.ITuner/default (is service started? Number of threads started in the threadpool: 0. Are binder threads started and available?)
05-30 19:12:15.972   229 11718 W libc    : Unable to set property "ctl.interface_start" to "aidl/android.hardware.tv.tuner.ITuner/default": error code: 0x20
05-30 19:12:16.805  9613  9919 W TelephonyPermissions: reportAccessDeniedToReadIdentifiers:com.dangbei.screencast:getSerial:-1
05-30 19:12:16.827  9613  9919 I WifiService: releaseMulticastLock uid=10044
05-30 19:12:16.829  9613  9919 I WifiService: releaseMulticastLock uid=10044
05-30 19:12:16.824 11615 11615 I gbei.screencast: type=1400 audit(0.0:3211): avc:  denied  { write } for  name="property_service" dev="tmpfs" ino=411 scontext=u:r:untrusted_app_27:s0:c44,c256,c512,c768 tcontext=u:object_r:property_socket:s0 tclass=sock_file permissive=1 app=com.dangbei.screencast
05-30 19:12:16.833  9872 10050 D IpClient.wlan0: set max DTIM multiplier to 9
05-30 19:12:16.834   557   571 D WifiHAL : Setting APF program, halHandle = 0xf2d02380
05-30 19:12:16.834   557   571 I WifiHAL : createRequest: APF set program request
05-30 19:12:16.834   557   571 D WifiHAL : error code -95 mapped to -3
05-30 19:12:16.834   557   571 I WifiHAL : Request Response failed for APF, result = -3
05-30 19:12:16.835  9613  9735 E WifiStaIfaceAidlImpl: installApfPacketFilter failed with service-specific exception: android.os.ServiceSpecificException:  (code 4)
05-30 19:12:16.835   557   571 D WifiHAL : Setting DTIM config , halHandle = 0xf2d02380 Multiplier = 9
05-30 19:12:16.835   557   571 I WifiHAL : Successfully configured dtim multiplier 9
05-30 19:12:16.835   557   571 D WifiHAL : error code -95 mapped to -3
05-30 19:12:16.828 11615 11615 I gbei.screencast: type=1400 audit(0.0:3212): avc:  denied  { connectto } for  path="/dev/socket/property_service" scontext=u:r:untrusted_app_27:s0:c44,c256,c512,c768 tcontext=u:r:init:s0 tclass=unix_stream_socket permissive=1 app=com.dangbei.screencast
05-30 19:12:16.835  9613  9735 E WifiStaIfaceAidlImpl: setDtimMultiplier failed with service-specific exception: android.os.ServiceSpecificException:  (code 4)
05-30 19:12:16.848 11615 11615 D HiSight-SinkService: setDiscoverable true
05-30 19:12:16.849 10291 10410 D wenhc   : getScreenInfo uri = content://com.dangbei.screencast.parts.info/screen_cast
05-30 19:12:16.850 11615 11615 D NearFieldManager: init.
05-30 19:12:16.850 11615 11615 D NearFieldManager: try check dmsdp
05-30 19:12:16.853 11615 11658 V NFC     : this device does not have NFC support
05-30 19:12:16.862 11615 11615 D NearFieldManager: package not exist
05-30 19:12:16.865  9613  9958 D CompatibilityChangeReporter: Compat change id reported: 135634846; UID 10044; state: DISABLED
05-30 19:12:16.866  9613  9643 D CompatibilityChangeReporter: Compat change id reported: 143937733; UID 10044; state: DISABLED
05-30 19:12:16.867 11615 11615 D NearFieldManager: bind nearfield service true
05-30 19:12:16.868 11615 11615 D NearFieldManager: registerCallback true
05-30 19:12:16.868 11615 11615 D HiSight-Discovery: set deviceInfo type:46
05-30 19:12:16.868 11615 11615 D HiSight-Discovery: startAdvertise 1
05-30 19:12:16.879  9492  9492 D Zygote  : Forked child process 11723
05-30 19:12:16.880  9613  9643 I ActivityManager: Start proc 11723:com.huawei.connection/u0a44 for service {com.dangbei.screencast/com.huawei.connection.service.NearFieldManagerService}
05-30 19:12:16.885 11723 11723 I Zygote  : seccomp disabled by setenforce 0
05-30 19:12:16.880 11131 11131 I rainbow_flow: type=1400 audit(0.0:3213): avc:  denied  { ioctl } for  path="/dev/spidev1.0" dev="tmpfs" ino=533 ioctlcmd=0x6b00 scontext=u:r:init:s0 tcontext=u:object_r:device:s0 tclass=chr_file permissive=1
05-30 19:12:16.891 11723 11723 I awei.connection: Using CollectorTypeCC GC.
05-30 19:12:16.897 11723 11723 E awei.connection: Not starting debugger since process cannot load the jdwp agent.
05-30 19:12:16.892 10201 10201 I adbd    : type=1400 audit(0.0:3214): avc:  denied  { read } for  path="socket:[114334]" dev="sockfs" ino=114334 scontext=u:r:su:s0 tcontext=u:r:su:s0 tclass=tcp_socket permissive=1
05-30 19:12:16.896 10201 10201 I adbd    : type=1400 audit(0.0:3215): avc:  denied  { write } for  path="socket:[114334]" dev="sockfs" ino=114334 scontext=u:r:su:s0 tcontext=u:r:su:s0 tclass=tcp_socket permissive=1
05-30 19:12:16.942 11723 11723 D CompatibilityChangeReporter: Compat change id reported: 171979766; UID 10044; state: DISABLED
05-30 19:12:16.942 11723 11723 D CompatibilityChangeReporter: Compat change id reported: 242716250; UID 10044; state: DISABLED
05-30 19:12:16.947 11723 11723 D ApplicationLoaders: Returning zygote-cached class loader: /system/framework/android.test.base.jar
05-30 19:12:16.947 11723 11723 D ApplicationLoaders: Returning zygote-cached class loader: /system/framework/android.hidl.manager-V1.0-java.jar
05-30 19:12:16.947 11723 11723 D ApplicationLoaders: Returning zygote-cached class loader: /system/framework/android.hidl.base-V1.0-java.jar
05-30 19:12:16.956 11723 11723 D nativeloader: Configuring clns-shared-4 for other apk /system/app/dangbei-screencast/dangbei-screencast.apk. target_sdk_version=28, uses_libraries=, library_path=/system/app/dangbei-screencast/lib/arm:/system/app/dangbei-screencast/dangbei-screencast.apk!/lib/armeabi-v7a:/system/lib:/system_ext/lib, permitted_path=/data:/mnt/expand:/data/user/0/com.dangbei.screencast:/system/app/dangbei-screencast:/system/lib:/system_ext/lib
05-30 19:12:16.970  9683  9683 W ServiceManagerCppClient: Waited one second for android.hardware.tv.tuner.ITuner/default (is service started? Number of threads started in the threadpool: 0. Are binder threads started and available?)
05-30 19:12:16.975   229 11740 W libc    : Unable to set property "ctl.interface_start" to "aidl/android.hardware.tv.tuner.ITuner/default": error code: 0x20
05-30 19:12:16.985 11723 11723 V GraphicsEnvironment: Currently set values for:
05-30 19:12:16.985 11723 11723 V GraphicsEnvironment:   angle_gl_driver_selection_pkgs=[]
05-30 19:12:16.985 11723 11723 V GraphicsEnvironment:   angle_gl_driver_selection_values=[]
05-30 19:12:16.986 11723 11723 V GraphicsEnvironment: ANGLE GameManagerService for com.dangbei.screencast: false
05-30 19:12:16.986 11723 11723 V GraphicsEnvironment: com.dangbei.screencast is not listed in per-application setting
05-30 19:12:16.986 11723 11723 V GraphicsEnvironment: Neither updatable production driver nor prerelease driver is supported.
05-30 19:12:16.990 11723 11723 I MultiDex: VM with version 2.1.0 has multidex support
05-30 19:12:16.990 11723 11723 I MultiDex: Installing application
05-30 19:12:16.990 11723 11723 I MultiDex: VM has multidex support, MultiDex support library is disabled.
05-30 19:12:16.992 11723 11723 D CompatibilityChangeReporter: Compat change id reported: 247079863; UID 10044; state: DISABLED
05-30 19:12:17.027 11723 11750 I crashsdk: version unique build id: 6230cced
05-30 19:12:17.034 11723 11744 I crashsdk: begin hack android.os.Process
05-30 19:12:17.034 11723 11751 D crashsdk: Native log stat thread 11751 setup, waiting
05-30 19:12:17.034 11723 11744 I crashsdk: end hack android.os.Process
05-30 19:12:17.050 11723 11744 I Matrix.AnrTracer: anrTrace, final mAnrBeatTime:400, mAnrBeatRate:400
05-30 19:12:17.051 11723 11723 I TDLog   :  setReportUncaughtExceptions: true
05-30 19:12:17.051 11723 11744 E LaunchManager: Non main process !
05-30 19:12:17.051 11723 11723 E Application: onCreate:Version:v2.8.3/20830/883432e
05-30 19:12:17.052 11723 11744 W System.err: java.lang.NullPointerException: Attempt to invoke virtual method 'boolean com.efs.sdk.launch.LaunchConfigManager.enableTracer()' on a null object reference
05-30 19:12:17.052 11723 11744 W System.err: 	at com.umeng.umcrash.UMCrash.init(Unknown Source:403)
05-30 19:12:17.052 11723 11744 W System.err: 	at java.lang.reflect.Method.invoke(Native Method)
05-30 19:12:17.052 11723 11744 W System.err: 	at com.umeng.commonsdk.UMConfigure.init(Unknown Source:811)
05-30 19:12:17.052 11723 11744 W System.err: 	at b.f.f.b.a(:4)
05-30 19:12:17.052 11723 11744 W System.err: 	at h.o.a.run(Unknown Source:2)
05-30 19:12:17.068 11723 11754 W efs.send_log: tryFileLock start! 
05-30 19:12:17.071 11723 11754 I efs.config: --->>> 删除旧的配置文件 false
05-30 19:12:17.072 11723 11767 I efs.base: lt=event`ev_ct=efs_core`ev_ac=pvuv`tm=2025-05-30 19:12:07`dn=e51a988b-54c8-4375-8782-b9f92d3b202a`ps=com.huawei.connection`um_os=android`stime=1748603536894`pid=11723`fr=android`pkg=com.dangbei.screencast`vcode=20830`dsp_w=1920`uid=e51a988b-54c8-4375-8782-b9f92d3b202a`rom=14`wid=e51a988b-54c8-4375-8782-b9f92d3b202a`um_app_carrier=`um_access=wifi`um_app_channel=os`um_crash_sdk_version=1.4.0`ctime=1748603537`model=dbbox-a3`lang=zh`net=wifi`brand=amlogic`dsp_h=1080`um_network_type=0`ver=v2.8.3`build_model=DBBOX-A3`w_tm=1748603537`appid=5fc60c21094d637f3130af19`um_umid_header=ai213f134a525eaf6337aeffaab372c5e9`sdk=34`tzone=Asia/Shanghai`sdk_ver=1.3.6.umeng
05-30 19:12:17.090 11723 11723 I crashsdk: Catcher mask: 5000, 20480
05-30 19:12:17.091 11723 11723 I crashsdk: Catcher thread 11728
05-30 19:12:17.091 11723 11723 D crashsdk: Register ANR handler ...
05-30 19:12:17.094 11723 11754 I efs.config: current config version (-1) is older than another (1735614866)
05-30 19:12:17.094 11723 11723 D NearFieldManagerService: NearFieldManagerService.
05-30 19:12:17.095 11723 11754 I efs.config: load config from storage and notify observer
05-30 19:12:17.098 11723 11723 D NearFieldManagerService: onCreate, enter.
05-30 19:12:17.098 11723 11723 I NearFieldManagerService: onBind, enter.
05-30 19:12:17.098 11723 11723 D NearFieldManagerService: initService
05-30 19:12:17.098 11723 11723 D NearFieldManagerService: NearField starting...
05-30 19:12:17.099 11723 11723 D NearFieldUtils: checkSystemProperty in
05-30 19:12:17.100 11723 11723 D NearFieldUtils: checkSystemProperty: systemProperties:
05-30 19:12:17.100 11723 11723 E NearFieldUtils: validProperty: priority is null
05-30 19:12:17.104 11615 11615 D NearFieldManager: service connected.
05-30 19:12:17.105 11615 11615 D HiSight-Discovery: eventId: 4001
05-30 19:12:17.105 11723 11745 I TDLog   : TalkingData SDK init...
05-30 19:12:17.105 11723 11745 I TDLog   : 	SDK_VERSION is: Android+TD+V5.0.7 gp Type:Native  Build_Num:2141
05-30 19:12:17.105 11723 11745 I TDLog   : 	App ID is: B9D7815EC975466AB1332111FCE62DF5
05-30 19:12:17.105 11723 11745 I TDLog   : 	App Channel is: os
05-30 19:12:17.105 11723 11745 I TDLog   : 	App Custom is: 
05-30 19:12:17.105 11723 11745 I TDLog   : 	SDK_OVC is: TDOVC+a3bb7754719798526508b6caad480dd7+SaaS
05-30 19:12:17.105 11615 11722 D HiSight-Discovery: msg 4001
05-30 19:12:17.105 11615 11722 D HiSight-Discovery: bind success, status Ready
05-30 19:12:17.105 11615 11722 D HiSight-Discovery: startAdvertise 2
05-30 19:12:17.105 11615 11722 D HiSight-Discovery: stopAdvertise.
05-30 19:12:17.106 11615 11722 D HiSight-Discovery: nearFieldStartListen deviceType 46
05-30 19:12:17.107 11723 11771 I NearFieldManagerImpl: setDeviceInfo, sDeviceId changes
05-30 19:12:17.108 11723 11771 I NearFieldManagerImpl: setDeviceInfo, sDeviceName changes
05-30 19:12:17.108 11723 11772 D TrafficStats: tagSocket(136) with statsTag=0xffffffff, statsUid=-1
05-30 19:12:17.108 11723 11771 D NearFieldManagerImpl: setServiceData, sServiceData=[], serviceData=[32]
05-30 19:12:17.109 11615 11722 E NearFieldManager: setIdnNetworkPriority: networkPortPriority is empty
05-30 19:12:17.109 11615 11722 D NearFieldManager: StartListen moduleId: CastPlusDiscoveryModule
05-30 19:12:17.110 11723 11771 D NearFieldManagerImpl: startListen: moduleId: CastPlusDiscoveryModule
05-30 19:12:17.110 11723 11771 D NearFieldUtils: getPreferredIpAddress exec
05-30 19:12:17.110 11723 11771 D NearFieldUtils: getPreferredIpAddress by custom priority
05-30 19:12:17.110 11723 11771 D NearFieldUtils: getIpByInterfaceSetting customIdnNetworkPriority:[]
05-30 19:12:17.110 11723 11771 D NearFieldUtils: getPreferredIpAddress by default priority
05-30 19:12:17.116 11723 11771 D NearFieldUtils: to get wlan0 ip address
05-30 19:12:17.116 11723 11771 D NearFieldUtils: get wlan0 IP succeed.
05-30 19:12:17.116 11723 11771 D NearFieldManagerImpl: sDeviceType: 46
05-30 19:12:17.116 11723 11771 D NearFieldManagerImpl: registerDevice() is called.
05-30 19:12:17.117 11723 11771 E NearFieldManagerUtilsNative: Begin System.loadLibrary()
05-30 19:12:17.123 11723 11771 I HicomNfTimerManager: epoll fd:135 create success
05-30 19:12:17.123 11723 11771 I HicomNfTimerManager: epoll add fd:137--->135 success
05-30 19:12:17.123 11723 11771 I HicomNfTimerManager: time fd:137 add to epoll success
05-30 19:12:17.127 11723 11771 D nStackXDFinder: NSTACKX_Init:[146] :nstack ctrl creat epollfd 139
05-30 19:12:17.127 11723 11771 I nStackXDFinder: InitDefaultInterfaceName:[779] :InitDefaultInterfaceName exec
05-30 19:12:17.127 11723 11771 D nStackXCoAP: CoapServerInit:[174] :CoapServerInit is called
05-30 19:12:17.127 11723 11771 E nStackXDFinder: GetLocalIp:[401] :GetLocalIp exec
05-30 19:12:17.128 11723 11771 E nStackXDFinder: GetLocalIp:[407] :GetLocalIp, ifInfo is null
05-30 19:12:17.128 11723 11771 I HicomNfMainCtrlManager: NSTACKX_RegisterDevice is called
05-30 19:12:17.128 11723 11771 D NearFieldManagerImpl: Register device success.
05-30 19:12:17.128 11723 11771 I NearFieldManagerImpl: serviceName is castPlus
05-30 19:12:17.128 11723 11771 D NearFieldManagerImpl: registerCapability() called with: capabilityBitmapNum = 1, capabilityBitmap = [8]
05-30 19:12:17.128 11723 11771 I HicomNf_java_to_c: registerCapability, capabilityBitmapNum: 1
05-30 19:12:17.128 11723 11771 I HicomNfMainCtrlManager: RegisterCapability: 1, 8
05-30 19:12:17.128 11723 11771 D NearFieldManagerImpl: Register capability succeed with capabilityBitmapNum = 1, capabilityBitmap = [8]
05-30 19:12:17.128 11723 11771 D NearFieldManagerImpl: registerServiceData() called with: serviceData = 32
05-30 19:12:17.128 11723 11771 D NearFieldManagerImpl: registerModule() called with: packageModuleName = com.huawei.connection+CastPlusDiscoveryModule
05-30 19:12:17.129 11723 11771 I HicomNf_java_to_c: registerModule, moduleName: com.huawei.connection+CastPlusDiscoveryModule
05-30 19:12:17.129 11723 11771 I HicomNfMainCtrlManager: Enter RegisterModule
05-30 19:12:17.129 11723 11771 I HicomNfRegManager: RegisterModule OK, add module name com.huawei.connection+CastPlusDiscoveryModule
05-30 19:12:17.130 11615 11722 I Hisight-DeviceListManager: init DeviceListManager.
05-30 19:12:17.135 11615 11722 D Hisight-DeviceListManager: get old secret key
05-30 19:12:17.136 11723 11765 D TrafficStats: tagSocket(149) with statsTag=0xffffffff, statsUid=-1
05-30 19:12:17.138 11615 11722 E Hisight-ConnectAuthCallBack: readSecureFile failed, no such file
05-30 19:12:17.138 11615 11722 W Hisight-DeviceListManager: deviceRecords is empty
05-30 19:12:17.138 11615 11722 W Hisight-DeviceListManager: occur error, clear all the list
05-30 19:12:17.139 11615 11722 D Hisight-HiChainAuthControl: start HiChainAuthControl
05-30 19:12:17.141 11723 11775 I nStackXDFinder: UpdateLocalNetworkInterface:[472] :UpdateLocalNetworkInterface exec,initerfaceName:wlan0
05-30 19:12:17.141 11723 11775 E nStackXDFinder: GetLocalIp:[401] :GetLocalIp exec
05-30 19:12:17.141 11723 11775 E nStackXDFinder: GetLocalIp:[407] :GetLocalIp, ifInfo is null
05-30 19:12:17.141 11723 11775 I nStackXDFinder: UpdateLocalNetworkInterface:[498] :UpdateLocalNetworkInterface copy ip value in default process
05-30 19:12:17.141 11723 11775 E nStackXDFinder: GetLocalIp:[401] :GetLocalIp exec
05-30 19:12:17.141 11723 11775 D nStackXCoAP: CoapServerInit:[174] :CoapServerInit is called
05-30 19:12:17.141 11723 11775 E nStackXDFinder: GetLocalIp:[401] :GetLocalIp exec
05-30 19:12:17.141 11615 11722 I ConnectAuthJNI: JNI_OnLoad begin load
05-30 19:12:17.141 11615 11722 I ConnectAuthJNI: RegisterNativeMethod begin
05-30 19:12:17.141 11615 11722 I ConnectAuthJNI: RegisterNativeMethod end
05-30 19:12:17.141 11615 11722 I ConnectAuthJNI: RegisterNativeMethod 1004 methodLen=10
05-30 19:12:17.141 11615 11722 I ConnectAuthJNI: RegisterNativeMethod 1007 RegisterNatives=0
05-30 19:12:17.141 11615 11722 I ConnectAuthJNI: InitArraylist 1013
05-30 19:12:17.141 11723 11775 I nStackXUtil: BindToDevice:[352] :BindToDevice exec
05-30 19:12:17.141 11615 11722 I ConnectAuthJNI: InitConnectAuthStaticJNIMethod 1114 methodRet=0
05-30 19:12:17.141 11615 11722 E ConnectAuthJNI: JNI_OnLoad finish....1138
05-30 19:12:17.141 11723 11775 I nStackXUtil: GetInterfaceByPriority:[279] :GetInterfaceByPriority exec
05-30 19:12:17.141 11723 11775 I nStackXUtil: GetInterfaceByDefault:[309] :GetInterfaceByDefault exec
05-30 19:12:17.141 11723 11775 I nStackXUtil: GetInterfaceByDefault:[316] :GetInterfaceByDefault, ndevice name: lo
05-30 19:12:17.141 11723 11775 I nStackXUtil: GetInterfaceByDefault:[316] :GetInterfaceByDefault, ndevice name: wlan0
05-30 19:12:17.141 11615 11722 D Hisight-HiChainAuthControl: setupAuthIfNeeded, HiChainInstance hasn't been initialized
05-30 19:12:17.142 11615 11722 I ConnectAuthJNI: Java_com_huawei_hisight_security_ConnectAuthNative_nativeSetup 795 call HiChainNativeSetup
05-30 19:12:17.142 11615 11722 I ConnectAuthJNI: HiChainNativeSetup 565 registe_log
05-30 19:12:17.142 11615 11722 I ConnectAuthJNI: HksStorageRegisterFileCallbacks 245 register hks file callback status =0
05-30 19:12:17.142 11615 11722 I ConnectAuthJNI: HksRegisterGetDeviceIdCallback 268 register hks get hardware udid callback status =0
05-30 19:12:17.143 11615 11722 D ConnectAuthJNI: [HiChain] get_instance Begin get instance
05-30 19:12:17.143 11615 11722 I ConnectAuthJNI: [HKS] hks_service_key_info_init hks init : begin
05-30 19:12:17.143 11615 11722 I ConnectAuthJNI: FileRead 113 FileRead
05-30 19:12:17.143 11615 11722 I ConnectAuthJNI: FileRead 122 FileRead call readSecureFile begin
05-30 19:12:17.143 11615 11722 E Hisight-ConnectAuthCallBack: readSecureFile failed, no such file
05-30 19:12:17.143 11615 11722 W ConnectAuthJNI: FileRead 132 FileRead call readSecureFile byteArray is null
05-30 19:12:17.143 11615 11722 I ConnectAuthJNI: [HKS] hks_rkc_init RKC init:begin, is_key_info_exist=0
05-30 19:12:17.143 11615 11722 I ConnectAuthJNI: [HKS] hks_rkc_init_entropy the entropy is empty
05-30 19:12:17.143 11615 11722 I ConnectAuthJNI: FileSize 214 FileSize
05-30 19:12:17.144 11615 11722 I ConnectAuthJNI: FileSize 230 fileSize=258
05-30 19:12:17.144 11615 11722 I ConnectAuthJNI: FileRead 113 FileRead
05-30 19:12:17.144 11615 11722 I ConnectAuthJNI: FileRead 122 FileRead call readSecureFile begin
05-30 19:12:17.144 11615 11722 I ConnectAuthJNI: FileRead 135 FileRead call readSecureFile end
05-30 19:12:17.144 11615 11722 I ConnectAuthJNI: FileRead 150 fileBuff size 258, buf len 258
05-30 19:12:17.144 11615 11722 I ConnectAuthJNI: FileSize 214 FileSize
05-30 19:12:17.144 11615 11722 I ConnectAuthJNI: FileSize 230 fileSize=258
05-30 19:12:17.144 11615 11722 I ConnectAuthJNI: FileRead 113 FileRead
05-30 19:12:17.144 11615 11722 I ConnectAuthJNI: FileRead 122 FileRead call readSecureFile begin
05-30 19:12:17.144 11615 11722 I ConnectAuthJNI: FileRead 135 FileRead call readSecureFile end
05-30 19:12:17.144 11615 11722 I ConnectAuthJNI: FileRead 150 fileBuff size 258, buf len 258
05-30 19:12:17.144 11615 11722 I ConnectAuthJNI: [HKS] hks_rkc_load_ksf load ksf success
05-30 19:12:17.144 11615 11722 I ConnectAuthJNI: [HKS] hks_rkc_init root key component init success
05-30 19:12:17.144 11615 11722 I ConnectAuthJNI: [HKS] hks_rkc_init RKC init:end,rc=0
05-30 19:12:17.144 11615 11722 I ConnectAuthJNI: [HKS] hks_service_key_info_init hks init : end
05-30 19:12:17.144 11615 11722 I ConnectAuthJNI: GetHiChainProtocolParamsCallback 371 GetHiChainProtocolParamsCallback operation_code= 99
05-30 19:12:17.144 11615 11722 I ConnectAuthJNI: paramLen is ,=0
05-30 19:12:17.144 11615 11722 I ConnectAuthJNI: paramLen is ,=0
05-30 19:12:17.144 11615 11722 I ConnectAuthJNI: GetHiChainProtocolParamsCallback 402 GetHiChainProtocolParamsCallback end
05-30 19:12:17.144 11615 11722 I ConnectAuthJNI: [HiChain] get_instance Get instance success
05-30 19:12:17.144 11615 11722 I ConnectAuthJNI: Java_com_huawei_hisight_security_ConnectAuthNative_nativeGetHiChainInstance 598 get instance success
05-30 19:12:17.145 11615 11722 D Hisight-HiChainAuthControl: destroyAuth
05-30 19:12:17.145 11615 11722 I ConnectAuthJNI: Java_com_huawei_hisight_security_ConnectAuthNative_nativeDestroy 603 destroy
05-30 19:12:17.145 11615 11722 D Hisight-HiChainAuthControl: setupAuthIfNeeded, HiChainInstance hasn't been initialized
05-30 19:12:17.145 11615 11722 I ConnectAuthJNI: Java_com_huawei_hisight_security_ConnectAuthNative_nativeSetup 795 call HiChainNativeSetup
05-30 19:12:17.145 11615 11722 I ConnectAuthJNI: HiChainNativeSetup 565 registe_log
05-30 19:12:17.145 11615 11722 I ConnectAuthJNI: HksStorageRegisterFileCallbacks 245 register hks file callback status =0
05-30 19:12:17.145 11615 11722 I ConnectAuthJNI: HksRegisterGetDeviceIdCallback 268 register hks get hardware udid callback status =0
05-30 19:12:17.145 11615 11722 D ConnectAuthJNI: [HiChain] get_instance Begin get instance
05-30 19:12:17.145 11615 11722 I ConnectAuthJNI: [HKS] hks_service_key_info_init hks init : begin
05-30 19:12:17.145 11615 11722 I ConnectAuthJNI: [HKS] hks_service_key_info_init hks init : end
05-30 19:12:17.145 11615 11722 I ConnectAuthJNI: GetHiChainProtocolParamsCallback 371 GetHiChainProtocolParamsCallback operation_code= 99
05-30 19:12:17.145 11615 11722 I ConnectAuthJNI: paramLen is ,=0
05-30 19:12:17.145 11615 11722 I ConnectAuthJNI: paramLen is ,=0
05-30 19:12:17.145 11615 11722 I ConnectAuthJNI: GetHiChainProtocolParamsCallback 402 GetHiChainProtocolParamsCallback end
05-30 19:12:17.145 11615 11722 I ConnectAuthJNI: [HiChain] get_instance Get instance success
05-30 19:12:17.145 11615 11722 I ConnectAuthJNI: Java_com_huawei_hisight_security_ConnectAuthNative_nativeGetHiChainInstance 598 get instance success
05-30 19:12:17.145 11615 11722 W ConnectAuthJNI: GetListTrustPeers 899 trustPeerSize=0
05-30 19:12:17.145 11615 11722 D Hisight-HiChainAuthControl: destroyAuth
05-30 19:12:17.145 11615 11722 I ConnectAuthJNI: Java_com_huawei_hisight_security_ConnectAuthNative_nativeDestroy 603 destroy
05-30 19:12:17.145 11615 11722 D Hisight-HiChainAuthControl: setupAuthIfNeeded, HiChainInstance hasn't been initialized
05-30 19:12:17.145 11615 11722 I ConnectAuthJNI: Java_com_huawei_hisight_security_ConnectAuthNative_nativeSetup 795 call HiChainNativeSetup
05-30 19:12:17.145 11615 11722 I ConnectAuthJNI: HiChainNativeSetup 565 registe_log
05-30 19:12:17.145 11615 11722 I ConnectAuthJNI: HksStorageRegisterFileCallbacks 245 register hks file callback status =0
05-30 19:12:17.145 11615 11722 I ConnectAuthJNI: HksRegisterGetDeviceIdCallback 268 register hks get hardware udid callback status =0
05-30 19:12:17.145 11615 11722 D ConnectAuthJNI: [HiChain] get_instance Begin get instance
05-30 19:12:17.145 11615 11722 I ConnectAuthJNI: [HKS] hks_service_key_info_init hks init : begin
05-30 19:12:17.145 11615 11722 I ConnectAuthJNI: [HKS] hks_service_key_info_init hks init : end
05-30 19:12:17.145 11615 11722 I ConnectAuthJNI: GetHiChainProtocolParamsCallback 371 GetHiChainProtocolParamsCallback operation_code= 99
05-30 19:12:17.145 11615 11722 I ConnectAuthJNI: paramLen is ,=0
05-30 19:12:17.145 11615 11722 I ConnectAuthJNI: paramLen is ,=0
05-30 19:12:17.145 11615 11722 I ConnectAuthJNI: GetHiChainProtocolParamsCallback 402 GetHiChainProtocolParamsCallback end
05-30 19:12:17.145 11615 11722 I ConnectAuthJNI: [HiChain] get_instance Get instance success
05-30 19:12:17.145 11615 11722 I ConnectAuthJNI: Java_com_huawei_hisight_security_ConnectAuthNative_nativeGetHiChainInstance 598 get instance success
05-30 19:12:17.145 11615 11722 W ConnectAuthJNI: GetListTrustPeers 899 trustPeerSize=0
05-30 19:12:17.146 11615 11722 D Hisight-DeviceListManager: init trusted list size: 0
05-30 19:12:17.146 11615 11722 D HiSight-ConnectionManager: setAuthInfo, authMode: 1
05-30 19:12:17.146 11723 11775 I nStackXUtil: BindToDevice:[374] :BindToDevice, Bind localAddr name: wlan0
05-30 19:12:17.146 11723 11775 I nStackXUtil: BindToDeviceInner:[191] :binding interface wlan0 success
05-30 19:12:17.147 11723 11775 D nStackXCoAP: CoapInitResources:[744] :CoapInitResources g_wlanOrEthContext update
05-30 19:12:17.147 11723 11775 I nStackXDFinder: RegisterServiceData:[728] :RegisterServiceData, serviceData=[32]
05-30 19:12:17.148 11723 11772 D TrafficStats: tagSocket(136) with statsTag=0xffffffff, statsUid=-1
05-30 19:12:17.191 11615 11650 D TrafficStats: tagSocket(166) with statsTag=0xffffffff, statsUid=-1
05-30 19:12:17.323 11615 11615 D HiSight-SinkService: setDiscoverable true
05-30 19:12:17.323 11615 11615 D HiSight-Discovery: set deviceInfo type:46
05-30 19:12:17.323 11615 11615 D HiSight-Discovery: startAdvertise 3
05-30 19:12:17.323 11615 11615 D HiSight-Discovery: stopAdvertise.
05-30 19:12:17.323 11615 11615 D NearFieldManager: StopListen moduleId: CastPlusDiscoveryModule
05-30 19:12:17.323 11723 11771 D NearFieldManagerImpl: stopListen: moduleId: CastPlusDiscoveryModule
05-30 19:12:17.323 10291 10410 D wenhc   : getScreenInfo uri = content://com.dangbei.screencast.parts.info/screen_cast
05-30 19:12:17.323 11723 11771 D NearFieldManagerImpl: registerCapability() called with: capabilityBitmapNum = 1, capabilityBitmap = [0]
05-30 19:12:17.323 11723 11771 I HicomNf_java_to_c: registerCapability, capabilityBitmapNum: 1
05-30 19:12:17.324 11723 11771 I HicomNfMainCtrlManager: RegisterCapability: 1, 0
05-30 19:12:17.324 11723 11771 D NearFieldManagerImpl: Register capability succeed with capabilityBitmapNum = 1, capabilityBitmap = [0]
05-30 19:12:17.324 11615 11615 D HiSight-Discovery: nearFieldStartListen deviceType 46
05-30 19:12:17.325 11723 11771 D NearFieldManagerImpl: setServiceData, sServiceData=[32], serviceData=[32]
05-30 19:12:17.325 11723 11771 E NearFieldManagerImpl: setServiceData, serviceData exists
05-30 19:12:17.325 11615 11615 E NearFieldManager: setIdnNetworkPriority: networkPortPriority is empty
05-30 19:12:17.325 11615 11615 D NearFieldManager: StartListen moduleId: CastPlusDiscoveryModule
05-30 19:12:17.325 11723 11771 D NearFieldManagerImpl: startListen: moduleId: CastPlusDiscoveryModule
05-30 19:12:17.325 11723 11771 D NearFieldUtils: getPreferredIpAddress exec
05-30 19:12:17.325 11723 11771 D NearFieldUtils: getPreferredIpAddress by custom priority
05-30 19:12:17.325 11723 11771 D NearFieldUtils: getIpByInterfaceSetting customIdnNetworkPriority:[]
05-30 19:12:17.325 11723 11771 D NearFieldUtils: getPreferredIpAddress by default priority
05-30 19:12:17.334 11723 11771 D NearFieldUtils: to get wlan0 ip address
05-30 19:12:17.334 11723 11771 D NearFieldUtils: get wlan0 IP succeed.
05-30 19:12:17.334 11723 11771 D NearFieldManagerImpl: sDeviceType: 46
05-30 19:12:17.334 11723 11771 D NearFieldManagerImpl: registerDevice() is called.
05-30 19:12:17.334 11723 11771 I HicomNfMainCtrlManager: NSTACKX_RegisterDevice is called
05-30 19:12:17.334 11723 11771 D NearFieldManagerImpl: Register device success.
05-30 19:12:17.334 11723 11771 I NearFieldManagerImpl: serviceName is castPlus
05-30 19:12:17.334 11723 11775 I nStackXDFinder: UpdateLocalNetworkInterface:[472] :UpdateLocalNetworkInterface exec,initerfaceName:wlan0
05-30 19:12:17.334 11723 11775 E nStackXDFinder: GetLocalIp:[401] :GetLocalIp exec
05-30 19:12:17.334 11723 11775 I nStackXDFinder: UpdateLocalNetworkInterface:[498] :UpdateLocalNetworkInterface copy ip value in default process
05-30 19:12:17.335 11723 11775 E nStackXDFinder: GetLocalIp:[401] :GetLocalIp exec
05-30 19:12:17.335 11723 11775 I nStackXDFinder: UpdateLocalNetworkInterface:[505] :UpdateLocalNetworkInterface: ip not change
05-30 19:12:17.335 11723 11771 D NearFieldManagerImpl: registerCapability() called with: capabilityBitmapNum = 1, capabilityBitmap = [8]
05-30 19:12:17.335 11723 11771 I HicomNf_java_to_c: registerCapability, capabilityBitmapNum: 1
05-30 19:12:17.335 11723 11771 I HicomNfMainCtrlManager: RegisterCapability: 1, 8
05-30 19:12:17.335 11723 11771 D NearFieldManagerImpl: Register capability succeed with capabilityBitmapNum = 1, capabilityBitmap = [8]
05-30 19:12:17.335 11723 11771 D NearFieldManagerImpl: registerServiceData() called with: serviceData = 32
05-30 19:12:17.335 11723 11771 D NearFieldManagerImpl: registerModule() called with: packageModuleName = com.huawei.connection+CastPlusDiscoveryModule
05-30 19:12:17.335 11723 11775 I nStackXDFinder: RegisterServiceData:[728] :RegisterServiceData, serviceData=[32]
05-30 19:12:17.335 11723 11771 D NearFieldManagerImpl: registerModule, registered before
05-30 19:12:17.335 11723 11771 I HicomNf_java_to_c: registerModule, moduleName: com.huawei.connection+CastPlusDiscoveryModule
05-30 19:12:17.335 11723 11771 I HicomNfMainCtrlManager: Enter RegisterModule
05-30 19:12:17.335 11723 11771 I HicomNfRegManager: RegisterModule OK, already registered com.huawei.connection+CastPlusDiscoveryModule
05-30 19:12:17.355 11615 11615 D HiSight-SinkService: setDiscoverable true
05-30 19:12:17.355 11615 11615 D HiSight-Discovery: set deviceInfo type:46
05-30 19:12:17.355 10291 10410 D wenhc   : getScreenInfo uri = content://com.dangbei.screencast.parts.info/screen_cast
05-30 19:12:17.356 11615 11615 D HiSight-Discovery: startAdvertise 3
05-30 19:12:17.356 11615 11615 D HiSight-Discovery: stopAdvertise.
05-30 19:12:17.356 11615 11615 D NearFieldManager: StopListen moduleId: CastPlusDiscoveryModule
05-30 19:12:17.356 11723 11771 D NearFieldManagerImpl: stopListen: moduleId: CastPlusDiscoveryModule
05-30 19:12:17.356 11723 11771 D NearFieldManagerImpl: registerCapability() called with: capabilityBitmapNum = 1, capabilityBitmap = [0]
05-30 19:12:17.356 11723 11771 I HicomNf_java_to_c: registerCapability, capabilityBitmapNum: 1
05-30 19:12:17.356 11723 11771 I HicomNfMainCtrlManager: RegisterCapability: 1, 0
05-30 19:12:17.356 11723 11771 D NearFieldManagerImpl: Register capability succeed with capabilityBitmapNum = 1, capabilityBitmap = [0]
05-30 19:12:17.357 11615 11615 D HiSight-Discovery: nearFieldStartListen deviceType 46
05-30 19:12:17.357 11723 11771 D NearFieldManagerImpl: setServiceData, sServiceData=[32], serviceData=[32]
05-30 19:12:17.357 11723 11771 E NearFieldManagerImpl: setServiceData, serviceData exists
05-30 19:12:17.358 11615 11615 E NearFieldManager: setIdnNetworkPriority: networkPortPriority is empty
05-30 19:12:17.358 11615 11615 D NearFieldManager: StartListen moduleId: CastPlusDiscoveryModule
05-30 19:12:17.358 11723 11771 D NearFieldManagerImpl: startListen: moduleId: CastPlusDiscoveryModule
05-30 19:12:17.358 11723 11771 D NearFieldUtils: getPreferredIpAddress exec
05-30 19:12:17.358 11723 11771 D NearFieldUtils: getPreferredIpAddress by custom priority
05-30 19:12:17.358 11723 11771 D NearFieldUtils: getIpByInterfaceSetting customIdnNetworkPriority:[]
05-30 19:12:17.358 11723 11771 D NearFieldUtils: getPreferredIpAddress by default priority
05-30 19:12:17.364 11723 11771 D NearFieldUtils: to get wlan0 ip address
05-30 19:12:17.364 11723 11771 D NearFieldUtils: get wlan0 IP succeed.
05-30 19:12:17.365 11723 11771 D NearFieldManagerImpl: sDeviceType: 46
05-30 19:12:17.365 11723 11771 D NearFieldManagerImpl: registerDevice() is called.
05-30 19:12:17.365 11723 11771 I HicomNfMainCtrlManager: NSTACKX_RegisterDevice is called
05-30 19:12:17.365 11723 11775 I nStackXDFinder: UpdateLocalNetworkInterface:[472] :UpdateLocalNetworkInterface exec,initerfaceName:wlan0
05-30 19:12:17.365 11723 11775 E nStackXDFinder: GetLocalIp:[401] :GetLocalIp exec
05-30 19:12:17.365 11723 11775 I nStackXDFinder: UpdateLocalNetworkInterface:[498] :UpdateLocalNetworkInterface copy ip value in default process
05-30 19:12:17.365 11723 11775 E nStackXDFinder: GetLocalIp:[401] :GetLocalIp exec
05-30 19:12:17.365 11723 11775 I nStackXDFinder: UpdateLocalNetworkInterface:[505] :UpdateLocalNetworkInterface: ip not change
05-30 19:12:17.365 11723 11771 D NearFieldManagerImpl: Register device success.
05-30 19:12:17.365 11723 11771 I NearFieldManagerImpl: serviceName is castPlus
05-30 19:12:17.365 11723 11771 D NearFieldManagerImpl: registerCapability() called with: capabilityBitmapNum = 1, capabilityBitmap = [8]
05-30 19:12:17.365 11723 11771 I HicomNf_java_to_c: registerCapability, capabilityBitmapNum: 1
05-30 19:12:17.365 11723 11771 I HicomNfMainCtrlManager: RegisterCapability: 1, 8
05-30 19:12:17.365 11723 11771 D NearFieldManagerImpl: Register capability succeed with capabilityBitmapNum = 1, capabilityBitmap = [8]
05-30 19:12:17.365 11723 11771 D NearFieldManagerImpl: registerServiceData() called with: serviceData = 32
05-30 19:12:17.366 11723 11771 D NearFieldManagerImpl: registerModule() called with: packageModuleName = com.huawei.connection+CastPlusDiscoveryModule
05-30 19:12:17.366 11723 11771 D NearFieldManagerImpl: registerModule, registered before
05-30 19:12:17.366 11723 11775 I nStackXDFinder: RegisterServiceData:[728] :RegisterServiceData, serviceData=[32]
05-30 19:12:17.366 11723 11771 I HicomNf_java_to_c: registerModule, moduleName: com.huawei.connection+CastPlusDiscoveryModule
05-30 19:12:17.366 11723 11771 I HicomNfMainCtrlManager: Enter RegisterModule
05-30 19:12:17.366 11723 11771 I HicomNfRegManager: RegisterModule OK, already registered com.huawei.connection+CastPlusDiscoveryModule
05-30 19:12:17.366 11615 11615 E HuaweiCastService: onStartCommand in 0
05-30 19:12:17.525 11723 11723 D NearFieldManagerImpl: onReceive action get:android.net.conn.CONNECTIVITY_CHANGE
05-30 19:12:17.526 11723 11767 W efs.info.manager: network change: wifi
05-30 19:12:17.526 11723 11723 D NearFieldUtils: getPreferredIpAddress exec
05-30 19:12:17.526 11723 11723 D NearFieldUtils: getPreferredIpAddress by custom priority
05-30 19:12:17.526 11723 11723 D NearFieldUtils: getIpByInterfaceSetting customIdnNetworkPriority:[]
05-30 19:12:17.526 11723 11723 D NearFieldUtils: getPreferredIpAddress by default priority
05-30 19:12:17.534 11723 11723 D NearFieldUtils: to get wlan0 ip address
05-30 19:12:17.534 11723 11723 D NearFieldUtils: get wlan0 IP succeed.
05-30 19:12:17.534 11723 11723 E NearFieldManagerImpl: notifyByPriority: interfaceNameInUse is null
05-30 19:12:17.534 11723 11723 D NearFieldManagerImpl: handleConnectivityAction: notified by default
05-30 19:12:17.537 11723 11723 D NearFieldUtils: to get wlan0 ip address
05-30 19:12:17.537 11723 11723 D NearFieldUtils: get wlan0 IP succeed.
05-30 19:12:17.537 11723 11723 I NearFieldManagerImpl: wlan Connected
05-30 19:12:17.538 11723 11723 I HicomNf_java_to_c: notifyNetworkStateChanged with maskStr, networkType: 0, networkState: 0, mask: 
05-30 19:12:17.538 11723 11723 I HicomNfMainCtrlManager: NotifyNetworkStateChanged is called with networkState: 0
05-30 19:12:17.538 11723 11723 I HicomNfMainCtrlManager: P2P and USB are both disconnected
05-30 19:12:17.538 11723 11723 I HicomNfSecureManager: stop listening
05-30 19:12:17.538 11723 11723 I HicomNfSecureManager: StopListening, m_sessionInfoLock out, before calling NSTACKX_DMsgClose 2
05-30 19:12:17.538 11723 11723 I HicomNfSecureManager: StopListening, after calling NSTACKX_DMsgClose 2
05-30 19:12:17.541 11723 11723 I HicomNf_java_to_c: notifyNetworkStateChanged with maskStr, networkType: 0, networkState: 1, mask: 255.255.254.0
05-30 19:12:17.541 11723 11723 I HicomNfMainCtrlManager: NotifyNetworkStateChanged is called with networkState: 1
05-30 19:12:17.541 11723 11723 I HicomNfSecureManager: StartListening, before calling NSTACKX_DMsgServer
05-30 19:12:17.541 11723 11723 I nStackXDMsg: NSTACKX_DMsgServer:[1335] :msgReceiver is not NULL 
05-30 19:12:17.542 11723 11723 D nStackXDMsg: StartDMsgMainThread:[1274] :pthread_create
05-30 19:12:17.542 11723 11723 I HicomNfSecureManager: StartListening, after calling NSTACKX_DMsgServer
05-30 19:12:17.542 11723 11723 I HicomNfSecureManager: OnehopSecureCtrlManager: succeeded to StartListening with type 0
05-30 19:12:17.836 10201 10201 I /apex/com.android.adbd/bin/adbd: type=1400 audit(0.0:3221): avc:  denied  { search } for  comm=75736220666673206F70656E name="/" dev="functionfs" ino=22213 scontext=u:r:su:s0 tcontext=u:object_r:functionfs:s0 tclass=dir permissive=1
05-30 19:12:17.836 10201 10201 I /apex/com.android.adbd/bin/adbd: type=1400 audit(0.0:3222): avc:  denied  { read write } for  comm=75736220666673206F70656E name="ep0" dev="functionfs" ino=22214 scontext=u:r:su:s0 tcontext=u:object_r:functionfs:s0 tclass=file permissive=1
05-30 19:12:17.836 10201 10201 I /apex/com.android.adbd/bin/adbd: type=1400 audit(0.0:3223): avc:  denied  { open } for  comm=75736220666673206F70656E path="/dev/usb-ffs/adb/ep0" dev="functionfs" ino=22214 scontext=u:r:su:s0 tcontext=u:object_r:functionfs:s0 tclass=file permissive=1
05-30 19:12:17.842 11615 11657 E raop    : JavaCallback init
05-30 19:12:17.973  9683  9683 W ServiceManagerCppClient: Waited one second for android.hardware.tv.tuner.ITuner/default (is service started? Number of threads started in the threadpool: 0. Are binder threads started and available?)
05-30 19:12:17.978   229 11788 W libc    : Unable to set property "ctl.interface_start" to "aidl/android.hardware.tv.tuner.ITuner/default": error code: 0x20
05-30 19:12:18.343 11615 11670 D TrafficStats: tagSocket(173) with statsTag=0xffffffff, statsUid=-1
05-30 19:12:18.537   557   571 I WifiHAL : call wifi_get_link_stats handler
05-30 19:12:18.537   557   571 I WifiHAL : Creating message to get link statistics; iface = 16
05-30 19:12:18.537   557   571 D WifiHAL : error code -95 mapped to -3
05-30 19:12:18.538  9613  9735 E WifiStaIfaceAidlImpl: getLinkLayerStats failed with service-specific exception: android.os.ServiceSpecificException:  (code 4)
05-30 19:12:18.565  9613  9694 D ActivityManager: freezing 10390 android.process.acore
05-30 19:12:18.566  9613  9694 D ActivityManager: freezing 10463 android.process.media
05-30 19:12:18.710 11530 11530 E GuardService: killMyselfRunnable: 
05-30 19:12:18.711 11530 11530 I crashsdk: android_os_Process_sendSignal. PID: 11530 SIG: 9
05-30 19:12:18.711 11530 11530 I crashsdk: onKillProcess. SIG: 9
05-30 19:12:18.713 11530 11530 I crashsdk: Kill PID: 11530 (com.dangbei.screencast:bg_guard) by pid: 11530 (com.dangbei.screencast:bg_guard) tid: 11530 (main)
05-30 19:12:18.713 11530 11530 I crashsdk: SIG: 9, fg: false, exiting: false, main process: false, time: 20250530191218
05-30 19:12:18.713 11530 11530 I crashsdk: State in disk: 'b'
05-30 19:12:18.713 11530 11530 I crashsdk:   at android.os.Process.sendSignal(Native Method)
05-30 19:12:18.713 11530 11530 I crashsdk:   at android.os.Process.killProcess(Process.java:1315)
05-30 19:12:18.713 11530 11530 I crashsdk:   at com.dangbei.screencast.startup.GuardService$a.run(:2)
05-30 19:12:18.713 11530 11530 I crashsdk:   at android.os.Handler.handleCallback(Handler.java:958)
05-30 19:12:18.713 11530 11530 I crashsdk:   at android.os.Handler.dispatchMessage(Handler.java:99)
05-30 19:12:18.713 11530 11530 I crashsdk:   at android.os.Looper.loopOnce(Looper.java:205)
05-30 19:12:18.713 11530 11530 I crashsdk:   at android.os.Looper.loop(Looper.java:294)
05-30 19:12:18.713 11530 11530 I crashsdk:   at android.app.ActivityThread.main(ActivityThread.java:8255)
05-30 19:12:18.713 11530 11530 I crashsdk:   at java.lang.reflect.Method.invoke(Native Method)
05-30 19:12:18.713 11530 11530 I crashsdk:   at com.android.internal.os.RuntimeInit$MethodAndArgsCaller.run(RuntimeInit.java:552)
05-30 19:12:18.713 11530 11530 I crashsdk:   at com.android.internal.os.ZygoteInit.main(ZygoteInit.java:978)
05-30 19:12:18.714 11530 11530 I Process : Sending signal. PID: 11530 SIG: 9
05-30 19:12:18.751 11615 11660 W efs.send_log: tryFileLock sendlock sucess! processname: com.dangbei.screencast
05-30 19:12:18.752  9613  9958 I ActivityManager: Process com.dangbei.screencast:bg_guard (pid 11530) has died: prcp FGS 
05-30 19:12:18.752  9613  9644 I libprocessgroup: Successfully killed process cgroup uid 10044 pid 11530 in 0ms
05-30 19:12:18.754  9613  9958 W ForegroundServiceTypeLoggerModule: FGS stop call for: 10044 has no types!
05-30 19:12:18.754  9492  9492 I Zygote  : Process 11530 exited due to signal 9 (Killed)
05-30 19:12:18.976  9683  9683 W ServiceManagerCppClient: Waited one second for android.hardware.tv.tuner.ITuner/default (is service started? Number of threads started in the threadpool: 0. Are binder threads started and available?)
05-30 19:12:18.984   229 11791 W libc    : Unable to set property "ctl.interface_start" to "aidl/android.hardware.tv.tuner.ITuner/default": error code: 0x20
05-30 19:12:19.288 11442 11442 I sh      : type=1400 audit(0.0:3224): avc:  denied  { read } for  name="/" dev="dm-8" ino=59 scontext=u:r:su:s0 tcontext=u:object_r:rootfs:s0 tclass=dir permissive=1
