05-30 19:12:19.288 11442 11442 I sh      : type=1400 audit(0.0:3225): avc:  denied  { open } for  path="/" dev="dm-8" ino=59 scontext=u:r:su:s0 tcontext=u:object_r:rootfs:s0 tclass=dir permissive=1
05-30 19:12:19.288 11442 11442 I sh      : type=1400 audit(0.0:3226): avc:  denied  { search } for  name="0" dev="tmpfs" ino=13 scontext=u:r:su:s0 tcontext=u:object_r:mnt_user_file:s0 tclass=dir permissive=1
05-30 19:12:19.288 11442 11442 I sh      : type=1400 audit(0.0:3227): avc:  denied  { read } for  name="primary" dev="tmpfs" ino=44 scontext=u:r:su:s0 tcontext=u:object_r:mnt_user_file:s0 tclass=lnk_file permissive=1
05-30 19:12:19.288 11442 11442 I sh      : type=1400 audit(0.0:3228): avc:  denied  { search } for  name="/" dev="fuse" ino=130 scontext=u:r:su:s0 tcontext=u:object_r:fuse:s0 tclass=dir permissive=1
05-30 19:12:19.384  9511  9569 E audio_hw_hal_alsamgr: aml_alsa_output_get_delayframe:824, pcm_ioctl fail, ret:0xffffffff, error info:Broken pipe
05-30 19:12:19.384  9511  9569 I audio_hw_hal_alsamgr: aml_alsa_output_write alsa_running_status[0xe8485d80] change from 1 to 0
05-30 19:12:19.384  9511  9569 W audio_hw_hal_alsamgr: [aml_alsa_output_write:616] alsa underrun
05-30 19:12:19.406  9511  9569 I audio_hw_hal_ms12v2: dolby_ms12_threadloop alsa is not running
05-30 19:12:19.406  9511  9569 I audio_hw_hal_alsamgr: aml_alsa_output_write alsa_running_status[0xe8485d80] change from 0 to 1
05-30 19:12:19.767 11615 11642 D TrafficStats: tagSocket(175) with statsTag=0xffffffff, statsUid=-1
05-30 19:12:19.916 10201 10201 I /apex/com.android.adbd/bin/adbd: type=1400 audit(0.0:3229): avc:  denied  { connectto } for  comm=75736220666673206F70656E path="/dev/socket/property_service" scontext=u:r:su:s0 tcontext=u:r:init:s0 tclass=unix_stream_socket permissive=1
05-30 19:12:19.981  9683  9683 W ServiceManagerCppClient: Waited one second for android.hardware.tv.tuner.ITuner/default (is service started? Number of threads started in the threadpool: 0. Are binder threads started and available?)
05-30 19:12:19.987   229 11796 W libc    : Unable to set property "ctl.interface_start" to "aidl/android.hardware.tv.tuner.ITuner/default": error code: 0x20
05-30 19:12:20.020  9511  9569 E audio_hw_hal_alsamgr: aml_alsa_output_get_delayframe:824, pcm_ioctl fail, ret:0xffffffff, error info:Broken pipe
05-30 19:12:20.020  9511  9569 I audio_hw_hal_alsamgr: aml_alsa_output_write alsa_running_status[0xe8485d80] change from 1 to 0
05-30 19:12:20.020  9511  9569 W audio_hw_hal_alsamgr: [aml_alsa_output_write:616] alsa underrun
05-30 19:12:20.039 11723 11749 D TrafficStats: tagSocket(151) with statsTag=0xffffffff, statsUid=-1
05-30 19:12:20.040  9511  9569 I audio_hw_hal_ms12v2: dolby_ms12_threadloop alsa is not running
05-30 19:12:20.040  9511  9569 I audio_hw_hal_alsamgr: aml_alsa_output_write alsa_running_status[0xe8485d80] change from 0 to 1
05-30 19:12:20.351 11615 11657 D TrafficStats: tagSocket(174) with statsTag=0xffffffff, statsUid=-1
05-30 19:12:20.364 11615 11657 W System.err: java.lang.NullPointerException: Attempt to invoke virtual method 'byte[] java.net.NetworkInterface.getHardwareAddress()' on a null object reference
05-30 19:12:20.364 11615 11657 W System.err: 	at b.f.f.y.g.b(Unknown Source:11)
05-30 19:12:20.364 11615 11657 W System.err: 	at b.d.a.a.p.c0(Unknown Source:2)
05-30 19:12:20.364 11615 11657 W System.err: 	at b.f.f.o.f.c.a(Unknown Source:23)
05-30 19:12:20.364 11615 11657 W System.err: 	at b.f.f.d.b.c(:5)
05-30 19:12:20.364 11615 11657 W System.err: 	at b.f.f.n.d$a.handleMessage(:3)
05-30 19:12:20.364 11615 11657 W System.err: 	at android.os.Handler.dispatchMessage(Handler.java:106)
05-30 19:12:20.364 11615 11657 W System.err: 	at android.os.Looper.loopOnce(Looper.java:205)
05-30 19:12:20.364 11615 11657 W System.err: 	at android.os.Looper.loop(Looper.java:294)
05-30 19:12:20.364 11615 11657 W System.err: 	at android.os.HandlerThread.run(HandlerThread.java:67)
05-30 19:12:20.374 11615 11799 I PlatformDependent: Your platform does not provide complete low-level API for accessing direct buffers reliably. Unless explicitly requested, heap buffer will always be preferred to avoid potential system instability.
05-30 19:12:20.387 11615 11657 W AudioCapabilities: Unsupported mime audio/vnd.dts.hd;profile=lbr
05-30 19:12:20.387 11615 11657 W AudioCapabilities: Unsupported mime audio/ffmpeg
05-30 19:12:20.388 11615 11657 W AudioCapabilities: Unsupported mime audio/mpeg-L1
05-30 19:12:20.388 11615 11657 W AudioCapabilities: Unsupported mime audio/mpeg-L2
05-30 19:12:20.389 11615 11799 D TrafficStats: tagSocket(214) with statsTag=0xffffffff, statsUid=-1
05-30 19:12:20.390 11615 11657 W VideoCapabilities: Unsupported mime video/avs
05-30 19:12:20.391 11615 11657 W VideoCapabilities: Unsupported mime video/avs2
05-30 19:12:20.392 11615 11657 W VideoCapabilities: Unsupported mime video/x-motion-jpeg
05-30 19:12:20.392 11615 11657 W VideoCapabilities: Unrecognized profile/level 0/4 for video/mpeg2
05-30 19:12:20.392 11615 11657 I VideoCapabilities: Unsupported profile 3 for video/mpeg2
05-30 19:12:20.392 11615 11657 I VideoCapabilities: Unsupported profile 4 for video/mpeg2
05-30 19:12:20.392 11615 11657 I VideoCapabilities: Unsupported profile 5 for video/mpeg2
05-30 19:12:20.392 11615 11657 W VideoCapabilities: Unrecognized profile/level 0/4 for video/mpeg2
05-30 19:12:20.392 11615 11657 I VideoCapabilities: Unsupported profile 3 for video/mpeg2
05-30 19:12:20.392 11615 11657 I VideoCapabilities: Unsupported profile 4 for video/mpeg2
05-30 19:12:20.392 11615 11657 I VideoCapabilities: Unsupported profile 5 for video/mpeg2
05-30 19:12:20.393 11615 11657 I VideoCapabilities: Unsupported profile 2 for video/mp4v-es
05-30 19:12:20.393 11615 11657 I VideoCapabilities: Unsupported profile 8 for video/mp4v-es
05-30 19:12:20.393 11615 11657 I VideoCapabilities: Unsupported profile 16 for video/mp4v-es
05-30 19:12:20.393 11615 11657 I VideoCapabilities: Unsupported profile 1024 for video/mp4v-es
05-30 19:12:20.393 11615 11657 W VideoCapabilities: Unsupported mime video/rm10
05-30 19:12:20.393 11615 11657 W VideoCapabilities: Unsupported mime video/rm20
05-30 19:12:20.393 11615 11657 W VideoCapabilities: Unsupported mime video/rm30
05-30 19:12:20.394 11615 11657 W VideoCapabilities: Unsupported mime video/rm40
05-30 19:12:20.394 11615 11657 W VideoCapabilities: Unsupported mime video/vc1
05-30 19:12:20.394 11615 11657 W VideoCapabilities: Unsupported mime video/vc1
05-30 19:12:20.394 11615 11657 W VideoCapabilities: Unsupported mime video/x-vnd.on2.vp6a
05-30 19:12:20.395 11615 11657 W VideoCapabilities: Unsupported mime video/x-vnd.on2.vp6f
05-30 19:12:20.396 11615 11657 W VideoCapabilities: Unsupported mime video/wmv1
05-30 19:12:20.396 11615 11657 W VideoCapabilities: Unsupported mime video/wmv2
05-30 19:12:20.396 11615 11657 W VideoCapabilities: Unsupported mime video/wmv3
05-30 19:12:20.392 11615 11615 I Thread-17: type=1400 audit(0.0:3230): avc:  denied  { read } for  name="somaxconn" dev="proc" ino=38606 scontext=u:r:untrusted_app_27:s0:c44,c256,c512,c768 tcontext=u:object_r:proc_net:s0 tclass=file permissive=1 app=com.dangbei.screencast
05-30 19:12:20.392 11615 11615 I Thread-17: type=1400 audit(0.0:3231): avc:  denied  { open } for  path="/proc/sys/net/core/somaxconn" dev="proc" ino=38606 scontext=u:r:untrusted_app_27:s0:c44,c256,c512,c768 tcontext=u:object_r:proc_net:s0 tclass=file permissive=1 app=com.dangbei.screencast
05-30 19:12:20.392 11615 11615 I Thread-17: type=1400 audit(0.0:3232): avc:  denied  { getattr } for  path="/proc/sys/net/core/somaxconn" dev="proc" ino=38606 scontext=u:r:untrusted_app_27:s0:c44,c256,c512,c768 tcontext=u:object_r:proc_net:s0 tclass=file permissive=1 app=com.dangbei.screencast
05-30 19:12:20.408  9613  9746 I serviceDiscovery: [MdnsAdvertiser] Adding service name: 当贝投屏Q4, type: _airplay._tcp, hostAddresses: , port: 34031, network: null, txtRecord: srcvers=220.68features=0x527FFFF7,0x1E'pi=2e388006-13ba-4041-9a67-25dd4a43d536Cpk=b07727d6f6cd6e08b58ede525ec3cdeaa252ad9f683feb212ef8a205246554e7vv=2	flags=0x4model=AppleTV2,1deviceid=1c:79:2d:23:39:47 with ID 6 and subtype null
05-30 19:12:20.419  9613  9746 I serviceDiscovery: [MdnsAdvertiser] Adding service name: 1c792d233947@当贝投屏Q4, type: _raop._tcp, hostAddresses: , port: 33603, network: null, txtRecord: 	txtvers=1
am=AppleTV2,1ch=2
05-30 19:12:20.419  9613  9746 I serviceDiscovery: cn=0,1,2,3da=trueet=0,3,5ft=0x527FFFF7,0x1Emd=0,1,2Cpk=b07727d6f6cd6e08b58ede525ec3cdeaa252ad9f683feb212ef8a205246554e7pw=falsesf=0x4sr=44100ss=16sv=falsetp=UDPvn=65537	vs=220.68vv=2rhd=5.6.0.0 with ID 7 and subtype null
05-30 19:12:20.862 11615 11670 W System.err: java.lang.NullPointerException: Attempt to invoke virtual method 'byte[] java.net.NetworkInterface.getHardwareAddress()' on a null object reference
05-30 19:12:20.863 11615 11670 W System.err: 	at b.f.f.y.g.b(Unknown Source:11)
05-30 19:12:20.863 11615 11670 W System.err: 	at b.d.a.a.p.c0(Unknown Source:2)
05-30 19:12:20.863 11615 11670 W System.err: 	at b.f.f.o.f.c.a(Unknown Source:23)
05-30 19:12:20.863 11615 11670 W System.err: 	at b.f.f.t.d.c(:1)
05-30 19:12:20.863 11615 11670 W System.err: 	at b.f.f.n.d$a.handleMessage(:3)
05-30 19:12:20.863 11615 11670 W System.err: 	at android.os.Handler.dispatchMessage(Handler.java:106)
05-30 19:12:20.863 11615 11670 W System.err: 	at android.os.Looper.loopOnce(Looper.java:205)
05-30 19:12:20.863 11615 11670 W System.err: 	at android.os.Looper.loop(Looper.java:294)
05-30 19:12:20.863 11615 11670 W System.err: 	at android.os.HandlerThread.run(HandlerThread.java:67)
05-30 19:12:20.872  9613  9746 I serviceDiscovery: [MdnsAdvertiser] Adding service name: 当贝投屏Q4, type: _db_cast_screen._tcp, hostAddresses: , port: 37367, network: null, txtRecord: au=1cV=20830mV=100h265=1maxR=4096-4096model=DBBOX-A3deviceid=1c:79:2d:23:39:47 with ID 8 and subtype null
05-30 19:12:20.873  9613  9746 E MdnsAdvertiser: Name conflict adding services that should have unique names
05-30 19:12:20.873  9613  9746 E MdnsAdvertiser: android.net.connectivity.com.android.server.connectivity.mdns.NameConflictException
05-30 19:12:20.873  9613  9746 E MdnsAdvertiser: 	at android.net.connectivity.com.android.server.connectivity.mdns.MdnsRecordRepository.addService(MdnsRecordRepository.java:314)
05-30 19:12:20.873  9613  9746 E MdnsAdvertiser: 	at android.net.connectivity.com.android.server.connectivity.mdns.MdnsInterfaceAdvertiser.addService(MdnsInterfaceAdvertiser.java:217)
05-30 19:12:20.873  9613  9746 E MdnsAdvertiser: 	at android.net.connectivity.com.android.server.connectivity.mdns.MdnsAdvertiser$InterfaceAdvertiserRequest.addService(MdnsAdvertiser.java:273)
05-30 19:12:20.873  9613  9746 E MdnsAdvertiser: 	at android.net.connectivity.com.android.server.connectivity.mdns.MdnsAdvertiser.addService(MdnsAdvertiser.java:488)
05-30 19:12:20.873  9613  9746 E MdnsAdvertiser: 	at android.net.connectivity.com.android.server.NsdService$NsdStateMachine$EnabledState.processMessage(NsdService.java:730)
05-30 19:12:20.873  9613  9746 E MdnsAdvertiser: 	at android.net.connectivity.com.android.internal.util.StateMachine$SmHandler.processMsg(StateMachine.java:993)
05-30 19:12:20.873  9613  9746 E MdnsAdvertiser: 	at android.net.connectivity.com.android.internal.util.StateMachine$SmHandler.handleMessage(StateMachine.java:810)
05-30 19:12:20.873  9613  9746 E MdnsAdvertiser: 	at android.os.Handler.dispatchMessage(Handler.java:106)
05-30 19:12:20.873  9613  9746 E MdnsAdvertiser: 	at android.os.Looper.loopOnce(Looper.java:205)
05-30 19:12:20.873  9613  9746 E MdnsAdvertiser: 	at android.os.Looper.loop(Looper.java:294)
05-30 19:12:20.873  9613  9746 E MdnsAdvertiser: 	at android.os.HandlerThread.run(HandlerThread.java:67)
05-30 19:12:20.984  9683  9683 W ServiceManagerCppClient: Waited one second for android.hardware.tv.tuner.ITuner/default (is service started? Number of threads started in the threadpool: 0. Are binder threads started and available?)
05-30 19:12:20.989   229 11802 W libc    : Unable to set property "ctl.interface_start" to "aidl/android.hardware.tv.tuner.ITuner/default": error code: 0x20
05-30 19:12:21.037  9511  9569 E audio_hw_hal_alsamgr: aml_alsa_output_get_delayframe:824, pcm_ioctl fail, ret:0xffffffff, error info:Broken pipe
05-30 19:12:21.037  9511  9569 I audio_hw_hal_alsamgr: aml_alsa_output_write alsa_running_status[0xe8485d80] change from 1 to 0
05-30 19:12:21.037  9511  9569 W audio_hw_hal_alsamgr: [aml_alsa_output_write:616] alsa underrun
05-30 19:12:21.057  9511  9569 I audio_hw_hal_ms12v2: dolby_ms12_threadloop alsa is not running
05-30 19:12:21.057  9511  9569 I audio_hw_hal_alsamgr: aml_alsa_output_write alsa_running_status[0xe8485d80] change from 0 to 1
05-30 19:12:21.198  9613  9746 I serviceDiscovery: [MdnsAdvertiser.wlan0] Probing finished for service 7
05-30 19:12:21.291  9613  9746 I serviceDiscovery: [MdnsAdvertiser.wlan0] Probing finished for service 6
05-30 19:12:21.357 11615 11672 E accept  : myIp:192.168.3.109
05-30 19:12:21.357 11615 11672 D TrafficStats: tagSocket(215) with statsTag=0xffffffff, statsUid=-1
05-30 19:12:21.360 11615 11672 E accept  : connect error
05-30 19:12:21.365 11615 11672 I UpnpServiceImpl: >>> Starting UPnP service...
05-30 19:12:21.365 11615 11672 I UpnpServiceImpl: Using configuration: org.fourthline.cling.android.AndroidUpnpServiceConfiguration
05-30 19:12:21.368 11615 11672 I Router  : Creating Router: org.fourthline.cling.android.AndroidRouter
05-30 19:12:21.369 11615 11672 W Router  : enable lock:org.fourthline.cling.android.AndroidRouter@9e77ae6_java.util.concurrent.locks.ReentrantReadWriteLock$WriteLock@2e59827[Unlocked]
05-30 19:12:21.375 11615 11672 W tworkAddressFactoryImpl: Network interface may not be multicast capable: dummy0
05-30 19:12:21.378 11615 11672 I MulticastReceiver: Creating wildcard socket (for receiving multicast datagrams) on port: 1900
05-30 19:12:21.379 11615 11672 D TrafficStats: tagSocket(215) with statsTag=0xffffffff, statsUid=-1
05-30 19:12:21.379 11615 11672 I MulticastReceiver: Joining multicast group: /239.255.255.250:1900 on network interface: wlan0
05-30 19:12:21.393 11615 11672 E accept  : Adding connector try: 192.168.3.109/192.168.3.109:36383
05-30 19:12:21.394 11615 11672 D TrafficStats: tagSocket(220) with statsTag=0xffffffff, statsUid=-1
05-30 19:12:21.395 11615 11672 E accept  : Adding connector result: 192.168.3.109/192.168.3.109:36383
05-30 19:12:21.458 11615 11672 I JettyServletContainer: Registering UPnP servlet under context path: /upnp
05-30 19:12:21.461 11615 11672 I DatagramIO: Creating bound socket (for datagram input/output) on: 192.168.3.109/192.168.3.109
05-30 19:12:21.461 11615 11672 D TrafficStats: tagSocket(221) with statsTag=0xffffffff, statsUid=-1
05-30 19:12:21.462 11615 11805 E JettyServletContainer: gogogo
05-30 19:12:21.462 11615 11805 I JettyServletContainer: Starting Jetty server... 
05-30 19:12:21.463 11615 11805 W System.err: 2025-05-30 19:12:21.463:INFO:lcaf.p:jetty-8.y.z-SNAPSHOT
05-30 19:12:21.465 11615 11672 I Router  : WiFi multicast lock acquired
05-30 19:12:21.466  9613  9958 I WifiService: acquireMulticastLock uid=10044
05-30 19:12:21.467 11615 11672 I Router  : WiFi lock acquired
05-30 19:12:21.467  9613  9958 I WifiService: acquireWifiLock uid=10044 lockMode=3
05-30 19:12:21.468  9872 10050 D IpClient.wlan0: set max DTIM multiplier to 1
05-30 19:12:21.469   557   571 I WifiHAL : wifi_set_latency_mode set to 1
05-30 19:12:21.478   557   571 D WifiHAL : Setting APF program, halHandle = 0xf2d02380
05-30 19:12:21.478   557   571 I WifiHAL : createRequest: APF set program request
05-30 19:12:21.478 11615 11672 W Router  : enable unlock:org.fourthline.cling.android.AndroidRouter@9e77ae6
05-30 19:12:21.478   557   571 D WifiHAL : error code -95 mapped to -3
05-30 19:12:21.478   557   571 I WifiHAL : Request Response failed for APF, result = -3
05-30 19:12:21.479  9613  9735 E WifiStaIfaceAidlImpl: installApfPacketFilter failed with service-specific exception: android.os.ServiceSpecificException:  (code 4)
05-30 19:12:21.479 11615 11672 I UpnpServiceImpl: <<< UPnP service started successfully
05-30 19:12:21.479   557   571 D WifiHAL : Setting DTIM config , halHandle = 0xf2d02380 Multiplier = 1
05-30 19:12:21.479   557   571 I WifiHAL : Successfully configured dtim multiplier 1
05-30 19:12:21.479   557   571 D WifiHAL : error code -95 mapped to -3
05-30 19:12:21.479  9613  9735 E WifiStaIfaceAidlImpl: setDtimMultiplier failed with service-specific exception: android.os.ServiceSpecificException:  (code 4)
05-30 19:12:21.493 11615 11805 W System.err: 2025-05-30 19:12:21.493:INFO:lcaf.a:Started @192.168.3.109:36383
05-30 19:12:21.530 11615 11672 E g       : channel :os
05-30 19:12:21.540   557   571 I WifiHAL : call wifi_get_link_stats handler
05-30 19:12:21.540   557   571 I WifiHAL : Creating message to get link statistics; iface = 16
05-30 19:12:21.540   557   571 D WifiHAL : error code -95 mapped to -3
05-30 19:12:21.540  9613  9735 E WifiStaIfaceAidlImpl: getLinkLayerStats failed with service-specific exception: android.os.ServiceSpecificException:  (code 4)
05-30 19:12:21.544 10924 10924 W JobService: onNetworkChanged() not implemented in androidx.work.impl.background.systemjob.SystemJobService. Must override in a subclass.
05-30 19:12:21.546  9613  9763 D InstantWifi: Receive Wifi is connected, freq =  5745 and currentNetworkId : 0, wifiinfo = SSID: <unknown ssid>, BSSID: 02:00:00:00:00:00, MAC: 02:00:00:00:00:00, IP: /192.168.3.109, Security type: 2, Supplicant state: COMPLETED, Wi-Fi standard: 6, RSSI: -57, Link speed: 1200Mbps, Tx Link speed: 1200Mbps, Max Supported Tx Link speed: 1200Mbps, Rx Link speed: 6Mbps, Max Supported Rx Link speed: 1200Mbps, Frequency: 5745MHz, Net ID: -1, Metered hint: false, score: 60, isUsable: true, CarrierMerged: false, SubscriptionId: -1, IsPrimary: 1, Trusted: true, Restricted: false, Ephemeral: false, OEM paid: false, OEM private: false, OSU AP: false, FQDN: <none>, Provider friendly name: <none>, Requesting package name: <none><none>MLO Information: , Is TID-To-Link negotiation supported by the AP: false, AP MLD Address: <none>, AP MLO Link Id: <none>, AP MLO Affiliated links: <none>
05-30 19:12:21.676  9613  9694 D ActivityManager: freezing 10798 com.android.permissioncontroller
05-30 19:12:21.831 11615 11665 I efs.base: lt=event`ev_ct=efs_core`ev_ac=log_lag`tm=2025-05-30 19:12:83`dn=e51a988b-54c8-4375-8782-b9f92d3b202a`ps=com.dangbei.screencast`um_os=android`stime=1748603531611`pid=11615`fr=android`pkg=com.dangbei.screencast`vcode=20830`dsp_w=1920`uid=e51a988b-54c8-4375-8782-b9f92d3b202a`rom=14`wid=e51a988b-54c8-4375-8782-b9f92d3b202a`um_app_carrier=`um_access=wifi`um_app_channel=os`um_crash_sdk_version=1.4.0`ctime=1748603541`model=dbbox-a3`lang=zh`net=wifi`brand=amlogic`dsp_h=1080`um_network_type=0`ver=v2.8.3`cnt=2`build_model=DBBOX-A3`w_tm=1748603541`appid=5fc60c21094d637f3130af19`um_umid_header=ai213f134a525eaf6337aeffaab372c5e9`sdk=34`tzone=Asia/Shanghai`sdk_ver=1.3.6.umeng
05-30 19:12:21.837 11615 11665 D TrafficStats: tagSocket(224) with statsTag=0xffffffff, statsUid=-1
05-30 19:12:21.838 11615 11664 D TrafficStats: tagSocket(225) with statsTag=0xffffffff, statsUid=-1
05-30 19:12:21.861 11615 11623 I gbei.screencast: Background concurrent copying GC freed 210597(11MB) AllocSpace objects, 81(3328KB) LOS objects, 49% free, 5628KB/10MB, paused 177us,69us total 114.911ms
05-30 19:12:21.904 11442 11442 I sh      : type=1400 audit(0.0:3233): avc:  denied  { search } for  name="0" dev="tmpfs" ino=13 scontext=u:r:su:s0 tcontext=u:object_r:mnt_user_file:s0 tclass=dir permissive=1
05-30 19:12:21.904 11442 11442 I sh      : type=1400 audit(0.0:3234): avc:  denied  { write } for  name="0" dev="fuse" ino=1391 scontext=u:r:su:s0 tcontext=u:object_r:fuse:s0 tclass=dir permissive=1
05-30 19:12:21.904 11442 11442 I sh      : type=1400 audit(0.0:3235): avc:  denied  { add_name } for  name="logcat.txt" scontext=u:r:su:s0 tcontext=u:object_r:fuse:s0 tclass=dir permissive=1
05-30 19:12:21.904 11442 11442 I sh      : type=1400 audit(0.0:3236): avc:  denied  { create } for  name="logcat.txt" scontext=u:r:su:s0 tcontext=u:object_r:fuse:s0 tclass=file permissive=1
05-30 19:12:21.904 11442 11442 I sh      : type=1400 audit(0.0:3237): avc:  denied  { write open } for  path="/storage/emulated/0/logcat.txt" dev="fuse" ino=3443 scontext=u:r:su:s0 tcontext=u:object_r:fuse:s0 tclass=file permissive=1
05-30 19:12:21.908 11442 11442 I sh      : type=1400 audit(0.0:3238): avc:  denied  { getattr } for  path="/system/bin/logcat" dev="dm-8" ino=19087719 scontext=u:r:su:s0 tcontext=u:object_r:logcat_exec:s0 tclass=file permissive=1
05-30 19:12:21.908 11442 11442 I sh      : type=1400 audit(0.0:3239): avc:  denied  { execute } for  name="logcat" dev="dm-8" ino=19087719 scontext=u:r:su:s0 tcontext=u:object_r:logcat_exec:s0 tclass=file permissive=1
05-30 19:12:21.908 11816 11816 I sh      : type=1400 audit(0.0:3240): avc:  denied  { read open } for  path="/system/bin/logcat" dev="dm-8" ino=19087719 scontext=u:r:su:s0 tcontext=u:object_r:logcat_exec:s0 tclass=file permissive=1
05-30 19:12:21.987  9683  9683 W ServiceManagerCppClient: Waited one second for android.hardware.tv.tuner.ITuner/default (is service started? Number of threads started in the threadpool: 0. Are binder threads started and available?)
05-30 19:12:21.992   229 11819 W libc    : Unable to set property "ctl.interface_start" to "aidl/android.hardware.tv.tuner.ITuner/default": error code: 0x20
05-30 19:12:22.080 11615 11665 I efs.base: wa upload succ, HttpResponse {succ=true, code=200, data='暂不支持该服务', extra={req_url=https://errlog.umeng.com/api/crashsdk/logcollect}}
05-30 19:12:22.123  9613  9627 W TelephonyPermissions: reportAccessDeniedToReadIdentifiers:com.dangbei.screencast:getSerial:-1
05-30 19:12:22.166 11723 11773 V NFC     : this device does not have NFC support
05-30 19:12:22.535 11723 11762 D TrafficStats: tagSocket(162) with statsTag=0xffffffff, statsUid=-1
05-30 19:12:22.990  9683  9683 W ServiceManagerCppClient: Waited one second for android.hardware.tv.tuner.ITuner/default (is service started? Number of threads started in the threadpool: 0. Are binder threads started and available?)
05-30 19:12:22.996   229 11828 W libc    : Unable to set property "ctl.interface_start" to "aidl/android.hardware.tv.tuner.ITuner/default": error code: 0x20
05-30 19:12:23.047 11615 11664 I efs.base: wa upload succ, HttpResponse {succ=true, code=200, data='暂不支持该服务', extra={req_url=https://errlog.umeng.com/api/crashsdk/logcollect}}
05-30 19:12:23.993  9683  9683 W ServiceManagerCppClient: Waited one second for android.hardware.tv.tuner.ITuner/default (is service started? Number of threads started in the threadpool: 0. Are binder threads started and available?)
05-30 19:12:23.999   229 11830 W libc    : Unable to set property "ctl.interface_start" to "aidl/android.hardware.tv.tuner.ITuner/default": error code: 0x20
05-30 19:12:24.291 11723 11775 D nStackXCoAP: IsInSameNetwork:[276] :IsInSameNetwork exec
05-30 19:12:24.291 11723 11775 I nStackXDFinder: GetLocalInterfaceDetail:[461] :GetLocalInterfaceDetail in
05-30 19:12:24.291 11723 11775 E nStackXCoAP: IsInSameNetwork:[281] :IsInSameNetwork: not priority process
05-30 19:12:24.291 11723 11775 D nStackXCoAP: ParseServiceDiscover:[330] :new device join
05-30 19:12:24.291 11723 11775 I nStackXDFinder: NotifyDeviceListChanged:[540] :notify callback: device list changed callback is null
05-30 19:12:24.292 11723 11775 E nStackXDFinder: GetLocalIp:[401] :GetLocalIp exec
05-30 19:12:24.318 11723 11775 D nStackXCoAP: CoapMessageHandler:[133] :2.01
05-30 19:12:24.505 11723 11775 D nStackXCoAP: IsInSameNetwork:[276] :IsInSameNetwork exec
05-30 19:12:24.505 11723 11775 I nStackXDFinder: GetLocalInterfaceDetail:[461] :GetLocalInterfaceDetail in
05-30 19:12:24.505 11723 11775 E nStackXCoAP: IsInSameNetwork:[281] :IsInSameNetwork: not priority process
05-30 19:12:24.505 11723 11775 D nStackXCoAP: ParseServiceDiscover:[330] :new device join
05-30 19:12:24.505 11723 11775 E nStackXDFinder: GetLocalIp:[401] :GetLocalIp exec
05-30 19:12:24.545   557   571 I WifiHAL : call wifi_get_link_stats handler
05-30 19:12:24.545   557   571 I WifiHAL : Creating message to get link statistics; iface = 16
05-30 19:12:24.545   557   571 D WifiHAL : error code -95 mapped to -3
05-30 19:12:24.545  9613  9735 E WifiStaIfaceAidlImpl: getLinkLayerStats failed with service-specific exception: android.os.ServiceSpecificException:  (code 4)
05-30 19:12:24.557 11723 11775 D nStackXCoAP: CoapMessageHandler:[133] :2.01
05-30 19:12:24.569 11615 11809 D TrafficStats: tagSocket(5) with statsTag=0xffffffff, statsUid=-1
05-30 19:12:24.642 11615 11809 D TrafficStats: tagSocket(5) with statsTag=0xffffffff, statsUid=-1
05-30 19:12:24.740 11723 11775 D nStackXCoAP: IsInSameNetwork:[276] :IsInSameNetwork exec
05-30 19:12:24.740 11723 11775 I nStackXDFinder: GetLocalInterfaceDetail:[461] :GetLocalInterfaceDetail in
05-30 19:12:24.740 11723 11775 E nStackXCoAP: IsInSameNetwork:[281] :IsInSameNetwork: not priority process
05-30 19:12:24.740 11723 11775 D nStackXCoAP: ParseServiceDiscover:[330] :new device join
05-30 19:12:24.740 11723 11775 E nStackXDFinder: GetLocalIp:[401] :GetLocalIp exec
05-30 19:12:24.764 11723 11775 D nStackXCoAP: CoapMessageHandler:[133] :2.01
05-30 19:12:24.996  9683  9683 W ServiceManagerCppClient: Waited one second for android.hardware.tv.tuner.ITuner/default (is service started? Number of threads started in the threadpool: 0. Are binder threads started and available?)
05-30 19:12:25.001   229 11834 W libc    : Unable to set property "ctl.interface_start" to "aidl/android.hardware.tv.tuner.ITuner/default": error code: 0x20
05-30 19:12:25.207 11723 11775 D nStackXCoAP: IsInSameNetwork:[276] :IsInSameNetwork exec
05-30 19:12:25.207 11723 11775 I nStackXDFinder: GetLocalInterfaceDetail:[461] :GetLocalInterfaceDetail in
05-30 19:12:25.207 11723 11775 E nStackXCoAP: IsInSameNetwork:[281] :IsInSameNetwork: not priority process
05-30 19:12:25.207 11723 11775 D nStackXCoAP: ParseServiceDiscover:[330] :new device join
05-30 19:12:25.207 11723 11775 E nStackXDFinder: GetLocalIp:[401] :GetLocalIp exec
05-30 19:12:25.278 11723 11775 D nStackXCoAP: CoapMessageHandler:[133] :2.01
05-30 19:12:25.720 11723 11775 D nStackXCoAP: IsInSameNetwork:[276] :IsInSameNetwork exec
05-30 19:12:25.720 11723 11775 I nStackXDFinder: GetLocalInterfaceDetail:[461] :GetLocalInterfaceDetail in
05-30 19:12:25.720 11723 11775 E nStackXCoAP: IsInSameNetwork:[281] :IsInSameNetwork: not priority process
05-30 19:12:25.720 11723 11775 D nStackXCoAP: ParseServiceDiscover:[330] :new device join
05-30 19:12:25.720 11723 11775 E nStackXDFinder: GetLocalIp:[401] :GetLocalIp exec
05-30 19:12:25.754 11723 11775 D nStackXCoAP: CoapMessageHandler:[133] :2.01
05-30 19:12:25.999  9683  9683 W ServiceManagerCppClient: Waited one second for android.hardware.tv.tuner.ITuner/default (is service started? Number of threads started in the threadpool: 0. Are binder threads started and available?)
05-30 19:12:26.005   229 11837 W libc    : Unable to set property "ctl.interface_start" to "aidl/android.hardware.tv.tuner.ITuner/default": error code: 0x20
05-30 19:12:26.232 11723 11775 D nStackXCoAP: IsInSameNetwork:[276] :IsInSameNetwork exec
05-30 19:12:26.232 11723 11775 I nStackXDFinder: GetLocalInterfaceDetail:[461] :GetLocalInterfaceDetail in
05-30 19:12:26.232 11723 11775 E nStackXCoAP: IsInSameNetwork:[281] :IsInSameNetwork: not priority process
05-30 19:12:26.232 11723 11775 D nStackXCoAP: ParseServiceDiscover:[330] :new device join
05-30 19:12:26.232 11723 11775 E nStackXDFinder: GetLocalIp:[401] :GetLocalIp exec
05-30 19:12:26.312 11723 11775 D nStackXCoAP: CoapMessageHandler:[133] :2.01
05-30 19:12:26.743 11723 11775 D nStackXCoAP: IsInSameNetwork:[276] :IsInSameNetwork exec
05-30 19:12:26.743 11723 11775 I nStackXDFinder: GetLocalInterfaceDetail:[461] :GetLocalInterfaceDetail in
05-30 19:12:26.743 11723 11775 E nStackXCoAP: IsInSameNetwork:[281] :IsInSameNetwork: not priority process
05-30 19:12:26.743 11723 11775 D nStackXCoAP: ParseServiceDiscover:[330] :new device join
05-30 19:12:26.743 11723 11775 E nStackXDFinder: GetLocalIp:[401] :GetLocalIp exec
05-30 19:12:26.778 11723 11775 D nStackXCoAP: CoapMessageHandler:[133] :2.01
05-30 19:12:26.810 11615 11643 I crashsdk: crashsdk uploading logs
05-30 19:12:27.003  9683  9683 W ServiceManagerCppClient: Waited one second for android.hardware.tv.tuner.ITuner/default (is service started? Number of threads started in the threadpool: 0. Are binder threads started and available?)
05-30 19:12:27.008   229 11841 W libc    : Unable to set property "ctl.interface_start" to "aidl/android.hardware.tv.tuner.ITuner/default": error code: 0x20
05-30 19:12:27.138   296 11777 I keystore2: system/security/keystore2/src/watchdog.rs:319 - Watchdog thread idle -> terminating. Have a great day.
05-30 19:12:27.278 11723 11775 D nStackXCoAP: IsInSameNetwork:[276] :IsInSameNetwork exec
05-30 19:12:27.278 11723 11775 I nStackXDFinder: GetLocalInterfaceDetail:[461] :GetLocalInterfaceDetail in
05-30 19:12:27.278 11723 11775 E nStackXCoAP: IsInSameNetwork:[281] :IsInSameNetwork: not priority process
05-30 19:12:27.278 11723 11775 D nStackXCoAP: ParseServiceDiscover:[330] :new device join
05-30 19:12:27.278 11723 11775 E nStackXDFinder: GetLocalIp:[401] :GetLocalIp exec
05-30 19:12:27.492 11723 11775 D nStackXCoAP: CoapMessageHandler:[133] :2.01
05-30 19:12:27.551   557   571 I WifiHAL : call wifi_get_link_stats handler
05-30 19:12:27.551   557   571 I WifiHAL : Creating message to get link statistics; iface = 16
05-30 19:12:27.551   557   571 D WifiHAL : error code -95 mapped to -3
05-30 19:12:27.551  9613  9735 E WifiStaIfaceAidlImpl: getLinkLayerStats failed with service-specific exception: android.os.ServiceSpecificException:  (code 4)
05-30 19:12:27.556 10924 10924 W JobService: onNetworkChanged() not implemented in androidx.work.impl.background.systemjob.SystemJobService. Must override in a subclass.
05-30 19:12:27.557  9613  9763 D InstantWifi: Receive Wifi is connected, freq =  5745 and currentNetworkId : 0, wifiinfo = SSID: <unknown ssid>, BSSID: 02:00:00:00:00:00, MAC: 02:00:00:00:00:00, IP: /192.168.3.109, Security type: 2, Supplicant state: COMPLETED, Wi-Fi standard: 6, RSSI: -54, Link speed: 1200Mbps, Tx Link speed: 1200Mbps, Max Supported Tx Link speed: 1200Mbps, Rx Link speed: 864Mbps, Max Supported Rx Link speed: 1200Mbps, Frequency: 5745MHz, Net ID: -1, Metered hint: false, score: 60, isUsable: true, CarrierMerged: false, SubscriptionId: -1, IsPrimary: 1, Trusted: true, Restricted: false, Ephemeral: false, OEM paid: false, OEM private: false, OSU AP: false, FQDN: <none>, Provider friendly name: <none>, Requesting package name: <none><none>MLO Information: , Is TID-To-Link negotiation supported by the AP: false, AP MLD Address: <none>, AP MLO Link Id: <none>, AP MLO Affiliated links: <none>
05-30 19:12:27.680 11723 11775 D nStackXCoAP: IsInSameNetwork:[276] :IsInSameNetwork exec
05-30 19:12:27.680 11723 11775 I nStackXDFinder: GetLocalInterfaceDetail:[461] :GetLocalInterfaceDetail in
05-30 19:12:27.680 11723 11775 E nStackXCoAP: IsInSameNetwork:[281] :IsInSameNetwork: not priority process
05-30 19:12:27.680 11723 11775 D nStackXCoAP: ParseServiceDiscover:[330] :new device join
05-30 19:12:27.680 11723 11775 E nStackXDFinder: GetLocalIp:[401] :GetLocalIp exec
05-30 19:12:27.730 11723 11775 D nStackXCoAP: CoapMessageHandler:[133] :2.01
05-30 19:12:28.006  9683  9683 W ServiceManagerCppClient: Waited one second for android.hardware.tv.tuner.ITuner/default (is service started? Number of threads started in the threadpool: 0. Are binder threads started and available?)
05-30 19:12:28.011   229 11843 W libc    : Unable to set property "ctl.interface_start" to "aidl/android.hardware.tv.tuner.ITuner/default": error code: 0x20
05-30 19:12:28.194 11723 11775 D nStackXCoAP: IsInSameNetwork:[276] :IsInSameNetwork exec
05-30 19:12:28.194 11723 11775 I nStackXDFinder: GetLocalInterfaceDetail:[461] :GetLocalInterfaceDetail in
05-30 19:12:28.194 11723 11775 E nStackXCoAP: IsInSameNetwork:[281] :IsInSameNetwork: not priority process
05-30 19:12:28.194 11723 11775 D nStackXCoAP: ParseServiceDiscover:[330] :new device join
05-30 19:12:28.194 11723 11775 E nStackXDFinder: GetLocalIp:[401] :GetLocalIp exec
05-30 19:12:28.222 11723 11775 D nStackXCoAP: CoapMessageHandler:[133] :2.01
