01-01 08:00:15.277   475   475 I SettingsState: 	at com.android.providers.settings.SettingsProvider.onCreate(SettingsProvider.java:397)
01-01 08:00:15.277   475   475 I SettingsState: 	at android.content.ContentProvider.attachInfo(ContentProvider.java:2404)
01-01 08:00:15.277   475   475 I SettingsState: 	at android.content.ContentProvider.attachInfo(ContentProvider.java:2374)
01-01 08:00:15.277   475   475 I SettingsState: 	at android.app.ActivityThread.installProvider(ActivityThread.java:7437)
01-01 08:00:15.277   475   475 I SettingsState: 	at android.app.ActivityThread.installContentProviders(ActivityThread.java:6954)
01-01 08:00:15.277   475   475 I SettingsState: 	at android.app.ActivityThread.installSystemProviders(ActivityThread.java:7624)
01-01 08:00:15.277   475   475 I SettingsState: 	at com.android.server.am.ContentProviderHelper.installSystemProviders(ContentProviderHelper.java:1247)
01-01 08:00:15.277   475   475 I SettingsState: 	at com.android.server.SystemServer.startOtherServices(SystemServer.java:1507)
01-01 08:00:15.277   475   475 I SettingsState: 	at com.android.server.SystemServer.run(SystemServer.java:928)
01-01 08:00:15.277   475   475 I SettingsState: 	at com.android.server.SystemServer.main(SystemServer.java:628)
01-01 08:00:15.277   475   475 I SettingsState: 	at java.lang.reflect.Method.invoke(Native Method)
01-01 08:00:15.277   475   475 I SettingsState: 	at com.android.internal.os.RuntimeInit$MethodAndArgsCaller.run(RuntimeInit.java:548)
01-01 08:00:15.277   475   475 I SettingsState: 	at com.android.internal.os.ZygoteInit.main(ZygoteInit.java:1160)
01-01 08:00:15.277   475   475 I SettingsState: ancestor directory /data/system/users/0 exists
01-01 08:00:15.277   475   475 I SettingsState: ancestor directory /data/system/users/0 permissions: r: true w: true x: true
01-01 08:00:15.278   475   475 I SettingsState: ancestor's parent directory /data/system/users permissions: r: true w: true x: true
01-01 08:00:15.311   475   538 D ActivityManager: Freezer enabled
01-01 08:00:15.311   475   538 D ActivityManager: freezer override set to false
01-01 08:00:15.311   475   475 I SystemServerTiming: StartDropBoxManager
01-01 08:00:15.311   475   475 I SystemServiceManager: Starting com.android.server.DropBoxManagerService
01-01 08:00:15.313   475   475 I SystemServerTiming: StartRoleManagerService
01-01 08:00:15.313   475   475 I SystemServiceManager: Starting com.android.role.RoleService
01-01 08:00:15.319   475   475 I SystemServerTiming: StartVibratorManagerService
01-01 08:00:15.319   475   475 I SystemServiceManager: Starting com.android.server.vibrator.VibratorManagerService$Lifecycle
01-01 08:00:15.323   180   180 E servicemanager: Could not find android.hardware.vibrator.IVibratorManager/default in the VINTF manifest.
01-01 08:00:15.323   180   180 E servicemanager: Could not find android.hardware.vibrator.IVibrator/default in the VINTF manifest.
01-01 08:00:15.324   181   181 I hwservicemanager: getTransport: Cannot find entry android.hardware.vibrator@1.0::IVibrator/default in either framework or device VINTF manifest.
01-01 08:00:15.326   475   475 I SystemServerTiming: StartDynamicSystemService
01-01 08:00:15.328   475   475 I SystemServerTiming: StartConsumerIrService
01-01 08:00:15.328   181   181 I hwservicemanager: getTransport: Cannot find entry android.hardware.ir@1.0::IConsumerIr/default in either framework or device VINTF manifest.
01-01 08:00:15.329   475   475 I SystemServerTiming: StartAlarmManagerService
01-01 08:00:15.330   475   475 I SystemServiceManager: Starting com.android.server.alarm.AlarmManagerService
01-01 08:00:15.334   318   319 D XM_HIDREAD: add@ add@/devices/virtual/wakeup/wakeup13
01-01 08:00:15.332   324   324 I xiriservice_All: type=1400 audit(0.0:302): avc: denied { read } for scontext=u:r:init:s0 tcontext=u:r:init:s0 tclass=netlink_kobject_uevent_socket permissive=1
01-01 08:00:15.335   318   319 D XM_HIDREAD: add@ add@/devices/virtual/wakeup/wakeup14
01-01 08:00:15.336   318   319 D XM_HIDREAD: add@ add@/devices/virtual/wakeup/wakeup15
01-01 08:00:15.336   318   319 D XM_HIDREAD: add@ add@/devices/virtual/wakeup/wakeup16
01-01 08:00:15.336   318   319 D XM_HIDREAD: add@ add@/devices/virtual/wakeup/wakeup17
01-01 08:00:15.337   318   319 D XM_HIDREAD: add@ add@/devices/virtual/wakeup/wakeup18
01-01 08:00:15.337   318   319 D XM_HIDREAD: add@ add@/devices/virtual/wakeup/wakeup19
01-01 08:00:15.337   243   243 I Typeface: Preloading /system/fonts/Roboto-Regular.ttf
01-01 08:00:15.338   243   243 I Typeface: Preloading /system/fonts/RobotoStatic-Regular.ttf
01-01 08:00:15.339   475   475 D AlarmManagerService: Kernel timezone updated to -480 minutes west of GMT
01-01 08:00:15.339   475   475 I AlarmManager: Current time only 15339, advancing to build time 1749188544000
01-01 08:00:15.339   475   475 D AlarmManagerService: Setting time of day to sec=1749188544
06-06 13:42:24.046   475   475 D CompatibilityChangeReporter: Compat change id reported: 160794467; UID 1000; state: ENABLED
06-06 13:42:24.050   475   475 W SystemServiceManager: Service com.android.server.alarm.AlarmManagerService took 59 ms in onStart
06-06 13:42:24.050   475   475 I SystemServerTiming: StartInputManagerService
06-06 13:42:24.051   475   475 I InputManager: Initializing input manager, mUseDevInputEventForAudioJack=true
06-06 13:42:24.054   318   319 D XM_HIDREAD: add@ add@/devices/virtual/wakeup/wakeup20
06-06 13:42:24.055   318   319 D XM_HIDREAD: add@ add@/devices/virtual/wakeup/wakeup21
06-06 13:42:24.055   318   319 D XM_HIDREAD: add@ add@/devices/virtual/wakeup/wakeup22
06-06 13:42:24.059   475   475 I SystemServerTiming: DeviceStateManagerService
06-06 13:42:24.059   475   475 I SystemServiceManager: Starting com.android.server.devicestate.DeviceStateManagerService
06-06 13:42:24.063   241   245 I ServiceManager: Waiting for service 'statscompanion' on '/dev/binder'...
06-06 13:42:24.068   475   475 I SystemServerTiming: StartCameraServiceProxy
06-06 13:42:24.069   475   475 I SystemServiceManager: Starting com.android.server.camera.CameraServiceProxy
06-06 13:42:24.072   475   475 I SystemServerTiming: StartWindowManagerService
06-06 13:42:24.072   475   475 I SystemServiceManager: Starting phase 200
06-06 13:42:24.072   475   475 I SystemServerTiming: OnBootPhase_200
06-06 13:42:24.075   475   475 I WindowManager: No existing display settings, starting empty
06-06 13:42:24.075   475   475 I WindowManager: No existing display settings, starting empty
06-06 13:42:24.082   475   520 I WindowTracing: Setting window tracing log level to 1
06-06 13:42:24.082   475   520 I WindowTracing: Setting window tracing buffer capacity to 2097152bytes
06-06 13:42:24.092   243   243 I Typeface: Preloading /system/fonts/NotoSansCJK-Regular.ttc
06-06 13:42:24.092   243   243 I Typeface: Preloading /system/fonts/NotoSerifCJK-Regular.ttc
06-06 13:42:24.095   475   475 I SystemServerTiming: SetWindowManagerService
06-06 13:42:24.102   475   475 I InputDispatcher: Created monitor PointerEventDispatcher0 for display 0, gesture=false, pid=475
06-06 13:42:24.141   243   243 E ActivityRecognitionHardware: activity_recognition HAL is deprecated. class_init is effectively a no-op
06-06 13:42:24.160   475   475 I ActivityTaskManager: Loaded persisted task ids for user 0
06-06 13:42:24.163   475   475 I SystemServerTiming: WindowManagerServiceOnInitReady
06-06 13:42:24.183   475   518 D ExtconUEventObserver: FilenameExtconByName: /sys/class/extcon/extcon0
06-06 13:42:24.185   475   518 W WindowManager: /sys/class/extcon/hdmi/state not found while attempting to determine initial state
06-06 13:42:24.185   475   518 W WindowManager: java.io.FileNotFoundException: /sys/class/extcon/hdmi/state: open failed: ENOENT (No such file or directory)
06-06 13:42:24.185   475   518 W WindowManager: 	at libcore.io.IoBridge.open(IoBridge.java:575)
06-06 13:42:24.185   475   518 W WindowManager: 	at java.io.FileInputStream.<init>(FileInputStream.java:160)
06-06 13:42:24.185   475   518 W WindowManager: 	at android.os.FileUtils.readTextFile(FileUtils.java:637)
06-06 13:42:24.185   475   518 W WindowManager: 	at com.android.server.ExtconStateObserver.parseStateFromFile(ExtconStateObserver.java:49)
06-06 13:42:24.185   475   518 W WindowManager: 	at com.android.server.policy.PhoneWindowManager$HdmiVideoExtconUEventObserver.init(PhoneWindowManager.java:5666)
06-06 13:42:24.185   475   518 W WindowManager: 	at com.android.server.policy.PhoneWindowManager$HdmiVideoExtconUEventObserver.access$5200(PhoneWindowManager.java:5658)
06-06 13:42:24.185   475   518 W WindowManager: 	at com.android.server.policy.PhoneWindowManager.initializeHdmiStateInternal(PhoneWindowManager.java:3425)
06-06 13:42:24.185   475   518 W WindowManager: 	at com.android.server.policy.PhoneWindowManager.initializeHdmiState(PhoneWindowManager.java:3389)
06-06 13:42:24.185   475   518 W WindowManager: 	at com.android.server.policy.PhoneWindowManager.init(PhoneWindowManager.java:1821)
06-06 13:42:24.185   475   518 W WindowManager: 	at com.android.server.policy.TvWindowManager.init(TvWindowManager.java:259)
06-06 13:42:24.185   475   518 W WindowManager: 	at com.android.server.wm.WindowManagerService$5.run(WindowManagerService.java:1199)
06-06 13:42:24.185   475   518 W WindowManager: 	at android.os.Handler$BlockingRunnable.run(Handler.java:961)
06-06 13:42:24.185   475   518 W WindowManager: 	at android.os.Handler.handleCallback(Handler.java:938)
06-06 13:42:24.185   475   518 W WindowManager: 	at android.os.Handler.dispatchMessage(Handler.java:99)
06-06 13:42:24.185   475   518 W WindowManager: 	at android.os.Looper.loopOnce(Looper.java:201)
06-06 13:42:24.185   475   518 W WindowManager: 	at android.os.Looper.loop(Looper.java:288)
06-06 13:42:24.185   475   518 W WindowManager: 	at android.os.HandlerThread.run(HandlerThread.java:67)
06-06 13:42:24.185   475   518 W WindowManager: 	at com.android.server.ServiceThread.run(ServiceThread.java:44)
06-06 13:42:24.185   475   518 W WindowManager: 	at com.android.server.UiThread.run(UiThread.java:45)
06-06 13:42:24.185   475   518 W WindowManager: Caused by: android.system.ErrnoException: open failed: ENOENT (No such file or directory)
06-06 13:42:24.185   475   518 W WindowManager: 	at libcore.io.Linux.open(Native Method)
06-06 13:42:24.185   475   518 W WindowManager: 	at libcore.io.ForwardingOs.open(ForwardingOs.java:567)
06-06 13:42:24.185   475   518 W WindowManager: 	at libcore.io.BlockGuardOs.open(BlockGuardOs.java:273)
06-06 13:42:24.185   475   518 W WindowManager: 	at libcore.io.IoBridge.open(IoBridge.java:561)
06-06 13:42:24.185   475   518 W WindowManager: 	... 18 more
06-06 13:42:24.194   475   518 D com_softwinner_gpio: Gpio JNI_OnLoad()
06-06 13:42:24.194   475   518 D com_softwinner_gpio: init
06-06 13:42:24.195   180   180 E SELinux : avc:  denied  { find } for pid=475 uid=1000 name=softwinner.gpio scontext=u:r:system_server:s0 tcontext=u:object_r:default_android_service:s0 tclass=service_manager permissive=1
06-06 13:42:24.198   475   573 I SystemServerTimingAsync: InitThreadPoolExec:StartHidlServices
06-06 13:42:24.198   475   573 D SystemServerInitThreadPool: Started executing StartHidlServices
06-06 13:42:24.198   475   573 I SystemServerTimingAsync: StartHidlServices
06-06 13:42:24.199   475   475 I SystemServerTiming: StartInputManager
06-06 13:42:24.200   475   475 I InputManager: Starting input manager
06-06 13:42:24.202   475   596 D EventHub: No input device configuration file found for device 'sunxi-ir-uinput'.
06-06 13:42:24.203   475   475 I InputManager: Enabling motion classifier because just booted: feature enabled, long press timeout = 400
06-06 13:42:24.203   475   475 I InputClassifier: Enabling motion classifier
06-06 13:42:24.204   475   475 I SystemServerTiming: DisplayManagerWindowManagerAndInputReady
06-06 13:42:24.205   475   520 I LogicalDisplayMapper: Requesting Transition to state: 0
06-06 13:42:24.205   475   520 I LogicalDisplayMapper: Applying layout: [{addr: {port=0}, dispId: 0(ON)}], Previous layout: [{addr: {port=0}, dispId: 0(ON)}]
06-06 13:42:24.205   475   475 I SystemServerTiming: StartBluetoothService
06-06 13:42:24.206   475   475 I SystemServiceManager: Starting com.android.server.BluetoothService
06-06 13:42:24.206   475   573 I HidlServiceManagement: Registered android.frameworks.sensorservice@1.0::ISensorManager/default
06-06 13:42:24.206   181   181 I hwservicemanager: getTransport: Cannot find entry android.hardware.input.classifier@1.0::IInputClassifier/default in either framework or device VINTF manifest.
06-06 13:42:24.207   475   597 I InputClassifier: Could not obtain InputClassifier HAL
06-06 13:42:24.208   475   475 D BluetoothManagerService: Loading stored name and address
06-06 13:42:24.208   475   475 D BluetoothManagerService: Stored bluetooth Name=DBBOX-A2,Address=B4:2F:03:15:73:BD
06-06 13:42:24.208   475   475 D BluetoothManagerService: Bluetooth persisted state: 1
06-06 13:42:24.208   475   475 D BluetoothManagerService: Startup: Bluetooth persisted state is ON.
06-06 13:42:24.209   475   475 D BluetoothManagerService: Detected SystemUiUid: 10062
06-06 13:42:24.209   475   475 I SystemServerTiming: IpConnectivityMetrics
06-06 13:42:24.209   475   475 I SystemServiceManager: Starting com.android.server.connectivity.IpConnectivityMetrics
06-06 13:42:24.210   475   475 I SystemServerTiming: NetworkWatchlistService
06-06 13:42:24.210   475   475 I SystemServiceManager: Starting com.android.server.net.watchlist.NetworkWatchlistService$Lifecycle
06-06 13:42:24.211   318   319 D XM_HIDREAD: add@ add@/devices/virtual/wakeup/wakeup23
06-06 13:42:24.211   181   181 I hwservicemanager: getTransport: Cannot find entry android.frameworks.schedulerservice@1.0::ISchedulingPolicyService/default in either framework or device VINTF manifest.
06-06 13:42:24.211   475   573 W system_server: android.frameworks.schedulerservice@1.0::ISchedulingPolicyService is deprecated. Skipping registration.
06-06 13:42:24.212   475   573 D SystemServerInitThreadPool: Finished executing StartHidlServices
06-06 13:42:24.213   475   596 I EventHub: usingClockIoctl=true
06-06 13:42:24.213   475   596 I EventHub: New device: id=1, fd=144, path='/dev/input/event1', name='sunxi-ir-uinput', classes=KEYBOARD | ALPHAKEY | CURSOR | DPAD, configuration='', keyLayout='/system/usr/keylayout/sunxi-ir-uinput.kl', keyCharacterMap='/system/usr/keychars/Generic.kcm', builtinKeyboard=false, 
06-06 13:42:24.214   475   596 D EventHub: No input device configuration file found for device 'sunxi-ir'.
06-06 13:42:24.215   475   475 I WatchlistSettings: Reload watchlist settings done
06-06 13:42:24.217   475   598 I WatchlistLoggingHandler: No need to aggregate record yet.
06-06 13:42:24.217   475   598 I WatchlistLoggingHandler: Milliseconds spent on tryAggregateRecords(): 1
06-06 13:42:24.218   475   475 I SystemServerTiming: PinnerService
06-06 13:42:24.218   475   475 I SystemServiceManager: Starting com.android.server.PinnerService
06-06 13:42:24.219   475   475 V HistoricalRegistry: Interaction before persistence initialized
06-06 13:42:24.220   475   475 I SystemServerTiming: IorapForwardingService
06-06 13:42:24.221   475   475 I SystemServiceManager: Starting com.google.android.startop.iorap.IorapForwardingService
06-06 13:42:24.223   475   475 W IorapForwardingService: No service published for: iorapd
06-06 13:42:24.223   475   475 I SystemServerTiming: SignedConfigService
06-06 13:42:24.224   475   475 I SystemServerTiming: AppIntegrityService
06-06 13:42:24.224   475   475 I SystemServiceManager: Starting com.android.server.integrity.AppIntegrityManagerService
06-06 13:42:24.226   318   319 D XM_HIDREAD: add@ add@/devices/virtual/wakeup/wakeup24
06-06 13:42:24.227   475   475 E IntegrityFileManager: Error creating staging and rules directory
06-06 13:42:24.228   475   596 I EventHub: usingClockIoctl=true
06-06 13:42:24.228   475   596 I EventHub: New device: id=2, fd=145, path='/dev/input/event0', name='sunxi-ir', classes=KEYBOARD, configuration='', keyLayout='/system/usr/keylayout/sunxi-ir.kl', keyCharacterMap='/system/usr/keychars/Generic.kcm', builtinKeyboard=false, 
06-06 13:42:24.237   475   596 I InputReader: Device added: id=-1, eventHubId=-1, name='Virtual', descriptor='a718a782d34bc767f4689c232d64d527998ea7fd',sources=0x00000301
06-06 13:42:24.238   475   596 I InputReader: Device added: id=2, eventHubId=2, name='sunxi-ir', descriptor='485d69228e24f5e46da1598745890b214130dbc4',sources=0x00000101
06-06 13:42:24.239   475   596 W InputReader: Can't find the designated viewport with ID 0 to update cursor input mapper. Fall back to default display
06-06 13:42:24.239   475   596 E InputReader: Still can't find a viable viewport to update cursor input mapper. Skip setting it to PointerController.
06-06 13:42:24.239   475   596 I InputReader: Device added: id=3, eventHubId=1, name='sunxi-ir-uinput', descriptor='0a253e777d1b2169367be63d7c9054e7991953a6',sources=0x00002303
06-06 13:42:24.241   475   475 I WindowManager: SAFE MODE not enabled
06-06 13:42:24.241   475   475 I SystemServerTiming: StartInputMethodManagerLifecycle
06-06 13:42:24.241   475   475 I SystemServiceManager: Starting com.android.server.inputmethod.InputMethodManagerService$Lifecycle
06-06 13:42:24.247   475   475 I SystemServerTiming: StartAccessibilityManagerService
06-06 13:42:24.247   475   475 I SystemServiceManager: Starting com.android.server.accessibility.AccessibilityManagerService$Lifecycle
06-06 13:42:24.254   475   475 I SystemServerTiming: MakeDisplayReady
06-06 13:42:24.258   475   475 W InputReader: Device sunxi-ir-uinput is associated with display ADISPLAY_ID_NONE.
06-06 13:42:24.258   475   475 W InputReader: Device sunxi-ir-uinput is associated with display ADISPLAY_ID_NONE.
06-06 13:42:24.259   475   475 I ActivityTaskManager: Config changes=20005df8 {1.0 ?mcc?mnc [zh_CN] ldltr sw720dp w1280dp h696dp 240dpi xlrg long land ?uimode ?night -touch qwerty/v/v dpad/v winConfig={ mBounds=Rect(0, 0 - 1920, 1080) mAppBounds=Rect(0, 0 - 1920, 1080) mMaxBounds=Rect(0, 0 - 1920, 1080) mWindowingMode=fullscreen mDisplayWindowingMode=fullscreen mActivityType=undefined mAlwaysOnTop=undefined mRotation=ROTATION_0} s.2 ?fontWeightAdjustment}
06-06 13:42:24.260   307   307 I xiriservice_All: type=1400 audit(0.0:303): avc: denied { search } for name="com.android.cts.priv.ctsshim" dev="mmcblk0p25" ino=569 scontext=u:r:init:s0 tcontext=u:object_r:privapp_data_file:s0:c512,c768 tclass=dir permissive=1
06-06 13:42:24.260   307   307 I xiriservice_All: type=1400 audit(0.0:304): avc: denied { read } for name="lib" dev="mmcblk0p25" ino=54636 scontext=u:r:init:s0 tcontext=u:object_r:privapp_data_file:s0:c512,c768 tclass=lnk_file permissive=1
06-06 13:42:24.262   307   307 D XiriService: check file name: /data/data/com.android.cts.priv.ctsshim/lib
06-06 13:42:24.263   475   475 I WindowManager: Override config changes=60007dfc {1.0 ?mcc?mnc [zh_CN] ldltr sw720dp w1280dp h696dp 240dpi xlrg long land ?uimode ?night -touch qwerty/v/v dpad/v winConfig={ mBounds=Rect(0, 0 - 1920, 1080) mAppBounds=Rect(0, 0 - 1920, 1080) mMaxBounds=Rect(0, 0 - 1920, 1080) mWindowingMode=fullscreen mDisplayWindowingMode=fullscreen mActivityType=undefined mAlwaysOnTop=undefined mRotation=ROTATION_0} s.2 ?fontWeightAdjustment} for displayId=0
06-06 13:42:24.264   307   307 D XiriService: check file name: /data/data/com.android.cts.priv.ctsshim/lib
06-06 13:42:24.266   307   307 D XiriService: check file name: /data/data/com.android.cts.priv.ctsshim/lib
06-06 13:42:24.266   307   307 D XiriService: check file name: /data/data/com.android.cts.priv.ctsshim/lib
06-06 13:42:24.273   475   475 W InputReader: Device sunxi-ir-uinput is associated with display ADISPLAY_ID_NONE.
06-06 13:42:24.273   475   475 I SystemServerTiming: StartStorageManagerService
06-06 13:42:24.274   475   475 I SystemServiceManager: Starting com.android.server.StorageManagerService$Lifecycle
01-01 08:00:15.618     1     1 I init    : processing action (sys.sysctl.extra_free_kbytes=*) from (/system/etc/init/hw/init.rc:1139)
06-06 13:42:24.277   307   307 D XiriService: check file name: /data/data/com.android.cts.priv.ctsshim/lib
06-06 13:42:24.277   307   307 D XiriService: check file name: /data/data/com.android.cts.priv.ctsshim/lib
06-06 13:42:24.277   307   307 D XiriService: check file name: /data/data/com.android.cts.priv.ctsshim/lib
06-06 13:42:24.278   475   520 I InputManager-JNI: Viewport [0] to add: local:0, isActive: false
06-06 13:42:24.278   307   307 D XiriService: check file name: /data/data/com.android.dynsystem/lib
06-06 13:42:24.278   307   307 D XiriService: check file name: /data/data/com.android.dynsystem/lib
06-06 13:42:24.279   475   596 I InputReader: Reconfiguring input devices, changes=DISPLAY_INFO | 
06-06 13:42:24.279   307   307 D XiriService: check file name: /data/data/com.android.dynsystem/lib
06-06 13:42:24.279   307   307 D XiriService: check file name: /data/data/com.android.dynsystem/lib
06-06 13:42:24.281   355   369 D installd: Found quota mount /dev/block/by-name/userdata at /data
06-06 13:42:24.282   355   369 D installd: Found quota mount /dev/block/by-name/userdata at /data/user/0
06-06 13:42:24.289   475   601 D StorageManagerService: Thinking about init, mBootCompleted=false, mDaemonConnected=true
06-06 13:42:24.289   475   601 D StorageManagerService: Thinking about reset, mBootCompleted=false, mDaemonConnected=true
06-06 13:42:24.290   307   307 D XiriService: check file name: /data/data/com.android.dynsystem/lib
06-06 13:42:24.290   307   307 D XiriService: check file name: /data/data/com.android.dynsystem/lib
06-06 13:42:24.290   307   307 D XiriService: check file name: /data/data/com.android.dynsystem/lib
06-06 13:42:24.290   307   307 D XiriService: check file name: /data/data/com.android.dynsystem/lib
06-06 13:42:24.291   307   307 D XiriService: check file name: /data/data/com.dangbei.lerad.rocky/lib
06-06 13:42:24.291   307   307 D XiriService: check file name: /data/data/com.dangbei.lerad.rocky/lib
06-06 13:42:24.291   307   307 D XiriService: check file name: /data/data/com.dangbei.lerad.rocky/lib
06-06 13:42:24.291   307   307 D XiriService: check file name: /data/data/com.dangbei.lerad.rocky/lib
06-06 13:42:24.292   475   601 D StorageManagerService: Thinking about init, mBootCompleted=false, mDaemonConnected=true
06-06 13:42:24.293   475   601 D StorageManagerService: Thinking about reset, mBootCompleted=false, mDaemonConnected=true
06-06 13:42:24.293   475   475 I SystemServerTiming: StartStorageStatsService
06-06 13:42:24.293   475   475 I SystemServiceManager: Starting com.android.server.usage.StorageStatsService$Lifecycle
06-06 13:42:24.298   355   583 D installd: Found quota mount /dev/block/by-name/userdata at /data
06-06 13:42:24.298   355   583 D installd: Found quota mount /dev/block/by-name/userdata at /data/user/0
06-06 13:42:24.303   307   307 D XiriService: check file name: /data/data/com.dangbei.lerad.rocky/lib
06-06 13:42:24.304   355   583 D installd: Found quota mount /dev/block/by-name/userdata at /data
06-06 13:42:24.304   355   583 D installd: Found quota mount /dev/block/by-name/userdata at /data/user/0
06-06 13:42:24.307   475   475 I SystemServerTiming: StartUiModeManager
06-06 13:42:24.307   475   475 I SystemServiceManager: Starting com.android.server.UiModeManagerService
06-06 13:42:24.309   475   516 I SystemServerTimingAsync: InitThreadPoolExec:UiModeManager.onStart
06-06 13:42:24.309   475   516 D SystemServerInitThreadPool: Started executing UiModeManager.onStart
06-06 13:42:24.311   307   307 D XiriService: check file name: /data/data/com.android.tv.settings/lib
06-06 13:42:24.312   307   307 D XiriService: check file name: /data/data/com.android.tv.settings/lib
06-06 13:42:24.313   243   243 D MtpDeviceJNI: register_android_mtp_MtpDevice
06-06 13:42:24.314   475   475 I SystemServerTiming: UpdatePackagesIfNeeded
06-06 13:42:24.314   475   475 I Watchdog: Pausing HandlerChecker: main thread for reason: dexopt. Pause count: 1
06-06 13:42:24.314   475   475 I Watchdog: Resuming HandlerChecker: main thread for reason: dexopt. Pause count: 0
06-06 13:42:24.314   475   475 I SystemServerTiming: PerformFstrimIfNeeded
06-06 13:42:24.316   475   475 I SystemServerTiming: StartLockSettingsService
06-06 13:42:24.316   475   475 I SystemServiceManager: Starting com.android.server.locksettings.LockSettingsService$Lifecycle
06-06 13:42:24.324   307   307 D XiriService: check file name: /data/data/com.android.tv.settings/lib
06-06 13:42:24.324   475   516 D SystemServerInitThreadPool: Finished executing UiModeManager.onStart
06-06 13:42:24.325   307   307 D XiriService: check file name: /data/data/com.android.tv.settings/lib
06-06 13:42:24.325   307   307 D XiriService: check file name: /data/data/com.android.tv.settings/lib
06-06 13:42:24.325   307   307 D XiriService: check file name: /data/data/com.android.tv.settings/lib
06-06 13:42:24.332   307   307 D XiriService: check file name: /data/data/com.oranth.factory/lib
06-06 13:42:24.332   307   307 D XiriService: check file name: /data/data/com.oranth.factory/lib
06-06 13:42:24.333   307   307 D XiriService: check file name: /data/data/com.oranth.factory/lib
06-06 13:42:24.333   307   307 D XiriService: check file name: /data/data/com.oranth.factory/lib
06-06 13:42:24.340   307   307 D XiriService: check file name: /data/data/com.oranth.factory/lib
06-06 13:42:24.340   307   307 D XiriService: check file name: /data/data/com.oranth.factory/lib
06-06 13:42:24.340   307   307 D XiriService: check file name: /data/data/com.oranth.factory/lib
06-06 13:42:24.340   307   307 D XiriService: check file name: /data/data/com.oranth.factory/lib
06-06 13:42:24.345   475   475 I SystemServerTiming: StartPersistentDataBlock
06-06 13:42:24.345   475   475 I SystemServiceManager: Starting com.android.server.PersistentDataBlockService
06-06 13:42:24.346   475   573 I SystemServerTimingAsync: InitThreadPoolExec:PersistentDataBlockService.onStart
06-06 13:42:24.346   475   573 D SystemServerInitThreadPool: Started executing PersistentDataBlockService.onStart
06-06 13:42:24.347   475   475 I SystemServerTiming: StartTestHarnessMode
06-06 13:42:24.347   475   475 I SystemServiceManager: Starting com.android.server.testharness.TestHarnessModeService
06-06 13:42:24.349   475   475 I SystemServerTiming: StartOemLockService
06-06 13:42:24.350   307   307 D XiriService: check file name: /data/data/com.dangbei.zhushou.os/lib
06-06 13:42:24.350   307   307 D XiriService: check file name: /data/data/com.dangbei.zhushou.os/lib
06-06 13:42:24.350   307   307 D XiriService: check file name: /data/data/com.dangbei.zhushou.os/lib
06-06 13:42:24.350   307   307 D XiriService: check file name: /data/data/com.dangbei.zhushou.os/lib
06-06 13:42:24.349   475   475 I SystemServiceManager: Starting com.android.server.oemlock.OemLockService
06-06 13:42:24.354   181   181 I hwservicemanager: getTransport: Cannot find entry android.hardware.oemlock@1.0::IOemLock/default in either framework or device VINTF manifest.
06-06 13:42:24.354   475   475 I OemLock : OemLock HAL not present on device
06-06 13:42:24.355   475   475 I OemLock : Using persistent data block based lock
06-06 13:42:24.356   475   475 I SystemServerTiming: StartDeviceIdleController
06-06 13:42:24.356   475   475 I SystemServiceManager: Starting com.android.server.DeviceIdleController
06-06 13:42:24.356   307   307 D XiriService: check file name: /data/data/com.dangbei.zhushou.os/lib
06-06 13:42:24.356   307   307 D XiriService: check file name: /data/data/com.dangbei.zhushou.os/lib
06-06 13:42:24.357   307   307 D XiriService: check file name: /data/data/com.dangbei.zhushou.os/lib
06-06 13:42:24.357   307   307 D XiriService: check file name: /data/data/com.dangbei.zhushou.os/lib
06-06 13:42:24.362   475   475 I SystemServerTiming: StartDevicePolicyManager
06-06 13:42:24.363   475   475 I SystemServiceManager: Starting com.android.server.devicepolicy.DevicePolicyManagerService$Lifecycle
06-06 13:42:24.368   475   573 D SystemServerInitThreadPool: Finished executing PersistentDataBlockService.onStart
06-06 13:42:24.377   475   475 I SystemServerTiming: StartStatusBarManagerService
06-06 13:42:24.379   475   475 D SystemServer: MusicRecognitionManagerService not defined by OEM or disabled by flag
06-06 13:42:24.380   475   475 D SystemServer: ContentCaptureService disabled because resource is not overlaid
06-06 13:42:24.380   475   475 D SystemServer: AttentionService is not configured on this device
06-06 13:42:24.380   475   475 D SystemServer: RotationResolverService is not configured on this device
06-06 13:42:24.380   475   475 D SystemServer: SystemCaptionsManagerService disabled because resource is not overlaid
06-06 13:42:24.380   475   475 I SystemServerTiming: StartTextToSpeechManagerService
06-06 13:42:24.380   475   475 I SystemServiceManager: Starting com.android.server.texttospeech.TextToSpeechManagerService
06-06 13:42:24.384   475   475 I SystemServerTiming: StartSpeechRecognitionManagerService
06-06 13:42:24.385   475   475 I SystemServiceManager: Starting com.android.server.speech.SpeechRecognitionManagerService
06-06 13:42:24.388   475   475 D SystemServer: AppPredictionService not defined by OEM
06-06 13:42:24.388   475   475 D SystemServer: ContentSuggestionsService not defined by OEM
06-06 13:42:24.388   475   475 I SystemServerTiming: StartSearchUiService
06-06 13:42:24.388   475   475 I SystemServiceManager: Starting com.android.server.searchui.SearchUiManagerService
06-06 13:42:24.390   307   307 D XiriService: check file name: /data/data/com.sohu.inputmethod.sogou.tv/lib
06-06 13:42:24.388   307   307 I xiriservice_All: type=1400 audit(0.0:305): avc: denied { search } for name="com.sohu.inputmethod.sogou.tv" dev="mmcblk0p25" ino=1409 scontext=u:r:init:s0 tcontext=u:object_r:app_data_file:s0:c48,c256,c512,c768 tclass=dir permissive=1
06-06 13:42:24.391   307   307 D XiriService: check file name: /data/data/com.sohu.inputmethod.sogou.tv/lib
06-06 13:42:24.391   475   475 I SystemServerTiming: StartSmartspaceService
06-06 13:42:24.391   475   475 I SystemServiceManager: Starting com.android.server.smartspace.SmartspaceManagerService
06-06 13:42:24.391   307   307 D XiriService: check file name: /data/data/com.sohu.inputmethod.sogou.tv/lib
06-06 13:42:24.388   307   307 I xiriservice_All: type=1400 audit(0.0:306): avc: denied { read } for name="lib" dev="mmcblk0p25" ino=54881 scontext=u:r:init:s0 tcontext=u:object_r:app_data_file:s0:c48,c256,c512,c768 tclass=lnk_file permissive=1
06-06 13:42:24.391   307   307 D XiriService: check file name: /data/data/com.sohu.inputmethod.sogou.tv/lib
06-06 13:42:24.393   475   475 I SystemServerTiming: InitConnectivityModuleConnector
06-06 13:42:24.393   475   475 D ConnectivityModuleConnector: Network stack init
06-06 13:42:24.399   307   307 D XiriService: check file name: /data/data/com.sohu.inputmethod.sogou.tv/lib
06-06 13:42:24.399   307   307 D XiriService: check file name: /data/data/com.sohu.inputmethod.sogou.tv/lib
06-06 13:42:24.399   307   307 D XiriService: check file name: /data/data/com.sohu.inputmethod.sogou.tv/lib
06-06 13:42:24.399   475   475 I SystemServerTiming: InitNetworkStackClient
06-06 13:42:24.400   307   307 D XiriService: check file name: /data/data/com.sohu.inputmethod.sogou.tv/lib
06-06 13:42:24.401   475   475 I SystemServerTiming: StartNetworkManagementService
06-06 13:42:24.410   475   475 I SystemServerTiming: StartIpSecService
06-06 13:42:24.414   475   475 I SystemServerTiming: StartTextServicesManager
06-06 13:42:24.415   475   516 I SystemServerTimingAsync: InitThreadPoolExec:START_FONT_MANAGER_SERVICE
06-06 13:42:24.415   475   475 I SystemServiceManager: Starting com.android.server.textservices.TextServicesManagerService$Lifecycle
06-06 13:42:24.415   475   516 D SystemServerInitThreadPool: Started executing START_FONT_MANAGER_SERVICE
06-06 13:42:24.415   475   516 I SystemServerTimingAsync: START_FONT_MANAGER_SERVICE
06-06 13:42:24.416   475   475 I SystemServerTiming: StartTextClassificationManagerService
06-06 13:42:24.416   475   475 I SystemServiceManager: Starting com.android.server.textclassifier.TextClassificationManagerService$Lifecycle
06-06 13:42:24.420   475   475 I SystemServerTiming: StartNetworkScoreService
06-06 13:42:24.420   475   475 I SystemServiceManager: Starting com.android.server.NetworkScoreService$Lifecycle
06-06 13:42:24.421   475   475 I NetworkScoreService: Registering network_score
06-06 13:42:24.425   475   475 I SystemServerTiming: StartNetworkStatsService
06-06 13:42:24.432   475   475 I SystemServerTiming: StartNetworkPolicyManagerService
06-06 13:42:24.444   475   475 I SystemServerTiming: StartWifi
06-06 13:42:24.445   307   307 D XiriService: check file name: /data/data/com.oranth.ledstatus/lib
06-06 13:42:24.445   307   307 D XiriService: check file name: /data/data/com.oranth.ledstatus/lib
06-06 13:42:24.446   307   307 D XiriService: check file name: /data/data/com.oranth.ledstatus/lib
06-06 13:42:24.452   307   307 D XiriService: check file name: /data/data/com.oranth.ledstatus/lib
06-06 13:42:24.453   307   307 D XiriService: check file name: /data/data/com.oranth.ledstatus/lib
06-06 13:42:24.453   307   307 D XiriService: check file name: /data/data/com.oranth.ledstatus/lib
06-06 13:42:24.454   307   307 D XiriService: check file name: /data/data/com.oranth.ledstatus/lib
06-06 13:42:24.455   307   307 D XiriService: check file name: /data/data/com.dangbei.lerad.videoposter/lib
06-06 13:42:24.455   307   307 D XiriService: check file name: /data/data/com.dangbei.lerad.videoposter/lib
06-06 13:42:24.455   307   307 D XiriService: check file name: /data/data/com.dangbei.lerad.videoposter/lib
06-06 13:42:24.456   307   307 D XiriService: check file name: /data/data/com.dangbei.lerad.videoposter/lib
06-06 13:42:24.464   307   307 D XiriService: check file name: /data/data/com.dangbei.lerad.videoposter/lib
06-06 13:42:24.477   475   475 I SystemServiceManager: Starting com.android.server.wifi.WifiService
06-06 13:42:24.486   307   307 D XiriService: check file name: /data/data/com.android.networkstack/lib
06-06 13:42:24.484   307   307 I xiriservice_All: type=1400 audit(0.0:307): avc: denied { read } for name="lib" dev="mmcblk0p25" ino=54645 scontext=u:r:init:s0 tcontext=u:object_r:radio_data_file:s0 tclass=lnk_file permissive=1
06-06 13:42:24.487   307   307 D XiriService: check file name: /data/data/com.android.networkstack/lib
06-06 13:42:24.488   307   307 D XiriService: check file name: /data/data/com.android.networkstack/lib
06-06 13:42:24.488   307   307 D XiriService: check file name: /data/data/com.android.networkstack/lib
06-06 13:42:24.494   307   307 D XiriService: check file name: /data/data/com.android.networkstack/lib
06-06 13:42:24.494   307   307 D XiriService: check file name: /data/data/com.android.networkstack/lib
06-06 13:42:24.495   307   307 D XiriService: check file name: /data/data/com.android.networkstack/lib
06-06 13:42:24.495   307   307 D XiriService: check file name: /data/data/com.android.networkstack/lib
06-06 13:42:24.500   475   475 I WifiContext: Found Wifi Resources APK at: com.android.wifi.resources
06-06 13:42:24.509   475   475 V NetworkScoreManager: registerNetworkScoreCallback: callback=com.android.server.wifi.WifiNetworkScoreCache@d2fc458, executor=com.android.wifi.x.android.os.HandlerExecutor@f3999b1
06-06 13:42:24.534   475   475 D ScanMetrics: Settings package: com.android.tv.settings
06-06 13:42:24.534   475   475 E ScanMetrics: Can't get GMS uid
06-06 13:42:24.558   475   475 I WifiCoexManager: Default coex algorithm is disabled.
06-06 13:42:24.562   243   243 W Zygote  : Class not found for preloading: android.view.SurfaceView$2
06-06 13:42:24.597   307   307 D XiriService: check file name: /data/data/com.dangbei.screencast/lib
06-06 13:42:24.598   307   307 D XiriService: check file name: /data/data/com.dangbei.screencast/lib
06-06 13:42:24.599   307   307 D XiriService: check file name: /data/data/com.dangbei.screencast/lib
06-06 13:42:24.599   307   307 D XiriService: check file name: /data/data/com.dangbei.screencast/lib
06-06 13:42:24.614   307   307 D XiriService: check file name: /data/data/com.dangbei.screencast/lib
06-06 13:42:24.616   475   475 D WifiOpenNetworkNotifier: Settings toggle enabled=true
06-06 13:42:24.626   475   475 D WifiNl80211Manager: registerCountryCodeEventListener called
06-06 13:42:24.627   364   364 I wificond: New wificond event callback registered
06-06 13:42:24.627   475   475 D WifiCountryCode: Default country code from system property ro.boot.wificountrycode is CN
06-06 13:42:24.638   475   475 D WakeupController: WifiWake enabled
06-06 13:42:24.638   307   307 D XiriService: check file name: /data/data/com.dangbei.leard.leradlauncher/lib
06-06 13:42:24.638   307   307 D XiriService: check file name: /data/data/com.dangbei.leard.leradlauncher/lib
06-06 13:42:24.639   307   307 D XiriService: check file name: /data/data/com.dangbei.leard.leradlauncher/lib
06-06 13:42:24.639   307   307 D XiriService: check file name: /data/data/com.dangbei.leard.leradlauncher/lib
06-06 13:42:24.642   475   475 V HistoricalRegistry: Interaction before persistence initialized
06-06 13:42:24.650   307   307 D XiriService: check file name: /data/data/com.dangbei.leard.leradlauncher/lib
06-06 13:42:24.650   307   307 D XiriService: check file name: /data/data/com.dangbei.leard.leradlauncher/lib
06-06 13:42:24.650   307   307 D XiriService: check file name: /data/data/com.dangbei.leard.leradlauncher/lib
06-06 13:42:24.650   307   307 D XiriService: check file name: /data/data/com.dangbei.leard.leradlauncher/lib
06-06 13:42:24.651   475   475 I WifiService: Registering wifi
06-06 13:42:24.652   475   475 I SystemServerTiming: StartWifiScanning
06-06 13:42:24.652   475   475 I SystemServiceManager: Starting com.android.server.wifi.scanner.WifiScanningService
06-06 13:42:24.652   475   475 I WifiScanningService: Creating wifiscanner
06-06 13:42:24.659   307   307 D XiriService: check file name: /data/data/com.android.printspooler/lib
06-06 13:42:24.660   307   307 D XiriService: check file name: /data/data/com.android.printspooler/lib
06-06 13:42:24.660   307   307 D XiriService: check file name: /data/data/com.android.printspooler/lib
06-06 13:42:24.660   475   475 I WifiScanningService: Publishing wifiscanner
06-06 13:42:24.656   307   307 I xiriservice_All: type=1400 audit(0.0:308): avc: denied { search } for name="com.android.printspooler" dev="mmcblk0p25" ino=933 scontext=u:r:init:s0 tcontext=u:object_r:app_data_file:s0:c51,c256,c512,c768 tclass=dir permissive=1
06-06 13:42:24.656   307   307 I xiriservice_All: type=1400 audit(0.0:309): avc: denied { read } for name="lib" dev="mmcblk0p25" ino=54893 scontext=u:r:init:s0 tcontext=u:object_r:app_data_file:s0:c51,c256,c512,c768 tclass=lnk_file permissive=1
06-06 13:42:24.662   475   475 I SystemServerTiming: StartWifiP2P
06-06 13:42:24.662   475   475 I SystemServiceManager: Starting com.android.server.wifi.p2p.WifiP2pService
06-06 13:42:24.672   307   307 D XiriService: check file name: /data/data/com.android.printspooler/lib
06-06 13:42:24.673   307   307 D XiriService: check file name: /data/data/com.android.printspooler/lib
06-06 13:42:24.673   307   307 D XiriService: check file name: /data/data/com.android.printspooler/lib
06-06 13:42:24.673   307   307 D XiriService: check file name: /data/data/com.android.printspooler/lib
06-06 13:42:24.679   475   475 I WifiP2pService: Registering wifip2p
06-06 13:42:24.681   475   475 I SystemServerTiming: StartEthernet
06-06 13:42:24.681   307   307 D XiriService: check file name: /data/data/com.android.webview/lib
06-06 13:42:24.680   307   307 I xiriservice_All: type=1400 audit(0.0:310): avc: denied { search } for name="com.android.webview" dev="mmcblk0p25" ino=951 scontext=u:r:init:s0 tcontext=u:object_r:app_data_file:s0:c60,c256,c512,c768 tclass=dir permissive=1
06-06 13:42:24.680   307   307 I xiriservice_All: type=1400 audit(0.0:311): avc: denied { read } for name="lib" dev="mmcblk0p25" ino=54651 scontext=u:r:init:s0 tcontext=u:object_r:app_data_file:s0:c60,c256,c512,c768 tclass=lnk_file permissive=1
06-06 13:42:24.682   307   307 D XiriService: check file name: /data/data/com.android.webview/lib
06-06 13:42:24.683   307   307 D XiriService: check file name: /data/data/com.android.webview/lib
06-06 13:42:24.683   307   307 D XiriService: check file name: /data/data/com.android.webview/lib
06-06 13:42:24.683   475   475 I SystemServiceManager: Starting com.android.server.ethernet.EthernetService
06-06 13:42:24.684   475   475 I EthernetService: Registering service ethernet
06-06 13:42:24.685   475   475 I SystemServerTiming: StartPacProxyService
06-06 13:42:24.688   243   477 I zygote  : Background young concurrent copying GC freed 27076(1184KB) AllocSpace objects, 0(0B) LOS objects, 29% free, 2649KB/3764KB, paused 94us total 113.772ms
06-06 13:42:24.689   475   475 I SystemServerTiming: StartPppoe
06-06 13:42:24.690   307   307 D XiriService: check file name: /data/data/com.android.webview/lib
06-06 13:42:24.690   307   307 D XiriService: check file name: /data/data/com.android.webview/lib
06-06 13:42:24.690   475   475 I SystemServiceManager: Starting com.android.server.pppoe.PppoeService
06-06 13:42:24.690   307   307 D XiriService: check file name: /data/data/com.android.webview/lib
06-06 13:42:24.691   307   307 D XiriService: check file name: /data/data/com.android.webview/lib
06-06 13:42:24.691   475   475 I PppoeServiceImpl: Creating PppoeServiceImpl
06-06 13:42:24.702   475   475 I PppoeService: Registering service pppoe
06-06 13:42:24.703   475   475 I SystemServerTiming: StartConnectivityService
06-06 13:42:24.703   307   307 D XiriService: check file name: /data/data/com.android.bips/lib
06-06 13:42:24.717   307   307 D XiriService: check file name: /data/data/com.android.bips/lib
06-06 13:42:24.718   307   307 D XiriService: check file name: /data/data/com.oranth.inputmacsn/lib
06-06 13:42:24.718   307   307 D XiriService: check file name: /data/data/com.oranth.inputmacsn/lib
06-06 13:42:24.718   475   516 D SystemServerInitThreadPool: Finished executing START_FONT_MANAGER_SERVICE
06-06 13:42:24.718   307   307 D XiriService: check file name: /data/data/com.oranth.inputmacsn/lib
06-06 13:42:24.718   307   307 D XiriService: check file name: /data/data/com.oranth.inputmacsn/lib
06-06 13:42:24.723   475   475 I SystemServiceManager: Starting com.android.server.ConnectivityServiceInitializer
06-06 13:42:24.724   307   307 D XiriService: check file name: /data/data/com.oranth.inputmacsn/lib
06-06 13:42:24.725   307   307 D XiriService: check file name: /data/data/com.oranth.inputmacsn/lib
06-06 13:42:24.725   307   307 D XiriService: check file name: /data/data/com.oranth.inputmacsn/lib
06-06 13:42:24.725   307   307 D XiriService: check file name: /data/data/com.oranth.inputmacsn/lib
06-06 13:42:24.742   307   307 D XiriService: check file name: /data/data/com.android.keychain/lib
06-06 13:42:24.742   307   307 D XiriService: check file name: /data/data/com.android.keychain/lib
06-06 13:42:24.742   307   307 D XiriService: check file name: /data/data/com.android.keychain/lib
06-06 13:42:24.743   307   307 D XiriService: check file name: /data/data/com.android.keychain/lib
06-06 13:42:24.752   307   307 D XiriService: check file name: /data/data/com.android.keychain/lib
06-06 13:42:24.752   307   307 D XiriService: check file name: /data/data/com.android.keychain/lib
06-06 13:42:24.752   307   307 D XiriService: check file name: /data/data/com.android.keychain/lib
06-06 13:42:24.752   307   307 D XiriService: check file name: /data/data/com.android.keychain/lib
06-06 13:42:24.753   475   475 D ConnectivityService: ConnectivityService starting up
06-06 13:42:24.756   475   475 D pppoeNRI:: uid/pid:1000/475 activeRequest: null callbackRequest: 5 [NetworkRequest [ REQUEST id=5, [ Transports: PPPOE Capabilities: INTERNET&NOT_RESTRICTED&TRUSTED&NOT_VPN&NOT_VCN_MANAGED RequestorUid: 1000 RequestorPkg: android] ]] callback flags: 1 priority: 2147483647
06-06 13:42:24.756   392   392 I update_engine: [INFO:cleanup_previous_update_action.cc(112)] Executing task 4
06-06 13:42:24.758   392   392 I update_engine: [INFO:cleanup_previous_update_action.cc(124)] CleanupPreviousUpdateAction scheduled task ID 5 for WaitBootCompleted
06-06 13:42:24.763   475   475 E TAG     : Exception = android.content.pm.PackageManager$NameNotFoundException: android.telephony.cts
06-06 13:42:24.763   475   475 E TAG     : Exception = android.content.pm.PackageManager$NameNotFoundException: android.net.cts
06-06 13:42:24.767   307   307 D XiriService: check file name: /data/data/com.android.localtransport/lib
06-06 13:42:24.767   307   307 D XiriService: check file name: /data/data/com.android.localtransport/lib
06-06 13:42:24.768   307   307 D XiriService: check file name: /data/data/com.android.localtransport/lib
06-06 13:42:24.768   307   307 D XiriService: check file name: /data/data/com.android.localtransport/lib
06-06 13:42:24.775   307   307 D XiriService: check file name: /data/data/com.android.localtransport/lib
06-06 13:42:24.775   307   307 D XiriService: check file name: /data/data/com.android.localtransport/lib
06-06 13:42:24.775   307   307 D XiriService: check file name: /data/data/com.android.localtransport/lib
06-06 13:42:24.775   307   307 D XiriService: check file name: /data/data/com.android.localtransport/lib
06-06 13:42:24.776   307   307 D XiriService: check file name: /data/data/com.android.packageinstaller/lib
06-06 13:42:24.776   307   307 D XiriService: check file name: /data/data/com.android.packageinstaller/lib
06-06 13:42:24.777   307   307 D XiriService: check file name: /data/data/com.android.packageinstaller/lib
06-06 13:42:24.777   307   307 D XiriService: check file name: /data/data/com.android.packageinstaller/lib
06-06 13:42:24.783   307   307 D XiriService: check file name: /data/data/com.android.packageinstaller/lib
06-06 13:42:24.783   307   307 D XiriService: check file name: /data/data/com.android.packageinstaller/lib
06-06 13:42:24.783   307   307 D XiriService: check file name: /data/data/com.android.packageinstaller/lib
06-06 13:42:24.783   307   307 D XiriService: check file name: /data/data/com.android.packageinstaller/lib
06-06 13:42:24.788   475   475 D CompatibilityChangeReporter: Compat change id reported: 182478738; UID 1000; state: ENABLED
06-06 13:42:24.797   475   475 I ConnectivityServiceInitializer: Registering connectivity
06-06 13:42:24.799   475   475 I SystemServerTiming: StartVpnManagerService
06-06 13:42:24.800   307   307 D XiriService: check file name: /data/data/com.oranth.usbopenft/lib
06-06 13:42:24.800   307   307 D XiriService: check file name: /data/data/com.oranth.usbopenft/lib
06-06 13:42:24.801   307   307 D XiriService: check file name: /data/data/com.oranth.usbopenft/lib
06-06 13:42:24.801   307   307 D XiriService: check file name: /data/data/com.oranth.usbopenft/lib
06-06 13:42:24.803   475   475 D VpnManagerService: VpnManagerService starting up
06-06 13:42:24.803   475   475 I SystemServerTiming: StartVcnManagementService
06-06 13:42:24.807   307   307 D XiriService: check file name: /data/data/com.oranth.usbopenft/lib
06-06 13:42:24.808   307   307 D XiriService: check file name: /data/data/com.oranth.usbopenft/lib
06-06 13:42:24.808   475   475 I SystemServerTiming: StartNsdService
06-06 13:42:24.808   307   307 D XiriService: check file name: /data/data/com.android.networkstack.tethering/lib
06-06 13:42:24.808   307   307 D XiriService: check file name: /data/data/com.android.networkstack.tethering/lib
06-06 13:42:24.809   307   307 D XiriService: check file name: /data/data/com.android.networkstack.tethering/lib
06-06 13:42:24.809   475   475 D NsdService: Network service discovery is enabled
06-06 13:42:24.812   475   475 I SystemServerTiming: StartSystemUpdateManagerService
06-06 13:42:24.813   475   475 I SystemUpdateManagerService: No existing info file /data/system/system-update-info.xml
06-06 13:42:24.814   475   475 I SystemServerTiming: StartUpdateLockService
06-06 13:42:24.815   475   475 I SystemServerTiming: StartNotificationManager
06-06 13:42:24.816   475   475 I SystemServiceManager: Starting com.android.server.notification.NotificationManagerService
06-06 13:42:24.816   307   307 D XiriService: check file name: /data/data/com.android.networkstack.tethering/lib
06-06 13:42:24.816   307   307 D XiriService: check file name: /data/data/com.android.networkstack.tethering/lib
06-06 13:42:24.816   307   307 D XiriService: check file name: /data/data/com.android.networkstack.tethering/lib
06-06 13:42:24.817   307   307 D XiriService: check file name: /data/data/com.android.networkstack.tethering/lib
06-06 13:42:24.823   307   307 D XiriService: check file name: /data/data/com.dangbei.lerad.etna.haqu/lib
06-06 13:42:24.823   307   307 D XiriService: check file name: /data/data/com.dangbei.lerad.etna.haqu/lib
06-06 13:42:24.824   307   307 D XiriService: check file name: /data/data/com.dangbei.lerad.etna.haqu/lib
06-06 13:42:24.824   307   307 D XiriService: check file name: /data/data/com.dangbei.lerad.etna.haqu/lib
06-06 13:42:24.829   243   243 I Zygote  : ...preloaded 7337 classes in 898ms.
06-06 13:42:24.833   307   307 D XiriService: check file name: /data/data/com.dangbei.lerad.etna.haqu/lib
06-06 13:42:24.833   307   307 D XiriService: check file name: /data/data/com.dangbei.lerad.etna.haqu/lib
06-06 13:42:24.833   307   307 D XiriService: check file name: /data/data/com.dangbei.lerad.etna.haqu/lib
06-06 13:42:24.833   307   307 D XiriService: check file name: /data/data/com.dangbei.lerad.etna.haqu/lib
