06-06 13:42:34.238   475   539 I ActivityManager: app.processName = com.android.dynsystem:dynsystem
06-06 13:42:34.238   475   539 I ActivityManager: Start proc 1591:com.android.dynsystem:dynsystem/1000 for service {com.android.dynsystem/com.android.dynsystem.DynamicSystemInstallationService}
06-06 13:42:34.239   475   539 D CompatibilityChangeReporter: Compat change id reported: 143937733; UID 10014; state: ENABLED
06-06 13:42:34.241  1591  1591 I Zygote  : seccomp disabled by setenforce 0
06-06 13:42:34.243  1100  1110 I d.leradlaunche: NativeAlloc concurrent copying GC freed 46014(4359KB) AllocSpace objects, 29(772KB) LOS objects, 49% free, 6534KB/12MB, paused 239us total 1.024s
06-06 13:42:34.247  1100  1112 W System  : A resource failed to call close. 
06-06 13:42:34.261   475  1039 I BackupManagerService: [UserID:0] Stale backup journals: Scheduled 7 package(s) total
06-06 13:42:34.262   475  1353 W ActivityManager: Unable to start service Intent { act=com.cvte.tv.api.TV_API_SERVICE pkg=com.cvte.tv.api.impl } U=0: not found
06-06 13:42:34.273   243   243 D Zygote  : Forked child process 1612
06-06 13:42:34.277   475   539 W ActivityManager: Slow operation: 75ms so far, now at startProcess: returned from zygote!
06-06 13:42:34.278   475   539 W ActivityManager: Slow operation: 76ms so far, now at startProcess: done updating battery stats
06-06 13:42:34.278   475   539 W ActivityManager: Slow operation: 76ms so far, now at startProcess: building log message
06-06 13:42:34.278   475   539 I ActivityManager: app.processName = com.android.managedprovisioning
06-06 13:42:34.278   475   539 I ActivityManager: Start proc 1612:com.android.managedprovisioning/u0a14 for broadcast {com.android.managedprovisioning/com.android.managedprovisioning.BootReminder}
06-06 13:42:34.278   475   539 W ActivityManager: Slow operation: 76ms so far, now at startProcess: starting to update pids map
06-06 13:42:34.278   475   539 W ActivityManager: Slow operation: 77ms so far, now at startProcess: done updating pids map
06-06 13:42:34.282   396   407 I adbd    : jdwp connection from 1591
06-06 13:42:34.289  1359  1359 W ContextImpl: Calling a method in the system process without a qualified user: android.app.ContextImpl.startService:1816 android.content.ContextWrapper.startService:774 com.dangbei.phrike.core.DownloadManager.register:294 com.dangbei.component_appcontrol.phrike.XPhrikeAppCreator.register:47 com.dangbei.component_appcontrol.AppControlComponent.onAttached:65 
06-06 13:42:34.290  1612  1612 I Zygote  : seccomp disabled by setenforce 0
06-06 13:42:34.295  1248  1382 D ContactsDatabaseHelper: WAL enabled for profile.db: true
06-06 13:42:34.303  1359  1359 I RockyManager: initSDKDelegate: 
06-06 13:42:34.318   396   407 I adbd    : jdwp connection from 1612
06-06 13:42:34.319   475   519 W IorapForwardingService: No service published for: iorapd
06-06 13:42:34.393  1359  1374 W System  : A resource failed to call close. 
06-06 13:42:34.398   475  1352 W ActivityManager: Slow operation: 92ms so far, now at attachApplicationLocked: after mServices.attachApplicationLocked
01-01 08:00:25.737  1630  1630 W audit   : audit_lost=70 audit_rate_limit=5 audit_backlog_limit=64
01-01 08:00:25.737  1630  1630 E audit   : rate limit exceeded
06-06 13:42:34.402   475   475 W Looper  : Drained
06-06 13:42:34.405   475   607 D SupplicantStaNetworkHal: The target security params: Security Parameters:
06-06 13:42:34.405   475   607 D SupplicantStaNetworkHal:  Type: 2
06-06 13:42:34.405   475   607 D SupplicantStaNetworkHal:  Enabled: true
06-06 13:42:34.405   475   607 D SupplicantStaNetworkHal:  KeyMgmt: WPA_PSK
06-06 13:42:34.405   475   607 D SupplicantStaNetworkHal:  Protocols: WPA RSN
06-06 13:42:34.405   475   607 D SupplicantStaNetworkHal:  AuthAlgorithms:
06-06 13:42:34.405   475   607 D SupplicantStaNetworkHal:  PairwiseCiphers: TKIP CCMP
06-06 13:42:34.405   475   607 D SupplicantStaNetworkHal:  GroupCiphers: WEP40 WEP104 TKIP CCMP
06-06 13:42:34.405   475   607 D SupplicantStaNetworkHal:  GroupMgmtCiphers:
06-06 13:42:34.405   475   607 D SupplicantStaNetworkHal:  SuiteBCiphers:
06-06 13:42:34.405   475   607 D SupplicantStaNetworkHal:  RequirePmf: false
06-06 13:42:34.405   475   607 D SupplicantStaNetworkHal:  IsAddedByAutoUpgrade: false
06-06 13:42:34.405   475   607 D SupplicantStaNetworkHal:  IsSaeH2eOnlyMode: false
06-06 13:42:34.405   475   607 D SupplicantStaNetworkHal:  IsSaePkOnlyMode: false
06-06 13:42:34.405   475  1343 D CompatibilityChangeReporter: Compat change id reported: 168419799; UID 10014; state: DISABLED
06-06 13:42:34.407  1591  1591 D CompatibilityChangeReporter: Compat change id reported: 171979766; UID 1000; state: ENABLED
06-06 13:42:34.427   475  1353 W InputManager-JNI: Input channel object 'ddd445 com.android.tv.settings/com.android.tv.settings.system.FallbackHome (client)' was disposed without first being removed with the input manager!
06-06 13:42:34.429  1612  1612 D CompatibilityChangeReporter: Compat change id reported: 171979766; UID 10014; state: ENABLED
06-06 13:42:34.496   475  1352 D CompatibilityChangeReporter: Compat change id reported: 149924527; UID 10074; state: ENABLED
06-06 13:42:34.497   475   498 D CompatibilityChangeReporter: Compat change id reported: 132649864; UID 10074; state: DISABLED
06-06 13:42:34.500  1591  1591 V GraphicsEnvironment: ANGLE Developer option for 'com.android.dynsystem' set to: 'default'
06-06 13:42:34.501   859   859 I wpa_supplicant: wlan0: Trying to associate with 58:c7:ac:78:f0:02 (SSID='DZNB' freq=5260 MHz)
06-06 13:42:34.501  1591  1591 V GraphicsEnvironment: Neither updatable production driver nor prerelease driver is supported.
06-06 13:42:34.504  1591  1591 D NetworkSecurityConfig: No Network Security Config specified, using platform default
06-06 13:42:34.505  1591  1591 D NetworkSecurityConfig: No Network Security Config specified, using platform default
06-06 13:42:34.506   475   607 D WifiCountryCode: evaluateAllCmmStateAndApplyIfAllReady: {ConcreteClientModeManager{id=14767 iface=wlan0 role=ROLE_CLIENT_PRIMARY}=false}
06-06 13:42:34.506   475   607 D WifiClientModeImpl[wlan0]: Start Connecting Watchdog 1
06-06 13:42:34.522   475   498 E ConnectivityService: Exception = android.content.pm.PackageManager$NameNotFoundException: android.net.cts
06-06 13:42:34.526  1257  1257 I TDLog   :  setReportUncaughtExceptions: true
06-06 13:42:34.532  1257  1257 E Application: onCreate:Version:v2.8.3/20830/883432e
06-06 13:42:34.535  1591  1591 D DynamicSystemInstallationService: onStartCommand(): action=android.os.image.action.NOTIFY_IF_IN_USE
06-06 13:42:34.538   475  1343 I DynamicSystemService: isInstalled(): false
06-06 13:42:34.546  1100  1100 W eventbuscore: post Event:com.dangbei.leard.base.entity.event.NetWifiRssiEvent
06-06 13:42:34.562  1100  1100 E xxxxxxxxxxxxxxx: onReceive:mIsHDMIPlugged =  false
06-06 13:42:34.566  1047  1077 E ccc     : cccccc etnaService addListener com.dangbei.lerad.etna.aidl.IEtnaAidlListener$Stub$Proxy@96a2ebc com.dangbei.leard.leradlauncher
06-06 13:42:34.566  1100  1100 E hq      : Etna:::etnaClient connectState=true
06-06 13:42:34.566  1100  1100 E getHdmiStatus: sourceInputStatus=null  mEtnaAdapter=com.dangbei.launcher.etna.EtnaAdapter@2ba910b
06-06 13:42:34.567  1100  1100 E hq      : USBReceiver:::USBReceiver onReceive: action=android.intent.action.MEDIA_MOUNTED
06-06 13:42:34.567  1100  1100 E hq      : USBReceiver:::USBReceiver onReceive: action=android.intent.action.MEDIA_MOUNTED
06-06 13:42:34.567  1100  1100 E hq      : AdHelper:::启动延迟检查，支持广告的最长播放时间：25000   isLoadAd=false
06-06 13:42:34.569  1257  1534 W efs.send_log: tryFileLock start! 
06-06 13:42:34.575  1100  1100 D OsInitLaunch: send cache: launchAd, playAd, start, null
06-06 13:42:34.576  1359  1359 W bei.lerad.rock: Class com.iflytek.aiui.AIUIAgent failed lock verification and will run slower.
06-06 13:42:34.576  1359  1359 W bei.lerad.rock: Common causes for lock verification issues are non-optimized dex code
06-06 13:42:34.576  1359  1359 W bei.lerad.rock: and incorrect proguard optimizations.
06-06 13:42:34.576  1100  1100 I dangbei ad sdk: ADSDK::play splash ad
06-06 13:42:34.581  1100  1100 I dangbei ad sdk: AdSplashView::show offline ad
06-06 13:42:34.598   364   364 I wificond: Regulatory domain changed to country: CN on wiphy_index: 0
06-06 13:42:34.602   859   859 I wpa_supplicant: wlan0: Associated with 58:c7:ac:78:f0:02
06-06 13:42:34.602   859   859 I wpa_supplicant: wlan0: CTRL-EVENT-SUBNET-STATUS-UPDATE status=0
06-06 13:42:34.603   859   859 I wpa_supplicant: wlan0: CTRL-EVENT-REGDOM-CHANGE init=COUNTRY_IE type=COUNTRY alpha2=CN
06-06 13:42:34.606   364   364 I wificond: 2.4Ghz frequencies: 2412 2417 2422 2427 2432 2437 2442 2447 2452 2457 2462 2467 2472
06-06 13:42:34.606   364   364 I wificond: 5Ghz non-DFS frequencies: 5180 5200 5220 5240 5745 5765 5785 5805 5825
06-06 13:42:34.607   364   364 I wificond: 5Ghz DFS frequencies: 5260 5280 5300 5320
06-06 13:42:34.607   364   364 I wificond: 6Ghz frequencies:
06-06 13:42:34.607   364   364 I wificond: 60Ghz frequencies:
06-06 13:42:34.613   475   499 D WifiNl80211Manager: OnRegDomainChanged CN
06-06 13:42:34.614   475   499 D WifiNative: onCountryCodeChanged: CN
06-06 13:42:34.614   475   499 I WifiCountryCode: Receive onDriverCountryCodeChanged CN
06-06 13:42:34.615  1257  1257 E UsbEventBroadcastReceiver: onReceive: android.hardware.usb.action.USB_DEVICE_ATTACHED
06-06 13:42:34.619  1257  1257 E z       : isUsbCastSupport getModel:DBBOX-A2
06-06 13:42:34.620  1257  1257 E UsbEventBroadcastReceiver: return USB_CAST_SWITCH false
06-06 13:42:34.624  1257  1657 W efs.send_log: tryFileLock sendlock sucess! processname: com.dangbei.screencast
06-06 13:42:34.628  1257  1257 I crashsdk: Catcher mask: 5000, 20480
06-06 13:42:34.630  1257  1257 I crashsdk: Catcher thread 1276
06-06 13:42:34.630  1257  1257 D crashsdk: Register ANR handler ...
06-06 13:42:34.633  1100  1100 I Choreographer: Skipped 62 frames!  The application may be doing too much work on its main thread.
06-06 13:42:34.644  1257  1257 I Thread-13: type=1400 audit(0.0:499): avc: denied { remove_name } for name="info.xml" dev="mmcblk0p25" ino=54555 scontext=u:r:platform_app:s0:c512,c768 tcontext=u:object_r:app_data_file:s0:c512,c768 tclass=dir permissive=1 app=com.dangbei.screencast
06-06 13:42:34.644  1257  1257 I Thread-13: type=1400 audit(0.0:500): avc: denied { rename } for name="info.xml" dev="mmcblk0p25" ino=54555 scontext=u:r:platform_app:s0:c512,c768 tcontext=u:object_r:app_data_file:s0:c512,c768 tclass=file permissive=1 app=com.dangbei.screencast
06-06 13:42:34.647  1359  1359 I AiuiEngine: create aiui agent
06-06 13:42:34.647  1359  1359 D RockyVoice_AiUiDelegate: 初始化成功
06-06 13:42:34.655  1359  1359 D RockyNetMessageUtil: initTipsList   tipEntity = null     isRequestTipSuccess = false
06-06 13:42:34.644   263   263 I EventThread: type=1400 audit(0.0:501): avc: denied { search } for name="extcon" dev="sysfs" ino=18109 scontext=u:r:hal_tv_cec_default:s0 tcontext=u:object_r:sysfs_extcon:s0 tclass=dir permissive=1
06-06 13:42:34.652  1257  1257 I Thread-13: type=1400 audit(0.0:502): avc: denied { setattr } for name="info.xml" dev="mmcblk0p25" ino=55062 scontext=u:r:platform_app:s0:c512,c768 tcontext=u:object_r:app_data_file:s0:c512,c768 tclass=file permissive=1 app=com.dangbei.screencast
06-06 13:42:34.652  1257  1257 I Thread-13: type=1400 audit(0.0:503): avc: denied { unlink } for name="info.xml.bak" dev="mmcblk0p25" ino=54555 scontext=u:r:platform_app:s0:c512,c768 tcontext=u:object_r:app_data_file:s0:c512,c768 tclass=file permissive=1 app=com.dangbei.screencast
06-06 13:42:34.700  1257  1534 I efs.config: --->>> 删除旧的配置文件 false
06-06 13:42:34.705   475   607 I WifiService: onDriverCountryCodeChanged CN
06-06 13:42:34.712  1257  1432 I TDLog   : TalkingData SDK init...
06-06 13:42:34.712  1257  1432 I TDLog   : 	SDK_VERSION is: Android+TD+V5.0.7 gp Type:Native  Build_Num:2141
06-06 13:42:34.712  1257  1432 I TDLog   : 	App ID is: B9D7815EC975466AB1332111FCE62DF5
06-06 13:42:34.712  1257  1432 I TDLog   : 	App Channel is: os
06-06 13:42:34.712  1257  1432 I TDLog   : 	App Custom is: 
06-06 13:42:34.712  1257  1432 I TDLog   : 	SDK_OVC is: TDOVC+a3bb7754719798526508b6caad480dd7+SaaS
06-06 13:42:34.724  1257  1673 I efs.base: lt=event`ev_ct=efs_core`ev_ac=pvuv`tm=2025-06-06 13:42:63`dn=771f93e8-8eaa-49df-8b16-e1b19b668479`ps=com.dangbei.screencast`um_os=android`stime=1749188553652`pid=1257`fr=android`pkg=com.dangbei.screencast`vcode=20830`dsp_w=1920`uid=771f93e8-8eaa-49df-8b16-e1b19b668479`rom=12`wid=771f93e8-8eaa-49df-8b16-e1b19b668479`um_app_carrier=`um_access=unknow`um_app_channel=os`um_crash_sdk_version=1.4.0`ctime=1749188554`model=dbbox-a2`lang=zh`net=disconnected`brand=dangbei`dsp_h=1080`um_network_type=0`ver=v2.8.3`build_model=DBBOX-A2`w_tm=1749188554`appid=5fc60c21094d637f3130af19`um_umid_header=ai4e7fa82b434271882c971661bb5632b7`sdk=31`tzone=Asia/Shanghai`sdk_ver=1.3.6.umeng
06-06 13:42:34.734  1100  1100 E hq      : AdHelper:::notFetchAd: main
06-06 13:42:34.734  1100  1100 E hq      : AdHelper:::onComplete:main
06-06 13:42:34.734  1100  1100 E hq      : AdHelper:::adFinish: com.dangbei.launcher.home.callback.LauncherCallback$onAttach$1$1@7c597df
06-06 13:42:34.735  1612  1612 V GraphicsEnvironment: ANGLE Developer option for 'com.android.managedprovisioning' set to: 'default'
06-06 13:42:34.735  1612  1612 V GraphicsEnvironment: Neither updatable production driver nor prerelease driver is supported.
06-06 13:42:34.740  1100  1100 E hq      : LauncherCallback:::onDetach
06-06 13:42:34.740  1100  1100 E hq      : AdHelper:::handleFinishAd: true
06-06 13:42:34.743  1359  1655 W bei.lerad.rock: Class com.iflytek.aiui.utils.c failed lock verification and will run slower.
06-06 13:42:34.744  1612  1612 D NetworkSecurityConfig: No Network Security Config specified, using platform default
06-06 13:42:34.744  1612  1612 D NetworkSecurityConfig: No Network Security Config specified, using platform default
06-06 13:42:34.757  1100  1100 E DangXiaoBeiManager: setMessageList: false
06-06 13:42:34.758  1100  1100 E hq      : 当小贝:::显示消息type=SIMPLE_TEXT ,data.isShowInCur=false  ,delay=60000 ,message.mandatoryMessage=null  , message=null  
06-06 13:42:34.758  1100  1100 E hq      : 当小贝:::当前显示了消息，不显示新消息 
06-06 13:42:34.780  1257  1534 I efs.config: current config version (-1) is older than another (1735614866)
06-06 13:42:34.786  1257  1534 I efs.config: load config from storage and notify observer
06-06 13:42:34.809  1100  1100 D OsInitLaunch: send cache: launchAd, playAd, complete, null
06-06 13:42:34.811  1612  1612 I CarUiInstaller: CarUiInstaller started for com.android.managedprovisioning
06-06 13:42:34.859  1359  1359 D RockyNetMessageUtil: initMediaControlPage   pageEntity = null     isRequestPageControlSuccess = false
06-06 13:42:34.860  1359  1655 W bei.lerad.rock: Class com.iflytek.aiui.utils.l failed lock verification and will run slower.
06-06 13:42:34.862  1359  1703 D XHttpObservable: handleRequest: start https://tyapi.qun7.com/v1/voice/getsoundshowmsg ,,, isCache = false
06-06 13:42:34.882   475   498 D CompatibilityChangeReporter: Compat change id reported: 168419799; UID 10016; state: DISABLED
06-06 13:42:34.896   475  1350 D CompatibilityChangeReporter: Compat change id reported: 135634846; UID 10055; state: DISABLED
06-06 13:42:34.896   475  1350 D CompatibilityChangeReporter: Compat change id reported: 177438394; UID 10055; state: DISABLED
06-06 13:42:34.896   475  1350 D CompatibilityChangeReporter: Compat change id reported: 135772972; UID 10055; state: DISABLED
06-06 13:42:34.896   475  1350 D CompatibilityChangeReporter: Compat change id reported: 135754954; UID 10055; state: ENABLED
06-06 13:42:34.905   475   539 D CompatibilityChangeReporter: Compat change id reported: 143937733; UID 10055; state: ENABLED
06-06 13:42:34.918  1359  1705 D XHttpObservable: handleRequest: start https://tyapi.qun7.com/v1/voice/getResponseControlPage ,,, isCache = false
06-06 13:42:34.936   243   243 D Zygote  : Forked child process 1710
06-06 13:42:34.939   475   539 I ActivityManager: app.processName = com.android.onetimeinitializer
06-06 13:42:34.939   475   539 I ActivityManager: Start proc 1710:com.android.onetimeinitializer/u0a55 for broadcast {com.android.onetimeinitializer/com.android.onetimeinitializer.OneTimeInitializerReceiver}
06-06 13:42:34.954  1710  1710 I Zygote  : seccomp disabled by setenforce 0
06-06 13:42:34.972   859   859 I wpa_supplicant: wlan0: WPA: RX message 1 of 4-Way Handshake from 58:c7:ac:78:f0:02 (ver=2)
06-06 13:42:34.973   859   859 I wpa_supplicant: wlan0: WPA: Sending EAPOL-Key 2/4
06-06 13:42:34.976   859   859 I wpa_supplicant: wlan0: WPA: RX message 3 of 4-Way Handshake from 58:c7:ac:78:f0:02 (ver=2)
06-06 13:42:34.976   859   859 I wpa_supplicant: wlan0: WPA: Sending EAPOL-Key 4/4
06-06 13:42:34.980   859   859 I wpa_supplicant: wlan0: WPA: Key negotiation completed with 58:c7:ac:78:f0:02 [PTK=CCMP GTK=TKIP]
06-06 13:42:34.980   859   859 I wpa_supplicant: wlan0: CTRL-EVENT-CONNECTED - Connection to 58:c7:ac:78:f0:02 completed [id=0 id_str=%7B%22configKey%22%3A%22%5C%22DZNB%5C%22WPA_PSK%22%2C%22creatorUid%22%3A%2210031%22%7D]
06-06 13:42:34.987   475   517 W PppoeNetworkFactory: interfaceLinkStateChanged
06-06 13:42:34.988   475   517 D PppoeNetworkFactory: updateInterface: mIface: mPhyIface:eth0 iface:wlan0 link:up
06-06 13:42:34.988   475   517 D PppoeNetworkFactory: not tracker interface
06-06 13:42:34.988   475   517 I EthernetTracker: interfaceLinkStateChanged, iface: wlan0, up: true
06-06 13:42:34.988   789   910 I Tethering: adding IpServer for: wlan0
06-06 13:42:34.996  1100  1100 E hq      : USBReceiver:::USBReceiver onReceive: list=1
06-06 13:42:35.005   396   407 I adbd    : jdwp connection from 1710
06-06 13:42:35.021  1359  1546 I UtilCommon: bluetoothMac=B4:2F:03:15:73:BD
06-06 13:42:35.029  1100  1680 E hq      : ErrorCoroutineExceptionHandler:::runTry error:java.net.UnknownHostException: Unable to resolve host "ottdbui-tyapiqun7.yysh.mgtv.com": No address associated with hostname  from=requestMessageDialog
06-06 13:42:35.050   475  1350 I WifiService: updateInterfaceIpState uid=1073
06-06 13:42:35.055  1359  1359 W SoundPool: Use of stream types is deprecated for operations other than volume control
06-06 13:42:35.055  1359  1359 W SoundPool: See the documentation of SoundPool() for what to use instead with android.media.AudioAttributes to qualify your playback use case
06-06 13:42:35.079   475   607 D ConnectivityService: registerNetworkAgent NetworkAgentInfo{network{100}  handle{432902426637}  ni{WIFI CONNECTING extra: } Score(60 ; KeepConnected : 0 ; Policies : IS_UNMETERED)   lp{{LinkAddresses: [ ] DnsAddresses: [ ] Domains: null MTU: 0 Routes: [ ]}}  nc{[ Transports: WIFI Capabilities: NOT_METERED&INTERNET&NOT_RESTRICTED&TRUSTED&NOT_VPN&NOT_ROAMING&FOREGROUND&NOT_CONGESTED&NOT_SUSPENDED&NOT_VCN_MANAGED LinkUpBandwidth>=866000Kbps LinkDnBandwidth>=866000Kbps Specifier: <WifiNetworkAgentSpecifier [WifiConfiguration=, SSID="DZNB", BSSID=58:c7:ac:78:f0:02, band=2, mMatchLocalOnlySpecifiers=false]> TransportInfo: <SSID: "DZNB", BSSID: 58:c7:ac:78:f0:02, MAC: b4:2f:03:15:e9:47, Security type: 2, Supplicant state: GROUP_HANDSHAKE, Wi-Fi standard: 5, RSSI: -127, Link speed: -1Mbps, Tx Link speed: -1Mbps, Max Supported Tx Link speed: 866Mbps, Rx Link speed: -1Mbps, Max Supported Rx Link speed: 866Mbps, Frequency: 5260MHz, Net ID: 0, Metered hint: false, score: 0, CarrierMerged: false, SubscriptionId: -1, IsPrimary: 1> OwnerUid: 10031 AdminUids: [10031] SSID: "DZNB"]}}
06-06 13:42:35.086  1100  1456 D AppManager: checkLocalAppsIsValid:
06-06 13:42:35.087  1359  1359 D RockyReceiver: action: android.net.wifi.WIFI_STATE_CHANGED
06-06 13:42:35.090   475   498 E ConnectivityService: Exception = android.content.pm.PackageManager$NameNotFoundException: android.net.cts
06-06 13:42:35.091  1359  1732 W System.err: java.net.UnknownHostException: Unable to resolve host "tyapi.qun7.com": No address associated with hostname
06-06 13:42:35.091  1359  1732 W System.err: 	at java.net.Inet6AddressImpl.lookupHostByName(Inet6AddressImpl.java:156)
06-06 13:42:35.091  1359  1732 W System.err: 	at java.net.Inet6AddressImpl.lookupAllHostAddr(Inet6AddressImpl.java:103)
06-06 13:42:35.091  1359  1732 W System.err: 	at java.net.InetAddress.getAllByName(InetAddress.java:1152)
06-06 13:42:35.091  1359  1732 W System.err: 	at com.android.okhttp.Dns$1.lookup(Dns.java:41)
06-06 13:42:35.091  1359  1732 W System.err: 	at com.android.okhttp.internal.http.RouteSelector.resetNextInetSocketAddress(RouteSelector.java:178)
06-06 13:42:35.091  1359  1732 W System.err: 	at com.android.okhttp.internal.http.RouteSelector.nextProxy(RouteSelector.java:144)
06-06 13:42:35.091  1359  1732 W System.err: 	at com.android.okhttp.internal.http.RouteSelector.next(RouteSelector.java:86)
06-06 13:42:35.091  1359  1732 W System.err: 	at com.android.okhttp.internal.http.StreamAllocation.findConnection(StreamAllocation.java:176)
06-06 13:42:35.091  1359  1732 W System.err: 	at com.android.okhttp.internal.http.StreamAllocation.findHealthyConnection(StreamAllocation.java:128)
06-06 13:42:35.091  1359  1732 W System.err: 	at com.android.okhttp.internal.http.StreamAllocation.newStream(StreamAllocation.java:97)
06-06 13:42:35.091  1359  1732 W System.err: 	at com.android.okhttp.internal.http.HttpEngine.connect(HttpEngine.java:289)
06-06 13:42:35.091  1359  1732 W System.err: 	at com.android.okhttp.internal.http.HttpEngine.sendRequest(HttpEngine.java:232)
06-06 13:42:35.091  1359  1732 W System.err: 	at com.android.okhttp.internal.huc.HttpURLConnectionImpl.execute(HttpURLConnectionImpl.java:465)
06-06 13:42:35.091  1359  1732 W System.err: 	at com.android.okhttp.internal.huc.HttpURLConnectionImpl.getResponse(HttpURLConnectionImpl.java:411)
06-06 13:42:35.091  1359  1732 W System.err: 	at com.android.okhttp.internal.huc.HttpURLConnectionImpl.getResponseCode(HttpURLConnectionImpl.java:542)
06-06 13:42:35.091  1359  1732 W System.err: 	at com.dangbei.statistics.UtilCommon.networkGetIp(UtilCommon.java:826)
06-06 13:42:35.091  1359  1732 W System.err: 	at com.dangbei.statistics.UtilCommon$1.accept(UtilCommon.java:807)
06-06 13:42:35.091  1359  1732 W System.err: 	at com.dangbei.statistics.UtilCommon$1.accept(UtilCommon.java:803)
06-06 13:42:35.091  1359  1732 W System.err: 	at io.reactivex.internal.operators.observable.ObservableDoOnEach$DoOnEachObserver.onNext(ObservableDoOnEach.java:93)
06-06 13:42:35.091  1359  1732 W System.err: 	at io.reactivex.internal.operators.observable.ObservableObserveOn$ObserveOnObserver.drainNormal(ObservableObserveOn.java:201)
06-06 13:42:35.091  1359  1732 W System.err: 	at io.reactivex.internal.operators.observable.ObservableObserveOn$ObserveOnObserver.run(ObservableObserveOn.java:255)
06-06 13:42:35.091  1359  1732 W System.err: 	at io.reactivex.internal.schedulers.ScheduledRunnable.run(ScheduledRunnable.java:66)
06-06 13:42:35.092  1359  1732 W System.err: 	at io.reactivex.internal.schedulers.ScheduledRunnable.call(ScheduledRunnable.java:57)
06-06 13:42:35.092  1359  1732 W System.err: 	at java.util.concurrent.FutureTask.run(FutureTask.java:266)
06-06 13:42:35.092  1359  1732 W System.err: 	at java.util.concurrent.ScheduledThreadPoolExecutor$ScheduledFutureTask.run(ScheduledThreadPoolExecutor.java:301)
06-06 13:42:35.092  1359  1732 W System.err: 	at java.util.concurrent.ThreadPoolExecutor.runWorker(ThreadPoolExecutor.java:1167)
06-06 13:42:35.092  1359  1732 W System.err: 	at java.util.concurrent.ThreadPoolExecutor$Worker.run(ThreadPoolExecutor.java:641)
06-06 13:42:35.092  1359  1732 W System.err: 	at java.lang.Thread.run(Thread.java:920)
06-06 13:42:35.092  1359  1732 W System.err: Caused by: android.system.GaiException: android_getaddrinfo failed: EAI_NODATA (No address associated with hostname)
06-06 13:42:35.092  1359  1732 W System.err: 	at libcore.io.Linux.android_getaddrinfo(Native Method)
06-06 13:42:35.092  1359  1732 W System.err: 	at libcore.io.ForwardingOs.android_getaddrinfo(ForwardingOs.java:136)
06-06 13:42:35.092  1359  1732 W System.err: 	at libcore.io.BlockGuardOs.android_getaddrinfo(BlockGuardOs.java:221)
06-06 13:42:35.092  1359  1732 W System.err: 	at libcore.io.ForwardingOs.android_getaddrinfo(ForwardingOs.java:136)
06-06 13:42:35.092  1359  1732 W System.err: 	at java.net.Inet6AddressImpl.lookupHostByName(Inet6AddressImpl.java:135)
06-06 13:42:35.092  1359  1732 W System.err: 	... 27 more
06-06 13:42:35.105  1359  1359 D RockyReceiver: action: android.net.wifi.STATE_CHANGE
06-06 13:42:35.106   475   499 E ConnectivityService: Exception = android.content.pm.PackageManager$NameNotFoundException: android.net.cts
06-06 13:42:35.112   475  1343 W TelephonyPermissions: reportAccessDeniedToReadIdentifiers:com.dangbei.screencast:getSerial:-1
06-06 13:42:35.122  1100  1312 E hq      : ErrorCoroutineExceptionHandler:::runTry error:java.net.UnknownHostException: Unable to resolve host "ottdbui-tyapiqun7.yysh.mgtv.com": No address associated with hostname  from=requestAppAdInfo
06-06 13:42:35.123   859   859 E wpa_supplicant: nl80211: kernel reports: unexpected nested data
06-06 13:42:35.126   475   604 W BestClock: java.time.DateTimeException: Missing NTP fix
06-06 13:42:35.153   475  1350 D CompatibilityChangeReporter: Compat change id reported: 168419799; UID 10055; state: DISABLED
06-06 13:42:35.162  1359  1359 D RockyReceiver: action: android.net.wifi.STATE_CHANGE
06-06 13:42:35.163   475  1353 E ConnectivityService: Exception = android.content.pm.PackageManager$NameNotFoundException: android.net.cts
06-06 13:42:35.179  1710  1710 D CompatibilityChangeReporter: Compat change id reported: 171979766; UID 10055; state: ENABLED
06-06 13:42:35.193   475   604 W BestClock: java.time.DateTimeException: Missing NTP fix
06-06 13:42:35.196   657   657 E WifiHAL : wifi_get_packet_filter_capabilities: requestResponse() error: -3
06-06 13:42:35.196   657   657 I WifiHAL : Packet filtering is not supprted
06-06 13:42:35.206   475   605 W BestClock: java.time.DateTimeException: Missing NTP fix
06-06 13:42:35.206   262   262 I AW_PowerHAL: Power setMode: SUSTAINED_PERFORMANCE to: 0
06-06 13:42:35.209   262   262 I AW_PowerHAL: cur-mode:SCHEDUTIL-Home
06-06 13:42:35.216   475   605 W BestClock: java.time.DateTimeException: Missing NTP fix
06-06 13:42:35.220   657   657 E WifiHAL : wifi_get_link_stats: requestResponse Error:-5
06-06 13:42:35.223   475   607 E WifiVendorHal: getWifiLinkLayerStats_1_5_Internal(l.1191) failed {.code = ERROR_INVALID_ARGS, .description = }
06-06 13:42:35.261   475   614 D ConnectivityService: [100 WIFI] EVENT_NETWORK_INFO_CHANGED, going from CONNECTING to CONNECTING
06-06 13:42:35.264   657   657 E WifiHAL : wifi_get_link_stats: requestResponse Error:-5
06-06 13:42:35.266   475   498 D CompatibilityChangeReporter: Compat change id reported: 171306433; UID 1073; state: ENABLED
06-06 13:42:35.267   475   607 E WifiVendorHal: getWifiLinkLayerStats_1_5_Internal(l.1191) failed {.code = ERROR_INVALID_ARGS, .description = }
06-06 13:42:35.267  1043  1424 I MediaProvider: Scanned internal due to REASON_MOUNTED, found 5 items in 952ms, 0 inserts 0 updates 0 deletes
06-06 13:42:35.313  1710  1710 D nativeloader: classloader namespace configured for unbundled product apk. library_path=/product/priv-app/OneTimeInitializer/lib/arm:/product/lib:/system/product/lib
06-06 13:42:35.322   475   519 W IorapForwardingService: No service published for: iorapd
06-06 13:42:35.326   475   607 D WifiService: updateInterfaceIpState: ifaceName=wlan0 mode=-1 previous LOHS mode= -1
06-06 13:42:35.326   475   614 D ConnectivityService: NetReassign [no changes]
06-06 13:42:35.337   475   614 D ConnectivityService: NetReassign [no changes]
06-06 13:42:35.352   475   607 E WifiVendorHal: configureNeighborDiscoveryOffload(l.2704) failed {.code = ERROR_INVALID_ARGS, .description = }
06-06 13:42:35.377  1710  1710 V GraphicsEnvironment: ANGLE Developer option for 'com.android.onetimeinitializer' set to: 'default'
06-06 13:42:35.377  1710  1710 V GraphicsEnvironment: Neither updatable production driver nor prerelease driver is supported.
06-06 13:42:35.379  1710  1710 D NetworkSecurityConfig: No Network Security Config specified, using platform default
06-06 13:42:35.380  1710  1710 D NetworkSecurityConfig: No Network Security Config specified, using platform default
06-06 13:42:35.386  1710  1710 V OneTimeInitializerReceiver: OneTimeInitializerReceiver.onReceive
06-06 13:42:35.392   475   614 D ConnectivityService: Adding iface wlan0 to network 100
06-06 13:42:35.393   242   290 E Netd    : no such netId 100
06-06 13:42:35.396   475   614 W ConnectivityService: Exception adding interface: android.os.ServiceSpecificException: Machine is not on the network (code 64)
06-06 13:42:35.398   242   290 E Netd    : no such netId 100
06-06 13:42:35.412  1043  1424 W ModernMediaScanner: Failed to visit /oem/media: java.nio.file.NoSuchFileException: /oem/media
06-06 13:42:35.429  1043  1424 I MediaProvider: Scanned internal due to REASON_MOUNTED, found 0 items in 18ms, 0 inserts 0 updates 0 deletes
01-01 08:00:26.830  1783  1783 W audit   : audit_lost=138 audit_rate_limit=5 audit_backlog_limit=64
01-01 08:00:26.830  1783  1783 E audit   : rate limit exceeded
06-06 13:42:35.438   475   614 W BestClock: java.time.DateTimeException: Missing NTP fix
06-06 13:42:35.442   475  1353 I ActivityManager: com.android.packageinstaller is exempt from freezer
06-06 13:42:35.443   475  1353 D CompatibilityChangeReporter: Compat change id reported: 135634846; UID 1000; state: DISABLED
06-06 13:42:35.459   243   243 D Zygote  : Forked child process 1784
06-06 13:42:35.470  1784  1784 I Zygote  : seccomp disabled by setenforce 0
06-06 13:42:35.493  1100  1671 D hq      : NetWorkStateReceiver:::检查网络，并且持续更新 isConnect=false
06-06 13:42:35.525  1142  1142 D aaa     : LedStatusService onStartCommand begin
06-06 13:42:35.533  1142  1794 D aaa     : topPkg is -------------- :com.dangbei.leard.leradlauncher
06-06 13:42:35.534  1200  1200 D bbb     : onStartCommand begin !!!!!!! data分区剩余 24968MB
06-06 13:42:35.548   396   407 I adbd    : jdwp connection from 1784
06-06 13:42:35.550   475   539 W ActivityManager: Slow operation: 109ms so far, now at startProcess: done updating battery stats
06-06 13:42:35.550   475   539 W ActivityManager: Slow operation: 109ms so far, now at startProcess: building log message
06-06 13:42:35.550   475   539 I ActivityManager: app.processName = com.android.packageinstaller
06-06 13:42:35.550   475   539 I ActivityManager: Start proc 1784:com.android.packageinstaller/1000 for broadcast {com.android.packageinstaller/com.android.packageinstaller.TemporaryFileManager}
06-06 13:42:35.550   475   539 W ActivityManager: Slow operation: 110ms so far, now at startProcess: starting to update pids map
06-06 13:42:35.553   475   499 D CompatibilityChangeReporter: Compat change id reported: 171306433; UID 1000; state: ENABLED
06-06 13:42:35.558   475   539 W ActivityManager: Slow operation: 118ms so far, now at startProcess: done updating pids map
06-06 13:42:35.587   475   614 W BestClock: java.time.DateTimeException: Missing NTP fix
06-06 13:42:35.606   657   657 E WifiHAL : wifi_get_link_stats: requestResponse Error:-5
06-06 13:42:35.608   475   605 W BestClock: java.time.DateTimeException: Missing NTP fix
06-06 13:42:35.611   475   605 W BestClock: java.time.DateTimeException: Missing NTP fix
06-06 13:42:35.614   475   607 E WifiVendorHal: getWifiLinkLayerStats_1_5_Internal(l.1191) failed {.code = ERROR_INVALID_ARGS, .description = }
06-06 13:42:35.648  1807  1807 I pm      : type=1400 audit(0.0:555): avc: denied { write search } for name="tmp" dev="mmcblk0p25" ino=86 scontext=u:r:preinstall:s0 tcontext=u:object_r:shell_data_file:s0 tclass=dir permissive=1
06-06 13:42:35.648  1807  1807 I pm      : type=1400 audit(0.0:556): avc: denied { getattr } for path="/data/local/tmp" dev="mmcblk0p25" ino=86 scontext=u:r:preinstall:s0 tcontext=u:object_r:shell_data_file:s0 tclass=dir permissive=1
06-06 13:42:35.680   475   499 D CompatibilityChangeReporter: Compat change id reported: 168419799; UID 1000; state: DISABLED
06-06 13:42:35.696  1784  1784 D CompatibilityChangeReporter: Compat change id reported: 171979766; UID 1000; state: ENABLED
06-06 13:42:35.697   789   975 D DhcpClient: l2key: Wd5f986814084ed51 lease address: /192.168.3.31 lease expiry: 1749192155700 current time: 1749188555697
06-06 13:42:35.719   789   975 D DhcpClient: Broadcasting DHCPREQUEST ciaddr=0.0.0.0 request=192.168.3.31 serverid=null
06-06 13:42:35.784   789   975 D DhcpClient: Received packet: b4:2f:03:15:e9:47 ACK: your new IP /192.168.3.31, netmask /255.255.254.0, gateways [/192.168.3.1] DNS servers: /202.96.134.133 /202.96.128.166 , lease time 3600
06-06 13:42:35.792   789   975 D DhcpClient: Confirmed lease: android.net.networkstack.DhcpResults@1766011 DHCP server /192.168.3.1 Vendor info null lease 3600 seconds Servername 
06-06 13:42:35.806  1257  1698 V NFC     : this device does not have NFC support
06-06 13:42:35.830  1359  1359 D RockyReceiver: action: android.net.wifi.STATE_CHANGE
06-06 13:42:35.832   475   499 E ConnectivityService: Exception = android.content.pm.PackageManager$NameNotFoundException: android.net.cts
06-06 13:42:35.839   242   290 E Netd    : no such netId 100
06-06 13:42:35.840   475   614 E ConnectivityService: Exception in networkAddRouteParcel for non-gateway: android.os.ServiceSpecificException: Machine is not on the network (code 64)
06-06 13:42:35.841   242   290 E Netd    : no such netId 100
06-06 13:42:35.842   475   614 E ConnectivityService: Exception in networkAddRouteParcel for gateway: android.os.ServiceSpecificException: Machine is not on the network (code 64)
06-06 13:42:35.853   475   614 W BestClock: java.time.DateTimeException: Missing NTP fix
06-06 13:42:35.874  1359  1359 D RockyReceiver: action: android.net.wifi.STATE_CHANGE
06-06 13:42:35.876   475   498 E ConnectivityService: Exception = android.content.pm.PackageManager$NameNotFoundException: android.net.cts
06-06 13:42:35.889   475   614 W BestClock: java.time.DateTimeException: Missing NTP fix
06-06 13:42:35.893   475   614 D ConnectivityService: Setting DNS servers for network 100 to [/202.96.134.133, /202.96.128.166]
06-06 13:42:35.899   475   605 W BestClock: java.time.DateTimeException: Missing NTP fix
06-06 13:42:35.900   475   605 W BestClock: java.time.DateTimeException: Missing NTP fix
06-06 13:42:35.910  1784  1784 V GraphicsEnvironment: ANGLE Developer option for 'com.android.packageinstaller' set to: 'default'
06-06 13:42:35.912  1784  1784 V GraphicsEnvironment: Neither updatable production driver nor prerelease driver is supported.
06-06 13:42:35.917  1784  1784 D NetworkSecurityConfig: No Network Security Config specified, using platform default
06-06 13:42:35.917  1784  1784 D NetworkSecurityConfig: No Network Security Config specified, using platform default
06-06 13:42:35.924   475   614 W BestClock: java.time.DateTimeException: Missing NTP fix
06-06 13:42:35.934   789   975 D DhcpClient: Scheduling renewal in 1799s
06-06 13:42:35.934   789   975 D DhcpClient: Scheduling rebind in 3149s
06-06 13:42:35.934   789   975 D DhcpClient: Scheduling expiry in 3599s
06-06 13:42:35.954   475   749 D CompatibilityChangeReporter: Compat change id reported: 135634846; UID 10073; state: DISABLED
06-06 13:42:35.954   475   749 D CompatibilityChangeReporter: Compat change id reported: 177438394; UID 10073; state: DISABLED
06-06 13:42:35.955   475   749 D CompatibilityChangeReporter: Compat change id reported: 135772972; UID 10073; state: DISABLED
06-06 13:42:35.955   475   749 D CompatibilityChangeReporter: Compat change id reported: 135754954; UID 10073; state: DISABLED
06-06 13:42:35.957   475   614 W BestClock: java.time.DateTimeException: Missing NTP fix
06-06 13:42:35.962   475   539 D CompatibilityChangeReporter: Compat change id reported: 143937733; UID 10073; state: DISABLED
06-06 13:42:36.032  1848  1848 I cmd     : type=1400 audit(0.0:557): avc: denied { call } for scontext=u:r:preinstall:s0 tcontext=u:r:servicemanager:s0 tclass=binder permissive=1
06-06 13:42:36.040   475   475 I Binder:475_11: type=1400 audit(0.0:558): avc: denied { call } for scontext=u:r:system_server:s0 tcontext=u:r:preinstall:s0 tclass=binder permissive=1
06-06 13:42:35.970   475   605 W BestClock: java.time.DateTimeException: Missing NTP fix
06-06 13:42:35.972   475   614 D ConnectivityService: [100 WIFI] EVENT_NETWORK_INFO_CHANGED, going from CONNECTING to CONNECTED
06-06 13:42:35.983   243   243 D Zygote  : Forked child process 1846
06-06 13:42:35.985   475   539 I ActivityManager: app.processName = com.android.permissioncontroller
06-06 13:42:35.985   475   539 I ActivityManager: Start proc 1846:com.android.permissioncontroller/u0a73 for broadcast {com.android.permissioncontroller/com.android.permissioncontroller.permission.service.LocationAccessCheck$SetupPeriodicBackgroundLocationAccessCheck}
06-06 13:42:35.985   475   605 W BestClock: java.time.DateTimeException: Missing NTP fix
06-06 13:42:35.992   475   614 D DnsManager: sendDnsConfigurationForNetwork(100, [202.96.134.133, 202.96.128.166], [], 1800, 25, 8, 64, 0, 0, , [])
06-06 13:42:35.994  1846  1846 I Zygote  : seccomp disabled by setenforce 0
06-06 13:42:36.046   396   407 I adbd    : jdwp connection from 1846
06-06 13:42:36.060   475   614 W DnsManager: updatePrivateDns(100, PrivateDnsConfig{true:/[]})
06-06 13:42:36.060   475   614 D ConnectivityService: Setting DNS servers for network 100 to [/202.96.134.133, /202.96.128.166]
06-06 13:42:36.076   475   614 D DnsManager: sendDnsConfigurationForNetwork(100, [202.96.134.133, 202.96.128.166], [], 1800, 25, 8, 64, 0, 0, , [202.96.134.133, 202.96.128.166])
06-06 13:42:36.090   242  1868 W resolv  : Validating DnsTlsServer 202.96.128.166 with mark 0xf0064
06-06 13:42:36.091   242  1868 W resolv  : Socket failed to connect: Network is unreachable
06-06 13:42:36.091   242  1868 W resolv  : TCP Handshake failed: 101
06-06 13:42:36.091   242  1868 W resolv  : query failed
06-06 13:42:36.091   242  1868 W resolv  : validateDnsTlsServer returned 0 for 202.96.128.166
06-06 13:42:36.094   242  1868 W resolv  : Validation failed
06-06 13:42:36.095   242  1869 W resolv  : Validating DnsTlsServer 202.96.134.133 with mark 0xf0064
06-06 13:42:36.095   475  1349 D CompatibilityChangeReporter: Compat change id reported: 168419799; UID 10073; state: DISABLED
06-06 13:42:36.096   242  1869 W resolv  : Socket failed to connect: Network is unreachable
06-06 13:42:36.096   242  1869 W resolv  : TCP Handshake failed: 101
06-06 13:42:36.096   242  1869 W resolv  : query failed
06-06 13:42:36.096   242  1869 W resolv  : validateDnsTlsServer returned 0 for 202.96.134.133
06-06 13:42:36.096   242  1869 W resolv  : Validation failed
06-06 13:42:36.114   475  1349 W ActivityManager: Slow operation: 58ms so far, now at attachApplicationLocked: immediately after bindApplication
06-06 13:42:36.114   475  1349 W ActivityManager: Slow operation: 58ms so far, now at attachApplicationLocked: after updateLruProcessLocked
06-06 13:42:36.122   475  1349 W ActivityManager: Slow operation: 65ms so far, now at attachApplicationLocked: after mServices.attachApplicationLocked
06-06 13:42:36.122   475   607 W WifiScoreReport: Cannot start external scoring netId=100 currentNetId=100 currentNetCapabilities=[ Transports: WIFI Capabilities: NOT_METERED&INTERNET&NOT_RESTRICTED&TRUSTED&NOT_VPN&NOT_ROAMING&NOT_CONGESTED&NOT_SUSPENDED&NOT_VCN_MANAGED LinkUpBandwidth>=12000Kbps LinkDnBandwidth>=60000Kbps Specifier: <WifiNetworkAgentSpecifier [WifiConfiguration=, SSID="DZNB", BSSID=58:c7:ac:78:f0:02, band=2, mMatchLocalOnlySpecifiers=false]> TransportInfo: <SSID: "DZNB", BSSID: 58:c7:ac:78:f0:02, MAC: b4:2f:03:15:e9:47, Security type: 2, Supplicant state: COMPLETED, Wi-Fi standard: 5, RSSI: -44, Link speed: 780Mbps, Tx Link speed: 780Mbps, Max Supported Tx Link speed: 866Mbps, Rx Link speed: -1Mbps, Max Supported Rx Link speed: 866Mbps, Frequency: 5260MHz, Net ID: 0, Metered hint: false, score: 60, CarrierMerged: false, SubscriptionId: -1, IsPrimary: 1> SignalStrength: -44 OwnerUid: 10031 AdminUids: [10031] SSID: "DZNB"] sessionId=1008
06-06 13:42:36.137   475  1349 W ActivityManager: Slow operation: 80ms so far, now at attachApplicationLocked: after sendPendingBroadcastsLocked
06-06 13:42:36.136  1874  1874 I pm      : type=1400 audit(0.0:559): avc: denied { write search } for name="tmp" dev="mmcblk0p25" ino=86 scontext=u:r:preinstall:s0 tcontext=u:object_r:shell_data_file:s0 tclass=dir permissive=1
06-06 13:42:36.144  1846  1846 D CompatibilityChangeReporter: Compat change id reported: 171979766; UID 10073; state: DISABLED
06-06 13:42:36.145   475   614 D ConnectivityService: Adding iface wlan0 to network 100
06-06 13:42:36.158   475   614 D ConnectivityService: Setting DNS servers for network 100 to [/202.96.134.133, /202.96.128.166]
06-06 13:42:36.159   475   614 D DnsManager: sendDnsConfigurationForNetwork(100, [202.96.134.133, 202.96.128.166], [], 1800, 25, 8, 64, 0, 0, , [202.96.134.133, 202.96.128.166])
06-06 13:42:36.165   242  1878 W resolv  : Validating DnsTlsServer 202.96.134.133 with mark 0xf0064
06-06 13:42:36.166   242  1877 W resolv  : Validating DnsTlsServer 202.96.128.166 with mark 0xf0064
06-06 13:42:36.172  1846  1846 D ApplicationLoaders: Returning zygote-cached class loader: /system/framework/android.test.base.jar
06-06 13:42:36.196   475   614 W BestClock: java.time.DateTimeException: Missing NTP fix
01-01 08:00:27.591   381   381 W hdr10p_Configure: 284 callbacks suppressed
01-01 08:00:27.591   381   381 I         : DVI mode selected: packets not configured
01-01 08:00:27.591   381   381 W set_vsif_config: 284 callbacks suppressed
01-01 08:00:27.591   381   381 I         : Error: set vsif failed
06-06 13:42:36.252   475   614 W BestClock: java.time.DateTimeException: Missing NTP fix
01-01 08:00:27.625   381   381 I         : DVI mode selected: packets not configured
01-01 08:00:27.625   381   381 I         : Error: set vsif failed
06-06 13:42:36.294   475   605 W BestClock: java.time.DateTimeException: Missing NTP fix
06-06 13:42:36.299   475   605 W BestClock: java.time.DateTimeException: Missing NTP fix
06-06 13:42:36.302   789  1890 D NetworkMonitor/100: Validation disabled.
06-06 13:42:36.307   475   614 D ConnectivityService: NetReassign [28 : null → 100, 10 : null → 100, 3 : null → 100, 17 : null → 100, 19 : null → 100, 1 : null → 100, 21 : null → 100, 23 : null → 100]
01-01 08:00:27.649   381   381 I         : DVI mode selected: packets not configured
01-01 08:00:27.649   381   381 I         : Error: set vsif failed
06-06 13:42:36.321   475   614 D ConnectivityService: Switching to new default network for: uid/pid:1000/475 activeRequest: 1 callbackRequest: 1 [NetworkRequest [ REQUEST id=1, [ Capabilities: INTERNET&NOT_RESTRICTED&TRUSTED&NOT_VPN&NOT_VCN_MANAGED RequestorUid: 1000 RequestorPkg: android] ]] callback flags: 1 priority: 2147483647 using NetworkAgentInfo{network{100}  handle{432902426637}  ni{WIFI CONNECTED extra: } Score(60 ; KeepConnected : 0 ; Policies : TRANSPORT_PRIMARY&IS_UNMETERED)   lp{{InterfaceName: wlan0 LinkAddresses: [ fe80::a6c6:351a:91b2:eb59/64,192.168.3.31/23 ] DnsAddresses: [ /202.96.134.133,/202.96.128.166 ] Domains: null MTU: 0 ServerAddress: /192.168.3.1 TcpBufferSizes: 524288,1048576,2097152,262144,524288,1048576 Routes: [ fe80::/64 -> :: wlan0 mtu 0,192.168.2.0/23 -> 0.0.0.0 wlan0 mtu 0,0.0.0.0/0 -> 192.168.3.1 wlan0 mtu 0 ]}}  nc{[ Transports: WIFI Capabilities: NOT_METERED&INTERNET&NOT_RESTRICTED&TRUSTED&NOT_VPN&NOT_ROAMING&FOREGROUND&NOT_CONGESTED&NOT_SUSPENDED&NOT_VCN_MANAGED LinkUpBandwidth>=12000Kbps LinkDnBandwidth>=60000Kbps Specifier: <WifiNetworkAgentSpecifier [WifiConfiguration=, SSID="DZNB", BSSID=58:c7:ac:78:f0:02, band=2, mMatchLocalOnlySpecifiers=false]> TransportInfo: <SSID: "DZNB", BSSID: 58:c7:ac:78:f0:02, MAC: b4:2f:03:15:e9:47, Security type: 2, Supplicant state: COMPLETED, Wi-Fi standard: 5, RSSI: -44, Link speed: 780Mbps, Tx Link speed: 780Mbps, Max Supported Tx Link speed: 866Mbps, Rx Link speed: -1Mbps, Max Supported Rx Link speed: 866Mbps, Frequency: 5260MHz, Net ID: 0, Metered hint: false, score: 60, CarrierMerged: false, SubscriptionId: -1, IsPrimary: 1> SignalStrength: -44 OwnerUid: 10031 AdminUids: [10031] SSID: "DZNB"]}}
06-06 13:42:36.326   475   519 W IorapForwardingService: No service published for: iorapd
06-06 13:42:36.327   789  1743 W UnsafeUtil: platform method missing - proto runtime falling back to safer methods: java.lang.NoSuchMethodException: sun.misc.Unsafe.copyMemory [class java.lang.Object, long, class java.lang.Object, long, long]
01-01 08:00:27.674   381   381 I         : DVI mode selected: packets not configured
01-01 08:00:27.674   381   381 I         : Error: set vsif failed
06-06 13:42:36.341   475  1349 D WifiMemoryStoreImpl: Set cluster G5be9f4c197098e9e for W5a307cfc0e9d55df: SUCCESS
06-06 13:42:36.356   475   614 W BestClock: java.time.DateTimeException: Missing NTP fix
06-06 13:42:36.378  1846  1846 V GraphicsEnvironment: ANGLE Developer option for 'com.android.permissioncontroller' set to: 'default'
06-06 13:42:36.378  1846  1846 V GraphicsEnvironment: Neither updatable production driver nor prerelease driver is supported.
06-06 13:42:36.385  1846  1846 D NetworkSecurityConfig: No Network Security Config specified, using platform default
06-06 13:42:36.386  1846  1846 D NetworkSecurityConfig: No Network Security Config specified, using platform default
06-06 13:42:36.425   475   614 W BestClock: java.time.DateTimeException: Missing NTP fix
06-06 13:42:36.429   475   605 W BestClock: java.time.DateTimeException: Missing NTP fix
06-06 13:42:36.429   475   605 W BestClock: java.time.DateTimeException: Missing NTP fix
06-06 13:42:36.442   475  1349 D WifiMemoryStoreImpl: Set cluster G5be9f4c197098e9e for Wb9f32e8c82300eff: SUCCESS
06-06 13:42:36.444   475   752 D NetworkTimeUpdateService: New default network 100; checking time.
06-06 13:42:36.452   475   614 D ConnectivityService: Sending CONNECTED broadcast for type 1 [100 WIFI] isDefaultNetwork=true
06-06 13:42:36.454   475   614 W ContextImpl: Calling a method in the system process without a qualified user: android.app.ContextImpl.sendStickyBroadcast:1559 com.android.server.ConnectivityService.sendStickyBroadcast:2884 com.android.server.ConnectivityService.sendGeneralBroadcast:2859 com.android.server.ConnectivityService.sendConnectedBroadcast:2832 com.android.server.ConnectivityService.sendLegacyNetworkBroadcast:8784 
06-06 13:42:36.471  1100  1100 E hq      : NetWorkStateReceiver:::NetWorkStateReceiver onReceive: 网络变化广播 >>>> intent.action=android.net.conn.CONNECTIVITY_CHANGE
06-06 13:42:36.472  1359  1359 D RockyReceiver: action: android.net.conn.CONNECTIVITY_CHANGE
06-06 13:42:36.472   475   605 W BestClock: java.time.DateTimeException: Missing NTP fix
06-06 13:42:36.472   475   749 E ConnectivityService: Exception = android.content.pm.PackageManager$NameNotFoundException: android.net.cts
06-06 13:42:36.474  1142  1142 D aaa     : action:android.net.conn.CONNECTIVITY_CHANGE
01-01 08:00:27.825   381   381 I         : DVI mode selected: packets not configured
01-01 08:00:27.825   381   381 I         : Error: set vsif failed
01-01 08:00:27.852  1901  1901 W audit   : audit_lost=153 audit_rate_limit=5 audit_backlog_limit=64
01-01 08:00:27.852  1901  1901 E audit   : rate limit exceeded
06-06 13:42:36.478  1359  1359 I Receiver: 网络连接成功 
06-06 13:42:36.479   475   605 W BestClock: java.time.DateTimeException: Missing NTP fix
06-06 13:42:36.481   789   910 D UpstreamNetworkMonitor: New default Internet network: 100
06-06 13:42:36.484   475   605 W BestClock: java.time.DateTimeException: Missing NTP fix
06-06 13:42:36.486  1100  1100 E hq      : NetWorkStateReceiver:::Network is available. isConnect=false 是否频次过快=false t=1749188556485
06-06 13:42:36.486  1100  1100 W eventbuscore: post Event:com.dangbei.leard.base.entity.event.NetStateEvent
06-06 13:42:36.494  1100  1100 W eventbuscore: post Event:com.dangbei.leard.base.entity.event.NetChangeEvent
06-06 13:42:36.495  1846  1846 I CarUiInstaller: CarUiInstaller started for com.android.permissioncontroller
06-06 13:42:36.501  1100  1678 E DangXiaoBeiManager: setMessageList: true
06-06 13:42:36.509  1100  1678 E hq      : 当小贝:::message list add complete data.messageList:[] 
06-06 13:42:36.509  1100  1678 E hq      :  data.tabList=[]
06-06 13:42:36.518  1257  1673 W efs.info.manager: network change: wifi
06-06 13:42:36.521  1100  1226 D yc_test : refreshWeather: null
06-06 13:42:36.531  1047  1047 D LanSocketServer: connect
06-06 13:42:36.539   475   614 W ContextImpl: Calling a method in the system process without a qualified user: android.app.ContextImpl.sendStickyBroadcast:1559 com.android.server.ConnectivityService.sendStickyBroadcast:2884 com.android.server.ConnectivityService.sendGeneralBroadcast:2859 com.android.server.ConnectivityService.sendConnectedBroadcast:2832 com.android.server.ConnectivityService.sendLegacyNetworkBroadcast:8784 
06-06 13:42:36.548  1142  1142 D aaa     : action:android.net.conn.CONNECTIVITY_CHANGE
06-06 13:42:36.562  1100  1678 I hq      : 当小贝:::showMessage from=net_change
06-06 13:42:36.562  1359  1359 D RockyReceiver: action: android.net.conn.CONNECTIVITY_CHANGE
06-06 13:42:36.563   475   810 E ConnectivityService: Exception = android.content.pm.PackageManager$NameNotFoundException: android.net.cts
06-06 13:42:36.573   475   605 W BestClock: java.time.DateTimeException: Missing NTP fix
06-06 13:42:36.574   475   605 W BestClock: java.time.DateTimeException: Missing NTP fix
06-06 13:42:36.574  1100  1678 I hq      : 当小贝:::showMessage 没有消息需要显示
