06-06 13:42:30.640   664   664 E a2dp_vendor_ldac_decoder: system/bt/stack/a2dp/a2dp_vendor_ldac_decoder.cc:134 A2DP_VendorLoadDecoderLdac: A2DP_VendorLoadDecoderLdac: cannot open LDAC decoder library libldacBT_bco.so: dlopen failed: library "libldacBT_bco.so" not found
06-06 13:42:30.641   664   664 E a2dp_vendor_ldac: system/bt/stack/a2dp/a2dp_vendor_ldac.cc:1418 init: init: cannot load the decoder
06-06 13:42:30.641   664   664 I a2dp_codec: system/bt/stack/a2dp/a2dp_codec_config.cc:658 init: init: initialized Source codec LDAC
06-06 13:42:30.641   664   664 I a2dp_codec: system/bt/stack/a2dp/a2dp_codec_config.cc:658 init: init: initialized Source codec AAC
06-06 13:42:30.641   664   664 I a2dp_codec: system/bt/stack/a2dp/a2dp_codec_config.cc:658 init: init: initialized Source codec SBC
06-06 13:42:30.641   664   664 I a2dp_codec: system/bt/stack/a2dp/a2dp_codec_config.cc:665 init: init: initialized Sink codec AAC SINK
06-06 13:42:30.641   664   664 I a2dp_codec: system/bt/stack/a2dp/a2dp_codec_config.cc:665 init: init: initialized Sink codec SBC SINK
06-06 13:42:30.641   664   664 I a2dp_codec: system/bt/stack/a2dp/a2dp_codec_config.cc:569 init: init
06-06 13:42:30.641   664   664 I a2dp_codec: system/bt/stack/a2dp/a2dp_codec_config.cc:113 createCodec: createCodec: codec SBC
06-06 13:42:30.641   664   664 I a2dp_codec: system/bt/stack/a2dp/a2dp_codec_config.cc:633 init: init: updated SBC codec priority to 1001
06-06 13:42:30.641   664   664 I a2dp_codec: system/bt/stack/a2dp/a2dp_codec_config.cc:113 createCodec: createCodec: codec AAC
06-06 13:42:30.641   664   664 I a2dp_codec: system/bt/stack/a2dp/a2dp_codec_config.cc:633 init: init: updated AAC codec priority to 2001
06-06 13:42:30.641   664   664 I a2dp_codec: system/bt/stack/a2dp/a2dp_codec_config.cc:113 createCodec: createCodec: codec aptX
06-06 13:42:30.643   664   664 E a2dp_vendor_aptx_encoder: system/bt/stack/a2dp/a2dp_vendor_aptx_encoder.cc:123 A2DP_VendorLoadEncoderAptx: A2DP_VendorLoadEncoderAptx: cannot open aptX encoder library libaptX_encoder.so: dlopen failed: library "libaptX_encoder.so" not found
06-06 13:42:30.643   664   664 E a2dp_vendor_aptx: system/bt/stack/a2dp/a2dp_vendor_aptx.cc:465 init: init: cannot load the encoder
06-06 13:42:30.643   664   664 I a2dp_codec: system/bt/stack/a2dp/a2dp_codec_config.cc:113 createCodec: createCodec: codec aptX-HD
06-06 13:42:30.645   664   664 E a2dp_vendor_aptx_hd_encoder: system/bt/stack/a2dp/a2dp_vendor_aptx_hd_encoder.cc:123 A2DP_VendorLoadEncoderAptxHd: A2DP_VendorLoadEncoderAptxHd: cannot open aptX-HD encoder library libaptXHD_encoder.so: dlopen failed: library "libaptXHD_encoder.so" not found
06-06 13:42:30.645   664   664 E a2dp_vendor_aptx_hd: system/bt/stack/a2dp/a2dp_vendor_aptx_hd.cc:483 init: init: cannot load the encoder
06-06 13:42:30.645   664   664 I a2dp_codec: system/bt/stack/a2dp/a2dp_codec_config.cc:113 createCodec: createCodec: codec LDAC
06-06 13:42:30.645   664   664 I a2dp_codec: system/bt/stack/a2dp/a2dp_codec_config.cc:633 init: init: updated LDAC codec priority to 5001
06-06 13:42:30.645   664   664 I a2dp_codec: system/bt/stack/a2dp/a2dp_codec_config.cc:113 createCodec: createCodec: codec SBC SINK
06-06 13:42:30.645   664   664 I a2dp_codec: system/bt/stack/a2dp/a2dp_codec_config.cc:113 createCodec: createCodec: codec AAC SINK
06-06 13:42:30.645   664   664 I a2dp_codec: system/bt/stack/a2dp/a2dp_codec_config.cc:113 createCodec: createCodec: codec LDAC SINK
06-06 13:42:30.646   664   664 E a2dp_vendor_ldac_decoder: system/bt/stack/a2dp/a2dp_vendor_ldac_decoder.cc:134 A2DP_VendorLoadDecoderLdac: A2DP_VendorLoadDecoderLdac: cannot open LDAC decoder library libldacBT_bco.so: dlopen failed: library "libldacBT_bco.so" not found
06-06 13:42:30.646   664   664 E a2dp_vendor_ldac: system/bt/stack/a2dp/a2dp_vendor_ldac.cc:1418 init: init: cannot load the decoder
06-06 13:42:30.646   664   664 I a2dp_codec: system/bt/stack/a2dp/a2dp_codec_config.cc:658 init: init: initialized Source codec LDAC
06-06 13:42:30.646   664   664 I a2dp_codec: system/bt/stack/a2dp/a2dp_codec_config.cc:658 init: init: initialized Source codec AAC
06-06 13:42:30.646   664   664 I a2dp_codec: system/bt/stack/a2dp/a2dp_codec_config.cc:658 init: init: initialized Source codec SBC
06-06 13:42:30.646   664   664 I a2dp_codec: system/bt/stack/a2dp/a2dp_codec_config.cc:665 init: init: initialized Sink codec AAC SINK
06-06 13:42:30.646   664   664 I a2dp_codec: system/bt/stack/a2dp/a2dp_codec_config.cc:665 init: init: initialized Sink codec SBC SINK
06-06 13:42:30.646   664   664 I a2dp_codec: system/bt/stack/a2dp/a2dp_codec_config.cc:569 init: init
06-06 13:42:30.646   664   664 I a2dp_codec: system/bt/stack/a2dp/a2dp_codec_config.cc:113 createCodec: createCodec: codec SBC
06-06 13:42:30.646   664   664 I a2dp_codec: system/bt/stack/a2dp/a2dp_codec_config.cc:633 init: init: updated SBC codec priority to 1001
06-06 13:42:30.647   664   664 I a2dp_codec: system/bt/stack/a2dp/a2dp_codec_config.cc:113 createCodec: createCodec: codec AAC
06-06 13:42:30.648   664   664 I a2dp_codec: system/bt/stack/a2dp/a2dp_codec_config.cc:633 init: init: updated AAC codec priority to 2001
06-06 13:42:30.648   664   664 I a2dp_codec: system/bt/stack/a2dp/a2dp_codec_config.cc:113 createCodec: createCodec: codec aptX
06-06 13:42:30.650   664   664 E a2dp_vendor_aptx_encoder: system/bt/stack/a2dp/a2dp_vendor_aptx_encoder.cc:123 A2DP_VendorLoadEncoderAptx: A2DP_VendorLoadEncoderAptx: cannot open aptX encoder library libaptX_encoder.so: dlopen failed: library "libaptX_encoder.so" not found
06-06 13:42:30.651   664   664 E a2dp_vendor_aptx: system/bt/stack/a2dp/a2dp_vendor_aptx.cc:465 init: init: cannot load the encoder
06-06 13:42:30.651   664   664 I a2dp_codec: system/bt/stack/a2dp/a2dp_codec_config.cc:113 createCodec: createCodec: codec aptX-HD
06-06 13:42:30.653   664   664 E a2dp_vendor_aptx_hd_encoder: system/bt/stack/a2dp/a2dp_vendor_aptx_hd_encoder.cc:123 A2DP_VendorLoadEncoderAptxHd: A2DP_VendorLoadEncoderAptxHd: cannot open aptX-HD encoder library libaptXHD_encoder.so: dlopen failed: library "libaptXHD_encoder.so" not found
06-06 13:42:30.653   664   664 E a2dp_vendor_aptx_hd: system/bt/stack/a2dp/a2dp_vendor_aptx_hd.cc:483 init: init: cannot load the encoder
06-06 13:42:30.653   664   664 I a2dp_codec: system/bt/stack/a2dp/a2dp_codec_config.cc:113 createCodec: createCodec: codec LDAC
06-06 13:42:30.653   664   664 I a2dp_codec: system/bt/stack/a2dp/a2dp_codec_config.cc:633 init: init: updated LDAC codec priority to 5001
06-06 13:42:30.653   664   664 I a2dp_codec: system/bt/stack/a2dp/a2dp_codec_config.cc:113 createCodec: createCodec: codec SBC SINK
06-06 13:42:30.653   664   664 I a2dp_codec: system/bt/stack/a2dp/a2dp_codec_config.cc:113 createCodec: createCodec: codec AAC SINK
06-06 13:42:30.653   664   664 I a2dp_codec: system/bt/stack/a2dp/a2dp_codec_config.cc:113 createCodec: createCodec: codec LDAC SINK
06-06 13:42:30.655   664   664 E a2dp_vendor_ldac_decoder: system/bt/stack/a2dp/a2dp_vendor_ldac_decoder.cc:134 A2DP_VendorLoadDecoderLdac: A2DP_VendorLoadDecoderLdac: cannot open LDAC decoder library libldacBT_bco.so: dlopen failed: library "libldacBT_bco.so" not found
06-06 13:42:30.655   664   664 E a2dp_vendor_ldac: system/bt/stack/a2dp/a2dp_vendor_ldac.cc:1418 init: init: cannot load the decoder
06-06 13:42:30.655   664   664 I a2dp_codec: system/bt/stack/a2dp/a2dp_codec_config.cc:658 init: init: initialized Source codec LDAC
06-06 13:42:30.655   664   664 I a2dp_codec: system/bt/stack/a2dp/a2dp_codec_config.cc:658 init: init: initialized Source codec AAC
06-06 13:42:30.655   664   664 I a2dp_codec: system/bt/stack/a2dp/a2dp_codec_config.cc:658 init: init: initialized Source codec SBC
06-06 13:42:30.655   664   664 I a2dp_codec: system/bt/stack/a2dp/a2dp_codec_config.cc:665 init: init: initialized Sink codec AAC SINK
06-06 13:42:30.655   664   664 I a2dp_codec: system/bt/stack/a2dp/a2dp_codec_config.cc:665 init: init: initialized Sink codec SBC SINK
06-06 13:42:30.655   664   664 I a2dp_codec: system/bt/stack/a2dp/a2dp_codec_config.cc:569 init: init
06-06 13:42:30.655   664   664 I a2dp_codec: system/bt/stack/a2dp/a2dp_codec_config.cc:113 createCodec: createCodec: codec SBC
06-06 13:42:30.655   664   664 I a2dp_codec: system/bt/stack/a2dp/a2dp_codec_config.cc:633 init: init: updated SBC codec priority to 1001
06-06 13:42:30.655   664   664 I a2dp_codec: system/bt/stack/a2dp/a2dp_codec_config.cc:113 createCodec: createCodec: codec AAC
06-06 13:42:30.655   664   664 I a2dp_codec: system/bt/stack/a2dp/a2dp_codec_config.cc:633 init: init: updated AAC codec priority to 2001
06-06 13:42:30.655   664   664 I a2dp_codec: system/bt/stack/a2dp/a2dp_codec_config.cc:113 createCodec: createCodec: codec aptX
06-06 13:42:30.656   664   664 E a2dp_vendor_aptx_encoder: system/bt/stack/a2dp/a2dp_vendor_aptx_encoder.cc:123 A2DP_VendorLoadEncoderAptx: A2DP_VendorLoadEncoderAptx: cannot open aptX encoder library libaptX_encoder.so: dlopen failed: library "libaptX_encoder.so" not found
06-06 13:42:30.656   664   664 E a2dp_vendor_aptx: system/bt/stack/a2dp/a2dp_vendor_aptx.cc:465 init: init: cannot load the encoder
06-06 13:42:30.656   664   664 I a2dp_codec: system/bt/stack/a2dp/a2dp_codec_config.cc:113 createCodec: createCodec: codec aptX-HD
06-06 13:42:30.657   664   664 E a2dp_vendor_aptx_hd_encoder: system/bt/stack/a2dp/a2dp_vendor_aptx_hd_encoder.cc:123 A2DP_VendorLoadEncoderAptxHd: A2DP_VendorLoadEncoderAptxHd: cannot open aptX-HD encoder library libaptXHD_encoder.so: dlopen failed: library "libaptXHD_encoder.so" not found
06-06 13:42:30.657   664   664 E a2dp_vendor_aptx_hd: system/bt/stack/a2dp/a2dp_vendor_aptx_hd.cc:483 init: init: cannot load the encoder
06-06 13:42:30.658   664   664 I a2dp_codec: system/bt/stack/a2dp/a2dp_codec_config.cc:113 createCodec: createCodec: codec LDAC
06-06 13:42:30.658   664   664 I a2dp_codec: system/bt/stack/a2dp/a2dp_codec_config.cc:633 init: init: updated LDAC codec priority to 5001
06-06 13:42:30.658   664   664 I a2dp_codec: system/bt/stack/a2dp/a2dp_codec_config.cc:113 createCodec: createCodec: codec SBC SINK
06-06 13:42:30.658   664   664 I a2dp_codec: system/bt/stack/a2dp/a2dp_codec_config.cc:113 createCodec: createCodec: codec AAC SINK
06-06 13:42:30.658   664   664 I a2dp_codec: system/bt/stack/a2dp/a2dp_codec_config.cc:113 createCodec: createCodec: codec LDAC SINK
06-06 13:42:30.659   664   664 E a2dp_vendor_ldac_decoder: system/bt/stack/a2dp/a2dp_vendor_ldac_decoder.cc:134 A2DP_VendorLoadDecoderLdac: A2DP_VendorLoadDecoderLdac: cannot open LDAC decoder library libldacBT_bco.so: dlopen failed: library "libldacBT_bco.so" not found
06-06 13:42:30.659   664   664 E a2dp_vendor_ldac: system/bt/stack/a2dp/a2dp_vendor_ldac.cc:1418 init: init: cannot load the decoder
06-06 13:42:30.659   664   664 I a2dp_codec: system/bt/stack/a2dp/a2dp_codec_config.cc:658 init: init: initialized Source codec LDAC
06-06 13:42:30.659   664   664 I a2dp_codec: system/bt/stack/a2dp/a2dp_codec_config.cc:658 init: init: initialized Source codec AAC
06-06 13:42:30.659   664   664 I a2dp_codec: system/bt/stack/a2dp/a2dp_codec_config.cc:658 init: init: initialized Source codec SBC
06-06 13:42:30.659   664   664 I a2dp_codec: system/bt/stack/a2dp/a2dp_codec_config.cc:665 init: init: initialized Sink codec AAC SINK
06-06 13:42:30.659   664   664 I a2dp_codec: system/bt/stack/a2dp/a2dp_codec_config.cc:665 init: init: initialized Sink codec SBC SINK
06-06 13:42:30.659   664   664 I bt_btif_a2dp_source: system/bt/btif/src/btif_a2dp_source.cc:325 btif_a2dp_source_init: btif_a2dp_source_init
06-06 13:42:30.660   664  1205 I bt_stack: [INFO:message_loop_thread.cc(224)] Run: message loop starting for thread bt_a2dp_source_worker_thread
06-06 13:42:30.661   664   664 I bt_btif_storage: system/bt/btif/src/btif_storage.cc:661 btif_storage_get_adapter_property: btif_storage_get_adapter_property service_mask:0x20000048
06-06 13:42:30.661   664   999 I bt_bta_av: system/bt/bta/av/bta_av_main.cc:418 bta_av_api_register: bta_av_api_register: AVRCP version used for sdp: "avrcp15"
06-06 13:42:30.661   664   999 I bt_l2cap: system/bt/stack/l2cap/l2c_api.cc:134 L2CA_Register: L2CAP Registered service classic PSM: 0x0019
06-06 13:42:30.661   664   999 I bt_l2cap: system/bt/stack/l2cap/l2c_api.cc:134 L2CA_Register: L2CAP Registered service classic PSM: 0x0017
06-06 13:42:30.661   664   999 I bt_l2cap: system/bt/stack/l2cap/l2c_api.cc:134 L2CA_Register: L2CAP Registered service classic PSM: 0x001b
06-06 13:42:30.661   664   999 I bt_bta_dm: system/bt/bta/dm/bta_dm_act.cc:3191 bta_dm_eir_update_uuid: EIR Adding UUID=0x110A into extended inquiry response
06-06 13:42:30.661   664   999 I bt_bta_dm: system/bt/bta/dm/bta_dm_act.cc:2890 bta_dm_set_eir: Generating extended inquiry response packet EIR
06-06 13:42:30.661   664   664 D A2dpService: A2DP offload flag set to false
06-06 13:42:30.661   664   999 I bt_bta_av: system/bt/bta/av/bta_av_act.cc:304 bta_av_rc_create: Skipping RC creation for the old AVRCP profile
06-06 13:42:30.661   664   999 I bt_bta_dm: system/bt/bta/dm/bta_dm_act.cc:3191 bta_dm_eir_update_uuid: EIR Adding UUID=0x110E into extended inquiry response
06-06 13:42:30.661   664   999 I bt_bta_dm: system/bt/bta/dm/bta_dm_act.cc:2890 bta_dm_set_eir: Generating extended inquiry response packet EIR
06-06 13:42:30.661   664   999 I bt_bta_av: system/bt/bta/av/bta_av_main.cc:418 bta_av_api_register: bta_av_api_register: AVRCP version used for sdp: "avrcp15"
06-06 13:42:30.661   664   999 I bt_bta_av: system/bt/bta/av/bta_av_main.cc:418 bta_av_api_register: bta_av_api_register: AVRCP version used for sdp: "avrcp15"
06-06 13:42:30.661   664   999 I bt_bta_av: system/bt/bta/av/bta_av_main.cc:418 bta_av_api_register: bta_av_api_register: AVRCP version used for sdp: "avrcp15"
06-06 13:42:30.661   664   999 I bt_bta_av: system/bt/bta/av/bta_av_main.cc:418 bta_av_api_register: bta_av_api_register: AVRCP version used for sdp: "avrcp15"
06-06 13:42:30.661   664   999 I bt_bta_av: system/bt/bta/av/bta_av_main.cc:418 bta_av_api_register: bta_av_api_register: AVRCP version used for sdp: "avrcp15"
06-06 13:42:30.662   664  1205 I bt_btif_a2dp_source: system/bt/btif/src/btif_a2dp_source.cc:335 btif_a2dp_source_init_delayed: btif_a2dp_source_init_delayed
06-06 13:42:30.672   664   664 D A2dpService: setA2dpService(): set to: com.android.bluetooth.a2dp.A2dpService@f490a8c
06-06 13:42:30.675   664   664 I BluetoothHidHostServiceJni: classInitNative: succeeds
06-06 13:42:30.678   396   407 I adbd    : jdwp connection from 1200
06-06 13:42:30.681   664   664 I bt_btif : system/bt/btif/src/bluetooth.cc:417 get_profile_interface: get_profile_interface: id = hidhost
06-06 13:42:30.681   664   664 I bt_btif_storage: system/bt/btif/src/btif_storage.cc:661 btif_storage_get_adapter_property: btif_storage_get_adapter_property service_mask:0x20100048
06-06 13:42:30.681   664   999 I bt_l2cap: system/bt/stack/l2cap/l2c_api.cc:134 L2CA_Register: L2CAP Registered service classic PSM: 0x0011
06-06 13:42:30.681   664   999 I bt_l2cap: system/bt/stack/l2cap/l2c_api.cc:134 L2CA_Register: L2CAP Registered service classic PSM: 0x0013
06-06 13:42:30.681   664   999 I bluetooth: system/bt/stack/gatt/gatt_api.cc:1019 GATT_Register: Allocated name:GattClient uuid:1b7aa168-c994-fd86-e34c-3624da49c197 gatt_if:4 eatt_support:0
06-06 13:42:30.684   664   664 I BluetoothPanServiceJni: classInitNative(L110): succeeds
06-06 13:42:30.691   664   664 D BluetoothPanServiceJni: initializeNative(L115): pan
06-06 13:42:30.691   664   664 I bt_btif : system/bt/btif/src/bluetooth.cc:417 get_profile_interface: get_profile_interface: id = pan
06-06 13:42:30.691   664   999 I bt_l2cap: system/bt/stack/l2cap/l2c_api.cc:134 L2CA_Register: L2CAP Registered service classic PSM: 0x000f
06-06 13:42:30.691   664   999 I bt_bta_dm: system/bt/bta/dm/bta_dm_act.cc:3191 bta_dm_eir_update_uuid: EIR Adding UUID=0x1116 into extended inquiry response
06-06 13:42:30.691   664   999 I bt_bta_dm: system/bt/bta/dm/bta_dm_act.cc:2890 bta_dm_set_eir: Generating extended inquiry response packet EIR
06-06 13:42:30.692   664   999 I bt_bta_dm: system/bt/bta/dm/bta_dm_act.cc:3191 bta_dm_eir_update_uuid: EIR Adding UUID=0x1115 into extended inquiry response
06-06 13:42:30.692   664   999 I bt_bta_dm: system/bt/bta/dm/bta_dm_act.cc:2890 bta_dm_set_eir: Generating extended inquiry response packet EIR
06-06 13:42:30.692   664   999 I bt_bta_dm: system/bt/bta/dm/bta_dm_act.cc:3191 bta_dm_eir_update_uuid: EIR Adding UUID=0x1116 into extended inquiry response
06-06 13:42:30.692   664   999 I bt_bta_dm: system/bt/bta/dm/bta_dm_act.cc:2890 bta_dm_set_eir: Generating extended inquiry response packet EIR
06-06 13:42:30.692   664   999 I bt_bta_dm: system/bt/bta/dm/bta_dm_act.cc:3191 bta_dm_eir_update_uuid: EIR Adding UUID=0x1115 into extended inquiry response
06-06 13:42:30.692   664   999 I bt_bta_dm: system/bt/bta/dm/bta_dm_act.cc:2890 bta_dm_set_eir: Generating extended inquiry response packet EIR
06-06 13:42:30.692   664   873 D BluetoothPanServiceJni: control_state_callback(L62): state:0, local_role:3, ifname:bt-pan
06-06 13:42:30.749   475   499 D CompatibilityChangeReporter: Compat change id reported: 168419799; UID 1000; state: DISABLED
06-06 13:42:30.775   664   664 I AvrcpTargetService: User unlocked, initializing the service
06-06 13:42:30.776   664   664 I AvrcpTargetService: Starting the AVRCP Target Service
06-06 13:42:30.782   664   664 V MediaPlayerList: Creating MediaPlayerList
06-06 13:42:30.785  1100  1100 I FrameWorkHelper: userHttps: 
06-06 13:42:30.794   475   749 D MediaSessionService: The MediaKeyEventSessionChangedListener (android.os.BinderProxy@f5c26e4) is added by com.android.bluetooth
06-06 13:42:30.794   664   664 I AvrcpTargetJni: classInitNative: AvrcpTargetJni initialized!
06-06 13:42:30.795   664   664 D AvrcpNativeInterface: Init AvrcpNativeInterface
06-06 13:42:30.795   664   664 D AvrcpTargetJni: initNative
06-06 13:42:30.795   664   999 I bt_stack: [INFO:avrcp_service.cc(287)] AVRCP Target Service started
06-06 13:42:30.795   664   999 I bt_bta_dm: system/bt/bta/dm/bta_dm_act.cc:3191 bta_dm_eir_update_uuid: EIR Adding UUID=0x110C into extended inquiry response
06-06 13:42:30.795   664   999 I bt_bta_dm: system/bt/bta/dm/bta_dm_act.cc:2890 bta_dm_set_eir: Generating extended inquiry response packet EIR
06-06 13:42:30.795   664   999 I bt_stack: [INFO:connection_handler.cc(197)] Connect to device ff:ff:ff:ff:ff:ff
06-06 13:42:30.795   664   999 I bt_stack: [INFO:connection_handler.cc(219)] virtual bool bluetooth::avrcp::ConnectionHandler::AvrcpConnect(bool, const RawAddress &): handle=0000 status= 000000
06-06 13:42:30.806   664   664 V MediaPlayerList: Initializing MediaPlayerList
06-06 13:42:30.811   664   664 I AvrcpBrowsedPlayerWrapper: Wrapping Media Browser com.android.music
06-06 13:42:30.812   664   664 E AvrcpTargetService: Please use AVRCP version 1.6 to enable cover art
06-06 13:42:30.827   664   664 V BluetoothHidDeviceServiceJni: classInitNative: done
06-06 13:42:30.827   664   664 V BluetoothHidDeviceServiceJni: initNative enter
06-06 13:42:30.827   664   664 I bt_btif : system/bt/btif/src/bluetooth.cc:417 get_profile_interface: get_profile_interface: id = hiddev
06-06 13:42:30.827   664   664 I bt_btif_storage: system/bt/btif/src/btif_storage.cc:661 btif_storage_get_adapter_property: btif_storage_get_adapter_property service_mask:0x60100048
06-06 13:42:30.828   664   664 V BluetoothHidDeviceServiceJni: initNative done
06-06 13:42:30.843   664   664 D BtOppService: setBluetoothOppService(): set to: com.android.bluetooth.opp.BluetoothOppService@2694043
06-06 13:42:30.843  1047  1047 E ccc     : cccccc ota-path is cache/recovery/
06-06 13:42:30.848   475   499 W StorageManagerService: Reporting emulated;0 unmounted due to system locked
06-06 13:42:30.849  1200  1200 D CompatibilityChangeReporter: Compat change id reported: 171979766; UID 1000; state: ENABLED
06-06 13:42:30.850   664   664 I BluetoothPbapService: setCurrentUser(0)
06-06 13:42:30.850   664   664 I BluetoothPbapService: setUserUnlocked(0)
06-06 13:42:30.850   664   664 I BluetoothPbapService: setUserUnlocked(0)
06-06 13:42:30.861  1047  1047 W ContextImpl: Calling a method in the system process without a qualified user: android.app.ContextImpl.startService:1816 android.content.ContextWrapper.startService:774 com.dangbei.lerad.etna.core.EtnaManager.startService:64 com.dangbei.lerad.etna.core.EtnaManager.init:39 com.dangbei.lerad.etna.haqu.EtnaApplication.init:87 
06-06 13:42:30.863   664   664 D BluetoothPbapService: setBluetoothPbapService(): set to: com.android.bluetooth.pbap.BluetoothPbapService@7e4ddd8
06-06 13:42:30.864   664   664 D AvrcpVolumeManager: onAudioDevicesAdded: Not expecting device changed
06-06 13:42:30.871  1047  1047 W ContextImpl: Calling a method in the system process without a qualified user: android.app.ContextImpl.startService:1816 android.content.ContextWrapper.startService:774 com.dangbei.andes.CoreService$Companion.start:29 com.dangbei.lerad.etna.haqu.EtnaApplication.init:88 com.dangbei.lerad.etna.haqu.EtnaApplication.onCreate:59 
06-06 13:42:30.874   664  1235 D ObexServerSockets: create(rfcomm = -2, l2capPsm = -2)
06-06 13:42:30.879   475   498 D CompatibilityChangeReporter: Compat change id reported: 135634846; UID 10042; state: DISABLED
06-06 13:42:30.879   475   498 D CompatibilityChangeReporter: Compat change id reported: 177438394; UID 10042; state: DISABLED
06-06 13:42:30.880   475   498 D CompatibilityChangeReporter: Compat change id reported: 135772972; UID 10042; state: DISABLED
06-06 13:42:30.880   475   498 D CompatibilityChangeReporter: Compat change id reported: 135754954; UID 10042; state: DISABLED
06-06 13:42:30.880   475   539 D CompatibilityChangeReporter: Compat change id reported: 143937733; UID 10042; state: DISABLED
06-06 13:42:30.881   664  1235 I bt_btif_sock_rfcomm: system/bt/btif/src/btif_sock_rfc.cc:303 btsock_rfc_listen: Adding listening socket service_name: (null) - channel: -2
06-06 13:42:30.881   664   999 I bt_stack: [INFO:port_api.cc(234)] RFCOMM_CreateConnection: bd_addr=ff:ff:ff:ff:ff:ff, scn=4, is_server=1, mtu=990, uuid=000000, dlci=8, signal_state=0x0b, p_port=0xc6c71a14
06-06 13:42:30.885   664  1235 I bluetooth: system/bt/btif/src/btif_sock_l2cap.cc:316 btsock_l2cap_alloc_l: Allocated l2cap socket structure socket_id:1
06-06 13:42:30.885   664   999 I bt_l2cap: system/bt/stack/l2cap/l2c_api.cc:134 L2CA_Register: L2CAP Registered service classic PSM: 0x1001
06-06 13:42:30.885   664   999 I bluetooth: system/bt/btif/src/btif_sock_l2cap.cc:341 send_app_psm_or_chan_l: Sending l2cap socket socket_id:1 channel:4097
06-06 13:42:30.885   664  1235 D BluetoothAdapter: listenUsingL2capOn: set assigned channel to 4097
06-06 13:42:30.886   664  1235 D ObexServerSockets: Succeed to create listening sockets 
06-06 13:42:30.886   664  1235 D ObexServerSockets0: startAccept()
06-06 13:42:30.887   664  1235 D BluetoothSdpJni: sdpCreatePbapPseRecordNative
06-06 13:42:30.887   664  1235 D BluetoothSdpJni: SDP Create record success - handle: 0
06-06 13:42:30.888   664  1235 D BluetoothPbapService: created Sdp record, mSdpHandle=0
06-06 13:42:30.888   664   999 I bt_bta_dm: system/bt/bta/dm/bta_dm_act.cc:3191 bta_dm_eir_update_uuid: EIR Adding UUID=0x112F into extended inquiry response
06-06 13:42:30.888   664   999 I bt_bta_dm: system/bt/bta/dm/bta_dm_act.cc:2890 bta_dm_set_eir: Generating extended inquiry response packet EIR
06-06 13:42:30.891   664  1238 D ObexServerSockets0: Accepting socket connection...
06-06 13:42:30.894   664   664 D AdapterProperties: onBluetoothReady, state=TURNING_ON, ScanMode=20
06-06 13:42:30.895  1047  1047 D DisplayOutputManager: ro.build.characteristics=homlet
06-06 13:42:30.896   664  1237 D ObexServerSockets0: Accepting socket connection...
06-06 13:42:30.900   180   180 I servicemanager: Found vendor.display.output.IDisplayOutputManager/default in device VINTF manifest.
06-06 13:42:30.902   664   664 D BluetoothAdapterService: updateUuids() - Updating UUIDs for bonded devices
06-06 13:42:30.904   664   873 D AdapterProperties: Scan Mode:21
06-06 13:42:30.905   664   873 D AdapterProperties: Discoverable Timeout:120
06-06 13:42:30.906   664   664 I BluetoothAdapterService: initProfileServices: Initializing all bluetooth profile services
06-06 13:42:30.906   664   664 I BluetoothA2dpSinkServiceJni: classInitNative: succeeds
06-06 13:42:30.908   664   664 W HeadsetClientService: getHeadsetClientService(): service is null
06-06 13:42:30.913   475   498 D CompatibilityChangeReporter: Compat change id reported: 135634846; UID 10018; state: DISABLED
06-06 13:42:30.916   475   498 D CompatibilityChangeReporter: Compat change id reported: 177438394; UID 10018; state: DISABLED
06-06 13:42:30.916   475   498 D CompatibilityChangeReporter: Compat change id reported: 135772972; UID 10018; state: DISABLED
06-06 13:42:30.916   475   498 D CompatibilityChangeReporter: Compat change id reported: 135754954; UID 10018; state: ENABLED
06-06 13:42:30.913   664   664 W MapClientService: getMapClientService(): service is null
06-06 13:42:30.918   243   243 D Zygote  : Forked child process 1241
06-06 13:42:30.919   664   664 W PbapClientService: getPbapClientService(): service is null
06-06 13:42:30.919   664   664 W HearingAidService: getHearingAidService(): service is NULL
06-06 13:42:30.919   664   664 W SapService: getSapService(): service is null
06-06 13:42:30.920  1047  1047 D HomletDisplayOutputManager: get IDisplayOutputManager service success
06-06 13:42:30.923   664   848 I AdapterState: ON : entered 
06-06 13:42:30.924   664   848 D AdapterProperties: Setting state to ON
06-06 13:42:30.925   664   848 D BluetoothAdapterService: updateAdapterState() - Broadcasting state ON to 1 receivers.
06-06 13:42:30.929   475   519 D BluetoothManagerService: MESSAGE_BLUETOOTH_STATE_CHANGE: TURNING_ON > ON
06-06 13:42:30.929   475   519 D BluetoothManagerService: Broadcasting onBluetoothStateChange(true) to 4 receivers.
06-06 13:42:30.929   475   519 D BluetoothHeadset: onBluetoothStateChange: up=true
06-06 13:42:30.929   475   519 D BluetoothManagerService: Creating new ProfileServiceConnections object for profile: 1
06-06 13:42:30.930   475   539 W ActivityManager: Slow operation: 52ms so far, now at startProcess: done updating battery stats
06-06 13:42:30.930   475   539 W ActivityManager: Slow operation: 52ms so far, now at startProcess: building log message
06-06 13:42:30.930   475   539 I ActivityManager: app.processName = com.android.music
06-06 13:42:30.930   475   539 I ActivityManager: Start proc 1241:com.android.music/u0a42 for service {com.android.music/com.android.music.MediaPlaybackService}
06-06 13:42:30.930   475   539 W ActivityManager: Slow operation: 52ms so far, now at startProcess: starting to update pids map
06-06 13:42:30.931   475   539 W ActivityManager: Slow operation: 52ms so far, now at startProcess: done updating pids map
06-06 13:42:30.931   475   539 D CompatibilityChangeReporter: Compat change id reported: 143937733; UID 10018; state: ENABLED
06-06 13:42:30.931  1241  1241 I Zygote  : seccomp disabled by setenforce 0
06-06 13:42:30.933   664   873 D AdapterProperties: mLocalIOCapability set to 1
06-06 13:42:30.933   664   873 D AdapterProperties: mLocalIOCapabilityBLE set to 4
06-06 13:42:30.940   475   519 D BluetoothManagerService: Sending BLE State Change: TURNING_ON > ON
06-06 13:42:30.942  1047  1047 D AudioManagerEx: AudioManagerEx
06-06 13:42:30.944   327   327 I rainbow_flow: type=1400 audit(0.0:397): avc: denied { ioctl } for path="/dev/spidev1.0" dev="tmpfs" ino=5830 ioctlcmd=0x6b00 scontext=u:r:init:s0 tcontext=u:object_r:device:s0 tclass=chr_file permissive=1
06-06 13:42:30.950   248   445 D audio_hw_primary: Mic get_audio_devices_active: 
06-06 13:42:30.950   248   445 D audio_hw_primary: get_audio_devices_active: AUDIO_HDMI
06-06 13:42:30.950   248   445 D xm_audio: adev_get_parameters
06-06 13:42:30.951   268   627 I hash_map_utils: system/bt/osi/src/hash_map_utils.cc:81 hash_map_utils_dump_string_keys_string_values: key: 'audio_devices_out_active' value: ''
06-06 13:42:30.954   475   519 D BluetoothManagerService: Sending State Change: TURNING_ON > ON
06-06 13:42:30.954  1047  1047 D AudioManagerEx: type audio_devices_out_active  list AUDIO_HDMI=
06-06 13:42:30.965   243   243 D Zygote  : Forked child process 1248
06-06 13:42:30.966   664   913 D BluetoothActiveDeviceManager: handleMessage(MESSAGE_ADAPTER_ACTION_STATE_CHANGED): newState=12
06-06 13:42:30.967   666   887 D LocalBluetoothProfileManager: Adding local A2DP profile
06-06 13:42:30.972   475   539 W ActivityManager: Slow operation: 61ms so far, now at startProcess: returned from zygote!
06-06 13:42:30.987   666   887 D BluetoothA2dp: Binding service...
06-06 13:42:30.988   475   539 W ActivityManager: Slow operation: 61ms so far, now at startProcess: done updating battery stats
06-06 13:42:30.996   248   445 D audio_hw_primary: getAudioDevices()
06-06 13:42:30.996   248   445 D audio_hw_primary: out dev:AUDIO_CODEC
06-06 13:42:30.996   248   445 D audio_hw_primary: in dev:AUDIO_SPDIF
06-06 13:42:30.996   248   445 D audio_hw_primary: out dev:AUDIO_SPDIF
06-06 13:42:30.996   248   445 D audio_hw_primary: in dev:AUDIO_HDMI
06-06 13:42:30.996   248   445 D audio_hw_primary: out dev:AUDIO_HDMI
06-06 13:42:30.996   248   445 D audio_hw_primary: in dev:AUDIO_I2S2
06-06 13:42:30.996   248   445 D audio_hw_primary: out playback: AUDIO_CODEC,AUDIO_SPDIF,AUDIO_HDMI
06-06 13:42:30.996   475   539 W ActivityManager: Slow operation: 84ms so far, now at startProcess: building log message
06-06 13:42:30.996   475   539 I ActivityManager: app.processName = android.process.acore
06-06 13:42:30.996   475   539 I ActivityManager: Start proc 1248:android.process.acore/u0a18 for content provider {com.android.providers.contacts/com.android.providers.contacts.ContactsProvider2}
06-06 13:42:30.996   475   539 W ActivityManager: Slow operation: 84ms so far, now at startProcess: starting to update pids map
06-06 13:42:30.996   475   539 W ActivityManager: Slow operation: 84ms so far, now at startProcess: done updating pids map
06-06 13:42:30.996   248   445 D xm_audio: adev_get_parameters
06-06 13:42:30.998   268   627 I hash_map_utils: system/bt/osi/src/hash_map_utils.cc:81 hash_map_utils_dump_string_keys_string_values: key: 'audio_devices_out' value: ''
06-06 13:42:30.999   475   749 D CompatibilityChangeReporter: Compat change id reported: 135634846; UID 10020; state: DISABLED
06-06 13:42:31.000   475   539 D CompatibilityChangeReporter: Compat change id reported: 143937733; UID 10020; state: DISABLED
06-06 13:42:31.004  1248  1248 I Zygote  : seccomp disabled by setenforce 0
06-06 13:42:31.012  1200  1200 V GraphicsEnvironment: ANGLE Developer option for 'com.oranth.storage' set to: 'default'
06-06 13:42:31.012  1200  1200 V GraphicsEnvironment: Neither updatable production driver nor prerelease driver is supported.
06-06 13:42:31.021   243   243 D Zygote  : Forked child process 1257
06-06 13:42:31.023   475   539 I ActivityManager: app.processName = com.dangbei.screencast
06-06 13:42:31.023   475   539 I ActivityManager: Start proc 1257:com.dangbei.screencast/u0a20 for broadcast {com.dangbei.screencast/com.dangbei.screencast.usb.UsbEventBroadcastReceiver}
06-06 13:42:31.025   396   407 I adbd    : jdwp connection from 1241
06-06 13:42:31.026  1200  1200 D NetworkSecurityConfig: No Network Security Config specified, using platform default
06-06 13:42:31.030  1200  1200 D NetworkSecurityConfig: No Network Security Config specified, using platform default
06-06 13:42:31.036   396   407 I adbd    : jdwp connection from 1248
06-06 13:42:31.039  1047  1047 D AudioManagerEx: type audio_devices_out  list AUDIO_CODEC,AUDIO_SPDIF,AUDIO_HDMI=
06-06 13:42:31.040   475   519 D BluetoothHeadset: Proxy object connected
06-06 13:42:31.040  1257  1257 I Zygote  : seccomp disabled by setenforce 0
06-06 13:42:31.050  1200  1200 I aaa     : low stroage service is start !!!
06-06 13:42:31.052  1200  1200 W ContextImpl: Calling a method in the system process without a qualified user: android.app.ContextImpl.startService:1816 android.content.ContextWrapper.startService:774 android.content.ContextWrapper.startService:774 com.oranth.storage.BootCompletedReceiver.onReceive:15 android.app.ActivityThread.handleReceiver:4308 
06-06 13:42:31.058   475   625 I AS.BtHelper: setBtScoActiveDevice: (null) -> (null)
06-06 13:42:31.072   327   327 I rainbow_flow: type=1400 audit(0.0:398): avc: denied { ioctl } for path="/dev/spidev1.0" dev="tmpfs" ino=5830 ioctlcmd=0x6b00 scontext=u:r:init:s0 tcontext=u:object_r:device:s0 tclass=chr_file permissive=1
06-06 13:42:31.078   396   407 I adbd    : jdwp connection from 1257
06-06 13:42:31.079   666   666 D BluetoothA2dp: Proxy object connected
06-06 13:42:31.083   666   887 D LocalBluetoothProfileManager: Adding local HEADSET profile
06-06 13:42:31.088   664  1195 D CompatibilityChangeReporter: Compat change id reported: 150939131; UID 1002; state: ENABLED
06-06 13:42:31.090   664   664 D BluetoothAdapterService: isQuetModeEnabled() - Enabled = false
06-06 13:42:31.090   664   664 I BluetoothPhonePolicy: autoConnect: Initiate auto connection on BT on...
06-06 13:42:31.091   664   664 D BluetoothDatabase: getMostRecentlyConnectedA2dpDevice: Invalid address for device LocalStorage
06-06 13:42:31.091   664   664 E BluetoothPhonePolicy: autoConnect: most recently active a2dp device is null
06-06 13:42:31.091   664   664 D BtOppService: start Socket Listeners
06-06 13:42:31.091   664   664 D BtOppService: stopListeners: mServerSocket is null
06-06 13:42:31.091   664   664 D ObexServerSockets: create(rfcomm = -2, l2capPsm = -2)
06-06 13:42:31.096   664   664 I bt_btif_sock_rfcomm: system/bt/btif/src/btif_sock_rfc.cc:303 btsock_rfc_listen: Adding listening socket service_name: (null) - channel: -2
06-06 13:42:31.096   664   999 I bt_stack: [INFO:port_api.cc(234)] RFCOMM_CreateConnection: bd_addr=ff:ff:ff:ff:ff:ff, scn=5, is_server=1, mtu=990, uuid=000000, dlci=10, signal_state=0x0b, p_port=0xc6c71a9c
06-06 13:42:31.096   664   664 D BluetoothAdapter: listenUsingInsecureL2capOn: port=-2
01-01 08:00:22.449   381   381 W hdr10p_Configure: 274 callbacks suppressed
01-01 08:00:22.449   381   381 I         : DVI mode selected: packets not configured
01-01 08:00:22.449   381   381 W set_vsif_config: 274 callbacks suppressed
01-01 08:00:22.449   381   381 I         : Error: set vsif failed
01-01 08:00:22.449   381   381 I         : DVI mode selected: packets not configured
01-01 08:00:22.449   381   381 I         : Error: set vsif failed
01-01 08:00:22.449   381   381 I         : DVI mode selected: packets not configured
01-01 08:00:22.449   381   381 I         : Error: set vsif failed
06-06 13:42:31.112  1200  1200 D bbb     : onCreate() 
06-06 13:42:31.114   475   751 D CompatibilityChangeReporter: Compat change id reported: 168419799; UID 10018; state: DISABLED
06-06 13:42:31.118  1200  1200 D CompatibilityChangeReporter: Compat change id reported: 160794467; UID 1000; state: ENABLED
06-06 13:42:31.121   664   664 I bluetooth: system/bt/btif/src/btif_sock_l2cap.cc:316 btsock_l2cap_alloc_l: Allocated l2cap socket structure socket_id:2
06-06 13:42:31.122   664   999 I bt_l2cap: system/bt/stack/l2cap/l2c_api.cc:134 L2CA_Register: L2CAP Registered service classic PSM: 0x1003
06-06 13:42:31.122   664   999 I bluetooth: system/bt/btif/src/btif_sock_l2cap.cc:341 send_app_psm_or_chan_l: Sending l2cap socket socket_id:2 channel:4099
06-06 13:42:31.123   664   664 D BluetoothAdapter: listenUsingInsecureL2capOn: set assigned channel to 4099
06-06 13:42:31.123   664   664 D ObexServerSockets: Succeed to create listening sockets 
06-06 13:42:31.123   664   664 D ObexServerSockets1: startAccept()
06-06 13:42:31.130   666   666 V SystemUIService: BOOT_COMPLETED received
06-06 13:42:31.130   664   664 D BluetoothSdpJni: sdpCreateOppOpsRecordNative
06-06 13:42:31.130   664   664 D BluetoothSdpJni: SDP Create record success - handle: 1
06-06 13:42:31.130   664   999 I bt_bta_dm: system/bt/bta/dm/bta_dm_act.cc:3191 bta_dm_eir_update_uuid: EIR Adding UUID=0x1105 into extended inquiry response
06-06 13:42:31.130   664   999 I bt_bta_dm: system/bt/bta/dm/bta_dm_act.cc:2890 bta_dm_set_eir: Generating extended inquiry response packet EIR
06-06 13:42:31.130   664   664 D BtOppService: mOppSdpHandle :1
06-06 13:42:31.132   664  1289 D ObexServerSockets1: Accepting socket connection...
06-06 13:42:31.132   263   263 I EventThread: type=1400 audit(0.0:399): avc: denied { search } for name="extcon" dev="sysfs" ino=18109 scontext=u:r:hal_tv_cec_default:s0 tcontext=u:object_r:sysfs_extcon:s0 tclass=dir permissive=1
06-06 13:42:31.137  1248  1248 D CompatibilityChangeReporter: Compat change id reported: 171979766; UID 10018; state: ENABLED
06-06 13:42:31.143   664  1292 D ObexServerSockets1: Accepting socket connection...
06-06 13:42:31.143   666   887 D LocalBluetoothProfileManager: Adding local MAP profile
06-06 13:42:31.144   666   887 D BluetoothMap: Create BluetoothMap proxy object
06-06 13:42:31.144  1200  1200 D bbb     : onStartCommand begin !!!!!!! data分区剩余 24968MB
06-06 13:42:31.145   666   666 D SystemUIBootTiming: SystemUIService: bootcomplete com.android.systemui.util.NotificationChannels took 0 ms
06-06 13:42:31.145   666   666 D SystemUIService: loading: com.android.systemui.volume.VolumeUI
06-06 13:42:31.149   475   751 D CompatibilityChangeReporter: Compat change id reported: 168419799; UID 10020; state: DISABLED
06-06 13:42:31.156   263   263 D hdmi-cec: cec physical address: 2.0.0.0
01-01 08:00:22.498   381   381 I         : DVI mode selected: packets not configured
01-01 08:00:22.498   381   381 I         : Error: set vsif failed
01-01 08:00:22.498   381   381 I         : DVI mode selected: packets not configured
01-01 08:00:22.498   381   381 I         : Error: set vsif failed
01-01 08:00:22.498   381   381 I         : DVI mode selected: packets not configured
01-01 08:00:22.498   381   381 I         : Error: set vsif failed
06-06 13:42:31.159  1047  1291 W ContextImpl: Calling a method in the system process without a qualified user: android.app.ContextImpl.bindService:1895 android.content.ContextWrapper.bindService:810 com.dangbei.lerad.etna.lib.client.EtnaClient.bindServer:138 com.dangbei.lerad.etna.lib.client.EtnaClient.access$600:29 com.dangbei.lerad.etna.lib.client.EtnaClient$3.call:205 
06-06 13:42:31.161   263   263 D hdmi-cec: cec physical address: 2.0.0.0
06-06 13:42:31.162   475   807 D CompatibilityChangeReporter: Compat change id reported: 171306433; UID 1000; state: ENABLED
06-06 13:42:31.162   666   887 D BluetoothMap: Binding service...
06-06 13:42:31.177   666   666 I vol.Events: writeEvent collection_started
06-06 13:42:31.178   475   809 D CompatibilityChangeReporter: Compat change id reported: 168419799; UID 10042; state: DISABLED
06-06 13:42:31.179  1257  1257 D CompatibilityChangeReporter: Compat change id reported: 171979766; UID 10020; state: DISABLED
06-06 13:42:31.183   475   614 D ConnectivityService: NetReassign [no changes]
01-01 08:00:22.532   381   381 I         : DVI mode selected: packets not configured
01-01 08:00:22.532   381   381 I         : Error: set vsif failed
01-01 08:00:22.532   381   381 I         : DVI mode selected: packets not configured
01-01 08:00:22.532   381   381 I         : Error: set vsif failed
01-01 08:00:22.532   381   381 I         : DVI mode selected: packets not configured
01-01 08:00:22.532   381   381 I         : Error: set vsif failed
06-06 13:42:31.194   475   614 D ConnectivityService: NetReassign [no changes]
06-06 13:42:31.209   666   887 D LocalBluetoothProfileManager: Adding local OPP profile
06-06 13:42:31.211   666   887 D LocalBluetoothProfileManager: Adding local HID_HOST profile
06-06 13:42:31.214  1241  1241 D CompatibilityChangeReporter: Compat change id reported: 171979766; UID 10042; state: DISABLED
06-06 13:42:31.219  1257  1257 D ApplicationLoaders: Returning zygote-cached class loader: /system/framework/android.test.base.jar
06-06 13:42:31.219  1257  1257 D ApplicationLoaders: Returning zygote-cached class loader: /system/framework/android.hidl.manager-V1.0-java.jar
06-06 13:42:31.219  1257  1257 D ApplicationLoaders: Returning zygote-cached class loader: /system/framework/android.hidl.base-V1.0-java.jar
06-06 13:42:31.226   666   887 D BluetoothHidHost: Binding service...
06-06 13:42:31.228  1241  1241 D ApplicationLoaders: Returning zygote-cached class loader: /system/framework/android.test.base.jar
01-01 08:00:22.582   381   381 I         : DVI mode selected: packets not configured
01-01 08:00:22.582   381   381 I         : Error: set vsif failed
06-06 13:42:31.241   475   519 W IorapForwardingService: No service published for: iorapd
06-06 13:42:31.242   666   887 D LocalBluetoothProfileManager: Adding local HID_DEVICE profile
06-06 13:42:31.243   666   858 D BluetoothHeadset: Proxy object connected
06-06 13:42:31.249   666   887 D BluetoothHidDevice: Binding service...
06-06 13:42:31.279   666   887 D LocalBluetoothProfileManager: Adding local PAN profile
01-01 08:00:22.625  1257  1257 W audit   : audit_lost=6 audit_rate_limit=5 audit_backlog_limit=64
01-01 08:00:22.625  1257  1257 E audit   : rate limit exceeded
06-06 13:42:31.292   666   887 D BluetoothPan: Binding service...
06-06 13:42:31.297  1248  1248 V GraphicsEnvironment: ANGLE Developer option for 'com.android.providers.contacts' set to: 'default'
06-06 13:42:31.300  1248  1248 V GraphicsEnvironment: Neither updatable production driver nor prerelease driver is supported.
06-06 13:42:31.308  1248  1248 D NetworkSecurityConfig: No Network Security Config specified, using platform default
06-06 13:42:31.309  1248  1248 D NetworkSecurityConfig: No Network Security Config specified, using platform default
06-06 13:42:31.324  1047  1303 W ContextImpl: Calling a method in the system process without a qualified user: android.app.ContextImpl.bindService:1895 android.content.ContextWrapper.bindService:810 com.dangbei.lerad.etna.lib.client.EtnaClient.bindServer:138 com.dangbei.lerad.etna.lib.client.EtnaClient.access$600:29 com.dangbei.lerad.etna.lib.client.EtnaClient$3.call:205 
06-06 13:42:31.328  1241  1241 V GraphicsEnvironment: ANGLE Developer option for 'com.android.music' set to: 'default'
06-06 13:42:31.330  1241  1241 V GraphicsEnvironment: Neither updatable production driver nor prerelease driver is supported.
06-06 13:42:31.332   666   887 D LocalBluetoothProfileManager: Adding local PBAP profile
06-06 13:42:31.334  1241  1241 D NetworkSecurityConfig: No Network Security Config specified, using platform default
06-06 13:42:31.337  1241  1241 D NetworkSecurityConfig: No Network Security Config specified, using platform default
06-06 13:42:31.360  1241  1241 D music_MediaPlaybackSer: onCreate()
06-06 13:42:31.361  1241  1241 D music_MediaPlaybackSer: Create MusicProvider
06-06 13:42:31.364  1241  1241 D music_MediaPlaybackSer: Create MediaSession
06-06 13:42:31.378   475   807 D WifiNl80211Manager: Scan result ready event
06-06 13:42:31.379   475   807 D WifiNative: Scan result ready event
06-06 13:42:31.397   664   664 V MediaPlayerList: onActiveSessionsChanged: number of controllers: 0
06-06 13:42:31.431  1241  1241 D CompatibilityChangeReporter: Compat change id reported: 160794467; UID 10042; state: DISABLED
06-06 13:42:31.444  1241  1241 D music_MediaPlaybackSer: updatePlaybackState, playback state=0
06-06 13:42:31.449   475   807 W StorageManagerService: Reporting emulated;0 unmounted due to system locked
06-06 13:42:31.451  1100  1100 E hq      : USBReceiver:::USBReceiver onReceive: list=1
06-06 13:42:31.448  1257  1257 I gbei.screencast: type=1400 audit(0.0:401): avc: denied { search } for name="com.dangbei.screencast" dev="mmcblk0p25" ino=890 scontext=u:r:platform_app:s0:c512,c768 tcontext=u:object_r:app_data_file:s0:c512,c768 tclass=dir permissive=1 app=com.dangbei.screencast
06-06 13:42:31.457  1100  1226 D hq      : NetWorkStateReceiver:::检查网络，并且持续更新 isConnect=false
06-06 13:42:31.462  1100  1100 E DispatcherManager: publishMode=DBBOX-A2    piDispatcher=com.dangbei.launcher.dispatcher.function.BOXAXDispatcher@71e525c
06-06 13:42:31.468  1100  1100 I hq      : 当前的服务模式是，serviceMode=0
06-06 13:42:31.485  1257  1257 V GraphicsEnvironment: ANGLE Developer option for 'com.dangbei.screencast' set to: 'default'
06-06 13:42:31.485  1257  1257 V GraphicsEnvironment: Neither updatable production driver nor prerelease driver is supported.
06-06 13:42:31.486   191   191 I vold    : Bind mounting //data/media/0/Android/data on /mnt/user/0/emulated/0/Android/data
06-06 13:42:31.487  1257  1257 D NetworkSecurityConfig: Using Network Security Config from resource network_security_config debugBuild: false
06-06 13:42:31.488   191   191 I vold    : Bind mounted //data/media/0/Android/data on /mnt/user/0/emulated/0/Android/data
06-06 13:42:31.488   191   191 I vold    : Bind mounting //data/media/0/Android/obb on /mnt/user/0/emulated/0/Android/obb
06-06 13:42:31.489   191   191 I vold    : Bind mounted //data/media/0/Android/obb on /mnt/user/0/emulated/0/Android/obb
06-06 13:42:31.489   191   191 I vold    : Configuring read_ahead of /mnt/user/0/emulated fuse filesystem to 256kb
06-06 13:42:31.490   191   191 I vold    : Writing 256 to /sys/class/bdi/0:47/read_ahead_kb
06-06 13:42:31.490   191   191 I vold    : Configuring max_ratio of /mnt/user/0/emulated fuse filesystem to 40
06-06 13:42:31.490   191   191 I vold    : Writing 40 to /sys/class/bdi/0:47/max_ratio
06-06 13:42:31.501   475   601 I StorageManagerService: Mounted volume VolumeInfo{emulated;0}:
06-06 13:42:31.501   475   601 I StorageManagerService:     type=EMULATED diskId=null partGuid= mountFlags=PRIMARY|VISIBLE 
06-06 13:42:31.501   475   601 I StorageManagerService:     mountUserId=0 state=MOUNTED 
06-06 13:42:31.501   475   601 I StorageManagerService:     fsType=null fsUuid=null fsLabel=null 
06-06 13:42:31.501   475   601 I StorageManagerService:     path=/storage/emulated internalPath=/data/media 
06-06 13:42:31.503   392   392 E update_engine: [ERROR:update_attempter_android.cc(-1)] unknown(...): Domain=update_engine, Code=generic_error, Message=No ongoing update to cancel.
06-06 13:42:31.510   475   601 I StorageSessionController: Notifying volume state changed for session with id: emulated;0
06-06 13:42:31.523   392   392 E update_engine: [ERROR:update_attempter_android.cc(90)] Replying with failure: pc:0x57a9a79: No ongoing update to cancel.
06-06 13:42:31.524  1241  1241 D music_MusicApp: add mount callback: com.android.music.MediaPlaybackService@65de121
06-06 13:42:31.530  1047  1047 E ccc     : cccccc 故意做的cancel 捕获 No ongoing update to cancel.
06-06 13:42:31.530  1047  1047 W System.err: android.os.ServiceSpecificException: No ongoing update to cancel. (code 1)
06-06 13:42:31.531  1047  1047 W System.err: 	at android.os.Parcel.createExceptionOrNull(Parcel.java:2439)
06-06 13:42:31.531  1047  1047 W System.err: 	at android.os.Parcel.createException(Parcel.java:2409)
06-06 13:42:31.531  1047  1047 W System.err: 	at android.os.Parcel.readException(Parcel.java:2392)
06-06 13:42:31.531  1047  1047 W System.err: 	at android.os.Parcel.readException(Parcel.java:2334)
06-06 13:42:31.531  1047  1047 W System.err: 	at android.os.IUpdateEngine$Stub$Proxy.cancel(IUpdateEngine.java:480)
06-06 13:42:31.531  1047  1047 W System.err: 	at android.os.UpdateEngine.cancel(UpdateEngine.java:381)
06-06 13:42:31.531  1047  1047 W System.err: 	at com.oranth.otalibrary.OTAManager.cancel(OTAManager.java:54)
06-06 13:42:31.531  1047  1047 W System.err: 	at com.dangbei.etna.update.ota.OtaUpdateHelper.cancelInstalling(OtaUpdateHelper.kt:134)
06-06 13:42:31.531  1047  1047 W System.err: 	at com.dangbei.etna.update.ota.OtaUpdateHelper.init(OtaUpdateHelper.kt:72)
06-06 13:42:31.531  1047  1047 W System.err: 	at com.dangbei.etna.update.UpdateHelper.init(UpdateHelper.kt:60)
06-06 13:42:31.532  1047  1047 W System.err: 	at com.dangbei.lerad.etna.haqu.EtnaApplication.init(EtnaApplication.kt:97)
06-06 13:42:31.532  1047  1047 W System.err: 	at com.dangbei.lerad.etna.haqu.EtnaApplication.onCreate(EtnaApplication.kt:59)
06-06 13:42:31.532  1047  1047 W System.err: 	at android.app.Instrumentation.callApplicationOnCreate(Instrumentation.java:1211)
06-06 13:42:31.532  1047  1047 W System.err: 	at android.app.ActivityThread.handleBindApplication(ActivityThread.java:6740)
06-06 13:42:31.532  1047  1047 W System.err: 	at android.app.ActivityThread.access$1500(ActivityThread.java:247)
06-06 13:42:31.532  1047  1047 W System.err: 	at android.app.ActivityThread$H.handleMessage(ActivityThread.java:2053)
06-06 13:42:31.532  1047  1047 W System.err: 	at android.os.Handler.dispatchMessage(Handler.java:106)
06-06 13:42:31.532  1047  1047 W System.err: 	at android.os.Looper.loopOnce(Looper.java:201)
06-06 13:42:31.532  1047  1047 W System.err: 	at android.os.Looper.loop(Looper.java:288)
06-06 13:42:31.532  1047  1047 W System.err: 	at android.app.ActivityThread.main(ActivityThread.java:7854)
06-06 13:42:31.532  1047  1047 W System.err: 	at java.lang.reflect.Method.invoke(Native Method)
06-06 13:42:31.532  1047  1047 W System.err: 	at com.android.internal.os.RuntimeInit$MethodAndArgsCaller.run(RuntimeInit.java:548)
06-06 13:42:31.532  1047  1047 W System.err: 	at com.android.internal.os.ZygoteInit.main(ZygoteInit.java:1182)
06-06 13:42:31.532   392   392 I update_engine: [INFO:update_attempter_android.cc(365)] Attempting to reset state from UPDATE_STATUS_IDLE to UpdateStatus::IDLE
06-06 13:42:31.535   392   392 I update_engine: [INFO:update_attempter_android.cc(369)] Cleaning up reserved space for compressed APEX (if any)
