01-01 08:00:08.196   239   239 D LibBpfLoader: applying relo to instruction at byte offset: 1440, 	       insn offset 180 , insn 118
01-01 08:00:08.196   239   239 D LibBpfLoader: applying relo to instruction at byte offset: 1536, 	       insn offset 192 , insn 118
01-01 08:00:08.196   239   239 D LibBpfLoader: applying relo to instruction at byte offset: 1864, 	       insn offset 233 , insn 118
01-01 08:00:08.196   239   239 D LibBpfLoader: applying relo to instruction at byte offset: 1904, 	       insn offset 238 , insn 118
01-01 08:00:08.196   239   239 D LibBpfLoader: applying relo to instruction at byte offset: 2080, 	       insn offset 260 , insn 118
01-01 08:00:08.197   239   239 D LibBpfLoader: applying relo to instruction at byte offset: 2288, 	       insn offset 286 , insn 118
01-01 08:00:08.197   239   239 D LibBpfLoader: applying relo to instruction at byte offset: 2328, 	       insn offset 291 , insn 118
01-01 08:00:08.197   239   239 D LibBpfLoader: applying relo to instruction at byte offset: 2504, 	       insn offset 313 , insn 118
01-01 08:00:08.197   239   239 D LibBpfLoader: applying relo to instruction at byte offset: 2712, 	       insn offset 339 , insn 118
01-01 08:00:08.197   239   239 D LibBpfLoader: applying relo to instruction at byte offset: 2752, 	       insn offset 344 , insn 118
01-01 08:00:08.197   239   239 D LibBpfLoader: applying relo to instruction at byte offset: 2864, 	       insn offset 358 , insn 118
01-01 08:00:08.197   239   239 D LibBpfLoader: applying relo to instruction at byte offset: 2952, 	       insn offset 369 , insn 118
01-01 08:00:08.197   239   239 D LibBpfLoader: applying relo to instruction at byte offset: 3056, 	       insn offset 382 , insn 118
01-01 08:00:08.197   239   239 D LibBpfLoader: applying relo to instruction at byte offset: 3160, 	       insn offset 395 , insn 118
01-01 08:00:08.198   239   239 D LibBpfLoader: applying relo to instruction at byte offset: 3264, 	       insn offset 408 , insn 118
01-01 08:00:08.198   239   239 D LibBpfLoader: applying relo to instruction at byte offset: 3368, 	       insn offset 421 , insn 118
01-01 08:00:08.198   239   239 D LibBpfLoader: applying relo to instruction at byte offset: 3472, 	       insn offset 434 , insn 118
01-01 08:00:08.198   239   239 D LibBpfLoader: applying relo to instruction at byte offset: 3576, 	       insn offset 447 , insn 118
01-01 08:00:08.198   239   239 D LibBpfLoader: applying relo to instruction at byte offset: 3688, 	       insn offset 461 , insn 118
01-01 08:00:08.198   239   239 D LibBpfLoader: applying relo to instruction at byte offset: 40, 	       insn offset 5 , insn 118
01-01 08:00:08.198   239   239 D LibBpfLoader: applying relo to instruction at byte offset: 120, 	       insn offset 15 , insn 118
01-01 08:00:08.198   239   239 D LibBpfLoader: applying relo to instruction at byte offset: 200, 	       insn offset 25 , insn 118
01-01 08:00:08.198   239   239 D LibBpfLoader: applying relo to instruction at byte offset: 48, 	       insn offset 6 , insn 118
01-01 08:00:08.198   239   239 D LibBpfLoader: applying relo to instruction at byte offset: 200, 	       insn offset 25 , insn 118
01-01 08:00:08.199   239   239 D LibBpfLoader: applying relo to instruction at byte offset: 328, 	       insn offset 41 , insn 118
01-01 08:00:08.199   239   239 D LibBpfLoader: applying relo to instruction at byte offset: 456, 	       insn offset 57 , insn 118
01-01 08:00:08.199   239   239 D LibBpfLoader: applying relo to instruction at byte offset: 584, 	       insn offset 73 , insn 118
01-01 08:00:08.199   239   239 D LibBpfLoader: applying relo to instruction at byte offset: 712, 	       insn offset 89 , insn 118
01-01 08:00:08.199   239   239 D LibBpfLoader: applying relo to instruction at byte offset: 840, 	       insn offset 105 , insn 118
01-01 08:00:08.199   239   239 D LibBpfLoader: applying relo to instruction at byte offset: 968, 	       insn offset 121 , insn 118
01-01 08:00:08.199   239   239 D LibBpfLoader: applying relo to instruction at byte offset: 1104, 	       insn offset 138 , insn 118
01-01 08:00:08.199   239   239 D LibBpfLoader: applying relo to instruction at byte offset: 1144, 	       insn offset 143 , insn 118
01-01 08:00:08.199   239   239 D LibBpfLoader: cs[0].name:tracepoint_sched_sched_switch min_kver:0 .max_kver:ffffffff (kvers:504007d)
01-01 08:00:08.199   239   239 D LibBpfLoader: cs[0].name:tracepoint_sched_sched_switch requires bpfloader version [0x00000,0x10000)
01-01 08:00:08.200   239   239 D LibBpfLoader: bpf_prog_load lib call for /system/etc/bpf/time_in_state.o (tracepoint_sched_sched_switch) returned fd: -1 (Invalid argument)
01-01 08:00:08.200   239   239 W LibBpfLoader: bpf_prog_load - BEGIN log_buf contents:
01-01 08:00:08.200   239   239 W LibBpfLoader: 
01-01 08:00:08.200   239   239 W LibBpfLoader: bpf_prog_load - END log_buf contents.
01-01 08:00:08.200   239   239 E LibBpfLoader: non-optional program failed to load.
01-01 08:00:08.200   239   239 E LibBpfLoader: Failed to load programs, loadCodeSections ret=-1
01-01 08:00:08.200   239   239 E bpfloader: Failed to load object: /system/etc/bpf/time_in_state.o, ret: Operation not permitted
01-01 08:00:08.201   239   239 D LibBpfLoader: Loading optional ELF object /system/etc/bpf/gpu_mem.o with license Apache 2.0
01-01 08:00:08.201   239   239 I LibBpfLoader: Section bpfloader_min_ver value is 0 [0x0]
01-01 08:00:08.201   239   239 I LibBpfLoader: Section bpfloader_max_ver value is 65536 [0x10000]
01-01 08:00:08.201   239   239 I LibBpfLoader: Section size_of_bpf_map_def value is 48 [0x30]
01-01 08:00:08.201   239   239 I LibBpfLoader: Section size_of_bpf_prog_def value is 28 [0x1c]
01-01 08:00:08.201   239   239 I LibBpfLoader: BpfLoader version 0x00002 processing ELF object /system/etc/bpf/gpu_mem.o with ver [0x00000,0x10000)
01-01 08:00:08.202   239   239 D LibBpfLoader: Loaded code section 3 (tracepoint_gpu_mem_gpu_mem_total)
01-01 08:00:08.203   239   239 D LibBpfLoader: Loaded relo section 3 (.reltracepoint/gpu_mem/gpu_mem_total)
01-01 08:00:08.203   239   239 D LibBpfLoader: Adding section 3 to cs list
01-01 08:00:08.204   239   239 D LibBpfLoader: bpf_create_map name gpu_mem_total_map, ret: 6
01-01 08:00:08.204   239   239 D LibBpfLoader: map_fd found at 0 is 6 in /system/etc/bpf/gpu_mem.o
01-01 08:00:08.205   239   239 D LibBpfLoader: applying relo to instruction at byte offset: 80, 	       insn offset 10 , insn 118
01-01 08:00:08.205   239   239 D LibBpfLoader: applying relo to instruction at byte offset: 128, 	       insn offset 16 , insn 118
01-01 08:00:08.205   239   239 D LibBpfLoader: applying relo to instruction at byte offset: 208, 	       insn offset 26 , insn 118
01-01 08:00:08.205   239   239 D LibBpfLoader: cs[0].name:tracepoint_gpu_mem_gpu_mem_total min_kver:0 .max_kver:ffffffff (kvers:504007d)
01-01 08:00:08.205   239   239 D LibBpfLoader: cs[0].name:tracepoint_gpu_mem_gpu_mem_total requires bpfloader version [0x00000,0x10000)
01-01 08:00:08.205   239   239 D LibBpfLoader: bpf_prog_load lib call for /system/etc/bpf/gpu_mem.o (tracepoint_gpu_mem_gpu_mem_total) returned fd: -1 (Invalid argument)
01-01 08:00:08.205   239   239 W LibBpfLoader: bpf_prog_load - BEGIN log_buf contents:
01-01 08:00:08.205   239   239 W LibBpfLoader: 
01-01 08:00:08.205   239   239 W LibBpfLoader: bpf_prog_load - END log_buf contents.
01-01 08:00:08.205   239   239 E LibBpfLoader: non-optional program failed to load.
01-01 08:00:08.205   239   239 E LibBpfLoader: Failed to load programs, loadCodeSections ret=-1
01-01 08:00:08.206   239   239 E bpfloader: Failed to load object: /system/etc/bpf/gpu_mem.o, ret: Operation not permitted
01-01 08:00:08.243   240   240 I update_verifier: Started with arg 1: nonencrypted
01-01 08:00:08.244   240   240 E cutils-trace: Error opening trace file: No such file or directory (2)
01-01 08:00:08.256   240   240 I update_verifier: Booting slot 0: isSlotMarkedSuccessful=1
01-01 08:00:08.256   240   240 I update_verifier: Leaving update_verifier.
01-01 08:00:08.298   241   241 I ServiceManager: Waiting for service 'statscompanion' on '/dev/binder'...
01-01 08:00:08.329   242   242 I netdClient: Skipping libnetd_client init since *we* are netd
01-01 08:00:08.336   242   242 I netd    : netd 1.0 starting
01-01 08:00:08.338   242   242 I netd    : Pid file removed
01-01 08:00:08.339   242   242 I netd    : SIGPIPE is blocked
01-01 08:00:08.339   242   242 I netd    : setCloseOnExec(dnsproxyd)
01-01 08:00:08.339   242   242 I netd    : setCloseOnExec(fwmarkd)
01-01 08:00:08.339   242   242 I netd    : setCloseOnExec(mdns)
01-01 08:00:08.339   242   242 I netd    : BPF programs are loaded
01-01 08:00:08.339   242   242 I netd    : NetlinkManager instanced
01-01 08:00:08.339   242   242 I netd    : enter NetworkController ctor
01-01 08:00:08.342   242   242 I netd    : leave NetworkController ctor
01-01 08:00:08.342   242   242 I netd    : enter TetherController ctor
01-01 08:00:08.343   242   242 D TetherController: Setting IP forward enable = 0
01-01 08:00:08.349   242   242 I netd    : leave TetherController ctor
01-01 08:00:08.358   247   247 E cutils-trace: Error opening trace file: No such file or directory (2)
01-01 08:00:08.363   247   247 I HidlServiceManagement: Registered android.hidl.allocator@1.0::IAllocator/ashmem
01-01 08:00:08.364   247   247 I HidlServiceManagement: Removing namespace from process name android.hidl.allocator@1.0-service to allocator@1.0-service.
01-01 08:00:08.365   242   242 D FirewallController: Could not read /proc/self/uid_map, max uid defaulting to 4294967294
01-01 08:00:08.400   248   248 E cutils-trace: Error opening trace file: No such file or directory (2)
01-01 08:00:08.441   250   250 I android.hardware.camera.provider@2.4-external-service: External camera provider service is starting.
01-01 08:00:08.447   250   250 E cutils-trace: Error opening trace file: No such file or directory (2)
01-01 08:00:08.460   242   242 I netd    : Creating child chains: 47593us
01-01 08:00:08.460   242   242 I netd    : Setting up OEM hooks: 620us
01-01 08:00:08.460   242   242 I netd    : Setting up FirewallController hooks: 58us
01-01 08:00:08.463   253   253 E cutils-trace: Error opening trace file: No such file or directory (2)
01-01 08:00:08.476   242   242 I netd    : Setting up TetherController hooks: 14992us
01-01 08:00:08.492   242   242 I netd    : Setting up BandwidthController hooks: 16054us
01-01 08:00:08.492   242   242 I netd    : Setting up IdletimerController hooks: 313us
01-01 08:00:08.492   260   260 E cutils-trace: Error opening trace file: No such file or directory (2)
01-01 08:00:08.496   261   261 I android.hardware.lights-service: Light Hal current version V2.0.0
01-01 08:00:08.496   261   261 D lights_device: success open disp device type=0.
01-01 08:00:08.501   252   252 E cutils-trace: Error opening trace file: No such file or directory (2)
01-01 08:00:08.514   251   251 E cutils-trace: Error opening trace file: No such file or directory (2)
01-01 08:00:08.514   180   180 I servicemanager: Found android.hardware.light.ILights/default in device VINTF manifest.
01-01 08:00:08.517   260   260 I android.hardware.health@2.1-service: default instance initializing with healthd_config...
01-01 08:00:08.517   260   260 W healthd : No battery devices found
01-01 08:00:08.522   252   252 D Module_SUNXI: hardware/aw/gatekeeper/teeGateKeeper/module_sunxi.cpp 34, trusty_gatekeeper_open
01-01 08:00:08.522   252   252 V SUNXI_TrustyGateKeeper: Gatekeeper_Initialize
01-01 08:00:08.523   208   208 D tee_supplicant: Spawning a new thread
01-01 08:00:08.523   208   208 D tee_supplicant: failed to open the ta /vendor/lib/optee_armtz/2233b43b-cec6-449a-9509-469f5023e425.ta TA-file
01-01 08:00:08.524   208   208 D tee_supplicant: looping
01-01 08:00:08.524   208   208 D tee_supplicant: looping
01-01 08:00:08.525   208   208 D tee_supplicant: failed to open the ta /vendor/lib/optee_armtz/2233b43b-cec6-449a-9509-469f5023e425.ta TA-file
01-01 08:00:08.526   242   242 I netd    : Setting up StrictController hooks: 34551us
01-01 08:00:08.527   242   242 I netd    : Initializing ClatdController: 225us
01-01 08:00:08.528   208   208 D tee_supplicant: looping
01-01 08:00:08.533   260   260 I HidlServiceManagement: Registered android.hardware.health@2.1::IHealth/default
01-01 08:00:08.533   208   267 D tee_supplicant: looping
01-01 08:00:08.533   260   260 I HidlServiceManagement: Removing namespace from process name android.hardware.health@2.1-service to health@2.1-service.
01-01 08:00:08.534   260   260 I android.hardware.health@2.1-service: default: Hal init done
01-01 08:00:08.537   260   260 W healthd : battery none chg=
01-01 08:00:08.541   242   242 I netd    : Initializing traffic control: 14319us
01-01 08:00:08.548   251   251 I HidlServiceManagement: Registered android.hardware.cas@1.2::IMediaCasService/default
01-01 08:00:08.548   251   251 I HidlServiceManagement: Removing namespace from process name android.hardware.cas@1.2-service to cas@1.2-service.
01-01 08:00:08.553   249   249 E cutils-trace: Error opening trace file: No such file or directory (2)
01-01 08:00:08.575   263   263 E cutils-trace: Error opening trace file: No such file or directory (2)
01-01 08:00:08.583   208   208 D tee_supplicant: looping
01-01 08:00:08.586   262   262 I AW_PowerHAL: AW Power HAL AIDL Service is starting.
01-01 08:00:08.591   242   242 I netd    : Enabling bandwidth control: 49739us
01-01 08:00:08.592   253   253 E gralloc : Arm Module v1.0
01-01 08:00:08.594   262   262 I AW_PowerHAL: PowerHAL initiated
01-01 08:00:08.596   242   242 I netd    : Initializing RouteController: 4518us
01-01 08:00:08.596   242   242 D XfrmController: XfrmController::ipSecAddXfrmInterface, line=1479
01-01 08:00:08.597     1     1 I init    : starting service 'surfaceflinger'...
01-01 08:00:08.598     1     1 I init    : Could not create socket 'pdx/system/vr/display/client': Failed to bind socket 'pdx/system/vr/display/client': No such file or directory
01-01 08:00:08.598     1     1 I init    : Could not create socket 'pdx/system/vr/display/manager': Failed to bind socket 'pdx/system/vr/display/manager': No such file or directory
01-01 08:00:08.599     1     1 I init    : Could not create socket 'pdx/system/vr/display/vsync': Failed to bind socket 'pdx/system/vr/display/vsync': No such file or directory
01-01 08:00:08.602   264   264 E android.hardware.usb.gadget@1.1-service.aw: configfs setup not done yet
01-01 08:00:08.605   242   242 D XfrmController: XfrmController::ipSecRemoveTunnelInterface, line=1692
01-01 08:00:08.605   242   242 D XfrmController: deviceName=ipsec_test
01-01 08:00:08.606   264   264 E cutils-trace: Error opening trace file: No such file or directory (2)
01-01 08:00:08.613     1     1 I init    : starting service 'pqd'...
01-01 08:00:08.619     1     1 I init    : Command 'class_start core' action=boot (/system/etc/init/hw/init.rc:1087) took 93ms and succeeded
01-01 08:00:08.619     1     1 I init    : processing action (persist.sys.usb.config=* && boot) from (/system/etc/init/hw/init.usb.rc:108)
01-01 08:00:08.620     1     1 I init    : processing action (boot) from (/vendor/etc/init/hw/init.sun50iw9p1.rc:62)
01-01 08:00:08.622     1     1 I init    : processing action (boot) from (/vendor/etc/init/hw/init.sun50iw9p1.rc:92)
01-01 08:00:08.620   164   164 I init    : type=1400 audit(0.0:14): avc: denied { add_name } for name="runtime_enable" scontext=u:r:vendor_init:s0 tcontext=u:object_r:sysfs_disp:s0 tclass=dir permissive=1
01-01 08:00:08.623   263   263 D hdmi-cec: Loading: sunxi HDMI CEC module
01-01 08:00:08.620   164   164 I init    : type=1400 audit(0.0:15): avc: denied { create } for name="runtime_enable" scontext=u:r:vendor_init:s0 tcontext=u:object_r:sysfs_disp:s0 tclass=file permissive=1
01-01 08:00:08.625   180   180 I servicemanager: Found android.hardware.power.IPower/default in device VINTF manifest.
01-01 08:00:08.628   253   253 I HidlServiceManagement: Registered android.hardware.graphics.allocator@2.0::IAllocator/default
01-01 08:00:08.628   253   253 I HidlServiceManagement: Removing namespace from process name android.hardware.graphics.allocator@2.0-service to allocator@2.0-service.
01-01 08:00:08.628   253   253 I LegacySupport: Registration complete for android.hardware.graphics.allocator@2.0::IAllocator/default.
01-01 08:00:08.629   264   264 I HidlServiceManagement: Registered android.hardware.usb@1.0::IUsb/default
01-01 08:00:08.629   264   264 I HidlServiceManagement: Removing namespace from process name android.hardware.usb@1.0-service.aw to usb@1.0-service.aw.
01-01 08:00:08.636     1     1 I init    : processing action (boot) from (/vendor/etc/init/hw/init.ram.rc:1)
01-01 08:00:08.638   257   257 I sunxihwc: open: Loading: sunxi hwcomposer module
01-01 08:00:08.638   257   257 E cutils-trace: Error opening trace file: No such file or directory (2)
01-01 08:00:08.643   263   277 I hdmi-cec: HDMI-CEC EventThread start
01-01 08:00:08.644   264   264 I HidlServiceManagement: Registered android.hardware.usb.gadget@1.1::IUsbGadget/default
01-01 08:00:08.645   264   264 I android.hardware.usb@1.0-service: USB HAL Ready.
01-01 08:00:08.649   242   242 D XfrmController: Sending Netlink XFRM Message: XFRM_MSG_FLUSHSA
01-01 08:00:08.650   242   242 D XfrmController: Sending Netlink XFRM Message: XFRM_MSG_FLUSHPOLICY
01-01 08:00:08.650   242   242 I netd    : Initializing XfrmController: 54208us
01-01 08:00:08.659   164   164 I         : file system registered
01-01 08:00:08.672   263   263 I HidlServiceManagement: Registered android.hardware.tv.cec@1.0::IHdmiCec/default
01-01 08:00:08.672   263   263 I HidlServiceManagement: Removing namespace from process name android.hardware.tv.cec@1.0-service to cec@1.0-service.
01-01 08:00:08.672   263   263 I LegacySupport: Registration complete for android.hardware.tv.cec@1.0::IHdmiCec/default.
01-01 08:00:08.677   265   265 I display.output-service: DisplayOutputManagerService is started
01-01 08:00:08.678   265   265 I display.output-service: DisplayOutputManagerService current version V2.2.0
01-01 08:00:08.678   265   265 E cutils-trace: Error opening trace file: No such file or directory (2)
01-01 08:00:08.680   272   272 I credstore: Registered binder service
01-01 08:00:08.683   257   257 I HidlServiceManagement: Registered android.hardware.graphics.composer@2.2::IComposer/default
01-01 08:00:08.683   257   257 I HidlServiceManagement: Removing namespace from process name android.hardware.graphics.composer@2.2-service to composer@2.2-service.
01-01 08:00:08.684   252   252 I HidlServiceManagement: Registered android.hardware.gatekeeper@1.0::IGatekeeper/default
01-01 08:00:08.685   252   252 I HidlServiceManagement: Removing namespace from process name android.hardware.gatekeeper@1.0-service-aw to gatekeeper@1.0-service-aw.
01-01 08:00:08.685   252   252 I LegacySupport: Registration complete for android.hardware.gatekeeper@1.0::IGatekeeper/default.
01-01 08:00:08.689   249   249 I HidlServiceManagement: Registered android.hardware.bluetooth@1.0::IBluetoothHci/default
01-01 08:00:08.690   249   249 I HidlServiceManagement: Removing namespace from process name android.hardware.bluetooth@1.0-service to bluetooth@1.0-service.
01-01 08:00:08.692   242   242 E cutils-trace: Error opening trace file: No such file or directory (2)
01-01 08:00:08.695   180   180 I servicemanager: Found android.hardware.rebootescrow.IRebootEscrow/default in device VINTF manifest.
01-01 08:00:08.696   181   181 I hwservicemanager: Since vendor.display.config@1.0::IDisplayConfig/default is not registered, trying to start it as a lazy HAL.
01-01 08:00:08.699   181   296 W libc    : Unable to set property "ctl.interface_start" to "vendor.display.config@1.0::IDisplayConfig/default": error code: 0x20
01-01 08:00:08.700   181   296 I hwservicemanager: Tried to start vendor.display.config@1.0::IDisplayConfig/default as a lazy service, but was unable to. Usually this happens when a service is not installed, but if the service is intended to be used as a lazy service, then it may be configured incorrectly.
01-01 08:00:08.703   248   248 I HidlServiceManagement: Registered android.hardware.audio@7.0::IDevicesFactory/default
01-01 08:00:08.704   248   248 I HidlServiceManagement: Removing namespace from process name android.hardware.audio.service to audio.service.
01-01 08:00:08.705   248   248 I LegacySupport: Registration complete for android.hardware.audio@7.0::IDevicesFactory/default.
01-01 08:00:08.706   276   276 D Sunxi_PQ: ic_id=2, de_version=201 0x2
01-01 08:00:08.707   181   181 I hwservicemanager: Since vendor.display.config@1.0::IDisplayConfig/default is not registered, trying to start it as a lazy HAL.
01-01 08:00:08.708   276   276 D Sunxi_PQ: /vendor/lib/libde201.so
01-01 08:00:08.712   265   265 I HidlServiceManagement: getService: Trying again for vendor.display.config@1.0::IDisplayConfig/default...
01-01 08:00:08.714   249   249 I LegacySupport: Registration complete for android.hardware.bluetooth@1.0::IBluetoothHci/default.
01-01 08:00:08.715   276   276 D Sunxi_PQ: maybe /vendor/etc/firmware/disp_firmware, fd:-1 @O_RDONLY.
01-01 08:00:08.717   181   301 W libc    : Unable to set property "ctl.interface_start" to "vendor.display.config@1.0::IDisplayConfig/default": error code: 0x20
01-01 08:00:08.718   181   301 I hwservicemanager: Tried to start vendor.display.config@1.0::IDisplayConfig/default as a lazy service, but was unable to. Usually this happens when a service is not installed, but if the service is intended to be used as a lazy service, then it may be configured incorrectly.
01-01 08:00:08.716   276   276 I pqd     : type=1400 audit(0.0:16): avc: denied { read write } for name="disp_firmware" dev="mmcblk0p25" ino=220 scontext=u:r:pqd:s0 tcontext=u:object_r:system_data_root_file:s0 tclass=file permissive=1
01-01 08:00:08.716   276   276 I pqd     : type=1400 audit(0.0:17): avc: denied { open } for path="/data/disp_firmware" dev="mmcblk0p25" ino=220 scontext=u:r:pqd:s0 tcontext=u:object_r:system_data_root_file:s0 tclass=file permissive=1
01-01 08:00:08.716   276   276 I pqd     : type=1400 audit(0.0:18): avc: denied { map } for path="/data/disp_firmware" dev="mmcblk0p25" ino=220 scontext=u:r:pqd:s0 tcontext=u:object_r:system_data_root_file:s0 tclass=file permissive=1
01-01 08:00:08.720   302   302 I init    : type=1400 audit(0.0:19): avc: denied { execute_no_trans } for path="/system/bin/xiriservice.sh" dev="dm-0" ino=1296 scontext=u:r:init:s0 tcontext=u:object_r:system_file:s0 tclass=file permissive=1
01-01 08:00:08.720   276   276 D Sunxi_PQ: config display firmware completed...
01-01 08:00:08.720   276   276 D Sunxi_PQ: There is not the /vendor/etc/firmware/disp_firmware, creat it.
01-01 08:00:08.723   276   276 D Sunxi_PQ: sunxi PQ wait for client connect from tcp port:5005...
01-01 08:00:08.727   276   304 D Sunxi_PQ: creat a connect thread to deal the socket.
01-01 08:00:08.734   276   303 D Sunxi_PQ: Sunxi PQ entry tanslate thread.
01-01 08:00:08.736     1     1 I init    : type=1400 audit(0.0:20): avc: denied { setattr } for name="ext_csd" dev="debugfs" ino=5715 scontext=u:r:init:s0 tcontext=u:object_r:debugfs_mmc:s0 tclass=file permissive=1
01-01 08:00:08.756   300   300 I onstartup.sh: type=1400 audit(0.0:21): avc: denied { write search } for name="tmp" dev="mmcblk0p25" ino=86 scontext=u:r:onstartup:s0 tcontext=u:object_r:shell_data_file:s0 tclass=dir permissive=1
01-01 08:00:08.756   300   300 I onstartup.sh: type=1400 audit(0.0:22): avc: denied { getattr } for path="/data/local/tmp" dev="mmcblk0p25" ino=86 scontext=u:r:onstartup:s0 tcontext=u:object_r:shell_data_file:s0 tclass=dir permissive=1
01-01 08:00:08.760   302   302 I xiriservice.sh: type=1400 audit(0.0:23): avc: denied { write } for name="tmp" dev="mmcblk0p25" ino=86 scontext=u:r:init:s0 tcontext=u:object_r:shell_data_file:s0 tclass=dir permissive=1 bug=b/77873135
01-01 08:00:08.775   248   248 I HidlServiceManagement: Registered android.hardware.audio.effect@7.0::IEffectsFactory/default
01-01 08:00:08.776   248   248 I LegacySupport: Registration complete for android.hardware.audio.effect@7.0::IEffectsFactory/default.
01-01 08:00:08.782   181   181 I hwservicemanager: getTransport: Cannot find entry android.hardware.soundtrigger@2.3::ISoundTriggerHw/default in either framework or device VINTF manifest.
01-01 08:00:08.782   250   250 I ExtCamUtils@3.4: loadFromCfg: load external camera config succeed!
01-01 08:00:08.782   250   250 I ExtCamUtils@3.4: loadFromCfg: no internal ignored device specified
01-01 08:00:08.782   250   250 V CamPrvdr@2.4-external: Preferred HAL 3 minor version is 4
01-01 08:00:08.783   248   248 E LegacySupport: Could not get passthrough implementation for android.hardware.soundtrigger@2.3::ISoundTriggerHw/default.
01-01 08:00:08.784   181   181 I hwservicemanager: getTransport: Cannot find entry android.hardware.soundtrigger@2.2::ISoundTriggerHw/default in either framework or device VINTF manifest.
01-01 08:00:08.786   248   248 E LegacySupport: Could not get passthrough implementation for android.hardware.soundtrigger@2.2::ISoundTriggerHw/default.
01-01 08:00:08.787   181   181 I hwservicemanager: getTransport: Cannot find entry android.hardware.soundtrigger@2.1::ISoundTriggerHw/default in either framework or device VINTF manifest.
01-01 08:00:08.787   250   250 I HidlServiceManagement: Registered android.hardware.camera.provider@2.4::ICameraProvider/external/0
01-01 08:00:08.788   250   250 I HidlServiceManagement: Removing namespace from process name android.hardware.camera.provider@2.4-external-service to provider@2.4-external-service.
01-01 08:00:08.789   250   250 I LegacySupport: Registration complete for android.hardware.camera.provider@2.4::ICameraProvider/external/0.
01-01 08:00:08.790   248   248 E LegacySupport: Could not get passthrough implementation for android.hardware.soundtrigger@2.1::ISoundTriggerHw/default.
01-01 08:00:08.790   181   181 I hwservicemanager: getTransport: Cannot find entry android.hardware.soundtrigger@2.0::ISoundTriggerHw/default in either framework or device VINTF manifest.
01-01 08:00:08.791   248   248 E LegacySupport: Could not get passthrough implementation for android.hardware.soundtrigger@2.0::ISoundTriggerHw/default.
01-01 08:00:08.793   250   310 I CamPrvdr@2.4-external: threadLoop start monitoring new V4L2 devices
01-01 08:00:08.794   274   313 E GpuMem  : Failed to retrieve pinned program from /sys/fs/bpf/prog_gpu_mem_tracepoint_gpu_mem_gpu_mem_total [2(No such file or directory)]
01-01 08:00:08.794   274   313 E GpuMemTracer: Cannot initialize GpuMemTracer before GpuMem
01-01 08:00:08.800   164   164 I sunxi-rfkill soc@3000000: rfkill: set block: 0
01-01 08:00:08.800   164   164 I sunxi-rfkill soc@3000000: rfkill: bt power on success
01-01 08:00:08.801   248   248 W audiohalservice: Could not register Soundtrigger API
01-01 08:00:08.802   181   181 I hwservicemanager: getTransport: Cannot find entry android.hardware.bluetooth.audio@2.1::IBluetoothAudioProvidersFactory/default in either framework or device VINTF manifest.
01-01 08:00:08.802   248   248 E LegacySupport: Could not get passthrough implementation for android.hardware.bluetooth.audio@2.1::IBluetoothAudioProvidersFactory/default.
01-01 08:00:08.803   181   181 I hwservicemanager: getTransport: Cannot find entry android.hardware.bluetooth.audio@2.0::IBluetoothAudioProvidersFactory/default in either framework or device VINTF manifest.
01-01 08:00:08.803   248   248 E LegacySupport: Could not get passthrough implementation for android.hardware.bluetooth.audio@2.0::IBluetoothAudioProvidersFactory/default.
01-01 08:00:08.803   248   248 W audiohalservice: Could not register Bluetooth Audio API
01-01 08:00:08.804   181   181 I hwservicemanager: getTransport: Cannot find entry android.hardware.bluetooth.a2dp@1.0::IBluetoothAudioOffload/default in either framework or device VINTF manifest.
01-01 08:00:08.804   248   248 E LegacySupport: Could not get passthrough implementation for android.hardware.bluetooth.a2dp@1.0::IBluetoothAudioOffload/default.
01-01 08:00:08.805   248   248 W audiohalservice: Could not register Bluetooth Audio Offload API
01-01 08:00:08.808   300   300 I onstartup.sh: type=1400 audit(0.0:24): avc: denied { getattr } for path="/data/local/fast_apks_installed" dev="mmcblk0p25" ino=223 scontext=u:r:onstartup:s0 tcontext=u:object_r:onstartup_system_file:s0 tclass=file permissive=1
01-01 08:00:08.816   316   316 I init    : type=1400 audit(0.0:25): avc: denied { write } for name="kmsg_debug" dev="tmpfs" ino=1744 scontext=u:r:init:s0 tcontext=u:object_r:kmsg_debug_device:s0 tclass=chr_file permissive=1
01-01 08:00:08.816   316   316 I init    : type=1400 audit(0.0:26): avc: denied { open } for path="/dev/kmsg_debug" dev="tmpfs" ino=1744 scontext=u:r:init:s0 tcontext=u:object_r:kmsg_debug_device:s0 tclass=chr_file permissive=1
01-01 08:00:08.824   307   307 D XiriService: XiriService version 2.5.0.11258
01-01 08:00:08.828   307   307 I xiriservice_All: type=1400 audit(0.0:27): avc: denied { search } for name="com.android.connectivity.resources" dev="mmcblk0p25" ino=503 scontext=u:r:init:s0 tcontext=u:object_r:privapp_data_file:s0:c512,c768 tclass=dir permissive=1
01-01 08:00:08.832   307   307 I xiriservice_All: type=1400 audit(0.0:28): avc: denied { search } for name="android" dev="mmcblk0p25" ino=507 scontext=u:r:init:s0 tcontext=u:object_r:system_app_data_file:s0 tclass=dir permissive=1
01-01 08:00:08.832   307   307 I xiriservice_All: type=1400 audit(0.0:29): avc: denied { read } for name="lib" dev="mmcblk0p25" ino=54646 scontext=u:r:init:s0 tcontext=u:object_r:system_app_data_file:s0 tclass=lnk_file permissive=1
01-01 08:00:08.836   307   307 I xiriservice_All: type=1400 audit(0.0:30): avc: denied { search } for name="android.ext.shared" dev="mmcblk0p25" ino=524 scontext=u:r:init:s0 tcontext=u:object_r:app_data_file:s0:c512,c768 tclass=dir permissive=1
01-01 08:00:08.836   307   307 I xiriservice_All: type=1400 audit(0.0:31): avc: denied { read } for name="lib" dev="mmcblk0p25" ino=54657 scontext=u:r:init:s0 tcontext=u:object_r:app_data_file:s0:c512,c768 tclass=lnk_file permissive=1
01-01 08:00:08.836   307   307 I xiriservice_All: type=1400 audit(0.0:32): avc: denied { search } for name="com.android.permissioncontroller" dev="mmcblk0p25" ino=553 scontext=u:r:init:s0 tcontext=u:object_r:privapp_data_file:s0:c73,c256,c512,c768 tclass=dir permissive=1
01-01 08:00:08.840   307   307 I xiriservice_All: type=1400 audit(0.0:33): avc: denied { read } for name="lib" dev="mmcblk0p25" ino=54636 scontext=u:r:init:s0 tcontext=u:object_r:privapp_data_file:s0:c512,c768 tclass=lnk_file permissive=1
01-01 08:00:08.844   307   307 I xiriservice_All: type=1400 audit(0.0:34): avc: denied { search } for name="com.android.internal.systemui.navbar.gestural_wide_back" dev="mmcblk0p25" ino=628 scontext=u:r:init:s0 tcontext=u:object_r:app_data_file:s0:c8,c256,c512,c768 tclass=dir permissive=1
01-01 08:00:08.844   307   307 I xiriservice_All: type=1400 audit(0.0:35): avc: denied { search } for name="com.sohu.inputmethod.sogou.tv" dev="mmcblk0p25" ino=1409 scontext=u:r:init:s0 tcontext=u:object_r:app_data_file:s0:c48,c256,c512,c768 tclass=dir permissive=1
01-01 08:00:08.844   307   307 I xiriservice_All: type=1400 audit(0.0:36): avc: denied { read } for name="lib" dev="mmcblk0p25" ino=54642 scontext=u:r:init:s0 tcontext=u:object_r:app_data_file:s0:c48,c256,c512,c768 tclass=lnk_file permissive=1
01-01 08:00:08.848   307   307 I xiriservice_All: type=1400 audit(0.0:37): avc: denied { search } for name="com.android.htmlviewer" dev="mmcblk0p25" ino=698 scontext=u:r:init:s0 tcontext=u:object_r:app_data_file:s0:c32,c256,c512,c768 tclass=dir permissive=1
01-01 08:00:08.848   307   307 I xiriservice_All: type=1400 audit(0.0:38): avc: denied { search } for name="com.android.companiondevicemanager" dev="mmcblk0p25" ino=706 scontext=u:r:init:s0 tcontext=u:object_r:app_data_file:s0:c38,c256,c512,c768 tclass=dir permissive=1
01-01 08:00:08.848   307   307 I xiriservice_All: type=1400 audit(0.0:39): avc: denied { search } for name="com.android.internal.systemui.onehanded.gestural" dev="mmcblk0p25" ino=733 scontext=u:r:init:s0 tcontext=u:object_r:app_data_file:s0:c6,c256,c512,c768 tclass=dir permissive=1
01-01 08:00:08.848   307   307 I xiriservice_All: type=1400 audit(0.0:40): avc: denied { search } for name="com.android.simappdialog" dev="mmcblk0p25" ino=773 scontext=u:r:init:s0 tcontext=u:object_r:app_data_file:s0:c52,c256,c512,c768 tclass=dir permissive=1
01-01 08:00:08.848   307   307 I xiriservice_All: type=1400 audit(0.0:41): avc: denied { read } for name="lib" dev="mmcblk0p25" ino=54645 scontext=u:r:init:s0 tcontext=u:object_r:radio_data_file:s0 tclass=lnk_file permissive=1
01-01 08:00:08.852   307   307 I xiriservice_All: type=1400 audit(0.0:42): avc: denied { search } for name="com.android.modulemetadata" dev="mmcblk0p25" ino=789 scontext=u:r:init:s0 tcontext=u:object_r:app_data_file:s0:c58,c256,c512,c768 tclass=dir permissive=1
01-01 08:00:08.852   307   307 I xiriservice_All: type=1400 audit(0.0:43): avc: denied { search } for name="com.google.android.apps.searchlite.overlay" dev="mmcblk0p25" ino=815 scontext=u:r:init:s0 tcontext=u:object_r:app_data_file:s0:c0,c256,c512,c768 tclass=dir permissive=1
01-01 08:00:08.852   307   307 I xiriservice_All: type=1400 audit(0.0:44): avc: denied { search } for name="com.android.internal.systemui.navbar.threebutton" dev="mmcblk0p25" ino=823 scontext=u:r:init:s0 tcontext=u:object_r:app_data_file:s0:c11,c256,c512,c768 tclass=dir permissive=1
01-01 08:00:08.852   307   307 I xiriservice_All: type=1400 audit(0.0:45): avc: denied { search } for name="com.google.android.networkstackconfig" dev="mmcblk0p25" ino=832 scontext=u:r:init:s0 tcontext=u:object_r:app_data_file:s0:c2,c256,c512,c768 tclass=dir permissive=1
01-01 08:00:08.856   307   307 I xiriservice_All: type=1400 audit(0.0:46): avc: denied { search } for name="com.android.internal.systemui.navbar.gestural_extra_wide_back" dev="mmcblk0p25" ino=907 scontext=u:r:init:s0 tcontext=u:object_r:app_data_file:s0:c4,c256,c512,c768 tclass=dir permissive=1
01-01 08:00:08.856   307   307 I xiriservice_All: type=1400 audit(0.0:47): avc: denied { search } for name="com.android.printspooler" dev="mmcblk0p25" ino=933 scontext=u:r:init:s0 tcontext=u:object_r:app_data_file:s0:c51,c256,c512,c768 tclass=dir permissive=1
01-01 08:00:08.856   307   307 I xiriservice_All: type=1400 audit(0.0:48): avc: denied { read } for name="lib" dev="mmcblk0p25" ino=54650 scontext=u:r:init:s0 tcontext=u:object_r:app_data_file:s0:c51,c256,c512,c768 tclass=lnk_file permissive=1
01-01 08:00:08.856   309   309 I pgrep   : type=1400 audit(0.0:49): avc: denied { read } for scontext=u:r:toolbox:s0 tcontext=u:r:init:s0 tclass=file permissive=1
01-01 08:00:08.856   309   309 I pgrep   : type=1400 audit(0.0:50): avc: denied { read } for scontext=u:r:toolbox:s0 tcontext=u:r:kernel:s0 tclass=file permissive=1
01-01 08:00:08.856   307   307 I xiriservice_All: type=1400 audit(0.0:51): avc: denied { search } for name="com.android.dreams.basic" dev="mmcblk0p25" ino=942 scontext=u:r:init:s0 tcontext=u:object_r:app_data_file:s0:c40,c256,c512,c768 tclass=dir permissive=1
01-01 08:00:08.856   307   307 I xiriservice_All: type=1400 audit(0.0:52): avc: denied { search } for name="com.android.webview" dev="mmcblk0p25" ino=951 scontext=u:r:init:s0 tcontext=u:object_r:app_data_file:s0:c60,c256,c512,c768 tclass=dir permissive=1
01-01 08:00:08.856   307   307 I xiriservice_All: type=1400 audit(0.0:53): avc: denied { read } for name="lib" dev="mmcblk0p25" ino=54651 scontext=u:r:init:s0 tcontext=u:object_r:app_data_file:s0:c60,c256,c512,c768 tclass=lnk_file permissive=1
01-01 08:00:08.867   306   306 I gsid    : no DSU: No such file or directory
01-01 08:00:08.868   309   309 I pgrep   : type=1400 audit(0.0:54): avc: denied { read } for scontext=u:r:toolbox:s0 tcontext=u:r:vendor_init:s0 tclass=file permissive=1
01-01 08:00:08.868   309   309 I pgrep   : type=1400 audit(0.0:55): avc: denied { sys_ptrace } for capability=19 scontext=u:r:toolbox:s0 tcontext=u:r:toolbox:s0 tclass=capability permissive=1
01-01 08:00:08.868   309   309 I pgrep   : type=1400 audit(0.0:56): avc: denied { read } for scontext=u:r:toolbox:s0 tcontext=u:r:ueventd:s0 tclass=file permissive=1
01-01 08:00:08.868   309   309 I pgrep   : type=1400 audit(0.0:57): avc: denied { read } for scontext=u:r:toolbox:s0 tcontext=u:r:logd:s0 tclass=file permissive=1
01-01 08:00:08.868   309   309 I pgrep   : type=1400 audit(0.0:58): avc: denied { read } for scontext=u:r:toolbox:s0 tcontext=u:r:lmkd:s0 tclass=file permissive=1
01-01 08:00:08.868   309   309 I pgrep   : type=1400 audit(0.0:59): avc: denied { read } for scontext=u:r:toolbox:s0 tcontext=u:r:servicemanager:s0 tclass=file permissive=1
01-01 08:00:08.868   309   309 I pgrep   : type=1400 audit(0.0:60): avc: denied { getattr } for path="/proc/1" dev="proc" ino=1758 scontext=u:r:toolbox:s0 tcontext=u:r:init:s0 tclass=dir permissive=1
01-01 08:00:08.868   309   309 I pgrep   : type=1400 audit(0.0:61): avc: denied { search } for name="1" dev="proc" ino=1758 scontext=u:r:toolbox:s0 tcontext=u:r:init:s0 tclass=dir permissive=1
01-01 08:00:08.868   309   309 I pgrep   : type=1400 audit(0.0:62): avc: denied { open } for path="/proc/1/stat" dev="proc" ino=7985 scontext=u:r:toolbox:s0 tcontext=u:r:init:s0 tclass=file permissive=1
01-01 08:00:08.868   309   309 I pgrep   : type=1400 audit(0.0:63): avc: denied { getattr } for path="/proc/2" dev="proc" ino=7902 scontext=u:r:toolbox:s0 tcontext=u:r:kernel:s0 tclass=dir permissive=1
01-01 08:00:08.868   309   309 I pgrep   : type=1400 audit(0.0:64): avc: denied { search } for name="2" dev="proc" ino=7902 scontext=u:r:toolbox:s0 tcontext=u:r:kernel:s0 tclass=dir permissive=1
01-01 08:00:08.868   309   309 I pgrep   : type=1400 audit(0.0:65): avc: denied { open } for path="/proc/2/stat" dev="proc" ino=7986 scontext=u:r:toolbox:s0 tcontext=u:r:kernel:s0 tclass=file permissive=1
01-01 08:00:08.868   307   307 I xiriservice_All: type=1400 audit(0.0:66): avc: denied { search } for name="com.android.printservice.recommendation" dev="mmcblk0p25" ino=1025 scontext=u:r:init:s0 tcontext=u:object_r:app_data_file:s0:c50,c256,c512,c768 tclass=dir permissive=1
01-01 08:00:08.868   307   307 I xiriservice_All: type=1400 audit(0.0:67): avc: denied { search } for name="com.google.android.networkstack.tetheringconfig" dev="mmcblk0p25" ino=1033 scontext=u:r:init:s0 tcontext=u:object_r:app_data_file:s0:c3,c256,c512,c768 tclass=dir permissive=1
01-01 08:00:08.876   307   307 I xiriservice_All: type=1400 audit(0.0:68): avc: denied { search } for name="com.android.theme.font.notoserifsource" dev="mmcblk0p25" ino=1057 scontext=u:r:init:s0 tcontext=u:object_r:app_data_file:s0:c5,c256,c512,c768 tclass=dir permissive=1
01-01 08:00:08.876   309   309 I pgrep   : type=1400 audit(0.0:69): avc: denied { getattr } for path="/proc/164" dev="proc" ino=1802 scontext=u:r:toolbox:s0 tcontext=u:r:vendor_init:s0 tclass=dir permissive=1
01-01 08:00:08.876   309   309 I pgrep   : type=1400 audit(0.0:70): avc: denied { search } for name="164" dev="proc" ino=1802 scontext=u:r:toolbox:s0 tcontext=u:r:vendor_init:s0 tclass=dir permissive=1
01-01 08:00:08.876   309   309 I pgrep   : type=1400 audit(0.0:71): avc: denied { open } for path="/proc/164/stat" dev="proc" ino=8075 scontext=u:r:toolbox:s0 tcontext=u:r:vendor_init:s0 tclass=file permissive=1
01-01 08:00:08.876   309   309 I pgrep   : type=1400 audit(0.0:72): avc: denied { getattr } for path="/proc/167" dev="proc" ino=1844 scontext=u:r:toolbox:s0 tcontext=u:r:ueventd:s0 tclass=dir permissive=1
01-01 08:00:08.876   309   309 I pgrep   : type=1400 audit(0.0:73): avc: denied { search } for name="167" dev="proc" ino=1844 scontext=u:r:toolbox:s0 tcontext=u:r:ueventd:s0 tclass=dir permissive=1
01-01 08:00:08.876   309   309 I pgrep   : type=1400 audit(0.0:74): avc: denied { open } for path="/proc/167/stat" dev="proc" ino=8076 scontext=u:r:toolbox:s0 tcontext=u:r:ueventd:s0 tclass=file permissive=1
01-01 08:00:08.876   309   309 I pgrep   : type=1400 audit(0.0:75): avc: denied { getattr } for path="/proc/178" dev="proc" ino=1946 scontext=u:r:toolbox:s0 tcontext=u:r:logd:s0 tclass=dir permissive=1
01-01 08:00:08.880   309   309 I pgrep   : type=1400 audit(0.0:76): avc: denied { search } for name="178" dev="proc" ino=1946 scontext=u:r:toolbox:s0 tcontext=u:r:logd:s0 tclass=dir permissive=1
01-01 08:00:08.880   309   309 I pgrep   : type=1400 audit(0.0:77): avc: denied { open } for path="/proc/178/stat" dev="proc" ino=8078 scontext=u:r:toolbox:s0 tcontext=u:r:logd:s0 tclass=file permissive=1
01-01 08:00:08.880   309   309 I pgrep   : type=1400 audit(0.0:78): avc: denied { getattr } for path="/proc/179" dev="proc" ino=3062 scontext=u:r:toolbox:s0 tcontext=u:r:lmkd:s0 tclass=dir permissive=1
01-01 08:00:08.880   309   309 I pgrep   : type=1400 audit(0.0:79): avc: denied { search } for name="179" dev="proc" ino=3062 scontext=u:r:toolbox:s0 tcontext=u:r:lmkd:s0 tclass=dir permissive=1
01-01 08:00:08.880   309   309 I pgrep   : type=1400 audit(0.0:80): avc: denied { open } for path="/proc/179/stat" dev="proc" ino=8079 scontext=u:r:toolbox:s0 tcontext=u:r:lmkd:s0 tclass=file permissive=1
01-01 08:00:08.880   309   309 I pgrep   : type=1400 audit(0.0:81): avc: denied { read } for scontext=u:r:toolbox:s0 tcontext=u:r:hwservicemanager:s0 tclass=file permissive=1
01-01 08:00:08.880   309   309 I pgrep   : type=1400 audit(0.0:82): avc: denied { read } for scontext=u:r:toolbox:s0 tcontext=u:r:vndservicemanager:s0 tclass=file permissive=1
01-01 08:00:08.880   309   309 I pgrep   : type=1400 audit(0.0:83): avc: denied { read } for scontext=u:r:toolbox:s0 tcontext=u:r:shell:s0 tclass=file permissive=1
01-01 08:00:08.880   309   309 I pgrep   : type=1400 audit(0.0:84): avc: denied { read } for scontext=u:r:toolbox:s0 tcontext=u:r:vold:s0 tclass=file permissive=1
01-01 08:00:08.880   307   307 I xiriservice_All: type=1400 audit(0.0:85): avc: denied { search } for name="com.android.smspush" dev="mmcblk0p25" ino=1113 scontext=u:r:init:s0 tcontext=u:object_r:app_data_file:s0:c69,c256,c512,c768 tclass=dir permissive=1
01-01 08:00:08.880   309   309 I pgrep   : type=1400 audit(0.0:86): avc: denied { read } for scontext=u:r:toolbox:s0 tcontext=u:r:system_suspend:s0 tclass=file permissive=1
01-01 08:00:08.880   309   309 I pgrep   : type=1400 audit(0.0:87): avc: denied { read } for scontext=u:r:toolbox:s0 tcontext=u:r:keystore:s0 tclass=file permissive=1
01-01 08:00:08.880   309   309 I pgrep   : type=1400 audit(0.0:88): avc: denied { read } for scontext=u:r:toolbox:s0 tcontext=u:r:hal_bootctl_default:s0 tclass=file permissive=1
01-01 08:00:08.880   309   309 I pgrep   : type=1400 audit(0.0:89): avc: denied { read } for scontext=u:r:toolbox:s0 tcontext=u:r:hal_keymint_default:s0 tclass=file permissive=1
01-01 08:00:08.880   309   309 I pgrep   : type=1400 audit(0.0:90): avc: denied { read } for scontext=u:r:toolbox:s0 tcontext=u:r:tee:s0 tclass=file permissive=1
01-01 08:00:08.880   309   309 I pgrep   : type=1400 audit(0.0:91): avc: denied { read } for scontext=u:r:toolbox:s0 tcontext=u:r:tombstoned:s0 tclass=file permissive=1
01-01 08:00:08.880   309   309 I pgrep   : type=1400 audit(0.0:92): avc: denied { read } for scontext=u:r:toolbox:s0 tcontext=u:r:statsd:s0 tclass=file permissive=1
01-01 08:00:08.880   309   309 I pgrep   : type=1400 audit(0.0:93): avc: denied { read } for scontext=u:r:toolbox:s0 tcontext=u:r:netd:s0 tclass=file permissive=1
01-01 08:00:08.880   309   309 I pgrep   : type=1400 audit(0.0:94): avc: denied { read } for scontext=u:r:toolbox:s0 tcontext=u:r:zygote:s0 tclass=file permissive=1
01-01 08:00:08.880   309   309 I pgrep   : type=1400 audit(0.0:95): avc: denied { read } for scontext=u:r:toolbox:s0 tcontext=u:r:hal_allocator_default:s0 tclass=file permissive=1
01-01 08:00:08.880   309   309 I pgrep   : type=1400 audit(0.0:96): avc: denied { read } for scontext=u:r:toolbox:s0 tcontext=u:r:hal_audio_default:s0 tclass=file permissive=1
01-01 08:00:08.880   309   309 I pgrep   : type=1400 audit(0.0:97): avc: denied { read } for scontext=u:r:toolbox:s0 tcontext=u:r:hal_bluetooth_default:s0 tclass=file permissive=1
01-01 08:00:08.880   309   309 I pgrep   : type=1400 audit(0.0:98): avc: denied { read } for scontext=u:r:toolbox:s0 tcontext=u:r:hal_camera_default:s0 tclass=file permissive=1
01-01 08:00:08.880   309   309 I pgrep   : type=1400 audit(0.0:99): avc: denied { read } for scontext=u:r:toolbox:s0 tcontext=u:r:hal_cas_default:s0 tclass=file permissive=1
01-01 08:00:08.880   309   309 I pgrep   : type=1400 audit(0.0:100): avc: denied { read } for scontext=u:r:toolbox:s0 tcontext=u:r:hal_gatekeeper_default:s0 tclass=file permissive=1
01-01 08:00:08.880   309   309 I pgrep   : type=1400 audit(0.0:101): avc: denied { read } for scontext=u:r:toolbox:s0 tcontext=u:r:hal_graphics_allocator_default:s0 tclass=file permissive=1
01-01 08:00:08.880   309   309 I pgrep   : type=1400 audit(0.0:102): avc: denied { read } for scontext=u:r:toolbox:s0 tcontext=u:r:hal_graphics_composer_default:s0 tclass=file permissive=1
01-01 08:00:08.880   309   309 I pgrep   : type=1400 audit(0.0:103): avc: denied { read } for scontext=u:r:toolbox:s0 tcontext=u:r:hal_health_default:s0 tclass=file permissive=1
01-01 08:00:08.880   309   309 I pgrep   : type=1400 audit(0.0:104): avc: denied { read } for scontext=u:r:toolbox:s0 tcontext=u:r:hal_light_default:s0 tclass=file permissive=1
01-01 08:00:08.880   309   309 I pgrep   : type=1400 audit(0.0:105): avc: denied { read } for scontext=u:r:toolbox:s0 tcontext=u:r:hal_power_default:s0 tclass=file permissive=1
01-01 08:00:08.880   309   309 I pgrep   : type=1400 audit(0.0:106): avc: denied { read } for scontext=u:r:toolbox:s0 tcontext=u:r:hal_tv_cec_default:s0 tclass=file permissive=1
01-01 08:00:08.880   309   309 I pgrep   : type=1400 audit(0.0:107): avc: denied { read } for scontext=u:r:toolbox:s0 tcontext=u:r:hal_usb_impl:s0 tclass=file permissive=1
01-01 08:00:08.880   309   309 I pgrep   : type=1400 audit(0.0:108): avc: denied { read } for scontext=u:r:toolbox:s0 tcontext=u:r:hal_awdisplayoutput_default:s0 tclass=file permissive=1
01-01 08:00:08.880   309   309 I pgrep   : type=1400 audit(0.0:109): avc: denied { read } for scontext=u:r:toolbox:s0 tcontext=u:r:hal_rebootescrow_default:s0 tclass=file permissive=1
01-01 08:00:08.880   309   309 I pgrep   : type=1400 audit(0.0:110): avc: denied { read } for scontext=u:r:toolbox:s0 tcontext=u:r:audioserver:s0 tclass=file permissive=1
01-01 08:00:08.880   309   309 I pgrep   : type=1400 audit(0.0:111): avc: denied { read } for scontext=u:r:toolbox:s0 tcontext=u:r:credstore:s0 tclass=file permissive=1
01-01 08:00:08.880   309   309 I pgrep   : type=1400 audit(0.0:112): avc: denied { read } for scontext=u:r:toolbox:s0 tcontext=u:r:gpuservice:s0 tclass=file permissive=1
01-01 08:00:08.880   309   309 I pgrep   : type=1400 audit(0.0:113): avc: denied { read } for scontext=u:r:toolbox:s0 tcontext=u:r:surfaceflinger:s0 tclass=file permissive=1
01-01 08:00:08.880   309   309 I pgrep   : type=1400 audit(0.0:114): avc: denied { read } for scontext=u:r:toolbox:s0 tcontext=u:r:pqd:s0 tclass=file permissive=1
01-01 08:00:08.880   309   309 I pgrep   : type=1400 audit(0.0:115): avc: denied { getattr } for path="/proc/180" dev="proc" ino=184 scontext=u:r:toolbox:s0 tcontext=u:r:servicemanager:s0 tclass=dir permissive=1
01-01 08:00:08.880   309   309 I pgrep   : type=1400 audit(0.0:116): avc: denied { search } for name="180" dev="proc" ino=184 scontext=u:r:toolbox:s0 tcontext=u:r:servicemanager:s0 tclass=dir permissive=1
01-01 08:00:08.880   309   309 I pgrep   : type=1400 audit(0.0:117): avc: denied { open } for path="/proc/180/stat" dev="proc" ino=8090 scontext=u:r:toolbox:s0 tcontext=u:r:servicemanager:s0 tclass=file permissive=1
01-01 08:00:08.880   307   307 I xiriservice_All: type=1400 audit(0.0:118): avc: denied { search } for name="com.tv.filemanager.os" dev="mmcblk0p25" ino=1129 scontext=u:r:init:s0 tcontext=u:object_r:app_data_file:s0:c39,c256,c512,c768 tclass=dir permissive=1
01-01 08:00:08.880   309   309 I pgrep   : type=1400 audit(0.0:119): avc: denied { getattr } for path="/proc/181" dev="proc" ino=1958 scontext=u:r:toolbox:s0 tcontext=u:r:hwservicemanager:s0 tclass=dir permissive=1
01-01 08:00:08.880   309   309 I pgrep   : type=1400 audit(0.0:120): avc: denied { read } for scontext=u:r:toolbox:s0 tcontext=u:r:hwservicemanager:s0 tclass=file permissive=1
01-01 08:00:08.880   309   309 I pgrep   : type=1400 audit(0.0:121): avc: denied { search } for name="181" dev="proc" ino=1958 scontext=u:r:toolbox:s0 tcontext=u:r:hwservicemanager:s0 tclass=dir permissive=1
01-01 08:00:08.880   309   309 I pgrep   : type=1400 audit(0.0:122): avc: denied { open } for path="/proc/181/stat" dev="proc" ino=8091 scontext=u:r:toolbox:s0 tcontext=u:r:hwservicemanager:s0 tclass=file permissive=1
01-01 08:00:08.880   309   309 I pgrep   : type=1400 audit(0.0:123): avc: denied { getattr } for path="/proc/182" dev="proc" ino=1962 scontext=u:r:toolbox:s0 tcontext=u:r:vndservicemanager:s0 tclass=dir permissive=1
01-01 08:00:08.880   309   309 I pgrep   : type=1400 audit(0.0:124): avc: denied { search } for name="182" dev="proc" ino=1962 scontext=u:r:toolbox:s0 tcontext=u:r:vndservicemanager:s0 tclass=dir permissive=1
01-01 08:00:08.880   309   309 I pgrep   : type=1400 audit(0.0:125): avc: denied { open } for path="/proc/182/stat" dev="proc" ino=8092 scontext=u:r:toolbox:s0 tcontext=u:r:vndservicemanager:s0 tclass=file permissive=1
