01-01 08:00:08.880   309   309 I pgrep   : type=1400 audit(0.0:126): avc: denied { getattr } for path="/proc/184" dev="proc" ino=194 scontext=u:r:toolbox:s0 tcontext=u:r:shell:s0 tclass=dir permissive=1
01-01 08:00:08.880   309   309 I pgrep   : type=1400 audit(0.0:127): avc: denied { search } for name="184" dev="proc" ino=194 scontext=u:r:toolbox:s0 tcontext=u:r:shell:s0 tclass=dir permissive=1
01-01 08:00:08.880   309   309 I pgrep   : type=1400 audit(0.0:128): avc: denied { open } for path="/proc/184/stat" dev="proc" ino=8094 scontext=u:r:toolbox:s0 tcontext=u:r:shell:s0 tclass=file permissive=1
01-01 08:00:08.880   309   309 I pgrep   : type=1400 audit(0.0:129): avc: denied { getattr } for path="/proc/191" dev="proc" ino=6196 scontext=u:r:toolbox:s0 tcontext=u:r:vold:s0 tclass=dir permissive=1
01-01 08:00:08.880   309   309 I pgrep   : type=1400 audit(0.0:130): avc: denied { search } for name="191" dev="proc" ino=6196 scontext=u:r:toolbox:s0 tcontext=u:r:vold:s0 tclass=dir permissive=1
01-01 08:00:08.880   309   309 I pgrep   : type=1400 audit(0.0:131): avc: denied { open } for path="/proc/191/stat" dev="proc" ino=8096 scontext=u:r:toolbox:s0 tcontext=u:r:vold:s0 tclass=file permissive=1
01-01 08:00:08.884   309   309 I pgrep   : type=1400 audit(0.0:132): avc: denied { getattr } for path="/proc/204" dev="proc" ino=6236 scontext=u:r:toolbox:s0 tcontext=u:r:system_suspend:s0 tclass=dir permissive=1
01-01 08:00:08.884   309   309 I pgrep   : type=1400 audit(0.0:133): avc: denied { search } for name="204" dev="proc" ino=6236 scontext=u:r:toolbox:s0 tcontext=u:r:system_suspend:s0 tclass=dir permissive=1
01-01 08:00:08.884   309   309 I pgrep   : type=1400 audit(0.0:134): avc: denied { open } for path="/proc/204/stat" dev="proc" ino=8102 scontext=u:r:toolbox:s0 tcontext=u:r:system_suspend:s0 tclass=file permissive=1
01-01 08:00:08.884   309   309 I pgrep   : type=1400 audit(0.0:135): avc: denied { getattr } for path="/proc/205" dev="proc" ino=7170 scontext=u:r:toolbox:s0 tcontext=u:r:keystore:s0 tclass=dir permissive=1
01-01 08:00:08.884   309   309 I pgrep   : type=1400 audit(0.0:136): avc: denied { search } for name="205" dev="proc" ino=7170 scontext=u:r:toolbox:s0 tcontext=u:r:keystore:s0 tclass=dir permissive=1
01-01 08:00:08.884   309   309 I pgrep   : type=1400 audit(0.0:137): avc: denied { open } for path="/proc/205/stat" dev="proc" ino=8103 scontext=u:r:toolbox:s0 tcontext=u:r:keystore:s0 tclass=file permissive=1
01-01 08:00:08.884   309   309 I pgrep   : type=1400 audit(0.0:138): avc: denied { getattr } for path="/proc/206" dev="proc" ino=6045 scontext=u:r:toolbox:s0 tcontext=u:r:hal_bootctl_default:s0 tclass=dir permissive=1
01-01 08:00:08.884   309   309 I pgrep   : type=1400 audit(0.0:139): avc: denied { search } for name="206" dev="proc" ino=6045 scontext=u:r:toolbox:s0 tcontext=u:r:hal_bootctl_default:s0 tclass=dir permissive=1
01-01 08:00:08.884   309   309 I pgrep   : type=1400 audit(0.0:140): avc: denied { open } for path="/proc/206/stat" dev="proc" ino=8104 scontext=u:r:toolbox:s0 tcontext=u:r:hal_bootctl_default:s0 tclass=file permissive=1
01-01 08:00:08.884   309   309 I pgrep   : type=1400 audit(0.0:141): avc: denied { getattr } for path="/proc/207" dev="proc" ino=271 scontext=u:r:toolbox:s0 tcontext=u:r:hal_keymint_default:s0 tclass=dir permissive=1
01-01 08:00:08.884   309   309 I pgrep   : type=1400 audit(0.0:142): avc: denied { search } for name="207" dev="proc" ino=271 scontext=u:r:toolbox:s0 tcontext=u:r:hal_keymint_default:s0 tclass=dir permissive=1
01-01 08:00:08.884   309   309 I pgrep   : type=1400 audit(0.0:143): avc: denied { open } for path="/proc/207/stat" dev="proc" ino=8105 scontext=u:r:toolbox:s0 tcontext=u:r:hal_keymint_default:s0 tclass=file permissive=1
01-01 08:00:08.884   309   309 I pgrep   : type=1400 audit(0.0:144): avc: denied { getattr } for path="/proc/208" dev="proc" ino=6073 scontext=u:r:toolbox:s0 tcontext=u:r:tee:s0 tclass=dir permissive=1
01-01 08:00:08.884   309   309 I pgrep   : type=1400 audit(0.0:145): avc: denied { search } for name="208" dev="proc" ino=6073 scontext=u:r:toolbox:s0 tcontext=u:r:tee:s0 tclass=dir permissive=1
01-01 08:00:08.884   309   309 I pgrep   : type=1400 audit(0.0:146): avc: denied { open } for path="/proc/208/stat" dev="proc" ino=8106 scontext=u:r:toolbox:s0 tcontext=u:r:tee:s0 tclass=file permissive=1
01-01 08:00:08.884   307   307 I xiriservice_All: type=1400 audit(0.0:147): avc: denied { search } for name="com.android.bookmarkprovider" dev="mmcblk0p25" ino=1153 scontext=u:r:init:s0 tcontext=u:object_r:app_data_file:s0:c41,c256,c512,c768 tclass=dir permissive=1
01-01 08:00:08.884   309   309 I pgrep   : type=1400 audit(0.0:148): avc: denied { getattr } for path="/proc/220" dev="proc" ino=6318 scontext=u:r:toolbox:s0 tcontext=u:r:tombstoned:s0 tclass=dir permissive=1
01-01 08:00:08.884   309   309 I pgrep   : type=1400 audit(0.0:149): avc: denied { search } for name="220" dev="proc" ino=6318 scontext=u:r:toolbox:s0 tcontext=u:r:tombstoned:s0 tclass=dir permissive=1
01-01 08:00:08.884   309   309 I pgrep   : type=1400 audit(0.0:150): avc: denied { open } for path="/proc/220/stat" dev="proc" ino=8110 scontext=u:r:toolbox:s0 tcontext=u:r:tombstoned:s0 tclass=file permissive=1
01-01 08:00:08.884   309   309 I pgrep   : type=1400 audit(0.0:151): avc: denied { getattr } for path="/proc/241" dev="proc" ino=8354 scontext=u:r:toolbox:s0 tcontext=u:r:statsd:s0 tclass=dir permissive=1
01-01 08:00:08.884   309   309 I pgrep   : type=1400 audit(0.0:152): avc: denied { search } for name="241" dev="proc" ino=8354 scontext=u:r:toolbox:s0 tcontext=u:r:statsd:s0 tclass=dir permissive=1
01-01 08:00:08.884   309   309 I pgrep   : type=1400 audit(0.0:153): avc: denied { open } for path="/proc/241/stat" dev="proc" ino=8111 scontext=u:r:toolbox:s0 tcontext=u:r:statsd:s0 tclass=file permissive=1
01-01 08:00:08.884   309   309 I pgrep   : type=1400 audit(0.0:154): avc: denied { getattr } for path="/proc/242" dev="proc" ino=6496 scontext=u:r:toolbox:s0 tcontext=u:r:netd:s0 tclass=dir permissive=1
01-01 08:00:08.884   309   309 I pgrep   : type=1400 audit(0.0:155): avc: denied { search } for name="242" dev="proc" ino=6496 scontext=u:r:toolbox:s0 tcontext=u:r:netd:s0 tclass=dir permissive=1
01-01 08:00:08.884   309   309 I pgrep   : type=1400 audit(0.0:156): avc: denied { open } for path="/proc/242/stat" dev="proc" ino=8112 scontext=u:r:toolbox:s0 tcontext=u:r:netd:s0 tclass=file permissive=1
01-01 08:00:08.884   309   309 I pgrep   : type=1400 audit(0.0:157): avc: denied { getattr } for path="/proc/243" dev="proc" ino=441 scontext=u:r:toolbox:s0 tcontext=u:r:zygote:s0 tclass=dir permissive=1
01-01 08:00:08.884   309   309 I pgrep   : type=1400 audit(0.0:158): avc: denied { search } for name="243" dev="proc" ino=441 scontext=u:r:toolbox:s0 tcontext=u:r:zygote:s0 tclass=dir permissive=1
01-01 08:00:08.884   309   309 I pgrep   : type=1400 audit(0.0:159): avc: denied { open } for path="/proc/243/stat" dev="proc" ino=8113 scontext=u:r:toolbox:s0 tcontext=u:r:zygote:s0 tclass=file permissive=1
01-01 08:00:08.884   307   307 I xiriservice_All: type=1400 audit(0.0:160): avc: denied { search } for name="com.android.cts.ctsshim" dev="mmcblk0p25" ino=1174 scontext=u:r:init:s0 tcontext=u:object_r:app_data_file:s0:c47,c256,c512,c768 tclass=dir permissive=1
01-01 08:00:08.884   309   309 I pgrep   : type=1400 audit(0.0:161): avc: denied { getattr } for path="/proc/247" dev="proc" ino=460 scontext=u:r:toolbox:s0 tcontext=u:r:hal_allocator_default:s0 tclass=dir permissive=1
01-01 08:00:08.884   307   307 I xiriservice_All: type=1400 audit(0.0:162): avc: denied { search } for name="com.dangbei.lerad.screensaver" dev="mmcblk0p25" ino=1185 scontext=u:r:init:s0 tcontext=u:object_r:app_data_file:s0:c36,c256,c512,c768 tclass=dir permissive=1
01-01 08:00:08.884   309   309 I pgrep   : type=1400 audit(0.0:163): avc: denied { search } for name="247" dev="proc" ino=460 scontext=u:r:toolbox:s0 tcontext=u:r:hal_allocator_default:s0 tclass=dir permissive=1
01-01 08:00:08.884   309   309 I pgrep   : type=1400 audit(0.0:164): avc: denied { open } for path="/proc/247/stat" dev="proc" ino=8114 scontext=u:r:toolbox:s0 tcontext=u:r:hal_allocator_default:s0 tclass=file permissive=1
01-01 08:00:08.884   309   309 I pgrep   : type=1400 audit(0.0:165): avc: denied { getattr } for path="/proc/248" dev="proc" ino=6533 scontext=u:r:toolbox:s0 tcontext=u:r:hal_audio_default:s0 tclass=dir permissive=1
01-01 08:00:08.884   309   309 I pgrep   : type=1400 audit(0.0:166): avc: denied { search } for name="248" dev="proc" ino=6533 scontext=u:r:toolbox:s0 tcontext=u:r:hal_audio_default:s0 tclass=dir permissive=1
01-01 08:00:08.884   309   309 I pgrep   : type=1400 audit(0.0:167): avc: denied { open } for path="/proc/248/stat" dev="proc" ino=8115 scontext=u:r:toolbox:s0 tcontext=u:r:hal_audio_default:s0 tclass=file permissive=1
01-01 08:00:08.884   309   309 I pgrep   : type=1400 audit(0.0:168): avc: denied { getattr } for path="/proc/249" dev="proc" ino=477 scontext=u:r:toolbox:s0 tcontext=u:r:hal_bluetooth_default:s0 tclass=dir permissive=1
01-01 08:00:08.884   309   309 I pgrep   : type=1400 audit(0.0:169): avc: denied { search } for name="249" dev="proc" ino=477 scontext=u:r:toolbox:s0 tcontext=u:r:hal_bluetooth_default:s0 tclass=dir permissive=1
01-01 08:00:08.884   307   307 I xiriservice_All: type=1400 audit(0.0:170): avc: denied { read } for name="lib" dev="mmcblk0p25" ino=54665 scontext=u:r:init:s0 tcontext=u:object_r:app_data_file:s0:c36,c256,c512,c768 tclass=lnk_file permissive=1
01-01 08:00:08.884   309   309 I pgrep   : type=1400 audit(0.0:171): avc: denied { open } for path="/proc/249/stat" dev="proc" ino=8116 scontext=u:r:toolbox:s0 tcontext=u:r:hal_bluetooth_default:s0 tclass=file permissive=1
01-01 08:00:08.916   243   243 D AndroidRuntime: >>>>>> START com.android.internal.os.ZygoteInit uid 0 <<<<<<
01-01 08:00:08.917   318   318 D XM_HIDREAD: hidread running 0429 d06.
01-01 08:00:08.884   309   309 I pgrep   : type=1400 audit(0.0:172): avc: denied { getattr } for path="/proc/250" dev="proc" ino=7476 scontext=u:r:toolbox:s0 tcontext=u:r:hal_camera_default:s0 tclass=dir permissive=1
01-01 08:00:08.884   309   309 I pgrep   : type=1400 audit(0.0:173): avc: denied { search } for name="250" dev="proc" ino=7476 scontext=u:r:toolbox:s0 tcontext=u:r:hal_camera_default:s0 tclass=dir permissive=1
01-01 08:00:08.918   318   318 D XM_HIDREAD: addr_len_t:26,addr_len:26
01-01 08:00:08.918   318   318 D XM_HIDREAD: server_socket:4
01-01 08:00:08.884   309   309 I pgrep   : type=1400 audit(0.0:174): avc: denied { open } for path="/proc/250/stat" dev="proc" ino=8117 scontext=u:r:toolbox:s0 tcontext=u:r:hal_camera_default:s0 tclass=file permissive=1
01-01 08:00:08.884   309   309 I pgrep   : type=1400 audit(0.0:175): avc: denied { getattr } for path="/proc/251" dev="proc" ino=7481 scontext=u:r:toolbox:s0 tcontext=u:r:hal_cas_default:s0 tclass=dir permissive=1
01-01 08:00:08.918   318   318 D XM_HIDREAD: pthread_join listen_thread before
01-01 08:00:08.919   318   320 D XM_HIDREAD: listener_thread has start 4.
01-01 08:00:08.919   318   320 D XM_HIDREAD: accept before.
01-01 08:00:08.884   309   309 I pgrep   : type=1400 audit(0.0:176): avc: denied { search } for name="251" dev="proc" ino=7481 scontext=u:r:toolbox:s0 tcontext=u:r:hal_cas_default:s0 tclass=dir permissive=1
01-01 08:00:08.888   309   309 I pgrep   : type=1400 audit(0.0:177): avc: denied { open } for path="/proc/251/stat" dev="proc" ino=8118 scontext=u:r:toolbox:s0 tcontext=u:r:hal_cas_default:s0 tclass=file permissive=1
01-01 08:00:08.888   307   307 I xiriservice_All: type=1400 audit(0.0:178): avc: denied { search } for name="com.android.remoteprovisioner" dev="mmcblk0p25" ino=1193 scontext=u:r:init:s0 tcontext=u:object_r:app_data_file:s0:c61,c256,c512,c768 tclass=dir permissive=1
01-01 08:00:08.888   307   307 I xiriservice_All: type=1400 audit(0.0:179): avc: denied { search } for name="com.softwinner.theme.icon" dev="mmcblk0p25" ino=1201 scontext=u:r:init:s0 tcontext=u:object_r:app_data_file:s0:c9,c256,c512,c768 tclass=dir permissive=1
01-01 08:00:08.888   309   309 I pgrep   : type=1400 audit(0.0:180): avc: denied { getattr } for path="/proc/252" dev="proc" ino=7496 scontext=u:r:toolbox:s0 tcontext=u:r:hal_gatekeeper_default:s0 tclass=dir permissive=1
01-01 08:00:08.888   309   309 I pgrep   : type=1400 audit(0.0:181): avc: denied { search } for name="252" dev="proc" ino=7496 scontext=u:r:toolbox:s0 tcontext=u:r:hal_gatekeeper_default:s0 tclass=dir permissive=1
01-01 08:00:08.888   309   309 I pgrep   : type=1400 audit(0.0:182): avc: denied { open } for path="/proc/252/stat" dev="proc" ino=8119 scontext=u:r:toolbox:s0 tcontext=u:r:hal_gatekeeper_default:s0 tclass=file permissive=1
01-01 08:00:08.921   318   319 D XM_HIDREAD: >> start monitor uevent ...
01-01 08:00:08.888   309   309 I pgrep   : type=1400 audit(0.0:183): avc: denied { getattr } for path="/proc/253" dev="proc" ino=7500 scontext=u:r:toolbox:s0 tcontext=u:r:hal_graphics_allocator_default:s0 tclass=dir permissive=1
01-01 08:00:08.888   309   309 I pgrep   : type=1400 audit(0.0:184): avc: denied { search } for name="253" dev="proc" ino=7500 scontext=u:r:toolbox:s0 tcontext=u:r:hal_graphics_allocator_default:s0 tclass=dir permissive=1
01-01 08:00:08.888   309   309 I pgrep   : type=1400 audit(0.0:185): avc: denied { open } for path="/proc/253/stat" dev="proc" ino=8120 scontext=u:r:toolbox:s0 tcontext=u:r:hal_graphics_allocator_default:s0 tclass=file permissive=1
01-01 08:00:08.888   309   309 I pgrep   : type=1400 audit(0.0:186): avc: denied { getattr } for path="/proc/257" dev="proc" ino=6579 scontext=u:r:toolbox:s0 tcontext=u:r:hal_graphics_composer_default:s0 tclass=dir permissive=1
01-01 08:00:08.888   309   309 I pgrep   : type=1400 audit(0.0:187): avc: denied { search } for name="257" dev="proc" ino=6579 scontext=u:r:toolbox:s0 tcontext=u:r:hal_graphics_composer_default:s0 tclass=dir permissive=1
01-01 08:00:08.888   309   309 I pgrep   : type=1400 audit(0.0:188): avc: denied { open } for path="/proc/257/stat" dev="proc" ino=8123 scontext=u:r:toolbox:s0 tcontext=u:r:hal_graphics_composer_default:s0 tclass=file permissive=1
01-01 08:00:08.888   307   307 I xiriservice_All: type=1400 audit(0.0:189): avc: denied { search } for name="com.android.music" dev="mmcblk0p25" ino=1227 scontext=u:r:init:s0 tcontext=u:object_r:app_data_file:s0:c42,c256,c512,c768 tclass=dir permissive=1
01-01 08:00:08.888   309   309 I pgrep   : type=1400 audit(0.0:190): avc: denied { getattr } for path="/proc/260" dev="proc" ino=6587 scontext=u:r:toolbox:s0 tcontext=u:r:hal_health_default:s0 tclass=dir permissive=1
01-01 08:00:08.888   309   309 I pgrep   : type=1400 audit(0.0:191): avc: denied { search } for name="260" dev="proc" ino=6587 scontext=u:r:toolbox:s0 tcontext=u:r:hal_health_default:s0 tclass=dir permissive=1
01-01 08:00:08.888   309   309 I pgrep   : type=1400 audit(0.0:192): avc: denied { open } for path="/proc/260/stat" dev="proc" ino=8124 scontext=u:r:toolbox:s0 tcontext=u:r:hal_health_default:s0 tclass=file permissive=1
01-01 08:00:08.888   309   309 I pgrep   : type=1400 audit(0.0:193): avc: denied { getattr } for path="/proc/261" dev="proc" ino=7518 scontext=u:r:toolbox:s0 tcontext=u:r:hal_light_default:s0 tclass=dir permissive=1
01-01 08:00:08.888   309   309 I pgrep   : type=1400 audit(0.0:194): avc: denied { search } for name="261" dev="proc" ino=7518 scontext=u:r:toolbox:s0 tcontext=u:r:hal_light_default:s0 tclass=dir permissive=1
01-01 08:00:08.888   309   309 I pgrep   : type=1400 audit(0.0:195): avc: denied { open } for path="/proc/261/stat" dev="proc" ino=8125 scontext=u:r:toolbox:s0 tcontext=u:r:hal_light_default:s0 tclass=file permissive=1
01-01 08:00:08.888   309   309 I pgrep   : type=1400 audit(0.0:196): avc: denied { getattr } for path="/proc/262" dev="proc" ino=559 scontext=u:r:toolbox:s0 tcontext=u:r:hal_power_default:s0 tclass=dir permissive=1
01-01 08:00:08.888   309   309 I pgrep   : type=1400 audit(0.0:197): avc: denied { search } for name="262" dev="proc" ino=559 scontext=u:r:toolbox:s0 tcontext=u:r:hal_power_default:s0 tclass=dir permissive=1
01-01 08:00:08.888   309   309 I pgrep   : type=1400 audit(0.0:198): avc: denied { open } for path="/proc/262/stat" dev="proc" ino=8126 scontext=u:r:toolbox:s0 tcontext=u:r:hal_power_default:s0 tclass=file permissive=1
01-01 08:00:08.888   309   309 I pgrep   : type=1400 audit(0.0:199): avc: denied { getattr } for path="/proc/263" dev="proc" ino=6644 scontext=u:r:toolbox:s0 tcontext=u:r:hal_tv_cec_default:s0 tclass=dir permissive=1
01-01 08:00:08.888   309   309 I pgrep   : type=1400 audit(0.0:200): avc: denied { search } for name="263" dev="proc" ino=6644 scontext=u:r:toolbox:s0 tcontext=u:r:hal_tv_cec_default:s0 tclass=dir permissive=1
01-01 08:00:08.888   309   309 I pgrep   : type=1400 audit(0.0:201): avc: denied { open } for path="/proc/263/stat" dev="proc" ino=8127 scontext=u:r:toolbox:s0 tcontext=u:r:hal_tv_cec_default:s0 tclass=file permissive=1
01-01 08:00:08.888   309   309 I pgrep   : type=1400 audit(0.0:202): avc: denied { getattr } for path="/proc/264" dev="proc" ino=7611 scontext=u:r:toolbox:s0 tcontext=u:r:hal_usb_impl:s0 tclass=dir permissive=1
01-01 08:00:08.888   309   309 I pgrep   : type=1400 audit(0.0:203): avc: denied { search } for name="264" dev="proc" ino=7611 scontext=u:r:toolbox:s0 tcontext=u:r:hal_usb_impl:s0 tclass=dir permissive=1
01-01 08:00:08.888   309   309 I pgrep   : type=1400 audit(0.0:204): avc: denied { open } for path="/proc/264/stat" dev="proc" ino=8128 scontext=u:r:toolbox:s0 tcontext=u:r:hal_usb_impl:s0 tclass=file permissive=1
01-01 08:00:08.888   309   309 I pgrep   : type=1400 audit(0.0:205): avc: denied { getattr } for path="/proc/265" dev="proc" ino=6664 scontext=u:r:toolbox:s0 tcontext=u:r:hal_awdisplayoutput_default:s0 tclass=dir permissive=1
01-01 08:00:08.888   309   309 I pgrep   : type=1400 audit(0.0:206): avc: denied { search } for name="265" dev="proc" ino=6664 scontext=u:r:toolbox:s0 tcontext=u:r:hal_awdisplayoutput_default:s0 tclass=dir permissive=1
01-01 08:00:08.888   309   309 I pgrep   : type=1400 audit(0.0:207): avc: denied { open } for path="/proc/265/stat" dev="proc" ino=8129 scontext=u:r:toolbox:s0 tcontext=u:r:hal_awdisplayoutput_default:s0 tclass=file permissive=1
01-01 08:00:08.888   309   309 I pgrep   : type=1400 audit(0.0:208): avc: denied { getattr } for path="/proc/266" dev="proc" ino=8803 scontext=u:r:toolbox:s0 tcontext=u:r:hal_rebootescrow_default:s0 tclass=dir permissive=1
01-01 08:00:08.888   309   309 I pgrep   : type=1400 audit(0.0:209): avc: denied { search } for name="266" dev="proc" ino=8803 scontext=u:r:toolbox:s0 tcontext=u:r:hal_rebootescrow_default:s0 tclass=dir permissive=1
01-01 08:00:08.888   309   309 I pgrep   : type=1400 audit(0.0:210): avc: denied { open } for path="/proc/266/stat" dev="proc" ino=8130 scontext=u:r:toolbox:s0 tcontext=u:r:hal_rebootescrow_default:s0 tclass=file permissive=1
01-01 08:00:08.888   309   309 I pgrep   : type=1400 audit(0.0:211): avc: denied { getattr } for path="/proc/268" dev="proc" ino=6708 scontext=u:r:toolbox:s0 tcontext=u:r:audioserver:s0 tclass=dir permissive=1
01-01 08:00:08.888   309   309 I pgrep   : type=1400 audit(0.0:212): avc: denied { read } for scontext=u:r:toolbox:s0 tcontext=u:r:audioserver:s0 tclass=file permissive=1
01-01 08:00:08.888   309   309 I pgrep   : type=1400 audit(0.0:213): avc: denied { search } for name="268" dev="proc" ino=6708 scontext=u:r:toolbox:s0 tcontext=u:r:audioserver:s0 tclass=dir permissive=1
01-01 08:00:08.888   309   309 I pgrep   : type=1400 audit(0.0:214): avc: denied { open } for path="/proc/268/stat" dev="proc" ino=8131 scontext=u:r:toolbox:s0 tcontext=u:r:audioserver:s0 tclass=file permissive=1
01-01 08:00:08.888   309   309 I pgrep   : type=1400 audit(0.0:215): avc: denied { getattr } for path="/proc/272" dev="proc" ino=6674 scontext=u:r:toolbox:s0 tcontext=u:r:credstore:s0 tclass=dir permissive=1
01-01 08:00:08.888   309   309 I pgrep   : type=1400 audit(0.0:216): avc: denied { search } for name="272" dev="proc" ino=6674 scontext=u:r:toolbox:s0 tcontext=u:r:credstore:s0 tclass=dir permissive=1
01-01 08:00:08.888   309   309 I pgrep   : type=1400 audit(0.0:217): avc: denied { open } for path="/proc/272/stat" dev="proc" ino=8132 scontext=u:r:toolbox:s0 tcontext=u:r:credstore:s0 tclass=file permissive=1
01-01 08:00:08.888   309   309 I pgrep   : type=1400 audit(0.0:218): avc: denied { getattr } for path="/proc/274" dev="proc" ino=658 scontext=u:r:toolbox:s0 tcontext=u:r:gpuservice:s0 tclass=dir permissive=1
01-01 08:00:08.888   309   309 I pgrep   : type=1400 audit(0.0:219): avc: denied { read } for scontext=u:r:toolbox:s0 tcontext=u:r:gpuservice:s0 tclass=file permissive=1
01-01 08:00:08.888   309   309 I pgrep   : type=1400 audit(0.0:220): avc: denied { search } for name="274" dev="proc" ino=658 scontext=u:r:toolbox:s0 tcontext=u:r:gpuservice:s0 tclass=dir permissive=1
01-01 08:00:08.888   307   307 I xiriservice_All: type=1400 audit(0.0:221): avc: denied { search } for name="com.android.providers.media.module" dev="mmcblk0p25" ino=1259 scontext=u:r:init:s0 tcontext=u:object_r:privapp_data_file:s0:c74,c256,c512,c768 tclass=dir permissive=1
01-01 08:00:08.888   309   309 I pgrep   : type=1400 audit(0.0:222): avc: denied { open } for path="/proc/274/stat" dev="proc" ino=8133 scontext=u:r:toolbox:s0 tcontext=u:r:gpuservice:s0 tclass=file permissive=1
01-01 08:00:08.888   309   309 I pgrep   : type=1400 audit(0.0:223): avc: denied { getattr } for path="/proc/275" dev="proc" ino=694 scontext=u:r:toolbox:s0 tcontext=u:r:surfaceflinger:s0 tclass=dir permissive=1
01-01 08:00:08.888   309   309 I pgrep   : type=1400 audit(0.0:224): avc: denied { search } for name="275" dev="proc" ino=694 scontext=u:r:toolbox:s0 tcontext=u:r:surfaceflinger:s0 tclass=dir permissive=1
01-01 08:00:08.888   309   309 I pgrep   : type=1400 audit(0.0:225): avc: denied { open } for path="/proc/275/stat" dev="proc" ino=8134 scontext=u:r:toolbox:s0 tcontext=u:r:surfaceflinger:s0 tclass=file permissive=1
01-01 08:00:08.888   309   309 I pgrep   : type=1400 audit(0.0:226): avc: denied { getattr } for path="/proc/276" dev="proc" ino=7720 scontext=u:r:toolbox:s0 tcontext=u:r:pqd:s0 tclass=dir permissive=1
01-01 08:00:08.888   307   307 I xiriservice_All: type=1400 audit(0.0:227): avc: denied { read } for name="lib" dev="mmcblk0p25" ino=54667 scontext=u:r:init:s0 tcontext=u:object_r:privapp_data_file:s0:c74,c256,c512,c768 tclass=lnk_file permissive=1
01-01 08:00:08.888   309   309 I pgrep   : type=1400 audit(0.0:228): avc: denied { search } for name="276" dev="proc" ino=7720 scontext=u:r:toolbox:s0 tcontext=u:r:pqd:s0 tclass=dir permissive=1
01-01 08:00:08.888   309   309 I pgrep   : type=1400 audit(0.0:229): avc: denied { open } for path="/proc/276/stat" dev="proc" ino=8135 scontext=u:r:toolbox:s0 tcontext=u:r:pqd:s0 tclass=file permissive=1
01-01 08:00:08.888   309   309 I pgrep   : type=1400 audit(0.0:230): avc: denied { read } for scontext=u:r:toolbox:s0 tcontext=u:r:init:s0 tclass=file permissive=1
01-01 08:00:08.888   309   309 I pgrep   : type=1400 audit(0.0:231): avc: denied { open } for path="/proc/302/stat" dev="proc" ino=8136 scontext=u:r:toolbox:s0 tcontext=u:r:init:s0 tclass=file permissive=1
01-01 08:00:08.892   307   307 I xiriservice_All: type=1400 audit(0.0:232): avc: denied { search } for name="com.softwinner.theme.color" dev="mmcblk0p25" ino=1267 scontext=u:r:init:s0 tcontext=u:object_r:app_data_file:s0:c1,c256,c512,c768 tclass=dir permissive=1
01-01 08:00:08.892   307   307 I xiriservice_All: type=1400 audit(0.0:233): avc: denied { search } for name="com.android.hotspot2.osulogin" dev="mmcblk0p25" ino=1283 scontext=u:r:init:s0 tcontext=u:object_r:app_data_file:s0:c71,c256,c512,c768 tclass=dir permissive=1
01-01 08:00:08.892   317   317 I init    : type=1400 audit(0.0:234): avc: denied { execute } for name="led_switch.sh" dev="dm-1" ino=129 scontext=u:r:init:s0 tcontext=u:object_r:vendor_file:s0 tclass=file permissive=1
01-01 08:00:08.892   317   317 I init    : type=1400 audit(0.0:235): avc: denied { execute_no_trans } for path="/vendor/bin/led_switch.sh" dev="dm-1" ino=129 scontext=u:r:init:s0 tcontext=u:object_r:vendor_file:s0 tclass=file permissive=1
01-01 08:00:08.892   307   307 I xiriservice_All: type=1400 audit(0.0:236): avc: denied { search } for name="com.android.internal.systemui.navbar.gestural" dev="mmcblk0p25" ino=1291 scontext=u:r:init:s0 tcontext=u:object_r:app_data_file:s0:c7,c256,c512,c768 tclass=dir permissive=1
01-01 08:00:08.896   318   318 I check_xm_hidraw: type=1400 audit(0.0:237): avc: denied { execute_no_trans } for path="/system/bin/xm_hidread" dev="dm-0" ino=1298 scontext=u:r:init:s0 tcontext=u:object_r:system_file:s0 tclass=file permissive=1
01-01 08:00:08.896   307   307 I xiriservice_All: type=1400 audit(0.0:238): avc: denied { search } for name="com.android.bluetoothmidiservice" dev="mmcblk0p25" ino=1307 scontext=u:r:init:s0 tcontext=u:object_r:app_data_file:s0:c53,c256,c512,c768 tclass=dir permissive=1
01-01 08:00:08.900   307   307 I xiriservice_All: type=1400 audit(0.0:239): avc: denied { search } for name="com.android.traceur" dev="mmcblk0p25" ino=1331 scontext=u:r:init:s0 tcontext=u:object_r:app_data_file:s0:c13,c256,c512,c768 tclass=dir permissive=1
01-01 08:00:08.904   307   307 I xiriservice_All: type=1400 audit(0.0:240): avc: denied { read } for name="lib" dev="mmcblk0p25" ino=54672 scontext=u:r:init:s0 tcontext=u:object_r:bluetooth_data_file:s0 tclass=lnk_file permissive=1
01-01 08:00:08.908   307   307 I xiriservice_All: type=1400 audit(0.0:241): avc: denied { search } for name="com.android.captiveportallogin" dev="mmcblk0p25" ino=1356 scontext=u:r:init:s0 tcontext=u:object_r:app_data_file:s0:c43,c256,c512,c768 tclass=dir permissive=1
01-01 08:00:08.908   307   307 I xiriservice_All: type=1400 audit(0.0:242): avc: denied { search } for name="com.android.internal.systemui.navbar.gestural_narrow_back" dev="mmcblk0p25" ino=1364 scontext=u:r:init:s0 tcontext=u:object_r:app_data_file:s0:c10,c256,c512,c768 tclass=dir permissive=1
01-01 08:00:08.908   307   307 I xiriservice_All: type=1400 audit(0.0:243): avc: denied { search } for name="android.auto_generated_rro_vendor__" dev="mmcblk0p25" ino=1372 scontext=u:r:init:s0 tcontext=u:object_r:app_data_file:s0:c12,c256,c512,c768 tclass=dir permissive=1
01-01 08:00:08.916   318   318 I xm_hidread: type=1400 audit(0.0:244): avc: denied { create } for scontext=u:r:init:s0 tcontext=u:r:init:s0 tclass=netlink_kobject_uevent_socket permissive=1
01-01 08:00:08.916   318   318 I xm_hidread: type=1400 audit(0.0:245): avc: denied { setopt } for scontext=u:r:init:s0 tcontext=u:r:init:s0 tclass=netlink_kobject_uevent_socket permissive=1
01-01 08:00:08.916   318   318 I xm_hidread: type=1400 audit(0.0:246): avc: denied { bind } for scontext=u:r:init:s0 tcontext=u:r:init:s0 tclass=netlink_kobject_uevent_socket permissive=1
01-01 08:00:08.920   318   318 I xm_hidread: type=1400 audit(0.0:247): avc: denied { read } for scontext=u:r:init:s0 tcontext=u:r:init:s0 tclass=netlink_kobject_uevent_socket permissive=1
01-01 08:00:08.932   317   317 I led_switch.sh: type=1400 audit(0.0:248): avc: denied { add_name } for name="led_swith.txt" scontext=u:r:init:s0 tcontext=u:object_r:shell_data_file:s0 tclass=dir permissive=1 bug=b/77873135
01-01 08:00:08.932   317   317 I led_switch.sh: type=1400 audit(0.0:249): avc: denied { create } for name="led_swith.txt" scontext=u:r:init:s0 tcontext=u:object_r:shell_data_file:s0 tclass=file permissive=1 bug=b/77873135
01-01 08:00:08.932   317   317 I led_switch.sh: type=1400 audit(0.0:250): avc: denied { write } for name="led_swith.txt" dev="mmcblk0p25" ino=221 scontext=u:r:init:s0 tcontext=u:object_r:shell_data_file:s0 tclass=file permissive=1 bug=b/77873135
01-01 08:00:08.932   317   317 I led_switch.sh: type=1400 audit(0.0:251): avc: denied { open } for path="/data/local/tmp/led_swith.txt" dev="mmcblk0p25" ino=221 scontext=u:r:init:s0 tcontext=u:object_r:shell_data_file:s0 tclass=file permissive=1 bug=b/77873135
01-01 08:00:08.936   321   321 I led_switch.sh: type=1400 audit(0.0:252): avc: denied { execute_no_trans } for path="/vendor/bin/toolbox" dev="dm-1" ino=229 scontext=u:r:init:s0 tcontext=u:object_r:vendor_toolbox_exec:s0 tclass=file permissive=1
01-01 08:00:08.946   275   275 E cutils-trace: Error opening trace file: No such file or directory (2)
01-01 08:00:08.948   181   181 I hwservicemanager: getTransport: Cannot find entry android.hardware.configstore@1.0::ISurfaceFlingerConfigs/default in either framework or device VINTF manifest.
01-01 08:00:08.957   275   275 I SurfaceFlinger: Using HWComposer service: default
01-01 08:00:08.957   275   275 I SurfaceFlinger: SurfaceFlinger is starting
01-01 08:00:08.959   181   181 I hwservicemanager: getTransport: Cannot find entry android.hardware.configstore@1.1::ISurfaceFlingerConfigs/default in either framework or device VINTF manifest.
01-01 08:00:08.959   275   275 I SurfaceFlinger: Disabling blur effects, they are not supported.
01-01 08:00:08.965   275   275 I SurfaceFlinger: SurfaceFlinger's main thread ready to run. Initializing graphics H/W...
01-01 08:00:08.965   275   275 D RenderEngine: RenderEngine with GLES Backend
01-01 08:00:08.970   307   307 D XiriService: read SYSTEM APP lib
01-01 08:00:08.970   324   324 D DONGLE_SERVICE: ble_rc_service version is 2.0.26601
01-01 08:00:08.971   324   324 D DONGLE_SERVICE: init command center ...
01-01 08:00:08.971   324   324 D DONGLE_SERVICE: trying to scan for smart ctrl hidraw...
01-01 08:00:08.971   324   324 D DONGLE_SERVICE: command center, start working...
01-01 08:00:08.971   324   325 D DONGLE_SERVICE: >> start monitor uevent ...
01-01 08:00:08.977   243   243 I AndroidRuntime: Using default boot image
01-01 08:00:08.977   243   243 I AndroidRuntime: Leaving lock profiling enabled
01-01 08:00:08.988   243   243 E cutils-trace: Error opening trace file: No such file or directory (2)
01-01 08:00:08.992   243   243 I zygote  : option[0]=-Xzygote
01-01 08:00:08.992   243   243 I zygote  : option[1]=-Xdeny-art-apex-data-files
01-01 08:00:08.992   243   243 I zygote  : option[2]=exit
01-01 08:00:08.992   243   243 I zygote  : option[3]=vfprintf
01-01 08:00:08.992   243   243 I zygote  : option[4]=sensitiveThread
01-01 08:00:08.992   243   243 I zygote  : option[5]=-verbose:gc
01-01 08:00:08.992   243   243 I zygote  : option[6]=-XX:PerfettoHprof=true
01-01 08:00:08.992   243   243 I zygote  : option[7]=-XX:PerfettoJavaHeapStackProf=true
01-01 08:00:08.992   243   243 I zygote  : option[8]=-Xprimaryzygote
01-01 08:00:08.992   243   243 I zygote  : option[9]=-Xms5m
01-01 08:00:08.992   243   243 I zygote  : option[10]=-Xmx512m
01-01 08:00:08.992   243   243 I zygote  : option[11]=-XX:HeapGrowthLimit=256m
01-01 08:00:08.992   243   243 I zygote  : option[12]=-XX:HeapMinFree=512k
01-01 08:00:08.993   243   243 I zygote  : option[13]=-XX:HeapMaxFree=8m
01-01 08:00:08.993   243   243 I zygote  : option[14]=-XX:HeapTargetUtilization=0.75
01-01 08:00:08.993   243   243 I zygote  : option[15]=-Xusejit:true
01-01 08:00:08.993   243   243 I zygote  : option[16]=-Xjitsaveprofilinginfo
01-01 08:00:08.993   243   243 I zygote  : option[17]=-XMadviseWillNeedVdexFileSize:104857600
01-01 08:00:08.993   243   243 I zygote  : option[18]=-XMadviseWillNeedOdexFileSize:104857600
01-01 08:00:08.993   243   243 I zygote  : option[19]=-XMadviseWillNeedArtFileSize:4294967295
01-01 08:00:08.993   243   243 I zygote  : option[20]=-XjdwpOptions:suspend=n,server=y
01-01 08:00:08.993   243   243 I zygote  : option[21]=-XjdwpProvider:default
01-01 08:00:08.993   243   243 I zygote  : option[22]=-Xopaque-jni-ids:swapable
01-01 08:00:08.993   243   243 I zygote  : option[23]=-Xcompiler-option
01-01 08:00:08.993   243   243 I zygote  : option[24]=--instruction-set-variant=cortex-a7
01-01 08:00:08.993   243   243 I zygote  : option[25]=-Xcompiler-option
01-01 08:00:08.993   243   243 I zygote  : option[26]=--instruction-set-features=default
01-01 08:00:08.993   243   243 I zygote  : option[27]=-Xcompiler-option
01-01 08:00:08.993   243   243 I zygote  : option[28]=--generate-mini-debug-info
01-01 08:00:08.993   243   243 I zygote  : option[29]=-Ximage-compiler-option
01-01 08:00:08.993   243   243 I zygote  : option[30]=--runtime-arg
01-01 08:00:08.993   243   243 I zygote  : option[31]=-Ximage-compiler-option
01-01 08:00:08.993   243   243 I zygote  : option[32]=-Xms64m
01-01 08:00:08.993   243   243 I zygote  : option[33]=-Ximage-compiler-option
01-01 08:00:08.993   243   243 I zygote  : option[34]=--runtime-arg
01-01 08:00:08.993   243   243 I zygote  : option[35]=-Ximage-compiler-option
01-01 08:00:08.993   243   243 I zygote  : option[36]=-Xmx64m
01-01 08:00:08.993   243   243 I zygote  : option[37]=-Ximage-compiler-option
01-01 08:00:08.993   243   243 I zygote  : option[38]=--dirty-image-objects=/system/etc/dirty-image-objects
01-01 08:00:08.993   243   243 I zygote  : option[39]=-Ximage-compiler-option
01-01 08:00:08.993   243   243 I zygote  : option[40]=--instruction-set-variant=cortex-a7
01-01 08:00:08.993   243   243 I zygote  : option[41]=-Ximage-compiler-option
01-01 08:00:08.993   243   243 I zygote  : option[42]=--instruction-set-features=default
01-01 08:00:08.993   243   243 I zygote  : option[43]=-Ximage-compiler-option
01-01 08:00:08.993   243   243 I zygote  : option[44]=--generate-mini-debug-info
01-01 08:00:08.993   243   243 I zygote  : option[45]=-Duser.locale=zh-CN
01-01 08:00:08.993   243   243 I zygote  : option[46]=--cpu-abilist=armeabi-v7a,armeabi
01-01 08:00:08.993   243   243 I zygote  : option[47]=-Xfingerprint:Dangbei/raven/raven:12/SP1A.211105.004/20250606.134233:user/release-keys
01-01 08:00:09.000   307   307 I xiriservice_All: type=1400 audit(0.0:253): avc: denied { watch } for path="/data/data" dev="mmcblk0p25" ino=88 scontext=u:r:init:s0 tcontext=u:object_r:system_data_file:s0:c512,c768 tclass=dir permissive=1
01-01 08:00:09.015   243   243 W zygote  : ART APEX data files are untrusted.
01-01 08:00:09.028   327   327 I rainbow_flow: type=1400 audit(0.0:254): avc: denied { write } for name="spidev1.0" dev="tmpfs" ino=5830 scontext=u:r:init:s0 tcontext=u:object_r:device:s0 tclass=chr_file permissive=1
01-01 08:00:09.028   327   327 I rainbow_flow: type=1400 audit(0.0:255): avc: denied { open } for path="/dev/spidev1.0" dev="tmpfs" ino=5830 scontext=u:r:init:s0 tcontext=u:object_r:device:s0 tclass=chr_file permissive=1
01-01 08:00:09.028   327   327 I rainbow_flow: type=1400 audit(0.0:256): avc: denied { ioctl } for path="/dev/spidev1.0" dev="tmpfs" ino=5830 ioctlcmd=0x6b01 scontext=u:r:init:s0 tcontext=u:object_r:device:s0 tclass=chr_file permissive=1
01-01 08:00:09.045   328   328 I bootstat: Service started: /system/bin/bootstat --set_system_boot_reason 
01-01 08:00:09.047   328   328 I bootstat: Canonical boot reason: reboot
01-01 08:00:09.047   328   328 I bootstat: Canonical boot reason: reboot
01-01 08:00:09.049     1     1 W FAT-fs (mmcblk0p24): Volume was not properly unmounted. Some data may be corrupt. Please run fsck.
01-01 08:00:09.058   268   268 I FastMixerState: sMaxFastTracks = 8
01-01 08:00:09.061   328   328 E bootstat: Failed to read /metadata/bootstat/persist.sys.boot.reason: No such file or directory
01-01 08:00:09.061   328   328 I bootstat: Value of persist.sys.boot.reason : 
01-01 08:00:09.061   328   328 I bootstat: Normalized last reboot reason : reboot
01-01 08:00:09.072   268   268 V MediaUtils: physMem: 2055442432
01-01 08:00:09.072   268   268 V MediaUtils: requested limit: 411088480
01-01 08:00:09.072   268   268 I libc    : malloc_limit: Allocation limit enabled, max size 411088480 bytes
01-01 08:00:09.073   268   268 I audioserver: ServiceManager: 0xed650420
01-01 08:00:09.074   268   268 W BatteryNotifier: batterystats service unavailable!
01-01 08:00:09.075   268   268 E cutils-trace: Error opening trace file: No such file or directory (2)
01-01 08:00:09.118   330   330 I perfetto: probes.cc:84            Starting /system/bin/traced_probes service
01-01 08:00:09.119   330   335 I perfetto: _activity_trigger.cc:71 mm_events ftrace instance not found. Triggering of traces on memory pressure will not be available on this device.
01-01 08:00:09.121   330   330 I perfetto: probes_producer.cc:129  Disconnected from tracing service
01-01 08:00:09.124   328   328 E bootstat: Failed to unlink /metadata/bootstat/persist.sys.boot.reason: No such file or directory
01-01 08:00:09.140   263   263 I EventThread: type=1400 audit(0.0:257): avc: denied { search } for name="extcon" dev="sysfs" ino=18109 scontext=u:r:hal_tv_cec_default:s0 tcontext=u:object_r:sysfs_extcon:s0 tclass=dir permissive=1
01-01 08:00:09.140   263   263 I EventThread: type=1400 audit(0.0:258): avc: denied { read } for name="u:object_r:default_prop:s0" dev="tmpfs" ino=2737 scontext=u:r:hal_tv_cec_default:s0 tcontext=u:object_r:default_prop:s0 tclass=file permissive=1
01-01 08:00:09.140   263   263 I EventThread: type=1400 audit(0.0:259): avc: denied { open } for path="/dev/__properties__/u:object_r:default_prop:s0" dev="tmpfs" ino=2737 scontext=u:r:hal_tv_cec_default:s0 tcontext=u:object_r:default_prop:s0 tclass=file permissive=1
01-01 08:00:09.140   263   263 I EventThread: type=1400 audit(0.0:260): avc: denied { getattr } for path="/dev/__properties__/u:object_r:default_prop:s0" dev="tmpfs" ino=2737 scontext=u:r:hal_tv_cec_default:s0 tcontext=u:object_r:default_prop:s0 tclass=file permissive=1
01-01 08:00:09.140   263   263 I EventThread: type=1400 audit(0.0:261): avc: denied { map } for path="/dev/__properties__/u:object_r:default_prop:s0" dev="tmpfs" ino=2737 scontext=u:r:hal_tv_cec_default:s0 tcontext=u:object_r:default_prop:s0 tclass=file permissive=1
01-01 08:00:09.148   327   327 I rainbow_flow: type=1400 audit(0.0:262): avc: denied { ioctl } for path="/dev/spidev1.0" dev="tmpfs" ino=5830 ioctlcmd=0x6b00 scontext=u:r:init:s0 tcontext=u:object_r:device:s0 tclass=chr_file permissive=1
01-01 08:00:09.160   337   337 I preloaddata: type=1400 audit(0.0:263): avc: denied { write search } for name="tmp" dev="mmcblk0p25" ino=86 scontext=u:r:toolbox:s0 tcontext=u:object_r:shell_data_file:s0 tclass=dir permissive=1
01-01 08:00:09.160   337   337 I preloaddata: type=1400 audit(0.0:264): avc: denied { getattr } for path="/data/local/tmp" dev="mmcblk0p25" ino=86 scontext=u:r:toolbox:s0 tcontext=u:object_r:shell_data_file:s0 tclass=dir permissive=1
01-01 08:00:09.179   336   336 W perfetto: service.cc:207          Started traced, listening on /dev/socket/traced_producer /dev/socket/traced_consumer
01-01 08:00:09.187   318   319 D XM_HIDREAD: add@ add@/devices/platform/uwe_bsp.0
01-01 08:00:09.184   324   324 I xiriservice_All: type=1400 audit(0.0:265): avc: denied { read } for scontext=u:r:init:s0 tcontext=u:r:init:s0 tclass=netlink_kobject_uevent_socket permissive=1
01-01 08:00:09.189   318   319 D XM_HIDREAD: add@ add@/devices/platform/uwe_bsp.0/wakeup/wakeup8
01-01 08:00:09.189   164   164 I WCN     : marlin_init entry!
01-01 08:00:09.191   164   164 I WCN     : unisoc wcn driver version: W25.23.5, build time: Jun  6 2025 09:54:14 (UTC)
01-01 08:00:09.191   164   164 I WCN     : wcn config keep power on
01-01 08:00:09.191   164   164 I WCN     : wcn config bt wake host
01-01 08:00:09.191   164   164 I WCN     : marlin_registsr_bt_wake bt_hostwake gpio=208 intnum=237
01-01 08:00:09.192   164   164 I sdiohal : sdiohal_parse_dt adma_tx:1, adma_rx:1, pwrseq:0, irq type:data, gpio_num:0, blksize:840
01-01 08:00:09.203   318   319 D XM_HIDREAD: add@ add@/class/slog_wcn
01-01 08:00:09.196   164   164 E sdiohal err: sdio, BITS =64, PageSize =4096, order=6, 3
01-01 08:00:09.205   164   164 I sdiohal : sdiohal_init ok
01-01 08:00:09.207   318   319 D XM_HIDREAD: add@ add@/devices/virtual/slog_wcn/slog_wcn0
01-01 08:00:09.211   268   268 I ServiceManager: Waiting for service 'media.metrics' on '/dev/binder'...
01-01 08:00:09.211   318   319 D XM_HIDREAD: add@ add@/devices/virtual/slog_wcn/slog_wcn1
01-01 08:00:09.214   318   319 D XM_HIDREAD: add@ add@/devices/virtual/misc/wcn_op
01-01 08:00:09.214   275   275 D libEGL  : loaded /vendor/lib/egl/libGLES_mali.so
01-01 08:00:09.215   318   319 D XM_HIDREAD: add@ add@/bus/platform/drivers/uwe_bsp
01-01 08:00:09.215   318   319 D XM_HIDREAD: add@ add@/module/uwe5621_bsp_sdio
01-01 08:00:09.216   164   164 I WCN     : marlin_probe ok!
01-01 08:00:09.258   318   319 D XM_HIDREAD: add@ add@/devices/platform/mtty.0
01-01 08:00:09.259   318   319 D XM_HIDREAD: add@ add@/devices/virtual/tty/ttyBT0
01-01 08:00:09.256   164   164 E         : uwe5621_bt_tty_init
01-01 08:00:09.261   164   164 E         : mtty_probe unisoc soc, continue
01-01 08:00:09.262   164   164 I         : mtty_probe init device addr: 0x000000008ec7706b
01-01 08:00:09.268   164   164 E         : rfkill_bluetooth_init
01-01 08:00:09.270   318   319 D XM_HIDREAD: add@ add@/devices/platform/mtty.0/rfkill/rfkill1
01-01 08:00:09.273   164   164 E         : rfkill_bluetooth_init end
01-01 08:00:09.278   164   164 E         : marlin_sdio_init
01-01 08:00:09.280   318   319 D XM_HIDREAD: add@ add@/bus/platform/drivers/mtty
01-01 08:00:09.280   318   319 D XM_HIDREAD: add@ add@/module/sprdbt_tty
01-01 08:00:09.289   275   275 I RenderEngine: Realtime priority unsupported, degrading gracefully to high priority
01-01 08:00:09.340   330   330 I perfetto: probes_producer.cc:112  Connected to the service
01-01 08:00:09.356     1     1 I init    : type=1400 audit(0.0:266): avc: denied { read } for name="ext_csd" dev="debugfs" ino=5715 scontext=u:r:init:s0 tcontext=u:object_r:debugfs_mmc:s0 tclass=file permissive=1
01-01 08:00:09.356     1     1 I init    : type=1400 audit(0.0:267): avc: denied { open } for path="/sys/kernel/debug/mmc0/mmc0:0001/ext_csd" dev="debugfs" ino=5715 scontext=u:r:init:s0 tcontext=u:object_r:debugfs_mmc:s0 tclass=file permissive=1
01-01 08:00:09.380   361   361 I storaged: type=1400 audit(0.0:268): avc: denied { read } for path="/sys/kernel/debug/mmc0/mmc0:0001/ext_csd" dev="debugfs" ino=5715 scontext=u:r:storaged:s0 tcontext=u:object_r:debugfs_mmc:s0 tclass=file permissive=1
01-01 08:00:09.390   181   181 I hwservicemanager: getTransport: Cannot find entry android.hardware.graphics.mapper@4.0::IMapper/default in either framework or device VINTF manifest.
01-01 08:00:09.391   275   275 I Gralloc4: mapper 4.x is not supported
01-01 08:00:09.406   181   181 I hwservicemanager: getTransport: Cannot find entry android.hardware.graphics.mapper@3.0::IMapper/default in either framework or device VINTF manifest.
01-01 08:00:09.407   275   275 W Gralloc3: mapper 3.x is not supported
01-01 08:00:09.439   275   275 E gralloc : Arm Module v1.0
01-01 08:00:09.455   355   355 I installd: installd firing up
01-01 08:00:09.457   181   181 I hwservicemanager: getTransport: Cannot find entry android.hardware.graphics.allocator@4.0::IAllocator/default in either framework or device VINTF manifest.
01-01 08:00:09.470   275   275 W Gralloc4: allocator 4.x is not supported
01-01 08:00:09.471   181   181 I hwservicemanager: getTransport: Cannot find entry android.hardware.graphics.allocator@3.0::IAllocator/default in either framework or device VINTF manifest.
01-01 08:00:09.472   275   275 W Gralloc3: allocator 3.x is not supported
01-01 08:00:09.499   253   279 E ion     : ioctl c0044901 failed with code -1: Inappropriate ioctl for device
01-01 08:00:09.500   253   279 I gralloc : alloc buffer:W:1 H:1 S:16 PL[1 1] SZ:64 fmt:1 if:0 af:1 usg:300 fg:00000004
01-01 08:00:09.501   275   275 E ion     : ioctl c0044901 failed with code -1: Inappropriate ioctl for device
01-01 08:00:09.500   327   327 I rainbow_flow: type=1400 audit(0.0:269): avc: denied { ioctl } for path="/dev/spidev1.0" dev="tmpfs" ino=5830 ioctlcmd=0x6b00 scontext=u:r:init:s0 tcontext=u:object_r:device:s0 tclass=chr_file permissive=1
01-01 08:00:09.511   275   275 I RenderEngine: OpenGL ES informations:
01-01 08:00:09.512   275   275 I RenderEngine: vendor    : ARM
01-01 08:00:09.512   275   275 I RenderEngine: renderer  : Mali-G31
01-01 08:00:09.512   275   275 I RenderEngine: version   : OpenGL ES 3.2 v1.r20p0-01rel0.9f6475d0baffb05079096179e1278b1d
01-01 08:00:09.512   275   275 I RenderEngine: extensions: GL_EXT_debug_marker GL_ARM_rgba8 GL_ARM_mali_shader_binary GL_OES_depth24 GL_OES_depth_texture GL_OES_depth_texture_cube_map GL_OES_packed_depth_stencil GL_OES_rgb8_rgba8 GL_EXT_read_format_bgra GL_OES_compressed_paletted_texture GL_OES_compressed_ETC1_RGB8_texture GL_OES_standard_derivatives GL_OES_EGL_image GL_OES_EGL_image_external GL_OES_EGL_image_external_essl3 GL_OES_EGL_sync GL_OES_texture_npot GL_OES_vertex_half_float GL_OES_required_internalformat GL_OES_vertex_array_object GL_OES_mapbuffer GL_EXT_texture_format_BGRA8888 GL_EXT_texture_rg GL_EXT_texture_type_2_10_10_10_REV GL_OES_fbo_render_mipmap GL_OES_element_index_uint GL_EXT_shadow_samplers GL_OES_texture_compression_astc GL_KHR_texture_compression_astc_ldr GL_KHR_texture_compression_astc_hdr GL_KHR_texture_compression_astc_sliced_3d GL_EXT_texture_compression_astc_decode_mode GL_EXT_texture_compression_astc_decode_mode_rgb9e5 GL_KHR_debug GL_EXT_occlusion_query_boolean GL_EXT_disjoint_timer_query GL_EXT_blend_minmax GL_EXT_discard_
01-01 08:00:09.512   275   275 I RenderEngine: GL_MAX_TEXTURE_SIZE = 8192
01-01 08:00:09.512   275   275 I RenderEngine: GL_MAX_VIEWPORT_DIMS = 8192
01-01 08:00:09.512   275   275 W libprocessgroup: Failed to open /dev/cpuset/system-background/tasks: Permission denied: Permission denied
01-01 08:00:09.512   275   275 W libprocessgroup: Failed to apply SFMainPolicy task profile: Permission denied
01-01 08:00:09.525   181   181 I hwservicemanager: getTransport: Cannot find entry android.hardware.graphics.mapper@4.0::IMapper/default in either framework or device VINTF manifest.
01-01 08:00:09.527   257   257 I ComposerResources: failed to get mapper 4.0 service, falling back to mapper 3.0
01-01 08:00:09.528   181   181 I hwservicemanager: getTransport: Cannot find entry android.hardware.graphics.mapper@3.0::IMapper/default in either framework or device VINTF manifest.
01-01 08:00:09.529   257   257 I ComposerResources: failed to get mapper 3.0 service, falling back to mapper 2.0
01-01 08:00:09.541   257   257 E gralloc : Arm Module v1.0
01-01 08:00:09.557   257   257 I sunxihwc: createDeviceFactory: IDeviceFactory from hardware/aw/display/hwc-hal/disp2/HomletDeviceFactory.cpp
01-01 08:00:09.557   257   257 I sunxihwc: Device name: raven
01-01 08:00:09.562   257   257 D sunxihwc: Device config file: /vendor/etc/dispconfigs/homlet-default.json
01-01 08:00:09.563   371   371 D WifiHWInfo: Start to load wireless module hardware info table...
01-01 08:00:09.562   364   364 I wificond: wificond is starting up...
01-01 08:00:09.563   257   257 D sunxihwc: Parse 'Display0' config
01-01 08:00:09.563   257   257 D sunxihwc: Parse 'Display1' config
01-01 08:00:09.564   257   376 I sunxihwc: threadLoop: EventThread start
01-01 08:00:09.565   371   371 D WifiHWInfo: Entry [01], BUS: SDIO, ID: 0x024C8179, Name: rtl8189es.
01-01 08:00:09.565   371   371 D WifiHWInfo: Entry [02], BUS: SDIO, ID: 0x024CB723, Name: rtl8723bs_vq0.
01-01 08:00:09.565   371   371 D WifiHWInfo: Entry [03], BUS: SDIO, ID: 0x024CB703, Name: rtl8723cs.
01-01 08:00:09.565   371   371 D WifiHWInfo: Entry [04], BUS: SDIO, ID: 0x024CD723, Name: rtl8723ds.
01-01 08:00:09.565   371   371 D WifiHWInfo: Entry [05], BUS: SDIO, ID: 0x024CF179, Name: rtl8189fs.
01-01 08:00:09.565   371   371 D WifiHWInfo: Entry [06], BUS: SDIO, ID: 0x024CB822, Name: rtl88x2bs.
01-01 08:00:09.565   371   371 D WifiHWInfo: Entry [07], BUS:  USB, ID: 0x0BDAD723, Name: rtl8723du.
01-01 08:00:09.565   371   371 D WifiHWInfo: Entry [08], BUS:  USB, ID: 0x0BDA8179, Name: rtl8188etv.
01-01 08:00:09.565   371   371 D WifiHWInfo: Entry [09], BUS:  USB, ID: 0x0BDA0179, Name: rtl8188eu.
01-01 08:00:09.565   371   371 D WifiHWInfo: Entry [10], BUS:  USB, ID: 0x0BDA818B, Name: rtl8192eu.
01-01 08:00:09.565   371   371 D WifiHWInfo: Entry [11], BUS:  USB, ID: 0x0BDAB720, Name: rtl8723bu.
01-01 08:00:09.565   371   371 D WifiHWInfo: Entry [12], BUS:  USB, ID: 0x0BDAC82C, Name: rtl8822cu.
01-01 08:00:09.565   371   371 D WifiHWInfo: Entry [13], BUS:  USB, ID: 0x0BDAF179, Name: rtl8188fu.
01-01 08:00:09.565   371   371 D WifiHWInfo: Entry [14], BUS: SDIO, ID: 0x02D0A9A6, Name: ap6212.
01-01 08:00:09.565   371   371 D WifiHWInfo: Entry [15], BUS: SDIO, ID: 0x02D04330, Name: ap6330.
01-01 08:00:09.565   371   371 D WifiHWInfo: Entry [16], BUS: SDIO, ID: 0x02D04356, Name: ap6356s.
01-01 08:00:09.566   371   371 D WifiHWInfo: Entry [17], BUS: SDIO, ID: 0x02D0A9BF, Name: ap6255.
01-01 08:00:09.566   371   371 D WifiHWInfo: Entry [18], BUS: SDIO, ID: 0x02D04334, Name: bcm43342.
01-01 08:00:09.566   371   371 D WifiHWInfo: Entry [19], BUS: SDIO, ID: 0x00202281, Name: xr819.
01-01 08:00:09.566   371   371 D WifiHWInfo: Entry [20], BUS: SDIO, ID: 0x0A9E2282, Name: xr829.
01-01 08:00:09.566   371   371 D WifiHWInfo: Entry [21], BUS: SDIO, ID: 0x0271050A, Name: qca6174a.
01-01 08:00:09.566   371   371 D WifiHWInfo: Entry [22], BUS: SDIO, ID: 0x30303030, Name: ssv6x5x.
01-01 08:00:09.568   257   377 W displayd: xxxxxxx: threadedStartup begin
01-01 08:00:09.568   257   377 I sunxihwc: Device name: raven
01-01 08:00:09.569   257   377 D sunxihwc: Device config file: /vendor/etc/dispconfigs/homlet-default.json
01-01 08:00:09.570   371   371 D WifiHWInfo: Entry [23], BUS: SDIO, ID: 0x00000000, Name: uwe5621.
01-01 08:00:09.570   371   371 D WifiHWInfo: Entry [24], BUS: SDIO, ID: 0x54490145, Name: aic8800.
01-01 08:00:09.570   371   371 D WifiHWInfo: Entry [25], BUS: SDIO, ID: 0xC8A1C08D, Name: aic8800.
