06-06 19:34:58.183   365  3800 D cedarc  : <HevcInitialFBM:371>:  h265 initial fbm number: 16, reference pictures: 6.             reorder pictures: 2, real_w: 1920, real_h: 1080
06-06 19:34:58.183   365  3800 D cedarc  : <VeSetAdjustDramSpeedFlag:1857>: **** VeSetAdjustDramSpeedFlag: 0
06-06 19:34:58.183   365  3800 D cedarc  : <VeSetEnableAfbcFlag:1848>: **** VeSetEnableAfbcFlag: 0
06-06 19:34:58.183   365  3800 D cedarc  : <HevcInitialFBM:403>: *************** pHevcDec->bEnableAfbcFlag = 0
06-06 19:34:58.183   365  3800 D cedarc  : <HevcInitialFBM:441>: b10BitStreamFlag = 0, 0
06-06 19:34:58.184   365  3800 D fbm.c   : <FbmCreateBuffer:200>: FbmCreate, total fbm number: 16, decoder needed: 8,  nWidth=1920, nHeight=1080 nAlignStride = 32
06-06 19:34:58.184   365  3800 D fbm.c   : <FbmCreateBuffer:370>: *** calcute nLower2BitBufOffset = 0(0.00), stride = 0
06-06 19:34:58.184   365  3800 D fbm.c   : <FbmCreateBuffer:370>: *** calcute nLower2BitBufOffset = 0(0.00), stride = 0
06-06 19:34:58.184   365  3800 D fbm.c   : <FbmCreateBuffer:370>: *** calcute nLower2BitBufOffset = 0(0.00), stride = 0
06-06 19:34:58.184   365  3800 D fbm.c   : <FbmCreateBuffer:370>: *** calcute nLower2BitBufOffset = 0(0.00), stride = 0
06-06 19:34:58.184   365  3800 D fbm.c   : <FbmCreateBuffer:370>: *** calcute nLower2BitBufOffset = 0(0.00), stride = 0
06-06 19:34:58.184   365  3800 D fbm.c   : <FbmCreateBuffer:370>: *** calcute nLower2BitBufOffset = 0(0.00), stride = 0
06-06 19:34:58.184   365  3800 D fbm.c   : <FbmCreateBuffer:370>: *** calcute nLower2BitBufOffset = 0(0.00), stride = 0
06-06 19:34:58.184   365  3800 D fbm.c   : <FbmCreateBuffer:370>: *** calcute nLower2BitBufOffset = 0(0.00), stride = 0
06-06 19:34:58.184   365  3800 D fbm.c   : <FbmCreateBuffer:370>: *** calcute nLower2BitBufOffset = 0(0.00), stride = 0
06-06 19:34:58.184   365  3800 D fbm.c   : <FbmCreateBuffer:370>: *** calcute nLower2BitBufOffset = 0(0.00), stride = 0
06-06 19:34:58.184   365  3800 D fbm.c   : <FbmCreateBuffer:370>: *** calcute nLower2BitBufOffset = 0(0.00), stride = 0
06-06 19:34:58.184   365  3800 D fbm.c   : <FbmCreateBuffer:370>: *** calcute nLower2BitBufOffset = 0(0.00), stride = 0
06-06 19:34:58.184   365  3800 D fbm.c   : <FbmCreateBuffer:370>: *** calcute nLower2BitBufOffset = 0(0.00), stride = 0
06-06 19:34:58.184   365  3800 D fbm.c   : <FbmCreateBuffer:370>: *** calcute nLower2BitBufOffset = 0(0.00), stride = 0
06-06 19:34:58.184   365  3800 D fbm.c   : <FbmCreateBuffer:370>: *** calcute nLower2BitBufOffset = 0(0.00), stride = 0
06-06 19:34:58.184   365  3800 D fbm.c   : <FbmCreateBuffer:370>: *** calcute nLower2BitBufOffset = 0(0.00), stride = 0
06-06 19:34:58.184   365  3800 D fbm.c   : <FbmCreateBuffer:475>: *** finish fbmCreateBuffer
06-06 19:34:58.184   365  3801 D omx_vdec_aw: <anGetVideoFbmBufInfo:700>: video buffer info: nWidth[1920],nHeight[1088],nBufferCount[16],ePixelFormat[4]
06-06 19:34:58.184   365  3801 D omx_vdec_aw: <anGetVideoFbmBufInfo:704>: video buffer info: nAlignValue[32],bProgressiveFlag[1],bIsSoftDecoderFlag[0]
06-06 19:34:58.184   365  3801 D omx_vdec_aw: <anGetVideoFbmBufInfo:735>: **** nExtendFlag = 0
06-06 19:34:58.184   365  3801 D omx_vdec_aw: <anGetVideoFbmBufInfo:745>: *** bBufferNumMatchFlag = 0
06-06 19:34:58.184   365  3801 D omx_vdec_aw: <anGetVideoFbmBufInfo:762>: ************** port setting change ************
06-06 19:34:58.184   365  3801 D omx_vdec_aw: <anGetVideoFbmBufInfo:768>: ****  buffer num: 9, 16; w&h: 1920, 1080, 1920, 1088
06-06 19:34:58.184   365  3801 D omx_vdec: <decoderCallbackProcess:937>: *******AW_OMX_CB_PORT_CHANGE
06-06 19:34:58.185   365   365 W omx_vdec: <__AwOmxVdecGetConfig:1635>: +++++ get display crop: top[0],left[0],width[1920],height[1080]
06-06 19:34:58.185   365   365 D omx_vdec_aw: <__anGetExtConfig:3045>: get ColorAspects: R:0, P:0, M:0, T:0
06-06 19:34:58.186   365   365 D omx_vdec_aw: <__anGetExtConfig:3045>: get ColorAspects: R:0, P:0, M:0, T:0
06-06 19:34:58.186   365   365 E OMXNodeInstance: getConfig(0xf0a6f000:allwinner.decoder.hevc, ??(0x7f100007)) ERROR: UnsupportedSetting(0x80001019)
06-06 19:34:58.186  3613  3783 W ColorUtils: expected specified color aspects (0:0:0:0)
06-06 19:34:58.186   365  3786 D omx_thread: <OmxThread_suspend:223>: ++++++++++suspend, drain
06-06 19:34:58.186   365   365 D omx_vdec: <AwOmxVdecPortFreeBuffer:462>: port:>>>>>>>out, pBufferHdr:0xf0a6f880
06-06 19:34:58.187   365   365 D omx_vdec: <AwOmxVdecPortFreeBuffer:462>: port:>>>>>>>out, pBufferHdr:0xf0a6f830
06-06 19:34:58.187   365   365 D omx_vdec: <AwOmxVdecPortFreeBuffer:462>: port:>>>>>>>out, pBufferHdr:0xf0a6f7e0
06-06 19:34:58.187   365   365 D omx_vdec: <AwOmxVdecPortFreeBuffer:462>: port:>>>>>>>out, pBufferHdr:0xf0a6f790
06-06 19:34:58.187   365   365 D omx_vdec: <AwOmxVdecPortFreeBuffer:462>: port:>>>>>>>out, pBufferHdr:0xf0a6f740
06-06 19:34:58.191   365  3801 D omx_thread: <loopEntryWrapper:38>: post stop run sem drain
06-06 19:34:58.191   365  3786 D omx_thread: <OmxThread_suspend:226>: ++++++++wait stop-run sem done: drain
06-06 19:34:58.191   365  3786 D omx_vdec: <controlStopPort:525>: ****stop port****, portIdx:1
06-06 19:34:58.192   365   365 D omx_vdec: <AwOmxVdecPortFreeBuffer:462>: port:>>>>>>>out, pBufferHdr:0xf0a6f600
06-06 19:34:58.193   365   365 D omx_vdec: <AwOmxVdecPortFreeBuffer:462>: port:>>>>>>>out, pBufferHdr:0xf0a6f650
06-06 19:34:58.193   365   365 D omx_vdec: <AwOmxVdecPortFreeBuffer:462>: port:>>>>>>>out, pBufferHdr:0xf0a6f6a0
06-06 19:34:58.193   365   365 D omx_vdec: <AwOmxVdecPortFreeBuffer:462>: port:>>>>>>>out, pBufferHdr:0xf0a6f6f0
06-06 19:34:58.195  3613  3795 I virtual Data FFDemuxer::read(): read frame ret: End of file latestReceivedTime: 14933 getTotalTimeMillis: 7500 is exit: 0 
06-06 19:34:58.195  3613  3795 I virtual Data FFDemuxer::read(): smooth loop
06-06 19:34:58.195  3613  3795 D virtual Data FFDemuxer::read(): seekTargetTime :0 seek_by_bytes: 0 protocolName: file isNetworkProtocol: 0
06-06 19:34:58.195  3613  3795 D virtual Data FFDemuxer::read(): seekTime :0
06-06 19:34:58.195  3613  3795 D virtual Data FFDemuxer::read(): avformat_seek_file ret: 0
06-06 19:34:58.204   365  3786 D omx_vdec: <controlRestartPort:589>:  restart port command. portIdx:1,m_state:OMX_StateExecuting
06-06 19:34:58.204   365   365 W omx_vdec: <__AwOmxVdecGetExtensionIndex:1737>: GetExtensionIndex OMX.google.android.index.AndroidNativeBufferConsumerUsage, err [0x80001001].
06-06 19:34:58.205   365   365 D omx_vdec_aw: <__anGetExtPara:2902>:  ===== get usage: 400400
06-06 19:34:58.205  3613  3783 D SurfaceUtils: disconnecting from surface 0xf108b408, reason setNativeWindowSizeFormatAndUsage
06-06 19:34:58.207  3613  3783 D SurfaceUtils: connecting to surface 0xf108b408, reason setNativeWindowSizeFormatAndUsage
06-06 19:34:58.207  3613  3795 I virtual Data FFDemuxer::read(): read frame ret: End of file latestReceivedTime: 22433 getTotalTimeMillis: 7500 is exit: 0 
06-06 19:34:58.207  3613  3783 D SurfaceUtils: set up nativeWindow 0xf108b408 for 1920x1088, color 0x32315659, rotation 0, usage 0x402d00
06-06 19:34:58.207  3613  3795 I virtual Data FFDemuxer::read(): smooth loop
06-06 19:34:58.207  3613  3795 D virtual Data FFDemuxer::read(): seekTargetTime :0 seek_by_bytes: 0 protocolName: file isNetworkProtocol: 0
06-06 19:34:58.207  3613  3795 D virtual Data FFDemuxer::read(): seekTime :0
06-06 19:34:58.207  3613  3795 D virtual Data FFDemuxer::read(): avformat_seek_file ret: 0
06-06 19:34:58.207   365   365 D omx_vdec: <AwOmxVdecPortSetDefinitioin:201>: port:>>>>>>>out,nBufferCountActual = 16, mBufferCntActual = 9
06-06 19:34:58.207   365   365 D omx_vdec: <AwOmxVdecPortSetDefinitioin:216>: ****port, extbuf:5
06-06 19:34:58.207   365   365 D omx_vdec: <AwOmxVdecPortSetDefinitioin:227>: PORT:>>>>>>>out, x allocate 16 buffers.
06-06 19:34:58.209   253   253 I gralloc : alloc buffer:W:1920 H:1088 S:1920 PL[1920 1088] SZ:3133504 fmt:842094169 if:0 af:842094169 usg:400900 fg:00000004
06-06 19:34:58.210   365   365 D omx_vdec: <AwOmxVdecPortAddBuffer:400>: >>>>>>>out port add buffer: 0xf0a6e100
06-06 19:34:58.214   253   253 I gralloc : alloc buffer:W:1920 H:1088 S:1920 PL[1920 1088] SZ:3133504 fmt:842094169 if:0 af:842094169 usg:400900 fg:00000004
06-06 19:34:58.216   365   365 D omx_vdec: <AwOmxVdecPortAddBuffer:400>: >>>>>>>out port add buffer: 0xf0a6e200
06-06 19:34:58.218   253   253 I gralloc : alloc buffer:W:1920 H:1088 S:1920 PL[1920 1088] SZ:3133504 fmt:842094169 if:0 af:842094169 usg:400900 fg:00000004
06-06 19:34:58.220   365   365 D omx_vdec: <AwOmxVdecPortAddBuffer:400>: >>>>>>>out port add buffer: 0xf0a6e300
06-06 19:34:58.223   253   253 I gralloc : alloc buffer:W:1920 H:1088 S:1920 PL[1920 1088] SZ:3133504 fmt:842094169 if:0 af:842094169 usg:400900 fg:00000004
06-06 19:34:58.225   365   365 D omx_vdec: <AwOmxVdecPortAddBuffer:400>: >>>>>>>out port add buffer: 0xf0a6e400
06-06 19:34:58.227   253   253 I gralloc : alloc buffer:W:1920 H:1088 S:1920 PL[1920 1088] SZ:3133504 fmt:842094169 if:0 af:842094169 usg:400900 fg:00000004
06-06 19:34:58.229  3613  3795 I virtual Data FFDemuxer::read(): read frame ret: End of file latestReceivedTime: 29933 getTotalTimeMillis: 7500 is exit: 0 
06-06 19:34:58.229  3613  3795 I virtual Data FFDemuxer::read(): smooth loop
06-06 19:34:58.229  3613  3795 D virtual Data FFDemuxer::read(): seekTargetTime :0 seek_by_bytes: 0 protocolName: file isNetworkProtocol: 0
06-06 19:34:58.229  3613  3795 D virtual Data FFDemuxer::read(): seekTime :0
06-06 19:34:58.229  3613  3795 D virtual Data FFDemuxer::read(): avformat_seek_file ret: 0
06-06 19:34:58.229   365   365 D omx_vdec: <AwOmxVdecPortAddBuffer:400>: >>>>>>>out port add buffer: 0xf0a6e500
06-06 19:34:58.233   253   253 I gralloc : alloc buffer:W:1920 H:1088 S:1920 PL[1920 1088] SZ:3133504 fmt:842094169 if:0 af:842094169 usg:400900 fg:00000004
06-06 19:34:58.235   365   365 D omx_vdec: <AwOmxVdecPortAddBuffer:400>: >>>>>>>out port add buffer: 0xf0a6e600
06-06 19:34:58.238   253   253 I gralloc : alloc buffer:W:1920 H:1088 S:1920 PL[1920 1088] SZ:3133504 fmt:842094169 if:0 af:842094169 usg:400900 fg:00000004
06-06 19:34:58.239   365   365 D omx_vdec: <AwOmxVdecPortAddBuffer:400>: >>>>>>>out port add buffer: 0xf0a6e700
06-06 19:34:58.243   253   253 I gralloc : alloc buffer:W:1920 H:1088 S:1920 PL[1920 1088] SZ:3133504 fmt:842094169 if:0 af:842094169 usg:400900 fg:00000004
06-06 19:34:58.244   365   365 D omx_vdec: <AwOmxVdecPortAddBuffer:400>: >>>>>>>out port add buffer: 0xf0a6e800
06-06 19:34:58.248   253   253 I gralloc : alloc buffer:W:1920 H:1088 S:1920 PL[1920 1088] SZ:3133504 fmt:842094169 if:0 af:842094169 usg:400900 fg:00000004
06-06 19:34:58.250   365   365 D omx_vdec: <AwOmxVdecPortAddBuffer:400>: >>>>>>>out port add buffer: 0xf0a6e900
06-06 19:34:58.253   253   253 I gralloc : alloc buffer:W:1920 H:1088 S:1920 PL[1920 1088] SZ:3133504 fmt:842094169 if:0 af:842094169 usg:400900 fg:00000004
06-06 19:34:58.254   365   365 D omx_vdec: <AwOmxVdecPortAddBuffer:400>: >>>>>>>out port add buffer: 0xf0a6ea00
06-06 19:34:58.258   253   253 I gralloc : alloc buffer:W:1920 H:1088 S:1920 PL[1920 1088] SZ:3133504 fmt:842094169 if:0 af:842094169 usg:400900 fg:00000004
06-06 19:34:58.259  3613  3795 I virtual Data FFDemuxer::read(): read frame ret: End of file latestReceivedTime: 37433 getTotalTimeMillis: 7500 is exit: 0 
06-06 19:34:58.259  3613  3795 I virtual Data FFDemuxer::read(): smooth loop
06-06 19:34:58.259  3613  3795 D virtual Data FFDemuxer::read(): seekTargetTime :0 seek_by_bytes: 0 protocolName: file isNetworkProtocol: 0
06-06 19:34:58.259  3613  3795 D virtual Data FFDemuxer::read(): seekTime :0
06-06 19:34:58.259  3613  3795 D virtual Data FFDemuxer::read(): avformat_seek_file ret: 0
06-06 19:34:58.259   365   365 D omx_vdec: <AwOmxVdecPortAddBuffer:400>: >>>>>>>out port add buffer: 0xf0a6eb00
06-06 19:34:58.262   253   253 I gralloc : alloc buffer:W:1920 H:1088 S:1920 PL[1920 1088] SZ:3133504 fmt:842094169 if:0 af:842094169 usg:400900 fg:00000004
06-06 19:34:58.264   365   365 D omx_vdec: <AwOmxVdecPortAddBuffer:400>: >>>>>>>out port add buffer: 0xf0a6ec00
06-06 19:34:58.267   253   253 I gralloc : alloc buffer:W:1920 H:1088 S:1920 PL[1920 1088] SZ:3133504 fmt:842094169 if:0 af:842094169 usg:400900 fg:00000004
06-06 19:34:58.270   365   365 D omx_vdec: <AwOmxVdecPortAddBuffer:400>: >>>>>>>out port add buffer: 0xf0a6ed00
06-06 19:34:58.273   253   253 I gralloc : alloc buffer:W:1920 H:1088 S:1920 PL[1920 1088] SZ:3133504 fmt:842094169 if:0 af:842094169 usg:400900 fg:00000004
06-06 19:34:58.275  3613  3795 I virtual Data FFDemuxer::read(): read frame ret: End of file latestReceivedTime: 44933 getTotalTimeMillis: 7500 is exit: 0 
06-06 19:34:58.275  3613  3795 I virtual Data FFDemuxer::read(): smooth loop
06-06 19:34:58.275  3613  3795 D virtual Data FFDemuxer::read(): seekTargetTime :0 seek_by_bytes: 0 protocolName: file isNetworkProtocol: 0
06-06 19:34:58.275  3613  3795 D virtual Data FFDemuxer::read(): seekTime :0
06-06 19:34:58.275  3613  3795 D virtual Data FFDemuxer::read(): avformat_seek_file ret: 0
06-06 19:34:58.276   365   365 D omx_vdec: <AwOmxVdecPortAddBuffer:400>: >>>>>>>out port add buffer: 0xf0a6ee00
06-06 19:34:58.279   253   253 I gralloc : alloc buffer:W:1920 H:1088 S:1920 PL[1920 1088] SZ:3133504 fmt:842094169 if:0 af:842094169 usg:400900 fg:00000004
06-06 19:34:58.281   365   365 D omx_vdec: <AwOmxVdecPortAddBuffer:400>: >>>>>>>out port add buffer: 0xf0a6ef00
06-06 19:34:58.284   253   253 I gralloc : alloc buffer:W:1920 H:1088 S:1920 PL[1920 1088] SZ:3133504 fmt:842094169 if:0 af:842094169 usg:400900 fg:00000004
06-06 19:34:58.286   365   365 D omx_vdec: <AwOmxVdecPortAddBuffer:400>: >>>>>>>out port add buffer: 0xf0800000
06-06 19:34:58.287  3613  3795 I virtual Data FFDemuxer::read(): read frame ret: End of file latestReceivedTime: 52433 getTotalTimeMillis: 7500 is exit: 0 
06-06 19:34:58.287  3613  3795 I virtual Data FFDemuxer::read(): smooth loop
06-06 19:34:58.287  3613  3795 D virtual Data FFDemuxer::read(): seekTargetTime :0 seek_by_bytes: 0 protocolName: file isNetworkProtocol: 0
06-06 19:34:58.287  3613  3795 D virtual Data FFDemuxer::read(): seekTime :0
06-06 19:34:58.287  3613  3795 D virtual Data FFDemuxer::read(): avformat_seek_file ret: 0
06-06 19:34:58.295  3613  3795 I virtual Data FFDemuxer::read(): read frame ret: End of file latestReceivedTime: 59933 getTotalTimeMillis: 7500 is exit: 0 
06-06 19:34:58.295  3613  3795 I virtual Data FFDemuxer::read(): smooth loop
06-06 19:34:58.295   365  3786 D omx_thread: <OmxThread_resume:250>: ++++++++++resume, drain
06-06 19:34:58.295  3613  3795 D virtual Data FFDemuxer::read(): seekTargetTime :0 seek_by_bytes: 0 protocolName: file isNetworkProtocol: 0
06-06 19:34:58.296  3613  3795 D virtual Data FFDemuxer::read(): seekTime :0
06-06 19:34:58.296  3613  3795 D virtual Data FFDemuxer::read(): avformat_seek_file ret: 0
06-06 19:34:58.298   365  3801 D omx_vdec_aw: <returnInitBuffer:1282>: *** call SetVideoFbmBufAddress: pVideoPicture(0xf0754018), bufFd: 21
06-06 19:34:58.301   365  3801 D omx_vdec_aw: <returnInitBuffer:1282>: *** call SetVideoFbmBufAddress: pVideoPicture(0xf0754150), bufFd: 23
06-06 19:34:58.304   365  3801 D omx_vdec_aw: <returnInitBuffer:1282>: *** call SetVideoFbmBufAddress: pVideoPicture(0xf0754288), bufFd: 25
06-06 19:34:58.307   365  3801 D omx_vdec_aw: <returnInitBuffer:1282>: *** call SetVideoFbmBufAddress: pVideoPicture(0xf07543c0), bufFd: 27
06-06 19:34:58.307  3613  3795 I virtual Data FFDemuxer::read(): read frame ret: End of file latestReceivedTime: 67433 getTotalTimeMillis: 7500 is exit: 0 
06-06 19:34:58.307  3613  3795 I virtual Data FFDemuxer::read(): smooth loop
06-06 19:34:58.307  3613  3795 D virtual Data FFDemuxer::read(): seekTargetTime :0 seek_by_bytes: 0 protocolName: file isNetworkProtocol: 0
06-06 19:34:58.307  3613  3795 D virtual Data FFDemuxer::read(): seekTime :0
06-06 19:34:58.307  3613  3795 D virtual Data FFDemuxer::read(): avformat_seek_file ret: 0
06-06 19:34:58.308   365  3801 D omx_vdec_aw: <returnInitBuffer:1282>: *** call SetVideoFbmBufAddress: pVideoPicture(0xf07544f8), bufFd: 32
06-06 19:34:58.309   365  3801 D omx_vdec_aw: <returnInitBuffer:1282>: *** call SetVideoFbmBufAddress: pVideoPicture(0xf0754630), bufFd: 51
06-06 19:34:58.309   365  3801 D omx_vdec_aw: <returnInitBuffer:1282>: *** call SetVideoFbmBufAddress: pVideoPicture(0xf0754768), bufFd: 53
06-06 19:34:58.312   365  3801 D omx_vdec_aw: <returnInitBuffer:1282>: *** call SetVideoFbmBufAddress: pVideoPicture(0xf07548a0), bufFd: 55
06-06 19:34:58.314   365   365 W omx_vdec: <__AwOmxVdecGetConfig:1635>: +++++ get display crop: top[0],left[0],width[1920],height[1080]
06-06 19:34:58.316   365   365 D omx_vdec_aw: <__anGetExtConfig:3045>: get ColorAspects: R:2, P:1, M:1, T:66
06-06 19:34:58.316   365  3801 D omx_vdec_aw: <returnInitBuffer:1282>: *** call SetVideoFbmBufAddress: pVideoPicture(0xf07549d8), bufFd: 57
06-06 19:34:58.316   365   365 D omx_vdec_aw: <__anGetExtConfig:3045>: get ColorAspects: R:2, P:1, M:1, T:66
06-06 19:34:58.316   365   365 E OMXNodeInstance: getConfig(0xf0a6f000:allwinner.decoder.hevc, ??(0x7f100007)) ERROR: UnsupportedSetting(0x80001019)
06-06 19:34:58.319   365  3801 D omx_vdec_aw: <returnInitBuffer:1282>: *** call SetVideoFbmBufAddress: pVideoPicture(0xf0754b10), bufFd: 59
06-06 19:34:58.319   365  3801 D omx_vdec_aw: <returnInitBuffer:1282>: *** call SetVideoFbmBufAddress: pVideoPicture(0xf0754c48), bufFd: 61
06-06 19:34:58.324  3613  3795 I virtual Data FFDemuxer::read(): read frame ret: End of file latestReceivedTime: 74933 getTotalTimeMillis: 7500 is exit: 0 
06-06 19:34:58.324  3613  3795 I virtual Data FFDemuxer::read(): smooth loop
06-06 19:34:58.324  3613  3795 D virtual Data FFDemuxer::read(): seekTargetTime :0 seek_by_bytes: 0 protocolName: file isNetworkProtocol: 0
06-06 19:34:58.324  3613  3795 D virtual Data FFDemuxer::read(): seekTime :0
06-06 19:34:58.324  3613  3795 D virtual Data FFDemuxer::read(): avformat_seek_file ret: 0
06-06 19:34:58.325  3613  3796 I void Player::setState(PLAYER_STATE): state changed newState: 3 oldState: 2
06-06 19:34:58.327  3613  3796 D LeradPlayer: player newState: 3 oldState: 2
06-06 19:34:58.336   365  3801 D omx_vdec_aw: <returnInitBuffer:1282>: *** call SetVideoFbmBufAddress: pVideoPicture(0xf0754d80), bufFd: 63
06-06 19:34:58.358   365  3801 D omx_vdec_aw: <returnInitBuffer:1282>: *** call SetVideoFbmBufAddress: pVideoPicture(0xf0754eb8), bufFd: 65
06-06 19:34:58.366   365  3801 D omx_vdec_aw: <returnInitBuffer:1282>: *** call SetVideoFbmBufAddress: pVideoPicture(0xf0754ff0), bufFd: 67
06-06 19:34:58.383   365  3801 D omx_vdec_aw: <returnInitBuffer:1282>: *** call SetVideoFbmBufAddress: pVideoPicture(0xf0755128), bufFd: 69
06-06 19:34:58.397  3613  3795 I virtual Data FFDemuxer::read(): read frame ret: End of file latestReceivedTime: 82433 getTotalTimeMillis: 7500 is exit: 0 
06-06 19:34:58.398  3613  3795 I virtual Data FFDemuxer::read(): smooth loop
06-06 19:34:58.398  3613  3795 D virtual Data FFDemuxer::read(): seekTargetTime :0 seek_by_bytes: 0 protocolName: file isNetworkProtocol: 0
06-06 19:34:58.398  3613  3795 D virtual Data FFDemuxer::read(): seekTime :0
06-06 19:34:58.398  3613  3795 D virtual Data FFDemuxer::read(): avformat_seek_file ret: 0
06-06 19:34:58.390  2942  2942 I cling--ap-10: type=1400 audit(0.0:1166): avc: denied { read } for name="address" dev="sysfs" ino=25879 scontext=u:r:platform_app:s0:c512,c768 tcontext=u:object_r:sysfs:s0 tclass=file permissive=1 app=com.dangbei.screencast
01-01 08:05:22.040  3598  3598 W audit   : audit_lost=608 audit_rate_limit=5 audit_backlog_limit=64
01-01 08:05:22.040  3598  3598 E audit   : rate limit exceeded
06-06 19:34:58.412   365  3801 D omx_vdec_aw: <returnInitBuffer:1282>: *** call SetVideoFbmBufAddress: pVideoPicture(0xf0755260), bufFd: 71
06-06 19:34:58.460  3613  3795 I virtual Data FFDemuxer::read(): read frame ret: End of file latestReceivedTime: 89933 getTotalTimeMillis: 7500 is exit: 0 
06-06 19:34:58.460  3613  3795 I virtual Data FFDemuxer::read(): smooth loop
06-06 19:34:58.460  3613  3795 D virtual Data FFDemuxer::read(): seekTargetTime :0 seek_by_bytes: 0 protocolName: file isNetworkProtocol: 0
06-06 19:34:58.460  3613  3795 D virtual Data FFDemuxer::read(): seekTime :0
06-06 19:34:58.460  3613  3795 D virtual Data FFDemuxer::read(): avformat_seek_file ret: 0
06-06 19:34:58.588  3613  3795 I virtual Data FFDemuxer::read(): read frame ret: End of file latestReceivedTime: 97433 getTotalTimeMillis: 7500 is exit: 0 
06-06 19:34:58.589  3613  3795 I virtual Data FFDemuxer::read(): smooth loop
06-06 19:34:58.589  3613  3795 D virtual Data FFDemuxer::read(): seekTargetTime :0 seek_by_bytes: 0 protocolName: file isNetworkProtocol: 0
06-06 19:34:58.589  3613  3795 D virtual Data FFDemuxer::read(): seekTime :0
06-06 19:34:58.589  3613  3795 D virtual Data FFDemuxer::read(): avformat_seek_file ret: 0
06-06 19:34:58.628  3613  3795 I virtual Data FFDemuxer::read(): read frame ret: End of file latestReceivedTime: 104933 getTotalTimeMillis: 7500 is exit: 0 
06-06 19:34:58.628  3613  3795 I virtual Data FFDemuxer::read(): smooth loop
06-06 19:34:58.628  3613  3795 D virtual Data FFDemuxer::read(): seekTargetTime :0 seek_by_bytes: 0 protocolName: file isNetworkProtocol: 0
06-06 19:34:58.628  3613  3795 D virtual Data FFDemuxer::read(): seekTime :0
06-06 19:34:58.628  3613  3795 D virtual Data FFDemuxer::read(): avformat_seek_file ret: 0
06-06 19:34:58.670  3613  3795 I virtual Data FFDemuxer::read(): read frame ret: End of file latestReceivedTime: 112433 getTotalTimeMillis: 7500 is exit: 0 
06-06 19:34:58.670  3613  3795 I virtual Data FFDemuxer::read(): smooth loop
06-06 19:34:58.670  3613  3795 D virtual Data FFDemuxer::read(): seekTargetTime :0 seek_by_bytes: 0 protocolName: file isNetworkProtocol: 0
06-06 19:34:58.670  3613  3795 D virtual Data FFDemuxer::read(): seekTime :0
06-06 19:34:58.670  3613  3795 D virtual Data FFDemuxer::read(): avformat_seek_file ret: 0
06-06 19:34:58.681  3613  3795 I virtual Data FFDemuxer::read(): read frame ret: End of file latestReceivedTime: 119933 getTotalTimeMillis: 7500 is exit: 0 
06-06 19:34:58.681  3613  3795 I virtual Data FFDemuxer::read(): smooth loop
06-06 19:34:58.681  3613  3795 D virtual Data FFDemuxer::read(): seekTargetTime :0 seek_by_bytes: 0 protocolName: file isNetworkProtocol: 0
06-06 19:34:58.681  3613  3795 D virtual Data FFDemuxer::read(): seekTime :0
06-06 19:34:58.681  3613  3795 D virtual Data FFDemuxer::read(): avformat_seek_file ret: 0
06-06 19:34:58.707  3613  3795 I virtual Data FFDemuxer::read(): read frame ret: End of file latestReceivedTime: 127433 getTotalTimeMillis: 7500 is exit: 0 
06-06 19:34:58.707  3613  3795 I virtual Data FFDemuxer::read(): smooth loop
06-06 19:34:58.708  3613  3795 D virtual Data FFDemuxer::read(): seekTargetTime :0 seek_by_bytes: 0 protocolName: file isNetworkProtocol: 0
06-06 19:34:58.708  3613  3795 D virtual Data FFDemuxer::read(): seekTime :0
06-06 19:34:58.708  3613  3795 D virtual Data FFDemuxer::read(): avformat_seek_file ret: 0
06-06 19:34:58.719  3613  3795 I virtual Data FFDemuxer::read(): read frame ret: End of file latestReceivedTime: 134933 getTotalTimeMillis: 7500 is exit: 0 
06-06 19:34:58.719  3613  3795 I virtual Data FFDemuxer::read(): smooth loop
06-06 19:34:58.719  3613  3795 D virtual Data FFDemuxer::read(): seekTargetTime :0 seek_by_bytes: 0 protocolName: file isNetworkProtocol: 0
06-06 19:34:58.719  3613  3795 D virtual Data FFDemuxer::read(): seekTime :0
06-06 19:34:58.719  3613  3795 D virtual Data FFDemuxer::read(): avformat_seek_file ret: 0
06-06 19:34:58.749  3613  3795 I virtual Data FFDemuxer::read(): read frame ret: End of file latestReceivedTime: 142433 getTotalTimeMillis: 7500 is exit: 0 
06-06 19:34:58.749  3613  3795 I virtual Data FFDemuxer::read(): smooth loop
06-06 19:34:58.749  3613  3795 D virtual Data FFDemuxer::read(): seekTargetTime :0 seek_by_bytes: 0 protocolName: file isNetworkProtocol: 0
06-06 19:34:58.749  3613  3795 D virtual Data FFDemuxer::read(): seekTime :0
06-06 19:34:58.749  3613  3795 D virtual Data FFDemuxer::read(): avformat_seek_file ret: 0
06-06 19:34:58.753   657   657 E WifiHAL : wifi_get_link_stats: requestResponse Error:-5
06-06 19:34:58.755   475   607 E WifiVendorHal: getWifiLinkLayerStats_1_5_Internal(l.1191) failed {.code = ERROR_INVALID_ARGS, .description = }
06-06 19:34:58.768  2942  2951 I gbei.screencas: Background young concurrent copying GC freed 50170(5496KB) AllocSpace objects, 0(0B) LOS objects, 48% free, 6154KB/11MB, paused 4.611ms total 261.206ms
06-06 19:34:58.787  3613  3795 I virtual Data FFDemuxer::read(): read frame ret: End of file latestReceivedTime: 149933 getTotalTimeMillis: 7500 is exit: 0 
06-06 19:34:58.787  3613  3795 I virtual Data FFDemuxer::read(): smooth loop
06-06 19:34:58.788  3613  3795 D virtual Data FFDemuxer::read(): seekTargetTime :0 seek_by_bytes: 0 protocolName: file isNetworkProtocol: 0
06-06 19:34:58.788  3613  3795 D virtual Data FFDemuxer::read(): seekTime :0
06-06 19:34:58.788  3613  3795 D virtual Data FFDemuxer::read(): avformat_seek_file ret: 0
06-06 19:34:58.813   475   519 W IorapForwardingService: No service published for: iorapd
06-06 19:34:58.805  3613  3795 I virtual Data FFDemuxer::read(): read frame ret: End of file latestReceivedTime: 157433 getTotalTimeMillis: 7500 is exit: 0 
06-06 19:34:58.816  3613  3795 I virtual Data FFDemuxer::read(): smooth loop
06-06 19:34:58.816  3613  3795 D virtual Data FFDemuxer::read(): seekTargetTime :0 seek_by_bytes: 0 protocolName: file isNetworkProtocol: 0
06-06 19:34:58.816  3613  3795 D virtual Data FFDemuxer::read(): seekTime :0
06-06 19:34:58.816  3613  3795 D virtual Data FFDemuxer::read(): avformat_seek_file ret: 0
06-06 19:34:58.851  3613  3795 I virtual Data FFDemuxer::read(): read frame ret: End of file latestReceivedTime: 164933 getTotalTimeMillis: 7500 is exit: 0 
06-06 19:34:58.851  3613  3795 I virtual Data FFDemuxer::read(): smooth loop
06-06 19:34:58.851  3613  3795 D virtual Data FFDemuxer::read(): seekTargetTime :0 seek_by_bytes: 0 protocolName: file isNetworkProtocol: 0
06-06 19:34:58.851  3613  3795 D virtual Data FFDemuxer::read(): seekTime :0
06-06 19:34:58.851  3613  3795 D virtual Data FFDemuxer::read(): avformat_seek_file ret: 0
06-06 19:34:58.866  3613  3795 I virtual Data FFDemuxer::read(): read frame ret: End of file latestReceivedTime: 172433 getTotalTimeMillis: 7500 is exit: 0 
06-06 19:34:58.867  3613  3795 I virtual Data FFDemuxer::read(): smooth loop
06-06 19:34:58.867  3613  3795 D virtual Data FFDemuxer::read(): seekTargetTime :0 seek_by_bytes: 0 protocolName: file isNetworkProtocol: 0
06-06 19:34:58.867  3613  3795 D virtual Data FFDemuxer::read(): seekTime :0
06-06 19:34:58.867  3613  3795 D virtual Data FFDemuxer::read(): avformat_seek_file ret: 0
06-06 19:34:58.876  3613  3795 I virtual Data FFDemuxer::read(): read frame ret: End of file latestReceivedTime: 179933 getTotalTimeMillis: 7500 is exit: 0 
06-06 19:34:58.876  3613  3795 I virtual Data FFDemuxer::read(): smooth loop
06-06 19:34:58.876  3613  3795 D virtual Data FFDemuxer::read(): seekTargetTime :0 seek_by_bytes: 0 protocolName: file isNetworkProtocol: 0
06-06 19:34:58.876  3613  3795 D virtual Data FFDemuxer::read(): seekTime :0
06-06 19:34:58.877  3613  3795 D virtual Data FFDemuxer::read(): avformat_seek_file ret: 0
06-06 19:34:58.971   365  3801 D omx_vdec_aw: <drainOutBufferProgressive:2598>: video pts(1.000) 
06-06 19:34:59.007  3613  3667 D MobclickAgent: 事件:{"ekv":[{"BFCD8FD1A7A0614D2D4DF058A4BDD4AE":[{"id":"$$_onUMengEnterBackground","ts":1749208117854,"reason":"Normal","activityName":"android.service.dreams.DreamActivity@6c1b6d6","pid":8281,"isMainProcess":1,"pairUUID":"7ae7dcea-c1da-4702-a006-fda8a0206a06","ds":0,"pn":"com.dangbei.lerad.screensaver"},{"id":"$$_onUMengEnterForeground","ts":1749209697012,"activityName":"android.service.dreams.DreamActivity@b0b5729","pid":3613,"isMainProcess":1,"pairUUID":"f093b3c4-1ca2-45a6-833f-0fefb7d98b27","ds":0,"pn":"com.dangbei.lerad.screensaver"}]}]}
06-06 19:34:59.008  3613  3667 D MobclickAgent: 会话:{"sessions":[{"id":"BFCD8FD1A7A0614D2D4DF058A4BDD4AE","start_time":"1749208080999","end_time":"1749208116643","duration":35644,"traffic":{"download_traffic":7025,"upload_traffic":5148},"pages":[{"page_name":"com.dangbei.lerad.screensaver.android.service.dreams.DreamActivity","duration":35643,"type":0,"ts":1749208080999}],"$page_num":1}]}
06-06 19:34:59.009  3613  3667 D MobclickAgent: 基础信息:{"sdk_version":"9.4.4","device_id":"4f343ac71b88754a","device_model":"DBBOX-A2","version":500001,"appkey":"6419107bba6a5259c42248e8","channel":"screensaver2"}
06-06 19:34:59.020  2264  2341 D UtilLog : 日志批量上报 进行正常循环 ！！！！！！本次有0次请求,共0条数据
06-06 19:34:59.043  3613  3667 W SQLiteLog: (28) double-quoted string literal: "BFCD8FD1A7A0614D2D4DF058A4BDD4AE"
06-06 19:34:59.135  1100  1100 E CrashHandler: clear CrashInfo 
06-06 19:34:59.135  1100  1100 I FrameWorkHelper: setLastCrashInfo: 
06-06 19:34:59.149  3613  3667 D MobclickAgent: 创建新会话: 1F6578A04CCE9E0A63C67622E2EFFB34
06-06 19:34:59.219  3613  3623 I rad.screensave: Background young concurrent copying GC freed 117120(6158KB) AllocSpace objects, 55(1892KB) LOS objects, 78% free, 6868KB/30MB, paused 4.177ms total 1.071s
06-06 19:34:59.571   664   873 I bt_btif_dm: system/bt/btif/src/btif_dm.cc:548 btif_update_remote_properties: cod from storage is also unclassified
06-06 19:34:59.816   475   519 W IorapForwardingService: No service published for: iorapd
06-06 19:34:59.982   365  3801 D omx_vdec_aw: <drainOutBufferProgressive:2598>: video pts(2.000) 
06-06 19:35:00.035  3613  3668 D MobclickAgent: 本次启动数据: 发送成功!
06-06 19:35:00.438  3824  3824 I Thread-2: type=1400 audit(0.0:1169): avc: denied { execute } for name="am" dev="dm-1" ino=1160 scontext=u:r:system_app:s0 tcontext=u:object_r:vendor_file:s0 tclass=file permissive=1
06-06 19:35:00.442  3824  3824 I Thread-2: type=1400 audit(0.0:1170): avc: denied { read open } for path="/vendor/xbin/am" dev="dm-1" ino=1160 scontext=u:r:system_app:s0 tcontext=u:object_r:vendor_file:s0 tclass=file permissive=1
06-06 19:35:00.442  3824  3824 I Thread-2: type=1400 audit(0.0:1171): avc: denied { execute_no_trans } for path="/vendor/xbin/am" dev="dm-1" ino=1160 scontext=u:r:system_app:s0 tcontext=u:object_r:vendor_file:s0 tclass=file permissive=1
06-06 19:35:00.549  1142  1142 D aaa     : LedStatusService onStartCommand begin
06-06 19:35:00.558  1142  3830 D aaa     : topPkg is -------------- :com.dangbei.leard.leradlauncher
06-06 19:35:00.588  1200  1200 D bbb     : onStartCommand begin !!!!!!! data分区剩余 24969MB
06-06 19:35:00.818   475   519 W IorapForwardingService: No service published for: iorapd
06-06 19:35:00.965   365  3801 D omx_vdec_aw: <drainOutBufferProgressive:2598>: video pts(3.000) 
06-06 19:35:01.490  3613  3668 D MobclickAgent: 普通统计数据: 发送成功!
06-06 19:35:01.689  3613  3659 I efs.config: No update is required, less than 8h since the last update
06-06 19:35:01.785   657   657 E WifiHAL : wifi_get_link_stats: requestResponse Error:-5
06-06 19:35:01.786   475   607 E WifiVendorHal: getWifiLinkLayerStats_1_5_Internal(l.1191) failed {.code = ERROR_INVALID_ARGS, .description = }
06-06 19:35:01.819   475   519 W IorapForwardingService: No service published for: iorapd
01-01 08:05:25.558   381   381 W hdr10p_Configure: 334 callbacks suppressed
01-01 08:05:25.558   381   381 I         : DVI mode selected: packets not configured
01-01 08:05:25.558   381   381 W set_vsif_config: 334 callbacks suppressed
01-01 08:05:25.558   381   381 I         : Error: set vsif failed
01-01 08:05:25.558   381   381 I         : DVI mode selected: packets not configured
01-01 08:05:25.558   381   381 I         : Error: set vsif failed
01-01 08:05:25.591   381   381 I         : DVI mode selected: packets not configured
01-01 08:05:25.592   381   381 I         : Error: set vsif failed
01-01 08:05:25.592   381   381 I         : DVI mode selected: packets not configured
01-01 08:05:25.592   381   381 I         : Error: set vsif failed
06-06 19:35:01.968   365  3801 D omx_vdec_aw: <drainOutBufferProgressive:2598>: video pts(4.000) 
01-01 08:05:25.625   381   381 I         : DVI mode selected: packets not configured
01-01 08:05:25.625   381   381 I         : Error: set vsif failed
01-01 08:05:25.625   381   381 I         : DVI mode selected: packets not configured
01-01 08:05:25.625   381   381 I         : Error: set vsif failed
01-01 08:05:25.658   381   381 I         : DVI mode selected: packets not configured
01-01 08:05:25.658   381   381 I         : Error: set vsif failed
01-01 08:05:25.658   381   381 I         : DVI mode selected: packets not configured
01-01 08:05:25.658   381   381 I         : Error: set vsif failed
01-01 08:05:25.692   381   381 I         : DVI mode selected: packets not configured
01-01 08:05:25.692   381   381 I         : Error: set vsif failed
01-01 08:05:25.692   381   381 I         : DVI mode selected: packets not configured
01-01 08:05:25.692   381   381 I         : Error: set vsif failed
06-06 19:35:02.451  3613  3836 D ProfileInstaller: Skipping profile installation for com.dangbei.lerad.screensaver
06-06 19:35:02.820   475   519 W IorapForwardingService: No service published for: iorapd
06-06 19:35:02.966   365  3801 D omx_vdec_aw: <drainOutBufferProgressive:2598>: video pts(5.000) 
06-06 19:35:03.821   475   519 W IorapForwardingService: No service published for: iorapd
06-06 19:35:03.905  3613  3795 I virtual Data FFDemuxer::read(): read frame ret: End of file latestReceivedTime: 187433 getTotalTimeMillis: 7500 is exit: 0 
06-06 19:35:03.905  3613  3795 I virtual Data FFDemuxer::read(): smooth loop
06-06 19:35:03.905  3613  3795 D virtual Data FFDemuxer::read(): seekTargetTime :0 seek_by_bytes: 0 protocolName: file isNetworkProtocol: 0
06-06 19:35:03.905  3613  3795 D virtual Data FFDemuxer::read(): seekTime :0
06-06 19:35:03.905  3613  3795 D virtual Data FFDemuxer::read(): avformat_seek_file ret: 0
06-06 19:35:03.965   365  3801 D omx_vdec_aw: <drainOutBufferProgressive:2598>: video pts(6.000) 
06-06 19:35:04.808   657   657 E WifiHAL : wifi_get_link_stats: requestResponse Error:-5
06-06 19:35:04.810   475   607 E WifiVendorHal: getWifiLinkLayerStats_1_5_Internal(l.1191) failed {.code = ERROR_INVALID_ARGS, .description = }
06-06 19:35:04.823   475   519 W IorapForwardingService: No service published for: iorapd
06-06 19:35:04.970   365  3801 D omx_vdec_aw: <drainOutBufferProgressive:2598>: video pts(7.000) 
06-06 19:35:05.253  2264  2338 I TDLog   : [APP] New data found, Submitting...
06-06 19:35:05.309  2264  2338 I TDLog   : [APP] Failed to submit data!
06-06 19:35:05.472  2942  2951 I gbei.screencas: Background concurrent copying GC freed 49625(6187KB) AllocSpace objects, 0(0B) LOS objects, 49% free, 6190KB/12MB, paused 346us total 218.906ms
06-06 19:35:05.826   475   519 W IorapForwardingService: No service published for: iorapd
06-06 19:35:05.974   365  3801 D omx_vdec_aw: <drainOutBufferProgressive:2598>: video pts(8.000) 
06-06 19:35:06.828   475   519 W IorapForwardingService: No service published for: iorapd
01-01 08:05:30.560   381   381 W hdr10p_Configure: 290 callbacks suppressed
01-01 08:05:30.560   381   381 I         : DVI mode selected: packets not configured
01-01 08:05:30.560   381   381 W set_vsif_config: 290 callbacks suppressed
01-01 08:05:30.560   381   381 I         : Error: set vsif failed
01-01 08:05:30.560   381   381 I         : DVI mode selected: packets not configured
01-01 08:05:30.560   381   381 I         : Error: set vsif failed
01-01 08:05:30.594   381   381 I         : DVI mode selected: packets not configured
01-01 08:05:30.594   381   381 I         : Error: set vsif failed
01-01 08:05:30.594   381   381 I         : DVI mode selected: packets not configured
01-01 08:05:30.594   381   381 I         : Error: set vsif failed
01-01 08:05:30.626   381   381 I         : DVI mode selected: packets not configured
01-01 08:05:30.626   381   381 I         : Error: set vsif failed
01-01 08:05:30.626   381   381 I         : DVI mode selected: packets not configured
01-01 08:05:30.626   381   381 I         : Error: set vsif failed
06-06 19:35:07.001   365  3801 D omx_vdec_aw: <drainOutBufferProgressive:2598>: video pts(9.000) 
01-01 08:05:30.662   381   381 I         : DVI mode selected: packets not configured
01-01 08:05:30.662   381   381 I         : Error: set vsif failed
01-01 08:05:30.662   381   381 I         : DVI mode selected: packets not configured
01-01 08:05:30.662   381   381 I         : Error: set vsif failed
01-01 08:05:30.693   381   381 I         : DVI mode selected: packets not configured
01-01 08:05:30.693   381   381 I         : Error: set vsif failed
01-01 08:05:30.693   381   381 I         : DVI mode selected: packets not configured
01-01 08:05:30.693   381   381 I         : Error: set vsif failed
06-06 19:35:07.824   657   657 E WifiHAL : wifi_get_link_stats: requestResponse Error:-5
06-06 19:35:07.826   475   607 E WifiVendorHal: getWifiLinkLayerStats_1_5_Internal(l.1191) failed {.code = ERROR_INVALID_ARGS, .description = }
06-06 19:35:07.831   475   519 W IorapForwardingService: No service published for: iorapd
06-06 19:35:07.963   365  3801 D omx_vdec_aw: <drainOutBufferProgressive:2598>: video pts(10.000) 
06-06 19:35:08.392   263   277 D hdmi-cec: receive invalid cec message!
06-06 19:35:08.392   263   277 D hdmi-cec: receive poll message [04], skip!
06-06 19:35:08.618  1142  1142 D aaa     : LedStatusService onStartCommand begin
06-06 19:35:08.620  1200  1200 D bbb     : onStartCommand begin !!!!!!! data分区剩余 24969MB
06-06 19:35:08.620  1142  3848 D aaa     : topPkg is -------------- :com.dangbei.leard.leradlauncher
06-06 19:35:08.834   475   519 W IorapForwardingService: No service published for: iorapd
06-06 19:35:08.965   365  3801 D omx_vdec_aw: <drainOutBufferProgressive:2598>: video pts(11.000) 
06-06 19:35:09.020  2264  2341 D UtilLog : 日志批量上报 进行正常循环 ！！！！！！本次有0次请求,共0条数据
06-06 19:35:09.836   475   519 W IorapForwardingService: No service published for: iorapd
06-06 19:35:09.932  3114  3188 D nStackXCoAP: IsInSameNetwork:[276] :IsInSameNetwork exec
06-06 19:35:09.932  3114  3188 I nStackXDFinder: GetLocalInterfaceDetail:[461] :GetLocalInterfaceDetail in
06-06 19:35:09.932  3114  3188 E nStackXCoAP: IsInSameNetwork:[281] :IsInSameNetwork: not priority process
06-06 19:35:09.932  3114  3188 D nStackXCoAP: ParseServiceDiscover:[330] :new device join
06-06 19:35:09.933  3114  3188 I nStackXDFinder: NotifyDeviceListChanged:[540] :notify callback: device list changed callback is null
06-06 19:35:09.933  3114  3188 E nStackXDFinder: GetLocalIp:[401] :GetLocalIp exec
06-06 19:35:09.938  3114  3188 D nStackXCoAP: IsInSameNetwork:[276] :IsInSameNetwork exec
06-06 19:35:09.938  3114  3188 I nStackXDFinder: GetLocalInterfaceDetail:[461] :GetLocalInterfaceDetail in
06-06 19:35:09.938  3114  3188 E nStackXCoAP: IsInSameNetwork:[281] :IsInSameNetwork: not priority process
06-06 19:35:09.938  3114  3188 D nStackXCoAP: ParseServiceDiscover:[330] :new device join
06-06 19:35:09.939  3114  3188 E nStackXDFinder: GetLocalIp:[401] :GetLocalIp exec
06-06 19:35:09.941  3114  3188 D nStackXCoAP: IsInSameNetwork:[276] :IsInSameNetwork exec
06-06 19:35:09.942  3114  3188 I nStackXDFinder: GetLocalInterfaceDetail:[461] :GetLocalInterfaceDetail in
06-06 19:35:09.942  3114  3188 E nStackXCoAP: IsInSameNetwork:[281] :IsInSameNetwork: not priority process
06-06 19:35:09.942  3114  3188 D nStackXCoAP: ParseServiceDiscover:[330] :new device join
06-06 19:35:09.942  3114  3188 E nStackXDFinder: GetLocalIp:[401] :GetLocalIp exec
06-06 19:35:09.947  3114  3188 D nStackXCoAP: IsInSameNetwork:[276] :IsInSameNetwork exec
06-06 19:35:09.947  3114  3188 I nStackXDFinder: GetLocalInterfaceDetail:[461] :GetLocalInterfaceDetail in
06-06 19:35:09.947  3114  3188 E nStackXCoAP: IsInSameNetwork:[281] :IsInSameNetwork: not priority process
06-06 19:35:09.947  3114  3188 D nStackXCoAP: ParseServiceDiscover:[330] :new device join
06-06 19:35:09.947  3114  3188 E nStackXDFinder: GetLocalIp:[401] :GetLocalIp exec
06-06 19:35:09.951  3114  3188 D nStackXCoAP: IsInSameNetwork:[276] :IsInSameNetwork exec
06-06 19:35:09.952  3114  3188 I nStackXDFinder: GetLocalInterfaceDetail:[461] :GetLocalInterfaceDetail in
06-06 19:35:09.952  3114  3188 E nStackXCoAP: IsInSameNetwork:[281] :IsInSameNetwork: not priority process
06-06 19:35:09.952  3114  3188 D nStackXCoAP: ParseServiceDiscover:[330] :new device join
06-06 19:35:09.952  3114  3188 E nStackXDFinder: GetLocalIp:[401] :GetLocalIp exec
06-06 19:35:09.998   365  3801 D omx_vdec_aw: <drainOutBufferProgressive:2598>: video pts(12.000) 
06-06 19:35:10.138  3114  3188 D nStackXCoAP: IsInSameNetwork:[276] :IsInSameNetwork exec
06-06 19:35:10.139  3114  3188 I nStackXDFinder: GetLocalInterfaceDetail:[461] :GetLocalInterfaceDetail in
06-06 19:35:10.139  3114  3188 E nStackXCoAP: IsInSameNetwork:[281] :IsInSameNetwork: not priority process
06-06 19:35:10.139  3114  3188 D nStackXCoAP: ParseServiceDiscover:[330] :new device join
06-06 19:35:10.139  3114  3188 E nStackXDFinder: GetLocalIp:[401] :GetLocalIp exec
06-06 19:35:10.238  3114  3188 D nStackXCoAP: IsInSameNetwork:[276] :IsInSameNetwork exec
06-06 19:35:10.238  3114  3188 I nStackXDFinder: GetLocalInterfaceDetail:[461] :GetLocalInterfaceDetail in
06-06 19:35:10.238  3114  3188 E nStackXCoAP: IsInSameNetwork:[281] :IsInSameNetwork: not priority process
06-06 19:35:10.238  3114  3188 D nStackXCoAP: ParseServiceDiscover:[330] :new device join
06-06 19:35:10.239  3114  3188 E nStackXDFinder: GetLocalIp:[401] :GetLocalIp exec
06-06 19:35:10.341  3114  3188 D nStackXCoAP: IsInSameNetwork:[276] :IsInSameNetwork exec
06-06 19:35:10.342  3114  3188 I nStackXDFinder: GetLocalInterfaceDetail:[461] :GetLocalInterfaceDetail in
06-06 19:35:10.342  3114  3188 E nStackXCoAP: IsInSameNetwork:[281] :IsInSameNetwork: not priority process
06-06 19:35:10.342  3114  3188 D nStackXCoAP: ParseServiceDiscover:[330] :new device join
06-06 19:35:10.342  3114  3188 E nStackXDFinder: GetLocalIp:[401] :GetLocalIp exec
06-06 19:35:10.564  3114  3188 D nStackXCoAP: IsInSameNetwork:[276] :IsInSameNetwork exec
06-06 19:35:10.564  3114  3188 I nStackXDFinder: GetLocalInterfaceDetail:[461] :GetLocalInterfaceDetail in
06-06 19:35:10.564  3114  3188 E nStackXCoAP: IsInSameNetwork:[281] :IsInSameNetwork: not priority process
06-06 19:35:10.564  3114  3188 D nStackXCoAP: ParseServiceDiscover:[330] :new device join
06-06 19:35:10.565  3114  3188 E nStackXDFinder: GetLocalIp:[401] :GetLocalIp exec
06-06 19:35:10.841   475   519 W IorapForwardingService: No service published for: iorapd
06-06 19:35:10.844   657   657 E WifiHAL : wifi_get_link_stats: requestResponse Error:-5
06-06 19:35:10.846   475   607 E WifiVendorHal: getWifiLinkLayerStats_1_5_Internal(l.1191) failed {.code = ERROR_INVALID_ARGS, .description = }
06-06 19:35:10.853  3114  3188 D nStackXCoAP: IsInSameNetwork:[276] :IsInSameNetwork exec
06-06 19:35:10.853  3114  3188 I nStackXDFinder: GetLocalInterfaceDetail:[461] :GetLocalInterfaceDetail in
06-06 19:35:10.853  3114  3188 E nStackXCoAP: IsInSameNetwork:[281] :IsInSameNetwork: not priority process
06-06 19:35:10.854  3114  3188 D nStackXCoAP: ParseServiceDiscover:[330] :new device join
06-06 19:35:10.854  3114  3188 E nStackXDFinder: GetLocalIp:[401] :GetLocalIp exec
06-06 19:35:10.872  3114  3188 D nStackXCoAP: IsInSameNetwork:[276] :IsInSameNetwork exec
06-06 19:35:10.872  3114  3188 I nStackXDFinder: GetLocalInterfaceDetail:[461] :GetLocalInterfaceDetail in
06-06 19:35:10.872  3114  3188 E nStackXCoAP: IsInSameNetwork:[281] :IsInSameNetwork: not priority process
06-06 19:35:10.873  3114  3188 D nStackXCoAP: ParseServiceDiscover:[330] :new device join
06-06 19:35:10.873  3114  3188 E nStackXDFinder: GetLocalIp:[401] :GetLocalIp exec
06-06 19:35:10.969  3114  3188 D nStackXCoAP: IsInSameNetwork:[276] :IsInSameNetwork exec
06-06 19:35:10.969  3114  3188 I nStackXDFinder: GetLocalInterfaceDetail:[461] :GetLocalInterfaceDetail in
06-06 19:35:10.969  3114  3188 E nStackXCoAP: IsInSameNetwork:[281] :IsInSameNetwork: not priority process
06-06 19:35:10.970  3114  3188 D nStackXCoAP: ParseServiceDiscover:[330] :new device join
06-06 19:35:10.970  3114  3188 E nStackXDFinder: GetLocalIp:[401] :GetLocalIp exec
06-06 19:35:10.998   365  3801 D omx_vdec_aw: <drainOutBufferProgressive:2598>: video pts(13.000) 
06-06 19:35:11.061  3114  3188 D nStackXCoAP: IsInSameNetwork:[276] :IsInSameNetwork exec
06-06 19:35:11.061  3114  3188 I nStackXDFinder: GetLocalInterfaceDetail:[461] :GetLocalInterfaceDetail in
06-06 19:35:11.061  3114  3188 E nStackXCoAP: IsInSameNetwork:[281] :IsInSameNetwork: not priority process
06-06 19:35:11.061  3114  3188 D nStackXCoAP: ParseServiceDiscover:[330] :new device join
06-06 19:35:11.061  3114  3188 E nStackXDFinder: GetLocalIp:[401] :GetLocalIp exec
06-06 19:35:11.267  3114  3188 D nStackXCoAP: IsInSameNetwork:[276] :IsInSameNetwork exec
06-06 19:35:11.267  3114  3188 I nStackXDFinder: GetLocalInterfaceDetail:[461] :GetLocalInterfaceDetail in
06-06 19:35:11.268  3114  3188 E nStackXCoAP: IsInSameNetwork:[281] :IsInSameNetwork: not priority process
06-06 19:35:11.269  3114  3188 D nStackXCoAP: ParseServiceDiscover:[330] :new device join
06-06 19:35:11.271  3114  3188 E nStackXDFinder: GetLocalIp:[401] :GetLocalIp exec
06-06 19:35:11.406  3613  3795 I virtual Data FFDemuxer::read(): read frame ret: End of file latestReceivedTime: 194933 getTotalTimeMillis: 7500 is exit: 0 
06-06 19:35:11.407  3613  3795 I virtual Data FFDemuxer::read(): smooth loop
06-06 19:35:11.407  3613  3795 D virtual Data FFDemuxer::read(): seekTargetTime :0 seek_by_bytes: 0 protocolName: file isNetworkProtocol: 0
06-06 19:35:11.407  3613  3795 D virtual Data FFDemuxer::read(): seekTime :0
06-06 19:35:11.407  3613  3795 D virtual Data FFDemuxer::read(): avformat_seek_file ret: 0
06-06 19:35:11.716  3613  3655 I crashsdk: crashsdk uploading logs
06-06 19:35:11.845   475   519 W IorapForwardingService: No service published for: iorapd
01-01 08:05:35.593   381   381 W hdr10p_Configure: 292 callbacks suppressed
01-01 08:05:35.593   381   381 I         : DVI mode selected: packets not configured
01-01 08:05:35.593   381   381 W set_vsif_config: 292 callbacks suppressed
01-01 08:05:35.593   381   381 I         : Error: set vsif failed
01-01 08:05:35.593   381   381 I         : DVI mode selected: packets not configured
01-01 08:05:35.593   381   381 I         : Error: set vsif failed
06-06 19:35:11.966   365  3801 D omx_vdec_aw: <drainOutBufferProgressive:2598>: video pts(14.000) 
01-01 08:05:35.626   381   381 I         : DVI mode selected: packets not configured
01-01 08:05:35.626   381   381 I         : Error: set vsif failed
01-01 08:05:35.626   381   381 I         : DVI mode selected: packets not configured
01-01 08:05:35.626   381   381 I         : Error: set vsif failed
01-01 08:05:35.659   381   381 I         : DVI mode selected: packets not configured
01-01 08:05:35.659   381   381 I         : Error: set vsif failed
01-01 08:05:35.659   381   381 I         : DVI mode selected: packets not configured
01-01 08:05:35.659   381   381 I         : Error: set vsif failed
01-01 08:05:35.693   381   381 I         : DVI mode selected: packets not configured
01-01 08:05:35.693   381   381 I         : Error: set vsif failed
01-01 08:05:35.693   381   381 I         : DVI mode selected: packets not configured
01-01 08:05:35.693   381   381 I         : Error: set vsif failed
01-01 08:05:35.727   381   381 I         : DVI mode selected: packets not configured
01-01 08:05:35.727   381   381 I         : Error: set vsif failed
01-01 08:05:35.727   381   381 I         : DVI mode selected: packets not configured
01-01 08:05:35.727   381   381 I         : Error: set vsif failed
06-06 19:35:12.850   475   519 W IorapForwardingService: No service published for: iorapd
06-06 19:35:12.969   365  3801 D omx_vdec_aw: <drainOutBufferProgressive:2598>: video pts(15.000) 
06-06 19:35:13.852   475   519 W IorapForwardingService: No service published for: iorapd
06-06 19:35:13.868   657   657 E WifiHAL : wifi_get_link_stats: requestResponse Error:-5
06-06 19:35:13.870   475   607 E WifiVendorHal: getWifiLinkLayerStats_1_5_Internal(l.1191) failed {.code = ERROR_INVALID_ARGS, .description = }
06-06 19:35:13.968   365  3801 D omx_vdec_aw: <drainOutBufferProgressive:2598>: video pts(16.000) 
06-06 19:35:14.149  3114  3188 D nStackXCoAP: IsInSameNetwork:[276] :IsInSameNetwork exec
06-06 19:35:14.149  3114  3188 I nStackXDFinder: GetLocalInterfaceDetail:[461] :GetLocalInterfaceDetail in
06-06 19:35:14.149  3114  3188 E nStackXCoAP: IsInSameNetwork:[281] :IsInSameNetwork: not priority process
06-06 19:35:14.149  3114  3188 D nStackXCoAP: ParseServiceDiscover:[330] :new device join
06-06 19:35:14.150  3114  3188 I nStackXDFinder: NotifyDeviceListChanged:[540] :notify callback: device list changed callback is null
06-06 19:35:14.150  3114  3188 E nStackXDFinder: GetLocalIp:[401] :GetLocalIp exec
06-06 19:35:14.407  3114  3188 D nStackXCoAP: CoapMessageHandler:[133] :2.01
06-06 19:35:14.450  3114  3188 D nStackXCoAP: IsInSameNetwork:[276] :IsInSameNetwork exec
06-06 19:35:14.450  3114  3188 I nStackXDFinder: GetLocalInterfaceDetail:[461] :GetLocalInterfaceDetail in
06-06 19:35:14.450  3114  3188 E nStackXCoAP: IsInSameNetwork:[281] :IsInSameNetwork: not priority process
06-06 19:35:14.450  3114  3188 D nStackXCoAP: ParseServiceDiscover:[330] :new device join
06-06 19:35:14.450  3114  3188 E nStackXDFinder: GetLocalIp:[401] :GetLocalIp exec
06-06 19:35:14.453  3114  3188 D nStackXCoAP: IsInSameNetwork:[276] :IsInSameNetwork exec
06-06 19:35:14.453  3114  3188 I nStackXDFinder: GetLocalInterfaceDetail:[461] :GetLocalInterfaceDetail in
