06-06 13:42:36.582   475   614 D ConnectivityService: [100 WIFI] validation passed
06-06 13:42:36.587  1359  1359 I Receiver: 网络连接成功 
06-06 13:42:36.601  1257  1689 W efs.info.manager: network change: wifi
06-06 13:42:36.613   475   614 D ConnectivityService: Setting DNS servers for network 100 to [/202.96.134.133, /202.96.128.166]
06-06 13:42:36.617   475   614 D DnsManager: sendDnsConfigurationForNetwork(100, [202.96.134.133, 202.96.128.166], [], 1800, 25, 8, 64, 0, 0, , [202.96.134.133, 202.96.128.166])
06-06 13:42:36.622   475   614 W ContextImpl: Calling a method in the system process without a qualified user: android.app.ContextImpl.sendStickyBroadcast:1559 com.android.server.ConnectivityService.sendStickyBroadcast:2884 com.android.server.ConnectivityService.sendGeneralBroadcast:2859 com.android.server.ConnectivityService.sendInetConditionBroadcast:2836 com.android.server.ConnectivityService.updateInetCondition:8529 
06-06 13:42:36.658  1846  1846 W Role    : Cannot get ApplicationInfo for default holder: com.android.messaging
06-06 13:42:36.665   475   492 I system_server: Background concurrent copying GC freed 262843(12MB) AllocSpace objects, 66(2704KB) LOS objects, 49% free, 13MB/26MB, paused 430us total 3.539s
06-06 13:42:36.652  1918  1918 I cmd     : type=1400 audit(0.0:582): avc: denied { call } for scontext=u:r:preinstall:s0 tcontext=u:r:servicemanager:s0 tclass=binder permissive=1
06-06 13:42:36.697  1047  1047 W System.err: SLF4J: Failed to load class "org.slf4j.impl.StaticLoggerBinder".
06-06 13:42:36.701  1047  1047 W System.err: SLF4J: Defaulting to no-operation (NOP) logger implementation
06-06 13:42:36.701  1047  1047 W System.err: SLF4J: See http://www.slf4j.org/codes.html#StaticLoggerBinder for further details.
06-06 13:42:36.704  1047  1047 D LanSocketServer: connect /192.168.3.31:6689
06-06 13:42:36.709  1047  1047 D LanSocketServer: connect start
06-06 13:42:36.709  1047  1047 E LanCommander: onNetWorkChanged: true
06-06 13:42:36.727  1100  1456 D AppManager: checkLocalAppsIsValid: size 
06-06 13:42:36.727  1100  1456 D AppManager: AppManager resetData: 
06-06 13:42:36.728  1047  1047 E LanCommander: onNetWorkChanged: true
06-06 13:42:36.738  1846  1846 I HibernationPolicy: scheduleHibernationJob with frequency 1296000000ms and threshold 7776000000ms
06-06 13:42:36.752  1846  1846 I HibernationPolicy: user 0 is a profileowner. Running hibernation job.
06-06 13:42:36.754  1846  1846 I HibernationPolicy: Job already scheduled.
06-06 13:42:36.759   475   810 D CompatibilityChangeReporter: Compat change id reported: 135634846; UID 10017; state: DISABLED
06-06 13:42:36.759   475   810 D CompatibilityChangeReporter: Compat change id reported: 177438394; UID 10017; state: DISABLED
06-06 13:42:36.759   475   810 D CompatibilityChangeReporter: Compat change id reported: 135772972; UID 10017; state: DISABLED
06-06 13:42:36.760   475   810 D CompatibilityChangeReporter: Compat change id reported: 135754954; UID 10017; state: ENABLED
06-06 13:42:36.760   475   539 D CompatibilityChangeReporter: Compat change id reported: 143937733; UID 10017; state: ENABLED
06-06 13:42:36.763  1047  1925 E LanCommander: onServerCreatedSuccess 192.168.3.31:6689
06-06 13:42:36.764  1577  1577 I net_disconnect.: type=1400 audit(0.0:583): avc: denied { execute } for name="rgb_led_ctl" dev="dm-1" ino=188 scontext=u:r:init:s0 tcontext=u:object_r:vendor_file:s0 tclass=file permissive=1
06-06 13:42:36.768  1934  1934 I net_disconnect.: type=1400 audit(0.0:584): avc: denied { execute_no_trans } for path="/vendor/bin/rgb_led_ctl" dev="dm-1" ino=188 scontext=u:r:init:s0 tcontext=u:object_r:vendor_file:s0 tclass=file permissive=1
06-06 13:42:36.780   475  1349 D WifiMemoryStoreImpl: Set cluster G5be9f4c197098e9e for Wd5f986814084ed51: SUCCESS
06-06 13:42:36.784   243   243 D Zygote  : Forked child process 1935
06-06 13:42:36.785   475   539 I ActivityManager: app.processName = com.android.providers.calendar
06-06 13:42:36.785   475   539 I ActivityManager: Start proc 1935:com.android.providers.calendar/u0a17 for broadcast {com.android.providers.calendar/com.android.providers.calendar.CalendarReceiver}
06-06 13:42:36.799  1935  1935 I Zygote  : seccomp disabled by setenforce 0
06-06 13:42:36.817   475  1350 D WifiMemoryStoreImpl: Set cluster G5be9f4c197098e9e for Waae0005b53934f81: SUCCESS
06-06 13:42:36.822   396   407 I adbd    : jdwp connection from 1935
06-06 13:42:36.840   475   475 I Binder:475_F: type=1400 audit(0.0:585): avc: denied { call } for scontext=u:r:system_server:s0 tcontext=u:r:preinstall:s0 tclass=binder permissive=1
06-06 13:42:36.868  1953  1953 I pm      : type=1400 audit(0.0:586): avc: denied { write search } for name="tmp" dev="mmcblk0p25" ino=86 scontext=u:r:preinstall:s0 tcontext=u:object_r:shell_data_file:s0 tclass=dir permissive=1
06-06 13:42:36.896  1047  1925 E RCInfo  : vid:
06-06 13:42:36.896  1047  1925 E RCInfo  : pid:
06-06 13:42:36.897  1047  1925 E RCInfo  : RCBrand:NA
06-06 13:42:36.915  1047  1925 E RCInfo  : vid:
06-06 13:42:36.915  1047  1925 E RCInfo  : pid:
06-06 13:42:36.916  1047  1925 E RCInfo  : vid:
06-06 13:42:36.916  1047  1925 E RCInfo  : pid:
06-06 13:42:36.917  1047  1925 E RCInfo  : vid:
06-06 13:42:36.917  1047  1925 E RCInfo  : pid:
06-06 13:42:36.917  1047  1925 E RCInfo  : RCBrand:NA
06-06 13:42:36.921   475   810 D CompatibilityChangeReporter: Compat change id reported: 168419799; UID 10017; state: DISABLED
06-06 13:42:36.925   475  1353 D WifiMemoryStoreImpl: Set cluster G5be9f4c197098e9e for W298f623267ae150d: SUCCESS
06-06 13:42:36.933  1047  1925 E RCInfo  : vid:
06-06 13:42:36.933  1935  1935 D CompatibilityChangeReporter: Compat change id reported: 171979766; UID 10017; state: ENABLED
06-06 13:42:36.937  1047  1925 E RCInfo  : pid:
06-06 13:42:36.938  1047  1925 E RCInfo  : vid:
06-06 13:42:36.938  1047  1925 E RCInfo  : pid:
06-06 13:42:37.028   475   810 D WifiMemoryStoreImpl: Set cluster G5be9f4c197098e9e for W931b70e4e6741d2f: SUCCESS
06-06 13:42:37.039  1047  1300 D getEthernetMacAddr: getEthernetMacAddr use eth0
06-06 13:42:37.042  1047  1925 D getEthernetMacAddr: getEthernetMacAddr use eth0
06-06 13:42:37.081  1142  1142 D aaa     : WiFi is connect 
06-06 13:42:37.094  1142  1142 D aaa     : WiFi is connect 
06-06 13:42:37.104  1142  1142 D aaa     : WiFi is connect 
06-06 13:42:37.114   475  1352 D WifiMemoryStoreImpl: Set cluster G5be9f4c197098e9e for W6519fc793b41e741: SUCCESS
06-06 13:42:37.115  1142  1142 D aaa     : WiFi is connect 
06-06 13:42:37.117  1935  1935 V GraphicsEnvironment: ANGLE Developer option for 'com.android.providers.calendar' set to: 'default'
06-06 13:42:37.118  1935  1935 V GraphicsEnvironment: Neither updatable production driver nor prerelease driver is supported.
06-06 13:42:37.126  1935  1935 D NetworkSecurityConfig: No Network Security Config specified, using platform default
06-06 13:42:37.126  1935  1935 D NetworkSecurityConfig: No Network Security Config specified, using platform default
06-06 13:42:37.137  1047  1925 D getEthernetMacAddr: getEthernetMacAddr use eth0
06-06 13:42:37.151  1047  1300 D getEthernetMacAddr: getEthernetMacAddr use eth0
06-06 13:42:37.162  1359  1359 D RockyManager: switchWakeIsAllow      isQuitBootGuide: true      isBtMode: false
06-06 13:42:37.162  1359  1359 D RockyManager: switchWakeIsAllow      isAllowFarWake: true
06-06 13:42:37.162  1359  1359 I Receiver: ----------netConnectInitSDK--------------
06-06 13:42:37.162  1359  1359 D RockyNetMessageUtil: initTipsList   tipEntity = TipEntity{movieType=[我想看喜剧片, 动作片, 枪战片], movie=[庆余年, 误杀, 美丽人生, 爆笑虫子, 哪吒, 小猪佩奇, 胡歌的电视剧, 张艺谋导演的电影, 切换到1080P, 收藏], appController=[打开当贝市场, 下载哈趣影视, 爱奇艺, 卸载腾讯视频], weather=[今天的天气, 未来五天的天气, 杭州天气怎么样, 明天下不下雨], music=[我要听歌, 周杰伦的歌, 上一首, 下一首, 快进一分钟, 暂停], liveAppDownload='非常抱歉，根据监管部门政策管理要求，暂不提供相应服务。', subscreen=null, wakeUpVoiceResponse=[ProbabilityEntity{word='在呢', probability=30}, ProbabilityEntity{word='我在', probability=35}, ProbabilityEntity{word='你说', probability=15}, ProbabilityEntity{word='来啦', probability=20}], unrecognizedVoiceResponse=[ProbabilityEntity{word='可以再说一遍么', probability=45}, ProbabilityEntity{word='可以说的详细一点么', probability=30}, ProbabilityEntity{word='请问有什么可以帮您', probability=25}], notUnderstandVoiceResponse=[ProbabilityEntity{word='换个说法试试吧', probability=100}]}     isRequestTipSuccess = false
06-06 13:42:37.168   475   499 D WifiMemoryStoreImpl: Set cluster G5be9f4c197098e9e for W2d022fc941433c88: SUCCESS
06-06 13:42:37.175  1359  1359 D RockyNetMessageUtil: initMediaControlPage   pageEntity = PageEntity{list=[ContentEntity{packageName='com.dangbei.leard.leradlauncher', activityName='FilmDetailActivity'}, ContentEntity{packageName='com.dangbei.leard.leradlauncher', activityName='FullScreenDetailActivity'}, ContentEntity{packageName='com.dangbei.leard.leradlauncher', activityName='TencentSportActivity'}, ContentEntity{packageName='com.dangbei.leradVideoPlugins', activityName='FilmDetailActivity'}, ContentEntity{packageName='com.dangbei.leradVideoPlugins', activityName='FullScreenDetailActivity'}, ContentEntity{packageName='com.dangbei.leradVideoPlugins', activityName='TencentSportActivity'}, ContentEntity{packageName='com.dangbei.leradVideoPlugins', activityName='ShortPlayActivity'}, ContentEntity{packageName='com.dangbei.hqmedia', activityName='FilmDetailActivity'}, ContentEntity{packageName='com.dangbei.hqmedia', activityName='FullScreenDetailActivity'}, ContentEntity{packageName='com.dangbei.leradVideoPlugins', activityName='MangoMediaActivity'}, ContentEntity{packageName='com.dangbei.leradVideoPlugins', activityName='VcinemaActivity'}]}     isRequestPageControlSuccess = false
06-06 13:42:37.175  1359  1703 D XHttpObservable: handleRequest: start https://tyapi.qun7.com/v1/voice/getsoundshowmsg ,,, isCache = false
06-06 13:42:37.191  1359  1705 D XHttpObservable: handleRequest: start https://tyapi.qun7.com/v1/voice/getResponseControlPage ,,, isCache = false
06-06 13:42:37.257  1047  1967 I okhttp.OkHttpClient: --> POST http://tyapi.qun7.com/v1/core/launcherota (519-byte body)
06-06 13:42:37.268  1047  1301 I okhttp.OkHttpClient: --> POST http://tymsgapi.qun7.com/v1/core/logip (586-byte body)
06-06 13:42:37.269  1047  1300 I okhttp.OkHttpClient: --> POST http://tymsgapi.qun7.com/v1/core/rom (519-byte body)
06-06 13:42:37.270  1047  1957 I okhttp.OkHttpClient: --> POST http://tymsgapi.qun7.com/v1/core/rom (519-byte body)
06-06 13:42:37.279  1047  1958 I okhttp.OkHttpClient: --> POST http://tyapi.qun7.com/v1/core/launcherota (519-byte body)
06-06 13:42:37.289  1100  1312 E hq      : WeatherRefresh:::请求网络地址后，更新的地理位置为：101280601
06-06 13:42:37.295  1100  1678 E hq      : WeatherRefresh:::请求网络地址后，更新的地理位置为：101280601
06-06 13:42:37.311   180   180 E SELinux : avc:  denied  { find } for pid=1993 uid=0 name=activity scontext=u:r:preinstall:s0 tcontext=u:object_r:activity_service:s0 tclass=service_manager permissive=1
06-06 13:42:37.318  1935  1935 I CalendarProvider2: Created com.android.providers.calendar.CalendarAlarmManager@ed09359(com.android.providers.calendar.CalendarProvider2@b8a0b1e)
06-06 13:42:37.322  1047  1302 I okhttp.OkHttpClient: --> POST http://tymsgapi.qun7.com/v1/core/appupdate (3196-byte body)
06-06 13:42:37.335  1935  2007 D CompatibilityChangeReporter: Compat change id reported: 160794467; UID 10017; state: ENABLED
06-06 13:42:37.347   475   519 W IorapForwardingService: No service published for: iorapd
06-06 13:42:37.364  1142  1142 D aaa     : LedStatusService onStartCommand begin
06-06 13:42:37.366  1142  2012 D aaa     : topPkg is -------------- :com.dangbei.leard.leradlauncher
06-06 13:42:37.367  1047  1964 I okhttp.OkHttpClient: --> POST http://tymsgapi.qun7.com/v1/core/appupdate (3196-byte body)
06-06 13:42:37.368  1142  2012 D aaa     : WiFi is connect 
06-06 13:42:37.387   475   810 D CompatibilityChangeReporter: Compat change id reported: 171306433; UID 10017; state: ENABLED
06-06 13:42:37.393   475  1353 D CompatibilityChangeReporter: Compat change id reported: 143231523; UID 10017; state: DISABLED
06-06 13:42:37.404  1164  1164 D NetworkSecurityConfig: No Network Security Config specified, using platform default
06-06 13:42:37.407  1047  1301 I okhttp.OkHttpClient: <-- HTTP FAILED: java.io.IOException: unexpected end of stream on http://tymsgapi.qun7.com/...
06-06 13:42:37.408  1047  1301 W System.err: java.io.IOException: unexpected end of stream on http://tymsgapi.qun7.com/...
06-06 13:42:37.408   475  1353 D WifiMemoryStoreImpl: Set cluster G5be9f4c197098e9e for Wbfe1d8940a31827d: SUCCESS
06-06 13:42:37.408  1047  1301 W System.err: 	at okhttp3.internal.http1.Http1ExchangeCodec.readResponseHeaders(Http1ExchangeCodec.kt:202)
06-06 13:42:37.408  1047  1301 W System.err: 	at okhttp3.internal.connection.Exchange.readResponseHeaders(Exchange.kt:106)
06-06 13:42:37.408  1047  1301 W System.err: 	at okhttp3.internal.http.CallServerInterceptor.intercept(CallServerInterceptor.kt:79)
06-06 13:42:37.408  1047  1301 W System.err: 	at okhttp3.internal.http.RealInterceptorChain.proceed(RealInterceptorChain.kt:109)
06-06 13:42:37.409  1047  1301 W System.err: 	at okhttp3.internal.connection.ConnectInterceptor.intercept(ConnectInterceptor.kt:34)
06-06 13:42:37.409  1047  1301 W System.err: 	at okhttp3.internal.http.RealInterceptorChain.proceed(RealInterceptorChain.kt:109)
06-06 13:42:37.409  1047  1301 W System.err: 	at okhttp3.internal.cache.CacheInterceptor.intercept(CacheInterceptor.kt:95)
06-06 13:42:37.409  1047  1301 W System.err: 	at okhttp3.internal.http.RealInterceptorChain.proceed(RealInterceptorChain.kt:109)
06-06 13:42:37.409  1047  1301 W System.err: 	at okhttp3.internal.http.BridgeInterceptor.intercept(BridgeInterceptor.kt:83)
06-06 13:42:37.409  1047  1301 W System.err: 	at okhttp3.internal.http.RealInterceptorChain.proceed(RealInterceptorChain.kt:109)
06-06 13:42:37.409  1047  1301 W System.err: 	at okhttp3.internal.http.RetryAndFollowUpInterceptor.intercept(RetryAndFollowUpInterceptor.kt:76)
06-06 13:42:37.409  1047  1301 W System.err: 	at okhttp3.internal.http.RealInterceptorChain.proceed(RealInterceptorChain.kt:109)
06-06 13:42:37.409  1047  1301 W System.err: 	at okhttp3.logging.HttpLoggingInterceptor.intercept(HttpLoggingInterceptor.kt:221)
06-06 13:42:37.409  1047  1301 W System.err: 	at okhttp3.internal.http.RealInterceptorChain.proceed(RealInterceptorChain.kt:109)
06-06 13:42:37.409  1047  1301 W System.err: 	at com.etna.haqu.model.net.interceptor.RequestSignAndEncryptInterceptor.intercept(RequestSignAndEncryptInterceptor.kt:93)
06-06 13:42:37.409  1047  1301 W System.err: 	at okhttp3.internal.http.RealInterceptorChain.proceed(RealInterceptorChain.kt:109)
06-06 13:42:37.409  1047  1301 W System.err: 	at com.etna.haqu.model.net.interceptor.CommonParamsInterceptor.intercept(CommonParamsInterceptor.kt:141)
06-06 13:42:37.409  1047  1301 W System.err: 	at okhttp3.internal.http.RealInterceptorChain.proceed(RealInterceptorChain.kt:109)
06-06 13:42:37.409  1047  1301 W System.err: 	at okhttp3.internal.connection.RealCall.getResponseWithInterceptorChain$okhttp(RealCall.kt:201)
06-06 13:42:37.409  1047  1301 W System.err: 	at okhttp3.internal.connection.RealCall.execute(RealCall.kt:154)
06-06 13:42:37.409  1047  1301 W System.err: 	at retrofit2.OkHttpCall.execute(OkHttpCall.java:204)
06-06 13:42:37.409  1047  1301 W System.err: 	at com.etna.haqu.support.network.call_adapter.flow.sync.BodyFlowCallAdapterKt$bodyFlow$1.invokeSuspend(BodyFlowCallAdapter.kt:26)
06-06 13:42:37.409  1047  1301 W System.err: 	at com.etna.haqu.support.network.call_adapter.flow.sync.BodyFlowCallAdapterKt$bodyFlow$1.invoke(Unknown Source:8)
06-06 13:42:37.409  1047  1301 W System.err: 	at com.etna.haqu.support.network.call_adapter.flow.sync.BodyFlowCallAdapterKt$bodyFlow$1.invoke(Unknown Source:4)
06-06 13:42:37.409  1047  1301 W System.err: 	at kotlinx.coroutines.flow.SafeFlow.collectSafely(Builders.kt:61)
06-06 13:42:37.409  1047  1301 W System.err: 	at kotlinx.coroutines.flow.AbstractFlow.collect(Flow.kt:230)
06-06 13:42:37.410  1047  1301 W System.err: 	at kotlinx.coroutines.flow.FlowKt__LimitKt$take$$inlined$unsafeFlow$1.collect(SafeCollector.common.kt:115)
06-06 13:42:37.410  1047  1301 W System.err: 	at kotlinx.coroutines.flow.FlowKt__ErrorsKt.catchImpl(Errors.kt:156)
06-06 13:42:37.410  1047  1301 W System.err: 	at kotlinx.coroutines.flow.FlowKt.catchImpl(Unknown Source:1)
06-06 13:42:37.410  1047  1301 W System.err: 	at kotlinx.coroutines.flow.FlowKt__ErrorsKt$catch$$inlined$unsafeFlow$1.collect(SafeCollector.common.kt:113)
06-06 13:42:37.410  1047  1301 W System.err: 	at com.etna.haqu.support.ext.FlowExtKt.safeCollect(FlowExt.kt:50)
06-06 13:42:37.410  1047  1301 W System.err: 	at com.dangbei.andes.business.HttpUtil$logIp$1.invokeSuspend(HttpUtil.kt:15)
06-06 13:42:37.410  1047  1301 W System.err: 	at kotlin.coroutines.jvm.internal.BaseContinuationImpl.resumeWith(ContinuationImpl.kt:33)
06-06 13:42:37.410  1047  1301 W System.err: 	at kotlinx.coroutines.DispatchedTask.run(DispatchedTask.kt:106)
06-06 13:42:37.410  1047  1301 W System.err: 	at kotlinx.coroutines.internal.LimitedDispatcher.run(LimitedDispatcher.kt:42)
06-06 13:42:37.410  1047  1301 W System.err: 	at kotlinx.coroutines.scheduling.TaskImpl.run(Tasks.kt:95)
06-06 13:42:37.410  1047  1301 W System.err: 	at kotlinx.coroutines.scheduling.CoroutineScheduler.runSafely(CoroutineScheduler.kt:570)
06-06 13:42:37.410  1047  1301 W System.err: 	at kotlinx.coroutines.scheduling.CoroutineScheduler$Worker.executeTask(CoroutineScheduler.kt:749)
06-06 13:42:37.410  1047  1301 W System.err: 	at kotlinx.coroutines.scheduling.CoroutineScheduler$Worker.runWorker(CoroutineScheduler.kt:677)
06-06 13:42:37.410  1047  1301 W System.err: 	at kotlinx.coroutines.scheduling.CoroutineScheduler$Worker.run(CoroutineScheduler.kt:664)
06-06 13:42:37.411  1047  1957 I okhttp.OkHttpClient: <-- HTTP FAILED: java.io.IOException: unexpected end of stream on http://tymsgapi.qun7.com/...
06-06 13:42:37.415  1047  1300 I okhttp.OkHttpClient: <-- HTTP FAILED: java.io.IOException: unexpected end of stream on http://tymsgapi.qun7.com/...
06-06 13:42:37.418  1047  1301 W System.err: Caused by: java.io.EOFException: \n not found: limit=0 content=…
06-06 13:42:37.418  1047  1301 W System.err: 	at okio.RealBufferedSource.readUtf8LineStrict(RealBufferedSource.kt:332)
06-06 13:42:37.418  1047  1301 W System.err: 	at okhttp3.internal.http1.HeadersReader.readLine(HeadersReader.kt:29)
06-06 13:42:37.418  1047  1301 W System.err: 	at okhttp3.internal.http1.Http1ExchangeCodec.readResponseHeaders(Http1ExchangeCodec.kt:178)
06-06 13:42:37.418  1047  1301 W System.err: 	... 39 more
06-06 13:42:37.418  1047  1301 E HttpUtil: error:java.io.IOException: unexpected end of stream on http://tymsgapi.qun7.com/...
06-06 13:42:37.419  1047  1047 W System.err: java.io.IOException: unexpected end of stream on http://tymsgapi.qun7.com/...
06-06 13:42:37.419  1047  1047 W System.err: 	at okhttp3.internal.http1.Http1ExchangeCodec.readResponseHeaders(Http1ExchangeCodec.kt:202)
06-06 13:42:37.419  1047  1047 W System.err: 	at okhttp3.internal.connection.Exchange.readResponseHeaders(Exchange.kt:106)
06-06 13:42:37.419  1047  1047 W System.err: 	at okhttp3.internal.http.CallServerInterceptor.intercept(CallServerInterceptor.kt:79)
06-06 13:42:37.419  1047  1047 W System.err: 	at okhttp3.internal.http.RealInterceptorChain.proceed(RealInterceptorChain.kt:109)
06-06 13:42:37.419  1047  1047 W System.err: 	at okhttp3.internal.connection.ConnectInterceptor.intercept(ConnectInterceptor.kt:34)
06-06 13:42:37.419  1047  1047 W System.err: 	at okhttp3.internal.http.RealInterceptorChain.proceed(RealInterceptorChain.kt:109)
06-06 13:42:37.419  1047  1047 W System.err: 	at okhttp3.internal.cache.CacheInterceptor.intercept(CacheInterceptor.kt:95)
06-06 13:42:37.419  1047  1047 W System.err: 	at okhttp3.internal.http.RealInterceptorChain.proceed(RealInterceptorChain.kt:109)
06-06 13:42:37.419  1047  1047 W System.err: 	at okhttp3.internal.http.BridgeInterceptor.intercept(BridgeInterceptor.kt:83)
06-06 13:42:37.420  1047  1047 W System.err: 	at okhttp3.internal.http.RealInterceptorChain.proceed(RealInterceptorChain.kt:109)
06-06 13:42:37.420  1047  1047 W System.err: 	at okhttp3.internal.http.RetryAndFollowUpInterceptor.intercept(RetryAndFollowUpInterceptor.kt:76)
06-06 13:42:37.420  1047  1047 W System.err: 	at okhttp3.internal.http.RealInterceptorChain.proceed(RealInterceptorChain.kt:109)
06-06 13:42:37.420  1047  1047 W System.err: 	at okhttp3.logging.HttpLoggingInterceptor.intercept(HttpLoggingInterceptor.kt:221)
06-06 13:42:37.420  1047  1047 W System.err: 	at okhttp3.internal.http.RealInterceptorChain.proceed(RealInterceptorChain.kt:109)
06-06 13:42:37.420  1047  1047 W System.err: 	at com.etna.haqu.model.net.interceptor.RequestSignAndEncryptInterceptor.intercept(RequestSignAndEncryptInterceptor.kt:93)
06-06 13:42:37.420  1047  1047 W System.err: 	at okhttp3.internal.http.RealInterceptorChain.proceed(RealInterceptorChain.kt:109)
06-06 13:42:37.420  1047  1047 W System.err: 	at com.etna.haqu.model.net.interceptor.CommonParamsInterceptor.intercept(CommonParamsInterceptor.kt:141)
06-06 13:42:37.420  1047  1047 W System.err: 	at okhttp3.internal.http.RealInterceptorChain.proceed(RealInterceptorChain.kt:109)
06-06 13:42:37.420  1047  1047 W System.err: 	at okhttp3.internal.connection.RealCall.getResponseWithInterceptorChain$okhttp(RealCall.kt:201)
06-06 13:42:37.420  1047  1047 W System.err: 	at okhttp3.internal.connection.RealCall.execute(RealCall.kt:154)
06-06 13:42:37.420  1047  1047 W System.err: 	at retrofit2.OkHttpCall.execute(OkHttpCall.java:204)
06-06 13:42:37.420  1047  1047 W System.err: 	at com.etna.haqu.support.network.call_adapter.flow.sync.BodyFlowCallAdapterKt$bodyFlow$1.invokeSuspend(BodyFlowCallAdapter.kt:26)
06-06 13:42:37.420  1047  1047 W System.err: 	at com.etna.haqu.support.network.call_adapter.flow.sync.BodyFlowCallAdapterKt$bodyFlow$1.invoke(Unknown Source:8)
06-06 13:42:37.420  1047  1047 W System.err: 	at com.etna.haqu.support.network.call_adapter.flow.sync.BodyFlowCallAdapterKt$bodyFlow$1.invoke(Unknown Source:4)
06-06 13:42:37.420  1047  1047 W System.err: 	at kotlinx.coroutines.flow.SafeFlow.collectSafely(Builders.kt:61)
06-06 13:42:37.420  1047  1047 W System.err: 	at kotlinx.coroutines.flow.AbstractFlow.collect(Flow.kt:230)
06-06 13:42:37.420  1047  1047 W System.err: 	at kotlinx.coroutines.flow.FlowKt__LimitKt$take$$inlined$unsafeFlow$1.collect(SafeCollector.common.kt:115)
06-06 13:42:37.420  1047  1047 W System.err: 	at kotlinx.coroutines.flow.internal.ChannelFlowOperatorImpl.flowCollect(ChannelFlow.kt:195)
06-06 13:42:37.420  1047  1047 W System.err: 	at kotlinx.coroutines.flow.internal.ChannelFlowOperator.collectTo$suspendImpl(ChannelFlow.kt:157)
06-06 13:42:37.420  1047  1047 W System.err: 	at kotlinx.coroutines.flow.internal.ChannelFlowOperator.collectTo(Unknown Source:0)
06-06 13:42:37.420  1047  1047 W System.err: 	at kotlinx.coroutines.flow.internal.ChannelFlow$collectToFun$1.invokeSuspend(ChannelFlow.kt:60)
06-06 13:42:37.420  1047  1047 W System.err: 	at kotlin.coroutines.jvm.internal.BaseContinuationImpl.resumeWith(ContinuationImpl.kt:33)
06-06 13:42:37.420  1047  1047 W System.err: 	at kotlinx.coroutines.DispatchedTask.run(DispatchedTask.kt:106)
06-06 13:42:37.420  1047  1047 W System.err: 	at kotlinx.coroutines.internal.LimitedDispatcher.run(LimitedDispatcher.kt:42)
06-06 13:42:37.420  1047  1047 W System.err: 	at kotlinx.coroutines.scheduling.TaskImpl.run(Tasks.kt:95)
06-06 13:42:37.420  1047  1047 W System.err: 	at kotlinx.coroutines.scheduling.CoroutineScheduler.runSafely(CoroutineScheduler.kt:570)
06-06 13:42:37.420  1047  1047 W System.err: 	at kotlinx.coroutines.scheduling.CoroutineScheduler$Worker.executeTask(CoroutineScheduler.kt:749)
06-06 13:42:37.420  1047  1047 W System.err: 	at kotlinx.coroutines.scheduling.CoroutineScheduler$Worker.runWorker(CoroutineScheduler.kt:677)
06-06 13:42:37.420  1047  1047 W System.err: 	at kotlinx.coroutines.scheduling.CoroutineScheduler$Worker.run(CoroutineScheduler.kt:664)
06-06 13:42:37.421  1047  1047 W System.err: Caused by: java.io.EOFException: \n not found: limit=0 content=…
06-06 13:42:37.421  1047  1047 W System.err: 	at okio.RealBufferedSource.readUtf8LineStrict(RealBufferedSource.kt:332)
06-06 13:42:37.421  1047  1047 W System.err: 	at okhttp3.internal.http1.HeadersReader.readLine(HeadersReader.kt:29)
06-06 13:42:37.421  1047  1047 W System.err: 	at okhttp3.internal.http1.Http1ExchangeCodec.readResponseHeaders(Http1ExchangeCodec.kt:178)
06-06 13:42:37.421  1047  1047 W System.err: 	... 38 more
06-06 13:42:37.427  1047  1925 E HigherBroadcastServer: {"bluetoothBoot":false,"bluetoothController":false,"bluetoothMac":"B4:2F:03:15:73:BD","deviceModel":"DBBOX-A2","deviceModelNumber":"H5232","deviceName":"客厅的当贝盒子","findController":1,"hostName":"192.168.3.31","inetAddress":"192.168.3.31","mac":"20:02:FE:19:C2:18","port":6689,"romCode":5008,"romVersion":"5.0.0.8","wifiMac":"B4:2F:03:15:E9:47","deviceId":"7422857b4e720d02c40cda0b3d3382df","sn":"DZOH58251908361"}
06-06 13:42:37.427  1047  1925 W NsdServiceInfo: Key lengths > 9 are discouraged: deviceModel
06-06 13:42:37.428  1047  1925 W NsdServiceInfo: Key lengths > 9 are discouraged: deviceModelNumber
06-06 13:42:37.428  1047  1925 W NsdServiceInfo: Key lengths > 9 are discouraged: deviceName
06-06 13:42:37.428  1047  1925 W NsdServiceInfo: Key lengths > 9 are discouraged: romVersion
06-06 13:42:37.428  1047  1925 W NsdServiceInfo: Key lengths > 9 are discouraged: findController
06-06 13:42:37.428  1047  1047 E ccc     : cccccc com.dangbei.haqusetting not connect
06-06 13:42:37.428  1047  1047 E ccc     : cccccc updateHelper 通知更新 
06-06 13:42:37.428  1047  1047 E ccc     : cccccc requestOtaInfo exception unexpected end of stream on http://tymsgapi.qun7.com/...
06-06 13:42:37.429  1047  1047 W System.err: java.io.IOException: unexpected end of stream on http://tymsgapi.qun7.com/...
06-06 13:42:37.429  1047  1047 W System.err: 	at okhttp3.internal.http1.Http1ExchangeCodec.readResponseHeaders(Http1ExchangeCodec.kt:202)
06-06 13:42:37.429  1047  1047 W System.err: 	at okhttp3.internal.connection.Exchange.readResponseHeaders(Exchange.kt:106)
06-06 13:42:37.429  1047  1047 W System.err: 	at okhttp3.internal.http.CallServerInterceptor.intercept(CallServerInterceptor.kt:79)
06-06 13:42:37.429  1047  1047 W System.err: 	at okhttp3.internal.http.RealInterceptorChain.proceed(RealInterceptorChain.kt:109)
06-06 13:42:37.429  1047  1047 W System.err: 	at okhttp3.internal.connection.ConnectInterceptor.intercept(ConnectInterceptor.kt:34)
06-06 13:42:37.429  1047  1047 W System.err: 	at okhttp3.internal.http.RealInterceptorChain.proceed(RealInterceptorChain.kt:109)
06-06 13:42:37.429  1047  1047 W System.err: 	at okhttp3.internal.cache.CacheInterceptor.intercept(CacheInterceptor.kt:95)
06-06 13:42:37.429  1047  1047 W System.err: 	at okhttp3.internal.http.RealInterceptorChain.proceed(RealInterceptorChain.kt:109)
06-06 13:42:37.429  1047  1047 W System.err: 	at okhttp3.internal.http.BridgeInterceptor.intercept(BridgeInterceptor.kt:83)
06-06 13:42:37.429  1047  1047 W System.err: 	at okhttp3.internal.http.RealInterceptorChain.proceed(RealInterceptorChain.kt:109)
06-06 13:42:37.429  1047  1047 W System.err: 	at okhttp3.internal.http.RetryAndFollowUpInterceptor.intercept(RetryAndFollowUpInterceptor.kt:76)
06-06 13:42:37.429  1047  1047 W System.err: 	at okhttp3.internal.http.RealInterceptorChain.proceed(RealInterceptorChain.kt:109)
06-06 13:42:37.429  1047  1047 W System.err: 	at okhttp3.logging.HttpLoggingInterceptor.intercept(HttpLoggingInterceptor.kt:221)
06-06 13:42:37.430  1047  1047 W System.err: 	at okhttp3.internal.http.RealInterceptorChain.proceed(RealInterceptorChain.kt:109)
06-06 13:42:37.430  1047  1047 W System.err: 	at com.etna.haqu.model.net.interceptor.RequestSignAndEncryptInterceptor.intercept(RequestSignAndEncryptInterceptor.kt:93)
06-06 13:42:37.430  1047  1047 W System.err: 	at okhttp3.internal.http.RealInterceptorChain.proceed(RealInterceptorChain.kt:109)
06-06 13:42:37.430  1047  1047 W System.err: 	at com.etna.haqu.model.net.interceptor.CommonParamsInterceptor.intercept(CommonParamsInterceptor.kt:141)
06-06 13:42:37.430  1047  1047 W System.err: 	at okhttp3.internal.http.RealInterceptorChain.proceed(RealInterceptorChain.kt:109)
06-06 13:42:37.430  1047  1047 W System.err: 	at okhttp3.internal.connection.RealCall.getResponseWithInterceptorChain$okhttp(RealCall.kt:201)
06-06 13:42:37.430  1047  1047 W System.err: 	at okhttp3.internal.connection.RealCall.execute(RealCall.kt:154)
06-06 13:42:37.430  1047  1047 W System.err: 	at retrofit2.OkHttpCall.execute(OkHttpCall.java:204)
06-06 13:42:37.430  1047  1047 W System.err: 	at com.etna.haqu.support.network.call_adapter.flow.sync.BodyFlowCallAdapterKt$bodyFlow$1.invokeSuspend(BodyFlowCallAdapter.kt:26)
06-06 13:42:37.430  1047  1047 W System.err: 	at com.etna.haqu.support.network.call_adapter.flow.sync.BodyFlowCallAdapterKt$bodyFlow$1.invoke(Unknown Source:8)
06-06 13:42:37.430  1047  1047 W System.err: 	at com.etna.haqu.support.network.call_adapter.flow.sync.BodyFlowCallAdapterKt$bodyFlow$1.invoke(Unknown Source:4)
06-06 13:42:37.430  1047  1047 W System.err: 	at kotlinx.coroutines.flow.SafeFlow.collectSafely(Builders.kt:61)
06-06 13:42:37.430  1047  1047 W System.err: 	at kotlinx.coroutines.flow.AbstractFlow.collect(Flow.kt:230)
06-06 13:42:37.430  1047  1047 W System.err: 	at kotlinx.coroutines.flow.FlowKt__LimitKt$take$$inlined$unsafeFlow$1.collect(SafeCollector.common.kt:115)
06-06 13:42:37.430  1047  1047 W System.err: 	at kotlinx.coroutines.flow.internal.ChannelFlowOperatorImpl.flowCollect(ChannelFlow.kt:195)
06-06 13:42:37.430  1047  1047 W System.err: 	at kotlinx.coroutines.flow.internal.ChannelFlowOperator.collectTo$suspendImpl(ChannelFlow.kt:157)
06-06 13:42:37.430  1047  1047 W System.err: 	at kotlinx.coroutines.flow.internal.ChannelFlowOperator.collectTo(Unknown Source:0)
06-06 13:42:37.430  1047  1047 W System.err: 	at kotlinx.coroutines.flow.internal.ChannelFlow$collectToFun$1.invokeSuspend(ChannelFlow.kt:60)
06-06 13:42:37.430  1047  1047 W System.err: 	at kotlin.coroutines.jvm.internal.BaseContinuationImpl.resumeWith(ContinuationImpl.kt:33)
06-06 13:42:37.430  1047  1047 W System.err: 	at kotlinx.coroutines.DispatchedTask.run(DispatchedTask.kt:106)
06-06 13:42:37.430  1047  1047 W System.err: 	at kotlinx.coroutines.internal.LimitedDispatcher.run(LimitedDispatcher.kt:42)
06-06 13:42:37.430  1047  1047 W System.err: 	at kotlinx.coroutines.scheduling.TaskImpl.run(Tasks.kt:95)
06-06 13:42:37.430  1047  1047 W System.err: 	at kotlinx.coroutines.scheduling.CoroutineScheduler.runSafely(CoroutineScheduler.kt:570)
06-06 13:42:37.430  1047  1047 W System.err: 	at kotlinx.coroutines.scheduling.CoroutineScheduler$Worker.executeTask(CoroutineScheduler.kt:749)
06-06 13:42:37.430  1047  1047 W System.err: 	at kotlinx.coroutines.scheduling.CoroutineScheduler$Worker.runWorker(CoroutineScheduler.kt:677)
06-06 13:42:37.430  1047  1047 W System.err: 	at kotlinx.coroutines.scheduling.CoroutineScheduler$Worker.run(CoroutineScheduler.kt:664)
06-06 13:42:37.431  1047  1047 W System.err: Caused by: java.io.EOFException: \n not found: limit=0 content=…
06-06 13:42:37.431  1047  1047 W System.err: 	at okio.RealBufferedSource.readUtf8LineStrict(RealBufferedSource.kt:332)
06-06 13:42:37.431  1047  1047 W System.err: 	at okhttp3.internal.http1.HeadersReader.readLine(HeadersReader.kt:29)
06-06 13:42:37.431  1047  1047 W System.err: 	at okhttp3.internal.http1.Http1ExchangeCodec.readResponseHeaders(Http1ExchangeCodec.kt:178)
06-06 13:42:37.431  1047  1047 W System.err: 	... 38 more
06-06 13:42:37.455  1047  1047 E ccc     : cccccc com.dangbei.haqusetting not connect
06-06 13:42:37.455  1047  1047 E ccc     : cccccc updateHelper 通知更新 
06-06 13:42:37.455  1047  1047 E ccc     : cccccc requestOtaInfo exception unexpected end of stream on http://tymsgapi.qun7.com/...
06-06 13:42:37.489  1047  1302 I okhttp.OkHttpClient: <-- 200 OK http://tymsgapi.qun7.com/v1/core/appupdate (164ms, unknown-length body)
06-06 13:42:37.491  1100  1678 E hq      : ErrorCoroutineExceptionHandler:::runTry error:com.dangbei.leard.base.proider.error.EmptyApiException: 数据为空  from=requestGetMessageRemind  from=requestGetMessageRemind
06-06 13:42:37.495  1047  1967 I okhttp.OkHttpClient: <-- 200 OK http://tyapi.qun7.com/v1/core/launcherota (238ms, unknown-length body)
06-06 13:42:37.509   475  1353 D WifiMemoryStoreImpl: Set cluster G5be9f4c197098e9e for W5be9f4c197098e9e: SUCCESS
06-06 13:42:37.510  1047  1958 I okhttp.OkHttpClient: <-- 200 OK http://tyapi.qun7.com/v1/core/launcherota (230ms, unknown-length body)
06-06 13:42:37.515   475   518 D AW_CODE : rotation =0
06-06 13:42:37.519   475   518 D AW_CODE : rotation =0
06-06 13:42:37.525   475   518 D AW_CODE : rotation =0
06-06 13:42:37.530   475   475 W InputMethodManagerService: Illegal subtype state: old subtype = null, new subtype = android.view.inputmethod.InputMethodSubtype@129f21f8
06-06 13:42:37.546  1047  1964 I okhttp.OkHttpClient: <-- HTTP FAILED: java.io.IOException: unexpected end of stream on http://tymsgapi.qun7.com/...
06-06 13:42:37.546  1047  1964 W System.err: java.io.IOException: unexpected end of stream on http://tymsgapi.qun7.com/...
06-06 13:42:37.551  1100  1110 I d.leradlaunche: Background young concurrent copying GC freed 73675(4738KB) AllocSpace objects, 2(60KB) LOS objects, 11% free, 11MB/12MB, paused 3.870ms total 579.422ms
06-06 13:42:37.552  1047  1047 E ccc     : cccccc launcher ota response is BaseResponse{message='success', data=UpgradeInfoEntity{contentLength=0, versionName='', versionCode=0, remark='', list=[]}, code=0}
01-01 08:00:28.883  2025  2025 W audit   : audit_lost=200 audit_rate_limit=5 audit_backlog_limit=64
01-01 08:00:28.883  2025  2025 E audit   : rate limit exceeded
06-06 13:42:37.554  1047  1964 W System.err: 	at okhttp3.internal.http1.Http1ExchangeCodec.readResponseHeaders(Http1ExchangeCodec.kt:202)
06-06 13:42:37.554  1047  1964 W System.err: 	at okhttp3.internal.connection.Exchange.readResponseHeaders(Exchange.kt:106)
06-06 13:42:37.554  1047  1964 W System.err: 	at okhttp3.internal.http.CallServerInterceptor.intercept(CallServerInterceptor.kt:79)
06-06 13:42:37.554  1047  1964 W System.err: 	at okhttp3.internal.http.RealInterceptorChain.proceed(RealInterceptorChain.kt:109)
06-06 13:42:37.554  1047  1964 W System.err: 	at okhttp3.internal.connection.ConnectInterceptor.intercept(ConnectInterceptor.kt:34)
06-06 13:42:37.554  1047  1964 W System.err: 	at okhttp3.internal.http.RealInterceptorChain.proceed(RealInterceptorChain.kt:109)
06-06 13:42:37.554  1047  1964 W System.err: 	at okhttp3.internal.cache.CacheInterceptor.intercept(CacheInterceptor.kt:95)
06-06 13:42:37.554  1047  1964 W System.err: 	at okhttp3.internal.http.RealInterceptorChain.proceed(RealInterceptorChain.kt:109)
06-06 13:42:37.554  1047  1964 W System.err: 	at okhttp3.internal.http.BridgeInterceptor.intercept(BridgeInterceptor.kt:83)
06-06 13:42:37.554  1047  1964 W System.err: 	at okhttp3.internal.http.RealInterceptorChain.proceed(RealInterceptorChain.kt:109)
06-06 13:42:37.554  1047  1964 W System.err: 	at okhttp3.internal.http.RetryAndFollowUpInterceptor.intercept(RetryAndFollowUpInterceptor.kt:76)
06-06 13:42:37.554  1047  1964 W System.err: 	at okhttp3.internal.http.RealInterceptorChain.proceed(RealInterceptorChain.kt:109)
06-06 13:42:37.554  1047  1964 W System.err: 	at okhttp3.logging.HttpLoggingInterceptor.intercept(HttpLoggingInterceptor.kt:221)
06-06 13:42:37.554  1047  1964 W System.err: 	at okhttp3.internal.http.RealInterceptorChain.proceed(RealInterceptorChain.kt:109)
06-06 13:42:37.554  1047  1964 W System.err: 	at com.etna.haqu.model.net.interceptor.RequestSignAndEncryptInterceptor.intercept(RequestSignAndEncryptInterceptor.kt:93)
06-06 13:42:37.554  1047  1964 W System.err: 	at okhttp3.internal.http.RealInterceptorChain.proceed(RealInterceptorChain.kt:109)
06-06 13:42:37.554  1047  1964 W System.err: 	at com.etna.haqu.model.net.interceptor.CommonParamsInterceptor.intercept(CommonParamsInterceptor.kt:141)
06-06 13:42:37.554  1047  1964 W System.err: 	at okhttp3.internal.http.RealInterceptorChain.proceed(RealInterceptorChain.kt:109)
06-06 13:42:37.554  1047  1964 W System.err: 	at okhttp3.internal.connection.RealCall.getResponseWithInterceptorChain$okhttp(RealCall.kt:201)
06-06 13:42:37.555  1047  1964 W System.err: 	at okhttp3.internal.connection.RealCall.execute(RealCall.kt:154)
06-06 13:42:37.555  1047  1964 W System.err: 	at retrofit2.OkHttpCall.execute(OkHttpCall.java:204)
06-06 13:42:37.555  1047  1964 W System.err: 	at com.etna.haqu.support.network.call_adapter.flow.sync.BodyFlowCallAdapterKt$bodyFlow$1.invokeSuspend(BodyFlowCallAdapter.kt:26)
06-06 13:42:37.555  1047  1964 W System.err: 	at com.etna.haqu.support.network.call_adapter.flow.sync.BodyFlowCallAdapterKt$bodyFlow$1.invoke(Unknown Source:8)
06-06 13:42:37.555  1047  1964 W System.err: 	at com.etna.haqu.support.network.call_adapter.flow.sync.BodyFlowCallAdapterKt$bodyFlow$1.invoke(Unknown Source:4)
06-06 13:42:37.555  1047  1964 W System.err: 	at kotlinx.coroutines.flow.SafeFlow.collectSafely(Builders.kt:61)
06-06 13:42:37.555  1047  1964 W System.err: 	at kotlinx.coroutines.flow.AbstractFlow.collect(Flow.kt:230)
06-06 13:42:37.555  1047  1964 W System.err: 	at kotlinx.coroutines.flow.FlowKt__LimitKt$take$$inlined$unsafeFlow$1.collect(SafeCollector.common.kt:115)
06-06 13:42:37.555  1047  1964 W System.err: 	at com.dangbei.etna.update.app.AppUpdateHelper$requestAppPush$$inlined$map$1.collect(SafeCollector.common.kt:113)
06-06 13:42:37.555  1047  1964 W System.err: 	at kotlinx.coroutines.flow.FlowKt__ErrorsKt.catchImpl(Errors.kt:156)
06-06 13:42:37.555  1047  1964 W System.err: 	at kotlinx.coroutines.flow.FlowKt.catchImpl(Unknown Source:1)
06-06 13:42:37.555  1047  1964 W System.err: 	at kotlinx.coroutines.flow.FlowKt__ErrorsKt$catch$$inlined$unsafeFlow$1.collect(SafeCollector.common.kt:113)
06-06 13:42:37.555  1047  1964 W System.err: 	at com.etna.haqu.support.ext.FlowExtKt.safeCollect(FlowExt.kt:50)
06-06 13:42:37.555  1047  1964 W System.err: 	at com.dangbei.etna.update.app.AppUpdateHelper.requestAppPush(AppUpdateHelper.kt:129)
06-06 13:42:37.555  1047  1964 W System.err: 	at com.dangbei.etna.update.app.AppUpdateHelper.access$requestAppPush(AppUpdateHelper.kt:31)
06-06 13:42:37.555  1047  1964 W System.err: 	at com.dangbei.etna.update.app.AppUpdateHelper$requestAppPushInner$1$1.invokeSuspend(AppUpdateHelper.kt:167)
06-06 13:42:37.555  1047  1964 W System.err: 	at com.dangbei.etna.update.app.AppUpdateHelper$requestAppPushInner$1$1.invoke(Unknown Source:8)
06-06 13:42:37.555  1047  1964 W System.err: 	at com.dangbei.etna.update.app.AppUpdateHelper$requestAppPushInner$1$1.invoke(Unknown Source:4)
06-06 13:42:37.555  1047  1964 W System.err: 	at kotlinx.coroutines.flow.SafeFlow.collectSafely(Builders.kt:61)
06-06 13:42:37.555  1047  1964 W System.err: 	at kotlinx.coroutines.flow.AbstractFlow.collect(Flow.kt:230)
06-06 13:42:37.555  1047  1964 W System.err: 	at kotlinx.coroutines.flow.internal.ChannelFlowOperatorImpl.flowCollect(ChannelFlow.kt:195)
06-06 13:42:37.555  1047  1964 W System.err: 	at kotlinx.coroutines.flow.internal.ChannelFlowOperator.collectTo$suspendImpl(ChannelFlow.kt:157)
06-06 13:42:37.555  1047  1964 W System.err: 	at kotlinx.coroutines.flow.internal.ChannelFlowOperator.collectTo(Unknown Source:0)
06-06 13:42:37.555  1047  1964 W System.err: 	at kotlinx.coroutines.flow.internal.ChannelFlow$collectToFun$1.invokeSuspend(ChannelFlow.kt:60)
06-06 13:42:37.555  1047  1964 W System.err: 	at kotlin.coroutines.jvm.internal.BaseContinuationImpl.resumeWith(ContinuationImpl.kt:33)
06-06 13:42:37.555  1047  1964 W System.err: 	at kotlinx.coroutines.DispatchedTask.run(DispatchedTask.kt:106)
06-06 13:42:37.555  1047  1964 W System.err: 	at kotlinx.coroutines.internal.LimitedDispatcher.run(LimitedDispatcher.kt:42)
06-06 13:42:37.555  1047  1964 W System.err: 	at kotlinx.coroutines.scheduling.TaskImpl.run(Tasks.kt:95)
06-06 13:42:37.555  1047  1964 W System.err: 	at kotlinx.coroutines.scheduling.CoroutineScheduler.runSafely(CoroutineScheduler.kt:570)
06-06 13:42:37.555  1047  1964 W System.err: 	at kotlinx.coroutines.scheduling.CoroutineScheduler$Worker.executeTask(CoroutineScheduler.kt:749)
06-06 13:42:37.555  1047  1964 W System.err: 	at kotlinx.coroutines.scheduling.CoroutineScheduler$Worker.runWorker(CoroutineScheduler.kt:677)
06-06 13:42:37.555  1047  1964 W System.err: 	at kotlinx.coroutines.scheduling.CoroutineScheduler$Worker.run(CoroutineScheduler.kt:664)
06-06 13:42:37.556  1047  1964 W System.err: Caused by: java.io.EOFException: \n not found: limit=0 content=…
06-06 13:42:37.556  1047  1964 W System.err: 	at okio.RealBufferedSource.readUtf8LineStrict(RealBufferedSource.kt:332)
06-06 13:42:37.556  1047  1964 W System.err: 	at okhttp3.internal.http1.HeadersReader.readLine(HeadersReader.kt:29)
06-06 13:42:37.556  1047  1964 W System.err: 	at okhttp3.internal.http1.Http1ExchangeCodec.readResponseHeaders(Http1ExchangeCodec.kt:178)
06-06 13:42:37.556  1047  1964 W System.err: 	... 50 more
06-06 13:42:37.556  1047  1964 E ccc     : cccccc requestAppPush exception is unexpected end of stream on http://tymsgapi.qun7.com/...
06-06 13:42:37.557  1047  1047 W System.err: java.lang.IndexOutOfBoundsException: Index: 0, Size: 0
06-06 13:42:37.559  1047  1047 W System.err: 	at java.util.ArrayList.get(ArrayList.java:437)
06-06 13:42:37.559  1047  1047 W System.err: 	at com.dangbei.etna.update.launcher.LauncherUpdateHelper$requestLauncherUpdateInfo$1$2.invoke(LauncherUpdateHelper.kt:198)
06-06 13:42:37.559  1047  1047 W System.err: 	at com.dangbei.etna.update.launcher.LauncherUpdateHelper$requestLauncherUpdateInfo$1$2.invoke(LauncherUpdateHelper.kt:189)
06-06 13:42:37.559  1047  1047 W System.err: 	at com.etna.haqu.support.ext.FlowExtKt$safeCollect$3.emit(FlowExt.kt:52)
06-06 13:42:37.559  1047  1047 W System.err: 	at kotlinx.coroutines.flow.FlowKt__ErrorsKt$catchImpl$2.emit(Errors.kt:158)
06-06 13:42:37.559  1047  1047 W System.err: 	at kotlinx.coroutines.flow.FlowKt__ChannelsKt.emitAllImpl$FlowKt__ChannelsKt(Channels.kt:62)
06-06 13:42:37.559  1047  1047 W System.err: 	at kotlinx.coroutines.flow.FlowKt__ChannelsKt.access$emitAllImpl$FlowKt__ChannelsKt(Channels.kt:1)
06-06 13:42:37.559  1047  1047 W System.err: 	at kotlinx.coroutines.flow.FlowKt__ChannelsKt$emitAllImpl$1.invokeSuspend(Unknown Source:14)
06-06 13:42:37.559  1047  1047 W System.err: 	at kotlin.coroutines.jvm.internal.BaseContinuationImpl.resumeWith(ContinuationImpl.kt:33)
06-06 13:42:37.559  1047  1047 W System.err: 	at kotlinx.coroutines.DispatchedTask.run(DispatchedTask.kt:106)
06-06 13:42:37.559  1047  1047 W System.err: 	at android.os.Handler.handleCallback(Handler.java:938)
06-06 13:42:37.559  1047  1047 W System.err: 	at android.os.Handler.dispatchMessage(Handler.java:99)
06-06 13:42:37.559  1047  1047 W System.err: 	at android.os.Looper.loopOnce(Looper.java:201)
06-06 13:42:37.559  1047  1047 W System.err: 	at android.os.Looper.loop(Looper.java:288)
06-06 13:42:37.559  1047  1047 W System.err: 	at android.app.ActivityThread.main(ActivityThread.java:7854)
06-06 13:42:37.559  1047  1047 W System.err: 	at java.lang.reflect.Method.invoke(Native Method)
06-06 13:42:37.559  1047  1047 W System.err: 	at com.android.internal.os.RuntimeInit$MethodAndArgsCaller.run(RuntimeInit.java:548)
06-06 13:42:37.559  1047  1047 W System.err: 	at com.android.internal.os.ZygoteInit.main(ZygoteInit.java:1182)
06-06 13:42:37.561  1047  1047 E ccc     : cccccc com.dangbei.haqusetting not connect
06-06 13:42:37.561  1047  1047 E ccc     : cccccc updateHelper 通知更新 
06-06 13:42:37.563  1047  1047 E ccc     : cccccc launcher ota response is BaseResponse{message='success', data=UpgradeInfoEntity{contentLength=0, versionName='', versionCode=0, remark='', list=[]}, code=0}
06-06 13:42:37.565  1047  1047 W System.err: java.lang.IndexOutOfBoundsException: Index: 0, Size: 0
06-06 13:42:37.567  1047  1047 W System.err: 	at java.util.ArrayList.get(ArrayList.java:437)
06-06 13:42:37.567  1047  1047 W System.err: 	at com.dangbei.etna.update.launcher.LauncherUpdateHelper$requestLauncherUpdateInfo$1$2.invoke(LauncherUpdateHelper.kt:198)
06-06 13:42:37.567  1047  1047 W System.err: 	at com.dangbei.etna.update.launcher.LauncherUpdateHelper$requestLauncherUpdateInfo$1$2.invoke(LauncherUpdateHelper.kt:189)
06-06 13:42:37.568  1047  1047 W System.err: 	at com.etna.haqu.support.ext.FlowExtKt$safeCollect$3.emit(FlowExt.kt:52)
06-06 13:42:37.568  1047  1047 W System.err: 	at kotlinx.coroutines.flow.FlowKt__ErrorsKt$catchImpl$2.emit(Errors.kt:158)
06-06 13:42:37.568  1047  1047 W System.err: 	at kotlinx.coroutines.flow.FlowKt__ChannelsKt.emitAllImpl$FlowKt__ChannelsKt(Channels.kt:62)
06-06 13:42:37.568  1047  1047 W System.err: 	at kotlinx.coroutines.flow.FlowKt__ChannelsKt.access$emitAllImpl$FlowKt__ChannelsKt(Channels.kt:1)
06-06 13:42:37.568  1047  1047 W System.err: 	at kotlinx.coroutines.flow.FlowKt__ChannelsKt$emitAllImpl$1.invokeSuspend(Unknown Source:14)
06-06 13:42:37.568  1047  1047 W System.err: 	at kotlin.coroutines.jvm.internal.BaseContinuationImpl.resumeWith(ContinuationImpl.kt:33)
06-06 13:42:37.568  1047  1047 W System.err: 	at kotlinx.coroutines.DispatchedTask.run(DispatchedTask.kt:106)
06-06 13:42:37.568  1047  1047 W System.err: 	at android.os.Handler.handleCallback(Handler.java:938)
06-06 13:42:37.568  1047  1047 W System.err: 	at android.os.Handler.dispatchMessage(Handler.java:99)
06-06 13:42:37.568  1047  1047 W System.err: 	at android.os.Looper.loopOnce(Looper.java:201)
06-06 13:42:37.568  1047  1047 W System.err: 	at android.os.Looper.loop(Looper.java:288)
06-06 13:42:37.568  1047  1047 W System.err: 	at android.app.ActivityThread.main(ActivityThread.java:7854)
06-06 13:42:37.568  1047  1047 W System.err: 	at java.lang.reflect.Method.invoke(Native Method)
06-06 13:42:37.568  1047  1047 W System.err: 	at com.android.internal.os.RuntimeInit$MethodAndArgsCaller.run(RuntimeInit.java:548)
06-06 13:42:37.568  1047  1047 W System.err: 	at com.android.internal.os.ZygoteInit.main(ZygoteInit.java:1182)
06-06 13:42:37.574   475   617 D NsdService: Register service
06-06 13:42:37.575   475   617 D NsdService: registerService: 2 name: 192.168.3.31, type: _db_controller._tcp, host: /192.168.3.31, port: 6689, txtRecord: deviceModel=DBBOX-A2romVersion=5.0.0.8findController=1sn=DZOH58251908361mac=20:02:FE:19:C2:18 deviceName=客厅的当贝盒子)deviceId=7422857b4e720d02c40cda0b3d3382dfdeviceModelNumber=H5232romCode=5008
06-06 13:42:37.575   475   617 D NsdService: mdnssd [register, 2, 192.168.3.31, _db_controller._tcp, 6689, FGRldmljZU1vZGVsPURCQk9YLUEyEnJvbVZlcnNpb249NS4wLjAuOBBmaW5kQ29udHJvbGxlcj0xEnNuPURaT0g1ODI1MTkwODM2MRVtYWM9MjA6MDI6RkU6MTk6QzI6MTggZGV2aWNlTmFtZT3lrqLljoXnmoTlvZPotJ3nm5LlrZApZGV2aWNlSWQ9NzQyMjg1N2I0ZTcyMGQwMmM0MGNkYTBiM2QzMzgyZGYXZGV2aWNlTW9kZWxOdW1iZXI9SDUyMzIMcm9tQ29kZT01MDA4]
06-06 13:42:37.577  1100  1652 I dangbei ad sdk: AdSplashView::show offline ad
06-06 13:42:37.579  1047  1047 E ccc     : cccccc com.dangbei.haqusetting not connect
06-06 13:42:37.579  1047  1047 E ccc     : cccccc updateHelper 通知更新 
06-06 13:42:37.580   475   617 D NsdService: Register 2 2
06-06 13:42:37.590   475   607 D WifiClientModeImpl[wlan0]: Received signal strength thresholds: []
06-06 13:42:37.614   475   607 E WifiVendorHal: stopRssiMonitoring(l.2617) failed {.code = ERROR_NOT_AVAILABLE, .description = }
06-06 13:42:37.622   475   607 W LastMileLogger: Failed to stop event tracing: /sys/kernel/debug/tracing/instances/wifi/tracing_on: open failed: ENOENT (No such file or directory)
06-06 13:42:37.729   475   749 D CompatibilityChangeReporter: Compat change id reported: 135634846; UID 10022; state: DISABLED
06-06 13:42:37.729   475   749 D CompatibilityChangeReporter: Compat change id reported: 177438394; UID 10022; state: DISABLED
06-06 13:42:37.729   475   749 D CompatibilityChangeReporter: Compat change id reported: 135772972; UID 10022; state: DISABLED
06-06 13:42:37.729   475   749 D CompatibilityChangeReporter: Compat change id reported: 135754954; UID 10022; state: ENABLED
06-06 13:42:37.732   475   539 D CompatibilityChangeReporter: Compat change id reported: 143937733; UID 10022; state: ENABLED
06-06 13:42:37.741   475   749 D WifiMemoryStoreImpl: Set cluster G5be9f4c197098e9e for Wd5f986814084ed51: SUCCESS
06-06 13:42:37.759   243   243 D Zygote  : Forked child process 2040
06-06 13:42:37.760   475   539 I ActivityManager: app.processName = com.android.providers.tv
06-06 13:42:37.760   475   539 I ActivityManager: Start proc 2040:com.android.providers.tv/u0a22 for broadcast {com.android.providers.tv/com.android.providers.tv.BootCompletedReceiver}
06-06 13:42:37.764  2038  2038 I setprop : type=1400 audit(0.0:629): avc: denied { write } for name="property_service" dev="tmpfs" ino=2926 scontext=u:r:preinstall:s0 tcontext=u:object_r:property_socket:s0 tclass=sock_file permissive=1
06-06 13:42:37.780  2040  2040 I Zygote  : seccomp disabled by setenforce 0
06-06 13:42:37.764  2038  2038 I setprop : type=1400 audit(0.0:630): avc: denied { connectto } for path="/dev/socket/property_service" scontext=u:r:preinstall:s0 tcontext=u:r:init:s0 tclass=unix_stream_socket permissive=1
06-06 13:42:37.764     1     1 I /system/bin/init: type=1107 audit(0.0:631): uid=0 auid=4294967295 ses=4294967295 subj=u:r:init:s0 msg='avc: denied { set } for property=persist.sys.bt.name pid=2038 uid=0 gid=0 scontext=u:r:preinstall:s0 tcontext=u:object_r:system_prop:s0 tclass=property_service permissive=1'
06-06 13:42:37.772  1630  1630 I preinstall.sh: type=1400 audit(0.0:632): avc: denied { add_name } for name="port_qos" scontext=u:r:preinstall:s0 tcontext=u:object_r:sysfs:s0 tclass=dir permissive=1
