06-06 19:32:28.441   475   519 W IorapForwardingService: No service published for: iorapd
06-06 19:32:29.000  2264  2341 D UtilLog : 日志批量上报 进行正常循环 ！！！！！！本次有0次请求,共0条数据
06-06 19:32:29.444   475   519 W IorapForwardingService: No service published for: iorapd
06-06 19:32:30.446   475   519 W IorapForwardingService: No service published for: iorapd
06-06 19:32:30.946   657   657 E WifiHAL : wifi_get_link_stats: requestResponse Error:-5
06-06 19:32:30.948   475   607 E WifiVendorHal: getWifiLinkLayerStats_1_5_Internal(l.1191) failed {.code = ERROR_INVALID_ARGS, .description = }
06-06 19:32:31.449   475   519 W IorapForwardingService: No service published for: iorapd
06-06 19:32:32.451   475   519 W IorapForwardingService: No service published for: iorapd
01-01 08:02:56.650   381   381 W hdr10p_Configure: 136 callbacks suppressed
01-01 08:02:56.650   381   381 I         : DVI mode selected: packets not configured
01-01 08:02:56.650   381   381 W set_vsif_config: 136 callbacks suppressed
01-01 08:02:56.650   381   381 I         : Error: set vsif failed
01-01 08:02:56.650   381   381 I         : DVI mode selected: packets not configured
01-01 08:02:56.650   381   381 I         : Error: set vsif failed
01-01 08:02:56.677   381   381 I         : DVI mode selected: packets not configured
01-01 08:02:56.677   381   381 I         : Error: set vsif failed
01-01 08:02:56.678   381   381 I         : DVI mode selected: packets not configured
01-01 08:02:56.678   381   381 I         : Error: set vsif failed
01-01 08:02:56.693   381   381 I         : DVI mode selected: packets not configured
01-01 08:02:56.693   381   381 I         : Error: set vsif failed
01-01 08:02:56.693   381   381 I         : DVI mode selected: packets not configured
01-01 08:02:56.693   381   381 I         : Error: set vsif failed
01-01 08:02:56.711   381   381 I         : DVI mode selected: packets not configured
01-01 08:02:56.711   381   381 I         : Error: set vsif failed
01-01 08:02:56.711   381   381 I         : DVI mode selected: packets not configured
01-01 08:02:56.711   381   381 I         : Error: set vsif failed
01-01 08:02:56.727   381   381 I         : DVI mode selected: packets not configured
01-01 08:02:56.727   381   381 I         : Error: set vsif failed
01-01 08:02:56.728   381   381 I         : DVI mode selected: packets not configured
01-01 08:02:56.728   381   381 I         : Error: set vsif failed
06-06 19:32:33.453   475   519 W IorapForwardingService: No service published for: iorapd
06-06 19:32:33.523  2942  2951 I gbei.screencas: Background concurrent copying GC freed 68240(5674KB) AllocSpace objects, 0(0B) LOS objects, 49% free, 6221KB/12MB, paused 319us total 158.643ms
06-06 19:32:33.966   657   657 E WifiHAL : wifi_get_link_stats: requestResponse Error:-5
06-06 19:32:33.968   475   607 E WifiVendorHal: getWifiLinkLayerStats_1_5_Internal(l.1191) failed {.code = ERROR_INVALID_ARGS, .description = }
06-06 19:32:34.456   475   519 W IorapForwardingService: No service published for: iorapd
06-06 19:32:35.459   475   519 W IorapForwardingService: No service published for: iorapd
06-06 19:32:35.768  1200  1200 D bbb     : onStartCommand begin !!!!!!! data分区剩余 24969MB
06-06 19:32:35.769  1142  1142 D aaa     : LedStatusService onStartCommand begin
06-06 19:32:35.770  1142  3386 D aaa     : topPkg is -------------- :com.dangbei.leard.leradlauncher
06-06 19:32:35.777  1142  3386 D aaa     : WiFi is connect 
06-06 19:32:36.464   475   519 W IorapForwardingService: No service published for: iorapd
06-06 19:32:36.985   657   657 E WifiHAL : wifi_get_link_stats: requestResponse Error:-5
06-06 19:32:36.988   475   607 E WifiVendorHal: getWifiLinkLayerStats_1_5_Internal(l.1191) failed {.code = ERROR_INVALID_ARGS, .description = }
06-06 19:32:37.467   475   519 W IorapForwardingService: No service published for: iorapd
06-06 19:32:38.469   475   519 W IorapForwardingService: No service published for: iorapd
06-06 19:32:38.624   263   277 D hdmi-cec: receive invalid cec message!
06-06 19:32:38.624   263   277 D hdmi-cec: receive poll message [04], skip!
06-06 19:32:39.020  2264  2341 D UtilLog : 日志批量上报 进行正常循环 ！！！！！！本次有0次请求,共0条数据
01-01 08:03:02.665   381   381 W hdr10p_Configure: 136 callbacks suppressed
01-01 08:03:02.665   381   381 I         : DVI mode selected: packets not configured
01-01 08:03:02.665   381   381 W set_vsif_config: 136 callbacks suppressed
01-01 08:03:02.665   381   381 I         : Error: set vsif failed
01-01 08:03:02.665   381   381 I         : DVI mode selected: packets not configured
01-01 08:03:02.665   381   381 I         : Error: set vsif failed
01-01 08:03:02.695   381   381 I         : DVI mode selected: packets not configured
01-01 08:03:02.695   381   381 I         : Error: set vsif failed
01-01 08:03:02.695   381   381 I         : DVI mode selected: packets not configured
01-01 08:03:02.695   381   381 I         : Error: set vsif failed
01-01 08:03:02.709   381   381 I         : DVI mode selected: packets not configured
01-01 08:03:02.709   381   381 I         : Error: set vsif failed
01-01 08:03:02.709   381   381 I         : DVI mode selected: packets not configured
01-01 08:03:02.709   381   381 I         : Error: set vsif failed
01-01 08:03:02.730   381   381 I         : DVI mode selected: packets not configured
01-01 08:03:02.730   381   381 I         : Error: set vsif failed
01-01 08:03:02.730   381   381 I         : DVI mode selected: packets not configured
01-01 08:03:02.730   381   381 I         : Error: set vsif failed
01-01 08:03:02.744   381   381 I         : DVI mode selected: packets not configured
01-01 08:03:02.744   381   381 I         : Error: set vsif failed
01-01 08:03:02.744   381   381 I         : DVI mode selected: packets not configured
01-01 08:03:02.744   381   381 I         : Error: set vsif failed
06-06 19:32:39.472   475   519 W IorapForwardingService: No service published for: iorapd
06-06 19:32:40.004   657   657 E WifiHAL : wifi_get_link_stats: requestResponse Error:-5
06-06 19:32:40.007   475   607 E WifiVendorHal: getWifiLinkLayerStats_1_5_Internal(l.1191) failed {.code = ERROR_INVALID_ARGS, .description = }
06-06 19:32:40.474   475   519 W IorapForwardingService: No service published for: iorapd
06-06 19:32:41.476   475   519 W IorapForwardingService: No service published for: iorapd
06-06 19:32:42.476   475   519 W IorapForwardingService: No service published for: iorapd
06-06 19:32:43.025   657   657 E WifiHAL : wifi_get_link_stats: requestResponse Error:-5
06-06 19:32:43.027   475   607 E WifiVendorHal: getWifiLinkLayerStats_1_5_Internal(l.1191) failed {.code = ERROR_INVALID_ARGS, .description = }
06-06 19:32:43.479   475   519 W IorapForwardingService: No service published for: iorapd
06-06 19:32:43.815  1200  1200 D bbb     : onStartCommand begin !!!!!!! data分区剩余 24969MB
06-06 19:32:43.822  1142  1142 D aaa     : LedStatusService onStartCommand begin
06-06 19:32:43.825  1142  3398 D aaa     : topPkg is -------------- :com.dangbei.leard.leradlauncher
06-06 19:32:43.828  1142  3398 D aaa     : WiFi is connect 
06-06 19:32:44.482   475   519 W IorapForwardingService: No service published for: iorapd
01-01 08:03:08.671   381   381 W hdr10p_Configure: 138 callbacks suppressed
01-01 08:03:08.671   381   381 I         : DVI mode selected: packets not configured
01-01 08:03:08.671   381   381 W set_vsif_config: 138 callbacks suppressed
01-01 08:03:08.671   381   381 I         : Error: set vsif failed
01-01 08:03:08.671   381   381 I         : DVI mode selected: packets not configured
01-01 08:03:08.671   381   381 I         : Error: set vsif failed
01-01 08:03:08.693   381   381 I         : DVI mode selected: packets not configured
01-01 08:03:08.693   381   381 I         : Error: set vsif failed
01-01 08:03:08.693   381   381 I         : DVI mode selected: packets not configured
01-01 08:03:08.693   381   381 I         : Error: set vsif failed
01-01 08:03:08.714   381   381 I         : DVI mode selected: packets not configured
01-01 08:03:08.714   381   381 I         : Error: set vsif failed
01-01 08:03:08.714   381   381 I         : DVI mode selected: packets not configured
01-01 08:03:08.714   381   381 I         : Error: set vsif failed
01-01 08:03:08.731   381   381 I         : DVI mode selected: packets not configured
01-01 08:03:08.731   381   381 I         : Error: set vsif failed
01-01 08:03:08.731   381   381 I         : DVI mode selected: packets not configured
01-01 08:03:08.731   381   381 I         : Error: set vsif failed
01-01 08:03:08.742   381   381 I         : DVI mode selected: packets not configured
01-01 08:03:08.742   381   381 I         : Error: set vsif failed
01-01 08:03:08.742   381   381 I         : DVI mode selected: packets not configured
01-01 08:03:08.742   381   381 I         : Error: set vsif failed
06-06 19:32:45.483   475   519 W IorapForwardingService: No service published for: iorapd
06-06 19:32:46.044   657   657 E WifiHAL : wifi_get_link_stats: requestResponse Error:-5
06-06 19:32:46.047   475   607 E WifiVendorHal: getWifiLinkLayerStats_1_5_Internal(l.1191) failed {.code = ERROR_INVALID_ARGS, .description = }
06-06 19:32:46.485   475   519 W IorapForwardingService: No service published for: iorapd
06-06 19:32:47.488   475   519 W IorapForwardingService: No service published for: iorapd
06-06 19:32:48.490   475   519 W IorapForwardingService: No service published for: iorapd
06-06 19:32:49.020  2264  2341 D UtilLog : 日志批量上报 进行正常循环 ！！！！！！本次有0次请求,共0条数据
06-06 19:32:49.063   657   657 E WifiHAL : wifi_get_link_stats: requestResponse Error:-5
06-06 19:32:49.065   475   607 E WifiVendorHal: getWifiLinkLayerStats_1_5_Internal(l.1191) failed {.code = ERROR_INVALID_ARGS, .description = }
06-06 19:32:49.492   475   519 W IorapForwardingService: No service published for: iorapd
06-06 19:32:50.495   475   519 W IorapForwardingService: No service published for: iorapd
01-01 08:03:14.677   381   381 W hdr10p_Configure: 136 callbacks suppressed
01-01 08:03:14.677   381   381 I         : DVI mode selected: packets not configured
01-01 08:03:14.677   381   381 W set_vsif_config: 136 callbacks suppressed
01-01 08:03:14.677   381   381 I         : Error: set vsif failed
01-01 08:03:14.677   381   381 I         : DVI mode selected: packets not configured
01-01 08:03:14.677   381   381 I         : Error: set vsif failed
01-01 08:03:14.710   381   381 I         : DVI mode selected: packets not configured
01-01 08:03:14.710   381   381 I         : Error: set vsif failed
01-01 08:03:14.711   381   381 I         : DVI mode selected: packets not configured
01-01 08:03:14.711   381   381 I         : Error: set vsif failed
01-01 08:03:14.727   381   381 I         : DVI mode selected: packets not configured
01-01 08:03:14.727   381   381 I         : Error: set vsif failed
01-01 08:03:14.727   381   381 I         : DVI mode selected: packets not configured
01-01 08:03:14.727   381   381 I         : Error: set vsif failed
01-01 08:03:14.750   381   381 I         : DVI mode selected: packets not configured
01-01 08:03:14.750   381   381 I         : Error: set vsif failed
01-01 08:03:14.750   381   381 I         : DVI mode selected: packets not configured
01-01 08:03:14.750   381   381 I         : Error: set vsif failed
01-01 08:03:14.771   381   381 I         : DVI mode selected: packets not configured
01-01 08:03:14.771   381   381 I         : Error: set vsif failed
01-01 08:03:14.771   381   381 I         : DVI mode selected: packets not configured
01-01 08:03:14.771   381   381 I         : Error: set vsif failed
06-06 19:32:51.498   475   519 W IorapForwardingService: No service published for: iorapd
06-06 19:32:51.857  1200  1200 D bbb     : onStartCommand begin !!!!!!! data分区剩余 24969MB
06-06 19:32:51.859  1142  1142 D aaa     : LedStatusService onStartCommand begin
06-06 19:32:51.861  1142  3410 D aaa     : topPkg is -------------- :com.dangbei.leard.leradlauncher
06-06 19:32:51.865  1142  3410 D aaa     : WiFi is connect 
06-06 19:32:52.081   657   657 E WifiHAL : wifi_get_link_stats: requestResponse Error:-5
06-06 19:32:52.083   475   607 E WifiVendorHal: getWifiLinkLayerStats_1_5_Internal(l.1191) failed {.code = ERROR_INVALID_ARGS, .description = }
06-06 19:32:52.500   475   519 W IorapForwardingService: No service published for: iorapd
06-06 19:32:53.502   475   519 W IorapForwardingService: No service published for: iorapd
06-06 19:32:53.653   263   277 D hdmi-cec: receive invalid cec message!
06-06 19:32:53.653   263   277 D hdmi-cec: receive poll message [04], skip!
06-06 19:32:54.504   475   519 W IorapForwardingService: No service published for: iorapd
06-06 19:32:55.093   657   657 E WifiHAL : wifi_get_link_stats: requestResponse Error:-5
06-06 19:32:55.095   475   607 E WifiVendorHal: getWifiLinkLayerStats_1_5_Internal(l.1191) failed {.code = ERROR_INVALID_ARGS, .description = }
06-06 19:32:55.506   475   519 W IorapForwardingService: No service published for: iorapd
06-06 19:32:56.109   475  1017 W ZramWriteback: Writeback device is not set
06-06 19:32:56.109   475  1017 D ZramWriteback: wait to flush
06-06 19:32:56.509   475   519 W IorapForwardingService: No service published for: iorapd
01-01 08:03:20.696   381   381 W hdr10p_Configure: 136 callbacks suppressed
01-01 08:03:20.696   381   381 I         : DVI mode selected: packets not configured
01-01 08:03:20.696   381   381 W set_vsif_config: 136 callbacks suppressed
01-01 08:03:20.696   381   381 I         : Error: set vsif failed
01-01 08:03:20.696   381   381 I         : DVI mode selected: packets not configured
01-01 08:03:20.696   381   381 I         : Error: set vsif failed
01-01 08:03:20.718   381   381 I         : DVI mode selected: packets not configured
01-01 08:03:20.718   381   381 I         : Error: set vsif failed
01-01 08:03:20.718   381   381 I         : DVI mode selected: packets not configured
01-01 08:03:20.718   381   381 I         : Error: set vsif failed
01-01 08:03:20.737   381   381 I         : DVI mode selected: packets not configured
01-01 08:03:20.737   381   381 I         : Error: set vsif failed
01-01 08:03:20.737   381   381 I         : DVI mode selected: packets not configured
01-01 08:03:20.737   381   381 I         : Error: set vsif failed
01-01 08:03:20.754   381   381 I         : DVI mode selected: packets not configured
01-01 08:03:20.754   381   381 I         : Error: set vsif failed
01-01 08:03:20.754   381   381 I         : DVI mode selected: packets not configured
01-01 08:03:20.754   381   381 I         : Error: set vsif failed
01-01 08:03:20.759   381   381 I         : DVI mode selected: packets not configured
01-01 08:03:20.759   381   381 I         : Error: set vsif failed
01-01 08:03:20.760   381   381 I         : DVI mode selected: packets not configured
01-01 08:03:20.760   381   381 I         : Error: set vsif failed
06-06 19:32:57.512   475   519 W IorapForwardingService: No service published for: iorapd
06-06 19:32:58.110   657   657 E WifiHAL : wifi_get_link_stats: requestResponse Error:-5
06-06 19:32:58.112   475   607 E WifiVendorHal: getWifiLinkLayerStats_1_5_Internal(l.1191) failed {.code = ERROR_INVALID_ARGS, .description = }
06-06 19:32:58.515   475   519 W IorapForwardingService: No service published for: iorapd
06-06 19:32:59.017  2264  2341 D UtilLog : 日志批量上报 进行正常循环 ！！！！！！本次有0次请求,共0条数据
06-06 19:32:59.517   475   519 W IorapForwardingService: No service published for: iorapd
06-06 19:32:59.904  1142  1142 D aaa     : LedStatusService onStartCommand begin
06-06 19:32:59.908  1200  1200 D bbb     : onStartCommand begin !!!!!!! data分区剩余 24969MB
06-06 19:32:59.908  1142  3422 D aaa     : topPkg is -------------- :com.dangbei.leard.leradlauncher
06-06 19:32:59.915  1047  1340 E ccc     : cccccc sendCycleCheckBroadcast
06-06 19:32:59.916  1047  1340 W ContextImpl: Calling a method in the system process without a qualified user: android.app.ContextImpl.sendBroadcast:1173 android.content.ContextWrapper.sendBroadcast:479 com.dangbei.etna.setting.core.SettingHelper.sendCycleToProjector:250 com.dangbei.etna.setting.core.SettingHelper.sendCycleCheckBroadcast:219 com.dangbei.etna.setting.core.SettingHelper.startLoop$lambda-0:177 
06-06 19:32:59.919  1142  3422 D aaa     : WiFi is connect 
06-06 19:32:59.920  1047  1340 W ContextImpl: Calling a method in the system process without a qualified user: android.app.ContextImpl.sendBroadcast:1173 android.content.ContextWrapper.sendBroadcast:479 com.dangbei.etna.setting.core.SettingHelper.sendCycleToVoice:235 com.dangbei.etna.setting.core.SettingHelper.sendCycleCheckBroadcast:220 com.dangbei.etna.setting.core.SettingHelper.startLoop$lambda-0:177 
06-06 19:32:59.925   475   498 E ActivityManager: Sending non-protected broadcast com.dangbei.etna.setting.action_cycle_check_broadcast from system 1047:com.dangbei.lerad.etna.haqu/1000 pkg com.dangbei.lerad.etna.haqu
06-06 19:32:59.925   475   498 E ActivityManager: java.lang.Throwable
06-06 19:32:59.925   475   498 E ActivityManager: 	at com.android.server.am.ActivityManagerService.checkBroadcastFromSystem(ActivityManagerService.java:12816)
06-06 19:32:59.925   475   498 E ActivityManager: 	at com.android.server.am.ActivityManagerService.broadcastIntentLocked(ActivityManagerService.java:13513)
06-06 19:32:59.925   475   498 E ActivityManager: 	at com.android.server.am.ActivityManagerService.broadcastIntentLocked(ActivityManagerService.java:12833)
06-06 19:32:59.925   475   498 E ActivityManager: 	at com.android.server.am.ActivityManagerService.broadcastIntentWithFeature(ActivityManagerService.java:13670)
06-06 19:32:59.925   475   498 E ActivityManager: 	at android.app.IActivityManager$Stub.onTransact(IActivityManager.java:2326)
06-06 19:32:59.925   475   498 E ActivityManager: 	at com.android.server.am.ActivityManagerService.onTransact(ActivityManagerService.java:2509)
06-06 19:32:59.925   475   498 E ActivityManager: 	at android.os.Binder.execTransactInternal(Binder.java:1179)
06-06 19:32:59.925   475   498 E ActivityManager: 	at android.os.Binder.execTransact(Binder.java:1143)
06-06 19:32:59.928   475   538 I DropBoxManagerService: add tag=system_server_wtf isTagEnabled=true flags=0x2
06-06 19:32:59.944  1359  1359 D RockyVoice: RestartReceiver   onReceive
06-06 19:33:00.511  1047  1329 E dangbei111: cccccc 开始扫描
06-06 19:33:00.513  1047  1329 D BluetoothAdapter: isLeEnabled(): ON
06-06 19:33:00.518   475   519 W IorapForwardingService: No service published for: iorapd
06-06 19:33:01.125   657   657 E WifiHAL : wifi_get_link_stats: requestResponse Error:-5
06-06 19:33:01.127   475   607 E WifiVendorHal: getWifiLinkLayerStats_1_5_Internal(l.1191) failed {.code = ERROR_INVALID_ARGS, .description = }
06-06 19:33:01.522   475   519 W IorapForwardingService: No service published for: iorapd
06-06 19:33:02.419  2942  2951 I gbei.screencas: Background concurrent copying GC freed 57993(6148KB) AllocSpace objects, 8(160KB) LOS objects, 49% free, 6148KB/12MB, paused 216us total 159.881ms
06-06 19:33:02.524   475   519 W IorapForwardingService: No service published for: iorapd
01-01 08:03:26.703   381   381 W hdr10p_Configure: 138 callbacks suppressed
01-01 08:03:26.703   381   381 I         : DVI mode selected: packets not configured
01-01 08:03:26.703   381   381 W set_vsif_config: 138 callbacks suppressed
01-01 08:03:26.703   381   381 I         : Error: set vsif failed
01-01 08:03:26.703   381   381 I         : DVI mode selected: packets not configured
01-01 08:03:26.703   381   381 I         : Error: set vsif failed
01-01 08:03:26.728   381   381 I         : DVI mode selected: packets not configured
01-01 08:03:26.728   381   381 I         : Error: set vsif failed
01-01 08:03:26.728   381   381 I         : DVI mode selected: packets not configured
01-01 08:03:26.728   381   381 I         : Error: set vsif failed
01-01 08:03:26.743   381   381 I         : DVI mode selected: packets not configured
01-01 08:03:26.743   381   381 I         : Error: set vsif failed
01-01 08:03:26.743   381   381 I         : DVI mode selected: packets not configured
01-01 08:03:26.743   381   381 I         : Error: set vsif failed
01-01 08:03:26.760   381   381 I         : DVI mode selected: packets not configured
01-01 08:03:26.760   381   381 I         : Error: set vsif failed
01-01 08:03:26.760   381   381 I         : DVI mode selected: packets not configured
01-01 08:03:26.760   381   381 I         : Error: set vsif failed
01-01 08:03:26.775   381   381 I         : DVI mode selected: packets not configured
01-01 08:03:26.776   381   381 I         : Error: set vsif failed
01-01 08:03:26.776   381   381 I         : DVI mode selected: packets not configured
01-01 08:03:26.776   381   381 I         : Error: set vsif failed
06-06 19:33:03.526   475   519 W IorapForwardingService: No service published for: iorapd
06-06 19:33:04.142   657   657 E WifiHAL : wifi_get_link_stats: requestResponse Error:-5
06-06 19:33:04.144   475   607 E WifiVendorHal: getWifiLinkLayerStats_1_5_Internal(l.1191) failed {.code = ERROR_INVALID_ARGS, .description = }
06-06 19:33:04.529   475   519 W IorapForwardingService: No service published for: iorapd
06-06 19:33:05.531   475   519 W IorapForwardingService: No service published for: iorapd
06-06 19:33:05.562  1100  1100 I pool-78-thread-: type=1400 audit(0.0:1121): avc: denied { read } for name="address" dev="sysfs" ino=25879 scontext=u:r:system_app:s0 tcontext=u:object_r:sysfs:s0 tclass=file permissive=1
06-06 19:33:05.562  1100  1100 I pool-78-thread-: type=1400 audit(0.0:1122): avc: denied { open } for path="/sys/devices/platform/unisoc_wifi/net/wlan1/address" dev="sysfs" ino=25879 scontext=u:r:system_app:s0 tcontext=u:object_r:sysfs:s0 tclass=file permissive=1
06-06 19:33:05.562  1100  1100 I pool-78-thread-: type=1400 audit(0.0:1123): avc: denied { getattr } for path="/sys/devices/platform/unisoc_wifi/net/wlan1/address" dev="sysfs" ino=25879 scontext=u:r:system_app:s0 tcontext=u:object_r:sysfs:s0 tclass=file permissive=1
06-06 19:33:05.570  1100  3432 I dangbei ad sdk: ad manager report data::cache data size=0
06-06 19:33:06.169  1100  3433 D dangbei ad sdk: HttpUtils.....::response={"msg":"no available advert","code":200}
06-06 19:33:06.534   475   519 W IorapForwardingService: No service published for: iorapd
06-06 19:33:07.159   657   657 E WifiHAL : wifi_get_link_stats: requestResponse Error:-5
06-06 19:33:07.162   475   607 E WifiVendorHal: getWifiLinkLayerStats_1_5_Internal(l.1191) failed {.code = ERROR_INVALID_ARGS, .description = }
06-06 19:33:07.536   475   519 W IorapForwardingService: No service published for: iorapd
06-06 19:33:07.941  1200  1200 D bbb     : onStartCommand begin !!!!!!! data分区剩余 24969MB
06-06 19:33:07.942  1142  1142 D aaa     : LedStatusService onStartCommand begin
06-06 19:33:07.943  1142  3450 D aaa     : topPkg is -------------- :com.dangbei.leard.leradlauncher
06-06 19:33:07.947  1142  3450 D aaa     : WiFi is connect 
06-06 19:33:08.538   475   519 W IorapForwardingService: No service published for: iorapd
06-06 19:33:08.682   263   277 D hdmi-cec: receive invalid cec message!
06-06 19:33:08.682   263   277 D hdmi-cec: receive poll message [04], skip!
06-06 19:33:09.019  2264  2341 D UtilLog : 日志批量上报 进行正常循环 ！！！！！！本次有0次请求,共0条数据
01-01 08:03:32.703   381   381 W hdr10p_Configure: 140 callbacks suppressed
01-01 08:03:32.703   381   381 I         : DVI mode selected: packets not configured
01-01 08:03:32.703   381   381 W set_vsif_config: 140 callbacks suppressed
01-01 08:03:32.703   381   381 I         : Error: set vsif failed
01-01 08:03:32.703   381   381 I         : DVI mode selected: packets not configured
01-01 08:03:32.703   381   381 I         : Error: set vsif failed
01-01 08:03:32.729   381   381 I         : DVI mode selected: packets not configured
01-01 08:03:32.729   381   381 I         : Error: set vsif failed
01-01 08:03:32.729   381   381 I         : DVI mode selected: packets not configured
01-01 08:03:32.729   381   381 I         : Error: set vsif failed
01-01 08:03:32.746   381   381 I         : DVI mode selected: packets not configured
01-01 08:03:32.746   381   381 I         : Error: set vsif failed
01-01 08:03:32.746   381   381 I         : DVI mode selected: packets not configured
01-01 08:03:32.746   381   381 I         : Error: set vsif failed
01-01 08:03:32.764   381   381 I         : DVI mode selected: packets not configured
01-01 08:03:32.764   381   381 I         : Error: set vsif failed
01-01 08:03:32.764   381   381 I         : DVI mode selected: packets not configured
01-01 08:03:32.764   381   381 I         : Error: set vsif failed
01-01 08:03:32.781   381   381 I         : DVI mode selected: packets not configured
01-01 08:03:32.781   381   381 I         : Error: set vsif failed
01-01 08:03:32.781   381   381 I         : DVI mode selected: packets not configured
01-01 08:03:32.781   381   381 I         : Error: set vsif failed
06-06 19:33:09.539   475   519 W IorapForwardingService: No service published for: iorapd
06-06 19:33:10.174   657   657 E WifiHAL : wifi_get_link_stats: requestResponse Error:-5
06-06 19:33:10.175   475   607 E WifiVendorHal: getWifiLinkLayerStats_1_5_Internal(l.1191) failed {.code = ERROR_INVALID_ARGS, .description = }
06-06 19:33:10.542   475   519 W IorapForwardingService: No service published for: iorapd
06-06 19:33:11.543   475   519 W IorapForwardingService: No service published for: iorapd
06-06 19:33:12.547   475   519 W IorapForwardingService: No service published for: iorapd
06-06 19:33:13.185   657   657 E WifiHAL : wifi_get_link_stats: requestResponse Error:-5
06-06 19:33:13.186   475   607 E WifiVendorHal: getWifiLinkLayerStats_1_5_Internal(l.1191) failed {.code = ERROR_INVALID_ARGS, .description = }
06-06 19:33:13.550   475   519 W IorapForwardingService: No service published for: iorapd
06-06 19:33:14.348  2942  2951 I gbei.screencas: Background concurrent copying GC freed 51840(6178KB) AllocSpace objects, 4(80KB) LOS objects, 49% free, 6040KB/11MB, paused 122us total 115.539ms
06-06 19:33:14.551   475   519 W IorapForwardingService: No service published for: iorapd
01-01 08:03:38.703   381   381 W hdr10p_Configure: 140 callbacks suppressed
01-01 08:03:38.703   381   381 I         : DVI mode selected: packets not configured
01-01 08:03:38.703   381   381 W set_vsif_config: 140 callbacks suppressed
01-01 08:03:38.703   381   381 I         : Error: set vsif failed
01-01 08:03:38.703   381   381 I         : DVI mode selected: packets not configured
01-01 08:03:38.703   381   381 I         : Error: set vsif failed
01-01 08:03:38.728   381   381 I         : DVI mode selected: packets not configured
01-01 08:03:38.728   381   381 I         : Error: set vsif failed
01-01 08:03:38.728   381   381 I         : DVI mode selected: packets not configured
01-01 08:03:38.728   381   381 I         : Error: set vsif failed
01-01 08:03:38.745   381   381 I         : DVI mode selected: packets not configured
01-01 08:03:38.745   381   381 I         : Error: set vsif failed
01-01 08:03:38.745   381   381 I         : DVI mode selected: packets not configured
01-01 08:03:38.745   381   381 I         : Error: set vsif failed
01-01 08:03:38.762   381   381 I         : DVI mode selected: packets not configured
01-01 08:03:38.762   381   381 I         : Error: set vsif failed
01-01 08:03:38.762   381   381 I         : DVI mode selected: packets not configured
01-01 08:03:38.762   381   381 I         : Error: set vsif failed
01-01 08:03:38.781   381   381 I         : DVI mode selected: packets not configured
01-01 08:03:38.781   381   381 I         : Error: set vsif failed
01-01 08:03:38.781   381   381 I         : DVI mode selected: packets not configured
01-01 08:03:38.781   381   381 I         : Error: set vsif failed
06-06 19:33:15.553   475   519 W IorapForwardingService: No service published for: iorapd
06-06 19:33:15.972  1142  1142 D aaa     : LedStatusService onStartCommand begin
06-06 19:33:15.972  1200  1200 D bbb     : onStartCommand begin !!!!!!! data分区剩余 24969MB
06-06 19:33:15.973  1142  3462 D aaa     : topPkg is -------------- :com.dangbei.leard.leradlauncher
06-06 19:33:15.976  1142  3462 D aaa     : WiFi is connect 
06-06 19:33:16.196   657   657 E WifiHAL : wifi_get_link_stats: requestResponse Error:-5
06-06 19:33:16.197   475   607 E WifiVendorHal: getWifiLinkLayerStats_1_5_Internal(l.1191) failed {.code = ERROR_INVALID_ARGS, .description = }
06-06 19:33:16.555   475   519 W IorapForwardingService: No service published for: iorapd
06-06 19:33:17.557   475   519 W IorapForwardingService: No service published for: iorapd
06-06 19:33:18.559   475   519 W IorapForwardingService: No service published for: iorapd
06-06 19:33:18.991  2264  2341 D UtilLog : 日志批量上报 进行正常循环 ！！！！！！本次有0次请求,共0条数据
06-06 19:33:19.208   657   657 E WifiHAL : wifi_get_link_stats: requestResponse Error:-5
06-06 19:33:19.209   475   607 E WifiVendorHal: getWifiLinkLayerStats_1_5_Internal(l.1191) failed {.code = ERROR_INVALID_ARGS, .description = }
06-06 19:33:19.561   475   519 W IorapForwardingService: No service published for: iorapd
06-06 19:33:20.563   475   519 W IorapForwardingService: No service published for: iorapd
01-01 08:03:44.719   381   381 W hdr10p_Configure: 138 callbacks suppressed
01-01 08:03:44.719   381   381 I         : DVI mode selected: packets not configured
01-01 08:03:44.719   381   381 W set_vsif_config: 138 callbacks suppressed
01-01 08:03:44.719   381   381 I         : Error: set vsif failed
01-01 08:03:44.719   381   381 I         : DVI mode selected: packets not configured
01-01 08:03:44.719   381   381 I         : Error: set vsif failed
01-01 08:03:44.743   381   381 I         : DVI mode selected: packets not configured
01-01 08:03:44.743   381   381 I         : Error: set vsif failed
01-01 08:03:44.743   381   381 I         : DVI mode selected: packets not configured
01-01 08:03:44.743   381   381 I         : Error: set vsif failed
01-01 08:03:44.760   381   381 I         : DVI mode selected: packets not configured
01-01 08:03:44.760   381   381 I         : Error: set vsif failed
01-01 08:03:44.760   381   381 I         : DVI mode selected: packets not configured
01-01 08:03:44.760   381   381 I         : Error: set vsif failed
01-01 08:03:44.779   381   381 I         : DVI mode selected: packets not configured
01-01 08:03:44.779   381   381 I         : Error: set vsif failed
01-01 08:03:44.779   381   381 I         : DVI mode selected: packets not configured
01-01 08:03:44.779   381   381 I         : Error: set vsif failed
01-01 08:03:44.796   381   381 I         : DVI mode selected: packets not configured
01-01 08:03:44.796   381   381 I         : Error: set vsif failed
01-01 08:03:44.796   381   381 I         : DVI mode selected: packets not configured
01-01 08:03:44.796   381   381 I         : Error: set vsif failed
06-06 19:33:21.439  2264  2338 I TDLog   : [APP] New data found, Submitting...
06-06 19:33:21.473  2264  2338 I TDLog   : [APP] Failed to submit data!
06-06 19:33:21.566   475   519 W IorapForwardingService: No service published for: iorapd
06-06 19:33:22.220   657   657 E WifiHAL : wifi_get_link_stats: requestResponse Error:-5
06-06 19:33:22.221   475   607 E WifiVendorHal: getWifiLinkLayerStats_1_5_Internal(l.1191) failed {.code = ERROR_INVALID_ARGS, .description = }
06-06 19:33:22.568   475   519 W IorapForwardingService: No service published for: iorapd
06-06 19:33:23.206   263   277 D hdmi-cec: receive invalid cec message!
06-06 19:33:23.206   263   277 D hdmi-cec: receive poll message [04], skip!
06-06 19:33:23.571   475   519 W IorapForwardingService: No service published for: iorapd
06-06 19:33:24.047  1200  1200 D bbb     : onStartCommand begin !!!!!!! data分区剩余 24969MB
06-06 19:33:24.055  1142  1142 D aaa     : LedStatusService onStartCommand begin
06-06 19:33:24.060  1142  3476 D aaa     : topPkg is -------------- :com.dangbei.leard.leradlauncher
06-06 19:33:24.065  1142  3476 D aaa     : WiFi is connect 
06-06 19:33:24.574   475   519 W IorapForwardingService: No service published for: iorapd
06-06 19:33:25.236   657   657 E WifiHAL : wifi_get_link_stats: requestResponse Error:-5
06-06 19:33:25.238   475   607 E WifiVendorHal: getWifiLinkLayerStats_1_5_Internal(l.1191) failed {.code = ERROR_INVALID_ARGS, .description = }
06-06 19:33:25.576   475   519 W IorapForwardingService: No service published for: iorapd
06-06 19:33:26.111   475  1017 W ZramWriteback: Writeback device is not set
06-06 19:33:26.111   475  1017 D ZramWriteback: wait to flush
06-06 19:33:26.578   475   519 W IorapForwardingService: No service published for: iorapd
01-01 08:03:50.738   381   381 W hdr10p_Configure: 136 callbacks suppressed
01-01 08:03:50.738   381   381 I         : DVI mode selected: packets not configured
01-01 08:03:50.738   381   381 W set_vsif_config: 136 callbacks suppressed
01-01 08:03:50.738   381   381 I         : Error: set vsif failed
01-01 08:03:50.738   381   381 I         : DVI mode selected: packets not configured
01-01 08:03:50.738   381   381 I         : Error: set vsif failed
01-01 08:03:50.760   381   381 I         : DVI mode selected: packets not configured
01-01 08:03:50.760   381   381 I         : Error: set vsif failed
01-01 08:03:50.761   381   381 I         : DVI mode selected: packets not configured
01-01 08:03:50.761   381   381 I         : Error: set vsif failed
01-01 08:03:50.778   381   381 I         : DVI mode selected: packets not configured
01-01 08:03:50.778   381   381 I         : Error: set vsif failed
01-01 08:03:50.778   381   381 I         : DVI mode selected: packets not configured
01-01 08:03:50.778   381   381 I         : Error: set vsif failed
01-01 08:03:50.793   381   381 I         : DVI mode selected: packets not configured
01-01 08:03:50.793   381   381 I         : Error: set vsif failed
01-01 08:03:50.793   381   381 I         : DVI mode selected: packets not configured
01-01 08:03:50.793   381   381 I         : Error: set vsif failed
01-01 08:03:50.809   381   381 I         : DVI mode selected: packets not configured
01-01 08:03:50.809   381   381 I         : Error: set vsif failed
01-01 08:03:50.809   381   381 I         : DVI mode selected: packets not configured
01-01 08:03:50.809   381   381 I         : Error: set vsif failed
06-06 19:33:27.582   475   519 W IorapForwardingService: No service published for: iorapd
06-06 19:33:28.256   657   657 E WifiHAL : wifi_get_link_stats: requestResponse Error:-5
06-06 19:33:28.258   475   607 E WifiVendorHal: getWifiLinkLayerStats_1_5_Internal(l.1191) failed {.code = ERROR_INVALID_ARGS, .description = }
06-06 19:33:28.585   475   519 W IorapForwardingService: No service published for: iorapd
06-06 19:33:28.996  2264  2341 D UtilLog : 日志批量上报 进行正常循环 ！！！！！！本次有0次请求,共0条数据
06-06 19:33:29.587   475   519 W IorapForwardingService: No service published for: iorapd
06-06 19:33:30.590   475   519 W IorapForwardingService: No service published for: iorapd
06-06 19:33:31.270   657   657 E WifiHAL : wifi_get_link_stats: requestResponse Error:-5
06-06 19:33:31.272   475   607 E WifiVendorHal: getWifiLinkLayerStats_1_5_Internal(l.1191) failed {.code = ERROR_INVALID_ARGS, .description = }
06-06 19:33:31.592   475   519 W IorapForwardingService: No service published for: iorapd
06-06 19:33:32.065  1200  1200 D bbb     : onStartCommand begin !!!!!!! data分区剩余 24969MB
06-06 19:33:32.068  1142  1142 D aaa     : LedStatusService onStartCommand begin
06-06 19:33:32.070  1142  3487 D aaa     : topPkg is -------------- :com.dangbei.leard.leradlauncher
06-06 19:33:32.074  1142  3487 D aaa     : WiFi is connect 
06-06 19:33:32.594   475   519 W IorapForwardingService: No service published for: iorapd
01-01 08:03:56.755   381   381 W hdr10p_Configure: 136 callbacks suppressed
01-01 08:03:56.755   381   381 I         : DVI mode selected: packets not configured
01-01 08:03:56.755   381   381 W set_vsif_config: 136 callbacks suppressed
01-01 08:03:56.755   381   381 I         : Error: set vsif failed
01-01 08:03:56.755   381   381 I         : DVI mode selected: packets not configured
01-01 08:03:56.755   381   381 I         : Error: set vsif failed
01-01 08:03:56.794   381   381 I         : DVI mode selected: packets not configured
01-01 08:03:56.794   381   381 I         : Error: set vsif failed
01-01 08:03:56.794   381   381 I         : DVI mode selected: packets not configured
01-01 08:03:56.794   381   381 I         : Error: set vsif failed
01-01 08:03:56.811   381   381 I         : DVI mode selected: packets not configured
01-01 08:03:56.811   381   381 I         : Error: set vsif failed
01-01 08:03:56.811   381   381 I         : DVI mode selected: packets not configured
01-01 08:03:56.811   381   381 I         : Error: set vsif failed
01-01 08:03:56.828   381   381 I         : DVI mode selected: packets not configured
01-01 08:03:56.828   381   381 I         : Error: set vsif failed
01-01 08:03:56.828   381   381 I         : DVI mode selected: packets not configured
01-01 08:03:56.828   381   381 I         : Error: set vsif failed
01-01 08:03:56.842   381   381 I         : DVI mode selected: packets not configured
01-01 08:03:56.842   381   381 I         : Error: set vsif failed
01-01 08:03:56.842   381   381 I         : DVI mode selected: packets not configured
01-01 08:03:56.842   381   381 I         : Error: set vsif failed
06-06 19:33:33.597   475   519 W IorapForwardingService: No service published for: iorapd
06-06 19:33:34.286   657   657 E WifiHAL : wifi_get_link_stats: requestResponse Error:-5
06-06 19:33:34.289   475   607 E WifiVendorHal: getWifiLinkLayerStats_1_5_Internal(l.1191) failed {.code = ERROR_INVALID_ARGS, .description = }
06-06 19:33:34.600   475   519 W IorapForwardingService: No service published for: iorapd
06-06 19:33:35.602   475   519 W IorapForwardingService: No service published for: iorapd
06-06 19:33:36.604   475   519 W IorapForwardingService: No service published for: iorapd
06-06 19:33:37.305   657   657 E WifiHAL : wifi_get_link_stats: requestResponse Error:-5
06-06 19:33:37.307   475   607 E WifiVendorHal: getWifiLinkLayerStats_1_5_Internal(l.1191) failed {.code = ERROR_INVALID_ARGS, .description = }
06-06 19:33:37.606   475   519 W IorapForwardingService: No service published for: iorapd
06-06 19:33:38.232   263   277 D hdmi-cec: receive invalid cec message!
06-06 19:33:38.233   263   277 D hdmi-cec: receive poll message [04], skip!
06-06 19:33:38.608   475   519 W IorapForwardingService: No service published for: iorapd
06-06 19:33:38.993  2264  2341 D UtilLog : 日志批量上报 进行正常循环 ！！！！！！本次有0次请求,共0条数据
01-01 08:04:02.764   381   381 W hdr10p_Configure: 136 callbacks suppressed
01-01 08:04:02.764   381   381 I         : DVI mode selected: packets not configured
01-01 08:04:02.764   381   381 W set_vsif_config: 136 callbacks suppressed
01-01 08:04:02.764   381   381 I         : Error: set vsif failed
01-01 08:04:02.764   381   381 I         : DVI mode selected: packets not configured
01-01 08:04:02.764   381   381 I         : Error: set vsif failed
01-01 08:04:02.786   381   381 I         : DVI mode selected: packets not configured
01-01 08:04:02.786   381   381 I         : Error: set vsif failed
01-01 08:04:02.786   381   381 I         : DVI mode selected: packets not configured
01-01 08:04:02.786   381   381 I         : Error: set vsif failed
01-01 08:04:02.804   381   381 I         : DVI mode selected: packets not configured
01-01 08:04:02.804   381   381 I         : Error: set vsif failed
01-01 08:04:02.804   381   381 I         : DVI mode selected: packets not configured
01-01 08:04:02.804   381   381 I         : Error: set vsif failed
01-01 08:04:02.827   381   381 I         : DVI mode selected: packets not configured
01-01 08:04:02.827   381   381 I         : Error: set vsif failed
01-01 08:04:02.827   381   381 I         : DVI mode selected: packets not configured
01-01 08:04:02.827   381   381 I         : Error: set vsif failed
01-01 08:04:02.842   381   381 I         : DVI mode selected: packets not configured
01-01 08:04:02.842   381   381 I         : Error: set vsif failed
01-01 08:04:02.843   381   381 I         : DVI mode selected: packets not configured
01-01 08:04:02.843   381   381 I         : Error: set vsif failed
06-06 19:33:39.610   475   519 W IorapForwardingService: No service published for: iorapd
06-06 19:33:40.119  1200  1200 D bbb     : onStartCommand begin !!!!!!! data分区剩余 24969MB
06-06 19:33:40.121  1142  1142 D aaa     : LedStatusService onStartCommand begin
06-06 19:33:40.123  1142  3499 D aaa     : topPkg is -------------- :com.dangbei.leard.leradlauncher
06-06 19:33:40.127  1142  3499 D aaa     : WiFi is connect 
06-06 19:33:40.322   657   657 E WifiHAL : wifi_get_link_stats: requestResponse Error:-5
06-06 19:33:40.324   475   607 E WifiVendorHal: getWifiLinkLayerStats_1_5_Internal(l.1191) failed {.code = ERROR_INVALID_ARGS, .description = }
06-06 19:33:40.613   475   519 W IorapForwardingService: No service published for: iorapd
06-06 19:33:41.615   475   519 W IorapForwardingService: No service published for: iorapd
06-06 19:33:42.617   475   519 W IorapForwardingService: No service published for: iorapd
06-06 19:33:43.342   657   657 E WifiHAL : wifi_get_link_stats: requestResponse Error:-5
06-06 19:33:43.344   475   607 E WifiVendorHal: getWifiLinkLayerStats_1_5_Internal(l.1191) failed {.code = ERROR_INVALID_ARGS, .description = }
06-06 19:33:43.620   475   519 W IorapForwardingService: No service published for: iorapd
06-06 19:33:44.622   475   519 W IorapForwardingService: No service published for: iorapd
06-06 19:33:45.107  2942  2951 I gbei.screencas: Background concurrent copying GC freed 54377(5694KB) AllocSpace objects, 0(0B) LOS objects, 49% free, 6043KB/11MB, paused 149us total 162.734ms
01-01 08:04:08.755   381   381 W hdr10p_Configure: 136 callbacks suppressed
01-01 08:04:08.755   381   381 I         : DVI mode selected: packets not configured
01-01 08:04:08.755   381   381 W set_vsif_config: 136 callbacks suppressed
01-01 08:04:08.755   381   381 I         : Error: set vsif failed
01-01 08:04:08.755   381   381 I         : DVI mode selected: packets not configured
01-01 08:04:08.755   381   381 I         : Error: set vsif failed
01-01 08:04:08.787   381   381 I         : DVI mode selected: packets not configured
01-01 08:04:08.787   381   381 I         : Error: set vsif failed
01-01 08:04:08.787   381   381 I         : DVI mode selected: packets not configured
01-01 08:04:08.787   381   381 I         : Error: set vsif failed
01-01 08:04:08.810   381   381 I         : DVI mode selected: packets not configured
01-01 08:04:08.810   381   381 I         : Error: set vsif failed
01-01 08:04:08.810   381   381 I         : DVI mode selected: packets not configured
01-01 08:04:08.810   381   381 I         : Error: set vsif failed
01-01 08:04:08.826   381   381 I         : DVI mode selected: packets not configured
01-01 08:04:08.826   381   381 I         : Error: set vsif failed
01-01 08:04:08.826   381   381 I         : DVI mode selected: packets not configured
01-01 08:04:08.826   381   381 I         : Error: set vsif failed
01-01 08:04:08.842   381   381 I         : DVI mode selected: packets not configured
01-01 08:04:08.842   381   381 I         : Error: set vsif failed
01-01 08:04:08.842   381   381 I         : DVI mode selected: packets not configured
01-01 08:04:08.842   381   381 I         : Error: set vsif failed
06-06 19:33:45.624   475   519 W IorapForwardingService: No service published for: iorapd
06-06 19:33:46.360   657   657 E WifiHAL : wifi_get_link_stats: requestResponse Error:-5
06-06 19:33:46.362   475   607 E WifiVendorHal: getWifiLinkLayerStats_1_5_Internal(l.1191) failed {.code = ERROR_INVALID_ARGS, .description = }
06-06 19:33:46.626   475   519 W IorapForwardingService: No service published for: iorapd
06-06 19:33:47.629   475   519 W IorapForwardingService: No service published for: iorapd
06-06 19:33:48.173  1200  1200 D bbb     : onStartCommand begin !!!!!!! data分区剩余 24969MB
06-06 19:33:48.176  1142  1142 D aaa     : LedStatusService onStartCommand begin
06-06 19:33:48.178  1142  3511 D aaa     : topPkg is -------------- :com.dangbei.leard.leradlauncher
06-06 19:33:48.184  1142  3511 D aaa     : WiFi is connect 
06-06 19:33:48.632   475   519 W IorapForwardingService: No service published for: iorapd
06-06 19:33:49.008  2264  2341 D UtilLog : 日志批量上报 进行正常循环 ！！！！！！本次有0次请求,共0条数据
06-06 19:33:49.378   657   657 E WifiHAL : wifi_get_link_stats: requestResponse Error:-5
06-06 19:33:49.381   475   607 E WifiVendorHal: getWifiLinkLayerStats_1_5_Internal(l.1191) failed {.code = ERROR_INVALID_ARGS, .description = }
06-06 19:33:49.635   475   519 W IorapForwardingService: No service published for: iorapd
06-06 19:33:50.638   475   519 W IorapForwardingService: No service published for: iorapd
01-01 08:04:14.783   381   381 W hdr10p_Configure: 134 callbacks suppressed
01-01 08:04:14.783   381   381 I         : DVI mode selected: packets not configured
01-01 08:04:14.783   381   381 W set_vsif_config: 134 callbacks suppressed
01-01 08:04:14.783   381   381 I         : Error: set vsif failed
01-01 08:04:14.783   381   381 I         : DVI mode selected: packets not configured
01-01 08:04:14.783   381   381 I         : Error: set vsif failed
01-01 08:04:14.810   381   381 I         : DVI mode selected: packets not configured
01-01 08:04:14.810   381   381 I         : Error: set vsif failed
01-01 08:04:14.811   381   381 I         : DVI mode selected: packets not configured
01-01 08:04:14.811   381   381 I         : Error: set vsif failed
01-01 08:04:14.827   381   381 I         : DVI mode selected: packets not configured
01-01 08:04:14.827   381   381 I         : Error: set vsif failed
01-01 08:04:14.827   381   381 I         : DVI mode selected: packets not configured
01-01 08:04:14.827   381   381 I         : Error: set vsif failed
01-01 08:04:14.844   381   381 I         : DVI mode selected: packets not configured
01-01 08:04:14.844   381   381 I         : Error: set vsif failed
01-01 08:04:14.845   381   381 I         : DVI mode selected: packets not configured
01-01 08:04:14.845   381   381 I         : Error: set vsif failed
01-01 08:04:14.859   381   381 I         : DVI mode selected: packets not configured
01-01 08:04:14.859   381   381 I         : Error: set vsif failed
01-01 08:04:14.859   381   381 I         : DVI mode selected: packets not configured
01-01 08:04:14.859   381   381 I         : Error: set vsif failed
06-06 19:33:51.640   475   519 W IorapForwardingService: No service published for: iorapd
06-06 19:33:52.399   657   657 E WifiHAL : wifi_get_link_stats: requestResponse Error:-5
06-06 19:33:52.402   475   607 E WifiVendorHal: getWifiLinkLayerStats_1_5_Internal(l.1191) failed {.code = ERROR_INVALID_ARGS, .description = }
06-06 19:33:52.642   475   519 W IorapForwardingService: No service published for: iorapd
06-06 19:33:53.259   263   277 D hdmi-cec: receive invalid cec message!
06-06 19:33:53.259   263   277 D hdmi-cec: receive poll message [04], skip!
06-06 19:33:53.645   475   519 W IorapForwardingService: No service published for: iorapd
06-06 19:33:54.648   475   519 W IorapForwardingService: No service published for: iorapd
06-06 19:33:55.417   657   657 E WifiHAL : wifi_get_link_stats: requestResponse Error:-5
06-06 19:33:55.418   475   607 E WifiVendorHal: getWifiLinkLayerStats_1_5_Internal(l.1191) failed {.code = ERROR_INVALID_ARGS, .description = }
06-06 19:33:55.650   475   519 W IorapForwardingService: No service published for: iorapd
06-06 19:33:56.112   475  1017 W ZramWriteback: Writeback device is not set
06-06 19:33:56.112   475  1017 D ZramWriteback: wait to flush
06-06 19:33:56.167  1200  1200 D bbb     : onStartCommand begin !!!!!!! data分区剩余 24969MB
06-06 19:33:56.172  1142  1142 D aaa     : LedStatusService onStartCommand begin
06-06 19:33:56.173  1142  3522 D aaa     : topPkg is -------------- :com.dangbei.leard.leradlauncher
06-06 19:33:56.177  1142  3522 D aaa     : WiFi is connect 
06-06 19:33:56.652   475   519 W IorapForwardingService: No service published for: iorapd
01-01 08:04:20.785   381   381 W hdr10p_Configure: 136 callbacks suppressed
01-01 08:04:20.785   381   381 I         : DVI mode selected: packets not configured
01-01 08:04:20.785   381   381 W set_vsif_config: 136 callbacks suppressed
01-01 08:04:20.785   381   381 I         : Error: set vsif failed
01-01 08:04:20.785   381   381 I         : DVI mode selected: packets not configured
01-01 08:04:20.785   381   381 I         : Error: set vsif failed
01-01 08:04:20.813   381   381 I         : DVI mode selected: packets not configured
01-01 08:04:20.813   381   381 I         : Error: set vsif failed
01-01 08:04:20.813   381   381 I         : DVI mode selected: packets not configured
01-01 08:04:20.813   381   381 I         : Error: set vsif failed
01-01 08:04:20.830   381   381 I         : DVI mode selected: packets not configured
01-01 08:04:20.830   381   381 I         : Error: set vsif failed
01-01 08:04:20.830   381   381 I         : DVI mode selected: packets not configured
01-01 08:04:20.830   381   381 I         : Error: set vsif failed
01-01 08:04:20.848   381   381 I         : DVI mode selected: packets not configured
01-01 08:04:20.848   381   381 I         : Error: set vsif failed
01-01 08:04:20.848   381   381 I         : DVI mode selected: packets not configured
01-01 08:04:20.848   381   381 I         : Error: set vsif failed
01-01 08:04:20.865   381   381 I         : DVI mode selected: packets not configured
01-01 08:04:20.865   381   381 I         : Error: set vsif failed
01-01 08:04:20.865   381   381 I         : DVI mode selected: packets not configured
01-01 08:04:20.865   381   381 I         : Error: set vsif failed
06-06 19:33:57.654   475   519 W IorapForwardingService: No service published for: iorapd
06-06 19:33:58.427   657   657 E WifiHAL : wifi_get_link_stats: requestResponse Error:-5
