06-06 19:35:14.453  3114  3188 E nStackXCoAP: IsInSameNetwork:[281] :IsInSameNetwork: not priority process
06-06 19:35:14.453  3114  3188 D nStackXCoAP: ParseServiceDiscover:[330] :new device join
06-06 19:35:14.453  3114  3188 E nStackXDFinder: GetLocalIp:[401] :GetLocalIp exec
06-06 19:35:14.545  3114  3188 D nStackXCoAP: IsInSameNetwork:[276] :IsInSameNetwork exec
06-06 19:35:14.545  3114  3188 I nStackXDFinder: GetLocalInterfaceDetail:[461] :GetLocalInterfaceDetail in
06-06 19:35:14.545  3114  3188 E nStackXCoAP: IsInSameNetwork:[281] :IsInSameNetwork: not priority process
06-06 19:35:14.546  3114  3188 D nStackXCoAP: ParseServiceDiscover:[330] :new device join
06-06 19:35:14.546  3114  3188 E nStackXDFinder: GetLocalIp:[401] :GetLocalIp exec
06-06 19:35:14.837  3114  3188 D nStackXCoAP: CoapMessageHandler:[133] :2.01
06-06 19:35:14.838  3114  3188 D nStackXCoAP: CoapMessageHandler:[133] :2.01
06-06 19:35:14.840  3114  3188 D nStackXCoAP: CoapMessageHandler:[133] :2.01
06-06 19:35:14.855   475   519 W IorapForwardingService: No service published for: iorapd
06-06 19:35:14.855  3114  3188 D nStackXCoAP: IsInSameNetwork:[276] :IsInSameNetwork exec
06-06 19:35:14.855  3114  3188 I nStackXDFinder: GetLocalInterfaceDetail:[461] :GetLocalInterfaceDetail in
06-06 19:35:14.855  3114  3188 E nStackXCoAP: IsInSameNetwork:[281] :IsInSameNetwork: not priority process
06-06 19:35:14.855  3114  3188 D nStackXCoAP: ParseServiceDiscover:[330] :new device join
06-06 19:35:14.855  3114  3188 E nStackXDFinder: GetLocalIp:[401] :GetLocalIp exec
06-06 19:35:14.873  3114  3188 D nStackXCoAP: IsInSameNetwork:[276] :IsInSameNetwork exec
06-06 19:35:14.873  3114  3188 I nStackXDFinder: GetLocalInterfaceDetail:[461] :GetLocalInterfaceDetail in
06-06 19:35:14.873  3114  3188 E nStackXCoAP: IsInSameNetwork:[281] :IsInSameNetwork: not priority process
06-06 19:35:14.873  3114  3188 D nStackXCoAP: ParseServiceDiscover:[330] :new device join
06-06 19:35:14.874  3114  3188 E nStackXDFinder: GetLocalIp:[401] :GetLocalIp exec
06-06 19:35:14.878  3114  3188 D nStackXCoAP: CoapMessageHandler:[133] :2.01
06-06 19:35:14.906  3114  3188 D nStackXCoAP: CoapMessageHandler:[133] :2.01
06-06 19:35:14.983   365  3801 D omx_vdec_aw: <drainOutBufferProgressive:2598>: video pts(17.000) 
06-06 19:35:15.084  3114  3188 D nStackXCoAP: IsInSameNetwork:[276] :IsInSameNetwork exec
06-06 19:35:15.084  3114  3188 I nStackXDFinder: GetLocalInterfaceDetail:[461] :GetLocalInterfaceDetail in
06-06 19:35:15.084  3114  3188 E nStackXCoAP: IsInSameNetwork:[281] :IsInSameNetwork: not priority process
06-06 19:35:15.084  3114  3188 D nStackXCoAP: ParseServiceDiscover:[330] :new device join
06-06 19:35:15.084  3114  3188 E nStackXDFinder: GetLocalIp:[401] :GetLocalIp exec
06-06 19:35:15.196  3114  3188 D nStackXCoAP: IsInSameNetwork:[276] :IsInSameNetwork exec
06-06 19:35:15.196  3114  3188 I nStackXDFinder: GetLocalInterfaceDetail:[461] :GetLocalInterfaceDetail in
06-06 19:35:15.196  3114  3188 E nStackXCoAP: IsInSameNetwork:[281] :IsInSameNetwork: not priority process
06-06 19:35:15.196  3114  3188 D nStackXCoAP: ParseServiceDiscover:[330] :new device join
06-06 19:35:15.196  3114  3188 E nStackXDFinder: GetLocalIp:[401] :GetLocalIp exec
06-06 19:35:15.359  3114  3188 D nStackXCoAP: IsInSameNetwork:[276] :IsInSameNetwork exec
06-06 19:35:15.360  3114  3188 I nStackXDFinder: GetLocalInterfaceDetail:[461] :GetLocalInterfaceDetail in
06-06 19:35:15.360  3114  3188 E nStackXCoAP: IsInSameNetwork:[281] :IsInSameNetwork: not priority process
06-06 19:35:15.360  3114  3188 D nStackXCoAP: ParseServiceDiscover:[330] :new device join
06-06 19:35:15.360  3114  3188 E nStackXDFinder: GetLocalIp:[401] :GetLocalIp exec
06-06 19:35:15.406  3114  3188 D nStackXCoAP: CoapMessageHandler:[133] :2.01
06-06 19:35:15.491  3114  3188 D nStackXCoAP: IsInSameNetwork:[276] :IsInSameNetwork exec
06-06 19:35:15.491  3114  3188 I nStackXDFinder: GetLocalInterfaceDetail:[461] :GetLocalInterfaceDetail in
06-06 19:35:15.491  3114  3188 E nStackXCoAP: IsInSameNetwork:[281] :IsInSameNetwork: not priority process
06-06 19:35:15.491  3114  3188 D nStackXCoAP: ParseServiceDiscover:[330] :new device join
06-06 19:35:15.491  3114  3188 E nStackXDFinder: GetLocalIp:[401] :GetLocalIp exec
06-06 19:35:15.548  3114  3188 D nStackXCoAP: CoapMessageHandler:[133] :2.01
06-06 19:35:15.564  3114  3188 D nStackXCoAP: IsInSameNetwork:[276] :IsInSameNetwork exec
06-06 19:35:15.565  3114  3188 I nStackXDFinder: GetLocalInterfaceDetail:[461] :GetLocalInterfaceDetail in
06-06 19:35:15.565  3114  3188 E nStackXCoAP: IsInSameNetwork:[281] :IsInSameNetwork: not priority process
06-06 19:35:15.565  3114  3188 D nStackXCoAP: ParseServiceDiscover:[330] :new device join
06-06 19:35:15.565  3114  3188 E nStackXDFinder: GetLocalIp:[401] :GetLocalIp exec
06-06 19:35:15.673  3114  3188 D nStackXCoAP: CoapMessageHandler:[133] :2.01
06-06 19:35:15.788  3114  3188 D nStackXCoAP: IsInSameNetwork:[276] :IsInSameNetwork exec
06-06 19:35:15.788  3114  3188 I nStackXDFinder: GetLocalInterfaceDetail:[461] :GetLocalInterfaceDetail in
06-06 19:35:15.788  3114  3188 E nStackXCoAP: IsInSameNetwork:[281] :IsInSameNetwork: not priority process
06-06 19:35:15.788  3114  3188 D nStackXCoAP: ParseServiceDiscover:[330] :new device join
06-06 19:35:15.788  3114  3188 E nStackXDFinder: GetLocalIp:[401] :GetLocalIp exec
06-06 19:35:15.858   475   519 W IorapForwardingService: No service published for: iorapd
06-06 19:35:15.885  3114  3188 D nStackXCoAP: CoapMessageHandler:[133] :2.01
06-06 19:35:15.968   365  3801 D omx_vdec_aw: <drainOutBufferProgressive:2598>: video pts(18.000) 
06-06 19:35:15.982  3114  3188 D nStackXCoAP: IsInSameNetwork:[276] :IsInSameNetwork exec
06-06 19:35:15.982  3114  3188 I nStackXDFinder: GetLocalInterfaceDetail:[461] :GetLocalInterfaceDetail in
06-06 19:35:15.982  3114  3188 E nStackXCoAP: IsInSameNetwork:[281] :IsInSameNetwork: not priority process
06-06 19:35:15.982  3114  3188 D nStackXCoAP: ParseServiceDiscover:[330] :new device join
06-06 19:35:15.982  3114  3188 E nStackXDFinder: GetLocalIp:[401] :GetLocalIp exec
06-06 19:35:15.993  3114  3188 D nStackXCoAP: CoapMessageHandler:[133] :2.01
06-06 19:35:16.084  3114  3188 D nStackXCoAP: IsInSameNetwork:[276] :IsInSameNetwork exec
06-06 19:35:16.085  3114  3188 I nStackXDFinder: GetLocalInterfaceDetail:[461] :GetLocalInterfaceDetail in
06-06 19:35:16.085  3114  3188 E nStackXCoAP: IsInSameNetwork:[281] :IsInSameNetwork: not priority process
06-06 19:35:16.085  3114  3188 D nStackXCoAP: ParseServiceDiscover:[330] :new device join
06-06 19:35:16.085  3114  3188 E nStackXDFinder: GetLocalIp:[401] :GetLocalIp exec
06-06 19:35:16.459  3114  3188 D nStackXCoAP: CoapMessageHandler:[133] :2.01
06-06 19:35:16.459  3114  3188 D nStackXCoAP: CoapMessageHandler:[133] :2.01
06-06 19:35:16.496  3114  3188 D nStackXCoAP: IsInSameNetwork:[276] :IsInSameNetwork exec
06-06 19:35:16.496  3114  3188 I nStackXDFinder: GetLocalInterfaceDetail:[461] :GetLocalInterfaceDetail in
06-06 19:35:16.496  3114  3188 E nStackXCoAP: IsInSameNetwork:[281] :IsInSameNetwork: not priority process
06-06 19:35:16.496  3114  3188 D nStackXCoAP: ParseServiceDiscover:[330] :new device join
06-06 19:35:16.496  3114  3188 E nStackXDFinder: GetLocalIp:[401] :GetLocalIp exec
06-06 19:35:16.502  3114  3188 D nStackXCoAP: IsInSameNetwork:[276] :IsInSameNetwork exec
06-06 19:35:16.502  3114  3188 I nStackXDFinder: GetLocalInterfaceDetail:[461] :GetLocalInterfaceDetail in
06-06 19:35:16.502  3114  3188 E nStackXCoAP: IsInSameNetwork:[281] :IsInSameNetwork: not priority process
06-06 19:35:16.503  3114  3188 D nStackXCoAP: ParseServiceDiscover:[330] :new device join
06-06 19:35:16.503  3114  3188 E nStackXDFinder: GetLocalIp:[401] :GetLocalIp exec
06-06 19:35:16.508  3114  3188 D nStackXCoAP: IsInSameNetwork:[276] :IsInSameNetwork exec
06-06 19:35:16.508  3114  3188 I nStackXDFinder: GetLocalInterfaceDetail:[461] :GetLocalInterfaceDetail in
06-06 19:35:16.508  3114  3188 E nStackXCoAP: IsInSameNetwork:[281] :IsInSameNetwork: not priority process
06-06 19:35:16.508  3114  3188 D nStackXCoAP: ParseServiceDiscover:[330] :new device join
06-06 19:35:16.508  3114  3188 E nStackXDFinder: GetLocalIp:[401] :GetLocalIp exec
06-06 19:35:16.639  1142  1142 D aaa     : LedStatusService onStartCommand begin
06-06 19:35:16.649  1142  3856 D aaa     : topPkg is -------------- :com.dangbei.leard.leradlauncher
06-06 19:35:16.663  1200  1200 D bbb     : onStartCommand begin !!!!!!! data分区剩余 24969MB
06-06 19:35:16.802  3114  3188 D nStackXCoAP: IsInSameNetwork:[276] :IsInSameNetwork exec
06-06 19:35:16.802  3114  3188 I nStackXDFinder: GetLocalInterfaceDetail:[461] :GetLocalInterfaceDetail in
06-06 19:35:16.802  3114  3188 E nStackXCoAP: IsInSameNetwork:[281] :IsInSameNetwork: not priority process
06-06 19:35:16.802  3114  3188 D nStackXCoAP: ParseServiceDiscover:[330] :new device join
06-06 19:35:16.802  3114  3188 E nStackXDFinder: GetLocalIp:[401] :GetLocalIp exec
06-06 19:35:16.807  3114  3188 D nStackXCoAP: IsInSameNetwork:[276] :IsInSameNetwork exec
06-06 19:35:16.807  3114  3188 I nStackXDFinder: GetLocalInterfaceDetail:[461] :GetLocalInterfaceDetail in
06-06 19:35:16.807  3114  3188 E nStackXCoAP: IsInSameNetwork:[281] :IsInSameNetwork: not priority process
06-06 19:35:16.807  3114  3188 D nStackXCoAP: ParseServiceDiscover:[330] :new device join
06-06 19:35:16.807  3114  3188 E nStackXDFinder: GetLocalIp:[401] :GetLocalIp exec
06-06 19:35:16.832  3114  3188 D nStackXCoAP: CoapMessageHandler:[133] :2.01
06-06 19:35:16.832  3114  3188 D nStackXCoAP: CoapMessageHandler:[133] :2.01
06-06 19:35:16.841  3114  3188 D nStackXCoAP: CoapMessageHandler:[133] :2.01
06-06 19:35:16.860   475   519 W IorapForwardingService: No service published for: iorapd
06-06 19:35:16.867  3114  3188 D nStackXCoAP: CoapMessageHandler:[133] :2.01
06-06 19:35:16.871  3114  3188 D nStackXCoAP: CoapMessageHandler:[133] :2.01
06-06 19:35:16.889   657   657 E WifiHAL : wifi_get_link_stats: requestResponse Error:-5
06-06 19:35:16.892   475   607 E WifiVendorHal: getWifiLinkLayerStats_1_5_Internal(l.1191) failed {.code = ERROR_INVALID_ARGS, .description = }
06-06 19:35:16.899  3114  3188 D nStackXCoAP: IsInSameNetwork:[276] :IsInSameNetwork exec
06-06 19:35:16.901  3114  3188 I nStackXDFinder: GetLocalInterfaceDetail:[461] :GetLocalInterfaceDetail in
06-06 19:35:16.901  3114  3188 E nStackXCoAP: IsInSameNetwork:[281] :IsInSameNetwork: not priority process
06-06 19:35:16.901  3114  3188 D nStackXCoAP: ParseServiceDiscover:[330] :new device join
06-06 19:35:16.902  3114  3188 E nStackXDFinder: GetLocalIp:[401] :GetLocalIp exec
06-06 19:35:16.967   365  3801 D omx_vdec_aw: <drainOutBufferProgressive:2598>: video pts(19.000) 
01-01 08:05:40.626   381   381 W hdr10p_Configure: 292 callbacks suppressed
01-01 08:05:40.626   381   381 I         : DVI mode selected: packets not configured
01-01 08:05:40.626   381   381 W set_vsif_config: 292 callbacks suppressed
01-01 08:05:40.626   381   381 I         : Error: set vsif failed
01-01 08:05:40.626   381   381 I         : DVI mode selected: packets not configured
01-01 08:05:40.626   381   381 I         : Error: set vsif failed
01-01 08:05:40.661   381   381 I         : DVI mode selected: packets not configured
01-01 08:05:40.661   381   381 I         : Error: set vsif failed
01-01 08:05:40.661   381   381 I         : DVI mode selected: packets not configured
01-01 08:05:40.661   381   381 I         : Error: set vsif failed
01-01 08:05:40.692   381   381 I         : DVI mode selected: packets not configured
01-01 08:05:40.692   381   381 I         : Error: set vsif failed
01-01 08:05:40.692   381   381 I         : DVI mode selected: packets not configured
01-01 08:05:40.692   381   381 I         : Error: set vsif failed
01-01 08:05:40.725   381   381 I         : DVI mode selected: packets not configured
01-01 08:05:40.725   381   381 I         : Error: set vsif failed
01-01 08:05:40.725   381   381 I         : DVI mode selected: packets not configured
01-01 08:05:40.725   381   381 I         : Error: set vsif failed
06-06 19:35:17.102  3114  3188 D nStackXCoAP: IsInSameNetwork:[276] :IsInSameNetwork exec
06-06 19:35:17.103  3114  3188 I nStackXDFinder: GetLocalInterfaceDetail:[461] :GetLocalInterfaceDetail in
06-06 19:35:17.103  3114  3188 E nStackXCoAP: IsInSameNetwork:[281] :IsInSameNetwork: not priority process
06-06 19:35:17.103  3114  3188 D nStackXCoAP: ParseServiceDiscover:[330] :new device join
06-06 19:35:17.103  3114  3188 E nStackXDFinder: GetLocalIp:[401] :GetLocalIp exec
06-06 19:35:17.106  3613  3623 I rad.screensave: Background concurrent copying GC freed 66192(20MB) AllocSpace objects, 222(5492KB) LOS objects, 49% free, 4359KB/8719KB, paused 450us total 173.608ms
01-01 08:05:40.761   381   381 I         : DVI mode selected: packets not configured
01-01 08:05:40.761   381   381 I         : Error: set vsif failed
01-01 08:05:40.761   381   381 I         : DVI mode selected: packets not configured
01-01 08:05:40.761   381   381 I         : Error: set vsif failed
06-06 19:35:17.306  3114  3188 D nStackXCoAP: IsInSameNetwork:[276] :IsInSameNetwork exec
06-06 19:35:17.306  3114  3188 I nStackXDFinder: GetLocalInterfaceDetail:[461] :GetLocalInterfaceDetail in
06-06 19:35:17.306  3114  3188 E nStackXCoAP: IsInSameNetwork:[281] :IsInSameNetwork: not priority process
06-06 19:35:17.307  3114  3188 D nStackXCoAP: ParseServiceDiscover:[330] :new device join
06-06 19:35:17.307  3114  3188 E nStackXDFinder: GetLocalIp:[401] :GetLocalIp exec
06-06 19:35:17.370  3114  3188 D nStackXCoAP: CoapMessageHandler:[133] :2.01
06-06 19:35:17.451  3114  3188 D nStackXCoAP: IsInSameNetwork:[276] :IsInSameNetwork exec
06-06 19:35:17.451  3114  3188 I nStackXDFinder: GetLocalInterfaceDetail:[461] :GetLocalInterfaceDetail in
06-06 19:35:17.451  3114  3188 E nStackXCoAP: IsInSameNetwork:[281] :IsInSameNetwork: not priority process
06-06 19:35:17.451  3114  3188 D nStackXCoAP: ParseServiceDiscover:[330] :new device join
06-06 19:35:17.451  3114  3188 E nStackXDFinder: GetLocalIp:[401] :GetLocalIp exec
06-06 19:35:17.536  3114  3188 D nStackXCoAP: CoapMessageHandler:[133] :2.01
06-06 19:35:17.536  3114  3188 D nStackXCoAP: CoapMessageHandler:[133] :2.01
06-06 19:35:17.632  3114  3188 D nStackXCoAP: IsInSameNetwork:[276] :IsInSameNetwork exec
06-06 19:35:17.632  3114  3188 I nStackXDFinder: GetLocalInterfaceDetail:[461] :GetLocalInterfaceDetail in
06-06 19:35:17.632  3114  3188 E nStackXCoAP: IsInSameNetwork:[281] :IsInSameNetwork: not priority process
06-06 19:35:17.632  3114  3188 D nStackXCoAP: ParseServiceDiscover:[330] :new device join
06-06 19:35:17.632  3114  3188 E nStackXDFinder: GetLocalIp:[401] :GetLocalIp exec
06-06 19:35:17.653  3114  3188 D nStackXCoAP: CoapMessageHandler:[133] :2.01
06-06 19:35:17.721  3114  3188 D nStackXCoAP: IsInSameNetwork:[276] :IsInSameNetwork exec
06-06 19:35:17.721  3114  3188 I nStackXDFinder: GetLocalInterfaceDetail:[461] :GetLocalInterfaceDetail in
06-06 19:35:17.721  3114  3188 E nStackXCoAP: IsInSameNetwork:[281] :IsInSameNetwork: not priority process
06-06 19:35:17.721  3114  3188 D nStackXCoAP: ParseServiceDiscover:[330] :new device join
06-06 19:35:17.722  3114  3188 E nStackXDFinder: GetLocalIp:[401] :GetLocalIp exec
06-06 19:35:17.816  3114  3188 D nStackXCoAP: IsInSameNetwork:[276] :IsInSameNetwork exec
06-06 19:35:17.816  3114  3188 I nStackXDFinder: GetLocalInterfaceDetail:[461] :GetLocalInterfaceDetail in
06-06 19:35:17.816  3114  3188 E nStackXCoAP: IsInSameNetwork:[281] :IsInSameNetwork: not priority process
06-06 19:35:17.816  3114  3188 D nStackXCoAP: ParseServiceDiscover:[330] :new device join
06-06 19:35:17.816  3114  3188 E nStackXDFinder: GetLocalIp:[401] :GetLocalIp exec
06-06 19:35:17.871   475   519 W IorapForwardingService: No service published for: iorapd
06-06 19:35:17.948  3114  3188 D nStackXCoAP: IsInSameNetwork:[276] :IsInSameNetwork exec
06-06 19:35:17.948  3114  3188 I nStackXDFinder: GetLocalInterfaceDetail:[461] :GetLocalInterfaceDetail in
06-06 19:35:17.948  3114  3188 E nStackXCoAP: IsInSameNetwork:[281] :IsInSameNetwork: not priority process
06-06 19:35:17.948  3114  3188 D nStackXCoAP: ParseServiceDiscover:[330] :new device join
06-06 19:35:17.948  3114  3188 E nStackXDFinder: GetLocalIp:[401] :GetLocalIp exec
06-06 19:35:17.968   365  3801 D omx_vdec_aw: <drainOutBufferProgressive:2598>: video pts(20.000) 
06-06 19:35:18.054  3114  3188 D nStackXCoAP: IsInSameNetwork:[276] :IsInSameNetwork exec
06-06 19:35:18.054  3114  3188 I nStackXDFinder: GetLocalInterfaceDetail:[461] :GetLocalInterfaceDetail in
06-06 19:35:18.054  3114  3188 E nStackXCoAP: IsInSameNetwork:[281] :IsInSameNetwork: not priority process
06-06 19:35:18.054  3114  3188 D nStackXCoAP: ParseServiceDiscover:[330] :new device join
06-06 19:35:18.054  3114  3188 E nStackXDFinder: GetLocalIp:[401] :GetLocalIp exec
06-06 19:35:18.230  3114  3188 D nStackXCoAP: IsInSameNetwork:[276] :IsInSameNetwork exec
06-06 19:35:18.230  3114  3188 I nStackXDFinder: GetLocalInterfaceDetail:[461] :GetLocalInterfaceDetail in
06-06 19:35:18.230  3114  3188 E nStackXCoAP: IsInSameNetwork:[281] :IsInSameNetwork: not priority process
06-06 19:35:18.230  3114  3188 D nStackXCoAP: ParseServiceDiscover:[330] :new device join
06-06 19:35:18.230  3114  3188 E nStackXDFinder: GetLocalIp:[401] :GetLocalIp exec
06-06 19:35:18.431  3114  3188 D nStackXCoAP: IsInSameNetwork:[276] :IsInSameNetwork exec
06-06 19:35:18.431  3114  3188 I nStackXDFinder: GetLocalInterfaceDetail:[461] :GetLocalInterfaceDetail in
06-06 19:35:18.432  3114  3188 E nStackXCoAP: IsInSameNetwork:[281] :IsInSameNetwork: not priority process
06-06 19:35:18.432  3114  3188 D nStackXCoAP: ParseServiceDiscover:[330] :new device join
06-06 19:35:18.432  3114  3188 E nStackXDFinder: GetLocalIp:[401] :GetLocalIp exec
06-06 19:35:18.478  3114  3188 D nStackXCoAP: CoapMessageHandler:[133] :2.01
06-06 19:35:18.536  3114  3188 D nStackXCoAP: IsInSameNetwork:[276] :IsInSameNetwork exec
06-06 19:35:18.536  3114  3188 I nStackXDFinder: GetLocalInterfaceDetail:[461] :GetLocalInterfaceDetail in
06-06 19:35:18.536  3114  3188 E nStackXCoAP: IsInSameNetwork:[281] :IsInSameNetwork: not priority process
06-06 19:35:18.536  3114  3188 D nStackXCoAP: ParseServiceDiscover:[330] :new device join
06-06 19:35:18.536  3114  3188 E nStackXDFinder: GetLocalIp:[401] :GetLocalIp exec
06-06 19:35:18.617  3114  3188 D nStackXCoAP: CoapMessageHandler:[133] :2.01
06-06 19:35:18.650  3114  3188 D nStackXCoAP: IsInSameNetwork:[276] :IsInSameNetwork exec
06-06 19:35:18.650  3114  3188 I nStackXDFinder: GetLocalInterfaceDetail:[461] :GetLocalInterfaceDetail in
06-06 19:35:18.650  3114  3188 E nStackXCoAP: IsInSameNetwork:[281] :IsInSameNetwork: not priority process
06-06 19:35:18.650  3114  3188 D nStackXCoAP: ParseServiceDiscover:[330] :new device join
06-06 19:35:18.651  3114  3188 E nStackXDFinder: GetLocalIp:[401] :GetLocalIp exec
06-06 19:35:18.664  3114  3188 D nStackXCoAP: CoapMessageHandler:[133] :2.01
06-06 19:35:18.688  3114  3188 D nStackXCoAP: CoapMessageHandler:[133] :2.01
06-06 19:35:18.805  3114  3188 D nStackXCoAP: IsInSameNetwork:[276] :IsInSameNetwork exec
06-06 19:35:18.805  3114  3188 I nStackXDFinder: GetLocalInterfaceDetail:[461] :GetLocalInterfaceDetail in
06-06 19:35:18.805  3114  3188 E nStackXCoAP: IsInSameNetwork:[281] :IsInSameNetwork: not priority process
06-06 19:35:18.805  3114  3188 D nStackXCoAP: ParseServiceDiscover:[330] :new device join
06-06 19:35:18.805  3114  3188 E nStackXDFinder: GetLocalIp:[401] :GetLocalIp exec
06-06 19:35:18.827  3114  3188 D nStackXCoAP: CoapMessageHandler:[133] :2.01
06-06 19:35:18.874   475   519 W IorapForwardingService: No service published for: iorapd
06-06 19:35:18.906  3613  3795 I virtual Data FFDemuxer::read(): read frame ret: End of file latestReceivedTime: 202433 getTotalTimeMillis: 7500 is exit: 0 
06-06 19:35:18.906  3613  3795 I virtual Data FFDemuxer::read(): smooth loop
06-06 19:35:18.906  3613  3795 D virtual Data FFDemuxer::read(): seekTargetTime :0 seek_by_bytes: 0 protocolName: file isNetworkProtocol: 0
06-06 19:35:18.906  3613  3795 D virtual Data FFDemuxer::read(): seekTime :0
06-06 19:35:18.906  3613  3795 D virtual Data FFDemuxer::read(): avformat_seek_file ret: 0
06-06 19:35:18.946  3114  3188 D nStackXCoAP: IsInSameNetwork:[276] :IsInSameNetwork exec
06-06 19:35:18.946  3114  3188 I nStackXDFinder: GetLocalInterfaceDetail:[461] :GetLocalInterfaceDetail in
06-06 19:35:18.946  3114  3188 E nStackXCoAP: IsInSameNetwork:[281] :IsInSameNetwork: not priority process
06-06 19:35:18.946  3114  3188 D nStackXCoAP: ParseServiceDiscover:[330] :new device join
06-06 19:35:18.946  3114  3188 E nStackXDFinder: GetLocalIp:[401] :GetLocalIp exec
06-06 19:35:18.969   365  3801 D omx_vdec_aw: <drainOutBufferProgressive:2598>: video pts(21.000) 
06-06 19:35:19.019  2264  2341 D UtilLog : 日志批量上报 进行正常循环 ！！！！！！本次有0次请求,共0条数据
06-06 19:35:19.046  3114  3188 D nStackXCoAP: IsInSameNetwork:[276] :IsInSameNetwork exec
06-06 19:35:19.046  3114  3188 I nStackXDFinder: GetLocalInterfaceDetail:[461] :GetLocalInterfaceDetail in
06-06 19:35:19.046  3114  3188 E nStackXCoAP: IsInSameNetwork:[281] :IsInSameNetwork: not priority process
06-06 19:35:19.046  3114  3188 D nStackXCoAP: ParseServiceDiscover:[330] :new device join
06-06 19:35:19.046  3114  3188 E nStackXDFinder: GetLocalIp:[401] :GetLocalIp exec
06-06 19:35:19.057  2942  2951 I gbei.screencas: Background young concurrent copying GC freed 56905(5818KB) AllocSpace objects, 0(0B) LOS objects, 48% free, 6372KB/12MB, paused 494us total 104.405ms
06-06 19:35:19.854  2942  2942 I ModuleDataForwa: type=1400 audit(0.0:1172): avc: denied { lock } for path="/data/user/0/com.dangbei.screencast/files/TD__Env_Synchronous_Lock__" dev="mmcblk0p25" ino=2665 scontext=u:r:platform_app:s0:c512,c768 tcontext=u:object_r:app_data_file:s0:c512,c768 tclass=file permissive=1 app=com.dangbei.screencast
06-06 19:35:19.876   475   519 W IorapForwardingService: No service published for: iorapd
06-06 19:35:19.916   657   657 E WifiHAL : wifi_get_link_stats: requestResponse Error:-5
06-06 19:35:19.918   475   607 E WifiVendorHal: getWifiLinkLayerStats_1_5_Internal(l.1191) failed {.code = ERROR_INVALID_ARGS, .description = }
06-06 19:35:19.968   365  3801 D omx_vdec_aw: <drainOutBufferProgressive:2598>: video pts(22.000) 
06-06 19:35:20.198  2942  2942 I cling--ap-11: type=1400 audit(0.0:1173): avc: denied { read } for name="address" dev="sysfs" ino=16906 scontext=u:r:platform_app:s0:c512,c768 tcontext=u:object_r:sysfs_net:s0 tclass=file permissive=1 app=com.dangbei.screencast
06-06 19:35:20.198  2942  2942 I cling--ap-11: type=1400 audit(0.0:1174): avc: denied { open } for path="/sys/devices/virtual/net/dummy0/address" dev="sysfs" ino=16906 scontext=u:r:platform_app:s0:c512,c768 tcontext=u:object_r:sysfs_net:s0 tclass=file permissive=1 app=com.dangbei.screencast
06-06 19:35:20.198  2942  2942 I cling--ap-11: type=1400 audit(0.0:1175): avc: denied { getattr } for path="/sys/devices/virtual/net/dummy0/address" dev="sysfs" ino=16906 scontext=u:r:platform_app:s0:c512,c768 tcontext=u:object_r:sysfs_net:s0 tclass=file permissive=1 app=com.dangbei.screencast
06-06 19:35:20.879   475   519 W IorapForwardingService: No service published for: iorapd
06-06 19:35:20.970   365  3801 D omx_vdec_aw: <drainOutBufferProgressive:2598>: video pts(23.000) 
06-06 19:35:21.882   475   519 W IorapForwardingService: No service published for: iorapd
06-06 19:35:22.000   365  3801 D omx_vdec_aw: <drainOutBufferProgressive:2598>: video pts(24.000) 
01-01 08:05:45.663   381   381 W hdr10p_Configure: 292 callbacks suppressed
01-01 08:05:45.663   381   381 I         : DVI mode selected: packets not configured
01-01 08:05:45.663   381   381 W set_vsif_config: 292 callbacks suppressed
01-01 08:05:45.663   381   381 I         : Error: set vsif failed
01-01 08:05:45.663   381   381 I         : DVI mode selected: packets not configured
01-01 08:05:45.663   381   381 I         : Error: set vsif failed
01-01 08:05:45.709   381   381 I         : DVI mode selected: packets not configured
01-01 08:05:45.709   381   381 I         : Error: set vsif failed
01-01 08:05:45.709   381   381 I         : DVI mode selected: packets not configured
01-01 08:05:45.709   381   381 I         : Error: set vsif failed
01-01 08:05:45.726   381   381 I         : DVI mode selected: packets not configured
01-01 08:05:45.726   381   381 I         : Error: set vsif failed
01-01 08:05:45.726   381   381 I         : DVI mode selected: packets not configured
01-01 08:05:45.726   381   381 I         : Error: set vsif failed
01-01 08:05:45.759   381   381 I         : DVI mode selected: packets not configured
01-01 08:05:45.759   381   381 I         : Error: set vsif failed
01-01 08:05:45.759   381   381 I         : DVI mode selected: packets not configured
01-01 08:05:45.759   381   381 I         : Error: set vsif failed
01-01 08:05:45.793   381   381 I         : DVI mode selected: packets not configured
01-01 08:05:45.793   381   381 I         : Error: set vsif failed
01-01 08:05:45.793   381   381 I         : DVI mode selected: packets not configured
01-01 08:05:45.793   381   381 I         : Error: set vsif failed
06-06 19:35:22.884   475   519 W IorapForwardingService: No service published for: iorapd
06-06 19:35:22.944   657   657 E WifiHAL : wifi_get_link_stats: requestResponse Error:-5
06-06 19:35:22.950   475   607 E WifiVendorHal: getWifiLinkLayerStats_1_5_Internal(l.1191) failed {.code = ERROR_INVALID_ARGS, .description = }
06-06 19:35:22.967   365  3801 D omx_vdec_aw: <drainOutBufferProgressive:2598>: video pts(25.000) 
06-06 19:35:23.264  3613  3623 I rad.screensave: Background concurrent copying GC freed 3028(3381KB) AllocSpace objects, 78(1416KB) LOS objects, 49% free, 4003KB/8007KB, paused 273us total 163.560ms
06-06 19:35:23.423   263   277 D hdmi-cec: receive invalid cec message!
06-06 19:35:23.423   263   277 D hdmi-cec: receive poll message [04], skip!
06-06 19:35:23.885   475   519 W IorapForwardingService: No service published for: iorapd
06-06 19:35:23.965   365  3801 D omx_vdec_aw: <drainOutBufferProgressive:2598>: video pts(26.000) 
06-06 19:35:24.684  1142  1142 D aaa     : LedStatusService onStartCommand begin
06-06 19:35:24.686  1200  1200 D bbb     : onStartCommand begin !!!!!!! data分区剩余 24969MB
06-06 19:35:24.687  1142  3867 D aaa     : topPkg is -------------- :com.dangbei.leard.leradlauncher
06-06 19:35:24.888   475   519 W IorapForwardingService: No service published for: iorapd
06-06 19:35:25.000   365  3801 D omx_vdec_aw: <drainOutBufferProgressive:2598>: video pts(27.000) 
06-06 19:35:25.890   475   519 W IorapForwardingService: No service published for: iorapd
06-06 19:35:25.975   657   657 E WifiHAL : wifi_get_link_stats: requestResponse Error:-5
06-06 19:35:25.979   475   607 E WifiVendorHal: getWifiLinkLayerStats_1_5_Internal(l.1191) failed {.code = ERROR_INVALID_ARGS, .description = }
06-06 19:35:25.997   365  3801 D omx_vdec_aw: <drainOutBufferProgressive:2598>: video pts(28.000) 
06-06 19:35:26.118   475  1017 W ZramWriteback: Writeback device is not set
06-06 19:35:26.118   475  1017 D ZramWriteback: wait to flush
06-06 19:35:26.405  3613  3795 I virtual Data FFDemuxer::read(): read frame ret: End of file latestReceivedTime: 209933 getTotalTimeMillis: 7500 is exit: 0 
06-06 19:35:26.405  3613  3795 I virtual Data FFDemuxer::read(): smooth loop
06-06 19:35:26.405  3613  3795 D virtual Data FFDemuxer::read(): seekTargetTime :0 seek_by_bytes: 0 protocolName: file isNetworkProtocol: 0
06-06 19:35:26.405  3613  3795 D virtual Data FFDemuxer::read(): seekTime :0
06-06 19:35:26.405  3613  3795 D virtual Data FFDemuxer::read(): avformat_seek_file ret: 0
06-06 19:35:26.893   475   519 W IorapForwardingService: No service published for: iorapd
06-06 19:35:26.968   365  3801 D omx_vdec_aw: <drainOutBufferProgressive:2598>: video pts(29.000) 
01-01 08:05:50.714   381   381 W hdr10p_Configure: 292 callbacks suppressed
01-01 08:05:50.714   381   381 I         : DVI mode selected: packets not configured
01-01 08:05:50.714   381   381 W set_vsif_config: 292 callbacks suppressed
01-01 08:05:50.714   381   381 I         : Error: set vsif failed
01-01 08:05:50.714   381   381 I         : DVI mode selected: packets not configured
01-01 08:05:50.714   381   381 I         : Error: set vsif failed
01-01 08:05:50.727   381   381 I         : DVI mode selected: packets not configured
01-01 08:05:50.727   381   381 I         : Error: set vsif failed
01-01 08:05:50.727   381   381 I         : DVI mode selected: packets not configured
01-01 08:05:50.727   381   381 I         : Error: set vsif failed
01-01 08:05:50.759   381   381 I         : DVI mode selected: packets not configured
01-01 08:05:50.759   381   381 I         : Error: set vsif failed
01-01 08:05:50.759   381   381 I         : DVI mode selected: packets not configured
01-01 08:05:50.759   381   381 I         : Error: set vsif failed
01-01 08:05:50.793   381   381 I         : DVI mode selected: packets not configured
01-01 08:05:50.793   381   381 I         : Error: set vsif failed
01-01 08:05:50.793   381   381 I         : DVI mode selected: packets not configured
01-01 08:05:50.793   381   381 I         : Error: set vsif failed
01-01 08:05:50.826   381   381 I         : DVI mode selected: packets not configured
01-01 08:05:50.826   381   381 I         : Error: set vsif failed
01-01 08:05:50.826   381   381 I         : DVI mode selected: packets not configured
01-01 08:05:50.826   381   381 I         : Error: set vsif failed
06-06 19:35:27.896   475   519 W IorapForwardingService: No service published for: iorapd
06-06 19:35:27.969   365  3801 D omx_vdec_aw: <drainOutBufferProgressive:2598>: video pts(30.000) 
06-06 19:35:28.551  3613  3623 I rad.screensave: Background concurrent copying GC freed 1704(2470KB) AllocSpace objects, 38(1616KB) LOS objects, 49% free, 4003KB/8006KB, paused 235us total 171.829ms
06-06 19:35:28.900   475   519 W IorapForwardingService: No service published for: iorapd
06-06 19:35:28.967   365  3801 D omx_vdec_aw: <drainOutBufferProgressive:2598>: video pts(31.000) 
06-06 19:35:29.000   657   657 E WifiHAL : wifi_get_link_stats: requestResponse Error:-5
06-06 19:35:29.003   475   607 E WifiVendorHal: getWifiLinkLayerStats_1_5_Internal(l.1191) failed {.code = ERROR_INVALID_ARGS, .description = }
06-06 19:35:29.020  2264  2341 D UtilLog : 日志批量上报 进行正常循环 ！！！！！！本次有0次请求,共0条数据
06-06 19:35:29.903   475   519 W IorapForwardingService: No service published for: iorapd
06-06 19:35:29.984   365  3801 D omx_vdec_aw: <drainOutBufferProgressive:2598>: video pts(32.000) 
06-06 19:35:30.906   475   519 W IorapForwardingService: No service published for: iorapd
06-06 19:35:30.967   365  3801 D omx_vdec_aw: <drainOutBufferProgressive:2598>: video pts(33.000) 
06-06 19:35:31.462  2942  2951 I gbei.screencas: Background concurrent copying GC freed 62871(6186KB) AllocSpace objects, 0(0B) LOS objects, 49% free, 6041KB/11MB, paused 276us total 183.568ms
06-06 19:35:31.909   475   519 W IorapForwardingService: No service published for: iorapd
06-06 19:35:31.969   365  3801 D omx_vdec_aw: <drainOutBufferProgressive:2598>: video pts(34.000) 
06-06 19:35:32.019   657   657 E WifiHAL : wifi_get_link_stats: requestResponse Error:-5
06-06 19:35:32.021   475   607 E WifiVendorHal: getWifiLinkLayerStats_1_5_Internal(l.1191) failed {.code = ERROR_INVALID_ARGS, .description = }
01-01 08:05:55.726   381   381 W hdr10p_Configure: 292 callbacks suppressed
01-01 08:05:55.726   381   381 I         : DVI mode selected: packets not configured
01-01 08:05:55.726   381   381 W set_vsif_config: 292 callbacks suppressed
01-01 08:05:55.726   381   381 I         : Error: set vsif failed
01-01 08:05:55.726   381   381 I         : DVI mode selected: packets not configured
01-01 08:05:55.726   381   381 I         : Error: set vsif failed
01-01 08:05:55.759   381   381 I         : DVI mode selected: packets not configured
01-01 08:05:55.759   381   381 I         : Error: set vsif failed
01-01 08:05:55.759   381   381 I         : DVI mode selected: packets not configured
01-01 08:05:55.759   381   381 I         : Error: set vsif failed
01-01 08:05:55.792   381   381 I         : DVI mode selected: packets not configured
01-01 08:05:55.792   381   381 I         : Error: set vsif failed
01-01 08:05:55.792   381   381 I         : DVI mode selected: packets not configured
01-01 08:05:55.792   381   381 I         : Error: set vsif failed
01-01 08:05:55.825   381   381 I         : DVI mode selected: packets not configured
01-01 08:05:55.825   381   381 I         : Error: set vsif failed
01-01 08:05:55.826   381   381 I         : DVI mode selected: packets not configured
01-01 08:05:55.826   381   381 I         : Error: set vsif failed
01-01 08:05:55.860   381   381 I         : DVI mode selected: packets not configured
01-01 08:05:55.860   381   381 I         : Error: set vsif failed
01-01 08:05:55.860   381   381 I         : DVI mode selected: packets not configured
01-01 08:05:55.860   381   381 I         : Error: set vsif failed
06-06 19:35:32.755  1142  1142 D aaa     : LedStatusService onStartCommand begin
06-06 19:35:32.758  1142  3878 D aaa     : topPkg is -------------- :com.dangbei.leard.leradlauncher
06-06 19:35:32.762  1200  1200 D bbb     : onStartCommand begin !!!!!!! data分区剩余 24969MB
06-06 19:35:32.910   475   519 W IorapForwardingService: No service published for: iorapd
06-06 19:35:32.968   365  3801 D omx_vdec_aw: <drainOutBufferProgressive:2598>: video pts(35.000) 
06-06 19:35:33.910  3613  3795 I virtual Data FFDemuxer::read(): read frame ret: End of file latestReceivedTime: 217433 getTotalTimeMillis: 7500 is exit: 0 
06-06 19:35:33.910  3613  3795 I virtual Data FFDemuxer::read(): smooth loop
06-06 19:35:33.910  3613  3795 D virtual Data FFDemuxer::read(): seekTargetTime :0 seek_by_bytes: 0 protocolName: file isNetworkProtocol: 0
06-06 19:35:33.910  3613  3795 D virtual Data FFDemuxer::read(): seekTime :0
06-06 19:35:33.910  3613  3795 D virtual Data FFDemuxer::read(): avformat_seek_file ret: 0
06-06 19:35:33.916   475   519 W IorapForwardingService: No service published for: iorapd
06-06 19:35:33.969   365  3801 D omx_vdec_aw: <drainOutBufferProgressive:2598>: video pts(36.000) 
06-06 19:35:34.919   475   519 W IorapForwardingService: No service published for: iorapd
06-06 19:35:34.966   365  3801 D omx_vdec_aw: <drainOutBufferProgressive:2598>: video pts(37.000) 
06-06 19:35:35.012  3613  3623 I rad.screensave: Background concurrent copying GC freed 2591(3721KB) AllocSpace objects, 16(568KB) LOS objects, 49% free, 4020KB/8041KB, paused 810us total 165.990ms
06-06 19:35:35.050   657   657 E WifiHAL : wifi_get_link_stats: requestResponse Error:-5
06-06 19:35:35.051   475   607 E WifiVendorHal: getWifiLinkLayerStats_1_5_Internal(l.1191) failed {.code = ERROR_INVALID_ARGS, .description = }
06-06 19:35:35.922   475   519 W IorapForwardingService: No service published for: iorapd
06-06 19:35:35.970   365  3801 D omx_vdec_aw: <drainOutBufferProgressive:2598>: video pts(38.000) 
06-06 19:35:36.924   475   519 W IorapForwardingService: No service published for: iorapd
06-06 19:35:37.001   365  3801 D omx_vdec_aw: <drainOutBufferProgressive:2598>: video pts(39.000) 
01-01 08:06:00.759   381   381 W hdr10p_Configure: 292 callbacks suppressed
01-01 08:06:00.759   381   381 I         : DVI mode selected: packets not configured
01-01 08:06:00.759   381   381 W set_vsif_config: 292 callbacks suppressed
01-01 08:06:00.759   381   381 I         : Error: set vsif failed
01-01 08:06:00.760   381   381 I         : DVI mode selected: packets not configured
01-01 08:06:00.760   381   381 I         : Error: set vsif failed
01-01 08:06:00.793   381   381 I         : DVI mode selected: packets not configured
01-01 08:06:00.793   381   381 I         : Error: set vsif failed
01-01 08:06:00.793   381   381 I         : DVI mode selected: packets not configured
01-01 08:06:00.793   381   381 I         : Error: set vsif failed
01-01 08:06:00.826   381   381 I         : DVI mode selected: packets not configured
01-01 08:06:00.826   381   381 I         : Error: set vsif failed
01-01 08:06:00.826   381   381 I         : DVI mode selected: packets not configured
01-01 08:06:00.826   381   381 I         : Error: set vsif failed
01-01 08:06:00.859   381   381 I         : DVI mode selected: packets not configured
01-01 08:06:00.859   381   381 I         : Error: set vsif failed
01-01 08:06:00.859   381   381 I         : DVI mode selected: packets not configured
01-01 08:06:00.859   381   381 I         : Error: set vsif failed
01-01 08:06:00.893   381   381 I         : DVI mode selected: packets not configured
01-01 08:06:00.893   381   381 I         : Error: set vsif failed
01-01 08:06:00.893   381   381 I         : DVI mode selected: packets not configured
01-01 08:06:00.893   381   381 I         : Error: set vsif failed
06-06 19:35:37.927   475   519 W IorapForwardingService: No service published for: iorapd
06-06 19:35:37.965   365  3801 D omx_vdec_aw: <drainOutBufferProgressive:2598>: video pts(40.000) 
06-06 19:35:38.070   657   657 E WifiHAL : wifi_get_link_stats: requestResponse Error:-5
06-06 19:35:38.074   475   607 E WifiVendorHal: getWifiLinkLayerStats_1_5_Internal(l.1191) failed {.code = ERROR_INVALID_ARGS, .description = }
06-06 19:35:38.453   263   277 D hdmi-cec: receive invalid cec message!
06-06 19:35:38.453   263   277 D hdmi-cec: receive poll message [04], skip!
06-06 19:35:38.931   475   519 W IorapForwardingService: No service published for: iorapd
06-06 19:35:38.966   365  3801 D omx_vdec_aw: <drainOutBufferProgressive:2598>: video pts(41.000) 
06-06 19:35:39.019  2264  2341 D UtilLog : 日志批量上报 进行正常循环 ！！！！！！本次有0次请求,共0条数据
06-06 19:35:39.937   475   519 W IorapForwardingService: No service published for: iorapd
06-06 19:35:40.000   365  3801 D omx_vdec_aw: <drainOutBufferProgressive:2598>: video pts(42.000) 
06-06 19:35:40.812  1142  1142 D aaa     : LedStatusService onStartCommand begin
06-06 19:35:40.822  1142  3885 D aaa     : topPkg is -------------- :com.dangbei.leard.leradlauncher
06-06 19:35:40.840  1200  1200 D bbb     : onStartCommand begin !!!!!!! data分区剩余 24969MB
06-06 19:35:40.915  3613  3623 I rad.screensave: Background concurrent copying GC freed 2259(3167KB) AllocSpace objects, 55(1000KB) LOS objects, 49% free, 3921KB/7842KB, paused 777us total 206.692ms
06-06 19:35:40.941   475   519 W IorapForwardingService: No service published for: iorapd
06-06 19:35:41.000   365  3801 D omx_vdec_aw: <drainOutBufferProgressive:2598>: video pts(43.000) 
06-06 19:35:41.095   657   657 E WifiHAL : wifi_get_link_stats: requestResponse Error:-5
06-06 19:35:41.099   475   607 E WifiVendorHal: getWifiLinkLayerStats_1_5_Internal(l.1191) failed {.code = ERROR_INVALID_ARGS, .description = }
06-06 19:35:41.403  3613  3795 I virtual Data FFDemuxer::read(): read frame ret: End of file latestReceivedTime: 224933 getTotalTimeMillis: 7500 is exit: 0 
06-06 19:35:41.403  3613  3795 I virtual Data FFDemuxer::read(): smooth loop
06-06 19:35:41.403  3613  3795 D virtual Data FFDemuxer::read(): seekTargetTime :0 seek_by_bytes: 0 protocolName: file isNetworkProtocol: 0
06-06 19:35:41.404  3613  3795 D virtual Data FFDemuxer::read(): seekTime :0
06-06 19:35:41.404  3613  3795 D virtual Data FFDemuxer::read(): avformat_seek_file ret: 0
06-06 19:35:41.942   475   519 W IorapForwardingService: No service published for: iorapd
06-06 19:35:41.965   365  3801 D omx_vdec_aw: <drainOutBufferProgressive:2598>: video pts(44.000) 
01-01 08:06:05.760   381   381 W hdr10p_Configure: 290 callbacks suppressed
01-01 08:06:05.760   381   381 I         : DVI mode selected: packets not configured
01-01 08:06:05.760   381   381 W set_vsif_config: 290 callbacks suppressed
01-01 08:06:05.760   381   381 I         : Error: set vsif failed
01-01 08:06:05.760   381   381 I         : DVI mode selected: packets not configured
01-01 08:06:05.760   381   381 I         : Error: set vsif failed
01-01 08:06:05.793   381   381 I         : DVI mode selected: packets not configured
01-01 08:06:05.793   381   381 I         : Error: set vsif failed
01-01 08:06:05.793   381   381 I         : DVI mode selected: packets not configured
01-01 08:06:05.793   381   381 I         : Error: set vsif failed
01-01 08:06:05.826   381   381 I         : DVI mode selected: packets not configured
01-01 08:06:05.826   381   381 I         : Error: set vsif failed
01-01 08:06:05.826   381   381 I         : DVI mode selected: packets not configured
01-01 08:06:05.826   381   381 I         : Error: set vsif failed
01-01 08:06:05.859   381   381 I         : DVI mode selected: packets not configured
01-01 08:06:05.859   381   381 I         : Error: set vsif failed
01-01 08:06:05.859   381   381 I         : DVI mode selected: packets not configured
01-01 08:06:05.859   381   381 I         : Error: set vsif failed
01-01 08:06:05.892   381   381 I         : DVI mode selected: packets not configured
01-01 08:06:05.892   381   381 I         : Error: set vsif failed
01-01 08:06:05.893   381   381 I         : DVI mode selected: packets not configured
01-01 08:06:05.893   381   381 I         : Error: set vsif failed
06-06 19:35:42.947   475   519 W IorapForwardingService: No service published for: iorapd
06-06 19:35:42.970   365  3801 D omx_vdec_aw: <drainOutBufferProgressive:2598>: video pts(45.000) 
06-06 19:35:43.949   475   519 W IorapForwardingService: No service published for: iorapd
06-06 19:35:43.967   365  3801 D omx_vdec_aw: <drainOutBufferProgressive:2598>: video pts(46.000) 
06-06 19:35:44.123   657   657 E WifiHAL : wifi_get_link_stats: requestResponse Error:-5
06-06 19:35:44.124   475   607 E WifiVendorHal: getWifiLinkLayerStats_1_5_Internal(l.1191) failed {.code = ERROR_INVALID_ARGS, .description = }
06-06 19:35:44.951   475   519 W IorapForwardingService: No service published for: iorapd
06-06 19:35:44.984   365  3801 D omx_vdec_aw: <drainOutBufferProgressive:2598>: video pts(47.000) 
06-06 19:35:45.472  2942  2951 I gbei.screencas: Background young concurrent copying GC freed 59305(5889KB) AllocSpace objects, 0(0B) LOS objects, 47% free, 6312KB/11MB, paused 1.029ms total 106.574ms
06-06 19:35:45.810  3613  3623 I rad.screensave: Background concurrent copying GC freed 2043(3045KB) AllocSpace objects, 49(868KB) LOS objects, 49% free, 4016KB/8033KB, paused 303us total 131.130ms
06-06 19:35:45.953   475   519 W IorapForwardingService: No service published for: iorapd
06-06 19:35:45.968   365  3801 D omx_vdec_aw: <drainOutBufferProgressive:2598>: video pts(48.000) 
06-06 19:35:46.955   475   519 W IorapForwardingService: No service published for: iorapd
06-06 19:35:46.971   365  3801 D omx_vdec_aw: <drainOutBufferProgressive:2598>: video pts(49.000) 
06-06 19:35:47.141   657   657 E WifiHAL : wifi_get_link_stats: requestResponse Error:-5
06-06 19:35:47.143   475   607 E WifiVendorHal: getWifiLinkLayerStats_1_5_Internal(l.1191) failed {.code = ERROR_INVALID_ARGS, .description = }
01-01 08:06:10.792   381   381 W hdr10p_Configure: 292 callbacks suppressed
01-01 08:06:10.792   381   381 I         : DVI mode selected: packets not configured
01-01 08:06:10.792   381   381 W set_vsif_config: 292 callbacks suppressed
01-01 08:06:10.792   381   381 I         : Error: set vsif failed
01-01 08:06:10.792   381   381 I         : DVI mode selected: packets not configured
01-01 08:06:10.792   381   381 I         : Error: set vsif failed
01-01 08:06:10.825   381   381 I         : DVI mode selected: packets not configured
01-01 08:06:10.825   381   381 I         : Error: set vsif failed
01-01 08:06:10.825   381   381 I         : DVI mode selected: packets not configured
01-01 08:06:10.825   381   381 I         : Error: set vsif failed
01-01 08:06:10.879   381   381 I         : DVI mode selected: packets not configured
01-01 08:06:10.879   381   381 I         : Error: set vsif failed
01-01 08:06:10.879   381   381 I         : DVI mode selected: packets not configured
01-01 08:06:10.879   381   381 I         : Error: set vsif failed
01-01 08:06:10.896   381   381 I         : DVI mode selected: packets not configured
01-01 08:06:10.896   381   381 I         : Error: set vsif failed
01-01 08:06:10.896   381   381 I         : DVI mode selected: packets not configured
01-01 08:06:10.896   381   381 I         : Error: set vsif failed
01-01 08:06:10.925   381   381 I         : DVI mode selected: packets not configured
01-01 08:06:10.926   381   381 I         : Error: set vsif failed
01-01 08:06:10.926   381   381 I         : DVI mode selected: packets not configured
01-01 08:06:10.926   381   381 I         : Error: set vsif failed
06-06 19:35:47.958   475   519 W IorapForwardingService: No service published for: iorapd
06-06 19:35:47.966   365  3801 D omx_vdec_aw: <drainOutBufferProgressive:2598>: video pts(50.000) 
06-06 19:35:48.842  1142  1142 D aaa     : LedStatusService onStartCommand begin
06-06 19:35:48.869  1142  3896 D aaa     : topPkg is -------------- :com.dangbei.leard.leradlauncher
06-06 19:35:48.888  1200  1200 D bbb     : onStartCommand begin !!!!!!! data分区剩余 24969MB
06-06 19:35:48.918  3613  3795 I virtual Data FFDemuxer::read(): read frame ret: End of file latestReceivedTime: 232433 getTotalTimeMillis: 7500 is exit: 0 
06-06 19:35:48.918  3613  3795 I virtual Data FFDemuxer::read(): smooth loop
06-06 19:35:48.918  3613  3795 D virtual Data FFDemuxer::read(): seekTargetTime :0 seek_by_bytes: 0 protocolName: file isNetworkProtocol: 0
06-06 19:35:48.918  3613  3795 D virtual Data FFDemuxer::read(): seekTime :0
06-06 19:35:48.918  3613  3795 D virtual Data FFDemuxer::read(): avformat_seek_file ret: 0
06-06 19:35:48.960   475   519 W IorapForwardingService: No service published for: iorapd
06-06 19:35:48.975   365  3801 D omx_vdec_aw: <drainOutBufferProgressive:2598>: video pts(51.000) 
06-06 19:35:49.019  2264  2341 D UtilLog : 日志批量上报 进行正常循环 ！！！！！！本次有0次请求,共0条数据
06-06 19:35:49.719  2942  2951 I gbei.screencas: Background concurrent copying GC freed 42150(5921KB) AllocSpace objects, 0(0B) LOS objects, 49% free, 6086KB/11MB, paused 259us total 183.547ms
06-06 19:35:49.963   475   519 W IorapForwardingService: No service published for: iorapd
06-06 19:35:49.967   365  3801 D omx_vdec_aw: <drainOutBufferProgressive:2598>: video pts(52.000) 
06-06 19:35:50.158   657   657 E WifiHAL : wifi_get_link_stats: requestResponse Error:-5
06-06 19:35:50.162   475   607 E WifiVendorHal: getWifiLinkLayerStats_1_5_Internal(l.1191) failed {.code = ERROR_INVALID_ARGS, .description = }
06-06 19:35:50.968   475   519 W IorapForwardingService: No service published for: iorapd
06-06 19:35:50.975   365  3801 D omx_vdec_aw: <drainOutBufferProgressive:2598>: video pts(53.000) 
06-06 19:35:51.409  3613  3623 I rad.screensave: Background concurrent copying GC freed 1632(2452KB) AllocSpace objects, 36(1716KB) LOS objects, 49% free, 3935KB/7871KB, paused 147us total 185.616ms
06-06 19:35:51.971   475   519 W IorapForwardingService: No service published for: iorapd
06-06 19:35:52.001   365  3801 D omx_vdec_aw: <drainOutBufferProgressive:2598>: video pts(54.000) 
01-01 08:06:15.812   381   381 W hdr10p_Configure: 290 callbacks suppressed
01-01 08:06:15.812   381   381 I         : DVI mode selected: packets not configured
01-01 08:06:15.812   381   381 W set_vsif_config: 290 callbacks suppressed
01-01 08:06:15.812   381   381 I         : Error: set vsif failed
01-01 08:06:15.812   381   381 I         : DVI mode selected: packets not configured
01-01 08:06:15.812   381   381 I         : Error: set vsif failed
01-01 08:06:15.846   381   381 I         : DVI mode selected: packets not configured
01-01 08:06:15.846   381   381 I         : Error: set vsif failed
01-01 08:06:15.846   381   381 I         : DVI mode selected: packets not configured
01-01 08:06:15.846   381   381 I         : Error: set vsif failed
01-01 08:06:15.859   381   381 I         : DVI mode selected: packets not configured
01-01 08:06:15.859   381   381 I         : Error: set vsif failed
01-01 08:06:15.859   381   381 I         : DVI mode selected: packets not configured
01-01 08:06:15.859   381   381 I         : Error: set vsif failed
01-01 08:06:15.912   381   381 I         : DVI mode selected: packets not configured
01-01 08:06:15.912   381   381 I         : Error: set vsif failed
01-01 08:06:15.912   381   381 I         : DVI mode selected: packets not configured
01-01 08:06:15.912   381   381 I         : Error: set vsif failed
01-01 08:06:15.929   381   381 I         : DVI mode selected: packets not configured
01-01 08:06:15.929   381   381 I         : Error: set vsif failed
01-01 08:06:15.930   381   381 I         : DVI mode selected: packets not configured
01-01 08:06:15.930   381   381 I         : Error: set vsif failed
06-06 19:35:52.964   365  3801 D omx_vdec_aw: <drainOutBufferProgressive:2598>: video pts(55.000) 
06-06 19:35:52.973   475   519 W IorapForwardingService: No service published for: iorapd
06-06 19:35:53.193   657   657 E WifiHAL : wifi_get_link_stats: requestResponse Error:-5
06-06 19:35:53.196   475   607 E WifiVendorHal: getWifiLinkLayerStats_1_5_Internal(l.1191) failed {.code = ERROR_INVALID_ARGS, .description = }
06-06 19:35:53.485   263   277 D hdmi-cec: receive invalid cec message!
06-06 19:35:53.485   263   277 D hdmi-cec: receive poll message [04], skip!
06-06 19:35:53.963   365  3801 D omx_vdec_aw: <drainOutBufferProgressive:2598>: video pts(56.000) 
06-06 19:35:53.975   475   519 W IorapForwardingService: No service published for: iorapd
06-06 19:35:54.977   475   519 W IorapForwardingService: No service published for: iorapd
06-06 19:35:54.999   365  3801 D omx_vdec_aw: <drainOutBufferProgressive:2598>: video pts(57.000) 
