01-01 08:01:44.609   381   381 I         : Error: set vsif failed
01-01 08:01:44.626   381   381 I         : DVI mode selected: packets not configured
01-01 08:01:44.626   381   381 I         : Error: set vsif failed
01-01 08:01:44.641   381   381 I         : DVI mode selected: packets not configured
01-01 08:01:44.641   381   381 I         : Error: set vsif failed
01-01 08:01:44.658   381   381 I         : DVI mode selected: packets not configured
01-01 08:01:44.658   381   381 I         : Error: set vsif failed
01-01 08:01:44.675   381   381 I         : DVI mode selected: packets not configured
01-01 08:01:44.675   381   381 I         : Error: set vsif failed
01-01 08:01:44.915   768   768 E sprdwl  : sprdwl_rx_rsp_process ctx_id 0 recv rsp[WIFI_CMD_TX_DATA] status[SPRDWL_CMD_STATUS_ERROR]
06-06 19:31:21.285   475   519 W IorapForwardingService: No service published for: iorapd
06-06 19:31:21.548   657   657 E WifiHAL : wifi_get_link_stats: requestResponse Error:-5
06-06 19:31:21.550   475   607 E WifiVendorHal: getWifiLinkLayerStats_1_5_Internal(l.1191) failed {.code = ERROR_INVALID_ARGS, .description = }
06-06 19:31:22.110  2942  3228 I PlatformDependent: Your platform does not provide complete low-level API for accessing direct buffers reliably. Unless explicitly requested, heap buffer will always be preferred to avoid potential system instability.
06-06 19:31:22.131  2942  3019 W VideoCapabilities: Unrecognized profile/level 0/3 for video/mpeg2
06-06 19:31:22.144   475   617 D NsdService: Register service
06-06 19:31:22.144   475   617 D NsdService: registerService: 6 name: 当贝投屏Y9, type: _airplay._tcp, host: null, port: 42367, txtRecord: srcvers=220.68features=0x527FFFF7,0x1E'pi=2e388006-13ba-4041-9a67-25dd4a43d536Cpk=b07727d6f6cd6e08b58ede525ec3cdeaa252ad9f683feb212ef8a205246554e7vv=2	flags=0x4model=AppleTV2,1deviceid=b4:2f:03:15:e9:47
06-06 19:31:22.144   475   617 D NsdService: mdnssd [register, 6, 当贝投屏Y9, _airplay._tcp, 42367, DnNyY3ZlcnM9MjIwLjY4GGZlYXR1cmVzPTB4NTI3RkZGRjcsMHgxRSdwaT0yZTM4ODAwNi0xM2JhLTQwNDEtOWE2Ny0yNWRkNGE0M2Q1MzZDcGs9YjA3NzI3ZDZmNmNkNmUwOGI1OGVkZTUyNWVjM2NkZWFhMjUyYWQ5ZjY4M2ZlYjIxMmVmOGEyMDUyNDY1NTRlNwR2dj0yCWZsYWdzPTB4NBBtb2RlbD1BcHBsZVRWMiwxGmRldmljZWlkPWI0OjJmOjAzOjE1OmU5OjQ3]
06-06 19:31:22.146   475   617 D NsdService: Register 2 6
06-06 19:31:22.155   475   617 D NsdService: Register service
06-06 19:31:22.155   475   617 D NsdService: registerService: 7 name: b42f0315e947@当贝投屏Y9, type: _raop._tcp, host: null, port: 33393, txtRecord: 	txtvers=1
am=AppleTV2,1ch=2
06-06 19:31:22.155   475   617 D NsdService: cn=0,1,2,3da=trueet=0,3,5ft=0x527FFFF7,0x1Emd=0,1,2Cpk=b07727d6f6cd6e08b58ede525ec3cdeaa252ad9f683feb212ef8a205246554e7pw=falsesf=0x4sr=44100ss=16sv=falsetp=UDPvn=65537	vs=220.68vv=2rhd=5.6.0.0
06-06 19:31:22.155   475   617 D NsdService: mdnssd [register, 7, b42f0315e947@当贝投屏Y9, _raop._tcp, 33393, CXR4dHZlcnM9MQ1hbT1BcHBsZVRWMiwxBGNoPTIKY249MCwxLDIsMwdkYT10cnVlCGV0PTAsMyw1EmZ0PTB4NTI3RkZGRjcsMHgxRQhtZD0wLDEsMkNwaz1iMDc3MjdkNmY2Y2Q2ZTA4YjU4ZWRlNTI1ZWMzY2RlYWEyNTJhZDlmNjgzZmViMjEyZWY4YTIwNTI0NjU1NGU3CHB3PWZhbHNlBnNmPTB4NAhzcj00NDEwMAVzcz0xNghzdj1mYWxzZQZ0cD1VRFAIdm49NjU1MzcJdnM9MjIwLjY4BHZ2PTILcmhkPTUuNi4wLjA=]
06-06 19:31:22.157   475   617 D NsdService: Register 3 7
06-06 19:31:22.287   475   519 W IorapForwardingService: No service published for: iorapd
06-06 19:31:22.613   475   617 D NsdService: Register service
06-06 19:31:22.613   475   617 D NsdService: registerService: 8 name: 当贝投屏Y9, type: _db_cast_screen._tcp, host: null, port: 40447, txtRecord: au=1cV=20830mV=100h265=0maxR=4096-3152model=DBBOX-A2deviceid=20:02:FE:19:C2:18
06-06 19:31:22.613   475   617 D NsdService: mdnssd [register, 8, 当贝投屏Y9, _db_cast_screen._tcp, 40447, BGF1PTEIY1Y9MjA4MzAGbVY9MTAwBmgyNjU9MA5tYXhSPTQwOTYtMzE1Mg5tb2RlbD1EQkJPWC1BMhpkZXZpY2VpZD0yMDowMjpGRToxOTpDMjoxOA==]
06-06 19:31:22.615   475   617 D NsdService: Register 4 8
06-06 19:31:22.790   475   617 D NsdService: Native daemon message SERVICE_REGISTERED: 606 7 "b42f0315e947@当贝投屏Y9"
06-06 19:31:22.791   475   617 D NsdService: Native daemon message SERVICE_REGISTERED: 606 6 "当贝投屏Y9"
06-06 19:31:23.093  2942  3029 E accept  : myIp:192.168.3.31
06-06 19:31:23.096  2942  3029 E accept  : connect error
06-06 19:31:23.100  2942  3029 I UpnpServiceImpl: >>> Starting UPnP service...
06-06 19:31:23.101  2942  3029 I UpnpServiceImpl: Using configuration: org.fourthline.cling.android.AndroidUpnpServiceConfiguration
06-06 19:31:23.103  2942  3029 I Router  : Creating Router: org.fourthline.cling.android.AndroidRouter
06-06 19:31:23.105  2942  3029 W Router  : enable lock:org.fourthline.cling.android.AndroidRouter@dd446c5_java.util.concurrent.locks.ReentrantReadWriteLock$WriteLock@250581a[Unlocked]
06-06 19:31:23.116  2942  3029 W tworkAddressFactoryImpl: Network interface may not be multicast capable: dummy0
06-06 19:31:23.120  2942  3029 I MulticastReceiver: Creating wildcard socket (for receiving multicast datagrams) on port: 1900
06-06 19:31:23.121  2942  3029 I MulticastReceiver: Joining multicast group: /239.255.255.250:1900 on network interface: wlan0
06-06 19:31:23.140  2942  3029 E accept  : Adding connector try: 192.168.3.31/192.168.3.31:42665
06-06 19:31:23.142  2942  3029 E accept  : Adding connector result: 192.168.3.31/192.168.3.31:42665
06-06 19:31:23.236  2942  3029 I JettyServletContainer: Registering UPnP servlet under context path: /upnp
06-06 19:31:23.240  2942  3029 I DatagramIO: Creating bound socket (for datagram input/output) on: 192.168.3.31/192.168.3.31
06-06 19:31:23.242  2942  3235 E JettyServletContainer: gogogo
06-06 19:31:23.242  2942  3235 I JettyServletContainer: Starting Jetty server... 
06-06 19:31:23.243  2942  3235 W System.err: 2025-06-06 19:31:23.243:INFO:lcaf.p:jetty-8.y.z-SNAPSHOT
06-06 19:31:23.246  2942  3029 I Router  : WiFi multicast lock acquired
06-06 19:31:23.247   475  1342 I WifiService: acquireMulticastLock uid=10020
06-06 19:31:23.250  2942  3029 I Router  : WiFi lock acquired
06-06 19:31:23.252   475  1342 I WifiService: acquireWifiLock uid=10020 lockMode=3
06-06 19:31:23.255  2942  3029 W Router  : enable unlock:org.fourthline.cling.android.AndroidRouter@dd446c5
06-06 19:31:23.256  2942  3029 I UpnpServiceImpl: <<< UPnP service started successfully
06-06 19:31:23.291   475   617 D NsdService: Native daemon message SERVICE_REGISTERED: 606 8 "当贝投屏Y9"
06-06 19:31:23.292   475   519 W IorapForwardingService: No service published for: iorapd
06-06 19:31:23.300  2942  3235 W System.err: 2025-06-06 19:31:23.299:INFO:lcaf.a:Started @192.168.3.31:42665
06-06 19:31:23.338  3240  3240 I Thread-2: type=1400 audit(0.0:1102): avc: denied { execute } for name="am" dev="dm-1" ino=1160 scontext=u:r:system_app:s0 tcontext=u:object_r:vendor_file:s0 tclass=file permissive=1
06-06 19:31:23.341  2942  3029 E g       : channel :os
06-06 19:31:23.338  3240  3240 I Thread-2: type=1400 audit(0.0:1103): avc: denied { read open } for path="/vendor/xbin/am" dev="dm-1" ino=1160 scontext=u:r:system_app:s0 tcontext=u:object_r:vendor_file:s0 tclass=file permissive=1
06-06 19:31:23.338  3240  3240 I Thread-2: type=1400 audit(0.0:1104): avc: denied { execute_no_trans } for path="/vendor/xbin/am" dev="dm-1" ino=1160 scontext=u:r:system_app:s0 tcontext=u:object_r:vendor_file:s0 tclass=file permissive=1
06-06 19:31:23.370  3114  3114 I CrashSDKNormalH: type=1400 audit(0.0:1105): avc: denied { search } for name="com.dangbei.screencast" dev="mmcblk0p25" ino=890 scontext=u:r:platform_app:s0:c512,c768 tcontext=u:object_r:app_data_file:s0:c512,c768 tclass=dir permissive=1 app=com.dangbei.screencast
06-06 19:31:23.374  3114  3114 I CrashSDKNormalH: type=1400 audit(0.0:1106): avc: denied { getattr } for path="/data/user/0/com.dangbei.screencast/crashsdk/tags" dev="mmcblk0p25" ino=2064 scontext=u:r:platform_app:s0:c512,c768 tcontext=u:object_r:app_data_file:s0:c512,c768 tclass=dir permissive=1 app=com.dangbei.screencast
06-06 19:31:23.389  1142  1142 D aaa     : LedStatusService onStartCommand begin
06-06 19:31:23.391  1142  3249 D aaa     : topPkg is -------------- :com.dangbei.leard.leradlauncher
06-06 19:31:23.392  1200  1200 D bbb     : onStartCommand begin !!!!!!! data分区剩余 24969MB
06-06 19:31:23.396  1142  3249 D aaa     : WiFi is connect 
06-06 19:31:23.496   263   277 D hdmi-cec: receive invalid cec message!
06-06 19:31:23.496   263   277 D hdmi-cec: receive poll message [04], skip!
06-06 19:31:23.706  2942  2942 I efs-base: type=1400 audit(0.0:1107): avc: denied { read } for name="ready" dev="mmcblk0p25" ino=2089 scontext=u:r:platform_app:s0:c512,c768 tcontext=u:object_r:app_data_file:s0:c512,c768 tclass=dir permissive=1 app=com.dangbei.screencast
06-06 19:31:23.706  2942  2942 I efs-base: type=1400 audit(0.0:1108): avc: denied { open } for path="/data/user/0/com.dangbei.screencast/app_UApm/5fc60c21094d637f3130af19/ready" dev="mmcblk0p25" ino=2089 scontext=u:r:platform_app:s0:c512,c768 tcontext=u:object_r:app_data_file:s0:c512,c768 tclass=dir permissive=1 app=com.dangbei.screencast
06-06 19:31:23.710  2942  2942 I efs-base: type=1400 audit(0.0:1109): avc: denied { write } for name="upload" dev="mmcblk0p25" ino=2372 scontext=u:r:platform_app:s0:c512,c768 tcontext=u:object_r:app_data_file:s0:c512,c768 tclass=dir permissive=1 app=com.dangbei.screencast
06-06 19:31:23.710  2942  2942 I efs-base: type=1400 audit(0.0:1110): avc: denied { add_name } for name="wa_gzip_1_1_2942_8843_1749209483711" scontext=u:r:platform_app:s0:c512,c768 tcontext=u:object_r:app_data_file:s0:c512,c768 tclass=dir permissive=1 app=com.dangbei.screencast
01-01 08:01:47.357  2992  2992 W audit   : audit_lost=582 audit_rate_limit=5 audit_backlog_limit=64
01-01 08:01:47.357  2992  2992 E audit   : rate limit exceeded
06-06 19:31:23.720  2942  3023 I efs.base: lt=event`ev_ct=efs_core`ev_ac=log_lag`tm=2025-06-06 19:31:71`dn=771f93e8-8eaa-49df-8b16-e1b19b668479`ps=com.dangbei.screencast`um_os=android`stime=1749209473308`pid=2942`fr=android`pkg=com.dangbei.screencast`vcode=20830`dsp_w=1920`uid=771f93e8-8eaa-49df-8b16-e1b19b668479`rom=12`wid=771f93e8-8eaa-49df-8b16-e1b19b668479`um_app_carrier=`um_access=wifi`um_app_channel=os`um_crash_sdk_version=1.4.0`ctime=1749209483`model=dbbox-a2`lang=zh`net=wifi`brand=dangbei`dsp_h=1080`um_network_type=0`ver=v2.8.3`cnt=2`build_model=DBBOX-A2`w_tm=1749209483`appid=5fc60c21094d637f3130af19`um_umid_header=ai4e7fa82b434271882c971661bb5632b7`sdk=31`tzone=Asia/Shanghai`sdk_ver=1.3.6.umeng
06-06 19:31:23.948  2942  3023 I efs.base: wa upload succ, HttpResponse {succ=true, code=200, data='暂不支持该服务', extra={req_url=https://errlog.umeng.com/api/crashsdk/logcollect}}
06-06 19:31:23.950  2942  3011 I efs.base: wa upload succ, HttpResponse {succ=true, code=200, data='暂不支持该服务', extra={req_url=https://errlog.umeng.com/api/crashsdk/logcollect}}
06-06 19:31:24.294   475   519 W IorapForwardingService: No service published for: iorapd
06-06 19:31:24.560   657   657 E WifiHAL : wifi_get_link_stats: requestResponse Error:-5
06-06 19:31:24.562   475   607 E WifiVendorHal: getWifiLinkLayerStats_1_5_Internal(l.1191) failed {.code = ERROR_INVALID_ARGS, .description = }
06-06 19:31:25.295   475   519 W IorapForwardingService: No service published for: iorapd
06-06 19:31:26.064  2264  2338 I TDLog   : [APP] New data found, Submitting...
06-06 19:31:26.105   475  1017 W ZramWriteback: Writeback device is not set
06-06 19:31:26.105   475  1017 D ZramWriteback: wait to flush
06-06 19:31:26.106  2264  2338 I TDLog   : [APP] Failed to submit data!
06-06 19:31:26.150  2942  2942 I cling--ap-1: type=1400 audit(0.0:1113): avc: denied { search } for name="net" dev="sysfs" ino=10442 scontext=u:r:platform_app:s0:c512,c768 tcontext=u:object_r:sysfs_net:s0 tclass=dir permissive=1 app=com.dangbei.screencast
06-06 19:31:26.297   475   519 W IorapForwardingService: No service published for: iorapd
01-01 08:01:50.534   381   381 W hdr10p_Configure: 66 callbacks suppressed
01-01 08:01:50.534   381   381 I         : DVI mode selected: packets not configured
01-01 08:01:50.534   381   381 W set_vsif_config: 66 callbacks suppressed
01-01 08:01:50.534   381   381 I         : Error: set vsif failed
01-01 08:01:50.553   381   381 I         : DVI mode selected: packets not configured
01-01 08:01:50.553   381   381 I         : Error: set vsif failed
01-01 08:01:50.568   381   381 I         : DVI mode selected: packets not configured
01-01 08:01:50.568   381   381 I         : Error: set vsif failed
01-01 08:01:50.585   381   381 I         : DVI mode selected: packets not configured
01-01 08:01:50.585   381   381 I         : Error: set vsif failed
01-01 08:01:50.600   381   381 I         : DVI mode selected: packets not configured
01-01 08:01:50.600   381   381 I         : Error: set vsif failed
01-01 08:01:50.616   381   381 I         : DVI mode selected: packets not configured
01-01 08:01:50.616   381   381 I         : Error: set vsif failed
01-01 08:01:50.625   381   381 I         : DVI mode selected: packets not configured
01-01 08:01:50.625   381   381 I         : Error: set vsif failed
01-01 08:01:50.641   381   381 I         : DVI mode selected: packets not configured
01-01 08:01:50.641   381   381 I         : Error: set vsif failed
01-01 08:01:50.657   381   381 I         : DVI mode selected: packets not configured
01-01 08:01:50.658   381   381 I         : Error: set vsif failed
01-01 08:01:50.674   381   381 I         : DVI mode selected: packets not configured
01-01 08:01:50.674   381   381 I         : Error: set vsif failed
06-06 19:31:27.300   475   519 W IorapForwardingService: No service published for: iorapd
06-06 19:31:27.572   657   657 E WifiHAL : wifi_get_link_stats: requestResponse Error:-5
06-06 19:31:27.574   475   607 E WifiVendorHal: getWifiLinkLayerStats_1_5_Internal(l.1191) failed {.code = ERROR_INVALID_ARGS, .description = }
06-06 19:31:28.301   475   519 W IorapForwardingService: No service published for: iorapd
06-06 19:31:28.628  2942  2982 I crashsdk: crashsdk uploading logs
06-06 19:31:29.019  2264  2341 D UtilLog : 日志批量上报 进行正常循环 ！！！！！！本次有0次请求,共0条数据
06-06 19:31:29.303   475   519 W IorapForwardingService: No service published for: iorapd
06-06 19:31:29.780   205  3189 I keystore2: keystore2::watchdog: Watchdog thread idle -> terminating. Have a great day.
06-06 19:31:30.305   475   519 W IorapForwardingService: No service published for: iorapd
06-06 19:31:30.585   657   657 E WifiHAL : wifi_get_link_stats: requestResponse Error:-5
06-06 19:31:30.587   475   607 E WifiVendorHal: getWifiLinkLayerStats_1_5_Internal(l.1191) failed {.code = ERROR_INVALID_ARGS, .description = }
06-06 19:31:31.308   475   519 W IorapForwardingService: No service published for: iorapd
06-06 19:31:31.425  1200  1200 D bbb     : onStartCommand begin !!!!!!! data分区剩余 24969MB
06-06 19:31:31.427  1142  1142 D aaa     : LedStatusService onStartCommand begin
06-06 19:31:31.431  1142  3280 D aaa     : topPkg is -------------- :com.dangbei.leard.leradlauncher
06-06 19:31:31.436  1142  3280 D aaa     : WiFi is connect 
06-06 19:31:32.198  2942  2942 I cling--ap-2: type=1400 audit(0.0:1114): avc: denied { read } for name="address" dev="sysfs" ino=16906 scontext=u:r:platform_app:s0:c512,c768 tcontext=u:object_r:sysfs_net:s0 tclass=file permissive=1 app=com.dangbei.screencast
06-06 19:31:32.198  2942  2942 I cling--ap-2: type=1400 audit(0.0:1115): avc: denied { open } for path="/sys/devices/virtual/net/dummy0/address" dev="sysfs" ino=16906 scontext=u:r:platform_app:s0:c512,c768 tcontext=u:object_r:sysfs_net:s0 tclass=file permissive=1 app=com.dangbei.screencast
06-06 19:31:32.198  2942  2942 I cling--ap-2: type=1400 audit(0.0:1116): avc: denied { getattr } for path="/sys/devices/virtual/net/dummy0/address" dev="sysfs" ino=16906 scontext=u:r:platform_app:s0:c512,c768 tcontext=u:object_r:sysfs_net:s0 tclass=file permissive=1 app=com.dangbei.screencast
06-06 19:31:32.310   475   519 W IorapForwardingService: No service published for: iorapd
01-01 08:01:56.562   381   381 W hdr10p_Configure: 64 callbacks suppressed
01-01 08:01:56.562   381   381 I         : DVI mode selected: packets not configured
01-01 08:01:56.562   381   381 W set_vsif_config: 64 callbacks suppressed
01-01 08:01:56.562   381   381 I         : Error: set vsif failed
01-01 08:01:56.581   381   381 I         : DVI mode selected: packets not configured
01-01 08:01:56.581   381   381 I         : Error: set vsif failed
01-01 08:01:56.597   381   381 I         : DVI mode selected: packets not configured
01-01 08:01:56.597   381   381 I         : Error: set vsif failed
01-01 08:01:56.613   381   381 I         : DVI mode selected: packets not configured
01-01 08:01:56.613   381   381 I         : Error: set vsif failed
01-01 08:01:56.625   381   381 I         : DVI mode selected: packets not configured
01-01 08:01:56.625   381   381 I         : Error: set vsif failed
01-01 08:01:56.643   381   381 I         : DVI mode selected: packets not configured
01-01 08:01:56.643   381   381 I         : Error: set vsif failed
01-01 08:01:56.659   381   381 I         : DVI mode selected: packets not configured
01-01 08:01:56.659   381   381 I         : Error: set vsif failed
01-01 08:01:56.676   381   381 I         : DVI mode selected: packets not configured
01-01 08:01:56.676   381   381 I         : Error: set vsif failed
01-01 08:01:56.691   381   381 I         : DVI mode selected: packets not configured
01-01 08:01:56.691   381   381 I         : Error: set vsif failed
01-01 08:01:56.708   381   381 I         : DVI mode selected: packets not configured
01-01 08:01:56.708   381   381 I         : Error: set vsif failed
06-06 19:31:33.312   475   519 W IorapForwardingService: No service published for: iorapd
06-06 19:31:33.602   657   657 E WifiHAL : wifi_get_link_stats: requestResponse Error:-5
06-06 19:31:33.605   475   607 E WifiVendorHal: getWifiLinkLayerStats_1_5_Internal(l.1191) failed {.code = ERROR_INVALID_ARGS, .description = }
06-06 19:31:34.314   475   519 W IorapForwardingService: No service published for: iorapd
06-06 19:31:35.316   475   519 W IorapForwardingService: No service published for: iorapd
06-06 19:31:36.319   475   519 W IorapForwardingService: No service published for: iorapd
06-06 19:31:36.622   657   657 E WifiHAL : wifi_get_link_stats: requestResponse Error:-5
06-06 19:31:36.624   475   607 E WifiVendorHal: getWifiLinkLayerStats_1_5_Internal(l.1191) failed {.code = ERROR_INVALID_ARGS, .description = }
06-06 19:31:37.322   475   519 W IorapForwardingService: No service published for: iorapd
06-06 19:31:38.324   475   519 W IorapForwardingService: No service published for: iorapd
06-06 19:31:38.520   263   277 D hdmi-cec: receive invalid cec message!
06-06 19:31:38.520   263   277 D hdmi-cec: receive poll message [04], skip!
01-01 08:02:02.566   381   381 W hdr10p_Configure: 64 callbacks suppressed
01-01 08:02:02.566   381   381 I         : DVI mode selected: packets not configured
01-01 08:02:02.566   381   381 W set_vsif_config: 64 callbacks suppressed
01-01 08:02:02.566   381   381 I         : Error: set vsif failed
01-01 08:02:02.586   381   381 I         : DVI mode selected: packets not configured
01-01 08:02:02.586   381   381 I         : Error: set vsif failed
01-01 08:02:02.601   381   381 I         : DVI mode selected: packets not configured
01-01 08:02:02.601   381   381 I         : Error: set vsif failed
01-01 08:02:02.617   381   381 I         : DVI mode selected: packets not configured
01-01 08:02:02.617   381   381 I         : Error: set vsif failed
01-01 08:02:02.624   381   381 I         : DVI mode selected: packets not configured
01-01 08:02:02.624   381   381 I         : Error: set vsif failed
01-01 08:02:02.653   381   381 I         : DVI mode selected: packets not configured
01-01 08:02:02.653   381   381 I         : Error: set vsif failed
06-06 19:31:39.019  2264  2341 D UtilLog : 日志批量上报 进行正常循环 ！！！！！！本次有0次请求,共0条数据
01-01 08:02:02.669   381   381 I         : DVI mode selected: packets not configured
01-01 08:02:02.669   381   381 I         : Error: set vsif failed
01-01 08:02:02.684   381   381 I         : DVI mode selected: packets not configured
01-01 08:02:02.684   381   381 I         : Error: set vsif failed
01-01 08:02:02.692   381   381 I         : DVI mode selected: packets not configured
01-01 08:02:02.692   381   381 I         : Error: set vsif failed
01-01 08:02:02.708   381   381 I         : DVI mode selected: packets not configured
01-01 08:02:02.708   381   381 I         : Error: set vsif failed
06-06 19:31:39.327   475   519 W IorapForwardingService: No service published for: iorapd
06-06 19:31:39.471  1200  1200 D bbb     : onStartCommand begin !!!!!!! data分区剩余 24969MB
06-06 19:31:39.473  1142  1142 D aaa     : LedStatusService onStartCommand begin
06-06 19:31:39.474  1142  3293 D aaa     : topPkg is -------------- :com.dangbei.leard.leradlauncher
06-06 19:31:39.485  1142  3293 D aaa     : WiFi is connect 
06-06 19:31:39.642   657   657 E WifiHAL : wifi_get_link_stats: requestResponse Error:-5
06-06 19:31:39.645   475   607 E WifiVendorHal: getWifiLinkLayerStats_1_5_Internal(l.1191) failed {.code = ERROR_INVALID_ARGS, .description = }
06-06 19:31:40.329   475   519 W IorapForwardingService: No service published for: iorapd
06-06 19:31:41.330   475   519 W IorapForwardingService: No service published for: iorapd
06-06 19:31:42.333   475   519 W IorapForwardingService: No service published for: iorapd
06-06 19:31:42.661   657   657 E WifiHAL : wifi_get_link_stats: requestResponse Error:-5
06-06 19:31:42.663   475   607 E WifiVendorHal: getWifiLinkLayerStats_1_5_Internal(l.1191) failed {.code = ERROR_INVALID_ARGS, .description = }
06-06 19:31:43.335   475   519 W IorapForwardingService: No service published for: iorapd
06-06 19:31:44.336   475   519 W IorapForwardingService: No service published for: iorapd
01-01 08:02:08.568   381   381 W hdr10p_Configure: 64 callbacks suppressed
01-01 08:02:08.568   381   381 I         : DVI mode selected: packets not configured
01-01 08:02:08.568   381   381 W set_vsif_config: 64 callbacks suppressed
01-01 08:02:08.568   381   381 I         : Error: set vsif failed
01-01 08:02:08.592   381   381 I         : DVI mode selected: packets not configured
01-01 08:02:08.592   381   381 I         : Error: set vsif failed
01-01 08:02:08.610   381   381 I         : DVI mode selected: packets not configured
01-01 08:02:08.610   381   381 I         : Error: set vsif failed
01-01 08:02:08.626   381   381 I         : DVI mode selected: packets not configured
01-01 08:02:08.626   381   381 I         : Error: set vsif failed
01-01 08:02:08.642   381   381 I         : DVI mode selected: packets not configured
01-01 08:02:08.642   381   381 I         : Error: set vsif failed
01-01 08:02:08.658   381   381 I         : DVI mode selected: packets not configured
01-01 08:02:08.658   381   381 I         : Error: set vsif failed
01-01 08:02:08.675   381   381 I         : DVI mode selected: packets not configured
01-01 08:02:08.675   381   381 I         : Error: set vsif failed
01-01 08:02:08.692   381   381 I         : DVI mode selected: packets not configured
01-01 08:02:08.692   381   381 I         : Error: set vsif failed
01-01 08:02:08.708   381   381 I         : DVI mode selected: packets not configured
01-01 08:02:08.708   381   381 I         : Error: set vsif failed
01-01 08:02:08.725   381   381 I         : DVI mode selected: packets not configured
01-01 08:02:08.725   381   381 I         : Error: set vsif failed
06-06 19:31:45.339   475   519 W IorapForwardingService: No service published for: iorapd
06-06 19:31:45.680   657   657 E WifiHAL : wifi_get_link_stats: requestResponse Error:-5
06-06 19:31:45.682   475   607 E WifiVendorHal: getWifiLinkLayerStats_1_5_Internal(l.1191) failed {.code = ERROR_INVALID_ARGS, .description = }
06-06 19:31:46.342   475   519 W IorapForwardingService: No service published for: iorapd
06-06 19:31:47.344   475   519 W IorapForwardingService: No service published for: iorapd
06-06 19:31:47.418  2942  2951 I gbei.screencas: Background concurrent copying GC freed 239866(20MB) AllocSpace objects, 33(1984KB) LOS objects, 49% free, 6779KB/13MB, paused 212us total 201.635ms
06-06 19:31:47.523  1200  1200 D bbb     : onStartCommand begin !!!!!!! data分区剩余 24969MB
06-06 19:31:47.524  1142  1142 D aaa     : LedStatusService onStartCommand begin
06-06 19:31:47.525  1142  3305 D aaa     : topPkg is -------------- :com.dangbei.leard.leradlauncher
06-06 19:31:47.530  1142  3305 D aaa     : WiFi is connect 
06-06 19:31:48.348   475   519 W IorapForwardingService: No service published for: iorapd
06-06 19:31:48.699   657   657 E WifiHAL : wifi_get_link_stats: requestResponse Error:-5
06-06 19:31:48.702   475   607 E WifiVendorHal: getWifiLinkLayerStats_1_5_Internal(l.1191) failed {.code = ERROR_INVALID_ARGS, .description = }
06-06 19:31:49.003  2264  2341 D UtilLog : 日志批量上报 进行正常循环 ！！！！！！本次有0次请求,共0条数据
06-06 19:31:49.030  2942  2942 I ModuleDataForwa: type=1400 audit(0.0:1117): avc: denied { open } for path="/data/user/0/com.dangbei.screencast/files/TD__Env_Synchronous_Lock__" dev="mmcblk0p25" ino=2665 scontext=u:r:platform_app:s0:c512,c768 tcontext=u:object_r:app_data_file:s0:c512,c768 tclass=file permissive=1 app=com.dangbei.screencast
06-06 19:31:49.030  2942  2942 I ModuleDataForwa: type=1400 audit(0.0:1118): avc: denied { lock } for path="/data/user/0/com.dangbei.screencast/files/TD__Env_Synchronous_Lock__" dev="mmcblk0p25" ino=2665 scontext=u:r:platform_app:s0:c512,c768 tcontext=u:object_r:app_data_file:s0:c512,c768 tclass=file permissive=1 app=com.dangbei.screencast
06-06 19:31:49.270  2942  2942 I ModuleDataForwa: type=1400 audit(0.0:1119): avc: denied { unlink } for name="1749209471452_2821" dev="mmcblk0p25" ino=55147 scontext=u:r:platform_app:s0:c512,c768 tcontext=u:object_r:app_data_file:s0:c512,c768 tclass=file permissive=1 app=com.dangbei.screencast
06-06 19:31:49.350   475   519 W IorapForwardingService: No service published for: iorapd
06-06 19:31:50.353   475   519 W IorapForwardingService: No service published for: iorapd
01-01 08:02:14.581   381   381 W hdr10p_Configure: 64 callbacks suppressed
01-01 08:02:14.581   381   381 I         : DVI mode selected: packets not configured
01-01 08:02:14.581   381   381 W set_vsif_config: 64 callbacks suppressed
01-01 08:02:14.581   381   381 I         : Error: set vsif failed
01-01 08:02:14.604   381   381 I         : DVI mode selected: packets not configured
01-01 08:02:14.604   381   381 I         : Error: set vsif failed
01-01 08:02:14.619   381   381 I         : DVI mode selected: packets not configured
01-01 08:02:14.619   381   381 I         : Error: set vsif failed
01-01 08:02:14.635   381   381 I         : DVI mode selected: packets not configured
01-01 08:02:14.635   381   381 I         : Error: set vsif failed
01-01 08:02:14.642   381   381 I         : DVI mode selected: packets not configured
01-01 08:02:14.642   381   381 I         : Error: set vsif failed
01-01 08:02:14.662   381   381 I         : DVI mode selected: packets not configured
01-01 08:02:14.662   381   381 I         : Error: set vsif failed
01-01 08:02:14.677   381   381 I         : DVI mode selected: packets not configured
01-01 08:02:14.677   381   381 I         : Error: set vsif failed
01-01 08:02:14.693   381   381 I         : DVI mode selected: packets not configured
01-01 08:02:14.693   381   381 I         : Error: set vsif failed
01-01 08:02:14.708   381   381 I         : DVI mode selected: packets not configured
01-01 08:02:14.708   381   381 I         : Error: set vsif failed
01-01 08:02:14.725   381   381 I         : DVI mode selected: packets not configured
01-01 08:02:14.725   381   381 I         : Error: set vsif failed
06-06 19:31:51.355   475   519 W IorapForwardingService: No service published for: iorapd
06-06 19:31:51.718   657   657 E WifiHAL : wifi_get_link_stats: requestResponse Error:-5
06-06 19:31:51.720   475   607 E WifiVendorHal: getWifiLinkLayerStats_1_5_Internal(l.1191) failed {.code = ERROR_INVALID_ARGS, .description = }
06-06 19:31:52.357   475   519 W IorapForwardingService: No service published for: iorapd
06-06 19:31:53.359   475   519 W IorapForwardingService: No service published for: iorapd
06-06 19:31:53.545   263   277 D hdmi-cec: receive invalid cec message!
06-06 19:31:53.545   263   277 D hdmi-cec: receive poll message [04], skip!
06-06 19:31:54.367   475   519 W IorapForwardingService: No service published for: iorapd
06-06 19:31:54.739   657   657 E WifiHAL : wifi_get_link_stats: requestResponse Error:-5
06-06 19:31:54.741   475   607 E WifiVendorHal: getWifiLinkLayerStats_1_5_Internal(l.1191) failed {.code = ERROR_INVALID_ARGS, .description = }
06-06 19:31:55.369   475   519 W IorapForwardingService: No service published for: iorapd
06-06 19:31:55.568  1142  1142 D aaa     : LedStatusService onStartCommand begin
06-06 19:31:55.569  1142  3319 D aaa     : topPkg is -------------- :com.dangbei.leard.leradlauncher
06-06 19:31:55.572  1200  1200 D bbb     : onStartCommand begin !!!!!!! data分区剩余 24969MB
06-06 19:31:55.574  1142  3319 D aaa     : WiFi is connect 
06-06 19:31:56.107   475  1017 W ZramWriteback: Writeback device is not set
06-06 19:31:56.107   475  1017 D ZramWriteback: wait to flush
06-06 19:31:56.372   475   519 W IorapForwardingService: No service published for: iorapd
01-01 08:02:20.601   381   381 W hdr10p_Configure: 64 callbacks suppressed
01-01 08:02:20.601   381   381 I         : DVI mode selected: packets not configured
01-01 08:02:20.601   381   381 W set_vsif_config: 64 callbacks suppressed
01-01 08:02:20.601   381   381 I         : Error: set vsif failed
01-01 08:02:20.626   381   381 I         : DVI mode selected: packets not configured
01-01 08:02:20.626   381   381 I         : Error: set vsif failed
01-01 08:02:20.642   381   381 I         : DVI mode selected: packets not configured
01-01 08:02:20.642   381   381 I         : Error: set vsif failed
01-01 08:02:20.659   381   381 I         : DVI mode selected: packets not configured
01-01 08:02:20.659   381   381 I         : Error: set vsif failed
01-01 08:02:20.675   381   381 I         : DVI mode selected: packets not configured
01-01 08:02:20.675   381   381 I         : Error: set vsif failed
01-01 08:02:20.693   381   381 I         : DVI mode selected: packets not configured
01-01 08:02:20.693   381   381 I         : Error: set vsif failed
01-01 08:02:20.709   381   381 I         : DVI mode selected: packets not configured
01-01 08:02:20.709   381   381 I         : Error: set vsif failed
01-01 08:02:20.726   381   381 I         : DVI mode selected: packets not configured
01-01 08:02:20.726   381   381 I         : Error: set vsif failed
01-01 08:02:20.742   381   381 I         : DVI mode selected: packets not configured
01-01 08:02:20.742   381   381 I         : Error: set vsif failed
01-01 08:02:20.759   381   381 I         : DVI mode selected: packets not configured
01-01 08:02:20.759   381   381 I         : Error: set vsif failed
06-06 19:31:57.374   475   519 W IorapForwardingService: No service published for: iorapd
06-06 19:31:57.756   657   657 E WifiHAL : wifi_get_link_stats: requestResponse Error:-5
06-06 19:31:57.759   475   607 E WifiVendorHal: getWifiLinkLayerStats_1_5_Internal(l.1191) failed {.code = ERROR_INVALID_ARGS, .description = }
06-06 19:31:58.376   475   519 W IorapForwardingService: No service published for: iorapd
06-06 19:31:58.995  2264  2341 D UtilLog : 日志批量上报 进行正常循环 ！！！！！！本次有0次请求,共0条数据
06-06 19:31:59.378   475   519 W IorapForwardingService: No service published for: iorapd
06-06 19:32:00.380   475   519 W IorapForwardingService: No service published for: iorapd
06-06 19:32:00.775   657   657 E WifiHAL : wifi_get_link_stats: requestResponse Error:-5
06-06 19:32:00.776   475   607 E WifiVendorHal: getWifiLinkLayerStats_1_5_Internal(l.1191) failed {.code = ERROR_INVALID_ARGS, .description = }
06-06 19:32:00.846  1100  1100 E hq      : LookupControler:::显示寻找遥控器3 topActivity=com.dangbei.launcher.home.LauncherActivity@4e9640a
06-06 19:32:00.846  1100  1100 E LookupControler: showWindow: isWindowShow=false
06-06 19:32:00.960  1100  1427 D ExifInterface: No image meets the size requirements of a thumbnail image.
06-06 19:32:00.970   475   521 D CompatibilityChangeReporter: Compat change id reported: 158002302; UID 1000; state: ENABLED
06-06 19:32:00.989   253   253 I gralloc : alloc buffer:W:1920 H:1080 S:1920 PL[1920 1080] SZ:8294400 fmt:1 if:0 af:1 usg:20000b00 fg:00000004
06-06 19:32:00.992   253   253 I gralloc : alloc buffer:W:1920 H:1080 S:1920 PL[1920 1080] SZ:8294400 fmt:1 if:0 af:1 usg:20000b00 fg:00000004
06-06 19:32:00.999   253   253 I gralloc : alloc buffer:W:1920 H:1080 S:1920 PL[1920 1080] SZ:8294400 fmt:1 if:0 af:1 usg:20000b00 fg:00000004
06-06 19:32:01.037  2099  2099 I DefaultIMS: onStartInput attribute=android.view.inputmethod.EditorInfo@6ea16e1 restarting=false   inputType: 0
06-06 19:32:01.076  1100  1427 D ExifInterface: No image meets the size requirements of a thumbnail image.
06-06 19:32:01.382   475   519 W IorapForwardingService: No service published for: iorapd
06-06 19:32:02.383   475   519 W IorapForwardingService: No service published for: iorapd
01-01 08:02:26.593   381   381 W hdr10p_Configure: 76 callbacks suppressed
01-01 08:02:26.593   381   381 I         : DVI mode selected: packets not configured
01-01 08:02:26.593   381   381 W set_vsif_config: 76 callbacks suppressed
01-01 08:02:26.593   381   381 I         : Error: set vsif failed
01-01 08:02:26.593   381   381 I         : DVI mode selected: packets not configured
01-01 08:02:26.593   381   381 I         : Error: set vsif failed
01-01 08:02:26.620   381   381 I         : DVI mode selected: packets not configured
01-01 08:02:26.620   381   381 I         : Error: set vsif failed
01-01 08:02:26.620   381   381 I         : DVI mode selected: packets not configured
01-01 08:02:26.620   381   381 I         : Error: set vsif failed
01-01 08:02:26.636   381   381 I         : DVI mode selected: packets not configured
01-01 08:02:26.636   381   381 I         : Error: set vsif failed
01-01 08:02:26.636   381   381 I         : DVI mode selected: packets not configured
01-01 08:02:26.636   381   381 I         : Error: set vsif failed
01-01 08:02:26.653   381   381 I         : DVI mode selected: packets not configured
01-01 08:02:26.653   381   381 I         : Error: set vsif failed
01-01 08:02:26.653   381   381 I         : DVI mode selected: packets not configured
01-01 08:02:26.653   381   381 I         : Error: set vsif failed
01-01 08:02:26.671   381   381 I         : DVI mode selected: packets not configured
01-01 08:02:26.671   381   381 I         : Error: set vsif failed
01-01 08:02:26.671   381   381 I         : DVI mode selected: packets not configured
01-01 08:02:26.671   381   381 I         : Error: set vsif failed
06-06 19:32:03.385   475   519 W IorapForwardingService: No service published for: iorapd
06-06 19:32:03.603  1142  1142 D aaa     : LedStatusService onStartCommand begin
06-06 19:32:03.605  1142  3334 D aaa     : topPkg is -------------- :com.dangbei.leard.leradlauncher
06-06 19:32:03.609  1142  3334 D aaa     : WiFi is connect 
06-06 19:32:03.616  1200  1200 D bbb     : onStartCommand begin !!!!!!! data分区剩余 24969MB
06-06 19:32:03.788   657   657 E WifiHAL : wifi_get_link_stats: requestResponse Error:-5
06-06 19:32:03.789   475   607 E WifiVendorHal: getWifiLinkLayerStats_1_5_Internal(l.1191) failed {.code = ERROR_INVALID_ARGS, .description = }
06-06 19:32:04.387   475   519 W IorapForwardingService: No service published for: iorapd
06-06 19:32:05.020  2942  2951 I gbei.screencas: Background concurrent copying GC freed 61796(6885KB) AllocSpace objects, 23(604KB) LOS objects, 49% free, 6000KB/11MB, paused 129us total 121.125ms
06-06 19:32:05.389   475   519 W IorapForwardingService: No service published for: iorapd
06-06 19:32:06.391   475   519 W IorapForwardingService: No service published for: iorapd
06-06 19:32:06.800   657   657 E WifiHAL : wifi_get_link_stats: requestResponse Error:-5
06-06 19:32:06.801   475   607 E WifiVendorHal: getWifiLinkLayerStats_1_5_Internal(l.1191) failed {.code = ERROR_INVALID_ARGS, .description = }
06-06 19:32:07.393   475   519 W IorapForwardingService: No service published for: iorapd
06-06 19:32:08.395   475   519 W IorapForwardingService: No service published for: iorapd
06-06 19:32:08.571   263   277 D hdmi-cec: receive invalid cec message!
06-06 19:32:08.571   263   277 D hdmi-cec: receive poll message [04], skip!
01-01 08:02:32.602   381   381 W hdr10p_Configure: 142 callbacks suppressed
01-01 08:02:32.602   381   381 I         : DVI mode selected: packets not configured
01-01 08:02:32.602   381   381 W set_vsif_config: 142 callbacks suppressed
01-01 08:02:32.602   381   381 I         : Error: set vsif failed
01-01 08:02:32.602   381   381 I         : DVI mode selected: packets not configured
01-01 08:02:32.602   381   381 I         : Error: set vsif failed
01-01 08:02:32.627   381   381 I         : DVI mode selected: packets not configured
01-01 08:02:32.627   381   381 I         : Error: set vsif failed
01-01 08:02:32.627   381   381 I         : DVI mode selected: packets not configured
01-01 08:02:32.627   381   381 I         : Error: set vsif failed
01-01 08:02:32.644   381   381 I         : DVI mode selected: packets not configured
01-01 08:02:32.644   381   381 I         : Error: set vsif failed
01-01 08:02:32.644   381   381 I         : DVI mode selected: packets not configured
01-01 08:02:32.645   381   381 I         : Error: set vsif failed
01-01 08:02:32.663   381   381 I         : DVI mode selected: packets not configured
01-01 08:02:32.663   381   381 I         : Error: set vsif failed
01-01 08:02:32.664   381   381 I         : DVI mode selected: packets not configured
01-01 08:02:32.664   381   381 I         : Error: set vsif failed
06-06 19:32:09.020  2264  2341 D UtilLog : 日志批量上报 进行正常循环 ！！！！！！本次有0次请求,共0条数据
01-01 08:02:32.680   381   381 I         : DVI mode selected: packets not configured
01-01 08:02:32.680   381   381 I         : Error: set vsif failed
01-01 08:02:32.680   381   381 I         : DVI mode selected: packets not configured
01-01 08:02:32.680   381   381 I         : Error: set vsif failed
06-06 19:32:09.398   475   519 W IorapForwardingService: No service published for: iorapd
06-06 19:32:09.812   657   657 E WifiHAL : wifi_get_link_stats: requestResponse Error:-5
06-06 19:32:09.814   475   607 E WifiVendorHal: getWifiLinkLayerStats_1_5_Internal(l.1191) failed {.code = ERROR_INVALID_ARGS, .description = }
06-06 19:32:10.399   475   519 W IorapForwardingService: No service published for: iorapd
06-06 19:32:10.918   242  1878 W resolv  : SSL_connect write error 0, mark 0xf0064: Try again
06-06 19:32:10.918   242  1878 W resolv  : TLS Handshake failed
06-06 19:32:10.919   242  1878 W resolv  : query failed
06-06 19:32:10.919   242  1878 W resolv  : validateDnsTlsServer returned 0 for 202.96.134.133
06-06 19:32:10.919   242  1878 W resolv  : Validation failed
06-06 19:32:10.962   242  1877 W resolv  : SSL_connect write error 0, mark 0xf0064: Try again
06-06 19:32:10.963   242  1877 W resolv  : TLS Handshake failed
06-06 19:32:10.963   242  1877 W resolv  : query failed
06-06 19:32:10.963   242  1877 W resolv  : validateDnsTlsServer returned 0 for 202.96.128.166
06-06 19:32:10.963   242  1877 W resolv  : Validation failed
06-06 19:32:11.401   475   519 W IorapForwardingService: No service published for: iorapd
06-06 19:32:11.639  1142  1142 D aaa     : LedStatusService onStartCommand begin
06-06 19:32:11.641  1142  3345 D aaa     : topPkg is -------------- :com.dangbei.leard.leradlauncher
06-06 19:32:11.645  1142  3345 D aaa     : WiFi is connect 
06-06 19:32:11.646  1200  1200 D bbb     : onStartCommand begin !!!!!!! data分区剩余 24969MB
06-06 19:32:12.402   475   519 W IorapForwardingService: No service published for: iorapd
06-06 19:32:12.450  2264  2338 I TDLog   : [APP] New data found, Submitting...
06-06 19:32:12.496  2264  2338 I TDLog   : [APP] Failed to submit data!
06-06 19:32:12.559   475   810 D WifiNl80211Manager: Scan result ready event
06-06 19:32:12.559   475   810 D WifiNative: Scan result ready event
06-06 19:32:12.584   657   657 E WifiHAL : wifi_get_link_stats: requestResponse Error:-5
06-06 19:32:12.586   475   607 E WifiVendorHal: getWifiLinkLayerStats_1_5_Internal(l.1191) failed {.code = ERROR_INVALID_ARGS, .description = }
06-06 19:32:12.824   657   657 E WifiHAL : wifi_get_link_stats: requestResponse Error:-5
06-06 19:32:12.826   475   607 E WifiVendorHal: getWifiLinkLayerStats_1_5_Internal(l.1191) failed {.code = ERROR_INVALID_ARGS, .description = }
06-06 19:32:13.405   475   519 W IorapForwardingService: No service published for: iorapd
06-06 19:32:13.774  2942  2942 I efs-base: type=1400 audit(0.0:1120): avc: denied { create } for name="wa_gzip_1_1_2942_2729_1749209533774" scontext=u:r:platform_app:s0:c512,c768 tcontext=u:object_r:app_data_file:s0:c512,c768 tclass=file permissive=1 app=com.dangbei.screencast
06-06 19:32:14.407   475   519 W IorapForwardingService: No service published for: iorapd
01-01 08:02:38.629   381   381 W hdr10p_Configure: 138 callbacks suppressed
01-01 08:02:38.629   381   381 I         : DVI mode selected: packets not configured
01-01 08:02:38.629   381   381 W set_vsif_config: 138 callbacks suppressed
01-01 08:02:38.629   381   381 I         : Error: set vsif failed
01-01 08:02:38.629   381   381 I         : DVI mode selected: packets not configured
01-01 08:02:38.629   381   381 I         : Error: set vsif failed
01-01 08:02:38.651   381   381 I         : DVI mode selected: packets not configured
01-01 08:02:38.651   381   381 I         : Error: set vsif failed
01-01 08:02:38.651   381   381 I         : DVI mode selected: packets not configured
01-01 08:02:38.651   381   381 I         : Error: set vsif failed
01-01 08:02:38.668   381   381 I         : DVI mode selected: packets not configured
01-01 08:02:38.668   381   381 I         : Error: set vsif failed
01-01 08:02:38.668   381   381 I         : DVI mode selected: packets not configured
01-01 08:02:38.668   381   381 I         : Error: set vsif failed
01-01 08:02:38.684   381   381 I         : DVI mode selected: packets not configured
01-01 08:02:38.684   381   381 I         : Error: set vsif failed
01-01 08:02:38.684   381   381 I         : DVI mode selected: packets not configured
01-01 08:02:38.684   381   381 I         : Error: set vsif failed
01-01 08:02:38.693   381   381 I         : DVI mode selected: packets not configured
01-01 08:02:38.693   381   381 I         : Error: set vsif failed
01-01 08:02:38.693   381   381 I         : DVI mode selected: packets not configured
01-01 08:02:38.693   381   381 I         : Error: set vsif failed
06-06 19:32:15.155  2942  3023 I efs.base: wa upload succ, HttpResponse {succ=true, code=200, data='暂不支持该服务', extra={req_url=https://errlog.umeng.com/api/crashsdk/logcollect}}
06-06 19:32:15.411   475   519 W IorapForwardingService: No service published for: iorapd
06-06 19:32:15.844   657   657 E WifiHAL : wifi_get_link_stats: requestResponse Error:-5
06-06 19:32:15.847   475   607 E WifiVendorHal: getWifiLinkLayerStats_1_5_Internal(l.1191) failed {.code = ERROR_INVALID_ARGS, .description = }
06-06 19:32:16.414   475   519 W IorapForwardingService: No service published for: iorapd
06-06 19:32:17.415   475   519 W IorapForwardingService: No service published for: iorapd
06-06 19:32:18.418   475   519 W IorapForwardingService: No service published for: iorapd
06-06 19:32:18.866   657   657 E WifiHAL : wifi_get_link_stats: requestResponse Error:-5
06-06 19:32:18.869   475   607 E WifiVendorHal: getWifiLinkLayerStats_1_5_Internal(l.1191) failed {.code = ERROR_INVALID_ARGS, .description = }
06-06 19:32:19.010  2264  2341 D UtilLog : 日志批量上报 进行正常循环 ！！！！！！本次有0次请求,共0条数据
06-06 19:32:19.420   475   519 W IorapForwardingService: No service published for: iorapd
06-06 19:32:19.712  1142  1142 D aaa     : LedStatusService onStartCommand begin
06-06 19:32:19.713  1142  3361 D aaa     : topPkg is -------------- :com.dangbei.leard.leradlauncher
06-06 19:32:19.716  1200  1200 D bbb     : onStartCommand begin !!!!!!! data分区剩余 24969MB
06-06 19:32:19.719  1142  3361 D aaa     : WiFi is connect 
06-06 19:32:20.422   475   519 W IorapForwardingService: No service published for: iorapd
01-01 08:02:44.635   381   381 W hdr10p_Configure: 138 callbacks suppressed
01-01 08:02:44.635   381   381 I         : DVI mode selected: packets not configured
01-01 08:02:44.635   381   381 W set_vsif_config: 138 callbacks suppressed
01-01 08:02:44.635   381   381 I         : Error: set vsif failed
01-01 08:02:44.635   381   381 I         : DVI mode selected: packets not configured
01-01 08:02:44.635   381   381 I         : Error: set vsif failed
01-01 08:02:44.661   381   381 I         : DVI mode selected: packets not configured
01-01 08:02:44.661   381   381 I         : Error: set vsif failed
01-01 08:02:44.661   381   381 I         : DVI mode selected: packets not configured
01-01 08:02:44.661   381   381 I         : Error: set vsif failed
01-01 08:02:44.678   381   381 I         : DVI mode selected: packets not configured
01-01 08:02:44.678   381   381 I         : Error: set vsif failed
01-01 08:02:44.678   381   381 I         : DVI mode selected: packets not configured
01-01 08:02:44.678   381   381 I         : Error: set vsif failed
01-01 08:02:44.693   381   381 I         : DVI mode selected: packets not configured
01-01 08:02:44.693   381   381 I         : Error: set vsif failed
01-01 08:02:44.693   381   381 I         : DVI mode selected: packets not configured
01-01 08:02:44.693   381   381 I         : Error: set vsif failed
01-01 08:02:44.709   381   381 I         : DVI mode selected: packets not configured
01-01 08:02:44.709   381   381 I         : Error: set vsif failed
01-01 08:02:44.709   381   381 I         : DVI mode selected: packets not configured
01-01 08:02:44.709   381   381 I         : Error: set vsif failed
06-06 19:32:21.425   475   519 W IorapForwardingService: No service published for: iorapd
06-06 19:32:21.886   657   657 E WifiHAL : wifi_get_link_stats: requestResponse Error:-5
06-06 19:32:21.889   475   607 E WifiVendorHal: getWifiLinkLayerStats_1_5_Internal(l.1191) failed {.code = ERROR_INVALID_ARGS, .description = }
06-06 19:32:22.427   475   519 W IorapForwardingService: No service published for: iorapd
06-06 19:32:23.429   475   519 W IorapForwardingService: No service published for: iorapd
06-06 19:32:23.596   263   277 D hdmi-cec: receive invalid cec message!
06-06 19:32:23.596   263   277 D hdmi-cec: receive poll message [04], skip!
06-06 19:32:24.432   475   519 W IorapForwardingService: No service published for: iorapd
06-06 19:32:24.907   657   657 E WifiHAL : wifi_get_link_stats: requestResponse Error:-5
06-06 19:32:24.909   475   607 E WifiVendorHal: getWifiLinkLayerStats_1_5_Internal(l.1191) failed {.code = ERROR_INVALID_ARGS, .description = }
06-06 19:32:25.434   475   519 W IorapForwardingService: No service published for: iorapd
06-06 19:32:26.108   475  1017 W ZramWriteback: Writeback device is not set
06-06 19:32:26.108   475  1017 D ZramWriteback: wait to flush
06-06 19:32:26.436   475   519 W IorapForwardingService: No service published for: iorapd
06-06 19:32:26.465  2942  3011 I efs.base: wa upload succ, HttpResponse {succ=true, code=200, data='暂不支持该服务', extra={req_url=https://errlog.umeng.com/api/crashsdk/logcollect}}
01-01 08:02:50.651   381   381 W hdr10p_Configure: 136 callbacks suppressed
01-01 08:02:50.651   381   381 I         : DVI mode selected: packets not configured
01-01 08:02:50.651   381   381 W set_vsif_config: 136 callbacks suppressed
01-01 08:02:50.651   381   381 I         : Error: set vsif failed
01-01 08:02:50.651   381   381 I         : DVI mode selected: packets not configured
01-01 08:02:50.651   381   381 I         : Error: set vsif failed
01-01 08:02:50.678   381   381 I         : DVI mode selected: packets not configured
01-01 08:02:50.678   381   381 I         : Error: set vsif failed
01-01 08:02:50.678   381   381 I         : DVI mode selected: packets not configured
01-01 08:02:50.678   381   381 I         : Error: set vsif failed
01-01 08:02:50.693   381   381 I         : DVI mode selected: packets not configured
01-01 08:02:50.693   381   381 I         : Error: set vsif failed
01-01 08:02:50.693   381   381 I         : DVI mode selected: packets not configured
01-01 08:02:50.693   381   381 I         : Error: set vsif failed
01-01 08:02:50.710   381   381 I         : DVI mode selected: packets not configured
01-01 08:02:50.710   381   381 I         : Error: set vsif failed
01-01 08:02:50.710   381   381 I         : DVI mode selected: packets not configured
01-01 08:02:50.710   381   381 I         : Error: set vsif failed
01-01 08:02:50.726   381   381 I         : DVI mode selected: packets not configured
01-01 08:02:50.726   381   381 I         : Error: set vsif failed
01-01 08:02:50.726   381   381 I         : DVI mode selected: packets not configured
01-01 08:02:50.726   381   381 I         : Error: set vsif failed
06-06 19:32:27.438   475   519 W IorapForwardingService: No service published for: iorapd
06-06 19:32:27.757  1200  1200 D bbb     : onStartCommand begin !!!!!!! data分区剩余 24969MB
06-06 19:32:27.760  1142  1142 D aaa     : LedStatusService onStartCommand begin
06-06 19:32:27.763  1142  3375 D aaa     : topPkg is -------------- :com.dangbei.leard.leradlauncher
06-06 19:32:27.766  1142  3375 D aaa     : WiFi is connect 
06-06 19:32:27.925   657   657 E WifiHAL : wifi_get_link_stats: requestResponse Error:-5
06-06 19:32:27.928   475   607 E WifiVendorHal: getWifiLinkLayerStats_1_5_Internal(l.1191) failed {.code = ERROR_INVALID_ARGS, .description = }
