06-06 13:42:47.778  2552  2552 D nStackXDMsg: StartDMsgMainThread:[1274] :pthread_create
06-06 13:42:47.778  2552  2552 I HicomNfSecureManager: StartListening, after calling NSTACKX_DMsgServer
06-06 13:42:47.778  2552  2552 I HicomNfSecureManager: OnehopSecureCtrlManager: succeeded to StartListening with type 0
01-01 08:00:39.113   768   768 E sprdwl  : sprdwl_rx_rsp_process ctx_id 0 recv rsp[WIFI_CMD_TX_DATA] status[SPRDWL_CMD_STATUS_ERROR]
06-06 13:42:47.803  1257  2551 E Hisight-ConnectAuthCallBack: readSecureFile failed, no such file
06-06 13:42:47.803  1257  2551 W Hisight-DeviceListManager: deviceRecords is empty
06-06 13:42:47.804  1257  2551 W Hisight-DeviceListManager: occur error, clear all the list
06-06 13:42:47.804  1257  2551 D Hisight-HiChainAuthControl: start HiChainAuthControl
01-01 08:00:39.142   768   768 E sprdwl  : sprdwl_rx_rsp_process ctx_id 0 recv rsp[WIFI_CMD_TX_DATA] status[SPRDWL_CMD_STATUS_ERROR]
06-06 13:42:47.826  1257  2551 I ConnectAuthJNI: JNI_OnLoad begin load
06-06 13:42:47.826  1257  2551 I ConnectAuthJNI: RegisterNativeMethod begin
06-06 13:42:47.826  1257  2551 I ConnectAuthJNI: RegisterNativeMethod end
06-06 13:42:47.826  1257  2551 I ConnectAuthJNI: RegisterNativeMethod 1004 methodLen=10
06-06 13:42:47.827  1257  2551 I ConnectAuthJNI: RegisterNativeMethod 1007 RegisterNatives=0
06-06 13:42:47.827  1257  2551 I ConnectAuthJNI: InitArraylist 1013
06-06 13:42:47.827  1257  2551 I ConnectAuthJNI: InitConnectAuthStaticJNIMethod 1114 methodRet=0
06-06 13:42:47.827  1257  2551 E ConnectAuthJNI: JNI_OnLoad finish....1138
06-06 13:42:47.827  1257  2551 D Hisight-HiChainAuthControl: setupAuthIfNeeded, HiChainInstance hasn't been initialized
06-06 13:42:47.827  1257  2551 I ConnectAuthJNI: Java_com_huawei_hisight_security_ConnectAuthNative_nativeSetup 795 call HiChainNativeSetup
06-06 13:42:47.829  1257  2551 I ConnectAuthJNI: HiChainNativeSetup 565 registe_log
06-06 13:42:47.829  1257  2551 I ConnectAuthJNI: HksStorageRegisterFileCallbacks 245 register hks file callback status =0
06-06 13:42:47.829  1257  2551 I ConnectAuthJNI: HksRegisterGetDeviceIdCallback 268 register hks get hardware udid callback status =0
06-06 13:42:47.836  1257  2551 D ConnectAuthJNI: [HiChain] get_instance Begin get instance
06-06 13:42:47.836  1257  2551 I ConnectAuthJNI: [HKS] hks_service_key_info_init hks init : begin
06-06 13:42:47.836  1257  2551 I ConnectAuthJNI: FileRead 113 FileRead
06-06 13:42:47.836  1257  2551 I ConnectAuthJNI: FileRead 122 FileRead call readSecureFile begin
06-06 13:42:47.837  1257  2551 E Hisight-ConnectAuthCallBack: readSecureFile failed, no such file
06-06 13:42:47.837  1257  2551 W ConnectAuthJNI: FileRead 132 FileRead call readSecureFile byteArray is null
06-06 13:42:47.838  1257  2551 I ConnectAuthJNI: [HKS] hks_rkc_init RKC init:begin, is_key_info_exist=0
06-06 13:42:47.838  1257  2551 I ConnectAuthJNI: [HKS] hks_rkc_init_entropy the entropy is empty
06-06 13:42:47.838  1257  2551 I ConnectAuthJNI: FileSize 214 FileSize
06-06 13:42:47.839  1257  2551 I ConnectAuthJNI: FileSize 230 fileSize=258
06-06 13:42:47.839  1257  2551 I ConnectAuthJNI: FileRead 113 FileRead
06-06 13:42:47.839  1257  2551 I ConnectAuthJNI: FileRead 122 FileRead call readSecureFile begin
06-06 13:42:47.839  1257  2551 I ConnectAuthJNI: FileRead 135 FileRead call readSecureFile end
06-06 13:42:47.839  1257  2551 I ConnectAuthJNI: FileRead 150 fileBuff size 258, buf len 258
06-06 13:42:47.839  1257  2551 I ConnectAuthJNI: FileSize 214 FileSize
06-06 13:42:47.839  1257  2551 I ConnectAuthJNI: FileSize 230 fileSize=258
06-06 13:42:47.839  1257  2551 I ConnectAuthJNI: FileRead 113 FileRead
06-06 13:42:47.839  1257  2551 I ConnectAuthJNI: FileRead 122 FileRead call readSecureFile begin
06-06 13:42:47.840  1257  2551 I ConnectAuthJNI: FileRead 135 FileRead call readSecureFile end
06-06 13:42:47.840  1257  2551 I ConnectAuthJNI: FileRead 150 fileBuff size 258, buf len 258
06-06 13:42:47.840  1257  2551 I ConnectAuthJNI: [HKS] hks_rkc_load_ksf load ksf success
06-06 13:42:47.840  1257  2551 I ConnectAuthJNI: [HKS] hks_rkc_init root key component init success
06-06 13:42:47.840  1257  2551 I ConnectAuthJNI: [HKS] hks_rkc_init RKC init:end,rc=0
06-06 13:42:47.840  1257  2551 I ConnectAuthJNI: [HKS] hks_service_key_info_init hks init : end
06-06 13:42:47.842  1257  2551 I ConnectAuthJNI: GetHiChainProtocolParamsCallback 371 GetHiChainProtocolParamsCallback operation_code= 99
06-06 13:42:47.842  1257  2551 I ConnectAuthJNI: paramLen is ,=0
06-06 13:42:47.842  1257  2551 I ConnectAuthJNI: paramLen is ,=0
06-06 13:42:47.842  1257  2551 I ConnectAuthJNI: GetHiChainProtocolParamsCallback 402 GetHiChainProtocolParamsCallback end
06-06 13:42:47.842  1257  2551 I ConnectAuthJNI: [HiChain] get_instance Get instance success
06-06 13:42:47.842  1257  2551 I ConnectAuthJNI: Java_com_huawei_hisight_security_ConnectAuthNative_nativeGetHiChainInstance 598 get instance success
06-06 13:42:47.843  1257  2551 D Hisight-HiChainAuthControl: destroyAuth
06-06 13:42:47.843  1257  2551 I ConnectAuthJNI: Java_com_huawei_hisight_security_ConnectAuthNative_nativeDestroy 603 destroy
06-06 13:42:47.843  1257  2551 D Hisight-HiChainAuthControl: setupAuthIfNeeded, HiChainInstance hasn't been initialized
06-06 13:42:47.843  1257  2551 I ConnectAuthJNI: Java_com_huawei_hisight_security_ConnectAuthNative_nativeSetup 795 call HiChainNativeSetup
06-06 13:42:47.843  1257  2551 I ConnectAuthJNI: HiChainNativeSetup 565 registe_log
06-06 13:42:47.843  1257  2551 I ConnectAuthJNI: HksStorageRegisterFileCallbacks 245 register hks file callback status =0
06-06 13:42:47.843  1257  2551 I ConnectAuthJNI: HksRegisterGetDeviceIdCallback 268 register hks get hardware udid callback status =0
06-06 13:42:47.845  1257  2551 D ConnectAuthJNI: [HiChain] get_instance Begin get instance
06-06 13:42:47.845  1257  2551 I ConnectAuthJNI: [HKS] hks_service_key_info_init hks init : begin
06-06 13:42:47.846  1257  2551 I ConnectAuthJNI: [HKS] hks_service_key_info_init hks init : end
06-06 13:42:47.846  1257  2551 I ConnectAuthJNI: GetHiChainProtocolParamsCallback 371 GetHiChainProtocolParamsCallback operation_code= 99
06-06 13:42:47.846  1257  2551 I ConnectAuthJNI: paramLen is ,=0
06-06 13:42:47.846  1257  2551 I ConnectAuthJNI: paramLen is ,=0
06-06 13:42:47.846  1257  2551 I ConnectAuthJNI: GetHiChainProtocolParamsCallback 402 GetHiChainProtocolParamsCallback end
06-06 13:42:47.847  1257  2551 I ConnectAuthJNI: [HiChain] get_instance Get instance success
06-06 13:42:47.848  1257  2551 I ConnectAuthJNI: Java_com_huawei_hisight_security_ConnectAuthNative_nativeGetHiChainInstance 598 get instance success
06-06 13:42:47.848  1257  2551 W ConnectAuthJNI: GetListTrustPeers 899 trustPeerSize=0
06-06 13:42:47.848  1257  2551 D Hisight-HiChainAuthControl: destroyAuth
06-06 13:42:47.848  1257  2551 I ConnectAuthJNI: Java_com_huawei_hisight_security_ConnectAuthNative_nativeDestroy 603 destroy
06-06 13:42:47.848  1257  2551 D Hisight-HiChainAuthControl: setupAuthIfNeeded, HiChainInstance hasn't been initialized
06-06 13:42:47.848  1257  2551 I ConnectAuthJNI: Java_com_huawei_hisight_security_ConnectAuthNative_nativeSetup 795 call HiChainNativeSetup
06-06 13:42:47.848  1257  2551 I ConnectAuthJNI: HiChainNativeSetup 565 registe_log
06-06 13:42:47.848  1257  2551 I ConnectAuthJNI: HksStorageRegisterFileCallbacks 245 register hks file callback status =0
06-06 13:42:47.848  1257  2551 I ConnectAuthJNI: HksRegisterGetDeviceIdCallback 268 register hks get hardware udid callback status =0
06-06 13:42:47.848  1257  2551 D ConnectAuthJNI: [HiChain] get_instance Begin get instance
06-06 13:42:47.848  1257  2551 I ConnectAuthJNI: [HKS] hks_service_key_info_init hks init : begin
06-06 13:42:47.848  1257  2551 I ConnectAuthJNI: [HKS] hks_service_key_info_init hks init : end
06-06 13:42:47.848  1257  2551 I ConnectAuthJNI: GetHiChainProtocolParamsCallback 371 GetHiChainProtocolParamsCallback operation_code= 99
06-06 13:42:47.848  1257  2551 I ConnectAuthJNI: paramLen is ,=0
06-06 13:42:47.848  1257  2551 I ConnectAuthJNI: paramLen is ,=0
06-06 13:42:47.848  1257  2551 I ConnectAuthJNI: GetHiChainProtocolParamsCallback 402 GetHiChainProtocolParamsCallback end
06-06 13:42:47.848  1257  2551 I ConnectAuthJNI: [HiChain] get_instance Get instance success
06-06 13:42:47.848  1257  2551 I ConnectAuthJNI: Java_com_huawei_hisight_security_ConnectAuthNative_nativeGetHiChainInstance 598 get instance success
06-06 13:42:47.849  1257  2551 W ConnectAuthJNI: GetListTrustPeers 899 trustPeerSize=0
06-06 13:42:47.849  1257  2551 D Hisight-DeviceListManager: init trusted list size: 0
06-06 13:42:47.849  1257  2551 D HiSight-ConnectionManager: setAuthInfo, authMode: 1
06-06 13:42:47.997  1257  2397 E raop    : JavaCallback init
06-06 13:42:48.176  2552  2552 I ZIDThreadPoolEx: type=1400 audit(0.0:1023): avc: denied { rename } for name="umzid_general_config.xml" dev="mmcblk0p25" ino=54558 scontext=u:r:platform_app:s0:c512,c768 tcontext=u:object_r:app_data_file:s0:c512,c768 tclass=file permissive=1 app=com.dangbei.screencast
06-06 13:42:48.184  2552  2552 I ZIDThreadPoolEx: type=1400 audit(0.0:1024): avc: denied { setattr } for name="umzid_general_config.xml" dev="mmcblk0p25" ino=55112 scontext=u:r:platform_app:s0:c512,c768 tcontext=u:object_r:app_data_file:s0:c512,c768 tclass=file permissive=1 app=com.dangbei.screencast
06-06 13:42:48.184  2552  2552 I ZIDThreadPoolEx: type=1400 audit(0.0:1025): avc: denied { unlink } for name="umzid_general_config.xml.bak" dev="mmcblk0p25" ino=54558 scontext=u:r:platform_app:s0:c512,c768 tcontext=u:object_r:app_data_file:s0:c512,c768 tclass=file permissive=1 app=com.dangbei.screencast
06-06 13:42:48.231   475   749 W TelephonyPermissions: reportAccessDeniedToReadIdentifiers:com.dangbei.screencast:getSerial:-1
06-06 13:42:48.256  2552  2644 V NFC     : this device does not have NFC support
01-01 08:00:39.739     1     1 I init    : processing action (debug.launcher3.exit=1) from (/vendor/etc/init/init.scheduler.rc:1)
06-06 13:42:48.405   475   519 W IorapForwardingService: No service published for: iorapd
01-01 08:00:39.984   768   768 E sprdwl  : sprdwl_rx_rsp_process ctx_id 0 recv rsp[WIFI_CMD_TX_DATA] status[SPRDWL_CMD_STATUS_ERROR]
06-06 13:42:48.678  1257  1494 I crashsdk: crashsdk uploading logs
01-01 08:00:40.013   768   768 E sprdwl  : sprdwl_rx_rsp_process ctx_id 0 recv rsp[WIFI_CMD_TX_DATA] status[SPRDWL_CMD_STATUS_ERROR]
06-06 13:42:49.406   475   519 W IorapForwardingService: No service published for: iorapd
01-01 08:00:41.049   768   768 E sprdwl  : sprdwl_rx_rsp_process ctx_id 0 recv rsp[WIFI_CMD_TX_DATA] status[SPRDWL_CMD_STATUS_ERROR]
01-01 08:00:41.067   768   768 E sprdwl  : sprdwl_rx_rsp_process ctx_id 0 recv rsp[WIFI_CMD_TX_DATA] status[SPRDWL_CMD_STATUS_ERROR]
06-06 13:42:50.033  1257  2660 I PlatformDependent: Your platform does not provide complete low-level API for accessing direct buffers reliably. Unless explicitly requested, heap buffer will always be preferred to avoid potential system instability.
06-06 13:42:50.051  1257  2397 W VideoCapabilities: Unrecognized profile/level 0/3 for video/mpeg2
06-06 13:42:50.081   475   617 D NsdService: Register service
06-06 13:42:50.082   475   617 D NsdService: registerService: 3 name: 当贝投屏Y9, type: _airplay._tcp, host: null, port: 40531, txtRecord: srcvers=220.68features=0x527FFFF7,0x1E'pi=2e388006-13ba-4041-9a67-25dd4a43d536Cpk=b07727d6f6cd6e08b58ede525ec3cdeaa252ad9f683feb212ef8a205246554e7vv=2	flags=0x4model=AppleTV2,1deviceid=b4:2f:03:15:e9:47
06-06 13:42:50.082   475   617 D NsdService: mdnssd [register, 3, 当贝投屏Y9, _airplay._tcp, 40531, DnNyY3ZlcnM9MjIwLjY4GGZlYXR1cmVzPTB4NTI3RkZGRjcsMHgxRSdwaT0yZTM4ODAwNi0xM2JhLTQwNDEtOWE2Ny0yNWRkNGE0M2Q1MzZDcGs9YjA3NzI3ZDZmNmNkNmUwOGI1OGVkZTUyNWVjM2NkZWFhMjUyYWQ5ZjY4M2ZlYjIxMmVmOGEyMDUyNDY1NTRlNwR2dj0yCWZsYWdzPTB4NBBtb2RlbD1BcHBsZVRWMiwxGmRldmljZWlkPWI0OjJmOjAzOjE1OmU5OjQ3]
06-06 13:42:50.086   475   617 D NsdService: Register 2 3
06-06 13:42:50.092   475   617 D NsdService: Register service
06-06 13:42:50.092   475   617 D NsdService: registerService: 4 name: b42f0315e947@当贝投屏Y9, type: _raop._tcp, host: null, port: 39231, txtRecord: 	txtvers=1
am=AppleTV2,1ch=2
06-06 13:42:50.092   475   617 D NsdService: cn=0,1,2,3da=trueet=0,3,5ft=0x527FFFF7,0x1Emd=0,1,2Cpk=b07727d6f6cd6e08b58ede525ec3cdeaa252ad9f683feb212ef8a205246554e7pw=falsesf=0x4sr=44100ss=16sv=falsetp=UDPvn=65537	vs=220.68vv=2rhd=5.6.0.0
06-06 13:42:50.092   475   617 D NsdService: mdnssd [register, 4, b42f0315e947@当贝投屏Y9, _raop._tcp, 39231, CXR4dHZlcnM9MQ1hbT1BcHBsZVRWMiwxBGNoPTIKY249MCwxLDIsMwdkYT10cnVlCGV0PTAsMyw1EmZ0PTB4NTI3RkZGRjcsMHgxRQhtZD0wLDEsMkNwaz1iMDc3MjdkNmY2Y2Q2ZTA4YjU4ZWRlNTI1ZWMzY2RlYWEyNTJhZDlmNjgzZmViMjEyZWY4YTIwNTI0NjU1NGU3CHB3PWZhbHNlBnNmPTB4NAhzcj00NDEwMAVzcz0xNghzdj1mYWxzZQZ0cD1VRFAIdm49NjU1MzcJdnM9MjIwLjY4BHZ2PTILcmhkPTUuNi4wLjA=]
06-06 13:42:50.094   475   617 D NsdService: Register 3 4
06-06 13:42:50.408   475   519 W IorapForwardingService: No service published for: iorapd
06-06 13:42:50.486   657   657 E WifiHAL : wifi_get_link_stats: requestResponse Error:-5
06-06 13:42:50.488   475   607 E WifiVendorHal: getWifiLinkLayerStats_1_5_Internal(l.1191) failed {.code = ERROR_INVALID_ARGS, .description = }
06-06 13:42:50.542   475   617 D NsdService: Register service
06-06 13:42:50.542   475   617 D NsdService: registerService: 5 name: 当贝投屏Y9, type: _db_cast_screen._tcp, host: null, port: 45989, txtRecord: au=1cV=20830mV=100h265=0maxR=4096-3152model=DBBOX-A2deviceid=20:02:FE:19:C2:18
06-06 13:42:50.542   475   617 D NsdService: mdnssd [register, 5, 当贝投屏Y9, _db_cast_screen._tcp, 45989, BGF1PTEIY1Y9MjA4MzAGbVY9MTAwBmgyNjU9MA5tYXhSPTQwOTYtMzE1Mg5tb2RlbD1EQkJPWC1BMhpkZXZpY2VpZD0yMDowMjpGRToxOTpDMjoxOA==]
06-06 13:42:50.543   475   617 D NsdService: Register 4 5
06-06 13:42:50.841   475   617 D NsdService: Native daemon message SERVICE_REGISTERED: 606 4 "b42f0315e947@当贝投屏Y9"
06-06 13:42:50.842   475   617 D NsdService: Native daemon message SERVICE_REGISTERED: 606 3 "当贝投屏Y9"
06-06 13:42:50.926  2264  2302 D UtilLog : 日志批量上报 进行正常循环 ！！！！！！本次有0次请求,共0条数据
06-06 13:42:51.015  1257  2408 E accept  : myIp:192.168.3.31
06-06 13:42:51.018  1257  2408 E accept  : connect error
06-06 13:42:51.023  1257  2408 I UpnpServiceImpl: >>> Starting UPnP service...
06-06 13:42:51.024  1257  2408 I UpnpServiceImpl: Using configuration: org.fourthline.cling.android.AndroidUpnpServiceConfiguration
06-06 13:42:51.026  1257  2408 I Router  : Creating Router: org.fourthline.cling.android.AndroidRouter
06-06 13:42:51.028  1257  2408 W Router  : enable lock:org.fourthline.cling.android.AndroidRouter@4582feb_java.util.concurrent.locks.ReentrantReadWriteLock$WriteLock@2e83148[Unlocked]
06-06 13:42:51.038  1257  2408 W tworkAddressFactoryImpl: Network interface may not be multicast capable: dummy0
06-06 13:42:51.042  1257  2408 I MulticastReceiver: Creating wildcard socket (for receiving multicast datagrams) on port: 1900
06-06 13:42:51.042  1257  2408 I MulticastReceiver: Joining multicast group: /239.255.255.250:1900 on network interface: wlan0
06-06 13:42:51.058  1257  2408 E accept  : Adding connector try: 192.168.3.31/192.168.3.31:42665
06-06 13:42:51.062  1257  2408 E accept  : Adding connector result: 192.168.3.31/192.168.3.31:42665
06-06 13:42:51.092   475   617 D NsdService: Native daemon message SERVICE_REGISTERED: 606 5 "当贝投屏Y9"
06-06 13:42:51.171  1257  2408 I JettyServletContainer: Registering UPnP servlet under context path: /upnp
06-06 13:42:51.175  1257  2408 I DatagramIO: Creating bound socket (for datagram input/output) on: 192.168.3.31/192.168.3.31
06-06 13:42:51.177  1257  2670 E JettyServletContainer: gogogo
06-06 13:42:51.177  1257  2670 I JettyServletContainer: Starting Jetty server... 
06-06 13:42:51.178  1257  2670 W System.err: 2025-06-06 13:42:51.178:INFO:lcaf.p:jetty-8.y.z-SNAPSHOT
06-06 13:42:51.181  1257  2408 I Router  : WiFi multicast lock acquired
06-06 13:42:51.182   475   499 I WifiService: acquireMulticastLock uid=10020
06-06 13:42:51.184  1257  2408 I Router  : WiFi lock acquired
06-06 13:42:51.185   475   749 I WifiService: acquireWifiLock uid=10020 lockMode=3
06-06 13:42:51.192  1257  2408 W Router  : enable unlock:org.fourthline.cling.android.AndroidRouter@4582feb
06-06 13:42:51.193  1257  2408 I UpnpServiceImpl: <<< UPnP service started successfully
06-06 13:42:51.247  1257  2670 W System.err: 2025-06-06 13:42:51.246:INFO:lcaf.a:Started @192.168.3.31:42665
06-06 13:42:51.270  1257  1281 I gbei.screencas: Background concurrent copying GC freed 36770(1963KB) AllocSpace objects, 44(1760KB) LOS objects, 49% free, 7190KB/14MB, paused 112us total 121.412ms
06-06 13:42:51.288  2264  2341 D UtilLog : 日志批量上报 进行正常循环 ！！！！！！本次有0次请求,共0条数据
06-06 13:42:51.293  1257  2408 E g       : channel :os
06-06 13:42:51.340  2676  2676 I Thread-2: type=1400 audit(0.0:1026): avc: denied { execute } for name="am" dev="dm-1" ino=1160 scontext=u:r:system_app:s0 tcontext=u:object_r:vendor_file:s0 tclass=file permissive=1
06-06 13:42:51.340  2676  2676 I Thread-2: type=1400 audit(0.0:1027): avc: denied { read open } for path="/vendor/xbin/am" dev="dm-1" ino=1160 scontext=u:r:system_app:s0 tcontext=u:object_r:vendor_file:s0 tclass=file permissive=1
06-06 13:42:51.340  2676  2676 I Thread-2: type=1400 audit(0.0:1028): avc: denied { execute_no_trans } for path="/vendor/xbin/am" dev="dm-1" ino=1160 scontext=u:r:system_app:s0 tcontext=u:object_r:vendor_file:s0 tclass=file permissive=1
06-06 13:42:51.387  1200  1200 D bbb     : onStartCommand begin !!!!!!! data分区剩余 24968MB
06-06 13:42:51.390  1142  1142 D aaa     : LedStatusService onStartCommand begin
06-06 13:42:51.392  1142  2684 D aaa     : topPkg is -------------- :com.dangbei.leard.leradlauncher
06-06 13:42:51.399  1142  2684 D aaa     : WiFi is connect 
06-06 13:42:51.410   475   519 W IorapForwardingService: No service published for: iorapd
06-06 13:42:51.570   475   752 D SntpClient: request time failed: java.net.SocketTimeoutException: Poll timed out
06-06 13:42:51.684   263   263 I EventThread: type=1400 audit(0.0:1029): avc: denied { search } for name="extcon" dev="sysfs" ino=18109 scontext=u:r:hal_tv_cec_default:s0 tcontext=u:object_r:sysfs_extcon:s0 tclass=dir permissive=1
06-06 13:42:52.103   475   475 W NotificationHistory: Attempted to add notif for locked/gone/disabled user 0
06-06 13:42:52.107   666   666 V TvNotificationHandler: Notification not added because it isn't relevant for tv
06-06 13:42:52.412   475   519 W IorapForwardingService: No service published for: iorapd
01-01 08:00:44.437   381   381 W hdr10p_Configure: 64 callbacks suppressed
01-01 08:00:44.437   381   381 I         : DVI mode selected: packets not configured
01-01 08:00:44.437   381   381 W set_vsif_config: 64 callbacks suppressed
01-01 08:00:44.437   381   381 I         : Error: set vsif failed
01-01 08:00:44.459   381   381 I         : DVI mode selected: packets not configured
01-01 08:00:44.459   381   381 I         : Error: set vsif failed
01-01 08:00:44.476   381   381 I         : DVI mode selected: packets not configured
01-01 08:00:44.476   381   381 I         : Error: set vsif failed
01-01 08:00:44.491   381   381 I         : DVI mode selected: packets not configured
01-01 08:00:44.491   381   381 I         : Error: set vsif failed
01-01 08:00:44.508   381   381 I         : DVI mode selected: packets not configured
01-01 08:00:44.508   381   381 I         : Error: set vsif failed
01-01 08:00:44.525   381   381 I         : DVI mode selected: packets not configured
01-01 08:00:44.525   381   381 I         : Error: set vsif failed
01-01 08:00:44.542   381   381 I         : DVI mode selected: packets not configured
01-01 08:00:44.542   381   381 I         : Error: set vsif failed
01-01 08:00:44.558   381   381 I         : DVI mode selected: packets not configured
01-01 08:00:44.558   381   381 I         : Error: set vsif failed
01-01 08:00:44.574   381   381 I         : DVI mode selected: packets not configured
01-01 08:00:44.574   381   381 I         : Error: set vsif failed
01-01 08:00:44.591   381   381 I         : DVI mode selected: packets not configured
01-01 08:00:44.591   381   381 I         : Error: set vsif failed
06-06 13:42:53.417   475   519 W IorapForwardingService: No service published for: iorapd
06-06 13:42:53.496   657   657 E WifiHAL : wifi_get_link_stats: requestResponse Error:-5
06-06 13:42:53.498   475   607 E WifiVendorHal: getWifiLinkLayerStats_1_5_Internal(l.1191) failed {.code = ERROR_INVALID_ARGS, .description = }
06-06 13:42:54.314   475   519 D CompatibilityChangeReporter: Compat change id reported: 168419799; UID 10075; state: DISABLED
06-06 13:42:54.417   475   519 W IorapForwardingService: No service published for: iorapd
06-06 13:42:55.419   475   519 W IorapForwardingService: No service published for: iorapd
06-06 13:42:55.695   263   277 D hdmi-cec: receive invalid cec message!
06-06 13:42:55.695   263   277 D hdmi-cec: receive poll message [04], skip!
06-06 13:42:56.421   475   519 W IorapForwardingService: No service published for: iorapd
06-06 13:42:56.510  2264  2338 I TDLog   : [APP] New data found, Submitting...
06-06 13:42:56.514   657   657 E WifiHAL : wifi_get_link_stats: requestResponse Error:-5
06-06 13:42:56.518   475   607 E WifiVendorHal: getWifiLinkLayerStats_1_5_Internal(l.1191) failed {.code = ERROR_INVALID_ARGS, .description = }
06-06 13:42:56.553  2264  2338 I TDLog   : [APP] Failed to submit data!
06-06 13:42:56.578   475   752 D SntpClient: request time failed: java.net.SocketTimeoutException: Poll timed out
06-06 13:42:56.578   475   752 D SntpClient: request time failed
06-06 13:42:56.809   475   752 D SntpClient: round trip: 217ms, clock offset: 20847698ms
06-06 13:42:56.812   475   517 D AlarmManagerService: Setting time of day to sec=1749209424
06-06 19:30:24.563   475   591 E LazyAlarmStore: Removed TIME_TICK alarm
06-06 19:30:24.565   475   538 I DropBoxManagerService: add tag=system_server_wtf isTagEnabled=true flags=0x2
06-06 19:30:24.637  1200  1200 D bbb     : onStartCommand begin !!!!!!! data分区剩余 24968MB
06-06 19:30:24.638   475   475 I JobScheduler: RTC now valid; recalculating persisted job windows
06-06 19:30:24.638   475   475 W SyncManager: Clock is valid now.
06-06 19:30:24.638   475   475 D ConditionProviders.SCP: onReceive android.intent.action.TIME_SET
06-06 19:30:24.639   475   475 D ConditionProviders.SCP: evaluateSubscriptionLocked cal=ScheduleCalendar[mDays={1, 2, 3, 4, 5, 6, 7}, mSchedule=ScheduleInfo{days=[1, 2, 3, 4, 5, 6, 7], startHour=22, startMinute=0, endHour=7, endMinute=0, exitAtAlarm=true, nextAlarm=Thu Jan 01 08:00:00 GMT+08:00 1970 (0)}], now=Fri Jun 06 19:30:24 GMT+08:00 2025 (1749209424638), nextUserAlarmTime=Thu Jan 01 08:00:00 GMT+08:00 1970 (0)
06-06 19:30:24.640   475   475 D ConditionProviders.SCP: notifyCondition condition://android/schedule?days=1.2.3.4.5.6.7&start=22.0&end=7.0&exitAtAlarm=true STATE_FALSE reason=!meetsSchedule
06-06 19:30:24.641   475   475 D ConditionProviders.SCP: Scheduling evaluate for Fri Jun 06 22:00:00 GMT+08:00 2025 (1749218400000), in +2h29m35s362ms, now=Fri Jun 06 19:30:24 GMT+08:00 2025 (1749209424638)
06-06 19:30:24.659   475   620 D CompatibilityChangeReporter: Compat change id reported: 143231523; UID 1000; state: DISABLED
06-06 19:30:24.743   475   537 I UsageStatsService: User[0] Time changed in by 20847 seconds
06-06 19:30:24.743   475   537 I UsageStatsService: User[0] Flushing usage stats to disk
06-06 19:30:24.757   475   537 I UsageStatsDatabase: Time changed by +5h47m27s696ms. files deleted: 0 files moved: 4
06-06 19:30:24.764   475   537 I UsageStatsService: User[0] Rollover scheduled @ 2025-06-07 19:29:56(1749295796818)
06-06 19:30:25.120   475   519 W IorapForwardingService: No service published for: iorapd
06-06 19:30:25.994   205   219 I keystore2: keystore2::watchdog: Watchdog thread idle -> terminating. Have a great day.
06-06 19:30:26.101   475  1017 W ZramWriteback: Writeback device is not set
06-06 19:30:26.101   475  1017 D ZramWriteback: wait to flush
06-06 19:30:26.122   475   519 W IorapForwardingService: No service published for: iorapd
06-06 19:30:26.530  2088  2128 E ServerInterface: Server timed out
06-06 19:30:26.530  2088  2128 E ServerInterface: java.net.SocketTimeoutException: failed to connect to remoteprovisioning.googleapis.com/142.251.215.234 (port 443) from /192.168.3.31 (port 51764) after 5000ms
06-06 19:30:26.530  2088  2128 E ServerInterface: 	at libcore.io.IoBridge.connectErrno(IoBridge.java:236)
06-06 19:30:26.530  2088  2128 E ServerInterface: 	at libcore.io.IoBridge.connect(IoBridge.java:180)
06-06 19:30:26.530  2088  2128 E ServerInterface: 	at java.net.PlainSocketImpl.socketConnect(PlainSocketImpl.java:142)
06-06 19:30:26.530  2088  2128 E ServerInterface: 	at java.net.AbstractPlainSocketImpl.doConnect(AbstractPlainSocketImpl.java:390)
06-06 19:30:26.530  2088  2128 E ServerInterface: 	at java.net.AbstractPlainSocketImpl.connectToAddress(AbstractPlainSocketImpl.java:230)
06-06 19:30:26.530  2088  2128 E ServerInterface: 	at java.net.AbstractPlainSocketImpl.connect(AbstractPlainSocketImpl.java:212)
06-06 19:30:26.530  2088  2128 E ServerInterface: 	at java.net.SocksSocketImpl.connect(SocksSocketImpl.java:436)
06-06 19:30:26.530  2088  2128 E ServerInterface: 	at java.net.Socket.connect(Socket.java:621)
06-06 19:30:26.530  2088  2128 E ServerInterface: 	at com.android.okhttp.internal.Platform.connectSocket(Platform.java:182)
06-06 19:30:26.530  2088  2128 E ServerInterface: 	at com.android.okhttp.internal.io.RealConnection.connectSocket(RealConnection.java:145)
06-06 19:30:26.530  2088  2128 E ServerInterface: 	at com.android.okhttp.internal.io.RealConnection.connect(RealConnection.java:116)
06-06 19:30:26.530  2088  2128 E ServerInterface: 	at com.android.okhttp.internal.http.StreamAllocation.findConnection(StreamAllocation.java:186)
06-06 19:30:26.530  2088  2128 E ServerInterface: 	at com.android.okhttp.internal.http.StreamAllocation.findHealthyConnection(StreamAllocation.java:128)
06-06 19:30:26.530  2088  2128 E ServerInterface: 	at com.android.okhttp.internal.http.StreamAllocation.newStream(StreamAllocation.java:97)
06-06 19:30:26.530  2088  2128 E ServerInterface: 	at com.android.okhttp.internal.http.HttpEngine.connect(HttpEngine.java:289)
06-06 19:30:26.530  2088  2128 E ServerInterface: 	at com.android.okhttp.internal.http.HttpEngine.sendRequest(HttpEngine.java:232)
06-06 19:30:26.530  2088  2128 E ServerInterface: 	at com.android.okhttp.internal.huc.HttpURLConnectionImpl.execute(HttpURLConnectionImpl.java:465)
06-06 19:30:26.530  2088  2128 E ServerInterface: 	at com.android.okhttp.internal.huc.HttpURLConnectionImpl.connect(HttpURLConnectionImpl.java:131)
06-06 19:30:26.530  2088  2128 E ServerInterface: 	at com.android.okhttp.internal.huc.HttpURLConnectionImpl.getOutputStream(HttpURLConnectionImpl.java:262)
06-06 19:30:26.530  2088  2128 E ServerInterface: 	at com.android.okhttp.internal.huc.DelegatingHttpsURLConnection.getOutputStream(DelegatingHttpsURLConnection.java:219)
06-06 19:30:26.530  2088  2128 E ServerInterface: 	at com.android.okhttp.internal.huc.HttpsURLConnectionImpl.getOutputStream(HttpsURLConnectionImpl.java:30)
06-06 19:30:26.530  2088  2128 E ServerInterface: 	at com.android.remoteprovisioner.ServerInterface.fetchGeek(ServerInterface.java:120)
06-06 19:30:26.530  2088  2128 E ServerInterface: 	at com.android.remoteprovisioner.PeriodicProvisioner$ProvisionerThread.run(PeriodicProvisioner.java:135)
06-06 19:30:26.530  2088  2128 E RemoteProvisioningService: Failed to get a response from the server.
01-01 08:00:50.444   381   381 W hdr10p_Configure: 65 callbacks suppressed
01-01 08:00:50.444   381   381 I         : DVI mode selected: packets not configured
01-01 08:00:50.444   381   381 W set_vsif_config: 65 callbacks suppressed
01-01 08:00:50.444   381   381 I         : Error: set vsif failed
01-01 08:00:50.459   381   381 I         : DVI mode selected: packets not configured
01-01 08:00:50.459   381   381 I         : Error: set vsif failed
01-01 08:00:50.475   381   381 I         : DVI mode selected: packets not configured
01-01 08:00:50.475   381   381 I         : Error: set vsif failed
01-01 08:00:50.493   381   381 I         : DVI mode selected: packets not configured
01-01 08:00:50.493   381   381 I         : Error: set vsif failed
01-01 08:00:50.512   381   381 I         : DVI mode selected: packets not configured
01-01 08:00:50.512   381   381 I         : Error: set vsif failed
01-01 08:00:50.528   381   381 I         : DVI mode selected: packets not configured
01-01 08:00:50.528   381   381 I         : Error: set vsif failed
01-01 08:00:50.543   381   381 I         : DVI mode selected: packets not configured
01-01 08:00:50.543   381   381 I         : Error: set vsif failed
01-01 08:00:50.559   381   381 I         : DVI mode selected: packets not configured
01-01 08:00:50.559   381   381 I         : Error: set vsif failed
01-01 08:00:50.575   381   381 I         : DVI mode selected: packets not configured
01-01 08:00:50.575   381   381 I         : Error: set vsif failed
01-01 08:00:50.591   381   381 I         : DVI mode selected: packets not configured
01-01 08:00:50.592   381   381 I         : Error: set vsif failed
06-06 19:30:27.108   475   591 D CompatibilityChangeReporter: Compat change id reported: 168419799; UID 10022; state: DISABLED
06-06 19:30:27.120   475   607 E WifiHealthMonitor:  Hit PackageManager exception
06-06 19:30:27.120   475   607 E WifiHealthMonitor: android.content.pm.PackageManager$NameNotFoundException: No module info for package: com.android.wifi
06-06 19:30:27.120   475   607 E WifiHealthMonitor: 	at android.app.ApplicationPackageManager.getModuleInfo(ApplicationPackageManager.java:1079)
06-06 19:30:27.120   475   607 E WifiHealthMonitor: 	at com.android.server.wifi.WifiHealthMonitor.getWifiStackVersion(WifiHealthMonitor.java:366)
06-06 19:30:27.120   475   607 E WifiHealthMonitor: 	at com.android.server.wifi.WifiHealthMonitor.extractCurrentSoftwareBuildInfo(WifiHealthMonitor.java:587)
06-06 19:30:27.120   475   607 E WifiHealthMonitor: 	at com.android.server.wifi.WifiHealthMonitor.postBootSwBuildCheck(WifiHealthMonitor.java:522)
06-06 19:30:27.120   475   607 E WifiHealthMonitor: 	at com.android.server.wifi.WifiHealthMonitor.postBootDetectionHandler(WifiHealthMonitor.java:513)
06-06 19:30:27.120   475   607 E WifiHealthMonitor: 	at com.android.server.wifi.WifiHealthMonitor.access$500(WifiHealthMonitor.java:71)
06-06 19:30:27.120   475   607 E WifiHealthMonitor: 	at com.android.server.wifi.WifiHealthMonitor$2.onAlarm(WifiHealthMonitor.java:190)
06-06 19:30:27.120   475   607 E WifiHealthMonitor: 	at android.app.AlarmManager$ListenerWrapper.run(AlarmManager.java:323)
06-06 19:30:27.120   475   607 E WifiHealthMonitor: 	at android.os.Handler.handleCallback(Handler.java:938)
06-06 19:30:27.120   475   607 E WifiHealthMonitor: 	at android.os.Handler.dispatchMessage(Handler.java:99)
06-06 19:30:27.120   475   607 E WifiHealthMonitor: 	at android.os.Looper.loopOnce(Looper.java:201)
06-06 19:30:27.120   475   607 E WifiHealthMonitor: 	at android.os.Looper.loop(Looper.java:288)
06-06 19:30:27.120   475   607 E WifiHealthMonitor: 	at android.os.HandlerThread.run(HandlerThread.java:67)
06-06 19:30:27.122   657   657 E WifiHAL : wifi_get_driver_version: Error -5 happened. 
06-06 19:30:27.122   657   657 E android.hardware.wifi@1.0-service-lazy: Failed to get driver version: INVALID_ARGS
06-06 19:30:27.125  2040  2713 D EpgDataCleanupService: Received intent: Intent { act=com.android.providers.tv.intent.CLEAN_UP_EPG_DATA cmp=com.android.providers.tv/.EpgDataCleanupService }
06-06 19:30:27.128   475   607 E WifiVendorHal: requestChipDebugInfo(l.2167) failed {.code = ERROR_INVALID_ARGS, .description = failed to get driver version}
06-06 19:30:27.129   475   607 I WifiVendorHal: Driver: null Firmware: null
06-06 19:30:27.130   657   657 E WifiHAL : wifi_get_driver_version: Error -5 happened. 
06-06 19:30:27.130   657   657 E android.hardware.wifi@1.0-service-lazy: Failed to get driver version: INVALID_ARGS
06-06 19:30:27.133   475   607 E WifiVendorHal: requestChipDebugInfo(l.2167) failed {.code = ERROR_INVALID_ARGS, .description = failed to get driver version}
06-06 19:30:27.133   475   607 I WifiVendorHal: Driver: null Firmware: null
06-06 19:30:27.134  2712  2712 I am      : type=1400 audit(0.0:1030): avc: denied { read } for name="am" dev="dm-1" ino=1160 scontext=u:r:system_app:s0 tcontext=u:object_r:vendor_file:s0 tclass=file permissive=1
06-06 19:30:27.150   475   519 W IorapForwardingService: No service published for: iorapd
06-06 19:30:27.142  2712  2712 I am      : type=1400 audit(0.0:1031): avc: denied { open } for path="/vendor/xbin/am" dev="dm-1" ino=1160 scontext=u:r:system_app:s0 tcontext=u:object_r:vendor_file:s0 tclass=file permissive=1
06-06 19:30:27.158   242   242 I Binder:242_3: type=1400 audit(0.0:1032): avc: denied { add_name } for name="globalAlert" scontext=u:r:netd:s0 tcontext=u:object_r:proc_net:s0 tclass=dir permissive=1
06-06 19:30:27.158   242   242 I Binder:242_3: type=1400 audit(0.0:1033): avc: denied { create } for name="globalAlert" scontext=u:r:netd:s0 tcontext=u:object_r:proc_net:s0 tclass=file permissive=1
06-06 19:30:27.223  1200  1200 D bbb     : onStartCommand begin !!!!!!! data分区剩余 24968MB
06-06 19:30:27.225  1142  1142 D aaa     : LedStatusService onStartCommand begin
06-06 19:30:27.228  1142  2720 D aaa     : topPkg is -------------- :com.dangbei.leard.leradlauncher
06-06 19:30:27.233   657   657 E WifiHAL : wifi_get_link_stats: requestResponse Error:-5
06-06 19:30:27.235  1142  2720 D aaa     : WiFi is connect 
06-06 19:30:27.238   475   607 E WifiVendorHal: getWifiLinkLayerStats_1_5_Internal(l.1191) failed {.code = ERROR_INVALID_ARGS, .description = }
06-06 19:30:27.576   475  1349 D WifiNl80211Manager: Scan result ready event
06-06 19:30:27.577   475  1349 D WifiNative: Scan result ready event
06-06 19:30:27.649   475   611 D WificondScannerImpl: Filtering out 25 scan results.
06-06 19:30:27.666   657   657 E WifiHAL : wifi_get_link_stats: requestResponse Error:-5
06-06 19:30:27.668   475   607 E WifiVendorHal: getWifiLinkLayerStats_1_5_Internal(l.1191) failed {.code = ERROR_INVALID_ARGS, .description = }
06-06 19:30:27.758  1257  1257 I cling--ap-1: type=1400 audit(0.0:1034): avc: denied { read } for name="address" dev="sysfs" ino=25879 scontext=u:r:platform_app:s0:c512,c768 tcontext=u:object_r:sysfs:s0 tclass=file permissive=1 app=com.dangbei.screencast
06-06 19:30:27.758  1257  1257 I cling--ap-1: type=1400 audit(0.0:1035): avc: denied { open } for path="/sys/devices/platform/unisoc_wifi/net/wlan1/address" dev="sysfs" ino=25879 scontext=u:r:platform_app:s0:c512,c768 tcontext=u:object_r:sysfs:s0 tclass=file permissive=1 app=com.dangbei.screencast
06-06 19:30:27.758  1257  1257 I cling--ap-1: type=1400 audit(0.0:1036): avc: denied { getattr } for path="/sys/devices/platform/unisoc_wifi/net/wlan1/address" dev="sysfs" ino=25879 scontext=u:r:platform_app:s0:c512,c768 tcontext=u:object_r:sysfs:s0 tclass=file permissive=1 app=com.dangbei.screencast
06-06 19:30:28.152   475   519 W IorapForwardingService: No service published for: iorapd
06-06 19:30:28.979  2264  2341 D UtilLog : 日志批量上报 进行正常循环 ！！！！！！本次有0次请求,共0条数据
06-06 19:30:29.155   475   519 W IorapForwardingService: No service published for: iorapd
06-06 19:30:30.157   475   519 W IorapForwardingService: No service published for: iorapd
06-06 19:30:30.250   657   657 E WifiHAL : wifi_get_link_stats: requestResponse Error:-5
06-06 19:30:30.252   475   607 E WifiVendorHal: getWifiLinkLayerStats_1_5_Internal(l.1191) failed {.code = ERROR_INVALID_ARGS, .description = }
06-06 19:30:31.160   475   519 W IorapForwardingService: No service published for: iorapd
06-06 19:30:32.162   475   519 W IorapForwardingService: No service published for: iorapd
01-01 08:00:55.822     0     0 I [    C2] nf_conntrack: default automatic helper assignment has been turned off for security reasons and CT-based  firewall rule not found. Use the iptables CT target to attach helpers instead.
06-06 19:30:32.572   249   998 E bt_upio : upio_set : /proc/bluetooth/sleep/btwrite(-1) incorrent
01-01 08:00:56.459   381   381 W hdr10p_Configure: 64 callbacks suppressed
01-01 08:00:56.459   381   381 I         : DVI mode selected: packets not configured
01-01 08:00:56.459   381   381 W set_vsif_config: 64 callbacks suppressed
01-01 08:00:56.459   381   381 I         : Error: set vsif failed
01-01 08:00:56.475   381   381 I         : DVI mode selected: packets not configured
01-01 08:00:56.475   381   381 I         : Error: set vsif failed
01-01 08:00:56.493   381   381 I         : DVI mode selected: packets not configured
01-01 08:00:56.493   381   381 I         : Error: set vsif failed
01-01 08:00:56.510   381   381 I         : DVI mode selected: packets not configured
01-01 08:00:56.510   381   381 I         : Error: set vsif failed
01-01 08:00:56.525   381   381 I         : DVI mode selected: packets not configured
01-01 08:00:56.525   381   381 I         : Error: set vsif failed
01-01 08:00:56.541   381   381 I         : DVI mode selected: packets not configured
01-01 08:00:56.541   381   381 I         : Error: set vsif failed
01-01 08:00:56.558   381   381 I         : DVI mode selected: packets not configured
01-01 08:00:56.558   381   381 I         : Error: set vsif failed
01-01 08:00:56.575   381   381 I         : DVI mode selected: packets not configured
01-01 08:00:56.575   381   381 I         : Error: set vsif failed
01-01 08:00:56.592   381   381 I         : DVI mode selected: packets not configured
01-01 08:00:56.592   381   381 I         : Error: set vsif failed
01-01 08:00:56.609   381   381 I         : DVI mode selected: packets not configured
01-01 08:00:56.609   381   381 I         : Error: set vsif failed
06-06 19:30:33.165   475   519 W IorapForwardingService: No service published for: iorapd
06-06 19:30:33.268   657   657 E WifiHAL : wifi_get_link_stats: requestResponse Error:-5
06-06 19:30:33.270   475   607 E WifiVendorHal: getWifiLinkLayerStats_1_5_Internal(l.1191) failed {.code = ERROR_INVALID_ARGS, .description = }
06-06 19:30:34.168   475   519 W IorapForwardingService: No service published for: iorapd
06-06 19:30:35.110  2730  2730 I Thread-2: type=1400 audit(0.0:1037): avc: denied { execute } for name="am" dev="dm-1" ino=1160 scontext=u:r:system_app:s0 tcontext=u:object_r:vendor_file:s0 tclass=file permissive=1
06-06 19:30:35.110  2730  2730 I Thread-2: type=1400 audit(0.0:1038): avc: denied { execute_no_trans } for path="/vendor/xbin/am" dev="dm-1" ino=1160 scontext=u:r:system_app:s0 tcontext=u:object_r:vendor_file:s0 tclass=file permissive=1
06-06 19:30:35.171   475   519 W IorapForwardingService: No service published for: iorapd
06-06 19:30:35.181  1142  1142 D aaa     : LedStatusService onStartCommand begin
06-06 19:30:35.184  1142  2738 D aaa     : topPkg is -------------- :com.dangbei.leard.leradlauncher
06-06 19:30:35.184  1200  1200 D bbb     : onStartCommand begin !!!!!!! data分区剩余 24968MB
06-06 19:30:35.190  1142  2738 D aaa     : WiFi is connect 
06-06 19:30:36.174   475   519 W IorapForwardingService: No service published for: iorapd
06-06 19:30:36.286   657   657 E WifiHAL : wifi_get_link_stats: requestResponse Error:-5
06-06 19:30:36.288   475   607 E WifiVendorHal: getWifiLinkLayerStats_1_5_Internal(l.1191) failed {.code = ERROR_INVALID_ARGS, .description = }
06-06 19:30:37.175   475   519 W IorapForwardingService: No service published for: iorapd
06-06 19:30:37.876  2552  2627 D nStackXCoAP: IsInSameNetwork:[276] :IsInSameNetwork exec
06-06 19:30:37.876  2552  2627 I nStackXDFinder: GetLocalInterfaceDetail:[461] :GetLocalInterfaceDetail in
06-06 19:30:37.876  2552  2627 E nStackXCoAP: IsInSameNetwork:[281] :IsInSameNetwork: not priority process
06-06 19:30:37.876  2552  2627 E nStackXCoAP: ParseServiceDataJsonData:[186] :parse device serviceData error
06-06 19:30:37.876  2552  2627 D nStackXCoAP: ParseServiceDiscover:[330] :new device join
06-06 19:30:37.877  2552  2627 I nStackXDFinder: NotifyDeviceListChanged:[540] :notify callback: device list changed callback is null
06-06 19:30:37.877  2552  2627 E nStackXDFinder: GetLocalIp:[401] :GetLocalIp exec
06-06 19:30:37.991  2552  2627 D nStackXCoAP: CoapMessageHandler:[133] :2.01
06-06 19:30:38.059  2552  2627 D nStackXCoAP: IsInSameNetwork:[276] :IsInSameNetwork exec
06-06 19:30:38.059  2552  2627 I nStackXDFinder: GetLocalInterfaceDetail:[461] :GetLocalInterfaceDetail in
06-06 19:30:38.059  2552  2627 E nStackXCoAP: IsInSameNetwork:[281] :IsInSameNetwork: not priority process
06-06 19:30:38.059  2552  2627 E nStackXCoAP: ParseServiceDataJsonData:[186] :parse device serviceData error
06-06 19:30:38.059  2552  2627 D nStackXCoAP: ParseServiceDiscover:[330] :new device join
06-06 19:30:38.060  2552  2627 E nStackXDFinder: GetLocalIp:[401] :GetLocalIp exec
06-06 19:30:38.103  2552  2627 D nStackXCoAP: CoapMessageHandler:[133] :2.01
06-06 19:30:38.175  2552  2627 D nStackXCoAP: IsInSameNetwork:[276] :IsInSameNetwork exec
06-06 19:30:38.175  2552  2627 I nStackXDFinder: GetLocalInterfaceDetail:[461] :GetLocalInterfaceDetail in
06-06 19:30:38.175  2552  2627 E nStackXCoAP: IsInSameNetwork:[281] :IsInSameNetwork: not priority process
06-06 19:30:38.175  2552  2627 E nStackXCoAP: ParseServiceDataJsonData:[186] :parse device serviceData error
06-06 19:30:38.175  2552  2627 D nStackXCoAP: ParseServiceDiscover:[330] :new device join
06-06 19:30:38.175  2552  2627 E nStackXDFinder: GetLocalIp:[401] :GetLocalIp exec
06-06 19:30:38.177   475   519 W IorapForwardingService: No service published for: iorapd
06-06 19:30:38.194  2552  2627 D nStackXCoAP: CoapMessageHandler:[133] :2.01
06-06 19:30:38.415  2552  2627 D nStackXCoAP: IsInSameNetwork:[276] :IsInSameNetwork exec
06-06 19:30:38.415  2552  2627 I nStackXDFinder: GetLocalInterfaceDetail:[461] :GetLocalInterfaceDetail in
06-06 19:30:38.415  2552  2627 E nStackXCoAP: IsInSameNetwork:[281] :IsInSameNetwork: not priority process
06-06 19:30:38.415  2552  2627 E nStackXCoAP: ParseServiceDataJsonData:[186] :parse device serviceData error
06-06 19:30:38.415  2552  2627 D nStackXCoAP: ParseServiceDiscover:[330] :new device join
06-06 19:30:38.415  2552  2627 E nStackXDFinder: GetLocalIp:[401] :GetLocalIp exec
06-06 19:30:38.418   263   277 D hdmi-cec: receive invalid cec message!
06-06 19:30:38.418   263   277 D hdmi-cec: receive poll message [04], skip!
06-06 19:30:38.478  2552  2627 D nStackXCoAP: CoapMessageHandler:[133] :2.01
01-01 08:01:02.459   381   381 W hdr10p_Configure: 64 callbacks suppressed
01-01 08:01:02.459   381   381 I         : DVI mode selected: packets not configured
01-01 08:01:02.459   381   381 W set_vsif_config: 64 callbacks suppressed
01-01 08:01:02.459   381   381 I         : Error: set vsif failed
01-01 08:01:02.476   381   381 I         : DVI mode selected: packets not configured
01-01 08:01:02.476   381   381 I         : Error: set vsif failed
01-01 08:01:02.493   381   381 I         : DVI mode selected: packets not configured
01-01 08:01:02.493   381   381 I         : Error: set vsif failed
01-01 08:01:02.510   381   381 I         : DVI mode selected: packets not configured
01-01 08:01:02.510   381   381 I         : Error: set vsif failed
01-01 08:01:02.526   381   381 I         : DVI mode selected: packets not configured
01-01 08:01:02.526   381   381 I         : Error: set vsif failed
01-01 08:01:02.542   381   381 I         : DVI mode selected: packets not configured
01-01 08:01:02.542   381   381 I         : Error: set vsif failed
01-01 08:01:02.559   381   381 I         : DVI mode selected: packets not configured
01-01 08:01:02.559   381   381 I         : Error: set vsif failed
06-06 19:30:38.914  2552  2627 D nStackXCoAP: IsInSameNetwork:[276] :IsInSameNetwork exec
06-06 19:30:38.914  2552  2627 I nStackXDFinder: GetLocalInterfaceDetail:[461] :GetLocalInterfaceDetail in
06-06 19:30:38.914  2552  2627 E nStackXCoAP: IsInSameNetwork:[281] :IsInSameNetwork: not priority process
06-06 19:30:38.914  2552  2627 E nStackXCoAP: ParseServiceDataJsonData:[186] :parse device serviceData error
06-06 19:30:38.914  2552  2627 D nStackXCoAP: ParseServiceDiscover:[330] :new device join
06-06 19:30:38.914  2552  2627 E nStackXDFinder: GetLocalIp:[401] :GetLocalIp exec
01-01 08:01:02.576   381   381 I         : DVI mode selected: packets not configured
01-01 08:01:02.576   381   381 I         : Error: set vsif failed
01-01 08:01:02.591   381   381 I         : DVI mode selected: packets not configured
01-01 08:01:02.591   381   381 I         : Error: set vsif failed
01-01 08:01:02.608   381   381 I         : DVI mode selected: packets not configured
01-01 08:01:02.608   381   381 I         : Error: set vsif failed
06-06 19:30:39.019  2264  2341 D UtilLog : 日志批量上报 进行正常循环 ！！！！！！本次有0次请求,共0条数据
06-06 19:30:39.026  2552  2627 D nStackXCoAP: CoapMessageHandler:[133] :2.01
06-06 19:30:39.180   475   519 W IorapForwardingService: No service published for: iorapd
06-06 19:30:39.302   657   657 E WifiHAL : wifi_get_link_stats: requestResponse Error:-5
06-06 19:30:39.303   475   607 E WifiVendorHal: getWifiLinkLayerStats_1_5_Internal(l.1191) failed {.code = ERROR_INVALID_ARGS, .description = }
06-06 19:30:39.395  2552  2627 D nStackXCoAP: IsInSameNetwork:[276] :IsInSameNetwork exec
06-06 19:30:39.395  2552  2627 I nStackXDFinder: GetLocalInterfaceDetail:[461] :GetLocalInterfaceDetail in
06-06 19:30:39.395  2552  2627 E nStackXCoAP: IsInSameNetwork:[281] :IsInSameNetwork: not priority process
06-06 19:30:39.395  2552  2627 E nStackXCoAP: ParseServiceDataJsonData:[186] :parse device serviceData error
06-06 19:30:39.395  2552  2627 D nStackXCoAP: ParseServiceDiscover:[330] :new device join
06-06 19:30:39.396  2552  2627 E nStackXDFinder: GetLocalIp:[401] :GetLocalIp exec
06-06 19:30:39.431  2552  2627 D nStackXCoAP: CoapMessageHandler:[133] :2.01
06-06 19:30:39.909  2552  2627 D nStackXCoAP: IsInSameNetwork:[276] :IsInSameNetwork exec
06-06 19:30:39.909  2552  2627 I nStackXDFinder: GetLocalInterfaceDetail:[461] :GetLocalInterfaceDetail in
06-06 19:30:39.909  2552  2627 E nStackXCoAP: IsInSameNetwork:[281] :IsInSameNetwork: not priority process
06-06 19:30:39.909  2552  2627 E nStackXCoAP: ParseServiceDataJsonData:[186] :parse device serviceData error
06-06 19:30:39.909  2552  2627 D nStackXCoAP: ParseServiceDiscover:[330] :new device join
06-06 19:30:39.909  2552  2627 E nStackXDFinder: GetLocalIp:[401] :GetLocalIp exec
06-06 19:30:39.936  2552  2627 D nStackXCoAP: CoapMessageHandler:[133] :2.01
06-06 19:30:40.182   475   519 W IorapForwardingService: No service published for: iorapd
06-06 19:30:40.424  2552  2627 D nStackXCoAP: IsInSameNetwork:[276] :IsInSameNetwork exec
06-06 19:30:40.424  2552  2627 I nStackXDFinder: GetLocalInterfaceDetail:[461] :GetLocalInterfaceDetail in
06-06 19:30:40.424  2552  2627 E nStackXCoAP: IsInSameNetwork:[281] :IsInSameNetwork: not priority process
06-06 19:30:40.424  2552  2627 E nStackXCoAP: ParseServiceDataJsonData:[186] :parse device serviceData error
06-06 19:30:40.424  2552  2627 D nStackXCoAP: ParseServiceDiscover:[330] :new device join
06-06 19:30:40.424  2552  2627 E nStackXDFinder: GetLocalIp:[401] :GetLocalIp exec
06-06 19:30:40.936  2552  2627 D nStackXCoAP: IsInSameNetwork:[276] :IsInSameNetwork exec
06-06 19:30:40.936  2552  2627 I nStackXDFinder: GetLocalInterfaceDetail:[461] :GetLocalInterfaceDetail in
06-06 19:30:40.936  2552  2627 E nStackXCoAP: IsInSameNetwork:[281] :IsInSameNetwork: not priority process
06-06 19:30:40.936  2552  2627 E nStackXCoAP: ParseServiceDataJsonData:[186] :parse device serviceData error
06-06 19:30:40.936  2552  2627 D nStackXCoAP: ParseServiceDiscover:[330] :new device join
06-06 19:30:40.937  2552  2627 E nStackXDFinder: GetLocalIp:[401] :GetLocalIp exec
06-06 19:30:40.957  2552  2627 D nStackXCoAP: CoapMessageHandler:[133] :2.01
06-06 19:30:41.185   475   519 W IorapForwardingService: No service published for: iorapd
06-06 19:30:41.439  2552  2627 D nStackXCoAP: IsInSameNetwork:[276] :IsInSameNetwork exec
06-06 19:30:41.439  2552  2627 I nStackXDFinder: GetLocalInterfaceDetail:[461] :GetLocalInterfaceDetail in
06-06 19:30:41.439  2552  2627 E nStackXCoAP: IsInSameNetwork:[281] :IsInSameNetwork: not priority process
06-06 19:30:41.439  2552  2627 E nStackXCoAP: ParseServiceDataJsonData:[186] :parse device serviceData error
06-06 19:30:41.439  2552  2627 D nStackXCoAP: ParseServiceDiscover:[330] :new device join
06-06 19:30:41.439  2552  2627 E nStackXDFinder: GetLocalIp:[401] :GetLocalIp exec
06-06 19:30:41.458  2552  2627 D nStackXCoAP: CoapMessageHandler:[133] :2.01
06-06 19:30:41.951  2552  2627 D nStackXCoAP: IsInSameNetwork:[276] :IsInSameNetwork exec
06-06 19:30:41.951  2552  2627 I nStackXDFinder: GetLocalInterfaceDetail:[461] :GetLocalInterfaceDetail in
06-06 19:30:41.951  2552  2627 E nStackXCoAP: IsInSameNetwork:[281] :IsInSameNetwork: not priority process
06-06 19:30:41.951  2552  2627 E nStackXCoAP: ParseServiceDataJsonData:[186] :parse device serviceData error
06-06 19:30:41.951  2552  2627 D nStackXCoAP: ParseServiceDiscover:[330] :new device join
06-06 19:30:41.951  2552  2627 E nStackXDFinder: GetLocalIp:[401] :GetLocalIp exec
06-06 19:30:42.116  2552  2627 D nStackXCoAP: CoapMessageHandler:[133] :2.01
06-06 19:30:42.187   475   519 W IorapForwardingService: No service published for: iorapd
06-06 19:30:42.314   657   657 E WifiHAL : wifi_get_link_stats: requestResponse Error:-5
06-06 19:30:42.316   475   607 E WifiVendorHal: getWifiLinkLayerStats_1_5_Internal(l.1191) failed {.code = ERROR_INVALID_ARGS, .description = }
06-06 19:30:42.465  2552  2627 D nStackXCoAP: IsInSameNetwork:[276] :IsInSameNetwork exec
