06-06 13:42:41.873  2264  2345 D UtilLog : DesValues=byaAjpuYP7Md9ImftnY6oL+u5Tex4kQ5jeOCkuyRk9SkGPr4UI1BJNL8hrF+2ShyB2oVVKVfAi8PlHx6PKeqfviwQR31zZWikKW1prDgGkU=
06-06 13:42:41.873  2264  2345 D UtilLog : 
06-06 13:42:41.873  2264  2345 D UtilLog : key=mac
06-06 13:42:41.873  2264  2345 D UtilLog : values=20:02:FE:19:C2:18
06-06 13:42:41.873  2264  2345 D UtilLog : DesValues=nYMpcx8K3oOIymgSb8AM1ZTjz2cpZOHJ
06-06 13:42:41.873  2264  2345 D UtilLog : 
06-06 13:42:41.873  2264  2345 D UtilLog : key=wifimac
06-06 13:42:41.880  2264  2345 D UtilLog : values=B4:2F:03:15:E9:47
06-06 13:42:41.880  2264  2345 D UtilLog : DesValues=GtiP38bn9GK+IsouylLOHitSLtHuZCTu
06-06 13:42:41.880  2264  2345 D UtilLog : 
06-06 13:42:41.881  2264  2345 D UtilLog : key=uuid
06-06 13:42:41.882  2264  2345 D UtilLog : values=6adb103e-c9f5-4202-a5d4-eb6049d62d56
06-06 13:42:41.882  2264  2345 D UtilLog : DesValues=3b0qKqyplwRDTHUmjBqCHn4pXm8vrczCGArUfNz9qZYcLxyl6LofSQ==
06-06 13:42:41.883  2264  2345 D UtilLog : 
06-06 13:42:41.883  2264  2345 D UtilLog : key=appname
06-06 13:42:41.884  2264  2345 D UtilLog : values=电视管家
06-06 13:42:41.884  2264  2345 D UtilLog : DesValues=iqL5Rox+365YgqkQrzmGew==
06-06 13:42:41.884  2264  2345 D UtilLog : 
06-06 13:42:41.884  2264  2345 D UtilLog : key=packagename
06-06 13:42:41.887   475  1350 D CompatibilityChangeReporter: Compat change id reported: 168419799; UID 1000; state: DISABLED
06-06 13:42:41.889   475  1350 W ActivityManager: Foreground service started from background can not have location/camera/microphone access: service com.dangbei.screencast/.startup.StartupService
06-06 13:42:41.889   475  1350 I ActivityManager: Background started FGS: Allowed [callingPackage: com.dangbei.screencast; callingUid: 10020; uidState: FGS ; intent: Intent { act=com.dangbei.screencast.STARTUP pkg=com.dangbei.screencast }; code:PROC_STATE_FGS; tempAllowListReason:<null>; targetSdkVersion:28; callerTargetSdkVersion:28; startForegroundCount:0; bindFromPackage:null]; startForegroundDelayMs:10135
06-06 13:42:41.891  2264  2345 D UtilLog : values=com.dangbei.zhushou.os
06-06 13:42:41.891  2264  2345 D UtilLog : DesValues=byaAjpuYP7N/v7Z6kyOIN8JduvsEBDYD
06-06 13:42:41.891  2264  2345 D UtilLog : 
06-06 13:42:41.891  2264  2345 D UtilLog : key=vname
06-06 13:42:41.891  1359  1359 D RockyVoice: RestartReceiver   onReceive
06-06 13:42:41.892  2264  2345 D UtilLog : values=4.0.0.0.1
06-06 13:42:41.892  2264  2345 D UtilLog : DesValues=ZmbdbetpP3xQfy8gEtIzGg==
06-06 13:42:41.892  2264  2345 D UtilLog : 
06-06 13:42:41.892  2264  2345 D UtilLog : key=vcode
06-06 13:42:41.892   475   538 I ActivityManager: Deferring FGS notification in legacy app com.dangbei.screencast/u0a20 : Notification(channel=channel_record shortcut=null contentView=null vibrate=null sound=null defaults=0x0 flags=0x60 color=0x00000000 category=transport vis=PUBLIC)
06-06 13:42:41.892  2264  2345 D UtilLog : values=40001
06-06 13:42:41.892  2264  2345 D UtilLog : DesValues=xHelLudSdno=
06-06 13:42:41.892  2264  2345 D UtilLog : 
06-06 13:42:41.892  2264  2345 D UtilLog : key=brand
06-06 13:42:41.893  2264  2345 D UtilLog : values=Dangbei
06-06 13:42:41.893  2264  2345 D UtilLog : DesValues=w3F/S11z4cQ=
06-06 13:42:41.893  2264  2345 D UtilLog : 
06-06 13:42:41.893  2264  2345 D UtilLog : key=boxfactory
06-06 13:42:41.893  2264  2345 D UtilLog : values=Allwinner
06-06 13:42:41.893  2264  2345 D UtilLog : DesValues=Z82sBMOvjTwCcRqjeHOwaQ==
06-06 13:42:41.893  2264  2345 D UtilLog : 
06-06 13:42:41.893  2264  2345 D UtilLog : key=rommodel
06-06 13:42:41.896  2264  2345 D UtilLog : values=DBBOX-A2
06-06 13:42:41.896  2264  2345 D UtilLog : DesValues=Cp0N6KH6T4JIJBzkJvj0FQ==
06-06 13:42:41.896  2264  2345 D UtilLog : 
06-06 13:42:41.896  2264  2345 D UtilLog : key=cpuserial
06-06 13:42:41.896  2264  2345 D UtilLog : values=0000000000000000
06-06 13:42:41.896  2264  2345 D UtilLog : DesValues=nNQaqXf/biPbsaIvekQHd7yInvBfbZxz
06-06 13:42:41.896  2264  2345 D UtilLog : 
06-06 13:42:41.896  2264  2345 D UtilLog : key=cpuimei
06-06 13:42:41.896  2264  2345 D UtilLog : values=armeabi-v7a
06-06 13:42:41.896  2264  2345 D UtilLog : DesValues=eB2sQ5wFJ4fV9rAgxgt0kQ==
06-06 13:42:41.896  2264  2345 D UtilLog : 
06-06 13:42:41.896  2264  2345 D UtilLog : key=sn
06-06 13:42:41.897  2264  2345 D UtilLog : values=DZOH58251908361
06-06 13:42:41.897  2264  2345 D UtilLog : DesValues=DRq9pIo+PTzPAx5SB68iGA==
06-06 13:42:41.897  2264  2345 D UtilLog : 
06-06 13:42:41.897  2264  2345 D UtilLog : key=osversion
06-06 13:42:41.903  2264  2345 D UtilLog : values=12
06-06 13:42:41.903  2264  2345 D UtilLog : DesValues=z4Vde2HU9Lg=
06-06 13:42:41.903  2264  2345 D UtilLog : 
06-06 13:42:41.903  2264  2345 D UtilLog : key=oscode
06-06 13:42:41.904  2264  2345 D UtilLog : values=31
06-06 13:42:41.905  2264  2345 D UtilLog : DesValues=uYf7cxwIekI=
06-06 13:42:41.905  2264  2345 D UtilLog : 
06-06 13:42:41.905  2264  2345 D UtilLog : key=is_write
06-06 13:42:41.905  2264  2345 D UtilLog : values=0
06-06 13:42:41.905  2264  2345 D UtilLog : DesValues=fhgfj/J6fiI=
06-06 13:42:41.905  2264  2345 D UtilLog : 
06-06 13:42:41.905  2264  2345 D UtilLog : key=romvername
06-06 13:42:41.906  2264  2345 D UtilLog : values=5.0.0.8
06-06 13:42:41.906  2264  2345 D UtilLog : DesValues=muoX0tisw7w=
06-06 13:42:41.906  2264  2345 D UtilLog : 
06-06 13:42:41.906  2264  2345 D UtilLog : key=romvercode
06-06 13:42:41.906  2264  2345 D UtilLog : values=5008
06-06 13:42:41.906  2264  2345 D UtilLog : DesValues=dIYzsUzoVXg=
06-06 13:42:41.906  2264  2345 D UtilLog : 
06-06 13:42:41.906  2264  2345 D UtilLog : key=bluetoothmac
06-06 13:42:41.906  2264  2345 D UtilLog : values=B4:2F:03:15:73:BD
06-06 13:42:41.906  2264  2345 D UtilLog : DesValues=GtiP38bn9GKkzbNsD4jfhHza1kUMPZif
06-06 13:42:41.906  2264  2345 D UtilLog : 
06-06 13:42:41.906  2264  2345 D UtilLog : key=rommodelnumber
06-06 13:42:41.907  2264  2345 D UtilLog : values=H5232
06-06 13:42:41.907  2264  2345 D UtilLog : DesValues=FkBqlkWzuas=
06-06 13:42:41.907  2264  2345 D UtilLog : 
06-06 13:42:41.907  2264  2345 D UtilLog : key=userid
06-06 13:42:41.907  2264  2345 D UtilLog : values=-1
06-06 13:42:41.907  2264  2345 D UtilLog : DesValues=U8kqhGxUlIA=
06-06 13:42:41.907  2264  2345 D UtilLog : 
06-06 13:42:41.907  2264  2345 D UtilLog : key=ip
06-06 13:42:41.907  2264  2345 D UtilLog : values=
06-06 13:42:41.907  2264  2345 D UtilLog : DesValues=gKen3SyYFuE=
06-06 13:42:41.907  2264  2345 D UtilLog : 
06-06 13:42:41.949  1257  1257 E raop    : *********************AirplayBroadcastServer+++++++++
06-06 13:42:41.963   475   617 D NsdService: New client listening to asynchronous messages
06-06 13:42:41.963   475   617 D NsdService: New client, channel: com.android.internal.util.AsyncChannel@66bf7b2 messenger: android.os.Messenger@71ce303
06-06 13:42:41.966  1257  1257 D CompatibilityChangeReporter: Compat change id reported: 191844585; UID 10020; state: DISABLED
06-06 13:42:42.022   475  1350 I ActivityManager: Background started FGS: Allowed [callingPackage: com.dangbei.screencast; callingUid: 10020; uidState: FGS ; intent: Intent { cmp=com.dangbei.screencast/.huaweicast.service.HuaweiCastService }; code:PROC_STATE_FGS; tempAllowListReason:<null>; targetSdkVersion:28; callerTargetSdkVersion:28; startForegroundCount:0; bindFromPackage:null]
06-06 13:42:42.030  1257  1257 E H264FrameQueue: H264FrameQueue: mFullQueueCount:200
06-06 13:42:42.052  1100  1676 D wenhc   : getScreenInfo uri = content://com.dangbei.screencast.parts.info/screen_cast
06-06 13:42:42.146  1359  1359 D RockyVoice: RestartReceiver   onReceive
06-06 13:42:42.148  1257  1257 E HuaweiCastService: onCreate called().
06-06 13:42:42.152   475  1350 D CompatibilityChangeReporter: Compat change id reported: 135634846; UID 10029; state: DISABLED
06-06 13:42:42.152   475  1350 D CompatibilityChangeReporter: Compat change id reported: 177438394; UID 10029; state: DISABLED
06-06 13:42:42.152   475  1350 D CompatibilityChangeReporter: Compat change id reported: 135772972; UID 10029; state: DISABLED
06-06 13:42:42.152   475  1350 D CompatibilityChangeReporter: Compat change id reported: 135754954; UID 10029; state: ENABLED
06-06 13:42:42.153   475   539 D CompatibilityChangeReporter: Compat change id reported: 143937733; UID 10029; state: ENABLED
06-06 13:42:42.162  1257  1257 E PlayerClient: registerCallback com.dangbei.screencast.huaweicast.service.HuaweiCastService$a@be936f3
06-06 13:42:42.162  1257  1257 D PlayerClient: registerCallback true
06-06 13:42:42.162  1257  1257 D PlayerClient: init.
06-06 13:42:42.165  1257  1257 W KIT_FWK_a: KitFwk is not installed, pls do not use related interfaces.
06-06 13:42:42.170  1257  1257 W KIT_FWK_a: KitFwk is not installed, pls do not use related interfaces.
06-06 13:42:42.170  1257  1257 E PlayerClient: bind player service by aar.
06-06 13:42:42.183   475   499 I WifiService: acquireMulticastLock uid=10020
06-06 13:42:42.184   243   243 D Zygote  : Forked child process 2424
06-06 13:42:42.190   475   539 I ActivityManager: app.processName = com.android.externalstorage
06-06 13:42:42.190   475   539 I ActivityManager: Start proc 2424:com.android.externalstorage/u0a29 for broadcast {com.android.externalstorage/com.android.externalstorage.MountReceiver}
06-06 13:42:42.193   475   499 I WifiService: acquireMulticastLock uid=10020
06-06 13:42:42.204  2424  2424 I Zygote  : seccomp disabled by setenforce 0
06-06 13:42:42.291   396   407 I adbd    : jdwp connection from 2424
06-06 13:42:42.298  1257  1257 D PlayerClient: bind player sink service true
06-06 13:42:42.301   475   749 W ActivityManager: Foreground service started from background can not have location/camera/microphone access: service com.dangbei.screencast/.huaweicast.service.HuaweiCastService
06-06 13:42:42.306  1257  1257 E HuaweiCastService: startForeground!
06-06 13:42:42.318  1257  1257 E HuaweiCastService: onStartCommand in 0
06-06 13:42:42.325  1257  1281 I gbei.screencas: Background concurrent copying GC freed 14489(1308KB) AllocSpace objects, 6(184KB) LOS objects, 49% free, 4182KB/8364KB, paused 130us total 240.409ms
01-01 08:00:33.678   381   381 I         : DVI mode selected: packets not configured
01-01 08:00:33.678   381   381 I         : Error: set vsif failed
06-06 13:42:42.339   475   749 D CompatibilityChangeReporter: Compat change id reported: 168419799; UID 10029; state: DISABLED
06-06 13:42:42.340  2264  2433 I System.out: true
06-06 13:42:42.351  1257  1257 D HiSight-SinkService: onCreate.
06-06 13:42:42.354  1257  1257 D HiSight-ConnectionManager: start ConnectionManager
06-06 13:42:42.367  1257  1257 D HiSight-SinkService: onBind.
06-06 13:42:42.379  2424  2424 D CompatibilityChangeReporter: Compat change id reported: 171979766; UID 10029; state: ENABLED
06-06 13:42:42.381  1257  1257 D PlayerClient: service connected.
06-06 13:42:42.381  1257  1257 D HiSight-SinkService: ITaskBinder registerCallback: true
06-06 13:42:42.382  1257  1257 D HiSight-HiSightManager: ITaskBinder registerCallback.
06-06 13:42:42.382  1257  1257 D HiSight-CallbackManager: addNewCallback. com.dangbei.screencast.huaweicast.service.HuaweiCastService$a@be936f3
06-06 13:42:42.383  1257  1257 E HuaweiCastService: eventId: 4001
06-06 13:42:42.387  1257  1257 E HuaweiCastService: mPlayerClient is null.
06-06 13:42:42.388  1257  1257 D HiSight-HiSightManager: check capability vbr range not setting, using default value
06-06 13:42:42.388  1257  1257 E HuaweiCastService: mPlayerClient is null.
06-06 13:42:42.389  1257  1257 D HiSight-SinkService: setAuthMode
06-06 13:42:42.389  1257  1257 W HiSight-ConnectionManager: mSinkId is empty
06-06 13:42:42.390   475   519 W IorapForwardingService: No service published for: iorapd
06-06 13:42:42.406  1100  1110 I d.leradlaunche: Background young concurrent copying GC freed 75851(5146KB) AllocSpace objects, 153(4732KB) LOS objects, 14% free, 22MB/26MB, paused 6.521ms total 896.422ms
06-06 13:42:42.453  2424  2424 V GraphicsEnvironment: ANGLE Developer option for 'com.android.externalstorage' set to: 'default'
06-06 13:42:42.453  2424  2424 V GraphicsEnvironment: Neither updatable production driver nor prerelease driver is supported.
06-06 13:42:42.455  2424  2424 D NetworkSecurityConfig: No Network Security Config specified, using platform default
06-06 13:42:42.455  2424  2424 D NetworkSecurityConfig: No Network Security Config specified, using platform default
06-06 13:42:42.468  2424  2424 D ExternalStorage: After updating volumes, found 1 active roots
06-06 13:42:42.470  2264  2315 I System.out: true
06-06 13:42:42.477  2424  2424 D ExternalStorage: After updating volumes, found 1 active roots
06-06 13:42:42.489   835   835 E DiskReceiver: Missing fsUuid, not launching activity.
06-06 13:42:42.491   475   749 I ActivityManager: com.tv.filemanager.os is exempt from freezer
06-06 13:42:42.491   475   749 D CompatibilityChangeReporter: Compat change id reported: 135634846; UID 10039; state: DISABLED
06-06 13:42:42.491   475   749 D CompatibilityChangeReporter: Compat change id reported: 177438394; UID 10039; state: DISABLED
06-06 13:42:42.491   475   749 D CompatibilityChangeReporter: Compat change id reported: 135772972; UID 10039; state: DISABLED
06-06 13:42:42.491   475   749 D CompatibilityChangeReporter: Compat change id reported: 135754954; UID 10039; state: DISABLED
06-06 13:42:42.492   475   539 D CompatibilityChangeReporter: Compat change id reported: 143937733; UID 10039; state: DISABLED
06-06 13:42:42.509   243   243 D Zygote  : Forked child process 2460
06-06 13:42:42.515   475   539 I ActivityManager: app.processName = com.tv.filemanager.os
06-06 13:42:42.515   475   539 I ActivityManager: Start proc 2460:com.tv.filemanager.os/u0a39 for broadcast {com.tv.filemanager.os/com.dangbei.lerad.filemanager.receives.USBReceiver}
06-06 13:42:42.518  2460  2460 I Zygote  : seccomp disabled by setenforce 0
06-06 13:42:42.541   396   407 I adbd    : jdwp connection from 2460
06-06 13:42:42.566   475   749 D CompatibilityChangeReporter: Compat change id reported: 168419799; UID 10039; state: DISABLED
06-06 13:42:42.572  1992  1992 I rainbow_flow: type=1400 audit(0.0:972): avc: denied { ioctl } for path="/dev/spidev1.0" dev="tmpfs" ino=5830 ioctlcmd=0x6b00 scontext=u:r:init:s0 tcontext=u:object_r:device:s0 tclass=chr_file permissive=1
06-06 13:42:42.576  2460  2460 D CompatibilityChangeReporter: Compat change id reported: 171979766; UID 10039; state: DISABLED
06-06 13:42:42.585  2460  2460 D ApplicationLoaders: Returning zygote-cached class loader: /system/framework/android.test.base.jar
06-06 13:42:42.672   263   263 I EventThread: type=1400 audit(0.0:973): avc: denied { search } for name="extcon" dev="sysfs" ino=18109 scontext=u:r:hal_tv_cec_default:s0 tcontext=u:object_r:sysfs_extcon:s0 tclass=dir permissive=1
06-06 13:42:42.688  2264  2275 W System  : A resource failed to call close. 
06-06 13:42:42.748  2460  2460 V GraphicsEnvironment: ANGLE Developer option for 'com.tv.filemanager.os' set to: 'default'
06-06 13:42:42.748  2460  2460 V GraphicsEnvironment: Neither updatable production driver nor prerelease driver is supported.
06-06 13:42:42.750  2460  2460 D NetworkSecurityConfig: No Network Security Config specified, using platform default
06-06 13:42:42.751  2460  2460 D NetworkSecurityConfig: No Network Security Config specified, using platform default
06-06 13:42:42.753  2460  2460 I MultiDex: VM with version 2.1.0 has multidex support
06-06 13:42:42.753  2460  2460 I MultiDex: Installing application
06-06 13:42:42.753  2460  2460 I MultiDex: VM has multidex support, MultiDex support library is disabled.
06-06 13:42:42.796  2460  2460 I MultiDex: Installing application
06-06 13:42:42.796  2460  2460 I MultiDex: VM has multidex support, MultiDex support library is disabled.
06-06 13:42:42.799  2460  2460 W .filemanager.o: Accessing hidden field Landroid/app/ActivityThread;->mHiddenApiWarningShown:Z (max-target-o, reflection, denied)
06-06 13:42:42.800  2460  2460 W System.err: java.lang.NoSuchFieldException: No field mHiddenApiWarningShown in class Landroid/app/ActivityThread; (declaration of 'android.app.ActivityThread' appears in /system/framework/framework.jar)
06-06 13:42:42.800  2460  2460 W System.err: 	at java.lang.Class.getDeclaredField(Native Method)
06-06 13:42:42.800  2460  2460 W System.err: 	at com.dangbei.lerad.filemanager.application.App.disableAPIDialog(App.java:166)
06-06 13:42:42.800  2460  2460 W System.err: 	at com.dangbei.lerad.filemanager.application.App.onCreate(App.java:95)
06-06 13:42:42.800  2460  2460 W System.err: 	at android.app.Instrumentation.callApplicationOnCreate(Instrumentation.java:1211)
06-06 13:42:42.800  2460  2460 W System.err: 	at android.app.ActivityThread.handleBindApplication(ActivityThread.java:6740)
06-06 13:42:42.800  2460  2460 W System.err: 	at android.app.ActivityThread.access$1500(ActivityThread.java:247)
06-06 13:42:42.800  2460  2460 W System.err: 	at android.app.ActivityThread$H.handleMessage(ActivityThread.java:2053)
06-06 13:42:42.800  2460  2460 W System.err: 	at android.os.Handler.dispatchMessage(Handler.java:106)
06-06 13:42:42.800  2460  2460 W System.err: 	at android.os.Looper.loopOnce(Looper.java:201)
06-06 13:42:42.800  2460  2460 W System.err: 	at android.os.Looper.loop(Looper.java:288)
06-06 13:42:42.800  2460  2460 W System.err: 	at android.app.ActivityThread.main(ActivityThread.java:7854)
06-06 13:42:42.800  2460  2460 W System.err: 	at java.lang.reflect.Method.invoke(Native Method)
06-06 13:42:42.800  2460  2460 W System.err: 	at com.android.internal.os.RuntimeInit$MethodAndArgsCaller.run(RuntimeInit.java:548)
06-06 13:42:42.800  2460  2460 W System.err: 	at com.android.internal.os.ZygoteInit.main(ZygoteInit.java:1182)
06-06 13:42:42.847  2460  2460 E ActivityThread: Failed to find provider info for lerad.provider.etna
06-06 13:42:42.894  2460  2460 D USBReceiver: usb > onReceive: action = android.intent.action.MEDIA_MOUNTED
06-06 13:42:42.898  1100  1676 E hq      : ErrorCoroutineExceptionHandler:::runTry error:com.dangbei.leard.base.proider.error.EmptyApiException: 数据为空  from=requestMessageDialog  from=requestMessageDialog
06-06 13:42:42.940   475   749 I ActivityManager: Killing 1069:com.android.traceur/u0a13 (adj 975): empty #17
06-06 13:42:42.987   243   243 I Zygote  : Process 1069 exited due to signal 9 (Killed)
06-06 13:42:42.990   475   540 I libprocessgroup: Successfully killed process cgroup uid 10013 pid 1069 in 43ms
06-06 13:42:43.042   475  1350 I ActivityManager: com.oranth.usbopenft is exempt from freezer
06-06 13:42:43.044   475  1350 D CompatibilityChangeReporter: Compat change id reported: 135634846; UID 1000; state: DISABLED
06-06 13:42:43.056  1257  1257 I CrashSDKNormalH: type=1400 audit(0.0:974): avc: denied { open } for path="/data/user/0/com.dangbei.screencast/crashsdk/tags/dt.wa" dev="mmcblk0p25" ino=2270 scontext=u:r:platform_app:s0:c512,c768 tcontext=u:object_r:app_data_file:s0:c512,c768 tclass=file permissive=1 app=com.dangbei.screencast
06-06 13:42:43.068  1257  1257 I CrashSDKNormalH: type=1400 audit(0.0:975): avc: denied { lock } for path="/data/user/0/com.dangbei.screencast/crashsdk/tags/dt.wa" dev="mmcblk0p25" ino=2270 scontext=u:r:platform_app:s0:c512,c768 tcontext=u:object_r:app_data_file:s0:c512,c768 tclass=file permissive=1 app=com.dangbei.screencast
06-06 13:42:43.071  1043  1424 I MediaProvider: Begin Intent { act=android.intent.action.MEDIA_MOUNTED dat=file:///storage/emulated/0 flg=0x5000010 cmp=com.android.providers.media.module/com.android.providers.media.MediaService (has extras) }
06-06 13:42:43.072  1043  1424 I MediaProvider: Volume MediaVolume name: [external_primary] id: [emulated;0] user: [UserHandle{0}] path: [/storage/emulated/0] already attached
06-06 13:42:43.072  1043  1424 I MediaProvider: End Intent { act=android.intent.action.MEDIA_MOUNTED dat=file:///storage/emulated/0 flg=0x5000010 cmp=com.android.providers.media.module/com.android.providers.media.MediaService (has extras) }
06-06 13:42:43.080   243   243 D Zygote  : Forked child process 2493
06-06 13:42:43.087   475   539 I ActivityManager: app.processName = com.oranth.usbopenft
06-06 13:42:43.087   475   539 I ActivityManager: Start proc 2493:com.oranth.usbopenft/1000 for broadcast {com.oranth.usbopenft/com.oranth.usbopenft.UsbReceiver}
06-06 13:42:43.089  2493  2493 I Zygote  : seccomp disabled by setenforce 0
06-06 13:42:43.120   396   407 I adbd    : jdwp connection from 2493
06-06 13:42:43.133  1100  1676 E hq      : Etna:::getFindLookupControllerState  isConnect=true
06-06 13:42:43.133  1100  1676 E Etna    : getFindLookupControllerState1111111
06-06 13:42:43.139  1100  1676 E hq      : Etna:::getFindLookupControllerState valueStr=1
06-06 13:42:43.143  1100  1676 E hq      : LookupControler:::isLookupController=true
06-06 13:42:43.143  1100  1676 I hq      : LookupControler:::time=110000
06-06 13:42:43.158  2493  2493 D CompatibilityChangeReporter: Compat change id reported: 171979766; UID 1000; state: ENABLED
06-06 13:42:43.190  2493  2493 V GraphicsEnvironment: ANGLE Developer option for 'com.oranth.usbopenft' set to: 'default'
06-06 13:42:43.190  2493  2493 V GraphicsEnvironment: Neither updatable production driver nor prerelease driver is supported.
06-06 13:42:43.192  2493  2493 D NetworkSecurityConfig: No Network Security Config specified, using platform default
06-06 13:42:43.193  2493  2493 D NetworkSecurityConfig: No Network Security Config specified, using platform default
06-06 13:42:43.203  2424  2424 D ExternalStorage: After updating volumes, found 1 active roots
06-06 13:42:43.206   475  1350 I ActivityManager: Killing 1120:com.android.keychain/1000 (adj 985): empty #17
06-06 13:42:43.212   835   835 D DiskReceiver: Scanning volume: VolumeInfo{emulated;0}:
06-06 13:42:43.212   835   835 D DiskReceiver:     type=EMULATED diskId=null partGuid= mountFlags=PRIMARY|VISIBLE 
06-06 13:42:43.212   835   835 D DiskReceiver:     mountUserId=0 state=MOUNTED 
06-06 13:42:43.212   835   835 D DiskReceiver:     fsType=null fsUuid=null fsLabel=null 
06-06 13:42:43.212   835   835 D DiskReceiver:     path=/storage/emulated internalPath=/data/media 
06-06 13:42:43.218  2460  2460 D USBReceiver: usb > onReceive: action = android.intent.action.MEDIA_MOUNTED
06-06 13:42:43.241   243   243 I Zygote  : Process 1120 exited due to signal 9 (Killed)
06-06 13:42:43.254   475   540 I libprocessgroup: Successfully killed process cgroup uid 1000 pid 1120 in 45ms
06-06 13:42:43.269   475   499 W BroadcastQueue: Target SDK mismatch: receiver ActivityInfo{fac8e79 com.dangbei.screencast.startup.BootReceiver} targets 28 but delivery restricted to [0, 23] broadcasting Intent { act=android.net.conn.CONNECTIVITY_CHANGE flg=0x4200010 (has extras) } from android (pid=475, uid=1000) to com.dangbei.screencast/.startup.BootReceiver
06-06 13:42:43.269  1043  1424 I MediaProvider: Begin Intent { act=android.intent.action.MEDIA_MOUNTED dat=file:///storage/emulated/0 flg=0x5000010 cmp=com.android.providers.media.module/com.android.providers.media.MediaService (has extras) }
06-06 13:42:43.270  1043  1424 I MediaProvider: Volume MediaVolume name: [external_primary] id: [emulated;0] user: [UserHandle{0}] path: [/storage/emulated/0] already attached
06-06 13:42:43.270  1043  1424 I MediaProvider: End Intent { act=android.intent.action.MEDIA_MOUNTED dat=file:///storage/emulated/0 flg=0x5000010 cmp=com.android.providers.media.module/com.android.providers.media.MediaService (has extras) }
06-06 13:42:43.270   475   538 W BroadcastQueue: Target SDK mismatch: receiver ActivityInfo{a77b7be com.dangbei.euthenia.receiver.NetworkChangeReceiver} targets 26 but delivery restricted to [0, 23] broadcasting Intent { act=android.net.conn.CONNECTIVITY_CHANGE flg=0x4200010 (has extras) } from android (pid=475, uid=1000) to com.dangbei.lerad.videoposter/com.dangbei.euthenia.receiver.NetworkChangeReceiver
06-06 13:42:43.271  1100  1110 I d.leradlaunche: Background concurrent copying GC freed 69061(2919KB) AllocSpace objects, 136(5636KB) LOS objects, 50% free, 22MB/45MB, paused 315us total 464.933ms
06-06 13:42:43.271   475   538 W BroadcastQueue: Target SDK mismatch: receiver ActivityInfo{9e9501f com.dangbei.screencast.startup.BootReceiver} targets 28 but delivery restricted to [0, 23] broadcasting Intent { act=android.net.conn.CONNECTIVITY_CHANGE flg=0x4200010 (has extras) } from android (pid=475, uid=1000) to com.dangbei.screencast/.startup.BootReceiver
06-06 13:42:43.276   475   538 W BroadcastQueue: Target SDK mismatch: receiver ActivityInfo{5babf6c com.dangbei.euthenia.receiver.NetworkChangeReceiver} targets 26 but delivery restricted to [0, 23] broadcasting Intent { act=android.net.conn.CONNECTIVITY_CHANGE flg=0x4200010 (has extras) } from android (pid=475, uid=1000) to com.dangbei.lerad.videoposter/com.dangbei.euthenia.receiver.NetworkChangeReceiver
06-06 13:42:43.281   475   538 D CompatibilityChangeReporter: Compat change id reported: 168419799; UID 10017; state: DISABLED
06-06 13:42:43.280  2515  2515 I Thread-2: type=1400 audit(0.0:976): avc: denied { execute } for name="am" dev="dm-1" ino=1160 scontext=u:r:system_app:s0 tcontext=u:object_r:vendor_file:s0 tclass=file permissive=1
01-01 08:00:34.626  2515  2515 W audit   : audit_lost=528 audit_rate_limit=5 audit_backlog_limit=64
01-01 08:00:34.626  2515  2515 E audit   : rate limit exceeded
06-06 13:42:43.348  1142  1142 D aaa     : LedStatusService onStartCommand begin
06-06 13:42:43.351  1200  1200 D bbb     : onStartCommand begin !!!!!!! data分区剩余 24968MB
06-06 13:42:43.353  1142  2527 D aaa     : topPkg is -------------- :com.dangbei.leard.leradlauncher
06-06 13:42:43.354   475   749 D CompatibilityChangeReporter: Compat change id reported: 171306433; UID 1000; state: ENABLED
06-06 13:42:43.362  1142  2527 D aaa     : WiFi is connect 
06-06 13:42:43.392   475   519 W IorapForwardingService: No service published for: iorapd
06-06 13:42:43.435  2351  2363 W System  : A resource failed to call close. 
06-06 13:42:43.437  2351  2363 W System  : A resource failed to call close. 
06-06 13:42:44.044  1992  1992 I rainbow_flow: type=1400 audit(0.0:979): avc: denied { ioctl } for path="/dev/spidev1.0" dev="tmpfs" ino=5830 ioctlcmd=0x6b00 scontext=u:r:init:s0 tcontext=u:object_r:device:s0 tclass=chr_file permissive=1
01-01 08:00:35.429   381   381 I         : DVI mode selected: packets not configured
01-01 08:00:35.429   381   381 I         : Error: set vsif failed
01-01 08:00:35.468   381   381 I         : DVI mode selected: packets not configured
01-01 08:00:35.468   381   381 I         : Error: set vsif failed
01-01 08:00:35.485   381   381 I         : DVI mode selected: packets not configured
01-01 08:00:35.485   381   381 I         : Error: set vsif failed
06-06 13:42:44.172   263   263 I EventThread: type=1400 audit(0.0:980): avc: denied { search } for name="extcon" dev="sysfs" ino=18109 scontext=u:r:hal_tv_cec_default:s0 tcontext=u:object_r:sysfs_extcon:s0 tclass=dir permissive=1
06-06 13:42:44.394   475   519 W IorapForwardingService: No service published for: iorapd
06-06 13:42:44.411   657   657 E WifiHAL : wifi_get_link_stats: requestResponse Error:-5
06-06 13:42:44.413   475   607 E WifiVendorHal: getWifiLinkLayerStats_1_5_Internal(l.1191) failed {.code = ERROR_INVALID_ARGS, .description = }
01-01 08:00:36.019  1534  1534 W audit   : audit_lost=530 audit_rate_limit=5 audit_backlog_limit=64
01-01 08:00:36.019  1534  1534 E audit   : rate limit exceeded
06-06 13:42:44.672  1257  1257 I efs-base: type=1400 audit(0.0:981): avc: denied { search } for name="com.dangbei.screencast" dev="mmcblk0p25" ino=890 scontext=u:r:platform_app:s0:c512,c768 tcontext=u:object_r:app_data_file:s0:c512,c768 tclass=dir permissive=1 app=com.dangbei.screencast
06-06 13:42:44.672  1257  1257 I efs-base: type=1400 audit(0.0:982): avc: denied { getattr } for path="/data/user/0/com.dangbei.screencast/app_UApm/5fc60c21094d637f3130af19/ready" dev="mmcblk0p25" ino=2089 scontext=u:r:platform_app:s0:c512,c768 tcontext=u:object_r:app_data_file:s0:c512,c768 tclass=dir permissive=1 app=com.dangbei.screencast
06-06 13:42:44.672  1257  1257 I efs-base: type=1400 audit(0.0:983): avc: denied { read } for name="ready" dev="mmcblk0p25" ino=2089 scontext=u:r:platform_app:s0:c512,c768 tcontext=u:object_r:app_data_file:s0:c512,c768 tclass=dir permissive=1 app=com.dangbei.screencast
06-06 13:42:44.710  1257  1673 I efs.base: lt=event`ev_ct=efs_core`ev_ac=log_lag`tm=2025-06-06 13:42:70`dn=771f93e8-8eaa-49df-8b16-e1b19b668479`ps=com.dangbei.screencast`um_os=android`stime=1749188553652`pid=1257`fr=android`pkg=com.dangbei.screencast`vcode=20830`dsp_w=1920`uid=771f93e8-8eaa-49df-8b16-e1b19b668479`rom=12`wid=771f93e8-8eaa-49df-8b16-e1b19b668479`um_app_carrier=`um_access=unknow`um_app_channel=os`um_crash_sdk_version=1.4.0`ctime=1749188564`model=dbbox-a2`lang=zh`net=wifi`brand=dangbei`dsp_h=1080`um_network_type=0`ver=v2.8.3`cnt=8`build_model=DBBOX-A2`w_tm=1749188564`appid=5fc60c21094d637f3130af19`um_umid_header=ai4e7fa82b434271882c971661bb5632b7`sdk=31`tzone=Asia/Shanghai`sdk_ver=1.3.6.umeng
06-06 13:42:44.911  1257  1673 I efs.base: wa upload succ, HttpResponse {succ=true, code=200, data='暂不支持该服务', extra={req_url=https://errlog.umeng.com/api/crashsdk/logcollect}}
06-06 13:42:44.915  1257  1689 I efs.base: wa upload succ, HttpResponse {succ=true, code=200, data='暂不支持该服务', extra={req_url=https://errlog.umeng.com/api/crashsdk/logcollect}}
06-06 13:42:45.280  1257  1689 I efs.base: wa upload succ, HttpResponse {succ=true, code=200, data='暂不支持该服务', extra={req_url=https://errlog.umeng.com/api/crashsdk/logcollect}}
06-06 13:42:45.283  1257  1673 I efs.base: wa upload succ, HttpResponse {succ=true, code=200, data='暂不支持该服务', extra={req_url=https://errlog.umeng.com/api/crashsdk/logcollect}}
06-06 13:42:45.396   475   519 W IorapForwardingService: No service published for: iorapd
06-06 13:42:45.510  1257  1689 I efs.base: wa upload succ, HttpResponse {succ=true, code=200, data='暂不支持该服务', extra={req_url=https://errlog.umeng.com/api/crashsdk/logcollect}}
06-06 13:42:45.921  1257  1689 I efs.base: wa upload succ, HttpResponse {succ=true, code=200, data='暂不支持该服务', extra={req_url=https://errlog.umeng.com/api/crashsdk/logcollect}}
06-06 13:42:46.134  1257  1673 I efs.base: wa upload succ, HttpResponse {succ=true, code=200, data='暂不支持该服务', extra={req_url=https://errlog.umeng.com/api/crashsdk/logcollect}}
06-06 13:42:46.398   475   519 W IorapForwardingService: No service published for: iorapd
06-06 13:42:46.562   475   752 D SntpClient: request time failed: java.net.SocketTimeoutException: Poll timed out
06-06 13:42:46.964  1047  1047 I DefaultDispatch: type=1400 audit(0.0:992): avc: denied { read } for name="devices" dev="proc" ino=4026532014 scontext=u:r:system_app:s0 tcontext=u:object_r:proc:s0 tclass=file permissive=1
06-06 13:42:46.964  1047  1047 I DefaultDispatch: type=1400 audit(0.0:993): avc: denied { open } for path="/proc/bus/input/devices" dev="proc" ino=4026532014 scontext=u:r:system_app:s0 tcontext=u:object_r:proc:s0 tclass=file permissive=1
06-06 13:42:46.964  1047  1047 I DefaultDispatch: type=1400 audit(0.0:994): avc: denied { getattr } for path="/proc/bus/input/devices" dev="proc" ino=4026532014 scontext=u:r:system_app:s0 tcontext=u:object_r:proc:s0 tclass=file permissive=1
06-06 13:42:46.967  1047  1964 E RCInfo  : vid:
06-06 13:42:46.967  1047  1964 E RCInfo  : pid:
06-06 13:42:46.968  1047  1964 E RCInfo  : vid:
06-06 13:42:46.968  1047  1964 E RCInfo  : pid:
06-06 13:42:46.982   475   499 I WifiService: releaseMulticastLock uid=10020
06-06 13:42:46.985   475   749 I WifiService: releaseMulticastLock uid=10020
06-06 13:42:47.002  1257  1257 D HiSight-SinkService: setDiscoverable true
06-06 13:42:47.004  1100  1676 D wenhc   : getScreenInfo uri = content://com.dangbei.screencast.parts.info/screen_cast
06-06 13:42:47.004  1257  1257 D NearFieldManager: init.
06-06 13:42:47.004  1257  1257 D NearFieldManager: try check dmsdp
06-06 13:42:47.015  1257  1257 D NearFieldManager: package not exist
06-06 13:42:47.018   475   749 D CompatibilityChangeReporter: Compat change id reported: 135634846; UID 10020; state: DISABLED
06-06 13:42:47.019   475   539 D CompatibilityChangeReporter: Compat change id reported: 143937733; UID 10020; state: DISABLED
06-06 13:42:47.020  1257  1257 D NearFieldManager: bind nearfield service true
06-06 13:42:47.031  1257  1257 D NearFieldManager: registerCallback true
06-06 13:42:47.031  1257  1257 D HiSight-Discovery: set deviceInfo type:46
06-06 13:42:47.031  1257  1257 D HiSight-Discovery: startAdvertise 1
06-06 13:42:47.036   243   243 D Zygote  : Forked child process 2552
06-06 13:42:47.037   475   539 I ActivityManager: app.processName = com.huawei.connection
06-06 13:42:47.037   475   539 I ActivityManager: Start proc 2552:com.huawei.connection/u0a20 for service {com.dangbei.screencast/com.huawei.connection.service.NearFieldManagerService}
06-06 13:42:47.044  2552  2552 I Zygote  : seccomp disabled by setenforce 0
06-06 13:42:47.063   396   407 I adbd    : jdwp connection from 2552
01-01 08:00:38.426   381   381 W hdr10p_Configure: 33 callbacks suppressed
01-01 08:00:38.426   381   381 I         : DVI mode selected: packets not configured
01-01 08:00:38.426   381   381 W set_vsif_config: 33 callbacks suppressed
01-01 08:00:38.426   381   381 I         : Error: set vsif failed
01-01 08:00:38.444   381   381 I         : DVI mode selected: packets not configured
01-01 08:00:38.444   381   381 I         : Error: set vsif failed
01-01 08:00:38.460   381   381 I         : DVI mode selected: packets not configured
01-01 08:00:38.460   381   381 I         : Error: set vsif failed
06-06 13:42:47.134  2552  2552 D CompatibilityChangeReporter: Compat change id reported: 171979766; UID 10020; state: DISABLED
06-06 13:42:47.140  1257  1689 I efs.base: wa upload succ, HttpResponse {succ=true, code=200, data='暂不支持该服务', extra={req_url=https://errlog.umeng.com/api/crashsdk/logcollect}}
01-01 08:00:38.476   381   381 I         : DVI mode selected: packets not configured
01-01 08:00:38.476   381   381 I         : Error: set vsif failed
01-01 08:00:38.483  1689  1689 W audit   : audit_lost=538 audit_rate_limit=5 audit_backlog_limit=64
01-01 08:00:38.483  1689  1689 E audit   : rate limit exceeded
06-06 13:42:47.146  2552  2552 D ApplicationLoaders: Returning zygote-cached class loader: /system/framework/android.test.base.jar
06-06 13:42:47.146  2552  2552 D ApplicationLoaders: Returning zygote-cached class loader: /system/framework/android.hidl.manager-V1.0-java.jar
06-06 13:42:47.146  2552  2552 D ApplicationLoaders: Returning zygote-cached class loader: /system/framework/android.hidl.base-V1.0-java.jar
01-01 08:00:38.491   381   381 I         : DVI mode selected: packets not configured
01-01 08:00:38.491   381   381 I         : Error: set vsif failed
06-06 13:42:47.136  1257  1257 I pool-3-thread-2: type=1400 audit(0.0:995): avc: denied { search } for name="com.dangbei.screencast" dev="mmcblk0p25" ino=890 scontext=u:r:platform_app:s0:c512,c768 tcontext=u:object_r:app_data_file:s0:c512,c768 tclass=dir permissive=1 app=com.dangbei.screencast
06-06 13:42:47.136  1257  1257 I pool-3-thread-2: type=1400 audit(0.0:996): avc: denied { write } for name="upload" dev="mmcblk0p25" ino=2372 scontext=u:r:platform_app:s0:c512,c768 tcontext=u:object_r:app_data_file:s0:c512,c768 tclass=dir permissive=1 app=com.dangbei.screencast
01-01 08:00:38.515   381   381 I         : DVI mode selected: packets not configured
01-01 08:00:38.515   381   381 I         : Error: set vsif failed
06-06 13:42:47.177  2552  2552 V GraphicsEnvironment: ANGLE Developer option for 'com.dangbei.screencast' set to: 'default'
06-06 13:42:47.178  2552  2552 V GraphicsEnvironment: Neither updatable production driver nor prerelease driver is supported.
06-06 13:42:47.180  2552  2552 D NetworkSecurityConfig: Using Network Security Config from resource network_security_config debugBuild: false
06-06 13:42:47.185  2552  2552 D NetworkSecurityConfig: Using Network Security Config from resource network_security_config debugBuild: false
06-06 13:42:47.188  2552  2552 I MultiDex: VM with version 2.1.0 has multidex support
06-06 13:42:47.188  2552  2552 I MultiDex: Installing application
06-06 13:42:47.188  2552  2552 I MultiDex: VM has multidex support, MultiDex support library is disabled.
01-01 08:00:38.531   381   381 I         : DVI mode selected: packets not configured
01-01 08:00:38.531   381   381 I         : Error: set vsif failed
01-01 08:00:38.547   381   381 I         : DVI mode selected: packets not configured
01-01 08:00:38.547   381   381 I         : Error: set vsif failed
01-01 08:00:38.558   381   381 I         : DVI mode selected: packets not configured
01-01 08:00:38.558   381   381 I         : Error: set vsif failed
01-01 08:00:38.575   381   381 I         : DVI mode selected: packets not configured
01-01 08:00:38.575   381   381 I         : Error: set vsif failed
06-06 13:42:47.307  2552  2589 I crashsdk: version unique build id: 6230cced
06-06 13:42:47.316  2552  2590 D crashsdk: Native log stat thread 2590 setup, waiting
06-06 13:42:47.319  2552  2574 I crashsdk: begin hack android.os.Process
06-06 13:42:47.319  2552  2574 I crashsdk: end hack android.os.Process
06-06 13:42:47.344  2552  2552 I TDLog   :  setReportUncaughtExceptions: true
06-06 13:42:47.349  2552  2552 E Application: onCreate:Version:v2.8.3/20830/883432e
06-06 13:42:47.387  2552  2574 I Matrix.AnrTracer: anrTrace, final mAnrBeatTime:400, mAnrBeatRate:400
06-06 13:42:47.394  2552  2574 E LaunchManager: Non main process !
06-06 13:42:47.395  2552  2574 W System.err: java.lang.NullPointerException: Attempt to invoke virtual method 'boolean com.efs.sdk.launch.LaunchConfigManager.enableTracer()' on a null object reference
06-06 13:42:47.395  2552  2574 W System.err: 	at com.umeng.umcrash.UMCrash.init(Unknown Source:403)
06-06 13:42:47.395  2552  2574 W System.err: 	at java.lang.reflect.Method.invoke(Native Method)
06-06 13:42:47.395  2552  2574 W System.err: 	at com.umeng.commonsdk.UMConfigure.init(Unknown Source:811)
06-06 13:42:47.395  2552  2574 W System.err: 	at b.f.f.b.a(:4)
06-06 13:42:47.395  2552  2574 W System.err: 	at h.o.a.run(Unknown Source:2)
06-06 13:42:47.402   475   519 W IorapForwardingService: No service published for: iorapd
06-06 13:42:47.403  2552  2595 W efs.send_log: tryFileLock start! 
06-06 13:42:47.424  2552  2552 D NearFieldManagerService: NearFieldManagerService.
06-06 13:42:47.425  2552  2552 D NearFieldManagerService: onCreate, enter.
06-06 13:42:47.426  2552  2552 I NearFieldManagerService: onBind, enter.
06-06 13:42:47.426  2552  2552 D NearFieldManagerService: initService
06-06 13:42:47.426  2552  2552 D NearFieldManagerService: NearField starting...
06-06 13:42:47.427  2552  2552 D NearFieldUtils: checkSystemProperty in
06-06 13:42:47.428  2552  2552 D NearFieldUtils: checkSystemProperty: systemProperties:
06-06 13:42:47.428  2552  2552 E NearFieldUtils: validProperty: priority is null
06-06 13:42:47.428   657   657 E WifiHAL : wifi_get_link_stats: requestResponse Error:-5
06-06 13:42:47.438  1257  1257 D NearFieldManager: service connected.
06-06 13:42:47.439  1257  1257 D HiSight-Discovery: eventId: 4001
06-06 13:42:47.440   475   607 E WifiVendorHal: getWifiLinkLayerStats_1_5_Internal(l.1191) failed {.code = ERROR_INVALID_ARGS, .description = }
06-06 13:42:47.442  1257  2551 D HiSight-Discovery: msg 4001
06-06 13:42:47.442  1257  2551 D HiSight-Discovery: bind success, status Ready
06-06 13:42:47.442  1257  2551 D HiSight-Discovery: startAdvertise 2
06-06 13:42:47.442  2552  2552 I crashsdk: Catcher mask: 5000, 20480
06-06 13:42:47.442  1257  2551 D HiSight-Discovery: stopAdvertise.
06-06 13:42:47.442  1257  2551 D HiSight-Discovery: nearFieldStartListen deviceType 46
06-06 13:42:47.443  2552  2552 I crashsdk: Catcher thread 2558
06-06 13:42:47.443  2552  2552 D crashsdk: Register ANR handler ...
06-06 13:42:47.444  2552  2568 I NearFieldManagerImpl: setDeviceInfo, sDeviceId changes
06-06 13:42:47.445  2552  2568 I NearFieldManagerImpl: setDeviceInfo, sDeviceName changes
06-06 13:42:47.445  2552  2568 D NearFieldManagerImpl: setServiceData, sServiceData=[], serviceData=[32]
06-06 13:42:47.445  1257  2551 E NearFieldManager: setIdnNetworkPriority: networkPortPriority is empty
06-06 13:42:47.446  1257  2551 D NearFieldManager: StartListen moduleId: CastPlusDiscoveryModule
06-06 13:42:47.451  2552  2552 D NearFieldManagerImpl: onReceive action get:android.net.conn.CONNECTIVITY_CHANGE
06-06 13:42:47.452  2552  2552 D NearFieldUtils: getPreferredIpAddress exec
06-06 13:42:47.452  2552  2568 D NearFieldManagerImpl: startListen: moduleId: CastPlusDiscoveryModule
06-06 13:42:47.452  2552  2552 D NearFieldUtils: getPreferredIpAddress by custom priority
06-06 13:42:47.453  2552  2552 D NearFieldUtils: getIpByInterfaceSetting customIdnNetworkPriority:[]
06-06 13:42:47.453  2552  2568 D NearFieldUtils: getPreferredIpAddress exec
06-06 13:42:47.453  2552  2552 D NearFieldUtils: getPreferredIpAddress by default priority
06-06 13:42:47.453  2552  2568 D NearFieldUtils: getPreferredIpAddress by custom priority
06-06 13:42:47.453  2552  2568 D NearFieldUtils: getIpByInterfaceSetting customIdnNetworkPriority:[]
06-06 13:42:47.453  2552  2568 D NearFieldUtils: getPreferredIpAddress by default priority
06-06 13:42:47.469  2552  2612 W efs.info.manager: network change: wifi
06-06 13:42:47.504  2552  2595 I efs.config: --->>> 删除旧的配置文件 false
06-06 13:42:47.513  2552  2614 I efs.base: lt=event`ev_ct=efs_core`ev_ac=pvuv`tm=2025-06-06 13:42:44`dn=771f93e8-8eaa-49df-8b16-e1b19b668479`ps=com.huawei.connection`um_os=android`stime=1749188567055`pid=2552`fr=android`pkg=com.dangbei.screencast`vcode=20830`dsp_w=1920`uid=771f93e8-8eaa-49df-8b16-e1b19b668479`rom=12`wid=771f93e8-8eaa-49df-8b16-e1b19b668479`um_app_carrier=`um_access=wifi`um_app_channel=os`um_crash_sdk_version=1.4.0`ctime=1749188567`model=dbbox-a2`lang=zh`net=wifi`brand=dangbei`dsp_h=1080`um_network_type=0`ver=v2.8.3`build_model=DBBOX-A2`w_tm=1749188567`appid=5fc60c21094d637f3130af19`um_umid_header=ai4e7fa82b434271882c971661bb5632b7`sdk=31`tzone=Asia/Shanghai`sdk_ver=1.3.6.umeng
06-06 13:42:47.573  2552  2595 I efs.config: current config version (-1) is older than another (1735614866)
06-06 13:42:47.573  2552  2595 I efs.config: load config from storage and notify observer
06-06 13:42:47.577  2552  2552 D NearFieldUtils: to get wlan0 ip address
06-06 13:42:47.578  2552  2552 D NearFieldUtils: get wlan0 IP succeed.
06-06 13:42:47.583  2552  2552 E NearFieldManagerImpl: notifyByPriority: interfaceNameInUse is null
06-06 13:42:47.583  2552  2552 D NearFieldManagerImpl: handleConnectivityAction: notified by default
06-06 13:42:47.586   475   749 W ServiceManager: Permission failure: android.permission.HIGH_SAMPLING_RATE_SENSORS from uid=10020 pid=2552
06-06 13:42:47.595  2552  2575 I TDLog   : TalkingData SDK init...
06-06 13:42:47.595  2552  2575 I TDLog   : 	SDK_VERSION is: Android+TD+V5.0.7 gp Type:Native  Build_Num:2141
06-06 13:42:47.595  2552  2575 I TDLog   : 	App ID is: B9D7815EC975466AB1332111FCE62DF5
06-06 13:42:47.595  2552  2575 I TDLog   : 	App Channel is: os
06-06 13:42:47.595  2552  2575 I TDLog   : 	App Custom is: 
06-06 13:42:47.595  2552  2575 I TDLog   : 	SDK_OVC is: TDOVC+a3bb7754719798526508b6caad480dd7+SaaS
06-06 13:42:47.596  2552  2568 D NearFieldUtils: to get wlan0 ip address
06-06 13:42:47.596  2552  2568 D NearFieldUtils: get wlan0 IP succeed.
06-06 13:42:47.596  2552  2568 D NearFieldManagerImpl: sDeviceType: 46
06-06 13:42:47.596  2552  2568 D NearFieldManagerImpl: registerDevice() is called.
06-06 13:42:47.600  2552  2568 E NearFieldManagerUtilsNative: Begin System.loadLibrary()
01-01 08:00:38.977   768   768 E sprdwl  : sprdwl_rx_rsp_process ctx_id 0 recv rsp[WIFI_CMD_TX_DATA] status[SPRDWL_CMD_STATUS_ERROR]
01-01 08:00:38.994   768   768 E sprdwl  : sprdwl_rx_rsp_process ctx_id 0 recv rsp[WIFI_CMD_TX_DATA] status[SPRDWL_CMD_STATUS_ERROR]
01-01 08:00:39.016   768   768 E sprdwl  : sprdwl_rx_rsp_process ctx_id 0 recv rsp[WIFI_CMD_TX_DATA] status[SPRDWL_CMD_STATUS_ERROR]
06-06 13:42:47.714  2552  2552 D NearFieldUtils: to get wlan0 ip address
06-06 13:42:47.714  2552  2552 D NearFieldUtils: get wlan0 IP succeed.
06-06 13:42:47.715  2552  2552 I NearFieldManagerImpl: wlan Connected
06-06 13:42:47.717  2552  2568 I HicomNfTimerManager: epoll fd:125 create success
06-06 13:42:47.717  2552  2568 I HicomNfTimerManager: epoll add fd:128--->125 success
06-06 13:42:47.717  2552  2568 I HicomNfTimerManager: time fd:128 add to epoll success
01-01 08:00:39.050   768   768 E sprdwl  : sprdwl_rx_rsp_process ctx_id 0 recv rsp[WIFI_CMD_TX_DATA] status[SPRDWL_CMD_STATUS_ERROR]
06-06 13:42:47.731  2552  2552 I HicomNf_java_to_c: notifyNetworkStateChanged with maskStr, networkType: 0, networkState: 0, mask: 
06-06 13:42:47.731  2552  2552 I HicomNfMainCtrlManager: NotifyNetworkStateChanged is called with networkState: 0
06-06 13:42:47.731  2552  2552 I HicomNfMainCtrlManager: P2P and USB are both disconnected
06-06 13:42:47.731  2552  2552 I HicomNfSecureManager: stop listening
06-06 13:42:47.731  2552  2552 I HicomNfSecureManager: StopListening, m_sessionInfoLock out, before calling NSTACKX_DMsgClose 2
06-06 13:42:47.731  2552  2552 I HicomNfSecureManager: StopListening, after calling NSTACKX_DMsgClose 2
06-06 13:42:47.732  2552  2568 D nStackXDFinder: NSTACKX_Init:[146] :nstack ctrl creat epollfd 130
06-06 13:42:47.733  2552  2568 I nStackXDFinder: InitDefaultInterfaceName:[779] :InitDefaultInterfaceName exec
06-06 13:42:47.733  2552  2568 D nStackXCoAP: CoapServerInit:[174] :CoapServerInit is called
06-06 13:42:47.733  2552  2568 E nStackXDFinder: GetLocalIp:[401] :GetLocalIp exec
06-06 13:42:47.733  2552  2568 E nStackXDFinder: GetLocalIp:[407] :GetLocalIp, ifInfo is null
06-06 13:42:47.733  2552  2568 I HicomNfMainCtrlManager: NSTACKX_RegisterDevice is called
06-06 13:42:47.733  2552  2568 D NearFieldManagerImpl: Register device success.
06-06 13:42:47.733  2552  2568 I NearFieldManagerImpl: serviceName is castPlus
06-06 13:42:47.733  2552  2568 D NearFieldManagerImpl: registerCapability() called with: capabilityBitmapNum = 1, capabilityBitmap = [8]
06-06 13:42:47.734  2552  2568 I HicomNf_java_to_c: registerCapability, capabilityBitmapNum: 1
06-06 13:42:47.734  2552  2568 I HicomNfMainCtrlManager: RegisterCapability: 1, 8
06-06 13:42:47.734  2552  2568 D NearFieldManagerImpl: Register capability succeed with capabilityBitmapNum = 1, capabilityBitmap = [8]
06-06 13:42:47.734  2552  2568 D NearFieldManagerImpl: registerServiceData() called with: serviceData = 32
06-06 13:42:47.734  2552  2568 D NearFieldManagerImpl: registerModule() called with: packageModuleName = com.huawei.connection+CastPlusDiscoveryModule
06-06 13:42:47.734  2552  2568 I HicomNf_java_to_c: registerModule, moduleName: com.huawei.connection+CastPlusDiscoveryModule
06-06 13:42:47.734  2552  2568 I HicomNfMainCtrlManager: Enter RegisterModule
06-06 13:42:47.734  2552  2568 I HicomNfRegManager: RegisterModule OK, add module name com.huawei.connection+CastPlusDiscoveryModule
06-06 13:42:47.736  1257  2551 I Hisight-DeviceListManager: init DeviceListManager.
01-01 08:00:39.071   768   768 E sprdwl  : sprdwl_rx_rsp_process ctx_id 0 recv rsp[WIFI_CMD_TX_DATA] status[SPRDWL_CMD_STATUS_ERROR]
06-06 13:42:47.744  2552  2627 I nStackXDFinder: UpdateLocalNetworkInterface:[472] :UpdateLocalNetworkInterface exec,initerfaceName:wlan0
06-06 13:42:47.744  2552  2627 E nStackXDFinder: GetLocalIp:[401] :GetLocalIp exec
06-06 13:42:47.744  2552  2627 E nStackXDFinder: GetLocalIp:[407] :GetLocalIp, ifInfo is null
06-06 13:42:47.744  2552  2627 I nStackXDFinder: UpdateLocalNetworkInterface:[498] :UpdateLocalNetworkInterface copy ip value in default process
06-06 13:42:47.744  2552  2627 E nStackXDFinder: GetLocalIp:[401] :GetLocalIp exec
06-06 13:42:47.744  2552  2627 D nStackXCoAP: CoapServerInit:[174] :CoapServerInit is called
06-06 13:42:47.744  2552  2627 E nStackXDFinder: GetLocalIp:[401] :GetLocalIp exec
06-06 13:42:47.745  2552  2627 I nStackXUtil: BindToDevice:[352] :BindToDevice exec
06-06 13:42:47.745  2552  2627 I nStackXUtil: GetInterfaceByPriority:[279] :GetInterfaceByPriority exec
06-06 13:42:47.745  2552  2627 I nStackXUtil: GetInterfaceByDefault:[309] :GetInterfaceByDefault exec
06-06 13:42:47.745  2552  2627 I nStackXUtil: GetInterfaceByDefault:[316] :GetInterfaceByDefault, ndevice name: lo
06-06 13:42:47.745  2552  2627 I nStackXUtil: GetInterfaceByDefault:[316] :GetInterfaceByDefault, ndevice name: wlan0
06-06 13:42:47.747  2552  2627 I nStackXUtil: BindToDevice:[374] :BindToDevice, Bind localAddr name: wlan0
06-06 13:42:47.747  2552  2627 E nStackXUtil: BindToDeviceInner:[188] :setsockopt fail, errno = 1
06-06 13:42:47.747  2552  2627 E nStackXCoAP: CoapGetContext:[250] :bind to device fail
06-06 13:42:47.748  2552  2627 D nStackXCoAP: CoapInitResources:[744] :CoapInitResources g_wlanOrEthContext update
06-06 13:42:47.748  2552  2627 I nStackXDFinder: RegisterServiceData:[728] :RegisterServiceData, serviceData=[32]
01-01 08:00:39.089   768   768 E sprdwl  : sprdwl_rx_rsp_process ctx_id 0 recv rsp[WIFI_CMD_TX_DATA] status[SPRDWL_CMD_STATUS_ERROR]
06-06 13:42:47.772  1257  2551 D Hisight-DeviceListManager: get old secret key
06-06 13:42:47.777  2552  2552 I HicomNf_java_to_c: notifyNetworkStateChanged with maskStr, networkType: 0, networkState: 1, mask: 255.255.254.0
06-06 13:42:47.777  2552  2552 I HicomNfMainCtrlManager: NotifyNetworkStateChanged is called with networkState: 1
06-06 13:42:47.777  2552  2552 I HicomNfSecureManager: StartListening, before calling NSTACKX_DMsgServer
06-06 13:42:47.777  2552  2552 I nStackXDMsg: NSTACKX_DMsgServer:[1335] :msgReceiver is not NULL 
