01-01 08:00:09.570   371   371 D WifiHWInfo: Entry [26], BUS:  USB, ID: 0xA69C8800, Name: aic8800.
01-01 08:00:09.570   371   371 D WifiHWInfo: Entry [27], BUS:  USB, ID: 0x007A8888, Name: atbm6023is.
01-01 08:00:09.570   371   371 D WifiHWInfo: Entry [28], BUS: SDIO, ID: 0x02E79086, Name: 9012p.
01-01 08:00:09.570   371   371 D WifiHWInfo: Entry [29], BUS: SDIO, ID: 0x007A6011, Name: atbm613x_wifi_sdio.
01-01 08:00:09.570   371   371 D WifiHWInfo: Entry [30], BUS: SDIO, ID: 0x024CC822, Name: 88x2cs.
01-01 08:00:09.570   371   371 D WifiHWInfo: Entry [31], BUS: SDIO, ID: 0x000018F0, Name: dummy.
01-01 08:00:09.570   371   371 D HWINFO  : ********** Wireless information **********
01-01 08:00:09.571   371   371 D HWINFO  : module vendor: sprd
01-01 08:00:09.571   371   371 D HWINFO  : module name  : uwe5621
01-01 08:00:09.571   371   371 D HWINFO  : wifi hal name: libwifi-hal-sprd.so
01-01 08:00:09.571   371   371 D HWINFO  : libbt-vendor : libbt-sprd.so
01-01 08:00:09.571   371   371 D HWINFO  : is bt support: 1
01-01 08:00:09.571   371   371 D HWINFO  : ******************************************
01-01 08:00:09.571   364   364 E cutils-trace: Error opening trace file: No such file or directory (2)
01-01 08:00:09.574   257   377 D sunxihwc: Parse 'Display0' config
01-01 08:00:09.576   257   377 D sunxihwc: Parse 'Display1' config
01-01 08:00:09.577   257   377 W displayd: xxxxxxx: HAL device config file: /vendor/etc/dispconfigs/homlet-default.json
01-01 08:00:09.577   257   377 W displayd: Displays (2 entries)
01-01 08:00:09.577   257   377 W displayd: + Display{id=0, framebuffer=1920x1080(override=1), dpi=160x160}
01-01 08:00:09.577   257   377 W displayd:    DisplayEnginePortId=0
01-01 08:00:09.577   257   377 W displayd:    InterfaceType=HDMI
01-01 08:00:09.577   257   377 W displayd:    DefaultOutputMode=0
01-01 08:00:09.577   257   377 W displayd:    HotplugSupported=0
01-01 08:00:09.577   257   377 W displayd:    AfbcSupported=0
01-01 08:00:09.577   257   377 W displayd:    HardwareRotateSupported=0
01-01 08:00:09.577   257   377 W displayd:    BandwidthLimited=338800 Bytes per frame
01-01 08:00:09.577   257   377 W displayd: + Display{id=1, framebuffer=1920x1080(override=1), dpi=160x160}
01-01 08:00:09.577   257   377 W displayd:    DisplayEnginePortId=1
01-01 08:00:09.577   257   377 W displayd:    InterfaceType=CVBS
01-01 08:00:09.577   257   377 W displayd:    DefaultOutputMode=0
01-01 08:00:09.577   257   377 W displayd:    HotplugSupported=0
01-01 08:00:09.577   257   377 W displayd:    AfbcSupported=0
01-01 08:00:09.577   257   377 W displayd:    HardwareRotateSupported=0
01-01 08:00:09.577   257   377 W displayd:    BandwidthLimited=338800 Bytes per frame
01-01 08:00:09.576   257   257 I MQ-Thread: type=1400 audit(0.0:270): avc: denied { read } for name="u:object_r:system_prop:s0" dev="tmpfs" ino=2864 scontext=u:r:hal_graphics_composer_default:s0 tcontext=u:object_r:system_prop:s0 tclass=file permissive=1
01-01 08:00:09.580   257   257 I MQ-Thread: type=1400 audit(0.0:271): avc: denied { open } for path="/dev/__properties__/u:object_r:system_prop:s0" dev="tmpfs" ino=2864 scontext=u:r:hal_graphics_composer_default:s0 tcontext=u:object_r:system_prop:s0 tclass=file permissive=1
01-01 08:00:09.580   257   257 I MQ-Thread: type=1400 audit(0.0:272): avc: denied { getattr } for path="/dev/__properties__/u:object_r:system_prop:s0" dev="tmpfs" ino=2864 scontext=u:r:hal_graphics_composer_default:s0 tcontext=u:object_r:system_prop:s0 tclass=file permissive=1
01-01 08:00:09.580   257   257 I MQ-Thread: type=1400 audit(0.0:273): avc: denied { map } for path="/dev/__properties__/u:object_r:system_prop:s0" dev="tmpfs" ino=2864 scontext=u:r:hal_graphics_composer_default:s0 tcontext=u:object_r:system_prop:s0 tclass=file permissive=1
01-01 08:00:09.583   257   377 W displayd: xxxxxxx: display output policy: dual
01-01 08:00:09.583   257   377 W displayd: xxxxxxx: Display.0 output type: 4
01-01 08:00:09.583   257   377 W displayd: xxxxxxx: Display.1 output type: 2
01-01 08:00:09.583   257   377 W displayd: xxxxxxx: createDevice: type=4 on port 0
01-01 08:00:09.580   257   257 I MQ-Thread: type=1400 audit(0.0:274): avc: denied { read } for name="u:object_r:default_prop:s0" dev="tmpfs" ino=2737 scontext=u:r:hal_graphics_composer_default:s0 tcontext=u:object_r:default_prop:s0 tclass=file permissive=1
01-01 08:00:09.580   257   257 I MQ-Thread: type=1400 audit(0.0:275): avc: denied { open } for path="/dev/__properties__/u:object_r:default_prop:s0" dev="tmpfs" ino=2737 scontext=u:r:hal_graphics_composer_default:s0 tcontext=u:object_r:default_prop:s0 tclass=file permissive=1
01-01 08:00:09.580   257   257 I MQ-Thread: type=1400 audit(0.0:276): avc: denied { getattr } for path="/dev/__properties__/u:object_r:default_prop:s0" dev="tmpfs" ino=2737 scontext=u:r:hal_graphics_composer_default:s0 tcontext=u:object_r:default_prop:s0 tclass=file permissive=1
01-01 08:00:09.580   257   257 I MQ-Thread: type=1400 audit(0.0:277): avc: denied { map } for path="/dev/__properties__/u:object_r:default_prop:s0" dev="tmpfs" ino=2737 scontext=u:r:hal_graphics_composer_default:s0 tcontext=u:object_r:default_prop:s0 tclass=file permissive=1
01-01 08:00:09.585   257   377 W displayd: xxxxxxx: Device hdmi init
01-01 08:00:09.585   257   377 W displayd: xxxxxxx: createDevice: type=2 on port 1
01-01 08:00:09.585   257   377 W displayd: xxxxxxx: Device cvbs init
01-01 08:00:09.585   257   377 W displayd: xxxxxxx: Initizlize display device mapping
01-01 08:00:09.585   257   377 D displayd: xxxxxxx: updateConnectState: type=-1 connected=-1
01-01 08:00:09.584   257   257 I MQ-Thread: type=1400 audit(0.0:278): avc: denied { getattr } for path="/sys/devices/platform/soc@3000000/6520000.tv0/extcon/extcon1/state" dev="sysfs" ino=19386 scontext=u:r:hal_graphics_composer_default:s0 tcontext=u:object_r:sysfs:s0 tclass=file permissive=1
01-01 08:00:09.586   257   377 W displayd: xxxxxxx: platformGetDeviceConnectStatePath:
01-01 08:00:09.586   257   377 W displayd:     hdmi: /sys/class/extcon/extcon0/state
01-01 08:00:09.586   257   377 W displayd:     cvbs: /sys/class/extcon/extcon1/state
01-01 08:00:09.586   257   377 D displayd: xxxxxxx: updated: type=2 connected=0
01-01 08:00:09.586   257   377 D displayd: xxxxxxx: updated: type=4 connected=1
01-01 08:00:09.586   257   377 W displayd: xxxxxxx: setupDefaultOutput: hdmi user strategy: 255
01-01 08:00:09.587   257   377 W edid    : Parse block0:
01-01 08:00:09.587   257   377 W edid    : Extension block count: 1
01-01 08:00:09.594   366   366 D dom2reg : timezone change, new: Asia/Shanghai, pre: 
01-01 08:00:09.595   366   366 D dom2reg : convert timezone to alpha2 country code: CN
01-01 08:00:09.599   257   377 W edid    : Parse CEA extension block (version: 3)
01-01 08:00:09.599   257   377 W edid    : CEA data length: 49 bytes
01-01 08:00:09.599   257   377 E edid    : parseCeaDataBlocks:unhandled EXTENDED_TAG code0
01-01 08:00:09.596     1     1 I /system/bin/init: type=1107 audit(0.0:279): uid=0 auid=4294967295 ses=4294967295 subj=u:r:init:s0 msg='avc: denied { set } for property=vendor.sys.tv_vdid_fex pid=257 uid=1000 gid=1003 scontext=u:r:hal_graphics_composer_default:s0 tcontext=u:object_r:vendor_default_prop:s0 tclass=property_service permissive=1'
01-01 08:00:09.601   257   377 W displayd: xxxxxxx: performDefaultConfig dirty=0
01-01 08:00:09.601   257   377 W displayd: xxxxxxx: Old config: type[4] mode[10] pixelformat[0] bits[0] eotf[4] colorspace[257]
01-01 08:00:09.601   257   377 W displayd: xxxxxxx: New config: type[4] mode[10] pixelformat[0] bits[0] eotf[4] colorspace[257]
01-01 08:00:09.601   257   377 I sunxihwc: switchDevice: display[1]: type=2 mode=0 enable=0
01-01 08:00:09.601   257   377 I sunxihwc: switchDevice: display[0]: type=4 mode=10 enable=1
01-01 08:00:09.601   257   377 I sunxihwc: setMargin: display[0]: margin 100 100 100 100
01-01 08:00:09.605   366   366 D dom2reg : regulatory set to [CN] success(0)
01-01 08:00:09.606   257   257 I HidlServiceManagement: Registered vendor.display.config@1.0::IDisplayConfig/default
01-01 08:00:09.606   257   257 D android.hardware.graphics.composer@2.2-service: IDisplayConfig register: ok
01-01 08:00:09.606   257   257 I sunxihwc: initialize: DisplayConfigService init: ok
01-01 08:00:09.607   257   257 D sunxihwc: setHotplugState: mbHotplug = 1
01-01 08:00:09.607   257   257 I sunxihwc: createSyncTimeline: DisplayEngine Frequency: 696000000 Hz
01-01 08:00:09.607   257   257 I sunxihwc: setup: timeline0 create
01-01 08:00:09.607   257   257 E sunxihwc: readFromFile: Could not open '/sys/firmware/devicetree/base/dram/dram_clk', No such file or directory(2)
01-01 08:00:09.607   257   257 E sunxihwc: readFromFile: Could not open '/sys/firmware/devicetree/base/dram/dram_mr1', No such file or directory(2)
01-01 08:00:09.607   257   257 E sunxihwc: readFromFile: Could not open '/sys/firmware/devicetree/base/dram/dram_type', No such file or directory(2)
01-01 08:00:09.607   257   257 I sunxihwc: getDramInfoFromDeviceTree: draminfo: freq 0 MHz, bus width 32 bits, type 0
01-01 08:00:09.607   257   257 I sunxihwc: computeEffectiveBandwidth: dram effective bandwidth: 0 MBytes
01-01 08:00:09.607   257   257 E sunxihwc: calculateBandwidthLimitation: getDramFrequency return error(0), fallback to default bandwidth config
01-01 08:00:09.607   257   257 I sunxihwc: setup: Bandwidth limitation: 49152000 Bytes per frame
01-01 08:00:09.610   257   257 I sunxihwc: setDisplaydCb: get mDisplaydCb =0x0x696c4372
01-01 08:00:09.610   257   257 I sunxihwc: updateConnectedDevices: display[0] connected=1 type=4 device=0xf6f64d0c
01-01 08:00:09.611   257   257 I sunxihwc: updateConnectedDevices: display[1] connected=0 type=2 device=0x0
01-01 08:00:09.611   257   257 E sunxihwc: notifyDeviceChanged: DeviceChangedListener not register yet!
01-01 08:00:09.611   257   257 I sunxihwc: setVendorInterface: register IVendorInterface: 0xf709f310
01-01 08:00:09.611   257   257 D sunxihwc: HAL device config file: /vendor/etc/dispconfigs/homlet-default.json
01-01 08:00:09.611   257   257 D sunxihwc: Displays (2 entries)
01-01 08:00:09.611   257   257 D sunxihwc: + Display{id=0, framebuffer=1920x1080(override=1), dpi=160x160}
01-01 08:00:09.611   257   257 D sunxihwc:    DisplayEnginePortId=0
01-01 08:00:09.611   257   257 D sunxihwc:    InterfaceType=HDMI
01-01 08:00:09.611   257   257 D sunxihwc:    DefaultOutputMode=0
01-01 08:00:09.611   257   257 D sunxihwc:    HotplugSupported=0
01-01 08:00:09.611   257   257 D sunxihwc:    AfbcSupported=0
01-01 08:00:09.611   257   257 D sunxihwc:    HardwareRotateSupported=0
01-01 08:00:09.611   257   257 D sunxihwc:    BandwidthLimited=338800 Bytes per frame
01-01 08:00:09.611   257   257 D sunxihwc: + Display{id=1, framebuffer=1920x1080(override=1), dpi=160x160}
01-01 08:00:09.611   257   257 D sunxihwc:    DisplayEnginePortId=1
01-01 08:00:09.611   257   257 D sunxihwc:    InterfaceType=CVBS
01-01 08:00:09.611   257   257 D sunxihwc:    DefaultOutputMode=0
01-01 08:00:09.611   257   257 D sunxihwc:    HotplugSupported=0
01-01 08:00:09.611   257   257 D sunxihwc:    AfbcSupported=0
01-01 08:00:09.611   257   257 D sunxihwc:    HardwareRotateSupported=0
01-01 08:00:09.611   257   257 D sunxihwc:    BandwidthLimited=338800 Bytes per frame
01-01 08:00:09.611   257   257 W sunxihwc: bringupDevices: display.1 was off, request type 2, try to bringup it!
01-01 08:00:09.611   257   257 D sunxihwc: enqueueEvent: enqueueEvent: event 1
01-01 08:00:09.611   257   257 I sunxihwc: waitForHotplugIssued: Wait for display connect
01-01 08:00:09.611   257   377 W displayd: xxxxxxx: Turen on display(0), margin(100,100,100,100)
01-01 08:00:09.611   257   376 W sunxihwc: deviceChangedEventProcess: Display.0 (hdmi0) connect
01-01 08:00:09.611   257   376 I sunxihwc: onHotplugReceived: display(0) connect state[1]
01-01 08:00:09.611   257   377 W displayd: xxxxxxx: Current device mapping:
01-01 08:00:09.611   257   377 W displayd:   + display [1]: enable=0 type=2 mode=0
01-01 08:00:09.611   257   377 W displayd:   + display [0]: enable=1 type=4 mode=10
01-01 08:00:09.611   257   376 I sunxihwc: onHotplugReceived: display size: 0 display.0 0 display.1 0 display.0 0
01-01 08:00:09.611   257   377 I sunxihwc: registerCallback: registerCallback mEventCallback =0x0
01-01 08:00:09.611   257   377 I sunxihwc: setDisplaydCb: get mDisplaydCb =0x0xf70d3370
01-01 08:00:09.611   257   376 W sunxihwc: onHotplugReceived: display(0) is 0xf6f65010
01-01 08:00:09.611   257   376 D sunxihwc: setDisplays: display =0xf6f65010
01-01 08:00:09.611   257   376 D sunxihwc: setDisplays: display size=1
01-01 08:00:09.611   257   376 D sunxihwc: setHotplugState: mbHotplug = 0
01-01 08:00:09.611   364   364 I HidlServiceManagement: Registered android.system.wifi.keystore@1.0::IKeystore/default
01-01 08:00:09.611   257   377 W displayd: xxxxxxx: threadedStartup end
01-01 08:00:09.612   275   275 I SurfaceFlinger: onComposerHalHotplug(0, connected)
01-01 08:00:09.612   275   275 I HWComposer: Switching to legacy multi-display mode
01-01 08:00:09.613   275   275 E HWComposer: getAttribute: getDisplayAttribute failed for display 0: BadConfig (1)
01-01 08:00:09.613   275   275 E HWComposer: getDisplayConnectionType: getDisplayConnectionType failed for display 0: Unsupported (8)
01-01 08:00:09.614   265   265 I display.output-service: platform is homlet
01-01 08:00:09.614   275   385 W EventThread: Ignoring VSYNC request while display is disconnected
01-01 08:00:09.614   275   385 W EventThread: Ignoring VSYNC request while display is disconnected
01-01 08:00:09.615   275   386 W EventThread: Ignoring VSYNC request while display is disconnected
01-01 08:00:09.615   275   386 W EventThread: Ignoring VSYNC request while display is disconnected
01-01 08:00:09.615   180   180 I servicemanager: Found vendor.display.output.IDisplayOutputManager/default in device VINTF manifest.
01-01 08:00:09.615   275   385 W EventThread: Ignoring VSYNC request while display is disconnected
01-01 08:00:09.615   275   385 W EventThread: Ignoring VSYNC request while display is disconnected
01-01 08:00:09.615   257   381 I sunxihwc: threadLoop: set CommitThread priority as HAL_PRIORITY_URGENT_DISPLAY
01-01 08:00:09.616   257   257 D sunxihwc: getHdrCapabilities: getHdrCapabilities: support hdr10 and hlg
01-01 08:00:09.616   275   275 W HwcComposer: getPerFrameMetadataKeys failed with 8
01-01 08:00:09.622   253   279 I gralloc : alloc buffer:W:1920 H:1080 S:1920 PL[1920 1080] SZ:8294400 fmt:1 if:0 af:1 usg:1b00 fg:00000004
01-01 08:00:09.622   257   382 I sunxihwc: pollThreadLoop: polling VsyncThread start
01-01 08:00:09.627   253   253 I gralloc : alloc buffer:W:1920 H:1080 S:1920 PL[1920 1080] SZ:8294400 fmt:1 if:0 af:1 usg:1b00 fg:00000004
01-01 08:00:09.628   275   275 I SurfaceFlinger: Dispatching display hotplug event displayId=0, connected=1
01-01 08:00:09.637   181   181 I hw-BpHwBinder: onLastStrongRef automatically unlinking death recipients
01-01 08:00:09.644   263   263 I EventThread: type=1400 audit(0.0:280): avc: denied { search } for name="extcon" dev="sysfs" ino=18109 scontext=u:r:hal_tv_cec_default:s0 tcontext=u:object_r:sysfs_extcon:s0 tclass=dir permissive=1
01-01 08:00:09.672     1     1 I init    : type=1400 audit(0.0:281): avc: denied { add_name } for name="panic" scontext=u:r:init:s0 tcontext=u:object_r:sysfs:s0 tclass=dir permissive=1
01-01 08:00:09.677   275   391 W SurfaceFlinger: Failed to set thread name on dispatch thread
01-01 08:00:09.692   324   324 I xiriservice_All: type=1400 audit(0.0:282): avc: denied { read } for scontext=u:r:init:s0 tcontext=u:r:init:s0 tclass=netlink_kobject_uevent_socket permissive=1
01-01 08:00:09.697   164   164 I sunxi-rfkill soc@3000000: rfkill: set block: 1
01-01 08:00:09.697   164   164 I sunxi-rfkill soc@3000000: rfkill: bt power off success
01-01 08:00:09.731   393   393 E cutils-trace: Error opening trace file: No such file or directory (2)
01-01 08:00:09.752   378   378 I gatekeeperd: Starting gatekeeperd...
01-01 08:00:09.762   393   393 I usbd    : Usb HAL found.
01-01 08:00:09.763   393   393 I usbd    : peristent prop is adb
01-01 08:00:09.771   378   378 E cutils-trace: Error opening trace file: No such file or directory (2)
01-01 08:00:09.785   264   264 I android.hardware.usb.gadget@1.1-service.aw: setCurrentUsbFunctions None
01-01 08:00:09.786   264   264 I android.hardware.usb.gadget@1.1-service.aw: Gadget cannot be pulled down
01-01 08:00:09.786   264   264 I android.hardware.usb.gadget@1.1-service.aw: mMonitor not running
01-01 08:00:09.786   264   264 I android.hardware.usb.gadget@1.1-service.aw: Returned from tearDown gadget
01-01 08:00:09.828   327   327 I rainbow_flow: type=1400 audit(0.0:283): avc: denied { ioctl } for path="/dev/spidev1.0" dev="tmpfs" ino=5830 ioctlcmd=0x6b00 scontext=u:r:init:s0 tcontext=u:object_r:device:s0 tclass=chr_file permissive=1
01-01 08:00:09.860   243   243 D zygote  : Time zone APEX ICU file found: /apex/com.android.tzdata/etc/icu/icu_tzdata.dat
01-01 08:00:09.862   243   243 D zygote  : I18n APEX ICU file found: /apex/com.android.i18n/etc/icu/icudt68l.dat
01-01 08:00:09.880   357   357 I main_extractorservice: enable media.extractor memory limits
01-01 08:00:09.881   357   357 V MediaUtils: physMem: 2055442432
01-01 08:00:09.881   357   357 V MediaUtils: requested limit: 411088480
01-01 08:00:09.881   357   357 I libc    : malloc_limit: Allocation limit enabled, max size 411088480 bytes
01-01 08:00:09.887   264   264 I android.hardware.usb.gadget@1.1-service.aw: setCurrentUsbFunctions Adb
01-01 08:00:09.887   264   264 I android.hardware.usb.gadget@1.1-service.aw: Service started
01-01 08:00:09.887   264   264 I android.hardware.usb.gadget@1.1-service.aw: enable usbradio debug functions
01-01 08:00:09.887   264   264 I android.hardware.usb.gadget@1.1-service.aw: Usb Gadget setcurrent functions called successfully
01-01 08:00:09.908   357   357 W mediaextractor: Could not read additional policy file '/vendor/etc/seccomp_policy/mediaextractor.policy'
01-01 08:00:09.909   357   357 W mediaextractor: libminijail[357]: failed to get path of fd 4: No such file or directory
01-01 08:00:09.909   357   357 W mediaextractor: libminijail[357]: allowing syscall: clock_gettime
01-01 08:00:09.909   357   357 W mediaextractor: libminijail[357]: allowing syscall: connect
01-01 08:00:09.909   357   357 W mediaextractor: libminijail[357]: allowing syscall: fcntl64
01-01 08:00:09.910   357   357 W mediaextractor: libminijail[357]: allowing syscall: socket
01-01 08:00:09.910   357   357 W mediaextractor: libminijail[357]: allowing syscall: writev
01-01 08:00:09.921   357   357 W mediaextractor: libminijail[357]: compile_file: /apex/com.android.media/etc/seccomp_policy/crash_dump.arm.policy(1): syscall read redefined here
01-01 08:00:09.922   357   357 W mediaextractor: libminijail[357]: compile_file: <fd>(19): previous definition here
01-01 08:00:09.922   357   357 W mediaextractor: libminijail[357]: compile_file: /apex/com.android.media/etc/seccomp_policy/crash_dump.arm.policy(2): syscall write redefined here
01-01 08:00:09.922   357   357 W mediaextractor: libminijail[357]: compile_file: <fd>(6): previous definition here
01-01 08:00:09.922   357   357 W mediaextractor: libminijail[357]: compile_file: /apex/com.android.media/etc/seccomp_policy/crash_dump.arm.policy(3): syscall exit redefined here
01-01 08:00:09.922   357   357 W mediaextractor: libminijail[357]: compile_file: <fd>(27): previous definition here
01-01 08:00:09.922   357   357 W mediaextractor: libminijail[357]: compile_file: /apex/com.android.media/etc/seccomp_policy/crash_dump.arm.policy(4): syscall rt_sigreturn redefined here
01-01 08:00:09.922   357   357 W mediaextractor: libminijail[357]: compile_file: <fd>(29): previous definition here
01-01 08:00:09.922   357   357 W mediaextractor: libminijail[357]: compile_file: /apex/com.android.media/etc/seccomp_policy/crash_dump.arm.policy(6): syscall exit_group redefined here
01-01 08:00:09.922   357   357 W mediaextractor: libminijail[357]: compile_file: <fd>(28): previous definition here
01-01 08:00:09.922   357   357 W mediaextractor: libminijail[357]: compile_file: /apex/com.android.media/etc/seccomp_policy/crash_dump.arm.policy(7): syscall clock_gettime redefined here
01-01 08:00:09.923   357   357 W mediaextractor: libminijail[357]: compile_file: <fd>(20): previous definition here
01-01 08:00:09.923   357   357 W mediaextractor: libminijail[357]: compile_file: /apex/com.android.media/etc/seccomp_policy/crash_dump.arm.policy(9): syscall futex redefined here
01-01 08:00:09.923   357   357 W mediaextractor: libminijail[357]: compile_file: <fd>(4): previous definition here
01-01 08:00:09.923   357   357 W mediaextractor: libminijail[357]: compile_file: /apex/com.android.media/etc/seccomp_policy/crash_dump.arm.policy(10): syscall getrandom redefined here
01-01 08:00:09.923   357   357 W mediaextractor: libminijail[357]: compile_file: <fd>(43): previous definition here
01-01 08:00:09.923   357   357 W mediaextractor: libminijail[357]: compile_file: /apex/com.android.media/etc/seccomp_policy/crash_dump.arm.policy(12): syscall gettid redefined here
01-01 08:00:09.923   357   357 W mediaextractor: libminijail[357]: compile_file: <fd>(34): previous definition here
01-01 08:00:09.923   357   357 W mediaextractor: libminijail[357]: compile_file: /apex/com.android.media/etc/seccomp_policy/crash_dump.arm.policy(15): syscall openat redefined here
01-01 08:00:09.923   357   357 W mediaextractor: libminijail[357]: compile_file: <fd>(16): previous definition here
01-01 08:00:09.923   357   357 W mediaextractor: libminijail[357]: compile_file: /apex/com.android.media/etc/seccomp_policy/crash_dump.arm.policy(16): syscall dup redefined here
01-01 08:00:09.923   357   357 W mediaextractor: libminijail[357]: compile_file: <fd>(11): previous definition here
01-01 08:00:09.924   357   357 W mediaextractor: libminijail[357]: compile_file: /apex/com.android.media/etc/seccomp_policy/crash_dump.arm.policy(17): syscall close redefined here
01-01 08:00:09.924   357   357 W mediaextractor: libminijail[357]: compile_file: <fd>(9): previous definition here
01-01 08:00:09.924   357   357 W mediaextractor: libminijail[357]: compile_file: /apex/com.android.media/etc/seccomp_policy/crash_dump.arm.policy(18): syscall lseek redefined here
01-01 08:00:09.924   357   357 W mediaextractor: libminijail[357]: compile_file: <fd>(21): previous definition here
01-01 08:00:09.924   357   357 W mediaextractor: libminijail[357]: compile_file: /apex/com.android.media/etc/seccomp_policy/crash_dump.arm.policy(20): syscall faccessat redefined here
01-01 08:00:09.924   357   357 W mediaextractor: libminijail[357]: compile_file: <fd>(30): previous definition here
01-01 08:00:09.924   357   357 W mediaextractor: libminijail[357]: compile_file: /apex/com.android.media/etc/seccomp_policy/crash_dump.arm.policy(25): syscall rt_sigprocmask redefined here
01-01 08:00:09.924   357   357 W mediaextractor: libminijail[357]: compile_file: <fd>(35): previous definition here
01-01 08:00:09.924   357   357 W mediaextractor: libminijail[357]: compile_file: /apex/com.android.media/etc/seccomp_policy/crash_dump.arm.policy(28): syscall prctl redefined here
01-01 08:00:09.924   357   357 W mediaextractor: libminijail[357]: compile_file: <fd>(5): previous definition here
01-01 08:00:09.925   357   357 W mediaextractor: libminijail[357]: compile_file: /apex/com.android.media/etc/seccomp_policy/crash_dump.arm.policy(29): syscall madvise redefined here
01-01 08:00:09.925   357   357 W mediaextractor: libminijail[357]: compile_file: <fd>(31): previous definition here
01-01 08:00:09.925   357   357 W mediaextractor: libminijail[357]: compile_file: /apex/com.android.media/etc/seccomp_policy/crash_dump.arm.policy(30): syscall mprotect redefined here
01-01 08:00:09.925   357   357 W mediaextractor: libminijail[357]: compile_file: <fd>(12): previous definition here
01-01 08:00:09.925   357   357 W mediaextractor: libminijail[357]: compile_file: /apex/com.android.media/etc/seccomp_policy/crash_dump.arm.policy(31): syscall munmap redefined here
01-01 08:00:09.925   357   357 W mediaextractor: libminijail[357]: compile_file: <fd>(10): previous definition here
01-01 08:00:09.925   357   357 W mediaextractor: libminijail[357]: compile_file: /apex/com.android.media/etc/seccomp_policy/crash_dump.arm.policy(32): syscall getuid32 redefined here
01-01 08:00:09.929   357   357 W mediaextractor: libminijail[357]: compile_file: <fd>(13): previous definition here
01-01 08:00:09.930   357   357 W mediaextractor: libminijail[357]: compile_file: /apex/com.android.media/etc/seccomp_policy/crash_dump.arm.policy(33): syscall fstat64 redefined here
01-01 08:00:09.930   357   357 W mediaextractor: libminijail[357]: compile_file: <fd>(25): previous definition here
01-01 08:00:09.930   357   357 W mediaextractor: libminijail[357]: compile_file: /apex/com.android.media/etc/seccomp_policy/crash_dump.arm.policy(34): syscall mmap2 redefined here
01-01 08:00:09.930   357   357 W mediaextractor: libminijail[357]: compile_file: <fd>(8): previous definition here
01-01 08:00:09.930   357   357 W mediaextractor: libminijail[357]: compile_file: /apex/com.android.media/etc/seccomp_policy/crash_dump.arm.policy(35): syscall geteuid32 redefined here
01-01 08:00:09.930   357   357 W mediaextractor: libminijail[357]: compile_file: <fd>(38): previous definition here
01-01 08:00:09.930   357   357 W mediaextractor: libminijail[357]: compile_file: /apex/com.android.media/etc/seccomp_policy/crash_dump.arm.policy(36): syscall getgid32 redefined here
01-01 08:00:09.930   357   357 W mediaextractor: libminijail[357]: compile_file: <fd>(39): previous definition here
01-01 08:00:09.930   392   392 I update_engine: [INFO:main.cc(55)] A/B Update Engine starting
01-01 08:00:09.931   357   357 W mediaextractor: libminijail[357]: compile_file: /apex/com.android.media/etc/seccomp_policy/crash_dump.arm.policy(37): syscall getegid32 redefined here
01-01 08:00:09.931   357   357 W mediaextractor: libminijail[357]: compile_file: <fd>(40): previous definition here
01-01 08:00:09.931   357   357 W mediaextractor: libminijail[357]: compile_file: /apex/com.android.media/etc/seccomp_policy/crash_dump.arm.policy(38): syscall getgroups32 redefined here
01-01 08:00:09.931   357   357 W mediaextractor: libminijail[357]: compile_file: <fd>(41): previous definition here
01-01 08:00:09.935   374   374 I mediaswcodec: media swcodec service starting
01-01 08:00:09.938   357   357 W mediaextractor: libminijail[357]: logging seccomp filter failures
01-01 08:00:09.940   374   374 W mediaswcodec: Could not read additional policy file '/vendor/etc/seccomp_policy/mediaswcodec.policy'
01-01 08:00:09.941   374   374 W mediaswcodec: libminijail[374]: failed to get path of fd 4: No such file or directory
01-01 08:00:09.941   374   374 W mediaswcodec: libminijail[374]: allowing syscall: clock_gettime
01-01 08:00:09.941   374   374 W mediaswcodec: libminijail[374]: allowing syscall: connect
01-01 08:00:09.941   374   374 W mediaswcodec: libminijail[374]: allowing syscall: fcntl64
01-01 08:00:09.941   374   374 W mediaswcodec: libminijail[374]: allowing syscall: socket
01-01 08:00:09.941   374   374 W mediaswcodec: libminijail[374]: allowing syscall: writev
01-01 08:00:09.942   374   374 W mediaswcodec: libminijail[374]: compile_file: <fd>(71): syscall futex redefined here
01-01 08:00:09.942   374   374 W mediaswcodec: libminijail[374]: compile_file: <fd>(15): previous definition here
01-01 08:00:09.944   374   374 W mediaswcodec: libminijail[374]: logging seccomp filter failures
01-01 08:00:09.945   374   374 I CodecServiceRegistrant: Creating software Codec2 service...
01-01 08:00:09.941   396   396 I adbd    : persist.adb.watchdog set to ''
01-01 08:00:09.947   396   396 I adbd    : persist.sys.test_harness set to ''
01-01 08:00:09.948   396   396 I adbd    : adb watchdog timeout set to 600 seconds
01-01 08:00:09.951   374   374 E cutils-trace: Error opening trace file: No such file or directory (2)
01-01 08:00:09.954   396   396 I adbd    : Setup mdns on port= 5555
01-01 08:00:09.955   396   396 I adbd    : adbd listening on tcp:5555
01-01 08:00:09.956   392   392 E cutils-trace: Error opening trace file: No such file or directory (2)
01-01 08:00:09.957   396   396 I adbd    : adbd listening on vsock:5555
01-01 08:00:09.957   365   365 I android.hardware.media.omx@1.0-service: mediacodecservice starting
01-01 08:00:09.961   396   401 I adbd    : opening control endpoint /dev/usb-ffs/adb/ep0
01-01 08:00:09.962   396   396 I adbd    : adbd started
01-01 08:00:09.964   401   401 I         : read descriptors
01-01 08:00:09.960   324   324 I xiriservice_All: type=1400 audit(0.0:284): avc: denied { read } for scontext=u:r:init:s0 tcontext=u:r:init:s0 tclass=netlink_kobject_uevent_socket permissive=1
01-01 08:00:09.964   401   401 I         : read strings
01-01 08:00:09.963   243   243 I zygote  : Using memfd for future sealing
01-01 08:00:09.964   264   397 I android.hardware.usb.gadget@1.1-service.aw: GADGET pulled up
01-01 08:00:09.963   365   365 W android.hardware.media.omx@1.0-service: Could not read additional policy file '/vendor/etc/seccomp_policy/mediacodec.policy'
01-01 08:00:09.964   365   365 W android.hardware.media.omx@1.0-service: libminijail[365]: failed to get path of fd 4: No such file or directory
01-01 08:00:09.965   365   365 W android.hardware.media.omx@1.0-service: libminijail[365]: allowing syscall: clock_gettime
01-01 08:00:09.965   365   365 W android.hardware.media.omx@1.0-service: libminijail[365]: allowing syscall: connect
01-01 08:00:09.965   365   365 W android.hardware.media.omx@1.0-service: libminijail[365]: allowing syscall: fcntl64
01-01 08:00:09.965   365   365 W android.hardware.media.omx@1.0-service: libminijail[365]: allowing syscall: socket
01-01 08:00:09.965   365   365 W android.hardware.media.omx@1.0-service: libminijail[365]: allowing syscall: writev
01-01 08:00:09.966   365   365 W android.hardware.media.omx@1.0-service: libminijail[365]: compile_file: <fd>(59): syscall getrandom redefined here
01-01 08:00:09.966   365   365 W android.hardware.media.omx@1.0-service: libminijail[365]: compile_file: <fd>(15): previous definition here
01-01 08:00:09.968   396   399 I adbd    : Waiting for persist.adb.tls_server.enable=1
01-01 08:00:09.968   396   399 I adbd    : persist.adb.tls_server.enable changed to 1
01-01 08:00:09.969   396   401 I adbd    : UsbFfsConnection constructed
01-01 08:00:09.973   396   409 I adbd    : UsbFfs-monitor thread spawned
01-01 08:00:09.974   396   409 I adbd    : USB event: FUNCTIONFS_BIND
01-01 08:00:09.976   373   373 E cutils-trace: Error opening trace file: No such file or directory (2)
01-01 08:00:09.978   374   374 I HidlServiceManagement: Registered android.hardware.media.c2@1.2::IComponentStore/software
01-01 08:00:09.979   392   392 I update_engine: [INFO:boot_control_android.cc(69)] Loaded boot control hidl hal.
01-01 08:00:09.981   365   365 W android.hardware.media.omx@1.0-service: libminijail[365]: compile_file: /system/etc/seccomp_policy/crash_dump.arm.policy(1): syscall read redefined here
01-01 08:00:09.985   365   365 W android.hardware.media.omx@1.0-service: libminijail[365]: compile_file: <fd>(9): previous definition here
01-01 08:00:09.985   365   365 W android.hardware.media.omx@1.0-service: libminijail[365]: compile_file: /system/etc/seccomp_policy/crash_dump.arm.policy(2): syscall write redefined here
01-01 08:00:09.986   373   373 I HidlServiceManagement: Registered android.hardware.radio@1.6::IRadio/slot1
01-01 08:00:09.986   181   181 I hwservicemanager: getTransport: Cannot find entry android.hardware.media.c2@1.0::IComponentStore/default in either framework or device VINTF manifest.
01-01 08:00:09.987   374   374 I CodecServiceRegistrant: Preferred Codec2 store is defaulted to "software".
01-01 08:00:09.987   374   374 I CodecServiceRegistrant: Software Codec2 service created and registered.
01-01 08:00:09.988   365   365 W android.hardware.media.omx@1.0-service: libminijail[365]: compile_file: <fd>(5): previous definition here
01-01 08:00:09.988   365   365 W android.hardware.media.omx@1.0-service: libminijail[365]: compile_file: /system/etc/seccomp_policy/crash_dump.arm.policy(3): syscall exit redefined here
01-01 08:00:09.988   365   365 W android.hardware.media.omx@1.0-service: libminijail[365]: compile_file: <fd>(40): previous definition here
01-01 08:00:09.991   392   392 I update_engine: [INFO:daemon_state_android.cc(44)] Booted in dev mode.
01-01 08:00:09.994   365   365 W android.hardware.media.omx@1.0-service: libminijail[365]: compile_file: /system/etc/seccomp_policy/crash_dump.arm.policy(4): syscall rt_sigreturn redefined here
01-01 08:00:09.994   365   365 W android.hardware.media.omx@1.0-service: libminijail[365]: compile_file: <fd>(45): previous definition here
01-01 08:00:10.000   365   365 W android.hardware.media.omx@1.0-service: libminijail[365]: compile_file: /system/etc/seccomp_policy/crash_dump.arm.policy(6): syscall exit_group redefined here
01-01 08:00:10.000   365   365 W android.hardware.media.omx@1.0-service: libminijail[365]: compile_file: <fd>(44): previous definition here
01-01 08:00:10.000   373   373 I HidlServiceManagement: Registered android.hardware.radio.config@1.3::IRadioConfig/default
01-01 08:00:10.000   365   365 W android.hardware.media.omx@1.0-service: libminijail[365]: compile_file: /system/etc/seccomp_policy/crash_dump.arm.policy(7): syscall clock_gettime redefined here
01-01 08:00:10.000   365   365 W android.hardware.media.omx@1.0-service: libminijail[365]: compile_file: <fd>(7): previous definition here
01-01 08:00:10.001   365   365 W android.hardware.media.omx@1.0-service: libminijail[365]: compile_file: /system/etc/seccomp_policy/crash_dump.arm.policy(8): syscall gettimeofday redefined here
01-01 08:00:10.001   365   365 W android.hardware.media.omx@1.0-service: libminijail[365]: compile_file: <fd>(47): previous definition here
01-01 08:00:10.001   365   365 W android.hardware.media.omx@1.0-service: libminijail[365]: compile_file: /system/etc/seccomp_policy/crash_dump.arm.policy(9): syscall futex redefined here
01-01 08:00:10.001   365   365 W android.hardware.media.omx@1.0-service: libminijail[365]: compile_file: <fd>(3): previous definition here
01-01 08:00:10.002   365   365 W android.hardware.media.omx@1.0-service: libminijail[365]: compile_file: /system/etc/seccomp_policy/crash_dump.arm.policy(10): syscall getrandom redefined here
01-01 08:00:10.002   365   365 W android.hardware.media.omx@1.0-service: libminijail[365]: compile_file: <fd>(15): previous definition here
01-01 08:00:10.002   365   365 W android.hardware.media.omx@1.0-service: libminijail[365]: compile_file: /system/etc/seccomp_policy/crash_dump.arm.policy(13): syscall ppoll redefined here
01-01 08:00:10.002   365   365 W android.hardware.media.omx@1.0-service: libminijail[365]: compile_file: <fd>(13): previous definition here
01-01 08:00:10.003   392   392 I update_engine: [INFO:update_attempter_android.cc(1082)] Scheduling CleanupPreviousUpdateAction.
01-01 08:00:10.005   373   373 I HidlServiceManagement: Registered android.hardware.radio@1.2::ISap/slot1
01-01 08:00:10.009   365   365 W android.hardware.media.omx@1.0-service: libminijail[365]: compile_file: /system/etc/seccomp_policy/crash_dump.arm.policy(14): syscall pipe2 redefined here
01-01 08:00:10.010   365   365 W android.hardware.media.omx@1.0-service: libminijail[365]: compile_file: <fd>(46): previous definition here
01-01 08:00:10.010   365   365 W android.hardware.media.omx@1.0-service: libminijail[365]: compile_file: /system/etc/seccomp_policy/crash_dump.arm.policy(15): syscall openat redefined here
01-01 08:00:10.010   365   365 W android.hardware.media.omx@1.0-service: libminijail[365]: compile_file: <fd>(30): previous definition here
01-01 08:00:10.010   365   365 W android.hardware.media.omx@1.0-service: libminijail[365]: compile_file: /system/etc/seccomp_policy/crash_dump.arm.policy(16): syscall dup redefined here
01-01 08:00:10.010   365   365 W android.hardware.media.omx@1.0-service: libminijail[365]: compile_file: <fd>(12): previous definition here
01-01 08:00:10.010   365   365 W android.hardware.media.omx@1.0-service: libminijail[365]: compile_file: /system/etc/seccomp_policy/crash_dump.arm.policy(17): syscall close redefined here
01-01 08:00:10.010   365   365 W android.hardware.media.omx@1.0-service: libminijail[365]: compile_file: <fd>(10): previous definition here
01-01 08:00:10.010   365   365 W android.hardware.media.omx@1.0-service: libminijail[365]: compile_file: /system/etc/seccomp_policy/crash_dump.arm.policy(18): syscall lseek redefined here
01-01 08:00:10.010   365   365 W android.hardware.media.omx@1.0-service: libminijail[365]: compile_file: <fd>(50): previous definition here
01-01 08:00:10.010   365   365 W android.hardware.media.omx@1.0-service: libminijail[365]: compile_file: /system/etc/seccomp_policy/crash_dump.arm.policy(19): syscall getdents64 redefined here
01-01 08:00:10.011   365   365 W android.hardware.media.omx@1.0-service: libminijail[365]: compile_file: <fd>(58): previous definition here
01-01 08:00:10.011   365   365 W android.hardware.media.omx@1.0-service: libminijail[365]: compile_file: /system/etc/seccomp_policy/crash_dump.arm.policy(20): syscall faccessat redefined here
01-01 08:00:10.011   365   365 W android.hardware.media.omx@1.0-service: libminijail[365]: compile_file: <fd>(38): previous definition here
01-01 08:00:10.011   365   365 W android.hardware.media.omx@1.0-service: libminijail[365]: compile_file: /system/etc/seccomp_policy/crash_dump.arm.policy(25): syscall rt_sigprocmask redefined here
01-01 08:00:10.011   365   365 W android.hardware.media.omx@1.0-service: libminijail[365]: compile_file: <fd>(41): previous definition here
01-01 08:00:10.011   365   365 W android.hardware.media.omx@1.0-service: libminijail[365]: compile_file: /system/etc/seccomp_policy/crash_dump.arm.policy(28): syscall prctl redefined here
01-01 08:00:10.011   365   365 W android.hardware.media.omx@1.0-service: libminijail[365]: compile_file: <fd>(6): previous definition here
01-01 08:00:10.011   365   365 W android.hardware.media.omx@1.0-service: libminijail[365]: compile_file: /system/etc/seccomp_policy/crash_dump.arm.policy(29): syscall madvise redefined here
01-01 08:00:10.012   365   365 W android.hardware.media.omx@1.0-service: libminijail[365]: compile_file: <fd>(29): previous definition here
01-01 08:00:10.012   365   365 W android.hardware.media.omx@1.0-service: libminijail[365]: compile_file: /system/etc/seccomp_policy/crash_dump.arm.policy(30): syscall mprotect redefined here
01-01 08:00:10.012   365   365 W android.hardware.media.omx@1.0-service: libminijail[365]: compile_file: <fd>(28): previous definition here
01-01 08:00:10.014   396   399 I adbd    : adbwifi started on port 38401
01-01 08:00:10.014   396   399 I adbd    : TlsServer running on port 38401
01-01 08:00:10.014   365   365 W android.hardware.media.omx@1.0-service: libminijail[365]: compile_file: /system/etc/seccomp_policy/crash_dump.arm.policy(31): syscall munmap redefined here
01-01 08:00:10.014   396   399 I adbd    : adb wifi started on port 38401
01-01 08:00:10.015   396   402 I adbd    : adbd mDNS service _adb._tcp registered: 1
01-01 08:00:10.015   396   399 I adbd    : Waiting for persist.adb.tls_server.enable=0
01-01 08:00:10.017   365   365 W android.hardware.media.omx@1.0-service: libminijail[365]: compile_file: <fd>(27): previous definition here
01-01 08:00:10.017   365   365 W android.hardware.media.omx@1.0-service: libminijail[365]: compile_file: /system/etc/seccomp_policy/crash_dump.arm.policy(32): syscall getuid32 redefined here
01-01 08:00:10.017   365   365 W android.hardware.media.omx@1.0-service: libminijail[365]: compile_file: <fd>(34): previous definition here
01-01 08:00:10.019   365   365 W android.hardware.media.omx@1.0-service: libminijail[365]: compile_file: /system/etc/seccomp_policy/crash_dump.arm.policy(33): syscall fstat64 redefined here
01-01 08:00:10.020   365   365 W android.hardware.media.omx@1.0-service: libminijail[365]: compile_file: <fd>(35): previous definition here
01-01 08:00:10.020   365   365 W android.hardware.media.omx@1.0-service: libminijail[365]: compile_file: /system/etc/seccomp_policy/crash_dump.arm.policy(34): syscall mmap2 redefined here
01-01 08:00:10.020   365   365 W android.hardware.media.omx@1.0-service: libminijail[365]: compile_file: <fd>(14): previous definition here
01-01 08:00:10.021   396   417 I adbd    : Registering secure_connect service (adb-DZOH58251908361-a0xUYc)
01-01 08:00:10.022   392   392 I update_engine: [INFO:action_processor.cc(51)] ActionProcessor: starting CleanupPreviousUpdateAction
01-01 08:00:10.025   365   365 W android.hardware.media.omx@1.0-service: libminijail[365]: logging seccomp filter failures
01-01 08:00:10.025   396   417 I adbd    : adbd mDNS service _adb-tls-connect._tcp registered: 1
01-01 08:00:10.043   392   392 I update_engine: [INFO:cleanup_previous_update_action.cc(149)] Starting/resuming CleanupPreviousUpdateAction
01-01 08:00:10.048   365   365 I cedarc  : <CedarPluginVDInit:85>: register h265 decoder success!
01-01 08:00:10.049   365   365 E cedarc  : <InitVDLib:52>: [40;31mdlopen 'libawh265soft.so' fail: dlopen failed: library "libawh265soft.so" not found[0m
01-01 08:00:10.050   365   365 I cedarc  : <CedarPluginVDInit:79>: register h264 decoder success!
01-01 08:00:10.051   365   365 I cedarc  : <CedarPluginVDInit:84>: register mjpeg decoder success!
01-01 08:00:10.053   365   365 I cedarc  : <CedarPluginVDInit:89>: register mjpegplus decoder success!
01-01 08:00:10.055   365   365 I cedarc  : <CedarPluginVDInit:86>: register mpeg2 decoder success!
01-01 08:00:10.058   365   365 W cedarc  : <InitVDLib:59>: Invalid plugin, CedarPluginVDInit not found, lib:libawmpeg4base.so.
01-01 08:00:10.060   365   365 I cedarc  : <CedarPluginVDInit:90>: register mpeg4Normal decoder success!
01-01 08:00:10.064   365   365 I cedarc  : <CedarPluginVDInit:76>: register Mpeg4Vp6 decoder success!
01-01 08:00:10.066   365   365 I cedarc  : <CedarPluginVDInit:95>: register mpeg4dx decoder success!
01-01 08:00:10.067   365   365 I cedarc  : <CedarPluginVDInit:79>: register mpeg4H263 decoder success!
01-01 08:00:10.069   365   365 I cedarc  : <CedarPluginVDInit:73>: register vp8 decoder success!
01-01 08:00:10.071   365   365 I cedarc  : <CedarPluginVDInit:74>: register vc1 decoder success!
01-01 08:00:10.078   392   392 I update_engine: [INFO:cleanup_previous_update_action.cc(124)] CleanupPreviousUpdateAction scheduled task ID 1 for WaitBootCompleted
01-01 08:00:10.080   365   365 I SoftOMXPlugin: createOMXPlugin
01-01 08:00:10.081   365   365 D MediaCodecsXmlParser: parsing /vendor/etc/media_codecs.xml...
01-01 08:00:10.083   365   365 D MediaCodecsXmlParser: parsing /vendor/etc/media_codecs_google_audio.xml...
01-01 08:00:10.084   365   365 D MediaCodecsXmlParser: unable to open media codecs configuration xml file: /vendor/etc/media_codecs_google_audio.xml
01-01 08:00:10.087   365   365 D MediaCodecsXmlParser: parsing /vendor/etc/media_codecs_google_video.xml...
01-01 08:00:10.089   365   365 D MediaCodecsXmlParser: unable to open media codecs configuration xml file: /vendor/etc/media_codecs_google_video.xml
01-01 08:00:10.091   357   357 I MediaExtractorFactory: plugin directory not present (/system/lib/extractors)
01-01 08:00:10.092   357   357 I MediaExtractorFactory: plugin directory not present (/system_ext/lib/extractors)
01-01 08:00:10.092   365   365 D MediaCodecsXmlParser: parsing /vendor/etc/media_codecs_performance.xml...
01-01 08:00:10.096   365   365 D MediaCodecsXmlParser: MediaCodec: cannot update non-existing codec: OMX.google.h264.encoder at line 25 of /vendor/etc/media_codecs_performance.xml
01-01 08:00:10.096   365   365 D MediaCodecsXmlParser: MediaCodec: cannot update non-existing codec: OMX.google.h263.encoder at line 31 of /vendor/etc/media_codecs_performance.xml
01-01 08:00:10.096   365   365 D MediaCodecsXmlParser: MediaCodec: cannot update non-existing codec: OMX.google.mpeg4.encoder at line 34 of /vendor/etc/media_codecs_performance.xml
01-01 08:00:10.096   365   365 D MediaCodecsXmlParser: MediaCodec: cannot update non-existing codec: OMX.google.vp8.encoder at line 37 of /vendor/etc/media_codecs_performance.xml
01-01 08:00:10.096   365   365 D MediaCodecsXmlParser: MediaCodec: cannot update non-existing codec: OMX.allwinner.video.decoder.h263 at line 59 of /vendor/etc/media_codecs_performance.xml
01-01 08:00:10.096   365   365 D MediaCodecsXmlParser: MediaCodec: cannot update non-existing codec: OMX.google.mpeg4.decoder at line 80 of /vendor/etc/media_codecs_performance.xml
01-01 08:00:10.097   365   365 D MediaCodecsXmlParser: MediaCodec: cannot update non-existing codec: OMX.google.h264.decoder at line 83 of /vendor/etc/media_codecs_performance.xml
01-01 08:00:10.097   365   365 D MediaCodecsXmlParser: MediaCodec: cannot update non-existing codec: OMX.google.h263.decoder at line 89 of /vendor/etc/media_codecs_performance.xml
01-01 08:00:10.097   365   365 D MediaCodecsXmlParser: MediaCodec: cannot update non-existing codec: OMX.google.hevc.decoder at line 93 of /vendor/etc/media_codecs_performance.xml
01-01 08:00:10.097   365   365 D MediaCodecsXmlParser: MediaCodec: cannot update non-existing codec: OMX.google.vp8.decoder at line 101 of /vendor/etc/media_codecs_performance.xml
01-01 08:00:10.097   365   365 D MediaCodecsXmlParser: MediaCodec: cannot update non-existing codec: OMX.google.vp9.decoder at line 107 of /vendor/etc/media_codecs_performance.xml
01-01 08:00:10.097   365   365 I MediaCodecsXmlParser: Did not find media_codecs_shaping.xml in search path
01-01 08:00:10.098   365   365 E cutils-trace: Error opening trace file: No such file or directory (2)
01-01 08:00:10.102   365   365 I HidlServiceManagement: Registered android.hardware.media.omx@1.0::IOmx/default
01-01 08:00:10.102   365   365 I HidlServiceManagement: Removing namespace from process name android.hardware.media.omx@1.0-service to omx@1.0-service.
01-01 08:00:10.103   365   365 I android.hardware.media.omx@1.0-service: IOmx HAL service created.
01-01 08:00:10.105   365   365 I OmxStore: omx common prefix: 'OMX.'
01-01 08:00:10.105   365   365 D MediaCodecsXmlParser: parsing /vendor/etc/media_codecs.xml...
01-01 08:00:10.106   365   365 D MediaCodecsXmlParser: parsing /vendor/etc/media_codecs_google_audio.xml...
01-01 08:00:10.106   365   365 D MediaCodecsXmlParser: unable to open media codecs configuration xml file: /vendor/etc/media_codecs_google_audio.xml
01-01 08:00:10.110   365   365 D MediaCodecsXmlParser: parsing /vendor/etc/media_codecs_google_video.xml...
01-01 08:00:10.110   365   365 D MediaCodecsXmlParser: unable to open media codecs configuration xml file: /vendor/etc/media_codecs_google_video.xml
01-01 08:00:10.110   365   365 D MediaCodecsXmlParser: parsing /vendor/etc/media_codecs_performance.xml...
01-01 08:00:10.111   365   365 D MediaCodecsXmlParser: MediaCodec: cannot update non-existing codec: OMX.google.h264.encoder at line 25 of /vendor/etc/media_codecs_performance.xml
01-01 08:00:10.111   365   365 D MediaCodecsXmlParser: MediaCodec: cannot update non-existing codec: OMX.google.h263.encoder at line 31 of /vendor/etc/media_codecs_performance.xml
01-01 08:00:10.111   365   365 D MediaCodecsXmlParser: MediaCodec: cannot update non-existing codec: OMX.google.mpeg4.encoder at line 34 of /vendor/etc/media_codecs_performance.xml
01-01 08:00:10.111   365   365 D MediaCodecsXmlParser: MediaCodec: cannot update non-existing codec: OMX.google.vp8.encoder at line 37 of /vendor/etc/media_codecs_performance.xml
01-01 08:00:10.111   365   365 D MediaCodecsXmlParser: MediaCodec: cannot update non-existing codec: OMX.allwinner.video.decoder.h263 at line 59 of /vendor/etc/media_codecs_performance.xml
01-01 08:00:10.111   365   365 D MediaCodecsXmlParser: MediaCodec: cannot update non-existing codec: OMX.google.mpeg4.decoder at line 80 of /vendor/etc/media_codecs_performance.xml
01-01 08:00:10.111   365   365 D MediaCodecsXmlParser: MediaCodec: cannot update non-existing codec: OMX.google.h264.decoder at line 83 of /vendor/etc/media_codecs_performance.xml
01-01 08:00:10.112   365   365 D MediaCodecsXmlParser: MediaCodec: cannot update non-existing codec: OMX.google.h263.decoder at line 89 of /vendor/etc/media_codecs_performance.xml
01-01 08:00:10.112   365   365 D MediaCodecsXmlParser: MediaCodec: cannot update non-existing codec: OMX.google.hevc.decoder at line 93 of /vendor/etc/media_codecs_performance.xml
01-01 08:00:10.112   365   365 D MediaCodecsXmlParser: MediaCodec: cannot update non-existing codec: OMX.google.vp8.decoder at line 101 of /vendor/etc/media_codecs_performance.xml
01-01 08:00:10.112   365   365 D MediaCodecsXmlParser: MediaCodec: cannot update non-existing codec: OMX.google.vp9.decoder at line 107 of /vendor/etc/media_codecs_performance.xml
01-01 08:00:10.112   365   365 I MediaCodecsXmlParser: Did not find media_codecs_shaping.xml in search path
01-01 08:00:10.112   365   365 E MediaCodecsXmlParser: Cannot find the role for a decoder of type video/divx
01-01 08:00:10.112   365   365 E MediaCodecsXmlParser: Cannot find the role for a decoder of type video/jpeg
01-01 08:00:10.112   365   365 E MediaCodecsXmlParser: Cannot find the role for a decoder of type video/mpeg1
01-01 08:00:10.112   365   365 E MediaCodecsXmlParser: Cannot find the role for a decoder of type video/x-ms-mpeg4v1
01-01 08:00:10.112   365   365 E MediaCodecsXmlParser: Cannot find the role for a decoder of type video/x-ms-mpeg4v2
01-01 08:00:10.112   365   365 E MediaCodecsXmlParser: Cannot find the role for a decoder of type video/rvg2
