01-01 08:00:10.112   365   365 E MediaCodecsXmlParser: Cannot find the role for a decoder of type video/flv1
01-01 08:00:10.112   365   365 E MediaCodecsXmlParser: Cannot find the role for a decoder of type video/wvc1
01-01 08:00:10.112   365   365 E MediaCodecsXmlParser: Cannot find the role for a decoder of type video/x-vnd.on2.vp6
01-01 08:00:10.112   365   365 E MediaCodecsXmlParser: Cannot find the role for a decoder of type video/wmv1
01-01 08:00:10.112   365   365 E MediaCodecsXmlParser: Cannot find the role for a decoder of type video/wmv2
01-01 08:00:10.112   365   365 E MediaCodecsXmlParser: Cannot find the role for a decoder of type video/xvid
01-01 08:00:10.115   365   365 I HidlServiceManagement: Registered android.hardware.media.omx@1.0::IOmxStore/default
01-01 08:00:10.115   365   365 I HidlServiceManagement: Removing namespace from process name android.hardware.media.omx@1.0-service to omx@1.0-service.
01-01 08:00:10.120   356   356 D isomountservice: main isomount service is running.
01-01 08:00:10.125   356   356 I isomountservice: ServiceManager: 0xf27fbcc0
01-01 08:00:10.144   263   263 I EventThread: type=1400 audit(0.0:285): avc: denied { search } for name="extcon" dev="sysfs" ino=18109 scontext=u:r:hal_tv_cec_default:s0 tcontext=u:object_r:sysfs_extcon:s0 tclass=dir permissive=1
01-01 08:00:10.154   351   351 I cameraserver: ServiceManager: 0xf3829960
01-01 08:00:10.155   351   351 I CameraService: CameraService started (pid=351)
01-01 08:00:10.155   351   351 I CameraService: CameraService process starting
01-01 08:00:10.161   351   351 W BatteryNotifier: batterystats service unavailable!
01-01 08:00:10.162   351   351 W BatteryNotifier: batterystats service unavailable!
01-01 08:00:10.162   351   351 E cutils-trace: Error opening trace file: No such file or directory (2)
01-01 08:00:10.181   351   351 I CameraProviderManager: Connecting to new camera provider: external/0, isRemote? 1
01-01 08:00:10.183   351   351 I CameraProviderManager: Camera provider external/0 ready with 0 camera devices
01-01 08:00:10.184   351   428 W CameraProviderManager: addProviderLocked: Camera provider HAL with name 'external/0' already registered
01-01 08:00:10.185   351   351 I cameraserver: Waiting for activity service
01-01 08:00:10.193   361   361 E cutils-trace: Error opening trace file: No such file or directory (2)
01-01 08:00:10.204   361   361 W storaged: health: invalid battery status
01-01 08:00:10.217   361   361 I ServiceManager: Waiting for service 'package_native' on '/dev/binder'...
01-01 08:00:10.236   352   352 D gpioservice: main gpio service is running.
01-01 08:00:10.236   358   358 V MediaUtils: physMem: 2055442432
01-01 08:00:10.237   358   358 V MediaUtils: requested limit: 134217728
01-01 08:00:10.238   352   352 I gpioservice: ServiceManager: 0xead37cc0
01-01 08:00:10.238   352   352 D GpioService: GpioService created
01-01 08:00:10.239   180   180 E SELinux : avc:  denied  { add } for pid=352 uid=0 name=softwinner.gpio scontext=u:r:gpioservice:s0 tcontext=u:object_r:default_android_service:s0 tclass=service_manager permissive=1
01-01 08:00:10.239   358   358 I libc    : malloc_limit: Allocation limit enabled, max size 134217728 bytes
01-01 08:00:10.249   358   358 D AudioPowerUsage: AudioPowerUsage
01-01 08:00:10.258   362   362 D systemmixservice: main SystemMix service is running.
01-01 08:00:10.260   362   362 I systemmixservice: ServiceManager: 0xed295cb0
01-01 08:00:10.260   362   362 D SystemMixService: SystemMixService created
01-01 08:00:10.260   358   358 D AudioAnalytics: AudioAnalytics
01-01 08:00:10.261   358   358 D MediaMetricsService: MediaMetricsService
01-01 08:00:10.261   180   180 E SELinux : avc:  denied  { add } for pid=362 uid=0 name=softwinner.systemmix scontext=u:r:systemmix:s0 tcontext=u:object_r:default_android_service:s0 tclass=service_manager permissive=1
01-01 08:00:10.275   360   360 D multiir : multi_ir open uinput dev
01-01 08:00:10.272   324   324 I xiriservice_All: type=1400 audit(0.0:286): avc: denied { read } for scontext=u:r:init:s0 tcontext=u:r:init:s0 tclass=netlink_kobject_uevent_socket permissive=1
01-01 08:00:10.277   318   319 D XM_HIDREAD: add@ add@/devices/virtual/input/input1
01-01 08:00:10.279   268   268 I ServiceManager: Waiting for service 'media.metrics' on '/dev/binder' successful after waiting 1068ms
01-01 08:00:10.280   268   268 I AudioFlinger: Using default 3000 mSec as standby time.
01-01 08:00:10.282   360   360 I input   : sunxi-ir-uinput as /devices/virtual/input/input1
01-01 08:00:10.283   358   435 I ServiceManager: Waiting for service 'package_native' on '/dev/binder'...
01-01 08:00:10.285   318   319 D XM_HIDREAD: add@ add@/devices/virtual/input/input1/event1
01-01 08:00:10.286   360   360 D multiir : uinputfd=4
01-01 08:00:10.299   243   243 D Zygote  : VMRuntime.setVerifierEnabled(false)
01-01 08:00:10.318   360   360 D multiir : uevent listen start
01-01 08:00:10.325   268   268 E APM::HwModule: refreshSupportedDevices: invalid source devices for primary input
01-01 08:00:10.325   268   268 E APM::HwModule: refreshSupportedDevices: invalid source devices for fast input
01-01 08:00:10.330   268   268 D APM_EngineLoader: Loaded engine from libaudiopolicyenginedefault.so
01-01 08:00:10.331   268   268 D APM::AudioPolicyEngine/Base: loadAudioPolicyEngineConfig: No configuration found, using default matching phone experience.
01-01 08:00:10.349   268   268 W APM::AudioPolicyEngine/Base: loadAudioPolicyEngineConfig: No configuration of AUDIO_STREAM_ASSISTANT found, using default volume configuration
01-01 08:00:10.350   268   268 W APM::AudioPolicyEngine/Base: loadAudioPolicyEngineConfig: No configuration of AUDIO_STREAM_CALL_ASSISTANT found, using default volume configuration
01-01 08:00:10.367   248   248 V audio_hw_primary: init_audio_devices, line: 611
01-01 08:00:10.367   248   248 D audio_hw_primary: read card /sys/class/sound/card0/id
01-01 08:00:10.368   248   248 D audio_hw_primary: /sys/class/sound/card0/id, audiocodec, len: 11
01-01 08:00:10.368   248   248 D audio_hw_primary: linux name = audiocodec, android name = AUDIO_CODEC
01-01 08:00:10.368   248   248 D audio_hw_primary: find name map, card_id = audiocodec, card_name = AUDIO_CODEC 
01-01 08:00:10.368   248   248 V audio_hw_primary: card: 0, name: AUDIO_CODEC, capture: 0, playback: 1
01-01 08:00:10.368   248   248 D audio_hw_primary: read card /sys/class/sound/card1/id
01-01 08:00:10.368   248   248 D audio_hw_primary: /sys/class/sound/card1/id, sndspdif, len: 9
01-01 08:00:10.368   248   248 D audio_hw_primary: linux name = sndspdif, android name = AUDIO_SPDIF
01-01 08:00:10.368   248   248 D audio_hw_primary: find name map, card_id = sndspdif, card_name = AUDIO_SPDIF 
01-01 08:00:10.368   248   248 V audio_hw_primary: card: 1, name: AUDIO_SPDIF, capture: 1, playback: 1
01-01 08:00:10.368   248   248 D audio_hw_primary: read card /sys/class/sound/card2/id
01-01 08:00:10.369   248   248 D audio_hw_primary: /sys/class/sound/card2/id, ahubdam, len: 8
01-01 08:00:10.369   248   248 D audio_hw_primary: linux name = ahubdam, android name = AUDIO_DAM
01-01 08:00:10.369   248   248 D audio_hw_primary: find name map, card_id = ahubdam, card_name = AUDIO_DAM 
01-01 08:00:10.369   248   248 V audio_hw_primary: card: 2, name: AUDIO_DAM, capture: 0, playback: 0
01-01 08:00:10.369   248   248 D audio_hw_primary: read card /sys/class/sound/card3/id
01-01 08:00:10.369   248   248 D audio_hw_primary: /sys/class/sound/card3/id, ahubhdmi, len: 9
01-01 08:00:10.369   248   248 D audio_hw_primary: linux name = ahubhdmi, android name = AUDIO_HDMI
01-01 08:00:10.369   248   248 D audio_hw_primary: find name map, card_id = ahubhdmi, card_name = AUDIO_HDMI 
01-01 08:00:10.369   248   248 V audio_hw_primary: card: 3, name: AUDIO_HDMI, capture: 1, playback: 1
01-01 08:00:10.369   248   248 D audio_hw_primary: read card /sys/class/sound/card4/id
01-01 08:00:10.370   248   248 D audio_hw_primary: /sys/class/sound/card4/id, ahubi2s2, len: 9
01-01 08:00:10.370   248   248 D audio_hw_primary: linux name = ahubi2s2, android name = AUDIO_I2S2
01-01 08:00:10.370   248   248 D audio_hw_primary: find name map, card_id = ahubi2s2, card_name = AUDIO_I2S2 
01-01 08:00:10.370   248   248 V audio_hw_primary: card: 4, name: AUDIO_I2S2, capture: 1, playback: 1
01-01 08:00:10.370   248   248 D audio_hw_primary: getCardNumbyName: name = AUDIO_CODEC , card = 0
01-01 08:00:10.370   248   248 D audio_hw_primary: getCardNumbyName: name = AUDIO_DAM , card = 2
01-01 08:00:10.370   248   248 D audio_hw_primary: getCardNumbyName: name = AUDIO_HDMI , card = 3
01-01 08:00:10.370   248   248 D audio_hw_primary: getCardNumbyName: name = AUDIO_I2S2 , card = 4
01-01 08:00:10.370   248   248 D audio_hw_primary: getCardNumbyName: name = AUDIO_SPDIF , card = 1
01-01 08:00:10.370   248   248 E audio_hw_primary: AUDIO_BT card does not exist
01-01 08:00:10.370   248   248 E audio_hw_primary: AUDIO_MIX card does not exist
01-01 08:00:10.370   248   248 V audio_hw_primary: init_audio_devices_active, line: 635
01-01 08:00:10.370   248   248 V audio_hw_primary: init_audio_devices_active: get property persist.vendor.audio.input.active: AUDIO_CODEC
01-01 08:00:10.368     1     1 I /system/bin/init: type=1107 audit(0.0:287): uid=0 auid=4294967295 ses=4294967295 subj=u:r:init:s0 msg='avc: denied { set } for property=persist.vendor.audio.input.active pid=248 uid=1041 gid=1005 scontext=u:r:hal_audio_default:s0 tcontext=u:object_r:vendor_default_prop:s0 tclass=property_service permissive=1'
01-01 08:00:10.381   248   248 V audio_hw_primary: set property persist.vendor.audio.input.active: AUDIO_CODEC ok
01-01 08:00:10.381   248   248 V audio_hw_primary: init_audio_devices_active: get property persist.vendor.audio.output.active: AUDIO_HDMI
01-01 08:00:10.380   327   327 I rainbow_flow: type=1400 audit(0.0:288): avc: denied { ioctl } for path="/dev/spidev1.0" dev="tmpfs" ino=5830 ioctlcmd=0x6b00 scontext=u:r:init:s0 tcontext=u:object_r:device:s0 tclass=chr_file permissive=1
01-01 08:00:10.389   360   360 D multiir : find target device, path=/dev/input/event0
01-01 08:00:10.390   248   248 V audio_hw_primary: set property persist.vendor.audio.output.active: AUDIO_HDMI ok
01-01 08:00:10.390   248   248 V audio_hw_primary: AUDIO_HDMI output device will be active
01-01 08:00:10.390   248   248 D audio_hw_primary: XX 2 0 2 0
01-01 08:00:10.391   360   442 D multiir : MultiirService create
01-01 08:00:10.392   180   180 E SELinux : avc:  denied  { add } for pid=360 uid=0 name=softwinner.multi_ir scontext=u:r:multi_ir:s0 tcontext=u:object_r:default_android_service:s0 tclass=service_manager permissive=1
01-01 08:00:10.395   248   248 W audio_route: Control 'External Speaker Switch' doesn't exist - skipping
01-01 08:00:10.395   248   248 W audio_route: Control 'Headphone Switch' doesn't exist - skipping
01-01 08:00:10.395   248   248 W audio_route: Control 'Earpiece Switch' doesn't exist - skipping
01-01 08:00:10.395   248   248 W audio_route: Control 'AIF1IN0R Mux' doesn't exist - skipping
01-01 08:00:10.395   248   248 W audio_route: Control 'AIF1IN0L Mux' doesn't exist - skipping
01-01 08:00:10.395   248   248 W audio_route: Control 'DACR Mixer AIF1DA0R Switch' doesn't exist - skipping
01-01 08:00:10.395   248   248 W audio_route: Control 'DACL Mixer AIF1DA0L Switch' doesn't exist - skipping
01-01 08:00:10.395   248   248 W audio_route: Control 'AIF1OUT0L Mux' doesn't exist - skipping
01-01 08:00:10.395   248   248 W audio_route: Control 'AIF1OUT0R Mux' doesn't exist - skipping
01-01 08:00:10.395   248   248 W audio_route: Control 'AIF1 AD0L Mixer ADCL Switch' doesn't exist - skipping
01-01 08:00:10.395   248   248 W audio_route: Control 'AIF1 AD0R Mixer ADCR Switch' doesn't exist - skipping
01-01 08:00:10.395   248   248 W audio_route: Control 'ADCR Mux' doesn't exist - skipping
01-01 08:00:10.395   248   248 W audio_route: Control 'ADCL Mux' doesn't exist - skipping
01-01 08:00:10.395   248   248 W audio_route: Control 'HP_R Mux' doesn't exist - skipping
01-01 08:00:10.395   248   248 W audio_route: Control 'HP_L Mux' doesn't exist - skipping
01-01 08:00:10.395   248   248 W audio_route: Control 'HP_R Mux' doesn't exist - skipping
01-01 08:00:10.395   248   248 W audio_route: Control 'HP_L Mux' doesn't exist - skipping
01-01 08:00:10.395   248   248 W audio_route: Control 'Right Output Mixer DACR Switch' doesn't exist - skipping
01-01 08:00:10.395   248   248 W audio_route: Control 'Left Output Mixer DACL Switch' doesn't exist - skipping
01-01 08:00:10.395   248   248 W audio_route: Control 'SPK_L Mux' doesn't exist - skipping
01-01 08:00:10.395   248   248 W audio_route: Control 'SPK_R Mux' doesn't exist - skipping
01-01 08:00:10.395   248   248 W audio_route: Control 'External Speaker Switch' doesn't exist - skipping
01-01 08:00:10.395   248   248 W audio_route: Control 'Headphone Switch' doesn't exist - skipping
01-01 08:00:10.395   248   248 W audio_route: Control 'AIF1IN0R Mux' doesn't exist - skipping
01-01 08:00:10.395   248   248 W audio_route: Control 'AIF1IN0L Mux' doesn't exist - skipping
01-01 08:00:10.395   248   248 W audio_route: Control 'DACR Mixer AIF1DA0R Switch' doesn't exist - skipping
01-01 08:00:10.395   248   248 W audio_route: Control 'DACL Mixer AIF1DA0L Switch' doesn't exist - skipping
01-01 08:00:10.395   248   248 W audio_route: Control 'Left Output Mixer DACR Switch' doesn't exist - skipping
01-01 08:00:10.395   248   248 W audio_route: Control 'Left Output Mixer DACL Switch' doesn't exist - skipping
01-01 08:00:10.395   248   248 W audio_route: Control 'SPK_L Mux' doesn't exist - skipping
01-01 08:00:10.396   248   248 W audio_route: Control 'External Speaker Switch' doesn't exist - skipping
01-01 08:00:10.396   248   248 W audio_route: unknown enum value string 0 for ctl LINEOUTL src LR
01-01 08:00:10.396   248   248 W audio_route: unknown enum value string 0 for ctl LINEOUTR src LR
01-01 08:00:10.396   248   248 W audio_route: Control 'DACR Mixer AIF1DA0R Switch' doesn't exist - skipping
01-01 08:00:10.396   248   248 W audio_route: Control 'DACL Mixer AIF1DA0L Switch' doesn't exist - skipping
01-01 08:00:10.396   248   248 W audio_route: Control 'AIF1 AD0L Mixer ADCL Switch' doesn't exist - skipping
01-01 08:00:10.396   248   248 W audio_route: Control 'AIF1 AD0R Mixer ADCR Switch' doesn't exist - skipping
01-01 08:00:10.396   248   248 W audio_route: Control 'Left Output Mixer DACL Switch' doesn't exist - skipping
01-01 08:00:10.396   248   248 W audio_route: Control 'Left Output Mixer DACR Switch' doesn't exist - skipping
01-01 08:00:10.396   248   248 W audio_route: Control 'Right Output Mixer DACL Switch' doesn't exist - skipping
01-01 08:00:10.396   248   248 W audio_route: Control 'Right Output Mixer DACR Switch' doesn't exist - skipping
01-01 08:00:10.396   248   248 W audio_route: Control 'Headphone Switch' doesn't exist - skipping
01-01 08:00:10.396   248   248 W audio_route: Control 'External Speaker Switch' doesn't exist - skipping
01-01 08:00:10.396   248   248 W audio_route: Control 'AIF1OUT0R Mux' doesn't exist - skipping
01-01 08:00:10.396   248   248 W audio_route: Control 'AIF1OUT0L Mux' doesn't exist - skipping
01-01 08:00:10.396   248   248 W audio_route: Control 'AIF1 AD0R Mixer ADCR Switch' doesn't exist - skipping
01-01 08:00:10.396   248   248 W audio_route: Control 'AIF1 AD0L Mixer ADCL Switch' doesn't exist - skipping
01-01 08:00:10.396   248   248 W audio_route: Control 'ADCR Mux' doesn't exist - skipping
01-01 08:00:10.396   248   248 W audio_route: Control 'ADCL Mux' doesn't exist - skipping
01-01 08:00:10.396   248   248 W audio_route: Control 'LADC input Mixer MIC1 boost Switch' doesn't exist - skipping
01-01 08:00:10.396   248   248 W audio_route: Control 'RADC input Mixer MIC1 boost Switch' doesn't exist - skipping
01-01 08:00:10.396   248   248 W audio_route: Control 'AIF1OUT0R Mux' doesn't exist - skipping
01-01 08:00:10.396   248   248 W audio_route: Control 'AIF1OUT0L Mux' doesn't exist - skipping
01-01 08:00:10.396   248   248 W audio_route: Control 'AIF1 AD0R Mixer ADCR Switch' doesn't exist - skipping
01-01 08:00:10.396   248   248 W audio_route: Control 'AIF1 AD0L Mixer ADCL Switch' doesn't exist - skipping
01-01 08:00:10.396   248   248 W audio_route: Control 'ADCR Mux' doesn't exist - skipping
01-01 08:00:10.396   248   248 W audio_route: Control 'ADCL Mux' doesn't exist - skipping
01-01 08:00:10.396   248   248 W audio_route: Control 'MIC2 SRC' doesn't exist - skipping
01-01 08:00:10.396   248   248 W audio_route: Control 'LADC input Mixer MIC2 boost Switch' doesn't exist - skipping
01-01 08:00:10.396   248   248 W audio_route: Control 'RADC input Mixer MIC2 boost Switch' doesn't exist - skipping
01-01 08:00:10.396   248   248 W audio_route: Control 'ADCL Mux' doesn't exist - skipping
01-01 08:00:10.396   248   248 W audio_route: Control 'ADCR Mux' doesn't exist - skipping
01-01 08:00:10.396   248   248 W audio_route: Control 'AIF1 AD0L Mixer ADCL Switch' doesn't exist - skipping
01-01 08:00:10.396   248   248 W audio_route: Control 'AIF1 AD0R Mixer ADCR Switch' doesn't exist - skipping
01-01 08:00:10.396   248   248 W audio_route: Control 'AIF1OUT0L Mux' doesn't exist - skipping
01-01 08:00:10.396   248   248 W audio_route: Control 'AIF1OUT0R Mux' doesn't exist - skipping
01-01 08:00:10.396   248   248 W audio_route: Control 'AIF2 ADC volume' doesn't exist - skipping
01-01 08:00:10.396   248   248 W audio_route: Control 'LEFT ADC input Mixer MIC1 boost Switch' doesn't exist - skipping
01-01 08:00:10.396   248   248 W audio_route: Control 'ADCL Mux' doesn't exist - skipping
01-01 08:00:10.396   248   248 W audio_route: Control 'AIF2 ADL Mixer ADCL Switch' doesn't exist - skipping
01-01 08:00:10.396   248   248 W audio_route: Control 'AIF2OUTL Mux' doesn't exist - skipping
01-01 08:00:10.396   248   248 W audio_route: Control 'AIF2INL Mux' doesn't exist - skipping
01-01 08:00:10.396   248   248 W audio_route: Control 'AIF2INL Mux switch aif2inl aif2Switch' doesn't exist - skipping
01-01 08:00:10.396   248   248 W audio_route: Control 'DACL Mixer AIF2DACL Switch' doesn't exist - skipping
01-01 08:00:10.396   248   248 W audio_route: Control 'Right Output Mixer DACL Switch' doesn't exist - skipping
01-01 08:00:10.396   248   248 W audio_route: Control 'Left Output Mixer DACL Switch' doesn't exist - skipping
01-01 08:00:10.396   248   248 W audio_route: Control 'SPK_L Mux' doesn't exist - skipping
01-01 08:00:10.396   248   248 W audio_route: Control 'SPK_R Mux' doesn't exist - skipping
01-01 08:00:10.396   248   248 W audio_route: Control 'External Speaker Switch' doesn't exist - skipping
01-01 08:00:10.396   248   248 W audio_route: Control 'AIF2 ADC volume' doesn't exist - skipping
01-01 08:00:10.396   248   248 W audio_route: Control 'MIC2 SRC' doesn't exist - skipping
01-01 08:00:10.397   248   248 W audio_route: Control 'LEFT ADC input Mixer MIC2 boost Switch' doesn't exist - skipping
01-01 08:00:10.397   248   248 W audio_route: Control 'ADCL Mux' doesn't exist - skipping
01-01 08:00:10.397   248   248 W audio_route: Control 'AIF2 ADL Mixer ADCL Switch' doesn't exist - skipping
01-01 08:00:10.397   248   248 W audio_route: Control 'AIF2OUTL Mux' doesn't exist - skipping
01-01 08:00:10.397   248   248 W audio_route: Control 'AIF2INL Mux' doesn't exist - skipping
01-01 08:00:10.397   248   248 W audio_route: Control 'AIF2INL Mux switch aif2inl aif2Switch' doesn't exist - skipping
01-01 08:00:10.397   248   248 W audio_route: Control 'DACL Mixer AIF2DACL Switch' doesn't exist - skipping
01-01 08:00:10.397   248   248 W audio_route: Control 'Left Output Mixer DACL Switch' doesn't exist - skipping
01-01 08:00:10.397   248   248 W audio_route: Control 'Right Output Mixer DACL Switch' doesn't exist - skipping
01-01 08:00:10.397   248   248 W audio_route: Control 'HP_L Mux' doesn't exist - skipping
01-01 08:00:10.397   248   248 W audio_route: Control 'HP_R Mux' doesn't exist - skipping
01-01 08:00:10.397   248   248 W audio_route: Control 'Headphone Switch' doesn't exist - skipping
01-01 08:00:10.397   248   248 W audio_route: Control 'AIF2 ADC volume' doesn't exist - skipping
01-01 08:00:10.397   248   248 W audio_route: Control 'LEFT ADC input Mixer MIC1 boost Switch' doesn't exist - skipping
01-01 08:00:10.397   248   248 W audio_route: Control 'ADCL Mux' doesn't exist - skipping
01-01 08:00:10.397   248   248 W audio_route: Control 'AIF2 ADL Mixer ADCL Switch' doesn't exist - skipping
01-01 08:00:10.397   248   248 W audio_route: Control 'AIF2OUTL Mux' doesn't exist - skipping
01-01 08:00:10.397   248   248 W audio_route: Control 'AIF2INL Mux' doesn't exist - skipping
01-01 08:00:10.397   248   248 W audio_route: Control 'AIF2INL Mux switch aif2inl aif2Switch' doesn't exist - skipping
01-01 08:00:10.397   248   248 W audio_route: Control 'DACL Mixer AIF2DACL Switch' doesn't exist - skipping
01-01 08:00:10.397   248   248 W audio_route: Control 'Left Output Mixer DACL Switch' doesn't exist - skipping
01-01 08:00:10.397   248   248 W audio_route: Control 'Right Output Mixer DACL Switch' doesn't exist - skipping
01-01 08:00:10.397   248   248 W audio_route: Control 'HP_L Mux' doesn't exist - skipping
01-01 08:00:10.397   248   248 W audio_route: Control 'HP_R Mux' doesn't exist - skipping
01-01 08:00:10.397   248   248 W audio_route: Control 'Headphone Switch' doesn't exist - skipping
01-01 08:00:10.397   248   248 W audio_route: Control 'AIF2INL Mux' doesn't exist - skipping
01-01 08:00:10.397   248   248 W audio_route: Control 'AIF2INL Mux switch aif2inl aif2Switch' doesn't exist - skipping
01-01 08:00:10.397   248   248 W audio_route: Control 'AIF2 ADR Mixer AIF2 DACL Switch' doesn't exist - skipping
01-01 08:00:10.397   248   248 W audio_route: Control 'AIF3OUT Mux' doesn't exist - skipping
01-01 08:00:10.397   248   248 W audio_route: Control 'AIF2INR Mux VIR switch aif2inr aif3Switch' doesn't exist - skipping
01-01 08:00:10.397   248   248 W audio_route: Control 'AIF2 ADL Mixer AIF2 DACR Switch' doesn't exist - skipping
01-01 08:00:10.397   248   248 W audio_route: Control 'AIF2OUTL Mux' doesn't exist - skipping
01-01 08:00:10.397   248   248 W audio_route: Control 'AIF2 ADC volume' doesn't exist - skipping
01-01 08:00:10.397   248   248 W audio_route: Control 'LEFT ADC input Mixer MIC1 boost Switch' doesn't exist - skipping
01-01 08:00:10.397   248   248 W audio_route: Control 'ADCL Mux' doesn't exist - skipping
01-01 08:00:10.397   248   248 W audio_route: Control 'AIF2 ADL Mixer ADCL Switch' doesn't exist - skipping
01-01 08:00:10.397   248   248 W audio_route: Control 'AIF2OUTL Mux' doesn't exist - skipping
01-01 08:00:10.397   248   248 W audio_route: Control 'AIF2INL Mux' doesn't exist - skipping
01-01 08:00:10.397   248   248 W audio_route: Control 'AIF2INL Mux switch aif2inl aif2Switch' doesn't exist - skipping
01-01 08:00:10.397   248   248 W audio_route: Control 'DACL Mixer AIF2DACL Switch' doesn't exist - skipping
01-01 08:00:10.397   248   248 W audio_route: Control 'EAR Mux' doesn't exist - skipping
01-01 08:00:10.397   248   248 W audio_route: Control 'Earpiece Switch' doesn't exist - skipping
01-01 08:00:10.397   248   248 W audio_route: Control 'AIF1 AD0L Mixer ADCL Switch' doesn't exist - skipping
01-01 08:00:10.397   248   248 W audio_route: Control 'AIF1 AD0L Mixer AIF2 DACL Switch' doesn't exist - skipping
01-01 08:00:10.397   248   248 W audio_route: Control 'AIF1OUT0L Mux' doesn't exist - skipping
01-01 08:00:10.397   248   248 W audio_route: Control 'AIF1 AD0L Mixer ADCL Switch' doesn't exist - skipping
01-01 08:00:10.397   248   248 W audio_route: Control 'AIF1 AD0L Mixer AIF2 DACL Switch' doesn't exist - skipping
01-01 08:00:10.397   248   248 W audio_route: Control 'AIF1OUT0L Mux' doesn't exist - skipping
01-01 08:00:10.397   248   248 W audio_route: Control 'AIF1 AD0L Mixer AIF2 DACL Switch' doesn't exist - skipping
01-01 08:00:10.397   248   248 W audio_route: Control 'AIF1 AD0L Mixer AIF2 DACR Switch' doesn't exist - skipping
01-01 08:00:10.397   248   248 W audio_route: Control 'AIF1OUT0L Mux' doesn't exist - skipping
01-01 08:00:10.397   248   248 W audio_route: Control 'Line Out Mixer MIC1 boost Switch' doesn't exist - skipping
01-01 08:00:10.398   248   248 W audio_route: Control 'MIC2 SRC' doesn't exist - skipping
01-01 08:00:10.398   248   248 W audio_route: Control 'Line Out Mixer MIC2 boost Switch' doesn't exist - skipping
01-01 08:00:10.398   248   248 W audio_route: Control 'Left Output Mixer LINEINL-LINEINR Switch' doesn't exist - skipping
01-01 08:00:10.398   248   248 W audio_route: Control 'Right Output Mixer LINEINL-LINEINR Switch' doesn't exist - skipping
01-01 08:00:10.398   248   248 W audio_route: Control 'EAR Mux' doesn't exist - skipping
01-01 08:00:10.398   248   248 W audio_route: Control 'External Speaker Switch' doesn't exist - skipping
01-01 08:00:10.398   248   248 W audio_route: Control 'Headphone Switch' doesn't exist - skipping
01-01 08:00:10.398   248   248 W audio_route: Control 'Headphone Switch' doesn't exist - skipping
01-01 08:00:10.398   248   248 W audio_route: Control 'Earpiece Switch' doesn't exist - skipping
01-01 08:00:10.398   248   248 W audio_route: Control 'LEFT ADC input Mixer LININL-R Switch' doesn't exist - skipping
01-01 08:00:10.398   248   248 W audio_route: Control 'ADCL Mux' doesn't exist - skipping
01-01 08:00:10.398   248   248 W audio_route: Control 'AIF2 ADL Mixer ADCL Switch' doesn't exist - skipping
01-01 08:00:10.398   248   248 W audio_route: Control 'AIF3OUT Mux' doesn't exist - skipping
01-01 08:00:10.398   248   248 W audio_route: Control 'AIF2INL Mux switch aif2inl aif2Switch' doesn't exist - skipping
01-01 08:00:10.398   248   248 W audio_route: Control 'AIF2INR Mux VIR switch aif2inr aif3Switch' doesn't exist - skipping
01-01 08:00:10.398   248   248 W audio_route: Control 'DACR Mixer AIF2DACR Switch' doesn't exist - skipping
01-01 08:00:10.398   248   248 W audio_route: Control 'Right Output Mixer DACR Switch' doesn't exist - skipping
01-01 08:00:10.398   248   248 W audio_route: Control 'Line Out Mixer Right Output mixer Switch' doesn't exist - skipping
01-01 08:00:10.398   248   248 W audio_route: Control 'AIF1OUT0L Mux' doesn't exist - skipping
01-01 08:00:10.398   248   248 W audio_route: Control 'AIF1 AD0L Mixer ADCL Switch' doesn't exist - skipping
01-01 08:00:10.398   248   248 W audio_route: Control 'ADCL Mux' doesn't exist - skipping
01-01 08:00:10.398   248   248 W audio_route: Control 'LEFT ADC input Mixer MIC1 boost Switch' doesn't exist - skipping
01-01 08:00:10.398   248   248 W audio_route: Control 'LEFT ADC input Mixer LININL-R Switch' doesn't exist - skipping
01-01 08:00:10.398   248   248 W audio_route: Control 'AIF1OUT0L Mux' doesn't exist - skipping
01-01 08:00:10.398   248   248 W audio_route: Control 'AIF1 AD0L Mixer ADCL Switch' doesn't exist - skipping
01-01 08:00:10.398   248   248 W audio_route: Control 'ADCL Mux' doesn't exist - skipping
01-01 08:00:10.398   248   248 W audio_route: Control 'LEFT ADC input Mixer MIC2 boost Switch' doesn't exist - skipping
01-01 08:00:10.398   248   248 W audio_route: Control 'LEFT ADC input Mixer LININL-R Switch' doesn't exist - skipping
01-01 08:00:10.398   248   248 W audio_route: Control 'AIF1OUT0L Mux' doesn't exist - skipping
01-01 08:00:10.398   248   248 W audio_route: Control 'AIF1 AD0L Mixer ADCL Switch' doesn't exist - skipping
01-01 08:00:10.398   248   248 W audio_route: Control 'AIF1 AD0L Mixer AIF2 DACR Switch' doesn't exist - skipping
01-01 08:00:10.398   248   248 W audio_route: Control 'AIF1IN0L Mux' doesn't exist - skipping
01-01 08:00:10.398   248   248 W audio_route: Control 'AIF2 ADL Mixer AIF1 DA0L Switch' doesn't exist - skipping
01-01 08:00:10.398   248   248 W audio_route: Control 'AIF2 ADL Mixer AIF1 DA0L Switch' doesn't exist - skipping
01-01 08:00:10.398   248   248 W audio_route: Control 'AIF3OUT Mux' doesn't exist - skipping
01-01 08:00:10.398   248   248 W audio_route: Control 'AIF2INR Mux switch aif2inr aif2Switch' doesn't exist - skipping
01-01 08:00:10.398   248   248 W audio_route: Control 'AIF2INR Mux VIR switch aif2inr aif3Switch' doesn't exist - skipping
01-01 08:00:10.398   248   248 W audio_route: Control 'AIF1 AD0L Mixer AIF2 DACR Switch' doesn't exist - skipping
01-01 08:00:10.398   248   248 W audio_route: Control 'AIF1OUT0L Mux' doesn't exist - skipping
01-01 08:00:10.398   248   248 W audio_route: Control 'AC DACR mixer I2S_DACDATR Switch' doesn't exist - skipping
01-01 08:00:10.398   248   248 W audio_route: Control 'AC DACL mixer I2S_DACDATL Switch' doesn't exist - skipping
01-01 08:00:10.398   248   248 W audio_route: Control 'Right Output Mixer DACR Switch' doesn't exist - skipping
01-01 08:00:10.398   248   248 W audio_route: Control 'Left Output Mixer DACL Switch' doesn't exist - skipping
01-01 08:00:10.398   248   248 W audio_route: Control 'External Speaker Switch' doesn't exist - skipping
01-01 08:00:10.399   248   248 D audio_route: Apply path: media-speaker-headphones
01-01 08:00:10.399   248   248 D audio_route: Apply path: media-headset-mic
01-01 08:00:10.400   248   299 V audio_hw_primary: adev_get_master_volume, line: 3587
01-01 08:00:10.400   248   299 V audio_hw_primary: adev_set_master_volume, line: 3579
01-01 08:00:10.400   268   268 I AudioFlinger: loadHwModule() Loaded primary audio interface, handle 10
01-01 08:00:10.400   268   268 I AudioFlinger: openOutput() this 0xed502000, module 10 Device type:0x2,@:, SamplingRate 48000, Format 0x000001, Channels 0x3, flags 0x2
01-01 08:00:10.401   248   299 D audio_hw_primary: adev_open_output_stream
01-01 08:00:10.401   248   299 V audio_hw_primary: adev_open_output_stream, flags: 2
01-01 08:00:10.401   248   299 V audio_hw_primary: +++++++++++++++ adev_open_output_stream: req_sample_rate: 44100, fmt: 1, channel_count: 3
01-01 08:00:10.407   268   268 I AudioFlinger: HAL output buffer size 960 frames, normal sink buffer size 960 frames
01-01 08:00:10.453   268   268 I BufferProvider: found effect "Multichannel Downmix To Stereo" from The Android Open Source Project
01-01 08:00:10.455   268   268 D AudioFlinger: Failed to add event callback
01-01 08:00:10.457   268   446 I AudioFlinger: AudioFlinger's thread 0xed1353c0 tid=446 ready to run
01-01 08:00:10.457   268   446 W AudioFlinger: no wake lock to update, system not ready yet
01-01 08:00:10.457   268   446 D AudioFlinger: ro.audio.silent is ignored since no output device is set
01-01 08:00:10.458   248   298 D audio_hw_primary: out_standby
01-01 08:00:10.460   268   268 V APM_AudioPolicyManager: checkAndSetVolume cannot set volume group 3 volume when isn ot requested for comm
01-01 08:00:10.469   268   268 W AudioFlinger: moveEffects() bad srcOutput 0
01-01 08:00:10.469   268   268 V APM_AudioPolicyManager: selectOutputForMusicEffects selected output 13
01-01 08:00:10.469   268   268 V APM_AudioPolicyManager: setOutputDevices device {type:0x2,@:} delayMs 0
01-01 08:00:10.469   268   268 V APM_AudioPolicyManager: setOutputDevices() prevDevice {type:0x2,@:}
01-01 08:00:10.470   268   268 V APM_AudioPolicyManager: setOutputDevices changing device to {type:0x2,@:}
01-01 08:00:10.471   268   446 W AudioFlinger: no wake lock to update, system not ready yet
01-01 08:00:10.471   268   446 D AudioFlinger: ro.audio.silent is ignored since no output device is set
01-01 08:00:10.493   248   298 V audio_hw_primary: adev_create_audio_patch num_sources: 1, num_sinks: 1
01-01 08:00:10.493   248   298 V audio_hw_primary: playback device: 2
01-01 08:00:10.495   268   268 V APM_AudioPolicyManager: setOutputDevices() AF::createAudioPatch returned 0 patchHandle 12 num_sources 1 num_sinks 1
01-01 08:00:10.497   268   268 V APM_AudioPolicyManager: checkAndSetVolume cannot set volume group 3 volume when isn ot requested for comm
01-01 08:00:10.503   268   268 I AudioFlinger: openOutput() this 0xed502000, module 10 Device type:0x2,@:, SamplingRate 32000, Format 0x000003, Channels 0x3, flags 0x1
01-01 08:00:10.504   248   298 D audio_hw_primary: adev_open_output_stream
01-01 08:00:10.505   248   298 V audio_hw_primary: adev_open_output_stream, flags: 1
01-01 08:00:10.505   248   298 D audio_hw_primary: config format 0x3 raw_flag 1
01-01 08:00:10.505   248   298 V audio_hw_primary: +++++++++++++++ adev_open_output_stream: req_sample_rate: 32000, fmt: 3, channel_count: 3
01-01 08:00:10.507   243   412 I zygote  : Verified 2763 classes from mainline modules in 205.371ms
01-01 08:00:10.507   268   268 I AudioFlinger: HAL output buffer size 2048 frames, normal sink buffer size 2048 frames
01-01 08:00:10.508   268   268 D AudioFlinger: Failed to add event callback
01-01 08:00:10.509   268   448 I AudioFlinger: AudioFlinger's thread 0xed2a51c0 tid=448 ready to run
01-01 08:00:10.510   268   448 W AudioFlinger: no wake lock to update, system not ready yet
01-01 08:00:10.510   268   448 D AudioFlinger: ro.audio.silent is ignored since no output device is set
01-01 08:00:10.511   248   298 V audio_hw_primary: out_set_parameters: closing=true
01-01 08:00:10.511   248   298 D audio_hw_primary: out_standby
01-01 08:00:10.514   248   298 V audio_hw_primary: out_set_parameters: exiting=1
01-01 08:00:10.515   268   268 E AudioFlinger: Error when setting parameters on exit: -61
01-01 08:00:10.515   268   448 W AudioFlinger: no wake lock to update, system not ready yet
01-01 08:00:10.515   268   448 D AudioFlinger: ro.audio.silent is ignored since no output device is set
01-01 08:00:10.516   248   298 D audio_hw_primary: out_standby
01-01 08:00:10.517   268   268 W APM_AudioPolicyManager: Input profile contains no device on module primary
01-01 08:00:10.517   268   268 W APM_AudioPolicyManager: Input profile contains no device on module primary
01-01 08:00:10.520   248   298 D xm_audio: -->adev_open, name=audio_hw_if, socketthread_running=false, pth_listen=0
01-01 08:00:10.522   268   268 I AudioFlinger: loadHwModule() Loaded xm_hidraw audio interface, handle 18
01-01 08:00:10.522   248   450 D xm_audio: socket_thread start
01-01 08:00:10.522   248   450 D xm_audio: create socket g_is_running4
01-01 08:00:10.523   318   320 D XM_HIDREAD: Client connected.
01-01 08:00:10.523   318   320 D XM_HIDREAD: accept before.
01-01 08:00:10.523   248   450 D xm_audio: create socket g_is_running5
01-01 08:00:10.523   248   450 E xm_audio: so socket connect suc
01-01 08:00:10.523   318   451 D XM_HIDREAD: handle_client start.
01-01 08:00:10.524   248   298 D xm_audio: -->adev_open_input_stream
01-01 08:00:10.524   248   298 D xm_audio: -->adev_open_input_stream, config->sample_rate=16000
01-01 08:00:10.524   248   298 D xm_audio: -->adev_open_input_stream exit
01-01 08:00:10.524   248   298 I xm_audio: in_get_sample_rate
01-01 08:00:10.524   248   298 I xm_audio: in_get_channels
01-01 08:00:10.526   248   298 I xm_audio: in_get_sample_rate
01-01 08:00:10.526   248   452 D xm_audio: data_thread start
01-01 08:00:10.526   248   298 I xm_audio: in_get_channels
01-01 08:00:10.527   248   298 I xm_audio: in_get_channels
01-01 08:00:10.527   248   298 I xm_audio: in_get_buffer_size
01-01 08:00:10.527   248   298 I xm_audio: in_get_buffer_size: fsize=512.000000, size=512
01-01 08:00:10.527   248   298 I xm_audio: in_get_buffer_size
01-01 08:00:10.527   248   298 I xm_audio: in_get_buffer_size: fsize=512.000000, size=512
01-01 08:00:10.527   248   298 I xm_audio: in_get_sample_rate
01-01 08:00:10.527   248   298 I xm_audio: in_get_channels
01-01 08:00:10.541   268   453 I AudioFlinger: AudioFlinger's thread 0xed06f4c0 tid=453 ready to run
01-01 08:00:10.542   248   298 D xm_audio: -->adev_close_input_stream
01-01 08:00:10.543   248   298 D xm_audio: -->adev_close_input_stream ready free stream.
01-01 08:00:10.543   248   298 D xm_audio: -->adev_close_input_stream free stream finish.
01-01 08:00:10.590   268   268 I bt_a2dp_hw: system/bt/audio_a2dp_hw/src/audio_a2dp_hw.cc:1893 adev_open: adev_open:  adev_open in A2dp_hw module
01-01 08:00:10.591   268   268 I AudioFlinger: loadHwModule() Loaded a2dp audio interface, handle 26
01-01 08:00:10.591   268   268 V APM_AudioPolicyManager: onNewAudioModulesAvailableInt: Input device list is empty! for profile a2dp input
01-01 08:00:10.596   248   445 I r_submix: adev_open(name=audio_hw_if)
01-01 08:00:10.597   248   445 I r_submix: adev_init_check()
01-01 08:00:10.598   268   268 I AudioFlinger: loadHwModule() Loaded r_submix audio interface, handle 34
01-01 08:00:10.598   248   445 D r_submix: adev_open_input_stream(addr=0)
01-01 08:00:10.598   248   445 D r_submix: submix_audio_device_create_pipe_l(addr=0, idx=9)
01-01 08:00:10.598   248   445 D r_submix:   now using address 0 for route 9
01-01 08:00:10.602   268   457 I AudioFlinger: AudioFlinger's thread 0xed06f200 tid=457 ready to run
01-01 08:00:10.602   248   445 I r_submix: in_standby()
01-01 08:00:10.603   268   457 W AudioFlinger: no wake lock to update, system not ready yet
01-01 08:00:10.603   248   445 I r_submix: in_standby()
01-01 08:00:10.603   268   457 W AudioFlinger: no wake lock to update, system not ready yet
01-01 08:00:10.603   248   445 D r_submix: adev_close_input_stream()
01-01 08:00:10.604   248   445 D r_submix: submix_audio_device_release_pipe_l(idx=9) addr=0
01-01 08:00:10.604   248   445 D r_submix: submix_audio_device_destroy_pipe_l(): pipe destroyed
01-01 08:00:10.608   268   268 I audioserver: Waiting for activity service
01-01 08:00:10.644   263   263 I EventThread: type=1400 audit(0.0:289): avc: denied { search } for name="extcon" dev="sysfs" ino=18109 scontext=u:r:hal_tv_cec_default:s0 tcontext=u:object_r:sysfs_extcon:s0 tclass=dir permissive=1
01-01 08:00:10.745   463   463 E cutils-trace: Error opening trace file: No such file or directory (2)
01-01 08:00:10.754   359   359 W awplayer: <log_set_level:30>: Set log level to 3
01-01 08:00:10.795   359   359 I cedarc  : <CedarPluginVDInit:76>: register avs decoder success!
01-01 08:00:10.795   359   359 I cedarc  : <CedarPluginVDInit:79>: register h264 decoder success!
01-01 08:00:10.796   359   359 I cedarc  : <CedarPluginVDInit:85>: register h265 decoder success!
01-01 08:00:10.796   359   359 I cedarc  : <CedarPluginVDInit:84>: register mjpeg decoder success!
01-01 08:00:10.796   359   359 I cedarc  : <CedarPluginVDInit:89>: register mjpegplus decoder success!
01-01 08:00:10.797   359   359 I cedarc  : <CedarPluginVDInit:86>: register mpeg2 decoder success!
01-01 08:00:10.797   359   359 W awplayer: <DlOpenPlugin:112>: Invalid plugin,function CedarPluginVDInit not found.
01-01 08:00:10.797   359   359 I cedarc  : <CedarPluginVDInit:95>: register mpeg4dx decoder success!
01-01 08:00:10.798   359   359 I cedarc  : <CedarPluginVDInit:79>: register mpeg4H263 decoder success!
01-01 08:00:10.798   359   359 I cedarc  : <CedarPluginVDInit:90>: register mpeg4Normal decoder success!
01-01 08:00:10.798   359   359 I cedarc  : <CedarPluginVDInit:76>: register Mpeg4Vp6 decoder success!
01-01 08:00:10.798   359   359 I cedarc  : <CedarPluginVDInit:70>: register vp6Soft decoder success!
01-01 08:00:10.799   359   359 I cedarc  : <CedarPluginVDInit:73>: register vp8 decoder success!
01-01 08:00:10.799   359   359 E cedarc  : <CedarPluginVDInit:95>: [40;31mregister Wmv12Soft decoder failure!!![0m
01-01 08:00:10.799   359   359 I cedarc  : <CedarPluginVDInit:74>: register vc1 decoder success!
01-01 08:00:10.799   359   359 D cedarc  : <CedarPluginVDInit:92>: register Vp9Hw decoder success!
01-01 08:00:10.800   359   359 I cedarc  : <CedarPluginVDInit:73>: register avs2 decoder success!
01-01 08:00:10.804   359   359 D awplayer: <AwStreamInit:106>: aw stream init...
01-01 08:00:10.804   359   359 D awplayer: <AwRtpInit:512>: Register stream rtp version v1.1
01-01 08:00:10.806   466   466 E cutils-trace: Error opening trace file: No such file or directory (2)
01-01 08:00:10.815   359   359 I mediaserver: ServiceManager: 0xf5ebb960
01-01 08:00:10.816   359   359 W BatteryNotifier: batterystats service unavailable!
01-01 08:00:10.816   359   359 W BatteryNotifier: batterystats service unavailable!
01-01 08:00:10.832   243   243 D Zygote  : VMRuntime.setVerifierEnabled(true)
01-01 08:00:10.864   243   243 I zygote  : Explicit concurrent copying GC freed 6063(607KB) AllocSpace objects, 0(0B) LOS objects, 68% free, 719KB/2255KB, paused 122us total 30.897ms
01-01 08:00:10.889   243   243 I zygote  : Explicit concurrent copying GC freed 229(40KB) AllocSpace objects, 0(0B) LOS objects, 68% free, 710KB/2246KB, paused 72us total 24.623ms
01-01 08:00:10.966   243   243 D Zygote  : Forked child process 475
01-01 08:00:10.967   243   243 I Zygote  : System server process 475 has been created
01-01 08:00:10.969   243   243 I Zygote  : Accepting command socket connections
01-01 08:00:11.282   475   475 I Zygote  : seccomp disabled by setenforce 0
01-01 08:00:11.300   475   475 W system_server: Failed to upload odrefresh metrics: metrics file '/data/misc/odrefresh/odrefresh-metrics.txt' could not be opened: No such file or directory
01-01 08:00:11.306   396   407 I adbd    : jdwp connection from 475
01-01 08:00:11.309   475   496 D Zygote  : begin preload_base
01-01 08:00:11.310   475   496 I Zygote  : Calling ZygoteHooks.beginPreload()
01-01 08:00:11.504   475   496 D ApplicationLoaders: Created zygote-cached class loader: /system/framework/android.hidl.base-V1.0-java.jar
01-01 08:00:11.511   475   496 D ApplicationLoaders: Created zygote-cached class loader: /system/framework/android.hidl.manager-V1.0-java.jar
01-01 08:00:11.517   475   496 D ApplicationLoaders: Created zygote-cached class loader: /system/framework/android.test.base.jar
01-01 08:00:11.518   475   496 I Zygote  : Preloading resources...
01-01 08:00:11.542   475   496 W Resources: Preloaded drawable resource #0x1080286 (android:drawable/dialog_background_material) that varies with configuration!!
01-01 08:00:11.573   475   496 I Zygote  : ...preloaded 64 resources in 55ms.
01-01 08:00:11.579   475   496 I Zygote  : ...preloaded 41 resources in 6ms.
01-01 08:00:11.580   475   496 D Zygote  : Zygote:ThreadPreadloadBase took 272ms.
01-01 08:00:11.581   475   505 D Zygote  : Zygote:ThreadPreadloadClass start
01-01 08:00:11.582   475   506 I Zygote  : Preloading classes...
01-01 08:00:11.588   475   475 I SystemServerTiming: InitBeforeStartServices
01-01 08:00:11.595   475   475 I SystemServer: Entered the Android system server!
01-01 08:00:11.631   475   507 D libEGL  : loaded /vendor/lib/egl/libGLES_mali.so
01-01 08:00:11.648   263   263 I EventThread: type=1400 audit(0.0:290): avc: denied { search } for name="extcon" dev="sysfs" ino=18109 scontext=u:r:hal_tv_cec_default:s0 tcontext=u:object_r:sysfs_extcon:s0 tclass=dir permissive=1
01-01 08:00:11.678   475   506 I Typeface: Preloading /system/fonts/Roboto-Regular.ttf
01-01 08:00:11.694   475   506 I Typeface: Preloading /system/fonts/RobotoStatic-Regular.ttf
01-01 08:00:11.775   275   275 D RenderEngine: shader cache generated - 48 shaders in 2146.098877 ms
01-01 08:00:11.779   275   275 I HidlServiceManagement: Registered android.frameworks.displayservice@1.0::IDisplayService/default
01-01 08:00:11.780   275   275 D SurfaceFlinger: Setting power mode 2 on display 0
01-01 08:00:11.780   257   257 D sunxihwc: setPowerMode: device(hdmi0) power mode: On
01-01 08:00:11.780   257   257 I sunxihwc: setRuntimeState: disp2 blank control [unblank], driver usage [1]
01-01 08:00:11.781   275   275 D SurfaceFlinger: Finished setting power mode 2 on display 0
01-01 08:00:11.788   327   327 I rainbow_flow: type=1400 audit(0.0:291): avc: denied { ioctl } for path="/dev/spidev1.0" dev="tmpfs" ino=5830 ioctlcmd=0x6b00 scontext=u:r:init:s0 tcontext=u:object_r:device:s0 tclass=chr_file permissive=1
01-01 08:00:11.814   475   506 I Typeface: Preloading /system/fonts/NotoSansCJK-Regular.ttc
01-01 08:00:11.814   475   506 I Typeface: Preloading /system/fonts/NotoSerifCJK-Regular.ttc
01-01 08:00:11.859   475   506 E ActivityRecognitionHardware: activity_recognition HAL is deprecated. class_init is effectively a no-op
01-01 08:00:11.923   475   475 E UsbAlsaJackDetectorJNI: Can't register UsbAlsaJackDetector native methods
01-01 08:00:11.954   475   475 I SystemServerInitThreadPool: Creating instance with 4 threads
01-01 08:00:11.956   475   475 I SystemServerTiming: StartServices
01-01 08:00:11.956   475   475 D SystemServer: VMRuntime.setVerifierEnabled(false)
01-01 08:00:11.956   475   475 I SystemServerTiming: startBootstrapServices
01-01 08:00:11.956   475   475 I SystemServerTiming: StartWatchdog
01-01 08:00:11.956   475   516 I SystemServerTimingAsync: InitThreadPoolExec:loadPreinstalledSystemFontMap
01-01 08:00:11.956   475   516 D SystemServerInitThreadPool: Started executing loadPreinstalledSystemFontMap
01-01 08:00:11.957   475   516 I SystemServerTimingAsync: loadPreinstalledSystemFontMap
01-01 08:00:11.966   475   475 I SystemServer: Reading configuration...
01-01 08:00:11.966   475   475 I SystemServerTiming: ReadingSystemConfig
01-01 08:00:11.967   475   475 I SystemServerTiming: PlatformCompat
01-01 08:00:11.970   475   524 I SystemServerTimingAsync: InitThreadPoolExec:ReadingSystemConfig
01-01 08:00:11.971   475   475 D CompatConfig: Found a config file: /system/etc/compatconfig/calendar-provider-compat-config.xml
01-01 08:00:11.972   475   524 D SystemServerInitThreadPool: Started executing ReadingSystemConfig
01-01 08:00:11.972   475   475 D CompatConfig: Adding: com.android.server.compat.config.Change@3d9f60f
01-01 08:00:11.974   475   475 D CompatConfig: Found a config file: /system/etc/compatconfig/framework-platform-compat-config.xml
01-01 08:00:11.978   475   475 D CompatConfig: Adding: com.android.server.compat.config.Change@9c508a5
01-01 08:00:11.979   475   475 D CompatConfig: Adding: com.android.server.compat.config.Change@625247a
01-01 08:00:11.980   475   475 D CompatConfig: Adding: com.android.server.compat.config.Change@f49e42b
01-01 08:00:11.981   475   524 I SystemConfig: Reading permissions from /system/etc/sysconfig/preinstalled-packages-com.android.providers.media.module.xml
01-01 08:00:11.982   475   475 D CompatConfig: Adding: com.android.server.compat.config.Change@5a28a21
01-01 08:00:11.983   475   475 D CompatConfig: Adding: com.android.server.compat.config.Change@2d10e46
01-01 08:00:11.985   475   524 I incfs   : Initial API level of the device: 31
01-01 08:00:11.985   475   524 I incfs   : ro.incremental.enable: module:/vendor/lib/modules/incrementalfs.ko
01-01 08:00:11.986   475   524 I incfs   : isFsAvailable: false
01-01 08:00:11.986   475   524 I incfs   : isFsAvailable: false
01-01 08:00:11.986   475   524 E incfs   : could not open IncFs kernel module "/vendor/lib/modules/incrementalfs.ko": No such file or directory
01-01 08:00:11.986   475   524 E incfs   : IncFs_Features: failed to open features dir, assuming v1/none.: No such file or directory
01-01 08:00:11.986   475   524 I SystemConfig: Reading permissions from /system/etc/sysconfig/framework-sysconfig.xml
01-01 08:00:11.987   475   475 D CompatConfig: Adding: com.android.server.compat.config.Change@27d0d34
01-01 08:00:11.988   475   475 D CompatConfig: Adding: com.android.server.compat.config.Change@37ca75d
01-01 08:00:11.989   475   524 I SystemConfig: Reading permissions from /system/etc/sysconfig/hiddenapi-package-whitelist.xml
01-01 08:00:11.989   475   475 D CompatConfig: Adding: com.android.server.compat.config.Change@184ada3
01-01 08:00:11.989   475   475 D CompatConfig: Adding: com.android.server.compat.config.Change@177c8a0
01-01 08:00:11.990   475   475 D CompatConfig: Adding: com.android.server.compat.config.Change@ae15c59
01-01 08:00:11.990   475   524 I SystemConfig: Reading permissions from /system/etc/sysconfig/preinstalled-packages-platform.xml
01-01 08:00:11.991   475   475 D CompatConfig: Adding: com.android.server.compat.config.Change@e2a80ff
01-01 08:00:11.991   475   475 D CompatConfig: Adding: com.android.server.compat.config.Change@fa0cecc
01-01 08:00:11.992   475   475 D CompatConfig: Adding: com.android.server.compat.config.Change@4426515
01-01 08:00:11.992   475   475 D CompatConfig: Adding: com.android.server.compat.config.Change@e4fa02a
01-01 08:00:11.993   475   475 D CompatConfig: Adding: com.android.server.compat.config.Change@5302e1b
01-01 08:00:11.993   475   475 D CompatConfig: Adding: com.android.server.compat.config.Change@7720bb8
01-01 08:00:11.994   475   475 D CompatConfig: Adding: com.android.server.compat.config.Change@3713d91
01-01 08:00:11.994   475   524 I SystemConfig: Reading permissions from /system/etc/sysconfig/preinstalled-packages-platform-full-base.xml
01-01 08:00:11.994   475   475 D CompatConfig: Adding: com.android.server.compat.config.Change@41990f7
01-01 08:00:11.995   475   475 D CompatConfig: Adding: com.android.server.compat.config.Change@f182b64
01-01 08:00:11.995   475   475 D CompatConfig: Adding: com.android.server.compat.config.Change@ddb21cd
01-01 08:00:11.996   475   475 D CompatConfig: Adding: com.android.server.compat.config.Change@c280a82
01-01 08:00:11.996   475   475 D CompatConfig: Adding: com.android.server.compat.config.Change@2cc4593
01-01 08:00:11.997   475   475 D CompatConfig: Adding: com.android.server.compat.config.Change@de99d0
01-01 08:00:11.998   475   475 D CompatConfig: Adding: com.android.server.compat.config.Change@8850dc9
01-01 08:00:11.998   475   475 D CompatConfig: Adding: com.android.server.compat.config.Change@d504cce
01-01 08:00:11.999   475   475 D CompatConfig: Adding: com.android.server.compat.config.Change@7eba7ef
01-01 08:00:11.999   475   475 D CompatConfig: Adding: com.android.server.compat.config.Change@e5b82fc
01-01 08:00:12.000   475   475 D CompatConfig: Adding: com.android.server.compat.config.Change@9c7bd85
01-01 08:00:12.001   475   475 D CompatConfig: Adding: com.android.server.compat.config.Change@fa867da
