06-06 19:30:42.465  2552  2627 I nStackXDFinder: GetLocalInterfaceDetail:[461] :GetLocalInterfaceDetail in
06-06 19:30:42.465  2552  2627 E nStackXCoAP: IsInSameNetwork:[281] :IsInSameNetwork: not priority process
06-06 19:30:42.465  2552  2627 E nStackXCoAP: ParseServiceDataJsonData:[186] :parse device serviceData error
06-06 19:30:42.465  2552  2627 D nStackXCoAP: ParseServiceDiscover:[330] :new device join
06-06 19:30:42.465  2552  2627 E nStackXDFinder: GetLocalIp:[401] :GetLocalIp exec
06-06 19:30:42.533  2552  2627 D nStackXCoAP: CoapMessageHandler:[133] :2.01
06-06 19:30:43.190   475   519 W IorapForwardingService: No service published for: iorapd
06-06 19:30:43.227  1200  1200 D bbb     : onStartCommand begin !!!!!!! data分区剩余 24969MB
06-06 19:30:43.228  1142  1142 D aaa     : LedStatusService onStartCommand begin
06-06 19:30:43.236  1142  2754 D aaa     : topPkg is -------------- :com.dangbei.leard.leradlauncher
06-06 19:30:43.239  1142  2754 D aaa     : WiFi is connect 
06-06 19:30:43.428  2552  2627 D nStackXCoAP: CoapMessageHandler:[133] :2.01
06-06 19:30:44.193   475   519 W IorapForwardingService: No service published for: iorapd
06-06 19:30:44.727   475   581 I ActivityManager: Killing 1408:com.android.localtransport/1000 (adj 985): empty #17
06-06 19:30:44.728   475   581 I ActivityManager: Killing 1544:com.android.dynsystem/1000 (adj 995): empty #18
06-06 19:30:44.728   475   540 I libprocessgroup: Successfully killed process cgroup uid 1000 pid 1408 in 0ms
06-06 19:30:44.729   475   581 I ActivityManager: Killing 1241:com.android.music/u0a42 (adj 995): empty #19
06-06 19:30:44.732   475   581 I ActivityManager: Killing 1248:android.process.acore/u0a18 (adj 999): empty #20
06-06 19:30:44.785   243   243 I Zygote  : Process 1408 exited due to signal 9 (Killed)
06-06 19:30:44.797   243   243 I Zygote  : Process 1241 exited due to signal 9 (Killed)
06-06 19:30:44.837   243   243 I Zygote  : Process 1248 exited due to signal 9 (Killed)
06-06 19:30:44.823   475   540 I libprocessgroup: Successfully killed process cgroup uid 1000 pid 1544 in 0ms
01-01 08:01:08.477   381   381 W hdr10p_Configure: 64 callbacks suppressed
01-01 08:01:08.477   381   381 I         : DVI mode selected: packets not configured
01-01 08:01:08.477   381   381 W set_vsif_config: 64 callbacks suppressed
01-01 08:01:08.477   381   381 I         : Error: set vsif failed
06-06 19:30:44.842   475  1342 D CountryDetector: No listener is left
06-06 19:30:44.851   243   243 I Zygote  : Process 1544 exited due to signal 9 (Killed)
01-01 08:01:08.511   381   381 I         : DVI mode selected: packets not configured
01-01 08:01:08.511   381   381 I         : Error: set vsif failed
01-01 08:01:08.527   381   381 I         : DVI mode selected: packets not configured
01-01 08:01:08.527   381   381 I         : Error: set vsif failed
06-06 19:30:44.888   475   540 I libprocessgroup: Successfully killed process cgroup uid 10042 pid 1241 in 0ms
06-06 19:30:44.889   475   540 I libprocessgroup: Successfully killed process cgroup uid 10018 pid 1248 in 0ms
01-01 08:01:08.543   381   381 I         : DVI mode selected: packets not configured
01-01 08:01:08.543   381   381 I         : Error: set vsif failed
01-01 08:01:08.559   381   381 I         : DVI mode selected: packets not configured
01-01 08:01:08.559   381   381 I         : Error: set vsif failed
01-01 08:01:08.576   381   381 I         : DVI mode selected: packets not configured
01-01 08:01:08.576   381   381 I         : Error: set vsif failed
01-01 08:01:08.592   381   381 I         : DVI mode selected: packets not configured
01-01 08:01:08.592   381   381 I         : Error: set vsif failed
06-06 19:30:44.966  1257  1257 I efs-base: type=1400 audit(0.0:1039): avc: denied { search } for name="com.dangbei.screencast" dev="mmcblk0p25" ino=890 scontext=u:r:platform_app:s0:c512,c768 tcontext=u:object_r:app_data_file:s0:c512,c768 tclass=dir permissive=1 app=com.dangbei.screencast
06-06 19:30:44.966  1257  1257 I efs-base: type=1400 audit(0.0:1040): avc: denied { getattr } for path="/data/user/0/com.dangbei.screencast/app_UApm/5fc60c21094d637f3130af19/ready" dev="mmcblk0p25" ino=2089 scontext=u:r:platform_app:s0:c512,c768 tcontext=u:object_r:app_data_file:s0:c512,c768 tclass=dir permissive=1 app=com.dangbei.screencast
01-01 08:01:08.608   381   381 I         : DVI mode selected: packets not configured
01-01 08:01:08.608   381   381 I         : Error: set vsif failed
06-06 19:30:44.966  1257  1257 I efs-base: type=1400 audit(0.0:1041): avc: denied { read } for name="ready" dev="mmcblk0p25" ino=2089 scontext=u:r:platform_app:s0:c512,c768 tcontext=u:object_r:app_data_file:s0:c512,c768 tclass=dir permissive=1 app=com.dangbei.screencast
06-06 19:30:44.966  1257  1257 I efs-base: type=1400 audit(0.0:1042): avc: denied { open } for path="/data/user/0/com.dangbei.screencast/app_UApm/5fc60c21094d637f3130af19/ready" dev="mmcblk0p25" ino=2089 scontext=u:r:platform_app:s0:c512,c768 tcontext=u:object_r:app_data_file:s0:c512,c768 tclass=dir permissive=1 app=com.dangbei.screencast
01-01 08:01:08.625   381   381 I         : DVI mode selected: packets not configured
01-01 08:01:08.625   381   381 I         : Error: set vsif failed
01-01 08:01:08.641   381   381 I         : DVI mode selected: packets not configured
01-01 08:01:08.641   381   381 I         : Error: set vsif failed
06-06 19:30:45.196   475   519 W IorapForwardingService: No service published for: iorapd
06-06 19:30:45.330   657   657 E WifiHAL : wifi_get_link_stats: requestResponse Error:-5
06-06 19:30:45.334   475   607 E WifiVendorHal: getWifiLinkLayerStats_1_5_Internal(l.1191) failed {.code = ERROR_INVALID_ARGS, .description = }
06-06 19:30:45.830  1257  1257 I cling--ap-4: type=1400 audit(0.0:1043): avc: denied { search } for name="net" dev="sysfs" ino=10442 scontext=u:r:platform_app:s0:c512,c768 tcontext=u:object_r:sysfs_net:s0 tclass=dir permissive=1 app=com.dangbei.screencast
06-06 19:30:46.200   475   519 W IorapForwardingService: No service published for: iorapd
06-06 19:30:47.203   475   519 W IorapForwardingService: No service published for: iorapd
06-06 19:30:48.206   475   519 W IorapForwardingService: No service published for: iorapd
06-06 19:30:48.348   657   657 E WifiHAL : wifi_get_link_stats: requestResponse Error:-5
06-06 19:30:48.351   475   607 E WifiVendorHal: getWifiLinkLayerStats_1_5_Internal(l.1191) failed {.code = ERROR_INVALID_ARGS, .description = }
06-06 19:30:49.019  2264  2341 D UtilLog : 日志批量上报 进行正常循环 ！！！！！！本次有0次请求,共0条数据
06-06 19:30:49.208   475   519 W IorapForwardingService: No service published for: iorapd
06-06 19:30:49.575   664   873 I bt_btif_dm: system/bt/btif/src/btif_dm.cc:548 btif_update_remote_properties: cod from storage is also unclassified
06-06 19:30:50.210   475   519 W IorapForwardingService: No service published for: iorapd
01-01 08:01:14.496   381   381 W hdr10p_Configure: 64 callbacks suppressed
01-01 08:01:14.496   381   381 I         : DVI mode selected: packets not configured
01-01 08:01:14.496   381   381 W set_vsif_config: 64 callbacks suppressed
01-01 08:01:14.496   381   381 I         : Error: set vsif failed
01-01 08:01:14.526   381   381 I         : DVI mode selected: packets not configured
01-01 08:01:14.526   381   381 I         : Error: set vsif failed
01-01 08:01:14.543   381   381 I         : DVI mode selected: packets not configured
01-01 08:01:14.543   381   381 I         : Error: set vsif failed
01-01 08:01:14.560   381   381 I         : DVI mode selected: packets not configured
01-01 08:01:14.560   381   381 I         : Error: set vsif failed
01-01 08:01:14.576   381   381 I         : DVI mode selected: packets not configured
01-01 08:01:14.576   381   381 I         : Error: set vsif failed
01-01 08:01:14.591   381   381 I         : DVI mode selected: packets not configured
01-01 08:01:14.591   381   381 I         : Error: set vsif failed
01-01 08:01:14.609   381   381 I         : DVI mode selected: packets not configured
01-01 08:01:14.609   381   381 I         : Error: set vsif failed
01-01 08:01:14.624   381   381 I         : DVI mode selected: packets not configured
01-01 08:01:14.624   381   381 I         : Error: set vsif failed
01-01 08:01:14.641   381   381 I         : DVI mode selected: packets not configured
01-01 08:01:14.641   381   381 I         : Error: set vsif failed
01-01 08:01:14.659   381   381 I         : DVI mode selected: packets not configured
01-01 08:01:14.659   381   381 I         : Error: set vsif failed
06-06 19:30:51.213   475   519 W IorapForwardingService: No service published for: iorapd
06-06 19:30:51.254  1200  1200 D bbb     : onStartCommand begin !!!!!!! data分区剩余 24969MB
06-06 19:30:51.254  1142  1142 D aaa     : LedStatusService onStartCommand begin
06-06 19:30:51.256  1142  2766 D aaa     : topPkg is -------------- :com.dangbei.leard.leradlauncher
06-06 19:30:51.262  1142  2766 D aaa     : WiFi is connect 
06-06 19:30:51.369   657   657 E WifiHAL : wifi_get_link_stats: requestResponse Error:-5
06-06 19:30:51.372   475   607 E WifiVendorHal: getWifiLinkLayerStats_1_5_Internal(l.1191) failed {.code = ERROR_INVALID_ARGS, .description = }
06-06 19:30:52.098  2552  2627 D nStackXCoAP: IsInSameNetwork:[276] :IsInSameNetwork exec
06-06 19:30:52.098  2552  2627 I nStackXDFinder: GetLocalInterfaceDetail:[461] :GetLocalInterfaceDetail in
06-06 19:30:52.098  2552  2627 E nStackXCoAP: IsInSameNetwork:[281] :IsInSameNetwork: not priority process
06-06 19:30:52.098  2552  2627 D nStackXCoAP: ParseServiceDiscover:[330] :new device join
06-06 19:30:52.098  2552  2627 I nStackXDFinder: NotifyDeviceListChanged:[540] :notify callback: device list changed callback is null
06-06 19:30:52.098  2552  2627 E nStackXDFinder: GetLocalIp:[401] :GetLocalIp exec
06-06 19:30:52.101  2552  2627 D nStackXCoAP: IsInSameNetwork:[276] :IsInSameNetwork exec
06-06 19:30:52.101  2552  2627 I nStackXDFinder: GetLocalInterfaceDetail:[461] :GetLocalInterfaceDetail in
06-06 19:30:52.101  2552  2627 E nStackXCoAP: IsInSameNetwork:[281] :IsInSameNetwork: not priority process
06-06 19:30:52.101  2552  2627 D nStackXCoAP: ParseServiceDiscover:[330] :new device join
06-06 19:30:52.101  2552  2627 E nStackXDFinder: GetLocalIp:[401] :GetLocalIp exec
06-06 19:30:52.215   475   519 W IorapForwardingService: No service published for: iorapd
06-06 19:30:52.403  2552  2627 D nStackXCoAP: IsInSameNetwork:[276] :IsInSameNetwork exec
06-06 19:30:52.403  2552  2627 I nStackXDFinder: GetLocalInterfaceDetail:[461] :GetLocalInterfaceDetail in
06-06 19:30:52.403  2552  2627 E nStackXCoAP: IsInSameNetwork:[281] :IsInSameNetwork: not priority process
06-06 19:30:52.403  2552  2627 D nStackXCoAP: ParseServiceDiscover:[330] :new device join
06-06 19:30:52.403  2552  2627 E nStackXDFinder: GetLocalIp:[401] :GetLocalIp exec
06-06 19:30:52.405  2552  2627 D nStackXCoAP: IsInSameNetwork:[276] :IsInSameNetwork exec
06-06 19:30:52.406  2552  2627 I nStackXDFinder: GetLocalInterfaceDetail:[461] :GetLocalInterfaceDetail in
06-06 19:30:52.406  2552  2627 E nStackXCoAP: IsInSameNetwork:[281] :IsInSameNetwork: not priority process
06-06 19:30:52.406  2552  2627 D nStackXCoAP: ParseServiceDiscover:[330] :new device join
06-06 19:30:52.406  2552  2627 E nStackXDFinder: GetLocalIp:[401] :GetLocalIp exec
06-06 19:30:53.217   475   519 W IorapForwardingService: No service published for: iorapd
06-06 19:30:53.232  2552  2627 D nStackXCoAP: IsInSameNetwork:[276] :IsInSameNetwork exec
06-06 19:30:53.232  2552  2627 I nStackXDFinder: GetLocalInterfaceDetail:[461] :GetLocalInterfaceDetail in
06-06 19:30:53.232  2552  2627 E nStackXCoAP: IsInSameNetwork:[281] :IsInSameNetwork: not priority process
06-06 19:30:53.232  2552  2627 D nStackXCoAP: ParseServiceDiscover:[330] :new device join
06-06 19:30:53.232  2552  2627 E nStackXDFinder: GetLocalIp:[401] :GetLocalIp exec
06-06 19:30:53.246   475   537 I UsageStatsService: Time changed in by 20847 seconds
06-06 19:30:53.251   475   517 D CompatibilityChangeReporter: Compat change id reported: 168419799; UID 10073; state: DISABLED
06-06 19:30:53.261  1846  2767 I PermissionControllerServiceImpl: Updating user sensitive for user 0
06-06 19:30:53.444   263   277 D hdmi-cec: receive invalid cec message!
06-06 19:30:53.444   263   277 D hdmi-cec: receive poll message [04], skip!
06-06 19:30:53.623  2552  2627 D nStackXCoAP: IsInSameNetwork:[276] :IsInSameNetwork exec
06-06 19:30:53.624  2552  2627 I nStackXDFinder: GetLocalInterfaceDetail:[461] :GetLocalInterfaceDetail in
06-06 19:30:53.624  2552  2627 E nStackXCoAP: IsInSameNetwork:[281] :IsInSameNetwork: not priority process
06-06 19:30:53.624  2552  2627 D nStackXCoAP: ParseServiceDiscover:[330] :new device join
06-06 19:30:53.624  2552  2627 E nStackXDFinder: GetLocalIp:[401] :GetLocalIp exec
06-06 19:30:53.937  2552  2627 D nStackXCoAP: IsInSameNetwork:[276] :IsInSameNetwork exec
06-06 19:30:53.937  2552  2627 I nStackXDFinder: GetLocalInterfaceDetail:[461] :GetLocalInterfaceDetail in
06-06 19:30:53.937  2552  2627 E nStackXCoAP: IsInSameNetwork:[281] :IsInSameNetwork: not priority process
06-06 19:30:53.937  2552  2627 D nStackXCoAP: ParseServiceDiscover:[330] :new device join
06-06 19:30:53.937  2552  2627 E nStackXDFinder: GetLocalIp:[401] :GetLocalIp exec
06-06 19:30:54.220   475   519 W IorapForwardingService: No service published for: iorapd
06-06 19:30:54.391   657   657 E WifiHAL : wifi_get_link_stats: requestResponse Error:-5
06-06 19:30:54.394   475   607 E WifiVendorHal: getWifiLinkLayerStats_1_5_Internal(l.1191) failed {.code = ERROR_INVALID_ARGS, .description = }
06-06 19:30:54.444  2552  2627 D nStackXCoAP: IsInSameNetwork:[276] :IsInSameNetwork exec
06-06 19:30:54.444  2552  2627 I nStackXDFinder: GetLocalInterfaceDetail:[461] :GetLocalInterfaceDetail in
06-06 19:30:54.444  2552  2627 E nStackXCoAP: IsInSameNetwork:[281] :IsInSameNetwork: not priority process
06-06 19:30:54.444  2552  2627 D nStackXCoAP: ParseServiceDiscover:[330] :new device join
06-06 19:30:54.444  2552  2627 E nStackXDFinder: GetLocalIp:[401] :GetLocalIp exec
06-06 19:30:54.786  1257  1257 I cling--ap-4: type=1400 audit(0.0:1044): avc: denied { read } for name="address" dev="sysfs" ino=16906 scontext=u:r:platform_app:s0:c512,c768 tcontext=u:object_r:sysfs_net:s0 tclass=file permissive=1 app=com.dangbei.screencast
06-06 19:30:54.786  1257  1257 I cling--ap-4: type=1400 audit(0.0:1045): avc: denied { open } for path="/sys/devices/virtual/net/dummy0/address" dev="sysfs" ino=16906 scontext=u:r:platform_app:s0:c512,c768 tcontext=u:object_r:sysfs_net:s0 tclass=file permissive=1 app=com.dangbei.screencast
06-06 19:30:54.786  1257  1257 I cling--ap-4: type=1400 audit(0.0:1046): avc: denied { getattr } for path="/sys/devices/virtual/net/dummy0/address" dev="sysfs" ino=16906 scontext=u:r:platform_app:s0:c512,c768 tcontext=u:object_r:sysfs_net:s0 tclass=file permissive=1 app=com.dangbei.screencast
06-06 19:30:54.959  2552  2627 D nStackXCoAP: IsInSameNetwork:[276] :IsInSameNetwork exec
06-06 19:30:54.959  2552  2627 I nStackXDFinder: GetLocalInterfaceDetail:[461] :GetLocalInterfaceDetail in
06-06 19:30:54.959  2552  2627 E nStackXCoAP: IsInSameNetwork:[281] :IsInSameNetwork: not priority process
06-06 19:30:54.959  2552  2627 D nStackXCoAP: ParseServiceDiscover:[330] :new device join
06-06 19:30:54.959  2552  2627 E nStackXDFinder: GetLocalIp:[401] :GetLocalIp exec
06-06 19:30:55.222   475   519 W IorapForwardingService: No service published for: iorapd
06-06 19:30:55.382  2552  2627 D nStackXCoAP: IsInSameNetwork:[276] :IsInSameNetwork exec
06-06 19:30:55.382  2552  2627 I nStackXDFinder: GetLocalInterfaceDetail:[461] :GetLocalInterfaceDetail in
06-06 19:30:55.382  2552  2627 E nStackXCoAP: IsInSameNetwork:[281] :IsInSameNetwork: not priority process
06-06 19:30:55.382  2552  2627 D nStackXCoAP: ParseServiceDiscover:[330] :new device join
06-06 19:30:55.382  2552  2627 E nStackXDFinder: GetLocalIp:[401] :GetLocalIp exec
06-06 19:30:55.982  2552  2627 D nStackXCoAP: IsInSameNetwork:[276] :IsInSameNetwork exec
06-06 19:30:55.982  2552  2627 I nStackXDFinder: GetLocalInterfaceDetail:[461] :GetLocalInterfaceDetail in
06-06 19:30:55.982  2552  2627 E nStackXCoAP: IsInSameNetwork:[281] :IsInSameNetwork: not priority process
06-06 19:30:55.982  2552  2627 D nStackXCoAP: ParseServiceDiscover:[330] :new device join
06-06 19:30:55.982  2552  2627 E nStackXDFinder: GetLocalIp:[401] :GetLocalIp exec
06-06 19:30:56.103   475  1017 W ZramWriteback: Writeback device is not set
06-06 19:30:56.103   475  1017 D ZramWriteback: wait to flush
06-06 19:30:56.224   475   519 W IorapForwardingService: No service published for: iorapd
06-06 19:30:56.593  2552  2627 D nStackXCoAP: IsInSameNetwork:[276] :IsInSameNetwork exec
06-06 19:30:56.593  2552  2627 I nStackXDFinder: GetLocalInterfaceDetail:[461] :GetLocalInterfaceDetail in
06-06 19:30:56.593  2552  2627 E nStackXCoAP: IsInSameNetwork:[281] :IsInSameNetwork: not priority process
06-06 19:30:56.593  2552  2627 D nStackXCoAP: ParseServiceDiscover:[330] :new device join
06-06 19:30:56.593  2552  2627 E nStackXDFinder: GetLocalIp:[401] :GetLocalIp exec
01-01 08:01:20.494   381   381 W hdr10p_Configure: 64 callbacks suppressed
01-01 08:01:20.494   381   381 I         : DVI mode selected: packets not configured
01-01 08:01:20.494   381   381 W set_vsif_config: 64 callbacks suppressed
01-01 08:01:20.494   381   381 I         : Error: set vsif failed
01-01 08:01:20.520   381   381 I         : DVI mode selected: packets not configured
01-01 08:01:20.520   381   381 I         : Error: set vsif failed
01-01 08:01:20.535   381   381 I         : DVI mode selected: packets not configured
01-01 08:01:20.535   381   381 I         : Error: set vsif failed
01-01 08:01:20.551   381   381 I         : DVI mode selected: packets not configured
01-01 08:01:20.551   381   381 I         : Error: set vsif failed
01-01 08:01:20.568   381   381 I         : DVI mode selected: packets not configured
01-01 08:01:20.568   381   381 I         : Error: set vsif failed
01-01 08:01:20.583   381   381 I         : DVI mode selected: packets not configured
01-01 08:01:20.583   381   381 I         : Error: set vsif failed
01-01 08:01:20.599   381   381 I         : DVI mode selected: packets not configured
01-01 08:01:20.599   381   381 I         : Error: set vsif failed
01-01 08:01:20.608   381   381 I         : DVI mode selected: packets not configured
01-01 08:01:20.608   381   381 I         : Error: set vsif failed
01-01 08:01:20.625   381   381 I         : DVI mode selected: packets not configured
01-01 08:01:20.625   381   381 I         : Error: set vsif failed
01-01 08:01:20.642   381   381 I         : DVI mode selected: packets not configured
01-01 08:01:20.642   381   381 I         : Error: set vsif failed
06-06 19:30:57.226   475   519 W IorapForwardingService: No service published for: iorapd
06-06 19:30:57.413   657   657 E WifiHAL : wifi_get_link_stats: requestResponse Error:-5
06-06 19:30:57.417   475   607 E WifiVendorHal: getWifiLinkLayerStats_1_5_Internal(l.1191) failed {.code = ERROR_INVALID_ARGS, .description = }
06-06 19:30:58.228   475   519 W IorapForwardingService: No service published for: iorapd
06-06 19:30:59.012  2264  2341 D UtilLog : 日志批量上报 进行正常循环 ！！！！！！本次有0次请求,共0条数据
06-06 19:30:59.230   475   519 W IorapForwardingService: No service published for: iorapd
06-06 19:30:59.285  1142  1142 D aaa     : LedStatusService onStartCommand begin
06-06 19:30:59.287  1142  2786 D aaa     : topPkg is -------------- :com.dangbei.leard.leradlauncher
06-06 19:30:59.288  1200  1200 D bbb     : onStartCommand begin !!!!!!! data分区剩余 24969MB
06-06 19:30:59.292  1142  2786 D aaa     : WiFi is connect 
06-06 19:31:00.232   475   519 W IorapForwardingService: No service published for: iorapd
06-06 19:31:00.437   657   657 E WifiHAL : wifi_get_link_stats: requestResponse Error:-5
06-06 19:31:00.440   475   607 E WifiVendorHal: getWifiLinkLayerStats_1_5_Internal(l.1191) failed {.code = ERROR_INVALID_ARGS, .description = }
06-06 19:31:01.234   475   519 W IorapForwardingService: No service published for: iorapd
06-06 19:31:02.108   475   475 D CompatibilityChangeReporter: Compat change id reported: 168419799; UID 1000; state: DISABLED
06-06 19:31:02.117   475  2788 I BackgroundDexOptService: Performing idle optimizations
06-06 19:31:02.184  2789  2789 E cutils-trace: Error opening trace file: No such file or directory (2)
06-06 19:31:02.236   475   519 W IorapForwardingService: No service published for: iorapd
06-06 19:31:02.429   475  2788 I BackgroundDexOptService: Pinning optimized code {}
06-06 19:31:02.430   475  2788 I BackgroundDexOptService: Idle optimizations completed.
06-06 19:31:02.538  1257  1257 I efs-base: type=1400 audit(0.0:1047): avc: denied { open } for path="/data/user/0/com.dangbei.screencast/app_UApm/5fc60c21094d637f3130af19/ready/1257/wa_none_1_1_1257_4360_1749188554787" dev="mmcblk0p25" ino=55065 scontext=u:r:platform_app:s0:c512,c768 tcontext=u:object_r:app_data_file:s0:c512,c768 tclass=file permissive=1 app=com.dangbei.screencast
06-06 19:31:02.542  1257  1257 I efs-base: type=1400 audit(0.0:1048): avc: denied { write } for name="upload" dev="mmcblk0p25" ino=2372 scontext=u:r:platform_app:s0:c512,c768 tcontext=u:object_r:app_data_file:s0:c512,c768 tclass=dir permissive=1 app=com.dangbei.screencast
06-06 19:31:02.542  1257  1257 I efs-base: type=1400 audit(0.0:1049): avc: denied { add_name } for name="wa_gzip_1_1_1257_8662_1749209462545" scontext=u:r:platform_app:s0:c512,c768 tcontext=u:object_r:app_data_file:s0:c512,c768 tclass=dir permissive=1 app=com.dangbei.screencast
06-06 19:31:02.542  1257  1257 I efs-base: type=1400 audit(0.0:1050): avc: denied { create } for name="wa_gzip_1_1_1257_8662_1749209462545" scontext=u:r:platform_app:s0:c512,c768 tcontext=u:object_r:app_data_file:s0:c512,c768 tclass=file permissive=1 app=com.dangbei.screencast
06-06 19:31:02.546  1257  1257 I efs-base: type=1400 audit(0.0:1051): avc: denied { remove_name } for name="wa_none_1_1_1257_4360_1749188554787" dev="mmcblk0p25" ino=55065 scontext=u:r:platform_app:s0:c512,c768 tcontext=u:object_r:app_data_file:s0:c512,c768 tclass=dir permissive=1 app=com.dangbei.screencast
06-06 19:31:02.546  1257  1257 I efs-base: type=1400 audit(0.0:1052): avc: denied { unlink } for name="wa_none_1_1_1257_4360_1749188554787" dev="mmcblk0p25" ino=55065 scontext=u:r:platform_app:s0:c512,c768 tcontext=u:object_r:app_data_file:s0:c512,c768 tclass=file permissive=1 app=com.dangbei.screencast
06-06 19:31:02.573   475  1342 D WifiNl80211Manager: Scan result ready event
06-06 19:31:02.573   475  1342 D WifiNative: Scan result ready event
06-06 19:31:02.627   657   657 E WifiHAL : wifi_get_link_stats: requestResponse Error:-5
06-06 19:31:02.629   475   607 E WifiVendorHal: getWifiLinkLayerStats_1_5_Internal(l.1191) failed {.code = ERROR_INVALID_ARGS, .description = }
01-01 08:01:26.513   381   381 W hdr10p_Configure: 65 callbacks suppressed
01-01 08:01:26.513   381   381 I         : DVI mode selected: packets not configured
01-01 08:01:26.513   381   381 W set_vsif_config: 65 callbacks suppressed
01-01 08:01:26.513   381   381 I         : Error: set vsif failed
01-01 08:01:26.533   381   381 I         : DVI mode selected: packets not configured
01-01 08:01:26.533   381   381 I         : Error: set vsif failed
01-01 08:01:26.548   381   381 I         : DVI mode selected: packets not configured
01-01 08:01:26.548   381   381 I         : Error: set vsif failed
01-01 08:01:26.564   381   381 I         : DVI mode selected: packets not configured
01-01 08:01:26.564   381   381 I         : Error: set vsif failed
01-01 08:01:26.575   381   381 I         : DVI mode selected: packets not configured
01-01 08:01:26.575   381   381 I         : Error: set vsif failed
01-01 08:01:26.608   381   381 I         : DVI mode selected: packets not configured
01-01 08:01:26.608   381   381 I         : Error: set vsif failed
01-01 08:01:26.625   381   381 I         : DVI mode selected: packets not configured
01-01 08:01:26.625   381   381 I         : Error: set vsif failed
01-01 08:01:26.642   381   381 I         : DVI mode selected: packets not configured
01-01 08:01:26.642   381   381 I         : Error: set vsif failed
01-01 08:01:26.659   381   381 I         : DVI mode selected: packets not configured
01-01 08:01:26.659   381   381 I         : Error: set vsif failed
01-01 08:01:26.675   381   381 I         : DVI mode selected: packets not configured
01-01 08:01:26.675   381   381 I         : Error: set vsif failed
06-06 19:31:03.238   475   519 W IorapForwardingService: No service published for: iorapd
06-06 19:31:03.455   657   657 E WifiHAL : wifi_get_link_stats: requestResponse Error:-5
06-06 19:31:03.457   475   607 E WifiVendorHal: getWifiLinkLayerStats_1_5_Internal(l.1191) failed {.code = ERROR_INVALID_ARGS, .description = }
06-06 19:31:04.241   475   519 W IorapForwardingService: No service published for: iorapd
06-06 19:31:05.244   475   519 W IorapForwardingService: No service published for: iorapd
06-06 19:31:06.246   475   519 W IorapForwardingService: No service published for: iorapd
06-06 19:31:06.473   657   657 E WifiHAL : wifi_get_link_stats: requestResponse Error:-5
06-06 19:31:06.475   475   607 E WifiVendorHal: getWifiLinkLayerStats_1_5_Internal(l.1191) failed {.code = ERROR_INVALID_ARGS, .description = }
06-06 19:31:06.658  1257  1673 I efs.base: wa upload succ, HttpResponse {succ=true, code=200, data='暂不支持该服务', extra={req_url=https://errlog.umeng.com/api/crashsdk/logcollect}}
06-06 19:31:07.250   475   519 W IorapForwardingService: No service published for: iorapd
06-06 19:31:07.311  1142  1142 D aaa     : LedStatusService onStartCommand begin
06-06 19:31:07.314  1142  2805 D aaa     : topPkg is -------------- :com.dangbei.leard.leradlauncher
06-06 19:31:07.316  1200  1200 D bbb     : onStartCommand begin !!!!!!! data分区剩余 24969MB
06-06 19:31:07.318  1142  2805 D aaa     : WiFi is connect 
06-06 19:31:08.133   475   538 W ActivityManager: Stopping service due to app idle: u0a57 -1m0s165ms com.android.tv/.dvr.recorder.DvrRecordingService
06-06 19:31:08.141   475  1350 I ActivityManager: Killing 1612:com.android.managedprovisioning/u0a14 (adj 985): empty #17
06-06 19:31:08.173   243   243 I Zygote  : Process 1612 exited due to signal 9 (Killed)
06-06 19:31:08.179   475  1350 I ActivityManager: Killing 1591:com.android.dynsystem:dynsystem/1000 (adj 985): empty #17
06-06 19:31:08.187   475   540 I libprocessgroup: Successfully killed process cgroup uid 10014 pid 1612 in 43ms
06-06 19:31:08.188   475   540 I libprocessgroup: Successfully killed process cgroup uid 1000 pid 1591 in 0ms
06-06 19:31:08.213   243   243 I Zygote  : Process 1591 exited due to signal 9 (Killed)
06-06 19:31:08.252   475   519 W IorapForwardingService: No service published for: iorapd
06-06 19:31:08.471   263   277 D hdmi-cec: receive invalid cec message!
06-06 19:31:08.472   263   277 D hdmi-cec: receive poll message [04], skip!
06-06 19:31:08.782  1257  1257 I ModuleDataForwa: type=1400 audit(0.0:1053): avc: denied { lock } for path="/data/user/0/com.dangbei.screencast/files/TD__Env_Synchronous_Lock__" dev="mmcblk0p25" ino=2665 scontext=u:r:platform_app:s0:c512,c768 tcontext=u:object_r:app_data_file:s0:c512,c768 tclass=file permissive=1 app=com.dangbei.screencast
01-01 08:01:32.526   381   381 W hdr10p_Configure: 64 callbacks suppressed
01-01 08:01:32.526   381   381 I         : DVI mode selected: packets not configured
01-01 08:01:32.526   381   381 W set_vsif_config: 64 callbacks suppressed
01-01 08:01:32.526   381   381 I         : Error: set vsif failed
01-01 08:01:32.548   381   381 I         : DVI mode selected: packets not configured
01-01 08:01:32.548   381   381 I         : Error: set vsif failed
01-01 08:01:32.566   381   381 I         : DVI mode selected: packets not configured
01-01 08:01:32.566   381   381 I         : Error: set vsif failed
01-01 08:01:32.580   381   381 I         : DVI mode selected: packets not configured
01-01 08:01:32.580   381   381 I         : Error: set vsif failed
01-01 08:01:32.592   381   381 I         : DVI mode selected: packets not configured
01-01 08:01:32.592   381   381 I         : Error: set vsif failed
01-01 08:01:32.620   381   381 I         : DVI mode selected: packets not configured
01-01 08:01:32.620   381   381 I         : Error: set vsif failed
01-01 08:01:32.636   381   381 I         : DVI mode selected: packets not configured
01-01 08:01:32.636   381   381 I         : Error: set vsif failed
01-01 08:01:32.651   381   381 I         : DVI mode selected: packets not configured
01-01 08:01:32.651   381   381 I         : Error: set vsif failed
01-01 08:01:32.659   381   381 I         : DVI mode selected: packets not configured
01-01 08:01:32.659   381   381 I         : Error: set vsif failed
06-06 19:31:09.019  2264  2341 D UtilLog : 日志批量上报 进行正常循环 ！！！！！！本次有0次请求,共0条数据
01-01 08:01:32.674   381   381 I         : DVI mode selected: packets not configured
01-01 08:01:32.674   381   381 I         : Error: set vsif failed
06-06 19:31:09.254   475   519 W IorapForwardingService: No service published for: iorapd
06-06 19:31:09.487   657   657 E WifiHAL : wifi_get_link_stats: requestResponse Error:-5
06-06 19:31:09.489   475   607 E WifiVendorHal: getWifiLinkLayerStats_1_5_Internal(l.1191) failed {.code = ERROR_INVALID_ARGS, .description = }
06-06 19:31:10.078  1257  1257 I gbei.screencast: type=1400 audit(0.0:1054): avc: denied { rename } for name="screencast.xml" dev="mmcblk0p25" ino=55115 scontext=u:r:platform_app:s0:c512,c768 tcontext=u:object_r:app_data_file:s0:c512,c768 tclass=file permissive=1 app=com.dangbei.screencast
06-06 19:31:10.082  1257  1257 I gbei.screencast: type=1400 audit(0.0:1055): avc: denied { setattr } for name="screencast.xml" dev="mmcblk0p25" ino=55143 scontext=u:r:platform_app:s0:c512,c768 tcontext=u:object_r:app_data_file:s0:c512,c768 tclass=file permissive=1 app=com.dangbei.screencast
06-06 19:31:10.195   475  1350 I ActivityManager: Background started FGS: Allowed [callingPackage: com.dangbei.screencast; callingUid: 10020; uidState: FGS ; intent: Intent { cmp=com.dangbei.screencast/.startup.GuardService }; code:PROC_STATE_FGS; tempAllowListReason:<null>; targetSdkVersion:28; callerTargetSdkVersion:28; startForegroundCount:0; bindFromPackage:null]
06-06 19:31:10.198   475  1350 D CompatibilityChangeReporter: Compat change id reported: 135634846; UID 10020; state: DISABLED
06-06 19:31:10.199   475   539 D CompatibilityChangeReporter: Compat change id reported: 143937733; UID 10020; state: DISABLED
06-06 19:31:10.217  1257  2654 W System.err: java.net.SocketException: Socket closed
06-06 19:31:10.218   475   617 D NsdService: unregister service
06-06 19:31:10.218   475   617 D NsdService: mdnssd [stop-register, 4]
06-06 19:31:10.219   242   291 W netd    : dnssd_clientstub DNSServiceProcessResult called with NULL DNSServiceRef
06-06 19:31:10.222   475   617 D NsdService: unregister service
06-06 19:31:10.222   475   617 D NsdService: mdnssd [stop-register, 3]
06-06 19:31:10.223   242   291 W netd    : dnssd_clientstub DNSServiceProcessResult called with NULL DNSServiceRef
06-06 19:31:10.223  1257  2654 W System.err: 	at java.net.PlainSocketImpl.socketAccept(PlainSocketImpl.java:213)
06-06 19:31:10.224  1257  2654 W System.err: 	at java.net.AbstractPlainSocketImpl.accept(AbstractPlainSocketImpl.java:451)
06-06 19:31:10.224  1257  2654 W System.err: 	at java.net.ServerSocket.implAccept(ServerSocket.java:547)
06-06 19:31:10.224  1257  2654 W System.err: 	at java.net.ServerSocket.accept(ServerSocket.java:515)
06-06 19:31:10.224  1257  2654 W System.err: 	at b.f.f.t.f.run(Unknown Source:40)
06-06 19:31:10.224  1257  2654 W System.err: 	at java.lang.Thread.run(Thread.java:920)
06-06 19:31:10.227   475   617 D NsdService: unregister service
06-06 19:31:10.228   475   617 D NsdService: mdnssd [stop-register, 5]
06-06 19:31:10.229   242   291 W netd    : dnssd_clientstub DNSServiceProcessResult called with NULL DNSServiceRef
06-06 19:31:10.230   243   243 D Zygote  : Forked child process 2821
06-06 19:31:10.232   475   539 I ActivityManager: app.processName = com.dangbei.screencast:bg_guard
06-06 19:31:10.233   475   539 I ActivityManager: Start proc 2821:com.dangbei.screencast:bg_guard/u0a20 for service {com.dangbei.screencast/com.dangbei.screencast.startup.GuardService}
06-06 19:31:10.237  1257  2817 W UpnpServiceImpl: >>> Shutting down UPnP service...
06-06 19:31:10.241  2821  2821 I Zygote  : seccomp disabled by setenforce 0
06-06 19:31:10.246  1257  1257 I shutdown-name: type=1400 audit(0.0:1056): avc: denied { read } for name="address" dev="sysfs" ino=25791 scontext=u:r:platform_app:s0:c512,c768 tcontext=u:object_r:sysfs:s0 tclass=file permissive=1 app=com.dangbei.screencast
06-06 19:31:10.246  1257  1257 I shutdown-name: type=1400 audit(0.0:1057): avc: denied { open } for path="/sys/devices/platform/unisoc_wifi/net/wlan0/address" dev="sysfs" ino=25791 scontext=u:r:platform_app:s0:c512,c768 tcontext=u:object_r:sysfs:s0 tclass=file permissive=1 app=com.dangbei.screencast
06-06 19:31:10.246  1257  1257 I shutdown-name: type=1400 audit(0.0:1058): avc: denied { getattr } for path="/sys/devices/platform/unisoc_wifi/net/wlan0/address" dev="sysfs" ino=25791 scontext=u:r:platform_app:s0:c512,c768 tcontext=u:object_r:sysfs:s0 tclass=file permissive=1 app=com.dangbei.screencast
06-06 19:31:10.256   475   519 W IorapForwardingService: No service published for: iorapd
06-06 19:31:10.262  1257  2662 W AbstractChannel: Can't invoke task later as EventLoop rejected it
06-06 19:31:10.262  1257  2662 W AbstractChannel: java.util.concurrent.RejectedExecutionException: event executor terminated
06-06 19:31:10.262  1257  2662 W AbstractChannel: 	at io.netty.util.concurrent.SingleThreadEventExecutor.reject(Unknown Source:4)
06-06 19:31:10.262  1257  2662 W AbstractChannel: 	at io.netty.util.concurrent.SingleThreadEventExecutor.offerTask(Unknown Source:6)
06-06 19:31:10.262  1257  2662 W AbstractChannel: 	at io.netty.util.concurrent.SingleThreadEventExecutor.addTask(Unknown Source:5)
06-06 19:31:10.262  1257  2662 W AbstractChannel: 	at io.netty.util.concurrent.SingleThreadEventExecutor.execute(Unknown Source:4)
06-06 19:31:10.262  1257  2662 W AbstractChannel: 	at io.netty.util.concurrent.SingleThreadEventExecutor.execute(Unknown Source:18)
06-06 19:31:10.262  1257  2662 W AbstractChannel: 	at io.netty.channel.AbstractChannel$AbstractUnsafe.invokeLater(Unknown Source:6)
06-06 19:31:10.262  1257  2662 W AbstractChannel: 	at io.netty.channel.AbstractChannel$AbstractUnsafe.deregister(Unknown Source:24)
06-06 19:31:10.262  1257  2662 W AbstractChannel: 	at io.netty.channel.AbstractChannel$AbstractUnsafe.fireChannelInactiveAndDeregister(Unknown Source:17)
06-06 19:31:10.262  1257  2662 W AbstractChannel: 	at io.netty.channel.AbstractChannel$AbstractUnsafe.close(Unknown Source:112)
06-06 19:31:10.262  1257  2662 W AbstractChannel: 	at io.netty.channel.AbstractChannel$AbstractUnsafe.close(Unknown Source:12)
06-06 19:31:10.262  1257  2662 W AbstractChannel: 	at io.netty.channel.nio.NioEventLoop.closeAll(Unknown Source:86)
06-06 19:31:10.262  1257  2662 W AbstractChannel: 	at io.netty.channel.nio.NioEventLoop.run(Unknown Source:202)
06-06 19:31:10.262  1257  2662 W AbstractChannel: 	at io.netty.util.concurrent.SingleThreadEventExecutor$4.run(Unknown Source:41)
06-06 19:31:10.262  1257  2662 W AbstractChannel: 	at io.netty.util.internal.ThreadExecutorMap$2.run(Unknown Source:8)
06-06 19:31:10.262  1257  2662 W AbstractChannel: 	at io.netty.util.concurrent.FastThreadLocalRunnable.run(Unknown Source:2)
06-06 19:31:10.262  1257  2662 W AbstractChannel: 	at java.lang.Thread.run(Thread.java:920)
06-06 19:31:10.266   396   407 I adbd    : jdwp connection from 2821
06-06 19:31:10.277  1257  2397 E raop    : httpd_stop running 1 joined 0
06-06 19:31:10.277  1257  2397 E raop    : httpd_stop connection->socket_fd=0
06-06 19:31:10.277  1257  2397 E raop    : httpd_stop connection->socket_fd=0
06-06 19:31:10.277  1257  2397 E raop    : httpd_stop connection->socket_fd=0
06-06 19:31:10.277  1257  2397 E raop    : httpd_stop connection->socket_fd=0
06-06 19:31:10.277  1257  2397 E raop    : httpd_stop connection->socket_fd=0
06-06 19:31:10.277  1257  2397 E raop    : httpd_stop connection->socket_fd=0
06-06 19:31:10.278  1257  2397 E raop    : httpd_stop connection->socket_fd=0
06-06 19:31:10.278  1257  2397 E raop    : httpd_stop connection->socket_fd=0
06-06 19:31:10.278  1257  2397 E raop    : httpd_stop connection->socket_fd=0
06-06 19:31:10.278  1257  2397 E raop    : httpd_stop connection->socket_fd=0
06-06 19:31:10.294  2821  2821 D CompatibilityChangeReporter: Compat change id reported: 171979766; UID 10020; state: DISABLED
06-06 19:31:10.303  2821  2821 D ApplicationLoaders: Returning zygote-cached class loader: /system/framework/android.test.base.jar
06-06 19:31:10.303  2821  2821 D ApplicationLoaders: Returning zygote-cached class loader: /system/framework/android.hidl.manager-V1.0-java.jar
06-06 19:31:10.303  2821  2821 D ApplicationLoaders: Returning zygote-cached class loader: /system/framework/android.hidl.base-V1.0-java.jar
06-06 19:31:10.327  2821  2821 V GraphicsEnvironment: ANGLE Developer option for 'com.dangbei.screencast' set to: 'default'
06-06 19:31:10.328  2821  2821 V GraphicsEnvironment: Neither updatable production driver nor prerelease driver is supported.
06-06 19:31:10.329  2821  2821 D NetworkSecurityConfig: Using Network Security Config from resource network_security_config debugBuild: false
06-06 19:31:10.331  2821  2821 D NetworkSecurityConfig: Using Network Security Config from resource network_security_config debugBuild: false
06-06 19:31:10.334  2821  2821 I MultiDex: VM with version 2.1.0 has multidex support
06-06 19:31:10.334  2821  2821 I MultiDex: Installing application
06-06 19:31:10.334  2821  2821 I MultiDex: VM has multidex support, MultiDex support library is disabled.
06-06 19:31:10.404   475   492 I system_server: Background young concurrent copying GC freed 243740(11MB) AllocSpace objects, 116(3104KB) LOS objects, 57% free, 11MB/26MB, paused 382us total 203.504ms
06-06 19:31:10.435  2821  2875 I crashsdk: version unique build id: 6230cced
06-06 19:31:10.438  2821  2821 I Thread-3: type=1400 audit(0.0:1059): avc: denied { read } for name="version" dev="proc" ino=4026532049 scontext=u:r:platform_app:s0:c512,c768 tcontext=u:object_r:proc_version:s0 tclass=file permissive=1 app=com.dangbei.screencast
06-06 19:31:10.438  2821  2821 I Thread-3: type=1400 audit(0.0:1060): avc: denied { open } for path="/proc/version" dev="proc" ino=4026532049 scontext=u:r:platform_app:s0:c512,c768 tcontext=u:object_r:proc_version:s0 tclass=file permissive=1 app=com.dangbei.screencast
06-06 19:31:10.438  2821  2821 I Thread-3: type=1400 audit(0.0:1061): avc: denied { getattr } for path="/proc/version" dev="proc" ino=4026532049 scontext=u:r:platform_app:s0:c512,c768 tcontext=u:object_r:proc_version:s0 tclass=file permissive=1 app=com.dangbei.screencast
06-06 19:31:10.443  2821  2876 D crashsdk: Native log stat thread 2876 setup, waiting
06-06 19:31:10.446  2821  2853 I crashsdk: begin hack android.os.Process
06-06 19:31:10.446  2821  2853 I crashsdk: end hack android.os.Process
06-06 19:31:10.473  2821  2853 I Matrix.AnrTracer: anrTrace, final mAnrBeatTime:400, mAnrBeatRate:400
06-06 19:31:10.474  2821  2821 I TDLog   :  setReportUncaughtExceptions: true
06-06 19:31:10.474   263   263 I EventThread: type=1400 audit(0.0:1062): avc: denied { search } for name="extcon" dev="sysfs" ino=18109 scontext=u:r:hal_tv_cec_default:s0 tcontext=u:object_r:sysfs_extcon:s0 tclass=dir permissive=1
06-06 19:31:10.477  2821  2821 E Application: onCreate:Version:v2.8.3/20830/883432e
06-06 19:31:10.478  2821  2853 E LaunchManager: Non main process !
06-06 19:31:10.479  2821  2853 W System.err: java.lang.NullPointerException: Attempt to invoke virtual method 'boolean com.efs.sdk.launch.LaunchConfigManager.enableTracer()' on a null object reference
06-06 19:31:10.479  2821  2853 W System.err: 	at com.umeng.umcrash.UMCrash.init(Unknown Source:403)
06-06 19:31:10.479  2821  2853 W System.err: 	at java.lang.reflect.Method.invoke(Native Method)
06-06 19:31:10.479  2821  2853 W System.err: 	at com.umeng.commonsdk.UMConfigure.init(Unknown Source:811)
06-06 19:31:10.480  2821  2853 W System.err: 	at b.f.f.b.a(:4)
06-06 19:31:10.480  2821  2853 W System.err: 	at h.o.a.run(Unknown Source:2)
06-06 19:31:10.482  2821  2880 W efs.send_log: tryFileLock start! 
06-06 19:31:10.497  2821  2880 I efs.config: --->>> 删除旧的配置文件 false
06-06 19:31:10.498  2821  2898 I efs.base: lt=event`ev_ct=efs_core`ev_ac=pvuv`tm=2025-06-06 19:31:48`dn=771f93e8-8eaa-49df-8b16-e1b19b668479`ps=com.dangbei.screencast:bg_guard`um_os=android`stime=1749209470202`pid=2821`fr=android`pkg=com.dangbei.screencast`vcode=20830`dsp_w=1920`uid=771f93e8-8eaa-49df-8b16-e1b19b668479`rom=12`wid=771f93e8-8eaa-49df-8b16-e1b19b668479`um_app_carrier=`um_access=wifi`um_app_channel=os`um_crash_sdk_version=1.4.0`ctime=1749209470`model=dbbox-a2`lang=zh`net=wifi`brand=dangbei`dsp_h=1080`um_network_type=0`ver=v2.8.3`build_model=DBBOX-A2`w_tm=1749209470`appid=5fc60c21094d637f3130af19`um_umid_header=ai4e7fa82b434271882c971661bb5632b7`sdk=31`tzone=Asia/Shanghai`sdk_ver=1.3.6.umeng
01-01 08:01:34.163  2880  2880 W audit   : audit_lost=564 audit_rate_limit=5 audit_backlog_limit=64
01-01 08:01:34.163  2880  2880 E audit   : rate limit exceeded
06-06 19:31:10.528  2821  2880 I efs.config: current config version (-1) is older than another (1735614866)
06-06 19:31:10.528   475  1350 W ServiceManager: Permission failure: android.permission.HIGH_SAMPLING_RATE_SENSORS from uid=10020 pid=2821
06-06 19:31:10.528  2821  2880 I efs.config: load config from storage and notify observer
06-06 19:31:10.533   475  1350 W ActivityManager: Foreground service started from background can not have location/camera/microphone access: service com.dangbei.screencast/.startup.GuardService
06-06 19:31:10.534  2821  2854 I TDLog   : TalkingData SDK init...
06-06 19:31:10.534  2821  2854 I TDLog   : 	SDK_VERSION is: Android+TD+V5.0.7 gp Type:Native  Build_Num:2141
06-06 19:31:10.534  2821  2854 I TDLog   : 	App ID is: B9D7815EC975466AB1332111FCE62DF5
06-06 19:31:10.534  2821  2854 I TDLog   : 	App Channel is: os
06-06 19:31:10.534  2821  2854 I TDLog   : 	App Custom is: 
06-06 19:31:10.534  2821  2854 I TDLog   : 	SDK_OVC is: TDOVC+a3bb7754719798526508b6caad480dd7+SaaS
06-06 19:31:10.536  2821  2821 E GuardService: onStartCommand: 
06-06 19:31:10.536  2821  2821 E GuardService: onStartCommand: cmd:1
06-06 19:31:10.536  2821  2821 E GuardService: result:2
06-06 19:31:10.568  2821  2821 I crashsdk: Catcher mask: 5000, 20480
06-06 19:31:10.570  2821  2821 I crashsdk: Catcher thread 2828
06-06 19:31:10.571  2821  2821 D crashsdk: Register ANR handler ...
06-06 19:31:10.573  2821  2898 W efs.info.manager: network change: wifi
06-06 19:31:10.598  1257  2817 W Router  : disable lock:org.fourthline.cling.android.AndroidRouter@4582feb_java.util.concurrent.locks.ReentrantReadWriteLock$WriteLock@2e83148[Unlocked]
06-06 19:31:10.598  1257  2817 I Router  : WiFi multicast lock released
06-06 19:31:10.599   475   749 I WifiService: releaseMulticastLock uid=10020
06-06 19:31:10.600  1257  2817 I Router  : WiFi lock released
06-06 19:31:10.601   475   749 I WifiService: releaseWifiLock uid=10020
01-01 08:01:34.244   768   768 E sprdwl  : sprdwl_rx_rsp_process ctx_id 0 recv rsp[WIFI_CMD_TX_DATA] status[SPRDWL_CMD_STATUS_ERROR]
06-06 19:31:10.627  1257  2817 I JettyServletContainer: No more connectors, stopping Jetty server
06-06 19:31:10.627  1257  2817 I JettyServletContainer: Stopping Jetty server...
06-06 19:31:10.628  1257  2674 E JettyServletContainer: error:java.net.SocketException: Socket closed
06-06 19:31:10.629  1257  2817 W System.err: 2025-06-06 19:31:10.628:INFO:lcaf.p:Graceful shutdown l.c.a.g.d{/upnp,null}
06-06 19:31:10.629  1257  2674 W System.err: java.net.SocketException: Socket closed
06-06 19:31:10.629  1257  2674 W System.err: 	at java.net.PlainSocketImpl.socketAccept(PlainSocketImpl.java:213)
06-06 19:31:10.629  1257  2674 W System.err: 	at java.net.AbstractPlainSocketImpl.accept(AbstractPlainSocketImpl.java:451)
06-06 19:31:10.629  1257  2674 W System.err: 	at java.net.ServerSocket.implAccept(ServerSocket.java:547)
06-06 19:31:10.629  1257  2674 W System.err: 	at java.net.ServerSocket.accept(ServerSocket.java:515)
06-06 19:31:10.629  1257  2674 W System.err: 	at l.c.a.f.w.a.accept(Unknown Source:2)
06-06 19:31:10.629  1257  2674 W System.err: 	at org.fourthline.cling.transport.impl.jetty.JettyServletContainer$2.accept(Unknown Source:1)
06-06 19:31:10.629  1257  2674 W System.err: 	at l.c.a.f.a$a.run(Unknown Source:113)
06-06 19:31:10.629  1257  2674 W System.err: 	at java.util.concurrent.ThreadPoolExecutor.runWorker(ThreadPoolExecutor.java:1167)
06-06 19:31:10.629  1257  2674 W System.err: 	at java.util.concurrent.ThreadPoolExecutor$Worker.run(ThreadPoolExecutor.java:641)
06-06 19:31:10.629  1257  2674 W System.err: 	at java.lang.Thread.run(Thread.java:920)
06-06 19:31:10.743   666   666 V TvNotificationHandler: Notification not added because it isn't relevant for tv
06-06 19:31:11.013   475  1350 W TelephonyPermissions: reportAccessDeniedToReadIdentifiers:com.dangbei.screencast:getSerial:-1
06-06 19:31:11.029  1257  2397 E raop    : httpd_stop running 0 joined 1
06-06 19:31:11.044  2821  2926 V NFC     : this device does not have NFC support
06-06 19:31:11.258   475   519 W IorapForwardingService: No service published for: iorapd
06-06 19:31:11.630  1257  2817 W System.err: 2025-06-06 19:31:11.630:INFO:lcafx.c:stopped l.c.a.g.d{/upnp,null}
06-06 19:31:11.632  1257  2817 W Router  : disable unlock:org.fourthline.cling.android.AndroidRouter@4582feb
06-06 19:31:11.634  1257  2817 W UpnpServiceImpl: <<< UPnP service shutdown completed
01-01 08:01:35.275   768   768 E sprdwl  : sprdwl_rx_rsp_process ctx_id 0 recv rsp[WIFI_CMD_TX_DATA] status[SPRDWL_CMD_STATUS_ERROR]
06-06 19:31:12.215  1257  1257 I crashsdk: android_os_Process_sendSignal. PID: 1257 SIG: 9
06-06 19:31:12.215  1257  1257 I crashsdk: onKillProcess. SIG: 9
06-06 19:31:12.219  1257  1257 I crashsdk: Kill PID: 1257 (com.dangbei.screencast) by pid: 1257 (com.dangbei.screencast) tid: 1257 (main)
06-06 19:31:12.219  1257  1257 I crashsdk: SIG: 9, fg: false, exiting: false, main process: true, time: 20250606193112
06-06 19:31:12.219  1257  1257 I crashsdk: State in disk: 'b'
06-06 19:31:12.219  1257  1257 I crashsdk:   at android.os.Process.sendSignal(Native Method)
06-06 19:31:12.219  1257  1257 I crashsdk:   at android.os.Process.killProcess(Process.java:1153)
06-06 19:31:12.219  1257  1257 I crashsdk:   at com.dangbei.screencast.startup.JumpService$i.run(:2)
06-06 19:31:12.219  1257  1257 I crashsdk:   at android.os.Handler.handleCallback(Handler.java:938)
06-06 19:31:12.219  1257  1257 I crashsdk:   at android.os.Handler.dispatchMessage(Handler.java:99)
06-06 19:31:12.219  1257  1257 I crashsdk:   at android.os.Looper.loopOnce(Looper.java:201)
06-06 19:31:12.219  1257  1257 I crashsdk:   at android.os.Looper.loop(Looper.java:288)
06-06 19:31:12.219  1257  1257 I crashsdk:   at android.app.ActivityThread.main(ActivityThread.java:7854)
06-06 19:31:12.219  1257  1257 I crashsdk:   at java.lang.reflect.Method.invoke(Native Method)
06-06 19:31:12.219  1257  1257 I crashsdk:   at com.android.internal.os.RuntimeInit$MethodAndArgsCaller.run(RuntimeInit.java:548)
06-06 19:31:12.219  1257  1257 I crashsdk:   at com.android.internal.os.ZygoteInit.main(ZygoteInit.java:1182)
06-06 19:31:12.219  1257  1257 I Process : Sending signal. PID: 1257 SIG: 9
06-06 19:31:12.264   475   519 W IorapForwardingService: No service published for: iorapd
06-06 19:31:12.286  2552  2606 W efs.send_log: tryFileLock sendlock sucess! processname: com.huawei.connection
06-06 19:31:12.289   475  1350 I ActivityManager: Process com.dangbei.screencast (pid 1257) has died: prcp FGS 
01-01 08:01:35.935     1     1 I init    : Untracked pid 1631 exited with status 0
06-06 19:31:12.291   475   540 I libprocessgroup: Successfully killed process cgroup uid 10020 pid 1257 in 0ms
06-06 19:31:12.292   243   243 I Zygote  : Process 1257 exited due to signal 9 (Killed)
06-06 19:31:12.294   475   617 D NsdService: Client disconnected
06-06 19:31:12.300  2552  2552 D NearFieldManagerService: onDestroy, enter.
06-06 19:31:12.300  2552  2552 I NearFieldManagerService: killCurrentProcess.
06-06 19:31:12.300  2552  2552 I crashsdk: android_os_Process_sendSignal. PID: 2552 SIG: 9
06-06 19:31:12.300  2552  2552 I crashsdk: onKillProcess. SIG: 9
06-06 19:31:12.301   475  1350 W ActivityManager: Scheduling restart of crashed service com.dangbei.screencast/.huaweicast.service.HuaweiCastService in 1000ms for start-requested
06-06 19:31:12.301   475  1350 W ActivityManager: Scheduling restart of crashed service com.dangbei.screencast/.startup.StartupService in 11000ms for start-requested
06-06 19:31:12.308  2552  2552 I crashsdk: Kill PID: 2552 (com.huawei.connection) by pid: 2552 (com.huawei.connection) tid: 2552 (main)
06-06 19:31:12.308  2552  2552 I crashsdk: SIG: 9, fg: false, exiting: false, main process: false, time: 20250606193112
06-06 19:31:12.308  2552  2552 I crashsdk: State in disk: 'b'
06-06 19:31:12.308  2552  2552 I crashsdk:   at android.os.Process.sendSignal(Native Method)
06-06 19:31:12.308  2552  2552 I crashsdk:   at android.os.Process.killProcess(Process.java:1153)
06-06 19:31:12.308  2552  2552 I crashsdk:   at com.huawei.connection.service.NearFieldManagerService.c(Unknown Source:11)
06-06 19:31:12.308  2552  2552 I crashsdk:   at com.huawei.connection.service.NearFieldManagerService.onDestroy(Unknown Source:10)
