06-06 13:42:37.772  1630  1630 I preinstall.sh: type=1400 audit(0.0:633): avc: denied { create } for name="port_qos" scontext=u:r:preinstall:s0 tcontext=u:object_r:sysfs:s0 tclass=file permissive=1
06-06 13:42:37.802   475   607 I WifiClientModeImpl: Default Gateway MAC address of 58:c7:ac:78:f0:02 from routes is : 70:3a:a6:36:a8:d7
06-06 13:42:37.813   475   607 D WifiConfigStore: Writing to stores completed in 5 ms.
06-06 13:42:37.829   657   657 E WifiHAL : wifi_get_link_stats: requestResponse Error:-5
06-06 13:42:37.833   475   607 E WifiVendorHal: getWifiLinkLayerStats_1_5_Internal(l.1191) failed {.code = ERROR_INVALID_ARGS, .description = }
06-06 13:42:37.842   396   407 I adbd    : jdwp connection from 2040
06-06 13:42:37.849  1100  1100 I Choreographer: Skipped 82 frames!  The application may be doing too much work on its main thread.
06-06 13:42:37.863  1100  1100 E hq      : listenerNet:::重新来网了 key=image_error  isConnect=true
06-06 13:42:37.863  1100  1100 E hq      : listenerNet:::重新来网了 key=requestAppWhiteList  isConnect=true
06-06 13:42:37.868  1100  1100 E hq      : listenerNet:::重新来网了 key=ConfigureInterface:Init  isConnect=true
06-06 13:42:37.872  1100  1678 E hq      : Etna:::sendInspectLauncherUpdate
06-06 13:42:37.874   475   498 D CompatibilityChangeReporter: Compat change id reported: 172100307; UID 10074; state: DISABLED
06-06 13:42:37.878  1100  1100 E hq      : listenerNet:::重新来网了 key=requestGetMessageRemind  isConnect=true
01-01 08:00:29.225   381   381 I         : DVI mode selected: packets not configured
01-01 08:00:29.225   381   381 I         : Error: set vsif failed
06-06 13:42:37.885  1100  1100 E hq      : listenerNet:::重新来网了 key=requestMessageConfig  isConnect=true
06-06 13:42:37.887  1100  1100 E hq      : listenerNet:::重新来网了 key=requestMessageDialog  isConnect=true
06-06 13:42:37.888  1100  1100 E hq      : listenerNet:::重新来网了 key=requestNetAppAdInfo  isConnect=true
06-06 13:42:37.888  1100  1100 E hq      : NetWorkStateReceiver:::NetWorkStateReceiver onReceive: 网络变化广播 >>>> intent.action=android.net.conn.CONNECTIVITY_CHANGE
06-06 13:42:37.892   475   498 D CompatibilityChangeReporter: Compat change id reported: 168419799; UID 10022; state: DISABLED
06-06 13:42:37.893  1100  1460 D yc_test : refreshWeather: null
06-06 13:42:37.896  1047  1099 E ccc     : cccccc SystemUpdateHelper launcherUpdate {"launcherCodeLocal":102941,"launcherCodeNet":0,"launcherVersionLocal":"2.9.4.1","launcherVersionNet":"","otaCodeLocal":0,"otaCodeNet":0,"remoteNeedUpdate":false,"updateType":""}
06-06 13:42:37.903  1100  1100 E hq      : NetWorkStateReceiver:::Network is available. isConnect=true 是否频次过快=true t=1749188557902
06-06 13:42:37.903  1100  1100 W eventbuscore: post Event:com.dangbei.leard.base.entity.event.NetChangeEvent
06-06 13:42:37.925  2040  2040 D CompatibilityChangeReporter: Compat change id reported: 171979766; UID 10022; state: ENABLED
06-06 13:42:37.943  1100  1678 D etnaManager: 不需要更新桌面
06-06 13:42:37.949  1359  1703 D XHttpObservable: createNetWorkObservable subscribe: ShowMessageEntity{code=0, data=TipEntity{movieType=[我想看喜剧片, 动作片, 枪战片], movie=[庆余年, 误杀, 美丽人生, 爆笑虫子, 哪吒, 小猪佩奇, 胡歌的电视剧, 张艺谋导演的电影, 切换到1080P, 收藏], appController=[打开当贝市场, 下载哈趣影视, 爱奇艺, 卸载腾讯视频], weather=[今天的天气, 未来五天的天气, 杭州天气怎么样, 明天下不下雨], music=[我要听歌, 周杰伦的歌, 上一首, 下一首, 快进一分钟, 暂停], liveAppDownload='非常抱歉，根据监管部门政策管理要求，暂不提供相应服务。', subscreen=null, wakeUpVoiceResponse=[ProbabilityEntity{word='在呢', probability=30}, ProbabilityEntity{word='我在', probability=35}, ProbabilityEntity{word='你说', probability=15}, ProbabilityEntity{word='来啦', probability=20}], unrecognizedVoiceResponse=[ProbabilityEntity{word='可以再说一遍么', probability=45}, ProbabilityEntity{word='可以说的详细一点么', probability=30}, ProbabilityEntity{word='请问有什么可以帮您', probability=25}], notUnderstandVoiceResponse=[ProbabilityEntity{word='换个说法试试吧', probability=100}]}, message='success'} ,,, isDisposed = false
06-06 13:42:37.951  1359  1705 D XHttpObservable: createNetWorkObservable subscribe: MediaControlEntity{code=0, data=PageEntity{list=[ContentEntity{packageName='com.dangbei.leard.leradlauncher', activityName='FilmDetailActivity'}, ContentEntity{packageName='com.dangbei.leard.leradlauncher', activityName='FullScreenDetailActivity'}, ContentEntity{packageName='com.dangbei.leard.leradlauncher', activityName='TencentSportActivity'}, ContentEntity{packageName='com.dangbei.leradVideoPlugins', activityName='FilmDetailActivity'}, ContentEntity{packageName='com.dangbei.leradVideoPlugins', activityName='FullScreenDetailActivity'}, ContentEntity{packageName='com.dangbei.leradVideoPlugins', activityName='TencentSportActivity'}, ContentEntity{packageName='com.dangbei.leradVideoPlugins', activityName='ShortPlayActivity'}, ContentEntity{packageName='com.dangbei.hqmedia', activityName='FilmDetailActivity'}, ContentEntity{packageName='com.dangbei.hqmedia', activityName='FullScreenDetailActivity'}, ContentEntity{packageName='com.dangbei.leradVideoPlugins', activityName='MangoMediaActivity'}, ContentEntity{packageName='com.dangbei.leradVideoPlugins', activityName='VcinemaActivity'}]}, message='success'} ,,, isDisposed = false
06-06 13:42:38.038  2040  2040 V GraphicsEnvironment: ANGLE Developer option for 'com.android.providers.tv' set to: 'default'
06-06 13:42:38.039  2040  2040 V GraphicsEnvironment: Neither updatable production driver nor prerelease driver is supported.
06-06 13:42:38.046  2040  2040 D NetworkSecurityConfig: No Network Security Config specified, using platform default
06-06 13:42:38.047  2040  2040 D NetworkSecurityConfig: No Network Security Config specified, using platform default
06-06 13:42:38.055  2040  2040 D CompatibilityChangeReporter: Compat change id reported: 160794467; UID 10022; state: ENABLED
06-06 13:42:38.072  1043  1159 W MediaProvider: getVolumePath for unknown volume: internal
06-06 13:42:38.079  1043  1159 W MediaProvider: getVolumePath for unknown volume: internal
06-06 13:42:38.197   475   498 D CompatibilityChangeReporter: Compat change id reported: 135634846; UID 10061; state: DISABLED
06-06 13:42:38.197   475   498 D CompatibilityChangeReporter: Compat change id reported: 177438394; UID 10061; state: DISABLED
06-06 13:42:38.197   475   498 D CompatibilityChangeReporter: Compat change id reported: 135772972; UID 10061; state: DISABLED
06-06 13:42:38.197   475   498 D CompatibilityChangeReporter: Compat change id reported: 135754954; UID 10061; state: ENABLED
06-06 13:42:38.198   475   539 D CompatibilityChangeReporter: Compat change id reported: 143937733; UID 10061; state: ENABLED
06-06 13:42:38.221   243   243 D Zygote  : Forked child process 2088
06-06 13:42:38.224  1100  1100 E martin  : 组件:2025-06-06
06-06 13:42:38.226   475   539 I ActivityManager: app.processName = com.android.remoteprovisioner
06-06 13:42:38.226   475   539 I ActivityManager: Start proc 2088:com.android.remoteprovisioner/u0a61 for broadcast {com.android.remoteprovisioner/com.android.remoteprovisioner.BootReceiver}
06-06 13:42:38.228  1100  1100 E weatherWidget: dataChange:Fri Jun 06 13:42:38 GMT+08:00 2025
06-06 13:42:38.237  2088  2088 I Zygote  : seccomp disabled by setenforce 0
06-06 13:42:38.243  1100  1100 E SecondScreen: isShowSecondScreen()=0  getCurrentPageState()=com.monster.gamma.core.LoadService@9080199
06-06 13:42:38.244   475   617 D NsdService: Native daemon message SERVICE_REGISTERED: 606 2 "192.168.3.31"
06-06 13:42:38.251  1100  1676 D AppManager: checkLocalAppsIsValid:
06-06 13:42:38.269  1100  1100 W View    : requestLayout() improperly called by com.dangbei.launcher.home.view.second.view.AppRecyclerView{70b2940 V.ED..... ......I. 80,0-1840,1080} during layout: running second layout pass
06-06 13:42:38.301  1100  1312 E hq      : WeatherRefresh:::请求网络地址后，更新的地理位置为：101280601
01-01 08:00:29.650   381   381 I         : DVI mode selected: packets not configured
01-01 08:00:29.650   381   381 I         : Error: set vsif failed
06-06 13:42:38.311   475   499 D CompatibilityChangeReporter: Compat change id reported: 135634846; UID 10048; state: DISABLED
06-06 13:42:38.313   475   539 D CompatibilityChangeReporter: Compat change id reported: 143937733; UID 10048; state: DISABLED
01-01 08:00:29.674   381   381 I         : DVI mode selected: packets not configured
01-01 08:00:29.674   381   381 I         : Error: set vsif failed
06-06 13:42:38.341  1047  1047 D LanCommander: com.dangbei.andes.bean.RegistrationData@3afabb2----------------onServiceRegistered 
06-06 13:42:38.342   243   243 D Zygote  : Forked child process 2099
06-06 13:42:38.347   657   657 E WifiHAL : wifi_get_link_stats: requestResponse Error:-5
06-06 13:42:38.349   396   407 I adbd    : jdwp connection from 2088
01-01 08:00:29.691   381   381 I         : DVI mode selected: packets not configured
01-01 08:00:29.691   381   381 I         : Error: set vsif failed
06-06 13:42:38.350   475   519 W IorapForwardingService: No service published for: iorapd
06-06 13:42:38.352   475   607 E WifiVendorHal: getWifiLinkLayerStats_1_5_Internal(l.1191) failed {.code = ERROR_INVALID_ARGS, .description = }
06-06 13:42:38.357  2099  2099 I Zygote  : seccomp disabled by setenforce 0
06-06 13:42:38.358   475   539 I ActivityManager: app.processName = com.sohu.inputmethod.sogou.tv
06-06 13:42:38.358   475   539 I ActivityManager: Start proc 2099:com.sohu.inputmethod.sogou.tv/u0a48 for service {com.sohu.inputmethod.sogou.tv/com.sohu.inputmethod.sogou.tv.SogouIME}
06-06 13:42:38.360   475   539 W ActivityManager: Slow operation: 51ms so far, now at startProcess: done updating pids map
06-06 13:42:38.384   396   407 I adbd    : jdwp connection from 2099
06-06 13:42:38.400   475   498 D CompatibilityChangeReporter: Compat change id reported: 168419799; UID 10061; state: DISABLED
06-06 13:42:38.413  2088  2088 D CompatibilityChangeReporter: Compat change id reported: 171979766; UID 10061; state: ENABLED
06-06 13:42:38.425  1100  1312 E hq      : ErrorCoroutineExceptionHandler:::runTry error:com.dangbei.leard.base.proider.error.EmptyApiException: 数据为空  from=requestMessageDialog  from=requestMessageDialog
06-06 13:42:38.427   475   499 D CompatibilityChangeReporter: Compat change id reported: 168419799; UID 10048; state: DISABLED
06-06 13:42:38.443  2099  2099 D CompatibilityChangeReporter: Compat change id reported: 171979766; UID 10048; state: DISABLED
06-06 13:42:38.462  2099  2099 D ApplicationLoaders: Returning zygote-cached class loader: /system/framework/android.test.base.jar
06-06 13:42:38.463  2099  2099 D ApplicationLoaders: Returning zygote-cached class loader: /system/framework/android.hidl.manager-V1.0-java.jar
06-06 13:42:38.463  2099  2099 D ApplicationLoaders: Returning zygote-cached class loader: /system/framework/android.hidl.base-V1.0-java.jar
06-06 13:42:38.506  2088  2088 V GraphicsEnvironment: ANGLE Developer option for 'com.android.remoteprovisioner' set to: 'default'
06-06 13:42:38.507  2088  2088 V GraphicsEnvironment: Neither updatable production driver nor prerelease driver is supported.
06-06 13:42:38.511  1100  1680 E hq      : WeatherRefresh:::请求网络地址后，更新的地理位置为：101280601
06-06 13:42:38.513  2088  2088 D NetworkSecurityConfig: No Network Security Config specified, using platform default
06-06 13:42:38.514  2088  2088 D NetworkSecurityConfig: No Network Security Config specified, using platform default
06-06 13:42:38.518  2088  2088 I RemoteProvisioningBootReceiver: Caught boot intent, waking up.
06-06 13:42:38.546   475   498 D ConnectivityService: requestNetwork for uid/pid:1000/475 asUid: 10061 activeRequest: null callbackRequest: 29 [NetworkRequest [ REQUEST id=30, [ Capabilities: INTERNET&NOT_RESTRICTED&TRUSTED&NOT_VCN_MANAGED Uid: 10061 RequestorUid: 1000 RequestorPkg: android] ]] callback flags: 0 priority: 2147483647
06-06 13:42:38.547   475   614 D ConnectivityService: NetReassign [30 : null → 100]
06-06 13:42:38.551   475   650 D Ethernet: got request NetworkRequest [ REQUEST id=30, [ Capabilities: INTERNET&NOT_RESTRICTED&TRUSTED&NOT_VCN_MANAGED Uid: 10061 RequestorUid: 1000 RequestorPkg: android] ]
06-06 13:42:38.551   475   650 D EthernetNetworkFactory: acceptRequest, request: NetworkRequest [ REQUEST id=30, [ Capabilities: INTERNET&NOT_RESTRICTED&TRUSTED&NOT_VCN_MANAGED Uid: 10061 RequestorUid: 1000 RequestorPkg: android] ]
06-06 13:42:38.551   475   607 D WifiNetworkFactory: got request NetworkRequest [ REQUEST id=30, [ Capabilities: INTERNET&NOT_RESTRICTED&TRUSTED&NOT_VCN_MANAGED Uid: 10061 RequestorUid: 1000 RequestorPkg: android] ]
06-06 13:42:38.551   475   650 I EthernetNetworkFactory: networkForRequest, request: NetworkRequest [ REQUEST id=30, [ Capabilities: INTERNET&NOT_RESTRICTED&TRUSTED&NOT_VCN_MANAGED Uid: 10061 RequestorUid: 1000 RequestorPkg: android] ], network: null
06-06 13:42:38.551   475   607 D UntrustedWifiNetworkFactory: got request NetworkRequest [ REQUEST id=30, [ Capabilities: INTERNET&NOT_RESTRICTED&TRUSTED&NOT_VCN_MANAGED Uid: 10061 RequestorUid: 1000 RequestorPkg: android] ]
06-06 13:42:38.551   475   607 D OemPaidWifiNetworkFactory: got request NetworkRequest [ REQUEST id=30, [ Capabilities: INTERNET&NOT_RESTRICTED&TRUSTED&NOT_VCN_MANAGED Uid: 10061 RequestorUid: 1000 RequestorPkg: android] ]
06-06 13:42:38.563  2099  2099 V GraphicsEnvironment: ANGLE Developer option for 'com.sohu.inputmethod.sogou.tv' set to: 'default'
06-06 13:42:38.563  2099  2099 V GraphicsEnvironment: Neither updatable production driver nor prerelease driver is supported.
06-06 13:42:38.564   475  1349 I ActivityManager: com.android.shell is exempt from freezer
06-06 13:42:38.564   475  1349 D CompatibilityChangeReporter: Compat change id reported: 135634846; UID 2000; state: DISABLED
06-06 13:42:38.564   475  1349 D CompatibilityChangeReporter: Compat change id reported: 177438394; UID 2000; state: DISABLED
06-06 13:42:38.564   475  1349 D CompatibilityChangeReporter: Compat change id reported: 135772972; UID 2000; state: DISABLED
06-06 13:42:38.565   475  1349 D CompatibilityChangeReporter: Compat change id reported: 135754954; UID 2000; state: ENABLED
06-06 13:42:38.566  2099  2099 D NetworkSecurityConfig: Using Network Security Config from resource network_security_config debugBuild: false
06-06 13:42:38.568  2099  2099 D NetworkSecurityConfig: Using Network Security Config from resource network_security_config debugBuild: false
06-06 13:42:38.575  2099  2099 I MultiDex: VM with version 2.1.0 has multidex support
06-06 13:42:38.575  2099  2099 I MultiDex: Installing application
06-06 13:42:38.575  2099  2099 I MultiDex: VM has multidex support, MultiDex support library is disabled.
06-06 13:42:38.589  2088  2088 I RemoteProvisioningService: Starting provisioning job
06-06 13:42:38.593   243   243 D Zygote  : Forked child process 2129
06-06 13:42:38.594   475   539 I ActivityManager: app.processName = com.android.shell
06-06 13:42:38.594   475   539 I ActivityManager: Start proc 2129:com.android.shell/2000 for broadcast {com.android.shell/com.android.shell.HeapDumpReceiver}
06-06 13:42:38.603  2129  2129 I Zygote  : seccomp disabled by setenforce 0
01-01 08:00:29.950  1992  1992 W audit   : audit_lost=214 audit_rate_limit=5 audit_backlog_limit=64
01-01 08:00:29.950  1992  1992 E audit   : rate limit exceeded
06-06 13:42:38.628   396   407 I adbd    : jdwp connection from 2129
06-06 13:42:38.651   475  1349 D CompatibilityChangeReporter: Compat change id reported: 168419799; UID 2000; state: DISABLED
06-06 13:42:38.670  2129  2129 D CompatibilityChangeReporter: Compat change id reported: 171979766; UID 2000; state: ENABLED
06-06 13:42:38.696  2099  2099 E SogouIME: setupInputSurface
01-01 08:00:30.051   381   381 I         : DVI mode selected: packets not configured
01-01 08:00:30.051   381   381 I         : Error: set vsif failed
06-06 13:42:38.794  2129  2129 V GraphicsEnvironment: ANGLE Developer option for 'com.android.shell' set to: 'default'
06-06 13:42:38.795  2129  2129 V GraphicsEnvironment: Neither updatable production driver nor prerelease driver is supported.
06-06 13:42:38.795  1100  1226 E hq      : 当小贝:::message list add complete data.messageList:[] 
06-06 13:42:38.795  1100  1226 E hq      :  data.tabList=[]
06-06 13:42:38.795  1100  1226 I hq      : 当小贝:::showMessage from=requestGetMessageRemind
06-06 13:42:38.797  2129  2129 D NetworkSecurityConfig: No Network Security Config specified, using platform default
06-06 13:42:38.797  1100  1226 I hq      : 当小贝:::showMessage 没有消息需要显示
06-06 13:42:38.798  2129  2129 D NetworkSecurityConfig: No Network Security Config specified, using platform default
06-06 13:42:38.814  1100  1676 D AppManager: checkLocalAppsIsValid: success
06-06 13:42:38.816  2099  2099 I DefaultIMS: DefaultIMS::onCreate()
06-06 13:42:38.817  2099  2099 I DefaultIMS: DefaultIMS::onCreate() finish
06-06 13:42:38.824  2129  2129 D HeapDumpReceiver: onReceive(): Intent { act=android.intent.action.BOOT_COMPLETED flg=0x89000010 cmp=com.android.shell/.HeapDumpReceiver (has extras) }
06-06 13:42:38.837  2129  2158 D HeapDumpReceiver: Deleting from /data/user_de/0/com.android.shell/files/heapdumps
06-06 13:42:38.848   475  1349 D CompatibilityChangeReporter: Compat change id reported: 135634846; UID 10027; state: DISABLED
06-06 13:42:38.848   475  1349 D CompatibilityChangeReporter: Compat change id reported: 177438394; UID 10027; state: DISABLED
06-06 13:42:38.848   475  1349 D CompatibilityChangeReporter: Compat change id reported: 135772972; UID 10027; state: DISABLED
06-06 13:42:38.848   475  1349 D CompatibilityChangeReporter: Compat change id reported: 135754954; UID 10027; state: DISABLED
06-06 13:42:38.850   475   539 D CompatibilityChangeReporter: Compat change id reported: 143937733; UID 10027; state: DISABLED
06-06 13:42:38.878   243   243 D Zygote  : Forked child process 2160
06-06 13:42:38.879   475   539 I ActivityManager: app.processName = com.android.statementservice
06-06 13:42:38.879   475   539 I ActivityManager: Start proc 2160:com.android.statementservice/u0a27 for broadcast {com.android.statementservice/com.android.statementservice.domain.BootCompletedReceiver}
06-06 13:42:38.891  2160  2160 I Zygote  : seccomp disabled by setenforce 0
06-06 13:42:38.918   396   407 I adbd    : jdwp connection from 2160
06-06 13:42:38.927  1100  1100 E martin  : 组件:2025-06-06
06-06 13:42:38.928  1100  1100 E weatherWidget: dataChange:Fri Jun 06 13:42:38 GMT+08:00 2025
06-06 13:42:38.946   475   498 D CompatibilityChangeReporter: Compat change id reported: 168419799; UID 10027; state: DISABLED
06-06 13:42:38.964   475  1349 W ActivityTaskManager: Current config: {1.0 ?mcc?mnc [zh_CN] ldltr sw720dp w1280dp h696dp 240dpi xlrg long land television -touch qwerty/v/v dpad/v winConfig={ mBounds=Rect(0, 0 - 1920, 1080) mAppBounds=Rect(0, 0 - 1920, 1080) mMaxBounds=Rect(0, 0 - 1920, 1080) mWindowingMode=fullscreen mDisplayWindowingMode=fullscreen mActivityType=undefined mAlwaysOnTop=undefined mRotation=ROTATION_0} s.6 fontWeightAdjustment=0} unchanged for IME proc com.sohu.inputmethod.sogou.tv
06-06 13:42:38.964   475  1349 W ActivityTaskManager: Current config: {1.0 ?mcc?mnc [zh_CN] ldltr sw720dp w1280dp h696dp 240dpi xlrg long land television -touch qwerty/v/v dpad/v winConfig={ mBounds=Rect(0, 0 - 1920, 1080) mAppBounds=Rect(0, 0 - 1920, 1080) mMaxBounds=Rect(0, 0 - 1920, 1080) mWindowingMode=fullscreen mDisplayWindowingMode=fullscreen mActivityType=undefined mAlwaysOnTop=undefined mRotation=ROTATION_0} s.6 fontWeightAdjustment=0} unchanged for IME proc com.sohu.inputmethod.sogou.tv
06-06 13:42:38.986   475   498 W ActivityManager: Slow operation: 52ms so far, now at attachApplicationLocked: after mServices.attachApplicationLocked
06-06 13:42:38.998   475   498 W ActivityManager: Slow operation: 65ms so far, now at attachApplicationLocked: after sendPendingBroadcastsLocked
06-06 13:42:39.004  2160  2160 D CompatibilityChangeReporter: Compat change id reported: 171979766; UID 10027; state: DISABLED
06-06 13:42:39.028  2099  2099 I DefaultIMS: onInitializeInterface: 
06-06 13:42:39.033  2160  2160 D ApplicationLoaders: Returning zygote-cached class loader: /system/framework/android.test.base.jar
06-06 13:42:39.036  1992  1992 I rainbow_flow: type=1400 audit(0.0:645): avc: denied { ioctl } for path="/dev/spidev1.0" dev="tmpfs" ino=5830 ioctlcmd=0x6b00 scontext=u:r:init:s0 tcontext=u:object_r:device:s0 tclass=chr_file permissive=1
06-06 13:42:39.052  2160  2160 I tatementservice: type=1400 audit(0.0:646): avc: denied { getattr } for path="/data/user/0/com.android.statementservice" dev="mmcblk0p25" ino=880 scontext=u:r:platform_app:s0:c512,c768 tcontext=u:object_r:app_data_file:s0:c512,c768 tclass=dir permissive=1 app=com.android.statementservice
06-06 13:42:39.132  2160  2160 I tatementservice: type=1400 audit(0.0:647): avc: denied { search } for name="com.android.statementservice" dev="mmcblk0p25" ino=880 scontext=u:r:platform_app:s0:c512,c768 tcontext=u:object_r:app_data_file:s0:c512,c768 tclass=dir permissive=1 app=com.android.statementservice
06-06 13:42:39.138  2099  2099 I InputModelManager: mLanguageId+0 mInputType=0mChInputType=2
06-06 13:42:39.145  2099  2099 I nw      : loadKeyData: loadLanguageInfoSuccess ? true
06-06 13:42:39.146  2099  2099 I InputModelManager: getCurrentLanguageBean inputMode languageId:0
06-06 13:42:39.147  2099  2099 I nw      : onChanged: languageResStatusBean=Language load status:
06-06 13:42:39.147  2099  2099 I nw      : 	{}
06-06 13:42:39.149  2160  2160 V GraphicsEnvironment: ANGLE Developer option for 'com.android.statementservice' set to: 'default'
06-06 13:42:39.149  2160  2160 V GraphicsEnvironment: Neither updatable production driver nor prerelease driver is supported.
06-06 13:42:39.152  2160  2160 D NetworkSecurityConfig: No Network Security Config specified, using platform default
06-06 13:42:39.152  2160  2160 D NetworkSecurityConfig: No Network Security Config specified, using platform default
06-06 13:42:39.152   263   263 I EventThread: type=1400 audit(0.0:648): avc: denied { search } for name="extcon" dev="sysfs" ino=18109 scontext=u:r:hal_tv_cec_default:s0 tcontext=u:object_r:sysfs_extcon:s0 tclass=dir permissive=1
06-06 13:42:39.183  2099  2099 I InputModelManager: getCurrentLanguageBean inputMode languageId:0
06-06 13:42:39.206  2099  2099 I LanguageResManager: prepareResource onSuccess: 
06-06 13:42:39.208  2099  2187 I LanguageResManager: prepareResource onSuccess: 
06-06 13:42:39.223  2099  2099 D InputSurface: initView: 
06-06 13:42:39.224  2099  2099 I MainPresenter: initView: 
06-06 13:42:39.229  2099  2099 D MainLayer: initView: 
06-06 13:42:39.235  2099  2099 D BodyAreaPresenter: initView: 
06-06 13:42:39.236  1100  2190 D ProfileInstaller: Skipping profile installation for com.dangbei.leard.leradlauncher
06-06 13:42:39.264  2160  2160 I pool-2-thread-1: type=1400 audit(0.0:649): avc: denied { open } for path="/data/user/0/com.android.statementservice/no_backup/androidx.work.workdb" dev="mmcblk0p25" ino=2144 scontext=u:r:platform_app:s0:c512,c768 tcontext=u:object_r:app_data_file:s0:c512,c768 tclass=file permissive=1 app=com.android.statementservice
06-06 13:42:39.344  2160  2191 D CompatibilityChangeReporter: Compat change id reported: 160794467; UID 10027; state: DISABLED
06-06 13:42:39.350   475  1350 D CompatibilityChangeReporter: Compat change id reported: 171306433; UID 10027; state: DISABLED
06-06 13:42:39.356  2099  2099 I DefaultIMS: DefaultIMS::onInitializeInterface() finish
06-06 13:42:39.359   475   519 W IorapForwardingService: No service published for: iorapd
06-06 13:42:39.359  2099  2099 D CompatibilityChangeReporter: Compat change id reported: 160794467; UID 10048; state: DISABLED
06-06 13:42:39.366  2099  2099 I DefaultIMS: onStartInput attribute=android.view.inputmethod.EditorInfo@9a4f52e restarting=false   inputType: 0
06-06 13:42:39.380   475   749 D ConnectivityService: requestNetwork for uid/pid:1000/475 asUid: 10027 activeRequest: null callbackRequest: 31 [NetworkRequest [ REQUEST id=32, [ Capabilities: INTERNET&NOT_RESTRICTED&TRUSTED&NOT_VCN_MANAGED Uid: 10027 RequestorUid: 1000 RequestorPkg: android] ]] callback flags: 0 priority: 2147483647
06-06 13:42:39.380  2099  2099 I SendAliveManager: doWhenNetworkStateChanged
06-06 13:42:39.381   475   614 D ConnectivityService: NetReassign [32 : null → 100]
06-06 13:42:39.381  2099  2099 I nw      : onChanged: languageResStatusBean=Language load status:
06-06 13:42:39.381  2099  2099 I nw      : 	{zh=3}
06-06 13:42:39.381  2099  2099 I DefaultIMS: initializedCallback: time tag1=1749188559381
06-06 13:42:39.382  2099  2099 I nw      : initializeInputSession: inputMode=languageID=0
06-06 13:42:39.382  2099  2099 I nw      : scriptID=2
06-06 13:42:39.382  2099  2099 I nw      : layoutID=2
06-06 13:42:39.382  2099  2099 I KeyEventTransfer: languageID=0
06-06 13:42:39.382  2099  2099 I KeyEventTransfer: scriptID=2
06-06 13:42:39.382  2099  2099 I KeyEventTransfer: layoutID=2
06-06 13:42:39.383   475   607 D WifiNetworkFactory: got request NetworkRequest [ REQUEST id=32, [ Capabilities: INTERNET&NOT_RESTRICTED&TRUSTED&NOT_VCN_MANAGED Uid: 10027 RequestorUid: 1000 RequestorPkg: android] ]
06-06 13:42:39.383   475   607 D UntrustedWifiNetworkFactory: got request NetworkRequest [ REQUEST id=32, [ Capabilities: INTERNET&NOT_RESTRICTED&TRUSTED&NOT_VCN_MANAGED Uid: 10027 RequestorUid: 1000 RequestorPkg: android] ]
06-06 13:42:39.383   475   607 D OemPaidWifiNetworkFactory: got request NetworkRequest [ REQUEST id=32, [ Capabilities: INTERNET&NOT_RESTRICTED&TRUSTED&NOT_VCN_MANAGED Uid: 10027 RequestorUid: 1000 RequestorPkg: android] ]
06-06 13:42:39.386   475   650 D Ethernet: got request NetworkRequest [ REQUEST id=32, [ Capabilities: INTERNET&NOT_RESTRICTED&TRUSTED&NOT_VCN_MANAGED Uid: 10027 RequestorUid: 1000 RequestorPkg: android] ]
06-06 13:42:39.386   475   650 D EthernetNetworkFactory: acceptRequest, request: NetworkRequest [ REQUEST id=32, [ Capabilities: INTERNET&NOT_RESTRICTED&TRUSTED&NOT_VCN_MANAGED Uid: 10027 RequestorUid: 1000 RequestorPkg: android] ]
06-06 13:42:39.386   475   650 I EthernetNetworkFactory: networkForRequest, request: NetworkRequest [ REQUEST id=32, [ Capabilities: INTERNET&NOT_RESTRICTED&TRUSTED&NOT_VCN_MANAGED Uid: 10027 RequestorUid: 1000 RequestorPkg: android] ], network: null
06-06 13:42:39.401   475   499 D CompatibilityChangeReporter: Compat change id reported: 135634846; UID 10057; state: DISABLED
06-06 13:42:39.402   475   499 D CompatibilityChangeReporter: Compat change id reported: 177438394; UID 10057; state: DISABLED
06-06 13:42:39.403   475   499 D CompatibilityChangeReporter: Compat change id reported: 135772972; UID 10057; state: DISABLED
06-06 13:42:39.406   475   499 D CompatibilityChangeReporter: Compat change id reported: 135754954; UID 10057; state: DISABLED
06-06 13:42:39.407   475   539 D CompatibilityChangeReporter: Compat change id reported: 143937733; UID 10057; state: DISABLED
06-06 13:42:39.441   243   243 D Zygote  : Forked child process 2199
06-06 13:42:39.444   475   539 I ActivityManager: app.processName = com.android.tv
06-06 13:42:39.444   475   539 I ActivityManager: Start proc 2199:com.android.tv/u0a57 for broadcast {com.android.tv/com.android.tv.receiver.BootCompletedReceiver}
06-06 13:42:39.452  2199  2199 I Zygote  : seccomp disabled by setenforce 0
06-06 13:42:39.486   396   407 I adbd    : jdwp connection from 2199
06-06 13:42:39.492   475   499 D CompatibilityChangeReporter: Compat change id reported: 149924527; UID 10048; state: ENABLED
06-06 13:42:39.499   475   499 D CompatibilityChangeReporter: Compat change id reported: 132649864; UID 10048; state: DISABLED
06-06 13:42:39.534   475   498 D CompatibilityChangeReporter: Compat change id reported: 168419799; UID 10057; state: DISABLED
06-06 13:42:39.564  2199  2199 D CompatibilityChangeReporter: Compat change id reported: 171979766; UID 10057; state: DISABLED
06-06 13:42:39.587  2199  2199 D ApplicationLoaders: Returning zygote-cached class loader: /system/framework/android.test.base.jar
06-06 13:42:39.598   475   749 D ConnectivityService: requestNetwork for uid/pid:10027/2160 activeRequest: null callbackRequest: 33 [NetworkRequest [ REQUEST id=34, [ Capabilities: INTERNET&NOT_RESTRICTED&TRUSTED&NOT_VCN_MANAGED Uid: 10027 RequestorUid: 10027 RequestorPkg: com.android.statementservice] ]] callback flags: 0 priority: 2147483647
06-06 13:42:39.599   475   614 D ConnectivityService: NetReassign [34 : null → 100]
06-06 13:42:39.605   475   650 D Ethernet: got request NetworkRequest [ REQUEST id=34, [ Capabilities: INTERNET&NOT_RESTRICTED&TRUSTED&NOT_VCN_MANAGED Uid: 10027 RequestorUid: 10027 RequestorPkg: com.android.statementservice] ]
06-06 13:42:39.605   475   650 D EthernetNetworkFactory: acceptRequest, request: NetworkRequest [ REQUEST id=34, [ Capabilities: INTERNET&NOT_RESTRICTED&TRUSTED&NOT_VCN_MANAGED Uid: 10027 RequestorUid: 10027 RequestorPkg: com.android.statementservice] ]
06-06 13:42:39.605   475   650 I EthernetNetworkFactory: networkForRequest, request: NetworkRequest [ REQUEST id=34, [ Capabilities: INTERNET&NOT_RESTRICTED&TRUSTED&NOT_VCN_MANAGED Uid: 10027 RequestorUid: 10027 RequestorPkg: com.android.statementservice] ], network: null
06-06 13:42:39.610   475   607 D WifiNetworkFactory: got request NetworkRequest [ REQUEST id=34, [ Capabilities: INTERNET&NOT_RESTRICTED&TRUSTED&NOT_VCN_MANAGED Uid: 10027 RequestorUid: 10027 RequestorPkg: com.android.statementservice] ]
06-06 13:42:39.610   475   607 D UntrustedWifiNetworkFactory: got request NetworkRequest [ REQUEST id=34, [ Capabilities: INTERNET&NOT_RESTRICTED&TRUSTED&NOT_VCN_MANAGED Uid: 10027 RequestorUid: 10027 RequestorPkg: com.android.statementservice] ]
06-06 13:42:39.611   475   607 D OemPaidWifiNetworkFactory: got request NetworkRequest [ REQUEST id=34, [ Capabilities: INTERNET&NOT_RESTRICTED&TRUSTED&NOT_VCN_MANAGED Uid: 10027 RequestorUid: 10027 RequestorPkg: com.android.statementservice] ]
01-01 08:00:30.957  2196  2196 W audit   : audit_lost=222 audit_rate_limit=5 audit_backlog_limit=64
01-01 08:00:30.957  2196  2196 E audit   : rate limit exceeded
06-06 13:42:39.679  2199  2199 D nativeloader: classloader namespace configured for unbundled product apk. library_path=/product/priv-app/LiveTv/lib/arm:/product/lib:/system/product/lib
06-06 13:42:39.681  1043  1159 W MediaProvider: getVolumePath for unknown volume: internal
06-06 13:42:39.646  1257  1534 I efs.config: No update is required, less than 8h since the last update
06-06 13:42:39.697  1043  1159 W MediaProvider: getVolumePath for unknown volume: internal
06-06 13:42:39.703  1043  1159 W MediaProvider: getVolumePath for unknown volume: internal
06-06 13:42:39.737  2160  2197 I WM-WorkerWrapper: Worker result SUCCESS for Work [ id=eebbfdd8-372c-4323-bfb9-3e73937693fa, tags={ com.android.statementservice.domain.worker.RetryRequestWorker } ]
06-06 13:42:39.770  1043  1159 W MediaProvider: getVolumePath for unknown volume: internal
06-06 13:42:39.774  1043  1159 W MediaProvider: getVolumePath for unknown volume: internal
06-06 13:42:39.818  2199  2199 V GraphicsEnvironment: ANGLE Developer option for 'com.android.tv' set to: 'default'
06-06 13:42:39.818  2199  2199 V GraphicsEnvironment: Neither updatable production driver nor prerelease driver is supported.
06-06 13:42:39.838  2199  2199 D NetworkSecurityConfig: No Network Security Config specified, using platform default
06-06 13:42:39.847  2199  2199 D NetworkSecurityConfig: No Network Security Config specified, using platform default
06-06 13:42:39.969  1043  1424 I MediaProvider: Scanned internal due to REASON_MOUNTED, found 230 items in 4532ms, 0 inserts 7 updates 0 deletes
06-06 13:42:40.007  1100  1110 I d.leradlaunche: Background concurrent copying GC freed 164238(20MB) AllocSpace objects, 30(3052KB) LOS objects, 49% free, 13MB/26MB, paused 2.246ms total 2.035s
06-06 13:42:40.014  2199  2199 W UnsafeUtil: platform method missing - proto runtime falling back to safer methods: java.lang.NoSuchMethodException: sun.misc.Unsafe.copyMemory [class java.lang.Object, long, class java.lang.Object, long, long]
06-06 13:42:40.124  2099  2099 I chromium: [0606/134240:INFO:config_service.cc(227)] Load config buffer. err_code = 3, err_msg = Line: 1, column: 1, Unexpected token.
06-06 13:42:40.201   475   749 D CompatibilityChangeReporter: Compat change id reported: 135634846; UID 10057; state: DISABLED
06-06 13:42:40.202   475   749 D CompatibilityChangeReporter: Compat change id reported: 177438394; UID 10057; state: DISABLED
06-06 13:42:40.202   475   749 D CompatibilityChangeReporter: Compat change id reported: 135772972; UID 10057; state: DISABLED
06-06 13:42:40.202   475   749 D CompatibilityChangeReporter: Compat change id reported: 135754954; UID 10057; state: DISABLED
06-06 13:42:40.205   475   539 D CompatibilityChangeReporter: Compat change id reported: 143937733; UID 10057; state: DISABLED
06-06 13:42:40.214  2199  2199 I TvApplication: Starting TV app 1.24-asop
06-06 13:42:40.216  2199  2199 I TvApplication: Started TV app 1.24-asop
06-06 13:42:40.234   243   243 D Zygote  : Forked child process 2237
06-06 13:42:40.236   475   539 I ActivityManager: app.processName = com.android.tv.common
06-06 13:42:40.236   475   539 I ActivityManager: Start proc 2237:com.android.tv.common/u0a57 for content provider {com.android.tv/com.android.tv.common.CommonPreferenceProvider}
06-06 13:42:40.247  2237  2237 I Zygote  : seccomp disabled by setenforce 0
06-06 13:42:40.260  1992  1992 I rainbow_flow: type=1400 audit(0.0:661): avc: denied { ioctl } for path="/dev/spidev1.0" dev="tmpfs" ino=5830 ioctlcmd=0x6b00 scontext=u:r:init:s0 tcontext=u:object_r:device:s0 tclass=chr_file permissive=1
06-06 13:42:40.273   475  1349 I ActivityManager: Background started FGS: Allowed [callingPackage: com.android.tv; callingUid: 10057; uidState: RCVR; intent: Intent { cmp=com.android.tv/.dvr.recorder.DvrRecordingService (has extras) }; code:BACKGROUND_ACTIVITY_PERMISSION; tempAllowListReason:<null>; targetSdkVersion:29; callerTargetSdkVersion:29; startForegroundCount:0; bindFromPackage:null]
06-06 13:42:40.314  2099  2099 I CHInputSession: set engine mode: 2 layout: 2
06-06 13:42:40.320   396   407 I adbd    : jdwp connection from 2237
06-06 13:42:40.356  1257  1257 I ModuleDataForwa: type=1400 audit(0.0:662): avc: denied { remove_name } for name="TD_IP_CACHE.xml" dev="mmcblk0p25" ino=54763 scontext=u:r:platform_app:s0:c512,c768 tcontext=u:object_r:app_data_file:s0:c512,c768 tclass=dir permissive=1 app=com.dangbei.screencast
06-06 13:42:40.362   475   519 W IorapForwardingService: No service published for: iorapd
06-06 13:42:40.364  1257  1257 I ModuleDataForwa: type=1400 audit(0.0:663): avc: denied { rename } for name="TD_IP_CACHE.xml" dev="mmcblk0p25" ino=54763 scontext=u:r:platform_app:s0:c512,c768 tcontext=u:object_r:app_data_file:s0:c512,c768 tclass=file permissive=1 app=com.dangbei.screencast
06-06 13:42:40.374  2099  2099 D CHJNIDefault: setInputMode value=-1
06-06 13:42:40.375   475   538 I ActivityManager: Deferring FGS notification in legacy app com.android.tv/u0a57 : Notification(channel=dvr_notification_channel shortcut=null contentView=null vibrate=null sound=null defaults=0x0 flags=0x40 color=0x00000000 vis=PRIVATE)
06-06 13:42:40.376  2099  2099 I InputContext: onChanged: candidateWords=[]
06-06 13:42:40.376  2099  2099 I InputContext: onChanged: candidateWordInfo.size=0 	 global offset: 0pausedCandidateData = false
06-06 13:42:40.378  2099  2099 I InputContext: onChanged: composing=null
06-06 13:42:40.378  2099  2099 I InputContext: onChanged: forCompose=false
06-06 13:42:40.396  1257  1257 I ModuleDataForwa: type=1400 audit(0.0:664): avc: denied { setattr } for name="TD_IP_CACHE.xml" dev="mmcblk0p25" ino=55083 scontext=u:r:platform_app:s0:c512,c768 tcontext=u:object_r:app_data_file:s0:c512,c768 tclass=file permissive=1 app=com.dangbei.screencast
06-06 13:42:40.400  1257  1257 I ModuleDataForwa: type=1400 audit(0.0:665): avc: denied { unlink } for name="TD_IP_CACHE.xml.bak" dev="mmcblk0p25" ino=54763 scontext=u:r:platform_app:s0:c512,c768 tcontext=u:object_r:app_data_file:s0:c512,c768 tclass=file permissive=1 app=com.dangbei.screencast
06-06 13:42:40.436  2099  2099 I nw      : onChanged: input mode:languageID=0
06-06 13:42:40.436  2099  2099 I nw      : scriptID=2
06-06 13:42:40.436  2099  2099 I nw      : layoutID=2
06-06 13:42:40.483   475  1349 D CompatibilityChangeReporter: Compat change id reported: 168419799; UID 1000; state: DISABLED
06-06 13:42:40.494   835   835 W ContextImpl: Calling a method in the system process without a qualified user: android.app.ContextImpl.startService:1816 android.content.ContextWrapper.startService:774 android.content.ContextWrapper.startService:774 com.android.tv.settings.help.BootBroadcastReceiver.onReceive:18 android.app.ActivityThread.handleReceiver:4308 
06-06 13:42:40.496   475  1349 W ActivityManager: Unable to start service Intent { cmp=com.android.tv.settings/.app_lock.MainService } U=0: not found
06-06 13:42:40.498   835   835 V BootBroadcastReceiver: autorun
06-06 13:42:40.524   475   499 I ActivityManager: com.dangbei.zhushou.os is exempt from freezer
06-06 13:42:40.525  2237  2237 D CompatibilityChangeReporter: Compat change id reported: 171979766; UID 10057; state: DISABLED
06-06 13:42:40.525   475   499 D CompatibilityChangeReporter: Compat change id reported: 135634846; UID 1000; state: DISABLED
06-06 13:42:40.535  2237  2237 D ApplicationLoaders: Returning zygote-cached class loader: /system/framework/android.test.base.jar
06-06 13:42:40.545  2237  2237 D nativeloader: classloader namespace configured for unbundled product apk. library_path=/product/priv-app/LiveTv/lib/arm:/product/lib:/system/product/lib
06-06 13:42:40.555   243   243 D Zygote  : Forked child process 2264
06-06 13:42:40.557   475   539 I ActivityManager: app.processName = com.dangbei.zhushou.os
06-06 13:42:40.557   475   539 I ActivityManager: Start proc 2264:com.dangbei.zhushou.os/1000 for broadcast {com.dangbei.zhushou.os/com.dangbei.projector.assistant.receiver.BootReceiver}
06-06 13:42:40.566  2264  2264 I Zygote  : seccomp disabled by setenforce 0
06-06 13:42:40.578  2237  2237 V GraphicsEnvironment: ANGLE Developer option for 'com.android.tv' set to: 'default'
06-06 13:42:40.578  2237  2237 V GraphicsEnvironment: Neither updatable production driver nor prerelease driver is supported.
06-06 13:42:40.581  2237  2237 D NetworkSecurityConfig: No Network Security Config specified, using platform default
06-06 13:42:40.582  2237  2237 D NetworkSecurityConfig: No Network Security Config specified, using platform default
06-06 13:42:40.602  2237  2237 W UnsafeUtil: platform method missing - proto runtime falling back to safer methods: java.lang.NoSuchMethodException: sun.misc.Unsafe.copyMemory [class java.lang.Object, long, class java.lang.Object, long, long]
06-06 13:42:40.615   396   407 I adbd    : jdwp connection from 2264
06-06 13:42:40.653  1100  1100 E hq      : CrashHandler:::图片加载异常 message=Failed to load resource 
06-06 13:42:40.653  1100  1100 E hq      :  model=  
06-06 13:42:40.653  1100  1100 E hq      :  target=Target for: com.dangbei.palaemon.layout.DBImageView{315880c V.ED..... ........ 0,0-410,580}
06-06 13:42:40.657   263   277 D hdmi-cec: receive invalid cec message!
06-06 13:42:40.658   263   277 D hdmi-cec: receive poll message [04], skip!
01-01 08:00:32.000   277   277 W audit   : audit_lost=227 audit_rate_limit=5 audit_backlog_limit=64
01-01 08:00:32.000   277   277 E audit   : rate limit exceeded
06-06 13:42:40.739  2264  2264 D CompatibilityChangeReporter: Compat change id reported: 171979766; UID 1000; state: DISABLED
06-06 13:42:40.754  2237  2237 I TvApplication: Starting TV app 1.24-asop
06-06 13:42:40.754  2264  2264 D ApplicationLoaders: Returning zygote-cached class loader: /system/framework/android.test.base.jar
06-06 13:42:40.754  2264  2264 D ApplicationLoaders: Returning zygote-cached class loader: /system/framework/android.hidl.manager-V1.0-java.jar
06-06 13:42:40.754  2264  2264 D ApplicationLoaders: Returning zygote-cached class loader: /system/framework/android.hidl.base-V1.0-java.jar
06-06 13:42:40.755  2237  2237 I TvApplication: Started TV app 1.24-asop
06-06 13:42:40.773  1100  1226 E hq      : ErrorCoroutineExceptionHandler:::runTry error:com.dangbei.leard.base.proider.error.EmptyApiException: 数据为空  from=requestMessageDialog  from=requestMessageDialog
06-06 13:42:40.871  2264  2264 V GraphicsEnvironment: ANGLE Developer option for 'com.dangbei.zhushou.os' set to: 'default'
06-06 13:42:40.871  2264  2264 V GraphicsEnvironment: Neither updatable production driver nor prerelease driver is supported.
06-06 13:42:40.873  2264  2264 D NetworkSecurityConfig: No Network Security Config specified, using platform default
06-06 13:42:40.874  2264  2264 D NetworkSecurityConfig: No Network Security Config specified, using platform default
06-06 13:42:40.877  2264  2264 I MultiDex: VM with version 2.1.0 has multidex support
06-06 13:42:40.877  2264  2264 I MultiDex: Installing application
06-06 13:42:40.877  2264  2264 I MultiDex: VM has multidex support, MultiDex support library is disabled.
06-06 13:42:40.906  1043  1424 I MediaProvider: Scanned external_primary due to REASON_MOUNTED, found 48 items in 900ms, 0 inserts 6 updates 0 deletes
06-06 13:42:40.915  1043  1424 I MediaProvider: End Intent { act=com.android.providers.media.action.SCAN_VOLUME (has extras) }
06-06 13:42:40.996  2264  2264 I b       : -----------> Auto switch user, userId: -3377459
06-06 13:42:40.996  2264  2264 I b       : -----------> doSwitchUserInternal, userId: -3377459
06-06 13:42:41.000  2264  2264 D yl      : com.wangjie.rapidorm.c.b.a-------------------the tables are {class com.dangbei.setting.provider.dal.db.model.UserPreference=com.dangbei.setting.provider.dal.db.model.b@830130b, class com.dangbei.setting.provider.dal.db.model.User=com.dangbei.setting.provider.dal.db.model.c@7c7a5e8}
06-06 13:42:41.127  2264  2264 D CompatibilityChangeReporter: Compat change id reported: 147600208; UID 1000; state: DISABLED
06-06 13:42:41.223  2264  2264 I TDLog   :  setReportUncaughtExceptions: true
06-06 13:42:41.263  2264  2324 I TDLog   : TalkingData App Analytics SDK init...
06-06 13:42:41.263  2264  2324 I TDLog   : 	SDK_VERSION is: Android+TD+V4.0.22 gp Type:Native  Build_Num:712
06-06 13:42:41.263  2264  2324 I TDLog   : 	App ID is: 219DEBE67C3B47D799EED1190DEACA09
06-06 13:42:41.263  2264  2324 I TDLog   : 	App Channel is: statisticSDK
06-06 13:42:41.263  2264  2324 I TDLog   : 	SDK_OVC is: TDOVC+a004ba0d7e569531a3ac013fd19b4443+SaaS
06-06 13:42:41.264  2264  2264 I ThreadPoolUtils: type=1400 audit(0.0:672): avc: denied { getattr } for path="/metadata" dev="mmcblk0p19" ino=2 scontext=u:r:system_app:s0 tcontext=u:object_r:metadata_file:s0 tclass=dir permissive=1
06-06 13:42:41.264  2264  2264 I ThreadPoolUtils: type=1400 audit(0.0:673): avc: denied { read } for name="/" dev="mmcblk0p19" ino=2 scontext=u:r:system_app:s0 tcontext=u:object_r:metadata_file:s0 tclass=dir permissive=1
06-06 13:42:41.268  2264  2264 I ThreadPoolUtils: type=1400 audit(0.0:674): avc: denied { open } for path="/metadata" dev="mmcblk0p19" ino=2 scontext=u:r:system_app:s0 tcontext=u:object_r:metadata_file:s0 tclass=dir permissive=1
06-06 13:42:41.268  2264  2264 I ThreadPoolUtils: type=1400 audit(0.0:675): avc: denied { search } for name="/" dev="mmcblk0p19" ino=2 scontext=u:r:system_app:s0 tcontext=u:object_r:metadata_file:s0 tclass=dir permissive=1
06-06 13:42:41.276  2264  2264 I ThreadPoolUtils: type=1400 audit(0.0:676): avc: denied { getattr } for path="/metadata/apex" dev="mmcblk0p19" ino=19 scontext=u:r:system_app:s0 tcontext=u:object_r:apex_metadata_file:s0 tclass=dir permissive=1
01-01 08:00:32.614   381   381 W hdr10p_Configure: 41 callbacks suppressed
01-01 08:00:32.614   381   381 I         : DVI mode selected: packets not configured
01-01 08:00:32.614   381   381 W set_vsif_config: 41 callbacks suppressed
01-01 08:00:32.614   381   381 I         : Error: set vsif failed
06-06 13:42:41.297   475  1349 D CompatibilityChangeReporter: Compat change id reported: 135634846; UID 10037; state: DISABLED
06-06 13:42:41.298   475  1349 D CompatibilityChangeReporter: Compat change id reported: 177438394; UID 10037; state: DISABLED
06-06 13:42:41.298   475  1349 D CompatibilityChangeReporter: Compat change id reported: 135772972; UID 10037; state: DISABLED
06-06 13:42:41.298   475  1349 D CompatibilityChangeReporter: Compat change id reported: 135754954; UID 10037; state: ENABLED
01-01 08:00:32.641   381   381 I         : DVI mode selected: packets not configured
01-01 08:00:32.641   381   381 I         : Error: set vsif failed
06-06 13:42:41.305   475   539 D CompatibilityChangeReporter: Compat change id reported: 143937733; UID 10037; state: ENABLED
06-06 13:42:41.334   243   243 D Zygote  : Forked child process 2351
06-06 13:42:41.336   475   539 I ActivityManager: app.processName = com.softwinner.timerswitch
06-06 13:42:41.336   475   539 I ActivityManager: Start proc 2351:com.softwinner.timerswitch/u0a37 for broadcast {com.softwinner.timerswitch/com.softwinner.timerswitch.AlarmReceiver}
01-01 08:00:32.691   381   381 I         : DVI mode selected: packets not configured
01-01 08:00:32.691   381   381 I         : Error: set vsif failed
06-06 13:42:41.355  2351  2351 I Zygote  : seccomp disabled by setenforce 0
06-06 13:42:41.378   396   407 I adbd    : jdwp connection from 2351
06-06 13:42:41.386   475   519 W IorapForwardingService: No service published for: iorapd
06-06 13:42:41.395   657   657 E WifiHAL : wifi_get_link_stats: requestResponse Error:-5
06-06 13:42:41.396   475   607 E WifiVendorHal: getWifiLinkLayerStats_1_5_Internal(l.1191) failed {.code = ERROR_INVALID_ARGS, .description = }
06-06 13:42:41.436   475  1349 D CompatibilityChangeReporter: Compat change id reported: 168419799; UID 10037; state: DISABLED
06-06 13:42:41.437  2264  2324 V NFC     : this device does not have NFC support
01-01 08:00:32.801   381   381 I         : DVI mode selected: packets not configured
01-01 08:00:32.801   381   381 I         : Error: set vsif failed
06-06 13:42:41.462  2351  2351 D CompatibilityChangeReporter: Compat change id reported: 171979766; UID 10037; state: ENABLED
06-06 13:42:41.543   475   752 D SntpClient: request time failed: java.net.SocketTimeoutException: Poll timed out
01-01 08:00:32.944   381   381 I         : DVI mode selected: packets not configured
01-01 08:00:32.944   381   381 I         : Error: set vsif failed
06-06 13:42:41.640  2351  2351 V GraphicsEnvironment: ANGLE Developer option for 'com.softwinner.timerswitch' set to: 'default'
06-06 13:42:41.641  2351  2351 V GraphicsEnvironment: Neither updatable production driver nor prerelease driver is supported.
06-06 13:42:41.651  2351  2351 D NetworkSecurityConfig: No Network Security Config specified, using platform default
06-06 13:42:41.652  2351  2351 D NetworkSecurityConfig: No Network Security Config specified, using platform default
01-01 08:00:33.009   277   277 W audit   : audit_lost=418 audit_rate_limit=5 audit_backlog_limit=64
01-01 08:00:33.009   277   277 E audit   : rate limit exceeded
06-06 13:42:41.715  2351  2351 D TAG_AlarmReceiver: receive  broadcast, curTime : 2025-06-06 13:42:41
06-06 13:42:41.715  2351  2351 D TAG_AlarmReceiver: ********receive system bootUp broadcast*********
06-06 13:42:41.746  2264  2314 I CameraManagerGlobal: Connecting to camera service
01-01 08:00:33.145   381   381 I         : DVI mode selected: packets not configured
01-01 08:00:33.146   381   381 I         : Error: set vsif failed
06-06 13:42:41.838   475  1349 I ActivityManager: Finished processing BOOT_COMPLETED for u0
06-06 13:42:41.839   475  1349 W BroadcastQueue: Background execution not allowed: receiving Intent { act=android.bluetooth.adapter.action.STATE_CHANGED flg=0x4000010 (has extras) } to com.dangbei.lerad.etna.haqu/com.dangbei.remotecontroller.RemoteControllerReceiver
06-06 13:42:41.842   475   538 W BroadcastQueue: Background execution not allowed: receiving Intent { act=android.bluetooth.adapter.action.STATE_CHANGED flg=0x4000010 (has extras) } to com.dangbei.lerad.etna.haqu/com.dangbei.remotecontroller.RemoteControllerReceiver
06-06 13:42:41.846  2264  2345 I UtilCommon: bluetoothMac=B4:2F:03:15:73:BD
06-06 13:42:41.846   475   538 D CompatibilityChangeReporter: Compat change id reported: 168419799; UID 10020; state: DISABLED
06-06 13:42:41.857   475  1349 I ActivityManager: Background started FGS: Allowed [callingPackage: com.dangbei.screencast; callingUid: 10020; uidState: RCVR; intent: Intent { act=com.dangbei.screencast.STARTUP pkg=com.dangbei.screencast }; code:SYSTEM_ALERT_WINDOW_PERMISSION; tempAllowListReason:<null>; targetSdkVersion:28; callerTargetSdkVersion:28; startForegroundCount:0; bindFromPackage:null]
06-06 13:42:41.869  2264  2345 D UtilLog : key=deviceid
06-06 13:42:41.871  2264  2345 D UtilLog : values=631f6b8b431381792c72f7fa124ae672
06-06 13:42:41.872  2264  2345 D UtilLog : DesValues=bdD03qmp6YPsZnE53X1I3QKquTv+p89jDQRKO08pmckhebcphDNmYw==
06-06 13:42:41.872  2264  2345 D UtilLog : 
06-06 13:42:41.872  2264  2345 D UtilLog : key=dev_uuid
06-06 13:42:41.872  2264  2345 D UtilLog : values=f8d2b870-021c-46ee-bd86-4a57f03d9897
06-06 13:42:41.872  2264  2345 D UtilLog : DesValues=BnZGtD1KS/RLVFlP5+96Vff2kzojZCxuLKgmD9Ox1v2WZI9TieOWqg==
06-06 13:42:41.872  2264  2345 D UtilLog : 
06-06 13:42:41.872  2264  2345 D UtilLog : key=channel
06-06 13:42:41.872  2264  2345 D UtilLog : values=DBOS_DBBOX-A2
06-06 13:42:41.872  2264  2345 D UtilLog : DesValues=U2rMDSNEX4hlxebfMfvE5w==
06-06 13:42:41.872  2264  2345 D UtilLog : 
06-06 13:42:41.872  2264  2345 D UtilLog : key=packagelist
06-06 13:42:41.873  2264  2345 D UtilLog : values=com.dangbei.lerad.rocky;com.dangbei.leard.leradlauncher;com.dangbei.zhushou.os
