06-06 13:42:24.835   475   475 D ConditionProviders.SCP: new ScheduleConditionProvider()
06-06 13:42:24.836   243   243 D ApplicationLoaders: Created zygote-cached class loader: /system/framework/android.hidl.base-V1.0-java.jar
06-06 13:42:24.841   243   243 D ApplicationLoaders: Created zygote-cached class loader: /system/framework/android.hidl.manager-V1.0-java.jar
06-06 13:42:24.845   243   243 D ApplicationLoaders: Created zygote-cached class loader: /system/framework/android.test.base.jar
06-06 13:42:24.845   243   243 I Zygote  : Preloading resources...
06-06 13:42:24.857   475   475 I NotificationAssistants: Read notification assistant permissions from xml
06-06 13:42:24.858   307   307 D XiriService: check file name: /data/data/com.oranth.powerwindow/lib
06-06 13:42:24.858   307   307 D XiriService: check file name: /data/data/com.oranth.powerwindow/lib
06-06 13:42:24.859   475   475 I ConditionProviders: Read condition provider permissions from xml
06-06 13:42:24.859   307   307 D XiriService: check file name: /data/data/com.oranth.powerwindow/lib
06-06 13:42:24.859   475   475 I ConditionProviders: Read condition provider permissions from xml
06-06 13:42:24.859   307   307 D XiriService: check file name: /data/data/com.oranth.powerwindow/lib
06-06 13:42:24.859   475   475 D NotificationAssistants: Approving default notification assistant for user 0
06-06 13:42:24.860   475   475 I ConditionProviders:  Allowing condition provider android.ext.services/android.ext.services.notification.Assistant (userSet: true)
06-06 13:42:24.862   243   243 W Resources: Preloaded drawable resource #0x1080286 (android:drawable/dialog_background_material) that varies with configuration!!
06-06 13:42:24.862   475   475 D CompatibilityChangeReporter: Compat change id reported: 147600208; UID 1000; state: ENABLED
06-06 13:42:24.864   475   475 D CompatibilityChangeReporter: Compat change id reported: 157233955; UID 1000; state: ENABLED
06-06 13:42:24.868   307   307 D XiriService: check file name: /data/data/com.oranth.powerwindow/lib
06-06 13:42:24.868   307   307 D XiriService: check file name: /data/data/com.oranth.powerwindow/lib
06-06 13:42:24.868   307   307 D XiriService: check file name: /data/data/com.oranth.powerwindow/lib
06-06 13:42:24.868   307   307 D XiriService: check file name: /data/data/com.oranth.powerwindow/lib
06-06 13:42:24.870   475   475 W SystemServiceManager: Service com.android.server.notification.NotificationManagerService took 52 ms in onStart
06-06 13:42:24.874   475   475 I SystemServerTiming: StartDeviceMonitor
06-06 13:42:24.874   475   475 I SystemServiceManager: Starting com.android.server.storage.DeviceStorageMonitorService
06-06 13:42:24.876   475   475 I SystemServerTiming: StartLocationManagerService
06-06 13:42:24.876   475   475 I SystemServiceManager: Starting com.android.server.location.LocationManagerService$Lifecycle
06-06 13:42:24.884   475   475 I SystemServerTiming: StartCountryDetectorService
06-06 13:42:24.885   475   475 I SystemServerTiming: StartTimeDetectorService
06-06 13:42:24.885   475   475 I SystemServiceManager: Starting com.android.server.timedetector.TimeDetectorService$Lifecycle
06-06 13:42:24.887   307   307 D XiriService: check file name: /data/data/com.android.networkstack.permissionconfig/lib
06-06 13:42:24.887   307   307 D XiriService: check file name: /data/data/com.android.networkstack.permissionconfig/lib
06-06 13:42:24.888   307   307 D XiriService: check file name: /data/data/com.android.networkstack.permissionconfig/lib
06-06 13:42:24.888   307   307 D XiriService: check file name: /data/data/com.android.networkstack.permissionconfig/lib
06-06 13:42:24.888   475   475 I SystemServerTiming: StartTimeZoneDetectorService
06-06 13:42:24.888   475   475 I SystemServiceManager: Starting com.android.server.timezonedetector.TimeZoneDetectorService$Lifecycle
06-06 13:42:24.892   475   475 I SystemServerTiming: StartLocationTimeZoneManagerService
06-06 13:42:24.892   475   475 I SystemServiceManager: Starting com.android.server.timezonedetector.location.LocationTimeZoneManagerService$Lifecycle
06-06 13:42:24.893   475   475 I SystemServerTiming: StartSearchManagerService
06-06 13:42:24.893   475   475 I SystemServiceManager: Starting com.android.server.search.SearchManagerService$Lifecycle
06-06 13:42:24.895   475   475 I SystemServerTiming: StartWallpaperManagerService
06-06 13:42:24.896   475   475 I SystemServiceManager: Starting com.android.server.wallpaper.WallpaperManagerService$Lifecycle
06-06 13:42:24.896   307   307 D XiriService: check file name: /data/data/com.android.networkstack.permissionconfig/lib
06-06 13:42:24.896   307   307 D XiriService: check file name: /data/data/com.android.networkstack.permissionconfig/lib
06-06 13:42:24.897   475   475 I SystemServerTiming: StartAudioService
06-06 13:42:24.897   475   475 I SystemServiceManager: Starting com.android.server.audio.AudioService$Lifecycle
06-06 13:42:24.897   307   307 D XiriService: check file name: /data/data/com.android.networkstack.permissionconfig/lib
06-06 13:42:24.898   307   307 D XiriService: check file name: /data/data/com.android.networkstack.permissionconfig/lib
06-06 13:42:24.905   243   243 I Zygote  : ...preloaded 64 resources in 60ms.
06-06 13:42:24.907   307   307 D XiriService: check file name: /data/data/com.dangbei.lerad.screensaver/lib
06-06 13:42:24.907   307   307 D XiriService: check file name: /data/data/com.dangbei.lerad.screensaver/lib
06-06 13:42:24.904   307   307 I xiriservice_All: type=1400 audit(0.0:312): avc: denied { search } for name="com.dangbei.lerad.screensaver" dev="mmcblk0p25" ino=1185 scontext=u:r:init:s0 tcontext=u:object_r:app_data_file:s0:c36,c256,c512,c768 tclass=dir permissive=1
06-06 13:42:24.908   307   307 D XiriService: check file name: /data/data/com.dangbei.lerad.screensaver/lib
06-06 13:42:24.904   307   307 I xiriservice_All: type=1400 audit(0.0:313): avc: denied { read } for name="lib" dev="mmcblk0p25" ino=54917 scontext=u:r:init:s0 tcontext=u:object_r:app_data_file:s0:c36,c256,c512,c768 tclass=lnk_file permissive=1
06-06 13:42:24.916   475   475 I android_os_HwBinder: HwBinder: Starting thread pool for getting: android.hidl.manager@1.0::IServiceManager/default
06-06 13:42:24.918   307   307 D XiriService: check file name: /data/data/com.dangbei.lerad.screensaver/lib
06-06 13:42:24.918   307   307 D XiriService: check file name: /data/data/com.dangbei.lerad.screensaver/lib
06-06 13:42:24.918   243   243 I Zygote  : ...preloaded 41 resources in 12ms.
06-06 13:42:24.918   307   307 D XiriService: check file name: /data/data/com.dangbei.lerad.screensaver/lib
06-06 13:42:24.918   307   307 D XiriService: check file name: /data/data/com.dangbei.lerad.screensaver/lib
06-06 13:42:24.922   268   446 W AudioFlinger: no wake lock to update, system not ready yet
06-06 13:42:24.927   268   268 D PermissionCache: checking android.permission.MODIFY_AUDIO_ROUTING for uid=1000 => granted (766 us)
06-06 13:42:24.937   268   268 D PermissionCache: checking android.permission.MODIFY_AUDIO_SETTINGS for uid=1000 => granted (173 us)
06-06 13:42:24.946   243   243 D libEGL  : loaded /vendor/lib/egl/libGLES_mali.so
06-06 13:42:24.948   268   439 D AudioFlinger: isLowRamDevice:false totalMemory:2055442432 mClientSharedHeapSize:4194304
06-06 13:42:24.951   475   475 I SystemServerTiming: StartSoundTriggerMiddlewareService
06-06 13:42:24.951   475   475 I SystemServiceManager: Starting com.android.server.soundtrigger_middleware.SoundTriggerMiddlewareService$Lifecycle
06-06 13:42:24.953   475   475 D SoundTriggerMiddlewareService: Connecting to default ISoundTriggerHw
06-06 13:42:24.954   181   181 I hwservicemanager: getTransport: Cannot find entry android.hardware.soundtrigger@2.0::ISoundTriggerHw/default in either framework or device VINTF manifest.
06-06 13:42:24.957   307   307 D XiriService: check file name: /data/data/com.android.wallpaperbackup/lib
06-06 13:42:24.957   307   307 D XiriService: check file name: /data/data/com.android.wallpaperbackup/lib
06-06 13:42:24.957   307   307 D XiriService: check file name: /data/data/com.android.wallpaperbackup/lib
06-06 13:42:24.958   307   307 D XiriService: check file name: /data/data/com.android.wallpaperbackup/lib
06-06 13:42:24.958   475   475 E SoundTriggerMiddlewareImpl: Failed to add a SoundTriggerModule instance
06-06 13:42:24.958   475   475 E SoundTriggerMiddlewareImpl: java.util.NoSuchElementException
06-06 13:42:24.958   475   475 E SoundTriggerMiddlewareImpl: 	at android.os.HwBinder.getService(Native Method)
06-06 13:42:24.958   475   475 E SoundTriggerMiddlewareImpl: 	at android.hardware.soundtrigger.V2_0.ISoundTriggerHw.getService(ISoundTriggerHw.java:57)
06-06 13:42:24.958   475   475 E SoundTriggerMiddlewareImpl: 	at android.hardware.soundtrigger.V2_0.ISoundTriggerHw.getService(ISoundTriggerHw.java:64)
06-06 13:42:24.958   475   475 E SoundTriggerMiddlewareImpl: 	at com.android.server.soundtrigger_middleware.SoundTriggerMiddlewareService$Lifecycle.lambda$onStart$0(SoundTriggerMiddlewareService.java:238)
06-06 13:42:24.958   475   475 E SoundTriggerMiddlewareImpl: 	at com.android.server.soundtrigger_middleware.SoundTriggerMiddlewareService$Lifecycle$$ExternalSyntheticLambda0.create(Unknown Source:0)
06-06 13:42:24.958   475   475 E SoundTriggerMiddlewareImpl: 	at com.android.server.soundtrigger_middleware.SoundTriggerModule.attachToHal(SoundTriggerModule.java:222)
06-06 13:42:24.958   475   475 E SoundTriggerMiddlewareImpl: 	at com.android.server.soundtrigger_middleware.SoundTriggerModule.<init>(SoundTriggerModule.java:112)
06-06 13:42:24.958   475   475 E SoundTriggerMiddlewareImpl: 	at com.android.server.soundtrigger_middleware.SoundTriggerMiddlewareImpl.<init>(SoundTriggerMiddlewareImpl.java:89)
06-06 13:42:24.958   475   475 E SoundTriggerMiddlewareImpl: 	at com.android.server.soundtrigger_middleware.SoundTriggerMiddlewareService$Lifecycle.onStart(SoundTriggerMiddlewareService.java:244)
06-06 13:42:24.958   475   475 E SoundTriggerMiddlewareImpl: 	at com.android.server.SystemServiceManager.startService(SystemServiceManager.java:205)
06-06 13:42:24.958   475   475 E SoundTriggerMiddlewareImpl: 	at com.android.server.SystemServiceManager.startService(SystemServiceManager.java:192)
06-06 13:42:24.958   475   475 E SoundTriggerMiddlewareImpl: 	at com.android.server.SystemServer.startOtherServices(SystemServer.java:2161)
06-06 13:42:24.958   475   475 E SoundTriggerMiddlewareImpl: 	at com.android.server.SystemServer.run(SystemServer.java:928)
06-06 13:42:24.958   475   475 E SoundTriggerMiddlewareImpl: 	at com.android.server.SystemServer.main(SystemServer.java:628)
06-06 13:42:24.958   475   475 E SoundTriggerMiddlewareImpl: 	at java.lang.reflect.Method.invoke(Native Method)
06-06 13:42:24.958   475   475 E SoundTriggerMiddlewareImpl: 	at com.android.internal.os.RuntimeInit$MethodAndArgsCaller.run(RuntimeInit.java:548)
06-06 13:42:24.958   475   475 E SoundTriggerMiddlewareImpl: 	at com.android.internal.os.ZygoteInit.main(ZygoteInit.java:1160)
06-06 13:42:24.962   268   439 I CaptureStateNotifier: Registering a listener
06-06 13:42:24.962   475   475 I SystemServerTiming: StartDockObserver
06-06 13:42:24.962   475   475 I SystemServiceManager: Starting com.android.server.DockObserver
06-06 13:42:24.963   475   475 W DockObserver: This kernel does not have dock station support
06-06 13:42:24.964   475   475 I SystemServerTiming: StartWiredAccessoryManager
06-06 13:42:24.965   475   475 I SystemServer: Audio device manager Observer
06-06 13:42:24.965   307   307 D XiriService: check file name: /data/data/com.android.wallpaperbackup/lib
06-06 13:42:24.965   307   307 D XiriService: check file name: /data/data/com.android.wallpaperbackup/lib
06-06 13:42:24.966   307   307 D XiriService: check file name: /data/data/com.android.wallpaperbackup/lib
06-06 13:42:24.966   307   307 D XiriService: check file name: /data/data/com.android.wallpaperbackup/lib
06-06 13:42:24.966   475   475 E Environment: Path requests must specify a user by using UserEnvironment
06-06 13:42:24.966   475   475 E Environment: java.lang.Throwable
06-06 13:42:24.966   475   475 E Environment: 	at android.os.Environment.throwIfUserRequired(Environment.java:1449)
06-06 13:42:24.966   475   475 E Environment: 	at android.os.Environment.getExternalStorageDirectory(Environment.java:707)
06-06 13:42:24.966   475   475 E Environment: 	at com.android.server.SystemServer.startOtherServices(SystemServer.java:2192)
06-06 13:42:24.966   475   475 E Environment: 	at com.android.server.SystemServer.run(SystemServer.java:928)
06-06 13:42:24.966   475   475 E Environment: 	at com.android.server.SystemServer.main(SystemServer.java:628)
06-06 13:42:24.966   475   475 E Environment: 	at java.lang.reflect.Method.invoke(Native Method)
06-06 13:42:24.966   475   475 E Environment: 	at com.android.internal.os.RuntimeInit$MethodAndArgsCaller.run(RuntimeInit.java:548)
06-06 13:42:24.966   475   475 E Environment: 	at com.android.internal.os.ZygoteInit.main(ZygoteInit.java:1160)
06-06 13:42:24.967   475   630 I SoundTriggerMiddlewareLogging: setCaptureState[this=com.android.server.soundtrigger_middleware.SoundTriggerMiddlewareImpl@8710c2d, client=null](false)
06-06 13:42:24.969   475   475 W StorageManagerService: No primary storage defined yet; hacking together a stub
06-06 13:42:24.971   475   538 I DropBoxManagerService: add tag=system_server_wtf isTagEnabled=true flags=0x2
06-06 13:42:24.981   307   307 D XiriService: check file name: /data/data/com.android.providers.media.module/lib
06-06 13:42:24.980   307   307 I xiriservice_All: type=1400 audit(0.0:314): avc: denied { search } for name="com.android.providers.media.module" dev="mmcblk0p25" ino=1259 scontext=u:r:init:s0 tcontext=u:object_r:privapp_data_file:s0:c74,c256,c512,c768 tclass=dir permissive=1
06-06 13:42:24.980   307   307 I xiriservice_All: type=1400 audit(0.0:315): avc: denied { read } for name="lib" dev="mmcblk0p25" ino=54921 scontext=u:r:init:s0 tcontext=u:object_r:privapp_data_file:s0:c74,c256,c512,c768 tclass=lnk_file permissive=1
06-06 13:42:24.992   307   307 D XiriService: check file name: /data/data/com.android.providers.media.module/lib
06-06 13:42:24.992   307   307 D XiriService: check file name: /data/data/com.android.providers.media.module/lib
06-06 13:42:24.992   307   307 D XiriService: check file name: /data/data/com.android.providers.media.module/lib
06-06 13:42:24.992   307   307 D XiriService: check file name: /data/data/com.android.providers.media.module/lib
06-06 13:42:24.994   475   475 W system_server: ClassLoaderContext parent mismatch.  (PCL[] | PCL[];PCL[/system/framework/com.android.location.provider.jar*3633238673:/system/framework/services.jar*324275400:/system/framework/services.jar!classes2.dex*4169108402:/system/framework/ethernet-service.jar*655162001:/system/framework/pppoe-service.jar*2082030846:/apex/com.android.appsearch/javalib/service-appsearch.jar*4100577803:/apex/com.android.media/javalib/service-media-s.jar*3881732923:/apex/com.android.permission/javalib/service-permission.jar*62506796])
06-06 13:42:25.001   307   307 D XiriService: check file name: /data/data/com.oranth.storage/lib
06-06 13:42:25.001   307   307 D XiriService: check file name: /data/data/com.oranth.storage/lib
06-06 13:42:25.001   307   307 D XiriService: check file name: /data/data/com.oranth.storage/lib
06-06 13:42:25.002   307   307 D XiriService: check file name: /data/data/com.oranth.storage/lib
06-06 13:42:25.009   307   307 D XiriService: check file name: /data/data/com.oranth.storage/lib
06-06 13:42:25.009   307   307 D XiriService: check file name: /data/data/com.oranth.storage/lib
06-06 13:42:25.009   307   307 D XiriService: check file name: /data/data/com.oranth.storage/lib
06-06 13:42:25.009   307   307 D XiriService: check file name: /data/data/com.oranth.storage/lib
06-06 13:42:25.026   307   307 D XiriService: check file name: /data/data/com.dangbei.haqusetting/lib
06-06 13:42:25.027   307   307 D XiriService: check file name: /data/data/com.dangbei.haqusetting/lib
06-06 13:42:25.027   307   307 D XiriService: check file name: /data/data/com.dangbei.haqusetting/lib
06-06 13:42:25.028   307   307 D XiriService: check file name: /data/data/com.dangbei.haqusetting/lib
06-06 13:42:25.038   307   307 D XiriService: check file name: /data/data/com.dangbei.haqusetting/lib
06-06 13:42:25.038   307   307 D XiriService: check file name: /data/data/com.dangbei.haqusetting/lib
06-06 13:42:25.038   307   307 D XiriService: check file name: /data/data/com.dangbei.haqusetting/lib
06-06 13:42:25.039   307   307 D XiriService: check file name: /data/data/com.dangbei.haqusetting/lib
06-06 13:42:25.042   475   475 D DisplayOutputManager: ro.build.characteristics=homlet
06-06 13:42:25.044   180   180 E SELinux : avc:  denied  { find } for pid=475 uid=1000 name=vendor.display.output.IDisplayOutputManager/default scontext=u:r:system_server:s0 tcontext=u:object_r:hal_awdisplayoutput_service:s0 tclass=service_manager permissive=1
06-06 13:42:25.044   180   180 I servicemanager: Found vendor.display.output.IDisplayOutputManager/default in device VINTF manifest.
06-06 13:42:25.046   475   475 D HomletDisplayOutputManager: get IDisplayOutputManager service success
06-06 13:42:25.046   243   243 I Zygote  : Preloading shared libraries...
06-06 13:42:25.047   475   475 D AudioManagerEx: AudioManagerEx
06-06 13:42:25.047   475   475 D AudioDeviceManagerObserver: AudioDeviceManagerObserver construct
06-06 13:42:25.048   475   475 I SystemServerTiming: StartMidiManager
06-06 13:42:25.048   475   475 I SystemServiceManager: Starting com.android.server.midi.MidiService$Lifecycle
06-06 13:42:25.049   475   475 I SystemServerTiming: StartAdbService
06-06 13:42:25.050   475   475 I SystemServiceManager: Starting com.android.server.adb.AdbService$Lifecycle
06-06 13:42:25.053   475   475 I SystemServerTiming: StartUsbService
06-06 13:42:25.054   475   475 I SystemServiceManager: Starting com.android.server.usb.UsbService$Lifecycle
06-06 13:42:25.054   475   573 I SystemServerTimingAsync: InitThreadPoolExec:UsbService$Lifecycle#onStart
06-06 13:42:25.054   475   573 D SystemServerInitThreadPool: Started executing UsbService$Lifecycle#onStart
06-06 13:42:25.055   243   243 I Zygote  : Called ZygoteHooks.endPreload()
06-06 13:42:25.055   475   475 I SystemServerTiming: StartSerialService
06-06 13:42:25.056   243   243 I Zygote  : Installed AndroidKeyStoreProvider in 1ms.
06-06 13:42:25.056   475   475 I SystemServerTiming: StartHardwarePropertiesManagerService
06-06 13:42:25.058   181   181 I hwservicemanager: getTransport: Cannot find entry android.hardware.thermal@1.0::IThermal/default in either framework or device VINTF manifest.
06-06 13:42:25.058   475   475 E HardwarePropertiesManagerService-JNI: Unable to get Thermal service.
06-06 13:42:25.059   475   475 I SystemServerTiming: StartTwilightService
06-06 13:42:25.059   475   475 I SystemServiceManager: Starting com.android.server.twilight.TwilightService
06-06 13:42:25.059   475   475 I SystemServerTiming: StartColorDisplay
06-06 13:42:25.059   475   475 I SystemServiceManager: Starting com.android.server.display.color.ColorDisplayService
06-06 13:42:25.064   475   475 I SystemServerTiming: StartJobScheduler
06-06 13:42:25.065   475   475 I SystemServiceManager: Starting com.android.server.job.JobSchedulerService
06-06 13:42:25.070   243   243 I Zygote  : Warmed up JCA providers in 15ms.
06-06 13:42:25.070   243   243 D Zygote  : end preload
06-06 13:42:25.071   475   524 D SystemServerInitThreadPool: Finished executing SecondaryZygotePreload
06-06 13:42:25.074   475   573 E UsbDeviceManager: failed to write to /sys/class/android_usb/android0/f_rndis/ethaddr
06-06 13:42:25.074   307   307 D XiriService: check file name: /data/data/com.softwinner.miracastReceiver/lib
06-06 13:42:25.074   307   307 D XiriService: check file name: /data/data/com.softwinner.miracastReceiver/lib
06-06 13:42:25.074   307   307 D XiriService: check file name: /data/data/com.softwinner.miracastReceiver/lib
06-06 13:42:25.074   307   307 D XiriService: check file name: /data/data/com.softwinner.miracastReceiver/lib
06-06 13:42:25.078   475   475 D JobStore: Start tag: job-info
06-06 13:42:25.080   475   475 W JobStore: Periodic job for uid='10073' persisted run-time is too big [360:00:36, 720:00:36]. Clamping to [360:00:14,720:00:14]
06-06 13:42:25.083   307   307 D XiriService: check file name: /data/data/com.softwinner.miracastReceiver/lib
06-06 13:42:25.084   307   307 D XiriService: check file name: /data/data/com.softwinner.miracastReceiver/lib
06-06 13:42:25.084   307   307 D XiriService: check file name: /data/data/com.softwinner.miracastReceiver/lib
06-06 13:42:25.086   475   475 W JobStore: Periodic job for uid='10057' persisted run-time is too big [25:00:37, 50:00:37]. Clamping to [25:00:14,50:00:14]
06-06 13:42:25.087   475   475 W JobStore: Periodic job for uid='10057' persisted run-time is too big [5:53:22, 6:03:22]. Clamping to [15:14,25:14]
06-06 13:42:25.088   475   475 W JobStore: Periodic job for uid='1000' persisted run-time is too big [24:00:24, 48:00:24]. Clamping to [24:00:14,48:00:14]
06-06 13:42:25.090   475   475 I JobStore: Read 5 jobs
06-06 13:42:25.092   307   307 D XiriService: check file name: /data/data/com.android.bluetooth/lib
06-06 13:42:25.092   307   307 D XiriService: check file name: /data/data/com.android.bluetooth/lib
06-06 13:42:25.092   307   307 D XiriService: check file name: /data/data/com.android.bluetooth/lib
06-06 13:42:25.093   307   307 D XiriService: check file name: /data/data/com.android.bluetooth/lib
06-06 13:42:25.088   307   307 I xiriservice_All: type=1400 audit(0.0:316): avc: denied { read } for name="lib" dev="mmcblk0p25" ino=54929 scontext=u:r:init:s0 tcontext=u:object_r:bluetooth_data_file:s0 tclass=lnk_file permissive=1
06-06 13:42:25.099   307   307 D XiriService: check file name: /data/data/com.android.bluetooth/lib
06-06 13:42:25.099   307   307 D XiriService: check file name: /data/data/com.android.bluetooth/lib
06-06 13:42:25.108   475   614 D ConnectivityService: NetReassign [no changes]
06-06 13:42:25.120   475   475 V HistoricalRegistry: Interaction before persistence initialized
06-06 13:42:25.120   475   475 V HistoricalRegistry: Interaction before persistence initialized
06-06 13:42:25.122   475   475 W JobScheduler: !!! RTC not yet good; tracking time updates for job scheduling
06-06 13:42:25.123   475   475 I SystemServerTiming: StartSoundTrigger
06-06 13:42:25.123   475   475 I SystemServiceManager: Starting com.android.server.soundtrigger.SoundTriggerService
06-06 13:42:25.126   475   573 I android_os_HwBinder: HwBinder: Starting thread pool for getting: android.hardware.usb.gadget@1.0::IUsbGadget/default
06-06 13:42:25.127   475   475 I SystemServerTiming: StartTrustManager
06-06 13:42:25.127   475   475 I SystemServiceManager: Starting com.android.server.trust.TrustManagerService
06-06 13:42:25.131   475   475 I SystemServerTiming: StartBackupManager
06-06 13:42:25.134   475   475 I SystemServiceManager: Starting com.android.server.backup.BackupManagerService$Lifecycle
01-01 08:00:16.476   573   573 I         : read descriptors
01-01 08:00:16.476   573   573 I         : read strings
01-01 08:00:16.476   573   573 I         : read descriptors
01-01 08:00:16.476   573   573 I         : read strings
06-06 13:42:25.138   475   567 I PackageManager: Deferred reconcileAppsData finished 98 packages
06-06 13:42:25.138   475   567 D SystemServerInitThreadPool: Finished executing prepareAppData
06-06 13:42:25.142   475   573 W StorageManagerService: No primary storage defined yet; hacking together a stub
06-06 13:42:25.145   475   475 I SystemServerTiming: StartAppWidgetService
06-06 13:42:25.145   475   475 I SystemServiceManager: Starting com.android.server.appwidget.AppWidgetService
06-06 13:42:25.150   475   573 I android_os_HwBinder: HwBinder: Starting thread pool for getting: android.hidl.manager@1.0::IServiceManager/default
06-06 13:42:25.151   475   475 I SystemServerTiming: StartVoiceRecognitionManager
06-06 13:42:25.151   475   475 I SystemServiceManager: Starting com.android.server.voiceinteraction.VoiceInteractionManagerService
06-06 13:42:25.154   475   555 I UsbDeviceManager: Usb gadget hal service started android.hardware.usb.gadget@1.0::IUsbGadget default
06-06 13:42:25.162   243   477 I zygote  : Background concurrent copying GC freed 17779(1015KB) AllocSpace objects, 0(0B) LOS objects, 49% free, 2873KB/5746KB, paused 107us total 106.558ms
06-06 13:42:25.162   475   573 I android_os_HwBinder: HwBinder: Starting thread pool for getting: android.hardware.usb.gadget@1.0::IUsbGadget/default
06-06 13:42:25.167   475   517 I android_os_HwBinder: HwBinder: Starting thread pool for getting: android.hardware.usb.gadget@1.0::IUsbGadget/default
06-06 13:42:25.168   475   475 I SystemServerTiming: StartAppHibernationService
06-06 13:42:25.168   475   475 I SystemServiceManager: Starting com.android.server.apphibernation.AppHibernationService
06-06 13:42:25.168   475   517 E UsbDeviceManager: prcessing MSG_GET_CURRENT_USB_FUNCTIONS
06-06 13:42:25.169   475   517 E UsbDeviceManager: updating mCurrentFunctions
06-06 13:42:25.169   475   517 E UsbDeviceManager: mCurrentFunctions:0applied:1
06-06 13:42:25.173   475   475 I SystemServerTiming: StartGestureLauncher
06-06 13:42:25.173   475   475 I SystemServiceManager: Starting com.android.server.GestureLauncherService
06-06 13:42:25.174   475   573 I android_os_HwBinder: HwBinder: Starting thread pool for getting: android.hidl.manager@1.0::IServiceManager/default
06-06 13:42:25.174   475   475 I SystemServerTiming: StartSensorNotification
06-06 13:42:25.174   475   475 I SystemServiceManager: Starting com.android.server.SensorNotificationService
06-06 13:42:25.175   475   636 I UsbPortManager: Usb hal service started android.hardware.usb@1.0::IUsb default
06-06 13:42:25.175   475   475 I SystemServerTiming: StartDiskStatsService
06-06 13:42:25.176   475   636 I android_os_HwBinder: HwBinder: Starting thread pool for getting: android.hardware.usb@1.0::IUsb/default
06-06 13:42:25.177   264   264 I android.hardware.usb@1.0-service: registering callback
06-06 13:42:25.178   264   264 E android.hardware.usb@1.0-service: Failed to open /sys/class/typec
06-06 13:42:25.178   264   638 E android.hardware.usb@1.0-service: creating thread
06-06 13:42:25.180   475   636 I UsbPortManager: USB HAL version: 10
06-06 13:42:25.184   475   475 I SystemServerTiming: RuntimeService
06-06 13:42:25.184   475   573 D SystemServerInitThreadPool: Finished executing UsbService$Lifecycle#onStart
06-06 13:42:25.186   475   475 I SystemServerTiming: StartNetworkTimeUpdateService
06-06 13:42:25.189   475   475 I SystemServerTiming: CertBlacklister
06-06 13:42:25.192   475   475 I SystemServerTiming: StartEmergencyAffordanceService
06-06 13:42:25.192   475   475 I SystemServiceManager: Starting com.android.server.emergency.EmergencyAffordanceService
06-06 13:42:25.194   475   516 I SystemServerTimingAsync: InitThreadPoolExec:startBlobStoreManagerService
06-06 13:42:25.194   475   516 D SystemServerInitThreadPool: Started executing startBlobStoreManagerService
06-06 13:42:25.194   475   516 I SystemServerTimingAsync: startBlobStoreManagerService
06-06 13:42:25.194   475   475 I SystemServerTiming: StartDreamManager
06-06 13:42:25.194   475   516 I SystemServiceManager: Starting com.android.server.blob.BlobStoreManagerService
06-06 13:42:25.194   475   475 I SystemServiceManager: Starting com.android.server.dreams.DreamManagerService
06-06 13:42:25.196   475   475 I SystemServerTiming: AddGraphicsStatsService
06-06 13:42:25.202   475   516 D SystemServerInitThreadPool: Finished executing startBlobStoreManagerService
06-06 13:42:25.210   475   475 I SystemServerTiming: StartRestrictionManager
06-06 13:42:25.210   475   475 I SystemServiceManager: Starting com.android.server.restrictions.RestrictionsManagerService
06-06 13:42:25.213   475   475 I SystemServerTiming: StartMediaSessionService
06-06 13:42:25.213   475   475 I SystemServiceManager: Starting com.android.server.media.MediaSessionService
06-06 13:42:25.218   475   475 I SystemServerTiming: StartHdmiControlService
06-06 13:42:25.219   475   475 I SystemServiceManager: Starting com.android.server.hdmi.HdmiControlService
06-06 13:42:25.224   475   519 W IorapForwardingService: No service published for: iorapd
06-06 13:42:25.235   181   181 I hwservicemanager: getTransport: Cannot find entry android.hardware.tv.cec@1.1::IHdmiCec/default in either framework or device VINTF manifest.
06-06 13:42:25.236   475   475 E HDMI    : [1]:Couldn't connect to cec@1.1java.util.NoSuchElementException
06-06 13:42:25.236   475   475 W HDMI    : [1]:Couldn't get tv.cec service.
06-06 13:42:25.236   475   475 W HDMI    : [1]:Unable to use cec@1.1
06-06 13:42:25.239   475   475 I android_os_HwBinder: HwBinder: Starting thread pool for getting: android.hardware.tv.cec@1.0::IHdmiCec/default
06-06 13:42:25.244   475   475 I HdmiControlService: Device does not support MHL-control.
06-06 13:42:25.246   263   263 D hdmi-cec: setOption, flag=0x0002, value=0x00000000
06-06 13:42:25.261   475   475 I SystemServerTiming: StartTvInputManager
06-06 13:42:25.261   475   475 I SystemServiceManager: Starting com.android.server.tv.TvInputManagerService
06-06 13:42:25.265   181   181 I hwservicemanager: getTransport: Cannot find entry android.hardware.tv.input@1.0::ITvInput/default in either framework or device VINTF manifest.
06-06 13:42:25.265   475   475 E TvInputHal: Couldn't get tv.input service.
06-06 13:42:25.269   475   475 I SystemServerTiming: StartMediaResourceMonitor
06-06 13:42:25.269   475   475 I SystemServiceManager: Starting com.android.server.media.MediaResourceMonitorService
06-06 13:42:25.270   475   475 I SystemServerTiming: StartTvRemoteService
06-06 13:42:25.270   475   475 I SystemServiceManager: Starting com.android.server.tv.TvRemoteService
06-06 13:42:25.271   475   475 I SystemServerTiming: StartMediaRouterService
06-06 13:42:25.272   475   475 V HistoricalRegistry: Interaction before persistence initialized
06-06 13:42:25.274   475   475 I SystemServerTiming: StartBiometricService
06-06 13:42:25.274   475   475 I SystemServiceManager: Starting com.android.server.biometrics.BiometricService
06-06 13:42:25.279   475   475 I SystemServerTiming: StartAuthService
06-06 13:42:25.279   475   475 I SystemServiceManager: Starting com.android.server.biometrics.AuthService
06-06 13:42:25.284   475   475 I SystemServerTiming: StartBackgroundDexOptService
06-06 13:42:25.284   475   475 W BackgroundDexOptService: SysProp pm.dexopt.downgrade_after_inactive_days not set
06-06 13:42:25.286   475   475 I SystemServerTiming: StartDynamicCodeLoggingService
06-06 13:42:25.287   475   475 I SystemServerTiming: StartPruneInstantAppsJobService
06-06 13:42:25.288   475   475 I SystemServerTiming: StartShortcutServiceLifecycle
06-06 13:42:25.288   475   475 I SystemServiceManager: Starting com.android.server.pm.ShortcutService$Lifecycle
06-06 13:42:25.291   475   475 V HistoricalRegistry: Interaction before persistence initialized
06-06 13:42:25.292   475   475 I SystemServerTiming: StartLauncherAppsService
06-06 13:42:25.292   475   475 I SystemServiceManager: Starting com.android.server.pm.LauncherAppsService
06-06 13:42:25.295   475   475 I SystemServerTiming: StartCrossProfileAppsService
06-06 13:42:25.295   475   475 I SystemServiceManager: Starting com.android.server.pm.CrossProfileAppsService
06-06 13:42:25.296   475   475 I SystemServerTiming: StartPeopleService
06-06 13:42:25.296   475   475 I SystemServiceManager: Starting com.android.server.people.PeopleService
06-06 13:42:25.297   475   475 I SystemServerTiming: StartMediaMetricsManager
06-06 13:42:25.298   475   475 I SystemServiceManager: Starting com.android.server.media.metrics.MediaMetricsManagerService
06-06 13:42:25.300   475   475 I SystemServerTiming: StartMediaProjectionManager
06-06 13:42:25.301   475   475 I SystemServiceManager: Starting com.android.server.media.projection.MediaProjectionManagerService
06-06 13:42:25.303   475   475 V MediaRouter: Selecting route: RouteInfo{ name=手机, description=null, status=null, category=RouteCategory{ name=系统 types=ROUTE_TYPE_LIVE_AUDIO ROUTE_TYPE_LIVE_VIDEO  groupable=false }, supportedTypes=ROUTE_TYPE_LIVE_AUDIO ROUTE_TYPE_LIVE_VIDEO , presentationDisplay=null }
06-06 13:42:25.303   475   475 I MediaRouter: Skip setBluetoothA2dpOn(): types=8388615, isPlaybackActive()=false, BT route=null
06-06 13:42:25.304   475   475 I SystemServerTiming: StartSliceManagerService
06-06 13:42:25.304   475   475 I SystemServiceManager: Starting com.android.server.slice.SliceManagerService$Lifecycle
06-06 13:42:25.308   475   475 I SystemServerTiming: StartStatsCompanion
06-06 13:42:25.323   475   475 I system_server: Waiting for a blocking GC ClassLinker
06-06 13:42:25.327   475   492 I system_server: Background young concurrent copying GC freed 99663(5473KB) AllocSpace objects, 19(552KB) LOS objects, 30% free, 9681KB/13MB, paused 352us total 237.334ms
06-06 13:42:25.327   475   475 I SystemServiceManager: Starting com.android.server.stats.StatsCompanion$Lifecycle
06-06 13:42:25.331   475   475 I SystemServerTiming: StartRebootReadinessManagerService
06-06 13:42:25.340   475   475 I SystemServiceManager: Starting com.android.server.scheduling.RebootReadinessManagerService$Lifecycle
06-06 13:42:25.346   475   475 I TetheringManager: registerTetheringEventCallback:android
06-06 13:42:25.346   475   475 I TetheringManager: registerTetheringEventCallback caller:android
06-06 13:42:25.347   475   475 I SystemServerTiming: StartStatsPullAtomService
06-06 13:42:25.348   475   475 I SystemServiceManager: Starting com.android.server.stats.pull.StatsPullAtomService
06-06 13:42:25.348   475   475 I SystemServerTiming: StartIncidentCompanionService
06-06 13:42:25.348   475   475 I SystemServiceManager: Starting com.android.server.incident.IncidentCompanionService
06-06 13:42:25.349   475   475 I SystemServerTiming: StartMmsService
06-06 13:42:25.349   475   475 I SystemServiceManager: Starting com.android.server.MmsServiceBroker
06-06 13:42:25.351   475   475 I SystemServerTiming: StartAutoFillService
06-06 13:42:25.351   475   475 I SystemServiceManager: Starting com.android.server.autofill.AutofillManagerService
06-06 13:42:25.353   475   475 D AutofillManagerService: setLogLevelFromSettings(): level=2, debug=true, verbose=false
06-06 13:42:25.353   475   475 D AutofillManagerService: setMaxPartitionsFromSettings(): 10
06-06 13:42:25.353   475   475 D AutofillManagerService: setMaxVisibleDatasetsFromSettings(): 0
06-06 13:42:25.354   475   518 D AutofillUI: destroySaveUiUiThread(): already destroyed
06-06 13:42:25.354   475   475 D AutofillManagerServiceImpl: Reset component for user 0:
06-06 13:42:25.357   475   475 D SystemServer: TranslationService not defined by OEM
06-06 13:42:25.357   475   475 I SystemServerTiming: StartClipboardService
06-06 13:42:25.357   475   475 I SystemServiceManager: Starting com.android.server.clipboard.ClipboardService
06-06 13:42:25.359   475   475 I SystemServerTiming: AppServiceManager
06-06 13:42:25.359   475   475 I SystemServiceManager: Starting com.android.server.appbinding.AppBindingService$Lifecycle
06-06 13:42:25.360   475   475 I SystemServerTiming: startTracingServiceProxy
06-06 13:42:25.360   475   475 I SystemServiceManager: Starting com.android.server.tracing.TracingServiceProxy
06-06 13:42:25.362   475   475 I SystemServerTiming: startOranthService
06-06 13:42:25.363   475   475 I SystemServiceManager: Starting com.android.server.oranth.OranthManagerService$Lifecycle
06-06 13:42:25.363   475   475 I OranthManagerService: -------------- OranthManagerService --------------
06-06 13:42:25.363   180   180 E SELinux : avc:  denied  { add } for pid=475 uid=1000 name=oranth_manager scontext=u:r:system_server:s0 tcontext=u:object_r:default_android_service:s0 tclass=service_manager permissive=1
06-06 13:42:25.364   475   475 I SystemServerTiming: MakeLockSettingsServiceReady
06-06 13:42:25.370   181   181 I hwservicemanager: getTransport: Cannot find entry android.hardware.weaver@1.0::IWeaver/default in either framework or device VINTF manifest.
06-06 13:42:25.371   475   475 I SyntheticPasswordManager: Device does not support weaver
06-06 13:42:25.371   181   181 I hwservicemanager: getTransport: Cannot find entry android.hardware.authsecret@1.0::IAuthSecret/default in either framework or device VINTF manifest.
06-06 13:42:25.371   475   475 I LockSettingsService: Device doesn't implement AuthSecret HAL
06-06 13:42:25.372   241   245 I ServiceManager: Waiting for service 'statscompanion' on '/dev/binder' successful after waiting 1309ms
06-06 13:42:25.373   475   475 I SystemServerTiming: StartBootPhaseLockSettingsReady
06-06 13:42:25.373   475   475 I SystemServiceManager: Starting phase 480
06-06 13:42:25.373   475   475 I SystemServerTiming: OnBootPhase_480
06-06 13:42:25.373   475   475 D SoundTriggerService: onBootPhase: 480 : false
06-06 13:42:25.375   475   475 I SystemServerTiming: StartBootPhaseSystemServicesReady
06-06 13:42:25.375   475   475 I SystemServiceManager: Starting phase 500
06-06 13:42:25.375   475   475 I SystemServerTiming: OnBootPhase_500
06-06 13:42:25.376   475   475 E StatsPullAtomCallbackImpl: Failed to start PowerStatsService statsd pullers
06-06 13:42:25.379   475   475 D ConnectivityService: requestNetwork for uid/pid:1000/475 activeRequest: null callbackRequest: 9 [NetworkRequest [ REQUEST id=10, [ Capabilities: INTERNET&NOT_RESTRICTED&TRUSTED&NOT_VCN_MANAGED Uid: 1000 RequestorUid: 1000 RequestorPkg: android] ]] callback flags: 0 priority: 2147483647
06-06 13:42:25.380   475   475 E BatteryStatsService: Could not register PowerStatsInternal
06-06 13:42:25.380   475   614 D ConnectivityService: NetReassign [no changes]
06-06 13:42:25.382   475   475 V HintManagerService: Initializing HintManager service...
06-06 13:42:25.382   475   475 V HistoricalRegistry: Interaction before persistence initialized
06-06 13:42:25.385   475   475 D AppStandbyController: Setting app idle enabled state
06-06 13:42:25.388   475   475 V HistoricalRegistry: Interaction before persistence initialized
06-06 13:42:25.393   475   475 V VibratorManagerService: Initializing VibratorManager service...
06-06 13:42:25.394   475   475 V HistoricalRegistry: Interaction before persistence initialized
06-06 13:42:25.395   475   475 V VibratorManagerService: VibratorManager service initialized
06-06 13:42:25.395   475   475 E LazyAlarmStore: Removed TIME_TICK alarm
06-06 13:42:25.397   475   538 I DropBoxManagerService: add tag=system_server_wtf isTagEnabled=true flags=0x2
06-06 13:42:25.402   475   614 D ConnectivityService: NetReassign [no changes]
06-06 13:42:25.406   475   475 I ActivityTaskManager: Config changes=200 {1.0 ?mcc?mnc [zh_CN] ldltr sw720dp w1280dp h696dp 240dpi xlrg long land television -touch qwerty/v/v dpad/v winConfig={ mBounds=Rect(0, 0 - 1920, 1080) mAppBounds=Rect(0, 0 - 1920, 1080) mMaxBounds=Rect(0, 0 - 1920, 1080) mWindowingMode=fullscreen mDisplayWindowingMode=fullscreen mActivityType=undefined mAlwaysOnTop=undefined mRotation=ROTATION_0} s.4 ?fontWeightAdjustment}
06-06 13:42:25.408   475   475 I WindowManager: Override config changes=200 {1.0 ?mcc?mnc [zh_CN] ldltr sw720dp w1280dp h696dp 240dpi xlrg long land television -touch qwerty/v/v dpad/v winConfig={ mBounds=Rect(0, 0 - 1920, 1080) mAppBounds=Rect(0, 0 - 1920, 1080) mMaxBounds=Rect(0, 0 - 1920, 1080) mWindowingMode=fullscreen mDisplayWindowingMode=fullscreen mActivityType=undefined mAlwaysOnTop=undefined mRotation=ROTATION_0} s.4 ?fontWeightAdjustment} for displayId=0
06-06 13:42:25.411   475   475 D TestHarnessModeService: Setting up test harness mode
06-06 13:42:25.411   475   475 D TestHarnessModeService: Getting PersistentDataBlockManagerInternal from LocalServices
06-06 13:42:25.423   475   475 V HistoricalRegistry: Interaction before persistence initialized
06-06 13:42:25.425   475   475 W NetworkPolicy: setRestrictBackgroundUL: already false
06-06 13:42:25.426   475   475 I WifiScanningService: Starting wifiscanner
06-06 13:42:25.429   475   475 I EthernetServiceImpl: Starting Ethernet service
06-06 13:42:25.434   475   475 D EthernetTracker: Interface match regexp set to 'eth\d'
06-06 13:42:25.436   475   475 D Ethernet: Registering NetworkFactory
06-06 13:42:25.437   475   614 D ConnectivityService: Got NetworkProvider Messenger for Ethernet
06-06 13:42:25.437   475   475 E IpConfigStore: Error opening configuration file: java.io.FileNotFoundException: /data/misc/ethernet/ipconfig.txt: open failed: ENOENT (No such file or directory)
06-06 13:42:25.438   475   475 I PppoeServiceImpl: Starting PPPOE service
06-06 13:42:25.439   475   607 W WifiXmlUtil: Ignoring unknown value name found: CarrierMerged
06-06 13:42:25.439   475   650 I EthernetTracker: maybeTrackInterface: eth0
06-06 13:42:25.440   475   607 W WifiXmlUtil: Ignoring unknown value name found: CaptivePortalNeverDetected
06-06 13:42:25.442   318   319 D XM_HIDREAD: add@ add@/devices/platform/soc@3000000/5030000.eth/mdio_bus/5030000.eth-0
06-06 13:42:25.445   318   319 D XM_HIDREAD: add@ add@/devices/platform/soc@3000000/5030000.eth/mdio_bus/5030000.eth-0/5030000.eth-0:10
06-06 13:42:25.471   475   475 D PPPOE   : Registering NetworkFactory
06-06 13:42:25.471   475   614 D ConnectivityService: Got NetworkProvider Messenger for PPPOE
06-06 13:42:25.471   475   607 D WifiConfigStore: Reading from all stores completed in 44 ms.
06-06 13:42:25.472   475   475 W PppoeServiceImpl: pppoe interface file not exist!
06-06 13:42:25.472   475   651 D PPPOE   : got request NetworkRequest [ REQUEST id=1, [ Capabilities: INTERNET&NOT_RESTRICTED&TRUSTED&NOT_VPN&NOT_VCN_MANAGED RequestorUid: 1000 RequestorPkg: android] ]
06-06 13:42:25.472   475   651 D PppoeNetworkFactory: onRequestNetwork
06-06 13:42:25.472   475   651 D PPPOE   : got request NetworkRequest [ REQUEST id=10, [ Capabilities: INTERNET&NOT_RESTRICTED&TRUSTED&NOT_VCN_MANAGED Uid: 1000 RequestorUid: 1000 RequestorPkg: android] ]
06-06 13:42:25.472   475   651 D PPPOE   : got request NetworkRequest [ REQUEST id=5, [ Transports: PPPOE Capabilities: INTERNET&NOT_RESTRICTED&TRUSTED&NOT_VPN&NOT_VCN_MANAGED RequestorUid: 1000 RequestorPkg: android] ]
06-06 13:42:25.474   475   607 E WifiConfigManager: Cannot find network with networkId -1 or configKey "DZNB"WPA_PSK or upgradable security type check
06-06 13:42:25.477   475   475 V HistoricalRegistry: Interaction before persistence initialized
06-06 13:42:25.481   475   607 I WifiInjector: enableVerboseLogging(0): false
06-06 13:42:25.482   475   607 E SupplicantStaIfaceHal: Can't call setDebugParams, ISupplicant is null
06-06 13:42:25.482   475   607 E HostapdHal: Can't call setDebugParams, IHostapd is null
06-06 13:42:25.482   475   607 I WifiService: WifiService starting up with Wi-Fi enabled
06-06 13:42:25.487   475   607 D WifiController: isAirplaneModeOn = false, isWifiEnabled = true, isScanningAvailable = false, isLocationModeActive = true
06-06 13:42:25.488   475   607 D WifiActiveModeWarden: Starting primary ClientModeManager in connect mode
06-06 13:42:25.488   475   475 V HistoricalRegistry: Interaction before persistence initialized
06-06 13:42:25.489   475   475 D SoundTriggerService: onBootPhase: 500 : false
06-06 13:42:25.491   475   607 I android_os_HwBinder: HwBinder: Starting thread pool for getting: android.hidl.manager@1.2::IServiceManager/default
06-06 13:42:25.493   181   181 I hwservicemanager: Since android.hardware.wifi@1.0::IWifi/default is not registered, trying to start it as a lazy HAL.
06-06 13:42:25.495   181   181 I hwservicemanager: Since android.hardware.wifi@1.0::IWifi/default is not registered, trying to start it as a lazy HAL.
06-06 13:42:25.495   475   607 I HidlServiceManagement: getService: Trying again for android.hardware.wifi@1.0::IWifi/default...
06-06 13:42:25.497   475   475 I SystemServerTiming: MakeWindowManagerServiceReady
01-01 08:00:16.838     1     1 I init    : starting service 'vendor.wifi_hal_legacy'...
06-06 13:42:25.500   181   181 I hwservicemanager: getTransport: Cannot find entry android.hardware.configstore@1.1::ISurfaceFlingerConfigs/default in either framework or device VINTF manifest.
06-06 13:42:25.501   181   181 I hwservicemanager: getTransport: Cannot find entry android.hardware.configstore@1.1::ISurfaceFlingerConfigs/default in either framework or device VINTF manifest.
06-06 13:42:25.502   475   537 E KernelCpuThreadReader: Failed to initialize KernelCpuThreadReader
06-06 13:42:25.502   475   537 E KernelCpuThreadReader: java.nio.file.NoSuchFileException: /proc/self/time_in_state
06-06 13:42:25.502   475   537 E KernelCpuThreadReader: 	at sun.nio.fs.UnixFileSystemProvider.newByteChannel(UnixFileSystemProvider.java:214)
06-06 13:42:25.502   475   537 E KernelCpuThreadReader: 	at java.nio.file.Files.newByteChannel(Files.java:361)
06-06 13:42:25.502   475   537 E KernelCpuThreadReader: 	at java.nio.file.Files.newByteChannel(Files.java:407)
06-06 13:42:25.502   475   537 E KernelCpuThreadReader: 	at java.nio.file.Files.readAllBytes(Files.java:3152)
06-06 13:42:25.502   475   537 E KernelCpuThreadReader: 	at com.android.internal.os.ProcTimeInStateReader.initializeTimeInStateFormat(ProcTimeInStateReader.java:159)
06-06 13:42:25.502   475   537 E KernelCpuThreadReader: 	at com.android.internal.os.ProcTimeInStateReader.<init>(ProcTimeInStateReader.java:106)
06-06 13:42:25.502   475   537 E KernelCpuThreadReader: 	at com.android.internal.os.KernelCpuThreadReader.<init>(KernelCpuThreadReader.java:138)
06-06 13:42:25.502   475   537 E KernelCpuThreadReader: 	at com.android.internal.os.KernelCpuThreadReader.create(KernelCpuThreadReader.java:151)
06-06 13:42:25.502   475   537 E KernelCpuThreadReader: 	at com.android.internal.os.KernelCpuThreadReaderSettingsObserver.<init>(KernelCpuThreadReaderSettingsObserver.java:95)
06-06 13:42:25.502   475   537 E KernelCpuThreadReader: 	at com.android.internal.os.KernelCpuThreadReaderSettingsObserver.getSettingsModifiedReader(KernelCpuThreadReaderSettingsObserver.java:80)
06-06 13:42:25.502   475   537 E KernelCpuThreadReader: 	at com.android.server.stats.pull.StatsPullAtomService.initializePullersState(StatsPullAtomService.java:798)
06-06 13:42:25.502   475   537 E KernelCpuThreadReader: 	at com.android.server.stats.pull.StatsPullAtomService.lambda$onBootPhase$0$StatsPullAtomService(StatsPullAtomService.java:757)
06-06 13:42:25.502   475   537 E KernelCpuThreadReader: 	at com.android.server.stats.pull.StatsPullAtomService$$ExternalSyntheticLambda14.run(Unknown Source:2)
06-06 13:42:25.502   475   537 E KernelCpuThreadReader: 	at android.os.Handler.handleCallback(Handler.java:938)
06-06 13:42:25.502   475   537 E KernelCpuThreadReader: 	at android.os.Handler.dispatchMessage(Handler.java:99)
06-06 13:42:25.502   475   537 E KernelCpuThreadReader: 	at android.os.Looper.loopOnce(Looper.java:201)
06-06 13:42:25.502   475   537 E KernelCpuThreadReader: 	at android.os.Looper.loop(Looper.java:288)
06-06 13:42:25.502   475   537 E KernelCpuThreadReader: 	at android.os.HandlerThread.run(HandlerThread.java:67)
06-06 13:42:25.503   181   181 I hwservicemanager: getTransport: Cannot find entry android.hardware.configstore@1.1::ISurfaceFlingerConfigs/default in either framework or device VINTF manifest.
06-06 13:42:25.504   475   537 I android_os_HwBinder: HwBinder: Starting thread pool for getting: android.hardware.health@2.0::IHealth/default
06-06 13:42:25.507   475   537 I android_os_HwBinder: HwBinder: Starting thread pool for getting: android.hidl.manager@1.0::IServiceManager/default
06-06 13:42:25.508   475   475 I SystemServerTiming: MakePowerManagerServiceReady
01-01 08:00:16.850     1     1 I init    : Control message: Processed ctl.interface_start for 'android.hardware.wifi@1.0::IWifi/default' from pid: 181 (/system/bin/hwservicemanager)
06-06 13:42:25.509   475   475 I AttentionDetector: readValuesFromDeviceConfig():
06-06 13:42:25.509   475   475 I AttentionDetector: mMaximumExtensionMillis=900000
06-06 13:42:25.509   475   475 I AttentionDetector: mPreDimCheckDurationMillis=2000
06-06 13:42:25.509   475   475 I AttentionDetector: mRequestedPostDimTimeoutMillis=0
06-06 13:42:25.510   475   537 I HealthServiceWrapper: health: HealthServiceWrapper listening to instance default
01-01 08:00:16.855     1     1 I init    : Control message: Processed ctl.interface_start for 'android.hardware.wifi@1.0::IWifi/default' from pid: 181 (/system/bin/hwservicemanager)
06-06 13:42:25.513   475   537 D StatsPullAtomService: Registering pullers with statsd
06-06 13:42:25.513   475   659 I android_os_HwBinder: HwBinder: Starting thread pool for getting: android.hardware.health@2.0::IHealth/default
06-06 13:42:25.519   475   614 D ConnectivityService: NetReassign [no changes]
06-06 13:42:25.519   475   475 E DisplayPowerController[0]: failed to set up display white-balance: java.lang.IllegalStateException: cannot find light sensor
06-06 13:42:25.520   475   537 I StatsPullAtomService: register thermal listener successfully
06-06 13:42:25.521   262   262 I AW_PowerHAL: isBoostSupported: 0
06-06 13:42:25.526   475   554 W KeyguardServiceDelegate: onScreenTurningOn(): no keyguard service!
06-06 13:42:25.527   475   475 I FaceDownDetector: readValuesFromDeviceConfig():
06-06 13:42:25.527   475   475 I FaceDownDetector: mAccelerationThreshold=0.2
06-06 13:42:25.527   475   475 I FaceDownDetector: mZAccelerationThreshold=-9.5
06-06 13:42:25.527   475   475 I FaceDownDetector: mTimeThreshold=PT1S
06-06 13:42:25.527   475   475 I FaceDownDetector: mIsEnabled=false
