01-01 08:00:12.002   475   475 D CompatConfig: Adding: com.android.server.compat.config.Change@6f4d40b
01-01 08:00:12.002   475   475 D CompatConfig: Adding: com.android.server.compat.config.Change@a5bd2e8
01-01 08:00:12.003   475   475 D CompatConfig: Adding: com.android.server.compat.config.Change@acbad01
01-01 08:00:12.004   475   475 D CompatConfig: Adding: com.android.server.compat.config.Change@73527a6
01-01 08:00:12.005   475   506 D MtpDeviceJNI: register_android_mtp_MtpDevice
01-01 08:00:12.005   475   475 D CompatConfig: Adding: com.android.server.compat.config.Change@41aa5e7
01-01 08:00:12.006   475   475 D CompatConfig: Adding: com.android.server.compat.config.Change@58f3594
01-01 08:00:12.007   475   475 D CompatConfig: Adding: com.android.server.compat.config.Change@4c5183d
01-01 08:00:12.008   475   475 D CompatConfig: Adding: com.android.server.compat.config.Change@17c1832
01-01 08:00:12.008   475   475 D CompatConfig: Adding: com.android.server.compat.config.Change@9e1b983
01-01 08:00:12.009   475   475 D CompatConfig: Adding: com.android.server.compat.config.Change@9f41700
01-01 08:00:12.010   475   475 D CompatConfig: Adding: com.android.server.compat.config.Change@5effb39
01-01 08:00:12.011   475   475 D CompatConfig: Adding: com.android.server.compat.config.Change@ccf857e
01-01 08:00:12.012   475   475 D CompatConfig: Adding: com.android.server.compat.config.Change@c7c6adf
01-01 08:00:12.012   475   475 D CompatConfig: Adding: com.android.server.compat.config.Change@103a32c
01-01 08:00:12.013   475   475 D CompatConfig: Adding: com.android.server.compat.config.Change@a4c11f5
01-01 08:00:12.014   475   475 D CompatConfig: Adding: com.android.server.compat.config.Change@85a7b8a
01-01 08:00:12.014   475   475 D CompatConfig: Adding: com.android.server.compat.config.Change@6e6d5fb
01-01 08:00:12.015   475   475 D CompatConfig: Adding: com.android.server.compat.config.Change@9dc618
01-01 08:00:12.016   475   475 D CompatConfig: Adding: com.android.server.compat.config.Change@418d871
01-01 08:00:12.016   475   475 D CompatConfig: Adding: com.android.server.compat.config.Change@8ecc656
01-01 08:00:12.017   475   475 D CompatConfig: Adding: com.android.server.compat.config.Change@dc2d6d7
01-01 08:00:12.018   475   475 D CompatConfig: Adding: com.android.server.compat.config.Change@ab52bc4
01-01 08:00:12.018   475   475 D CompatConfig: Adding: com.android.server.compat.config.Change@118aad
01-01 08:00:12.019   475   475 D CompatConfig: Adding: com.android.server.compat.config.Change@e86f1e2
01-01 08:00:12.020   475   475 D CompatConfig: Adding: com.android.server.compat.config.Change@3f40973
01-01 08:00:12.020   475   475 D CompatConfig: Adding: com.android.server.compat.config.Change@bbb4030
01-01 08:00:12.021   475   475 D CompatConfig: Adding: com.android.server.compat.config.Change@16924a9
01-01 08:00:12.022   475   524 I SystemConfig: Reading permissions from /system/etc/permissions/android.hardware.location.network.xml
01-01 08:00:12.025   475   475 D CompatConfig: Adding: com.android.server.compat.config.Change@cfbc9cf
01-01 08:00:12.027   475   475 D CompatConfig: Adding: com.android.server.compat.config.Change@3cc2f5c
01-01 08:00:12.028   475   475 D CompatConfig: Found a config file: /system/etc/compatconfig/documents-ui-compat-config.xml
01-01 08:00:12.029   475   475 D CompatConfig: Adding: com.android.server.compat.config.Change@750db3a
01-01 08:00:12.031   475   475 D CompatConfig: Found a config file: /system/etc/compatconfig/icu4j-platform-compat-config.xml
01-01 08:00:12.032   475   475 D CompatConfig: Adding: com.android.server.compat.config.Change@f7fbfe1
01-01 08:00:12.033   475   475 D CompatConfig: Found a config file: /system/etc/compatconfig/services-platform-compat-config.xml
01-01 08:00:12.037   475   524 I SystemConfig: Reading permissions from /system/etc/permissions/privapp-permissions-platform.xml
01-01 08:00:12.041   475   475 D CompatConfig: Adding: com.android.server.compat.config.Change@71123c7
01-01 08:00:12.043   475   475 D CompatConfig: Adding: com.android.server.compat.config.Change@e1d0df4
01-01 08:00:12.045   475   475 D CompatConfig: Adding: com.android.server.compat.config.Change@b57791d
01-01 08:00:12.046   475   475 D CompatConfig: Adding: com.android.server.compat.config.Change@4939792
01-01 08:00:12.046   475   475 D CompatConfig: Adding: com.android.server.compat.config.Change@7f23563
01-01 08:00:12.047   475   475 D CompatConfig: Adding: com.android.server.compat.config.Change@bf71560
01-01 08:00:12.047   475   475 D CompatConfig: Adding: com.android.server.compat.config.Change@8f78a19
01-01 08:00:12.047   475   475 D CompatConfig: Adding: com.android.server.compat.config.Change@5cf9ade
01-01 08:00:12.048   475   475 D CompatConfig: Adding: com.android.server.compat.config.Change@48c4bf
01-01 08:00:12.048   475   475 D CompatConfig: Adding: com.android.server.compat.config.Change@5a8278c
01-01 08:00:12.048   475   475 D CompatConfig: Adding: com.android.server.compat.config.Change@6edaed5
01-01 08:00:12.049   475   475 D CompatConfig: Adding: com.android.server.compat.config.Change@c3686ea
01-01 08:00:12.053   475   475 D CompatConfig: Adding: com.android.server.compat.config.Change@34eeddb
01-01 08:00:12.054   475   475 D CompatConfig: Adding: com.android.server.compat.config.Change@7763078
01-01 08:00:12.054   475   475 D CompatConfig: Adding: com.android.server.compat.config.Change@4e76351
01-01 08:00:12.055   475   475 D CompatConfig: Adding: com.android.server.compat.config.Change@86e27b6
01-01 08:00:12.055   475   475 D CompatConfig: Adding: com.android.server.compat.config.Change@3c48cb7
01-01 08:00:12.055   475   475 D CompatConfig: Adding: com.android.server.compat.config.Change@a19dc24
01-01 08:00:12.056   475   475 D CompatConfig: Adding: com.android.server.compat.config.Change@5ede38d
01-01 08:00:12.056   475   475 D CompatConfig: Adding: com.android.server.compat.config.Change@dad0942
01-01 08:00:12.056   475   475 D CompatConfig: Adding: com.android.server.compat.config.Change@68b3d53
01-01 08:00:12.057   475   475 D CompatConfig: Adding: com.android.server.compat.config.Change@72a9690
01-01 08:00:12.057   475   475 D CompatConfig: Adding: com.android.server.compat.config.Change@a622b89
01-01 08:00:12.058   475   475 D CompatConfig: Adding: com.android.server.compat.config.Change@a06778e
01-01 08:00:12.058   475   475 D CompatConfig: Adding: com.android.server.compat.config.Change@3025baf
01-01 08:00:12.058   475   475 D CompatConfig: Adding: com.android.server.compat.config.Change@84a8bbc
01-01 08:00:12.059   475   475 D CompatConfig: Adding: com.android.server.compat.config.Change@db8f745
01-01 08:00:12.059   475   475 D CompatConfig: Adding: com.android.server.compat.config.Change@7767e9a
01-01 08:00:12.060   475   475 D CompatConfig: Adding: com.android.server.compat.config.Change@d2303cb
01-01 08:00:12.060   475   475 D CompatConfig: Adding: com.android.server.compat.config.Change@d12a7a8
01-01 08:00:12.061   475   475 D CompatConfig: Adding: com.android.server.compat.config.Change@3f6c2c1
01-01 08:00:12.061   475   475 D CompatConfig: Adding: com.android.server.compat.config.Change@1adea66
01-01 08:00:12.061   475   475 D CompatConfig: Adding: com.android.server.compat.config.Change@55c11a7
01-01 08:00:12.062   475   475 D CompatConfig: Adding: com.android.server.compat.config.Change@3be9654
01-01 08:00:12.062   475   475 D CompatConfig: Adding: com.android.server.compat.config.Change@2ebc9fd
01-01 08:00:12.063   475   475 D CompatConfig: Adding: com.android.server.compat.config.Change@c9e46f2
01-01 08:00:12.063   475   475 D CompatConfig: Adding: com.android.server.compat.config.Change@a2e2143
01-01 08:00:12.063   475   475 D CompatConfig: Adding: com.android.server.compat.config.Change@98c3c0
01-01 08:00:12.064   475   475 D CompatConfig: Adding: com.android.server.compat.config.Change@33008f9
01-01 08:00:12.064   475   475 D CompatConfig: Adding: com.android.server.compat.config.Change@7c5e03e
01-01 08:00:12.064   475   475 D CompatConfig: Adding: com.android.server.compat.config.Change@7878e9f
01-01 08:00:12.065   475   475 D CompatConfig: Adding: com.android.server.compat.config.Change@265bec
01-01 08:00:12.065   475   475 D CompatConfig: Adding: com.android.server.compat.config.Change@4df3bb5
01-01 08:00:12.065   475   475 D CompatConfig: Adding: com.android.server.compat.config.Change@a3bc24a
01-01 08:00:12.066   475   475 D CompatConfig: Adding: com.android.server.compat.config.Change@fe075bb
01-01 08:00:12.066   475   475 D CompatConfig: Adding: com.android.server.compat.config.Change@134ad8
01-01 08:00:12.066   475   475 D CompatConfig: Adding: com.android.server.compat.config.Change@414de31
01-01 08:00:12.067   475   475 D CompatConfig: Adding: com.android.server.compat.config.Change@37bb916
01-01 08:00:12.067   475   475 D CompatConfig: Adding: com.android.server.compat.config.Change@b16b297
01-01 08:00:12.067   475   475 D CompatConfig: Adding: com.android.server.compat.config.Change@ade3c84
01-01 08:00:12.067   475   475 D CompatConfig: Adding: com.android.server.compat.config.Change@9282c6d
01-01 08:00:12.068   475   475 D CompatConfig: Adding: com.android.server.compat.config.Change@cf250a2
01-01 08:00:12.068   475   475 D CompatConfig: No directory /system/system_ext/etc/compatconfig, skipping
01-01 08:00:12.070   475   475 D CompatConfig: No directory /apex/com.android.wifi/etc/compatconfig, skipping
01-01 08:00:12.070   475   475 D CompatConfig: No directory /apex/com.android.vndk.v31/etc/compatconfig, skipping
01-01 08:00:12.070   475   475 D CompatConfig: No directory /apex/com.android.tzdata/etc/compatconfig, skipping
01-01 08:00:12.071   475   475 D CompatConfig: No directory /apex/com.android.tethering/etc/compatconfig, skipping
01-01 08:00:12.071   475   475 D CompatConfig: No directory /apex/com.android.sdkext/etc/compatconfig, skipping
01-01 08:00:12.071   475   475 D CompatConfig: No directory /apex/com.android.scheduling/etc/compatconfig, skipping
01-01 08:00:12.071   475   475 D CompatConfig: No directory /apex/com.android.runtime/etc/compatconfig, skipping
01-01 08:00:12.071   475   475 D CompatConfig: No directory /apex/com.android.resolv/etc/compatconfig, skipping
01-01 08:00:12.072   475   475 D CompatConfig: No directory /apex/com.android.permission/etc/compatconfig, skipping
01-01 08:00:12.072   475   475 D CompatConfig: No directory /apex/com.android.os.statsd/etc/compatconfig, skipping
01-01 08:00:12.072   475   475 D CompatConfig: No directory /apex/com.android.neuralnetworks/etc/compatconfig, skipping
01-01 08:00:12.073   514   514 D BootAnimation: BootAnimationPreloadTiming start time: 10011ms
01-01 08:00:12.073   475   475 D CompatConfig: Found a config file: /apex/com.android.mediaprovider/etc/compatconfig/media-provider-platform-compat-config.xml
01-01 08:00:12.074   475   475 D CompatConfig: Adding: com.android.server.compat.config.Change@2449cf0
01-01 08:00:12.075   475   475 D CompatConfig: Adding: com.android.server.compat.config.Change@a82269
01-01 08:00:12.076   475   475 D CompatConfig: Adding: com.android.server.compat.config.Change@848d4ee
01-01 08:00:12.076   475   475 D CompatConfig: Adding: com.android.server.compat.config.Change@5f75d8f
01-01 08:00:12.077   475   475 D CompatConfig: Adding: com.android.server.compat.config.Change@46e981c
01-01 08:00:12.077   392   392 I update_engine: [INFO:cleanup_previous_update_action.cc(112)] Executing task 1
01-01 08:00:12.077   475   475 D CompatConfig: Adding: com.android.server.compat.config.Change@7177c25
01-01 08:00:12.078   475   475 D CompatConfig: Adding: com.android.server.compat.config.Change@67151fa
01-01 08:00:12.079   475   475 D CompatConfig: No directory /apex/com.android.media.swcodec/etc/compatconfig, skipping
01-01 08:00:12.079   475   475 D CompatConfig: No directory /apex/com.android.media/etc/compatconfig, skipping
01-01 08:00:12.079   475   475 D CompatConfig: No directory /apex/com.android.ipsec/etc/compatconfig, skipping
01-01 08:00:12.079   475   475 D CompatConfig: No directory /apex/com.android.i18n/etc/compatconfig, skipping
01-01 08:00:12.079   475   475 D CompatConfig: No directory /apex/com.android.extservices/etc/compatconfig, skipping
01-01 08:00:12.079   475   475 D CompatConfig: No directory /apex/com.android.conscrypt/etc/compatconfig, skipping
01-01 08:00:12.085   475   475 D CompatConfig: Found a config file: /apex/com.android.art/etc/compatconfig/libcore-platform-compat-config.xml
01-01 08:00:12.086   392   392 I update_engine: [INFO:cleanup_previous_update_action.cc(124)] CleanupPreviousUpdateAction scheduled task ID 3 for WaitBootCompleted
01-01 08:00:12.088   475   475 D CompatConfig: Adding: com.android.server.compat.config.Change@468b5a1
01-01 08:00:12.088   475   475 D CompatConfig: Adding: com.android.server.compat.config.Change@37293c6
01-01 08:00:12.090   475   475 D CompatConfig: Adding: com.android.server.compat.config.Change@1f36f87
01-01 08:00:12.091   475   475 D CompatConfig: Adding: com.android.server.compat.config.Change@a0bceb4
01-01 08:00:12.091   475   524 I SystemConfig: Reading permissions from /system/etc/permissions/com.android.mediadrm.signer.xml
01-01 08:00:12.092   475   475 D CompatConfig: Adding: com.android.server.compat.config.Change@2f42652
01-01 08:00:12.093   475   524 I SystemConfig: Reading permissions from /system/etc/permissions/com.android.documentsui.xml
01-01 08:00:12.093   475   475 D CompatConfig: No directory /apex/com.android.appsearch/etc/compatconfig, skipping
01-01 08:00:12.094   475   475 D CompatConfig: No directory /apex/com.android.adbd/etc/compatconfig, skipping
01-01 08:00:12.097   475   475 I SystemServerTiming: StartFileIntegrityService
01-01 08:00:12.098   475   475 I SystemServiceManager: Starting com.android.server.security.FileIntegrityService
01-01 08:00:12.103   475   524 I SystemConfig: Reading permissions from /system/etc/permissions/android.software.webview.xml
01-01 08:00:12.107   475   524 I SystemConfig: Reading permissions from /system/etc/permissions/permissions-awbms.xml
01-01 08:00:12.110   475   524 I SystemConfig: Reading permissions from /system/etc/permissions/android.test.runner.xml
01-01 08:00:12.112   475   524 I SystemConfig: Reading permissions from /system/etc/permissions/android.hardware.hdmi.cec.xml
01-01 08:00:12.113   475   524 I SystemConfig: Reading permissions from /system/etc/permissions/android.software.controls.xml
01-01 08:00:12.118   514   514 E BootAnimation: no audio.wav could be found!
01-01 08:00:12.118   514   514 D BootAnimation: BootAnimationPreloadStopTiming start time: 10057ms
01-01 08:00:12.120   275   323 E HWComposer: getSupportedContentTypes: getSupportedContentTypes failed for display 0: Unsupported (8)
01-01 08:00:12.123   514   527 E cutils-trace: Error opening trace file: No such file or directory (2)
01-01 08:00:12.125   475   524 I SystemConfig: Reading permissions from /system/etc/permissions/android.test.base.xml
01-01 08:00:12.128   475   524 I SystemConfig: Reading permissions from /system/etc/permissions/privapp-vendor-permissions.xml
01-01 08:00:12.136   475   507 I Zygote  : Preloading shared libraries...
01-01 08:00:12.139   475   524 I SystemConfig: Reading permissions from /system/etc/permissions/com.android.networkstack.xml
01-01 08:00:12.141   475   524 I SystemConfig: Reading permissions from /system/etc/permissions/com.android.future.usb.accessory.xml
01-01 08:00:12.142   475   524 I SystemConfig: Reading permissions from /system/etc/permissions/android.test.mock.xml
01-01 08:00:12.144   475   524 I SystemConfig: Reading permissions from /system/etc/permissions/com.android.networkstack.tethering.xml
01-01 08:00:12.145   514   527 D libEGL  : loaded /vendor/lib/egl/libGLES_mali.so
01-01 08:00:12.146   475   524 I SystemConfig: Reading permissions from /system/etc/permissions/com.android.media.remotedisplay.xml
01-01 08:00:12.148   475   524 I SystemConfig: Reading permissions from /system/etc/permissions/com.android.location.provider.xml
01-01 08:00:12.151   475   524 I SystemConfig: Reading permissions from /system/etc/permissions/oranth-privapp-permissions.xml
01-01 08:00:12.159   475   524 I SystemConfig: Reading permissions from /system/etc/permissions/org.apache.http.legacy.xml
01-01 08:00:12.161   475   524 I SystemConfig: Reading permissions from /system/etc/permissions/android.software.live_wallpaper.xml
01-01 08:00:12.163   475   524 I SystemConfig: Reading permissions from /system/etc/permissions/javax.obex.xml
01-01 08:00:12.165   475   524 I SystemConfig: Reading permissions from /system/etc/permissions/platform.xml
01-01 08:00:12.174   475   524 I SystemConfig: Reading permissions from /vendor/etc/permissions/id.hardware.camera.xml
01-01 08:00:12.176   475   524 I SystemConfig: Reading permissions from /vendor/etc/permissions/android.hardware.wifi.direct.xml
01-01 08:00:12.178   475   524 I SystemConfig: Reading permissions from /vendor/etc/permissions/android.hardware.reboot_escrow.xml
01-01 08:00:12.181   475   524 I SystemConfig: Reading permissions from /vendor/etc/permissions/android.hardware.vulkan.version.xml
01-01 08:00:12.183   475   524 I SystemConfig: Reading permissions from /vendor/etc/permissions/android.hardware.wifi.xml
01-01 08:00:12.186   475   524 I SystemConfig: Reading permissions from /vendor/etc/permissions/android.hardware.hardware_keystore.xml
01-01 08:00:12.188   475   524 I SystemConfig: Reading permissions from /vendor/etc/permissions/android.hardware.vulkan.compute.xml
01-01 08:00:12.189   475   524 I SystemConfig: Reading permissions from /vendor/etc/permissions/android.hardware.ethernet.xml
01-01 08:00:12.190   475   524 I SystemConfig: Reading permissions from /vendor/etc/permissions/android.hardware.usb.host.xml
01-01 08:00:12.192   475   524 I SystemConfig: Reading permissions from /vendor/etc/permissions/android.hardware.opengles.aep.xml
01-01 08:00:12.193   475   524 I SystemConfig: Reading permissions from /vendor/etc/permissions/android.software.backup.xml
01-01 08:00:12.194   475   475 I SystemServerTiming: StartInstaller
01-01 08:00:12.197   475   475 I SystemServiceManager: Starting com.android.server.pm.Installer
01-01 08:00:12.198   475   524 I SystemConfig: Reading permissions from /vendor/etc/permissions/android.hardware.camera.front.xml
01-01 08:00:12.199   475   524 I SystemConfig: Reading permissions from /vendor/etc/permissions/android.hardware.wifi.passpoint.xml
01-01 08:00:12.201   475   524 I SystemConfig: Reading permissions from /vendor/etc/permissions/android.hardware.usb.accessory.xml
01-01 08:00:12.202   475   524 I SystemConfig: Reading permissions from /vendor/etc/permissions/android.software.ipsec_tunnels.xml
01-01 08:00:12.205   355   369 D installd: Found quota mount /dev/block/by-name/userdata at /data
01-01 08:00:12.205   355   369 D installd: Found quota mount /dev/block/by-name/userdata at /data/user/0
01-01 08:00:12.207   475   475 I SystemServerTiming: DeviceIdentifiersPolicyService
01-01 08:00:12.207   475   475 I SystemServiceManager: Starting com.android.server.os.DeviceIdentifiersPolicyService
01-01 08:00:12.208   475   475 I SystemServerTiming: UriGrantsManagerService
01-01 08:00:12.208   475   475 I SystemServiceManager: Starting com.android.server.uri.UriGrantsManagerService$Lifecycle
01-01 08:00:12.209   475   524 I SystemConfig: Reading permissions from /vendor/etc/permissions/android.software.midi.xml
01-01 08:00:12.212   475   475 I SystemServerTiming: StartPowerStatsService
01-01 08:00:12.212   475   475 I SystemServiceManager: Starting com.android.server.powerstats.PowerStatsService
01-01 08:00:12.213   475   524 I SystemConfig: Reading permissions from /vendor/etc/permissions/android.software.pppoe.xml
01-01 08:00:12.215   180   180 E servicemanager: Could not find android.hardware.power.stats.IPowerStats/default in the VINTF manifest.
01-01 08:00:12.216   475   524 I SystemConfig: Reading permissions from /vendor/etc/permissions/android.software.opengles.deqp.level.xml
01-01 08:00:12.218   181   181 I hwservicemanager: getTransport: Cannot find entry android.hardware.power.stats@1.0::IPowerStats/default in either framework or device VINTF manifest.
01-01 08:00:12.219   475   524 I SystemConfig: Reading permissions from /vendor/etc/permissions/android.software.vulkan.deqp.level.xml
01-01 08:00:12.219   475   475 E PowerStatsService: Unable to get power.stats HAL service.
01-01 08:00:12.219   475   475 E PowerStatsService: nativeInit failed to connect to power.stats HAL
01-01 08:00:12.220   475   475 I SystemServerTiming: StartIStatsService
01-01 08:00:12.221   475   524 I SystemConfig: Reading permissions from /vendor/etc/permissions/android.hardware.bluetooth_le.xml
01-01 08:00:12.221   181   181 I hwservicemanager: getTransport: Cannot find entry android.frameworks.stats@1.0::IStats/default in either framework or device VINTF manifest.
01-01 08:00:12.222   475   475 E HidlServiceManagement: Service android.frameworks.stats@1.0::IStats/default must be in VINTF manifest in order to register/get.
01-01 08:00:12.222   475   475 W system_server: Cannot register HIDL android.frameworks.stats@1.0::IStats: -2147483648
01-01 08:00:12.223   180   180 I servicemanager: Found android.frameworks.stats.IStats/default in framework VINTF manifest.
01-01 08:00:12.223   475   475 I SystemServerTiming: MemtrackProxyService
01-01 08:00:12.224   475   524 I SystemConfig: Reading permissions from /vendor/etc/permissions/android.hardware.camera.flash-autofocus.xml
01-01 08:00:12.224   181   181 I hwservicemanager: getTransport: Cannot find entry android.hardware.memtrack@1.0::IMemtrack/default in either framework or device VINTF manifest.
01-01 08:00:12.225   180   180 E servicemanager: Could not find android.hardware.memtrack.IMemtrack/default in the VINTF manifest.
01-01 08:00:12.225   475   524 I SystemConfig: Reading permissions from /vendor/etc/permissions/android.hardware.keystore.app_attest_key.xml
01-01 08:00:12.225   475   475 I Stability: Interface set with vintf stability wire protocol version 1 downgraded to system stability wire protocol version 1 stability
01-01 08:00:12.226   475   475 I SystemServerTiming: StartActivityManager
01-01 08:00:12.226   475   475 I SystemServiceManager: Starting com.android.server.wm.ActivityTaskManagerService$Lifecycle
01-01 08:00:12.224   514   514 I BootAnimation: type=1400 audit(0.0:292): avc: denied { search } for name="data" dev="mmcblk0p25" ino=88 scontext=u:r:bootanim:s0 tcontext=u:object_r:system_data_file:s0:c512,c768 tclass=dir permissive=1
01-01 08:00:12.233   181   181 I hwservicemanager: getTransport: Cannot find entry android.hardware.configstore@1.0::ISurfaceFlingerConfigs/default in either framework or device VINTF manifest.
01-01 08:00:12.233   475   524 I SystemConfig: Reading permissions from /vendor/etc/permissions/android.hardware.vulkan.level.xml
01-01 08:00:12.238   475   475 I SystemServiceManager: Starting com.android.server.am.ActivityManagerService$Lifecycle
01-01 08:00:12.240   475   524 I SystemConfig: Reading permissions from /vendor/etc/permissions/android.hardware.camera.external.xml
01-01 08:00:12.243   475   524 I SystemConfig: Reading permissions from /vendor/etc/permissions/android.software.verified_boot.xml
01-01 08:00:12.247   475   524 I SystemConfig: Reading permissions from /vendor/etc/permissions/android.hardware.bluetooth.xml
01-01 08:00:12.249   475   524 I SystemConfig: Reading permissions from /vendor/etc/permissions/tv_core_hardware.xml
01-01 08:00:12.251   475   524 I SystemConfig: Reading permissions from /vendor/etc/permissions/android.hardware.touchscreen.multitouch.xml
01-01 08:00:12.256   475   524 I SystemConfig: Reading permissions from /product/etc/sysconfig/preinstalled-packages-platform-overlays.xml
01-01 08:00:12.258   475   475 I ActivityManager: Memory class: 256
01-01 08:00:12.260   475   524 I SystemConfig: Reading permissions from /product/etc/sysconfig/preinstalled-packages-platform-handheld-product.xml
01-01 08:00:12.264   475   524 I SystemConfig: Reading permissions from /product/etc/permissions/com.android.tv.xml
01-01 08:00:12.265   475   538 I Binder  : Setting heavy hitter watcher config: false, 0, 0.0
01-01 08:00:12.267   475   524 I SystemConfig: Reading permissions from /product/etc/permissions/com.android.settings.intelligence.xml
01-01 08:00:12.270   475   524 W SystemConfig: No directory /system_ext/etc/sysconfig, skipping
01-01 08:00:12.270   514   527 D BootAnimation: BootAnimationShownTiming start time: 10209ms
01-01 08:00:12.271   475   524 I SystemConfig: Reading permissions from /system_ext/etc/permissions/com.android.carrierconfig.xml
01-01 08:00:12.274   475   524 I SystemConfig: Reading permissions from /system_ext/etc/permissions/com.softwinner.screenshot.xml
01-01 08:00:12.279   475   524 I SystemConfig: Reading permissions from /system_ext/etc/permissions/privapp-settingssetup.xml
01-01 08:00:12.281   475   524 I SystemConfig: Reading permissions from /system_ext/etc/permissions/com.android.storagemanager.xml
01-01 08:00:12.284   475   524 I SystemConfig: Reading permissions from /system_ext/etc/permissions/com.android.tv.settings.xml
01-01 08:00:12.286   475   524 I SystemConfig: Reading permissions from /system_ext/etc/permissions/provision-permissions.xml
01-01 08:00:12.288   475   524 I SystemConfig: Reading permissions from /system_ext/etc/permissions/com.android.provision.xml
01-01 08:00:12.290   475   524 I SystemConfig: Reading permissions from /system_ext/etc/permissions/com.android.systemui.xml
01-01 08:00:12.297   475   524 I SystemConfig: Reading permissions from /apex/com.android.ipsec/etc/permissions/android.net.ipsec.ike.xml
01-01 08:00:12.308   475   524 W SystemConfig: Failed to read public libraries file /vendor/etc/public.libraries.txt
01-01 08:00:12.308   475   524 W SystemConfig: java.io.FileNotFoundException: /vendor/etc/public.libraries.txt: open failed: ENOENT (No such file or directory)
01-01 08:00:12.308   475   524 W SystemConfig: 	at libcore.io.IoBridge.open(IoBridge.java:575)
01-01 08:00:12.308   475   524 W SystemConfig: 	at java.io.FileInputStream.<init>(FileInputStream.java:160)
01-01 08:00:12.308   475   524 W SystemConfig: 	at java.io.FileReader.<init>(FileReader.java:72)
01-01 08:00:12.308   475   524 W SystemConfig: 	at com.android.server.SystemConfig.readPublicLibrariesListFile(SystemConfig.java:1601)
01-01 08:00:12.308   475   524 W SystemConfig: 	at com.android.server.SystemConfig.readPublicNativeLibrariesList(SystemConfig.java:1583)
01-01 08:00:12.308   475   524 W SystemConfig: 	at com.android.server.SystemConfig.<init>(SystemConfig.java:484)
01-01 08:00:12.308   475   524 W SystemConfig: 	at com.android.server.SystemConfig.getInstance(SystemConfig.java:272)
01-01 08:00:12.308   475   524 W SystemConfig: 	at com.android.server.SystemServer$$ExternalSyntheticLambda7.run(Unknown Source:0)
01-01 08:00:12.308   475   524 W SystemConfig: 	at com.android.server.SystemServerInitThreadPool.lambda$submitTask$0$SystemServerInitThreadPool(SystemServerInitThreadPool.java:105)
01-01 08:00:12.308   475   524 W SystemConfig: 	at com.android.server.SystemServerInitThreadPool$$ExternalSyntheticLambda0.run(Unknown Source:6)
01-01 08:00:12.308   475   524 W SystemConfig: 	at java.util.concurrent.Executors$RunnableAdapter.call(Executors.java:462)
01-01 08:00:12.308   475   524 W SystemConfig: 	at java.util.concurrent.FutureTask.run(FutureTask.java:266)
01-01 08:00:12.308   475   524 W SystemConfig: 	at java.util.concurrent.ThreadPoolExecutor.runWorker(ThreadPoolExecutor.java:1167)
01-01 08:00:12.308   475   524 W SystemConfig: 	at java.util.concurrent.ThreadPoolExecutor$Worker.run(ThreadPoolExecutor.java:641)
01-01 08:00:12.308   475   524 W SystemConfig: 	at com.android.internal.util.ConcurrentUtils$1$1.run(ConcurrentUtils.java:65)
01-01 08:00:12.308   475   524 W SystemConfig: Caused by: android.system.ErrnoException: open failed: ENOENT (No such file or directory)
01-01 08:00:12.308   475   524 W SystemConfig: 	at libcore.io.Linux.open(Native Method)
01-01 08:00:12.308   475   524 W SystemConfig: 	at libcore.io.ForwardingOs.open(ForwardingOs.java:567)
01-01 08:00:12.308   475   524 W SystemConfig: 	at libcore.io.BlockGuardOs.open(BlockGuardOs.java:273)
01-01 08:00:12.308   475   524 W SystemConfig: 	at libcore.io.IoBridge.open(IoBridge.java:561)
01-01 08:00:12.308   475   524 W SystemConfig: 	... 14 more
01-01 08:00:12.311   475   524 D SystemServerInitThreadPool: Finished executing ReadingSystemConfig
01-01 08:00:12.334   181   181 I hwservicemanager: getTransport: Cannot find entry android.hardware.graphics.mapper@4.0::IMapper/default in either framework or device VINTF manifest.
01-01 08:00:12.334   514   527 I Gralloc4: mapper 4.x is not supported
01-01 08:00:12.335   181   181 I hwservicemanager: getTransport: Cannot find entry android.hardware.graphics.mapper@3.0::IMapper/default in either framework or device VINTF manifest.
01-01 08:00:12.335   514   527 W Gralloc3: mapper 3.x is not supported
01-01 08:00:12.343   514   527 E gralloc : Arm Module v1.0
01-01 08:00:12.344   181   181 I hwservicemanager: getTransport: Cannot find entry android.hardware.graphics.allocator@4.0::IAllocator/default in either framework or device VINTF manifest.
01-01 08:00:12.344   514   527 W Gralloc4: allocator 4.x is not supported
01-01 08:00:12.345   181   181 I hwservicemanager: getTransport: Cannot find entry android.hardware.graphics.allocator@3.0::IAllocator/default in either framework or device VINTF manifest.
01-01 08:00:12.345   514   527 W Gralloc3: allocator 3.x is not supported
01-01 08:00:12.350   475   506 W Zygote  : Class not found for preloading: android.view.SurfaceView$2
01-01 08:00:12.350   253   390 I gralloc : alloc buffer:W:1920 H:1080 S:1920 PL[1920 1080] SZ:8294400 fmt:43 if:0 af:43 usg:20000b00 fg:00000004
01-01 08:00:12.351   514   527 E ion     : ioctl c0044901 failed with code -1: Inappropriate ioctl for device
01-01 08:00:12.382   475   475 D BatteryStatsImpl: Reading daily items from /data/system/batterystats-daily.xml
01-01 08:00:12.388   275   275 I SurfaceFlinger: Enter boot animation
01-01 08:00:12.391   257   257 E ion     : ioctl c0044901 failed with code -1: Inappropriate ioctl for device
01-01 08:00:12.396   381   381 I         : DVI mode selected: packets not configured
01-01 08:00:12.396   381   381 I         : Error: set vsif failed
01-01 08:00:12.402   181   181 I hwservicemanager: getTransport: Cannot find entry android.hardware.power.stats@1.0::IPowerStats/default in either framework or device VINTF manifest.
01-01 08:00:12.403   475   545 E BatteryStatsService: Unable to load Power.Stats.HAL. Setting rail availability to false
01-01 08:00:12.406   475   545 E BluetoothAdapter: Bluetooth binder is null
01-01 08:00:12.408   475   545 I KernelCpuUidFreqTimeReader: mPerClusterTimesAvailable=false
01-01 08:00:12.413   475   545 W KernelCpuUidFreqTimeBpfMapReader: Failed to start tracking
01-01 08:00:12.414   475   545 W KernelCpuProcStringReader: File not found. It's normal if not implemented: /proc/uid_time_in_state
01-01 08:00:12.415   475   545 W KernelCpuUidActiveTimeBpfMapReader: Failed to start tracking
01-01 08:00:12.418   475   545 W KernelCpuProcStringReader: File not found. It's normal if not implemented: /proc/uid_concurrent_active_time
01-01 08:00:12.418   475   545 W KernelCpuUidClusterTimeBpfMapReader: Failed to start tracking
01-01 08:00:12.420   475   545 W KernelCpuProcStringReader: File not found. It's normal if not implemented: /proc/uid_concurrent_policy_time
01-01 08:00:12.423   475   545 E KernelCpuSpeedReader: Failed to read cpu-freq: /sys/devices/system/cpu/cpu0/cpufreq/stats/time_in_state: open failed: ENOENT (No such file or directory)
01-01 08:00:12.424   475   545 E system_server: Cannot read thread CPU times for PID 475
01-01 08:00:12.436   204   204 I Binder:204_2: type=1400 audit(0.0:293): avc: denied { read } for name="event_count" dev="sysfs" ino=22115 scontext=u:r:system_suspend:s0 tcontext=u:object_r:sysfs:s0 tclass=file permissive=1
01-01 08:00:12.436   204   204 I Binder:204_2: type=1400 audit(0.0:294): avc: denied { open } for path="/sys/devices/platform/soc@3000000/7040000.s_cir/wakeup/wakeup4/event_count" dev="sysfs" ino=22115 scontext=u:r:system_suspend:s0 tcontext=u:object_r:sysfs:s0 tclass=file permissive=1
01-01 08:00:12.436   204   204 I Binder:204_2: type=1400 audit(0.0:295): avc: denied { getattr } for path="/sys/devices/platform/soc@3000000/7040000.s_cir/wakeup/wakeup4/event_count" dev="sysfs" ino=22115 scontext=u:r:system_suspend:s0 tcontext=u:object_r:sysfs:s0 tclass=file permissive=1
01-01 08:00:12.441   253   390 I gralloc : alloc buffer:W:1920 H:1080 S:1920 PL[1920 1080] SZ:8294400 fmt:43 if:0 af:43 usg:20000b00 fg:00000004
01-01 08:00:12.448   475   545 W KernelMemoryBandwidthStats: No kernel memory bandwidth stats available
01-01 08:00:12.459   381   381 I         : DVI mode selected: packets not configured
01-01 08:00:12.459   381   381 I         : Error: set vsif failed
01-01 08:00:12.525   381   381 I         : DVI mode selected: packets not configured
01-01 08:00:12.525   381   381 I         : Error: set vsif failed
01-01 08:00:12.574   381   381 I         : DVI mode selected: packets not configured
01-01 08:00:12.574   381   381 I         : Error: set vsif failed
01-01 08:00:12.613   475   506 I Zygote  : ...preloaded 7337 classes in 1031ms.
01-01 08:00:12.614   475   505 I Zygote  : Called ZygoteHooks.endPreload()
01-01 08:00:12.615   475   505 I Zygote  : Installed AndroidKeyStoreProvider in 1ms.
01-01 08:00:12.624   381   381 I         : DVI mode selected: packets not configured
01-01 08:00:12.624   381   381 I         : Error: set vsif failed
01-01 08:00:12.633   475   505 I Zygote  : Warmed up JCA providers in 18ms.
01-01 08:00:12.633   475   505 D Zygote  : Zygote:ThreadPreadloadClass took 1052ms.
01-01 08:00:12.691   381   381 I         : DVI mode selected: packets not configured
01-01 08:00:12.691   381   381 I         : Error: set vsif failed
01-01 08:00:12.741   381   381 I         : DVI mode selected: packets not configured
01-01 08:00:12.741   381   381 I         : Error: set vsif failed
01-01 08:00:12.747   475   475 I IntentFirewall: Read new rules (A:0 B:0 S:0)
01-01 08:00:12.763   475   475 E libprocessgroup: Failed to open /dev/memcg/apps: Permission denied
01-01 08:00:12.768   475   475 D AppOps  : AppOpsService published
01-01 08:00:12.770   475   475 I SystemServerTiming: StartDataLoaderManagerService
01-01 08:00:12.770   475   475 I SystemServiceManager: Starting com.android.server.pm.DataLoaderManagerService
01-01 08:00:12.774   475   475 I SystemServerTiming: StartIncrementalService
01-01 08:00:12.777   475   475 I incfs-mounts: [incfs] Loaded incremental-fs mount info: 0 instances, 0 mount points
01-01 08:00:12.779   475   475 I SystemServerTiming: StartPowerManager
01-01 08:00:12.779   475   475 I SystemServiceManager: Starting com.android.server.power.PowerManagerService
01-01 08:00:12.791   381   381 I         : DVI mode selected: packets not configured
01-01 08:00:12.791   381   381 I         : Error: set vsif failed
01-01 08:00:12.791   180   180 I servicemanager: Found android.hardware.power.IPower/default in device VINTF manifest.
01-01 08:00:12.794   181   181 I hw-BpHwBinder: onLastStrongRef automatically unlinking death recipients
01-01 08:00:12.796   262   262 I AW_PowerHAL: Power setMode: INTERACTIVE to: 1
01-01 08:00:12.796   262   262 I AW_PowerHAL: not completed yet, ignore mode request other
01-01 08:00:12.796   262   262 I AW_PowerHAL: check: Mode 0 not Supported ,do nothing
01-01 08:00:12.798   475   475 I SystemServerTiming: StartThermalManager
01-01 08:00:12.798   475   475 I SystemServiceManager: Starting com.android.server.power.ThermalManagerService
01-01 08:00:12.800   475   475 I SystemServerTiming: StartHintManager
01-01 08:00:12.800   475   475 I SystemServiceManager: Starting com.android.server.power.hint.HintManagerService
01-01 08:00:12.802   475   475 E PowerHalController: getHintSessionPreferredRate failed: Status(-129, EX_TRANSACTION_FAILED): 'UNKNOWN_TRANSACTION: '
01-01 08:00:12.804   475   475 I SystemServerTiming: InitPowerManagement
01-01 08:00:12.807   475   475 I SystemServerTiming: StartRecoverySystemService
01-01 08:00:12.807   475   475 I SystemServiceManager: Starting com.android.server.recoverysystem.RecoverySystemService$Lifecycle
01-01 08:00:12.811   475   475 I PackageWatchdog: Syncing state, reason: added new observer
01-01 08:00:12.811   475   475 I PackageWatchdog: Not pruning observers, elapsed time: 0ms
01-01 08:00:12.811   475   475 I PackageWatchdog: Cancelling state sync, nothing to sync
01-01 08:00:12.811   475   537 I PackageWatchdog: Saving observer state to file
01-01 08:00:12.816   475   475 I SystemServerTiming: StartLightsService
01-01 08:00:12.817   475   475 I SystemServiceManager: Starting com.android.server.lights.LightsService
01-01 08:00:12.821   180   180 I servicemanager: Found android.hardware.light.ILights/default in device VINTF manifest.
01-01 08:00:12.828   261   261 I android.hardware.lights-service: Lights reporting supported lights size=1
01-01 08:00:12.830   475   475 I SystemServerTiming: StartSidekickService
01-01 08:00:12.830   475   475 I SystemServerTiming: StartDisplayManager
01-01 08:00:12.830   475   475 I SystemServiceManager: Starting com.android.server.display.DisplayManagerService
01-01 08:00:12.842   381   381 I         : DVI mode selected: packets not configured
01-01 08:00:12.842   381   381 I         : Error: set vsif failed
01-01 08:00:12.848   275   323 E HWComposer: getSupportedContentTypes: getSupportedContentTypes failed for display 0: Unsupported (8)
01-01 08:00:12.849   475   475 I SystemServerTiming: WaitForDisplay
01-01 08:00:12.849   475   475 I SystemServiceManager: Starting phase 100
01-01 08:00:12.849   475   475 I SystemServerTiming: OnBootPhase_100
01-01 08:00:12.861   475   520 I DisplayDeviceRepository: Display device added: DisplayDeviceInfo{"内置屏幕": uniqueId="local:0", 1920 x 1080, modeId 1, defaultModeId 1, supportedModes [{id=1, width=1920, height=1080, fps=60.000004, alternativeRefreshRates=[]}], colorMode 0, supportedColorModes [0], hdrCapabilities HdrCapabilities{mSupportedHdrTypes=[2, 3], mMaxLuminance=500.0, mMaxAverageLuminance=500.0, mMinLuminance=0.0}, allmSupported false, gameContentTypeSupported false, density 240, 0.16 x 0.16 dpi, appVsyncOff 1000000, presDeadline 16666666, touch INTERNAL, rotation 0, type INTERNAL, address {port=0}, deviceProductInfo null, state UNKNOWN, frameRateOverride , brightnessMinimum 0.0, brightnessMaximum 1.0, brightnessDefault 0.39763778, FLAG_DEFAULT_DISPLAY, FLAG_ROTATES_WITH_CONTENT, FLAG_SECURE, FLAG_SUPPORTS_PROTECTED_BUFFERS}
01-01 08:00:12.863   475   520 I LogicalDisplayMapper: Applying layout: [{addr: {port=0}, dispId: 0(ON)}], Previous layout: null
01-01 08:00:12.866   475   520 I LogicalDisplayMapper: Adding new display: 0: DisplayInfo{"内置屏幕", displayId 0", displayGroupId -1, FLAG_SECURE, FLAG_SUPPORTS_PROTECTED_BUFFERS, FLAG_TRUSTED, real 1920 x 1080, largest app 1920 x 1080, smallest app 1920 x 1080, appVsyncOff 1000000, presDeadline 16666666, mode 1, defaultMode 1, modes [{id=1, width=1920, height=1080, fps=60.000004, alternativeRefreshRates=[]}], hdrCapabilities HdrCapabilities{mSupportedHdrTypes=[2, 3], mMaxLuminance=500.0, mMaxAverageLuminance=500.0, mMinLuminance=0.0}, userDisabledHdrTypes [], minimalPostProcessingSupported false, rotation 0, state UNKNOWN, type INTERNAL, uniqueId "local:0", app 1920 x 1080, density 240 (0.16 x 0.16) dpi, layerStack 0, colorMode 0, supportedColorModes [0], address {port=0}, deviceProductInfo null, removeMode 0, refreshRateOverride 0.0, brightnessMinimum 0.0, brightnessMaximum 1.0, brightnessDefault 0.39763778}
01-01 08:00:12.867   475   520 I LogicalDisplayMapper: Setting new display group 0 for display 0, from previous group: null
01-01 08:00:12.868   475   475 I SystemServerTiming: StartDomainVerificationService
01-01 08:00:12.889   475   475 I SystemServerTiming: StartPackageManagerService
01-01 08:00:12.889   475   475 I Watchdog: Pausing HandlerChecker: main thread for reason: packagemanagermain. Pause count: 1
01-01 08:00:12.897   475   475 I PackageManagerTiming: create package manager
01-01 08:00:12.907   475   475 E PackageManager: /oem/delete.txt not exist
01-01 08:00:12.907   475   475 I PackageManagerTiming: createSubComponents
01-01 08:00:12.907   381   381 I         : DVI mode selected: packets not configured
01-01 08:00:12.907   381   381 I         : Error: set vsif failed
01-01 08:00:12.920   475   516 D SystemServerInitThreadPool: Finished executing loadPreinstalledSystemFontMap
01-01 08:00:12.941   475   475 I PackageManagerTiming: addSharedUsers
01-01 08:00:12.944   475   475 I PackageManagerTiming: get system config
01-01 08:00:12.947   475   475 D PackageManager: Directories scanned as system partitions: [/system:0, /vendor:524288, /odm:4194304, /oem:262144, /product:1048576, /system/system_ext:2097152, /apex/com.android.wifi:8388608, /apex/com.android.vndk.v31:8388608, /apex/com.android.tzdata:8388608, /apex/com.android.tethering:8388608, /apex/com.android.sdkext:8388608, /apex/com.android.scheduling:8388608, /apex/com.android.runtime:8388608, /apex/com.android.resolv:8388608, /apex/com.android.permission:8388608, /apex/com.android.os.statsd:8388608, /apex/com.android.neuralnetworks:8388608, /apex/com.android.mediaprovider:8388608, /apex/com.android.media.swcodec:8388608, /apex/com.android.media:8388608, /apex/com.android.ipsec:8388608, /apex/com.android.i18n:8388608, /apex/com.android.extservices:8388608, /apex/com.android.conscrypt:8388608, /apex/com.android.art:8388608, /apex/com.android.appsearch:8388608, /apex/com.android.adbd:8388608]
01-01 08:00:12.951   475   475 D SELinuxMMAC: Using policy file /system/etc/selinux/plat_mac_permissions.xml
01-01 08:00:12.954   475   475 D SELinuxMMAC: Using policy file /system_ext/etc/selinux/system_ext_mac_permissions.xml
01-01 08:00:12.956   475   475 D SELinuxMMAC: Using policy file /vendor/etc/selinux/vendor_mac_permissions.xml
01-01 08:00:12.957   475   475 I PackageManagerTiming: loadFallbacks
01-01 08:00:12.960   475   475 D FallbackCategoryProvider: Found 1 fallback categories
01-01 08:00:12.960   475   475 I PackageManagerTiming: read user settings
01-01 08:00:13.147   475   475 W android.permission.PermissionManager: Missing ActivityManager; assuming 1000 holds android.permission.SET_PREFERRED_APPLICATIONS
01-01 08:00:13.147   475   475 W android.permission.PermissionManager: Missing ActivityManager; assuming 1000 holds android.permission.SET_PREFERRED_APPLICATIONS
01-01 08:00:13.148   475   475 W android.permission.PermissionManager: Missing ActivityManager; assuming 1000 holds android.permission.SET_PREFERRED_APPLICATIONS
01-01 08:00:13.148   475   475 W android.permission.PermissionManager: Missing ActivityManager; assuming 1000 holds android.permission.SET_PREFERRED_APPLICATIONS
01-01 08:00:13.148   475   475 W android.permission.PermissionManager: Missing ActivityManager; assuming 1000 holds android.permission.SET_PREFERRED_APPLICATIONS
01-01 08:00:13.149   475   475 W android.permission.PermissionManager: Missing ActivityManager; assuming 1000 holds android.permission.SET_PREFERRED_APPLICATIONS
01-01 08:00:13.149   475   475 W android.permission.PermissionManager: Missing ActivityManager; assuming 1000 holds android.permission.SET_PREFERRED_APPLICATIONS
01-01 08:00:13.149   475   475 W android.permission.PermissionManager: Missing ActivityManager; assuming 1000 holds android.permission.SET_PREFERRED_APPLICATIONS
01-01 08:00:13.149   475   475 W android.permission.PermissionManager: Missing ActivityManager; assuming 1000 holds android.permission.SET_PREFERRED_APPLICATIONS
01-01 08:00:13.150   475   475 W android.permission.PermissionManager: Missing ActivityManager; assuming 1000 holds android.permission.SET_PREFERRED_APPLICATIONS
01-01 08:00:13.150   475   475 W android.permission.PermissionManager: Missing ActivityManager; assuming 1000 holds android.permission.SET_PREFERRED_APPLICATIONS
01-01 08:00:13.150   475   475 W android.permission.PermissionManager: Missing ActivityManager; assuming 1000 holds android.permission.SET_PREFERRED_APPLICATIONS
01-01 08:00:13.150   475   475 W android.permission.PermissionManager: Missing ActivityManager; assuming 1000 holds android.permission.SET_PREFERRED_APPLICATIONS
01-01 08:00:13.150   475   475 W android.permission.PermissionManager: Missing ActivityManager; assuming 1000 holds android.permission.SET_PREFERRED_APPLICATIONS
01-01 08:00:13.151   475   475 W android.permission.PermissionManager: Missing ActivityManager; assuming 1000 holds android.permission.SET_PREFERRED_APPLICATIONS
01-01 08:00:13.151   475   475 W android.permission.PermissionManager: Missing ActivityManager; assuming 1000 holds android.permission.SET_PREFERRED_APPLICATIONS
01-01 08:00:13.151   475   475 W android.permission.PermissionManager: Missing ActivityManager; assuming 1000 holds android.permission.SET_PREFERRED_APPLICATIONS
01-01 08:00:13.152   475   475 W android.permission.PermissionManager: Missing ActivityManager; assuming 1000 holds android.permission.SET_PREFERRED_APPLICATIONS
01-01 08:00:13.152   475   475 W android.permission.PermissionManager: Missing ActivityManager; assuming 1000 holds android.permission.SET_PREFERRED_APPLICATIONS
01-01 08:00:13.152   475   475 W android.permission.PermissionManager: Missing ActivityManager; assuming 1000 holds android.permission.SET_PREFERRED_APPLICATIONS
01-01 08:00:13.153   475   475 W android.permission.PermissionManager: Missing ActivityManager; assuming 1000 holds android.permission.SET_PREFERRED_APPLICATIONS
01-01 08:00:13.153   475   475 W android.permission.PermissionManager: Missing ActivityManager; assuming 1000 holds android.permission.SET_PREFERRED_APPLICATIONS
01-01 08:00:13.153   475   475 W android.permission.PermissionManager: Missing ActivityManager; assuming 1000 holds android.permission.SET_PREFERRED_APPLICATIONS
01-01 08:00:13.153   475   475 W android.permission.PermissionManager: Missing ActivityManager; assuming 1000 holds android.permission.SET_PREFERRED_APPLICATIONS
01-01 08:00:13.154   475   475 W android.permission.PermissionManager: Missing ActivityManager; assuming 1000 holds android.permission.SET_PREFERRED_APPLICATIONS
01-01 08:00:13.154   475   475 W android.permission.PermissionManager: Missing ActivityManager; assuming 1000 holds android.permission.SET_PREFERRED_APPLICATIONS
01-01 08:00:13.154   475   475 W android.permission.PermissionManager: Missing ActivityManager; assuming 1000 holds android.permission.SET_PREFERRED_APPLICATIONS
01-01 08:00:13.154   475   475 W android.permission.PermissionManager: Missing ActivityManager; assuming 1000 holds android.permission.SET_PREFERRED_APPLICATIONS
01-01 08:00:13.154   475   475 W android.permission.PermissionManager: Missing ActivityManager; assuming 1000 holds android.permission.SET_PREFERRED_APPLICATIONS
01-01 08:00:13.155   475   475 W android.permission.PermissionManager: Missing ActivityManager; assuming 1000 holds android.permission.SET_PREFERRED_APPLICATIONS
01-01 08:00:13.155   475   475 W android.permission.PermissionManager: Missing ActivityManager; assuming 1000 holds android.permission.SET_PREFERRED_APPLICATIONS
01-01 08:00:13.155   475   475 W android.permission.PermissionManager: Missing ActivityManager; assuming 1000 holds android.permission.SET_PREFERRED_APPLICATIONS
01-01 08:00:13.155   475   475 W android.permission.PermissionManager: Missing ActivityManager; assuming 1000 holds android.permission.SET_PREFERRED_APPLICATIONS
01-01 08:00:13.156   475   475 W android.permission.PermissionManager: Missing ActivityManager; assuming 1000 holds android.permission.SET_PREFERRED_APPLICATIONS
01-01 08:00:13.156   475   475 W android.permission.PermissionManager: Missing ActivityManager; assuming 1000 holds android.permission.SET_PREFERRED_APPLICATIONS
01-01 08:00:13.156   475   475 W android.permission.PermissionManager: Missing ActivityManager; assuming 1000 holds android.permission.SET_PREFERRED_APPLICATIONS
01-01 08:00:13.156   475   475 W android.permission.PermissionManager: Missing ActivityManager; assuming 1000 holds android.permission.SET_PREFERRED_APPLICATIONS
01-01 08:00:13.156   475   475 W android.permission.PermissionManager: Missing ActivityManager; assuming 1000 holds android.permission.SET_PREFERRED_APPLICATIONS
01-01 08:00:13.157   475   475 W android.permission.PermissionManager: Missing ActivityManager; assuming 1000 holds android.permission.SET_PREFERRED_APPLICATIONS
01-01 08:00:13.157   475   475 W android.permission.PermissionManager: Missing ActivityManager; assuming 1000 holds android.permission.SET_PREFERRED_APPLICATIONS
01-01 08:00:13.157   475   475 W android.permission.PermissionManager: Missing ActivityManager; assuming 1000 holds android.permission.SET_PREFERRED_APPLICATIONS
01-01 08:00:13.158   475   475 W android.permission.PermissionManager: Missing ActivityManager; assuming 1000 holds android.permission.SET_PREFERRED_APPLICATIONS
01-01 08:00:13.158   475   475 W android.permission.PermissionManager: Missing ActivityManager; assuming 1000 holds android.permission.SET_PREFERRED_APPLICATIONS
01-01 08:00:13.158   475   475 W android.permission.PermissionManager: Missing ActivityManager; assuming 1000 holds android.permission.SET_PREFERRED_APPLICATIONS
01-01 08:00:13.158   475   475 W android.permission.PermissionManager: Missing ActivityManager; assuming 1000 holds android.permission.SET_PREFERRED_APPLICATIONS
01-01 08:00:13.158   475   475 W android.permission.PermissionManager: Missing ActivityManager; assuming 1000 holds android.permission.SET_PREFERRED_APPLICATIONS
