06-06 19:31:12.308  2552  2552 I crashsdk:   at android.app.ActivityThread.handleStopService(ActivityThread.java:4669)
06-06 19:31:12.308  2552  2552 I crashsdk:   at android.app.ActivityThread.access$2100(ActivityThread.java:247)
06-06 19:31:12.308  2552  2552 I crashsdk:   at android.app.ActivityThread$H.handleMessage(ActivityThread.java:2096)
06-06 19:31:12.308  2552  2552 I crashsdk:   at android.os.Handler.dispatchMessage(Handler.java:106)
06-06 19:31:12.308  2552  2552 I crashsdk:   at android.os.Looper.loopOnce(Looper.java:201)
06-06 19:31:12.308  2552  2552 I crashsdk:   at android.os.Looper.loop(Looper.java:288)
06-06 19:31:12.308  2552  2552 I crashsdk:   at android.app.ActivityThread.main(ActivityThread.java:7854)
06-06 19:31:12.308  2552  2552 I crashsdk:   at java.lang.reflect.Method.invoke(Native Method)
06-06 19:31:12.308  2552  2552 I crashsdk:   at com.android.internal.os.RuntimeInit$MethodAndArgsCaller.run(RuntimeInit.java:548)
06-06 19:31:12.308  2552  2552 I crashsdk:   at com.android.internal.os.ZygoteInit.main(ZygoteInit.java:1182)
06-06 19:31:12.306  2552  2552 I awei.connection: type=1400 audit(0.0:1065): avc: denied { search } for name="com.dangbei.screencast" dev="mmcblk0p25" ino=890 scontext=u:r:platform_app:s0:c512,c768 tcontext=u:object_r:app_data_file:s0:c512,c768 tclass=dir permissive=1 app=com.dangbei.screencast
06-06 19:31:12.306  2552  2552 I awei.connection: type=1400 audit(0.0:1066): avc: denied { write } for name="tags" dev="mmcblk0p25" ino=2064 scontext=u:r:platform_app:s0:c512,c768 tcontext=u:object_r:app_data_file:s0:c512,c768 tclass=dir permissive=1 app=com.dangbei.screencast
06-06 19:31:12.306  2552  2552 I awei.connection: type=1400 audit(0.0:1067): avc: denied { add_name } for name="NOITCENNOC0IEWAUH0MOC.kill" scontext=u:r:platform_app:s0:c512,c768 tcontext=u:object_r:app_data_file:s0:c512,c768 tclass=dir permissive=1 app=com.dangbei.screencast
06-06 19:31:12.309  2552  2552 I Process : Sending signal. PID: 2552 SIG: 9
01-01 08:01:35.963     1     1 I init    : Untracked pid 2615 exited with status 0
06-06 19:31:12.369  2821  2892 W efs.send_log: tryFileLock sendlock sucess! processname: com.dangbei.screencast:bg_guard
06-06 19:31:12.371   475   810 I ActivityManager: Process com.huawei.connection (pid 2552) has died: fg  SVC 
06-06 19:31:12.372   475   540 I libprocessgroup: Successfully killed process cgroup uid 10020 pid 2552 in 0ms
06-06 19:31:12.373   243   243 I Zygote  : Process 2552 exited due to signal 9 (Killed)
06-06 19:31:12.379  2821  2841 I encast:bg_guar: Background young concurrent copying GC freed 66386(4565KB) AllocSpace objects, 25(500KB) LOS objects, 85% free, 4077KB/27MB, paused 376us total 127.970ms
06-06 19:31:12.505   657   657 E WifiHAL : wifi_get_link_stats: requestResponse Error:-5
06-06 19:31:12.507   475   607 E WifiVendorHal: getWifiLinkLayerStats_1_5_Internal(l.1191) failed {.code = ERROR_INVALID_ARGS, .description = }
01-01 08:01:36.294   768   768 E sprdwl  : sprdwl_rx_rsp_process ctx_id 0 recv rsp[WIFI_CMD_TX_DATA] status[SPRDWL_CMD_STATUS_ERROR]
01-01 08:01:36.315   768   768 E sprdwl  : sprdwl_rx_rsp_process ctx_id 0 recv rsp[WIFI_CMD_TX_DATA] status[SPRDWL_CMD_STATUS_ERROR]
06-06 19:31:13.267   475   519 W IorapForwardingService: No service published for: iorapd
06-06 19:31:13.303   475   538 D CompatibilityChangeReporter: Compat change id reported: 135634846; UID 10020; state: DISABLED
06-06 19:31:13.304   475   539 D CompatibilityChangeReporter: Compat change id reported: 143937733; UID 10020; state: DISABLED
06-06 19:31:13.317   243   243 D Zygote  : Forked child process 2942
06-06 19:31:13.320   475   539 I ActivityManager: app.processName = com.dangbei.screencast
06-06 19:31:13.320   475   539 I ActivityManager: Start proc 2942:com.dangbei.screencast/u0a20 for service {com.dangbei.screencast/com.dangbei.screencast.huaweicast.service.HuaweiCastService}
06-06 19:31:13.325  2942  2942 I Zygote  : seccomp disabled by setenforce 0
06-06 19:31:13.339   396   407 I adbd    : jdwp connection from 2942
06-06 19:31:13.357  2942  2942 D CompatibilityChangeReporter: Compat change id reported: 171979766; UID 10020; state: DISABLED
06-06 19:31:13.367  2942  2942 D ApplicationLoaders: Returning zygote-cached class loader: /system/framework/android.test.base.jar
06-06 19:31:13.367  2942  2942 D ApplicationLoaders: Returning zygote-cached class loader: /system/framework/android.hidl.manager-V1.0-java.jar
06-06 19:31:13.367  2942  2942 D ApplicationLoaders: Returning zygote-cached class loader: /system/framework/android.hidl.base-V1.0-java.jar
06-06 19:31:13.370  2942  2942 I gbei.screencast: type=1400 audit(0.0:1068): avc: denied { getattr } for path="/data/user/0/com.dangbei.screencast" dev="mmcblk0p25" ino=890 scontext=u:r:platform_app:s0:c512,c768 tcontext=u:object_r:app_data_file:s0:c512,c768 tclass=dir permissive=1 app=com.dangbei.screencast
06-06 19:31:13.389  2942  2942 V GraphicsEnvironment: ANGLE Developer option for 'com.dangbei.screencast' set to: 'default'
06-06 19:31:13.389  2942  2942 V GraphicsEnvironment: Neither updatable production driver nor prerelease driver is supported.
06-06 19:31:13.390  2942  2942 D NetworkSecurityConfig: Using Network Security Config from resource network_security_config debugBuild: false
06-06 19:31:13.392  2942  2942 D NetworkSecurityConfig: Using Network Security Config from resource network_security_config debugBuild: false
06-06 19:31:13.395  2942  2942 I MultiDex: VM with version 2.1.0 has multidex support
06-06 19:31:13.395  2942  2942 I MultiDex: Installing application
06-06 19:31:13.395  2942  2942 I MultiDex: VM has multidex support, MultiDex support library is disabled.
06-06 19:31:13.398  2942  2942 E PartsInfoProvider: onCreate: 
06-06 19:31:13.401  2942  2942 E ServiceUtils: start main service
06-06 19:31:13.404  2942  2942 E ServiceUtils: start main service
06-06 19:31:13.416  2942  2942 D AndroidAutoSize: designWidthInDp = 1920, designHeightInDp = 1080, screenWidth = 1920, screenHeight = 1080
06-06 19:31:13.416  2942  2942 D AndroidAutoSize: initDensity = 1.5, initScaledDensity = 1.5
06-06 19:31:13.434  2942  2942 I SharedPreferenc: type=1400 audit(0.0:1069): avc: denied { open } for path="/data/user/0/com.dangbei.screencast/shared_prefs/DEVICE_ID.xml" dev="mmcblk0p25" ino=2387 scontext=u:r:platform_app:s0:c512,c768 tcontext=u:object_r:app_data_file:s0:c512,c768 tclass=file permissive=1 app=com.dangbei.screencast
06-06 19:31:13.438  2821  2821 I CrashSDKNormalH: type=1400 audit(0.0:1070): avc: denied { lock } for path="/data/user/0/com.dangbei.screencast/crashsdk/tags/cr.wa" dev="mmcblk0p25" ino=2170 scontext=u:r:platform_app:s0:c512,c768 tcontext=u:object_r:app_data_file:s0:c512,c768 tclass=file permissive=1 app=com.dangbei.screencast
06-06 19:31:13.490  2942  2942 I gbei.screencast: type=1400 audit(0.0:1071): avc: denied { search } for name="net" dev="sysfs" ino=10442 scontext=u:r:platform_app:s0:c512,c768 tcontext=u:object_r:sysfs_net:s0 tclass=dir permissive=1 app=com.dangbei.screencast
06-06 19:31:13.490  2942  2942 I gbei.screencast: type=1400 audit(0.0:1072): avc: denied { read } for name="address" dev="sysfs" ino=16906 scontext=u:r:platform_app:s0:c512,c768 tcontext=u:object_r:sysfs_net:s0 tclass=file permissive=1 app=com.dangbei.screencast
06-06 19:31:13.490  2942  2942 I gbei.screencast: type=1400 audit(0.0:1073): avc: denied { open } for path="/sys/devices/virtual/net/dummy0/address" dev="sysfs" ino=16906 scontext=u:r:platform_app:s0:c512,c768 tcontext=u:object_r:sysfs_net:s0 tclass=file permissive=1 app=com.dangbei.screencast
06-06 19:31:13.490  2942  2942 I gbei.screencast: type=1400 audit(0.0:1074): avc: denied { getattr } for path="/sys/devices/virtual/net/dummy0/address" dev="sysfs" ino=16906 scontext=u:r:platform_app:s0:c512,c768 tcontext=u:object_r:sysfs_net:s0 tclass=file permissive=1 app=com.dangbei.screencast
06-06 19:31:13.542  2942  2982 I crashsdk: version unique build id: 6230cced
01-01 08:01:37.184  2966  2966 W audit   : audit_lost=566 audit_rate_limit=5 audit_backlog_limit=64
01-01 08:01:37.184  2966  2966 E audit   : rate limit exceeded
06-06 19:31:13.555  2942  2984 D crashsdk: Native log stat thread 2984 setup, waiting
06-06 19:31:13.558  2942  2966 I crashsdk: begin hack android.os.Process
06-06 19:31:13.558  2942  2966 I crashsdk: end hack android.os.Process
06-06 19:31:13.562   666   666 V TvNotificationHandler: Notification not added because it isn't relevant for tv
06-06 19:31:13.568   666   666 V TvNotificationHandler: Notification not added because it isn't relevant for tv
06-06 19:31:13.568  2942  2942 I TDLog   :  setReportUncaughtExceptions: true
06-06 19:31:13.570  2942  2942 E Application: onCreate:Version:v2.8.3/20830/883432e
06-06 19:31:13.629  2942  2942 E HuaweiCastService: onCreate called().
06-06 19:31:13.636  2942  2966 I Matrix.AnrTracer: anrTrace, final mAnrBeatTime:400, mAnrBeatRate:400
06-06 19:31:13.638  2942  2942 E PlayerClient: registerCallback com.dangbei.screencast.huaweicast.service.HuaweiCastService$a@8b2577f
06-06 19:31:13.638  2942  2942 D PlayerClient: registerCallback true
06-06 19:31:13.638  2942  2942 D PlayerClient: init.
06-06 19:31:13.639  2942  2942 W KIT_FWK_a: KitFwk is not installed, pls do not use related interfaces.
06-06 19:31:13.640  2942  2942 W KIT_FWK_a: KitFwk is not installed, pls do not use related interfaces.
06-06 19:31:13.640  2942  2942 E PlayerClient: bind player service by aar.
06-06 19:31:13.646  2942  2966 D LaunchConfigManager:  check in allready
06-06 19:31:13.659  2942  2992 W efs.send_log: tryFileLock start! 
06-06 19:31:13.660  2942  2942 D PlayerClient: bind player sink service true
06-06 19:31:13.660  2942  3002 I LaunchTrace: begin sendLaunchCache
06-06 19:31:13.663  2942  2967 I TDLog   : TalkingData SDK init...
06-06 19:31:13.663  2942  2967 I TDLog   : 	SDK_VERSION is: Android+TD+V5.0.7 gp Type:Native  Build_Num:2141
06-06 19:31:13.663  2942  2967 I TDLog   : 	App ID is: B9D7815EC975466AB1332111FCE62DF5
06-06 19:31:13.663  2942  2967 I TDLog   : 	App Channel is: os
06-06 19:31:13.663  2942  2967 I TDLog   : 	App Custom is: 
06-06 19:31:13.663  2942  2967 I TDLog   : 	SDK_OVC is: TDOVC+a3bb7754719798526508b6caad480dd7+SaaS
06-06 19:31:13.669   475  1342 W ActivityManager: Foreground service started from background can not have location/camera/microphone access: service com.dangbei.screencast/.huaweicast.service.HuaweiCastService
06-06 19:31:13.671  2942  2942 E HuaweiCastService: startForeground!
06-06 19:31:13.678  2942  2992 I efs.config: --->>> 删除旧的配置文件 false
06-06 19:31:13.686   475   810 W ActivityManager: Foreground service started from background can not have location/camera/microphone access: service com.dangbei.screencast/.startup.StartupService
06-06 19:31:13.709  2942  3011 I efs.base: lt=event`ev_ct=efs_core`ev_ac=pvuv`tm=2025-06-06 19:31:67`dn=771f93e8-8eaa-49df-8b16-e1b19b668479`ps=com.dangbei.screencast`um_os=android`stime=1749209473308`pid=2942`fr=android`pkg=com.dangbei.screencast`vcode=20830`dsp_w=1920`uid=771f93e8-8eaa-49df-8b16-e1b19b668479`rom=12`wid=771f93e8-8eaa-49df-8b16-e1b19b668479`um_app_carrier=`um_access=wifi`um_app_channel=os`um_crash_sdk_version=1.4.0`ctime=1749209473`model=dbbox-a2`lang=zh`net=wifi`brand=dangbei`dsp_h=1080`um_network_type=0`ver=v2.8.3`build_model=DBBOX-A2`w_tm=1749209473`appid=5fc60c21094d637f3130af19`um_umid_header=ai4e7fa82b434271882c971661bb5632b7`sdk=31`tzone=Asia/Shanghai`sdk_ver=1.3.6.umeng
06-06 19:31:13.715  2942  2992 I efs.config: current config version (-1) is older than another (1735614866)
06-06 19:31:13.715  2942  2992 I efs.config: load config from storage and notify observer
06-06 19:31:13.740  2942  2942 E raop    : *********************AirplayBroadcastServer+++++++++
06-06 19:31:13.747   475   617 D NsdService: New client listening to asynchronous messages
06-06 19:31:13.747   475   617 D NsdService: New client, channel: com.android.internal.util.AsyncChannel@523d84f messenger: android.os.Messenger@8455bdc
06-06 19:31:13.748  2942  2942 D CompatibilityChangeReporter: Compat change id reported: 191844585; UID 10020; state: DISABLED
06-06 19:31:13.784  2942  2942 E H264FrameQueue: H264FrameQueue: mFullQueueCount:200
06-06 19:31:13.796  1100  1226 D wenhc   : getScreenInfo uri = content://com.dangbei.screencast.parts.info/screen_cast
06-06 19:31:13.860  2942  2942 E StartupService: onConnected: 
06-06 19:31:13.869  2942  3003 I MobclickAgent: module init:azioc
06-06 19:31:13.877   666   666 V TvNotificationHandler: Notification not added because it isn't relevant for tv
06-06 19:31:13.895   666   666 V TvNotificationHandler: Notification not added because it isn't relevant for tv
06-06 19:31:13.958   475   810 W TelephonyPermissions: reportAccessDeniedToReadIdentifiers:com.dangbei.screencast:getSerial:-1
06-06 19:31:14.048  2942  2942 I crashsdk: Catcher mask: 5000, 20480
06-06 19:31:14.049  2942  2942 I crashsdk: Catcher thread 2947
06-06 19:31:14.050  2942  2942 D crashsdk: Register ANR handler ...
06-06 19:31:14.060  2942  2942 D HiSight-SinkService: onCreate.
06-06 19:31:14.064  2942  2942 D HiSight-ConnectionManager: start ConnectionManager
06-06 19:31:14.069  2942  2942 D HiSight-SinkService: onBind.
06-06 19:31:14.072  2942  3011 W efs.info.manager: network change: wifi
06-06 19:31:14.079  2942  2942 E HuaweiCastService: onStartCommand in 0
06-06 19:31:14.088  2942  2942 D PlayerClient: service connected.
06-06 19:31:14.088  2942  2942 D HiSight-SinkService: ITaskBinder registerCallback: true
06-06 19:31:14.088  2942  2942 D HiSight-HiSightManager: ITaskBinder registerCallback.
06-06 19:31:14.089  2942  2942 D HiSight-CallbackManager: addNewCallback. com.dangbei.screencast.huaweicast.service.HuaweiCastService$a@8b2577f
06-06 19:31:14.089  2942  2942 E HuaweiCastService: eventId: 4001
06-06 19:31:14.091  2942  2942 E HuaweiCastService: mPlayerClient is null.
06-06 19:31:14.092  2942  2942 D HiSight-HiSightManager: check capability vbr range not setting, using default value
06-06 19:31:14.092  2942  2942 E HuaweiCastService: mPlayerClient is null.
06-06 19:31:14.092  2942  2942 D HiSight-SinkService: setAuthMode
06-06 19:31:14.092  2942  2942 W HiSight-ConnectionManager: mSinkId is empty
06-06 19:31:14.095   475   810 I WifiService: acquireMulticastLock uid=10020
06-06 19:31:14.097   475  1342 I WifiService: acquireMulticastLock uid=10020
06-06 19:31:14.190   475   498 W TelephonyPermissions: reportAccessDeniedToReadIdentifiers:com.dangbei.screencast:getSerial:-1
06-06 19:31:14.214  2942  3067 V NFC     : this device does not have NFC support
06-06 19:31:14.268   475   519 W IorapForwardingService: No service published for: iorapd
01-01 08:01:38.516   381   381 W hdr10p_Configure: 64 callbacks suppressed
01-01 08:01:38.516   381   381 I         : DVI mode selected: packets not configured
01-01 08:01:38.516   381   381 W set_vsif_config: 64 callbacks suppressed
01-01 08:01:38.516   381   381 I         : Error: set vsif failed
01-01 08:01:38.542   381   381 I         : DVI mode selected: packets not configured
01-01 08:01:38.542   381   381 I         : Error: set vsif failed
01-01 08:01:38.558   381   381 I         : DVI mode selected: packets not configured
01-01 08:01:38.558   381   381 I         : Error: set vsif failed
01-01 08:01:38.575   381   381 I         : DVI mode selected: packets not configured
01-01 08:01:38.575   381   381 I         : Error: set vsif failed
01-01 08:01:38.591   381   381 I         : DVI mode selected: packets not configured
01-01 08:01:38.591   381   381 I         : Error: set vsif failed
01-01 08:01:38.608   381   381 I         : DVI mode selected: packets not configured
01-01 08:01:38.608   381   381 I         : Error: set vsif failed
01-01 08:01:38.625   381   381 I         : DVI mode selected: packets not configured
01-01 08:01:38.625   381   381 I         : Error: set vsif failed
01-01 08:01:38.641   381   381 I         : DVI mode selected: packets not configured
01-01 08:01:38.641   381   381 I         : Error: set vsif failed
01-01 08:01:38.658   381   381 I         : DVI mode selected: packets not configured
01-01 08:01:38.658   381   381 I         : Error: set vsif failed
01-01 08:01:38.675   381   381 I         : DVI mode selected: packets not configured
01-01 08:01:38.675   381   381 I         : Error: set vsif failed
06-06 19:31:15.270   475   519 W IorapForwardingService: No service published for: iorapd
06-06 19:31:15.294  3091  3091 I Thread-2: type=1400 audit(0.0:1090): avc: denied { execute } for name="am" dev="dm-1" ino=1160 scontext=u:r:system_app:s0 tcontext=u:object_r:vendor_file:s0 tclass=file permissive=1
06-06 19:31:15.294  3091  3091 I Thread-2: type=1400 audit(0.0:1091): avc: denied { read open } for path="/vendor/xbin/am" dev="dm-1" ino=1160 scontext=u:r:system_app:s0 tcontext=u:object_r:vendor_file:s0 tclass=file permissive=1
06-06 19:31:15.298  3091  3091 I Thread-2: type=1400 audit(0.0:1092): avc: denied { execute_no_trans } for path="/vendor/xbin/am" dev="dm-1" ino=1160 scontext=u:r:system_app:s0 tcontext=u:object_r:vendor_file:s0 tclass=file permissive=1
06-06 19:31:15.373  1200  1200 D bbb     : onStartCommand begin !!!!!!! data分区剩余 24969MB
06-06 19:31:15.377  1142  1142 D aaa     : LedStatusService onStartCommand begin
06-06 19:31:15.383  1142  3099 D aaa     : topPkg is -------------- :com.dangbei.leard.leradlauncher
06-06 19:31:15.391  1142  3099 D aaa     : WiFi is connect 
06-06 19:31:15.435  2942  2951 I gbei.screencas: Background young concurrent copying GC freed 126407(8252KB) AllocSpace objects, 53(1380KB) LOS objects, 84% free, 4418KB/28MB, paused 269us total 103.434ms
06-06 19:31:15.521   657   657 E WifiHAL : wifi_get_link_stats: requestResponse Error:-5
06-06 19:31:15.523   475   607 E WifiVendorHal: getWifiLinkLayerStats_1_5_Internal(l.1191) failed {.code = ERROR_INVALID_ARGS, .description = }
06-06 19:31:15.523  2821  2880 I efs.config: No update is required, less than 8h since the last update
01-01 08:01:39.316   768   768 E sprdwl  : sprdwl_rx_rsp_process ctx_id 0 recv rsp[WIFI_CMD_TX_DATA] status[SPRDWL_CMD_STATUS_ERROR]
01-01 08:01:39.363   768   768 E sprdwl  : sprdwl_rx_rsp_process ctx_id 0 recv rsp[WIFI_CMD_TX_DATA] status[SPRDWL_CMD_STATUS_ERROR]
01-01 08:01:39.382   768   768 E sprdwl  : sprdwl_rx_rsp_process ctx_id 0 recv rsp[WIFI_CMD_TX_DATA] status[SPRDWL_CMD_STATUS_ERROR]
06-06 19:31:15.982   263   263 I EventThread: type=1400 audit(0.0:1093): avc: denied { search } for name="extcon" dev="sysfs" ino=18109 scontext=u:r:hal_tv_cec_default:s0 tcontext=u:object_r:sysfs_extcon:s0 tclass=dir permissive=1
06-06 19:31:16.273   475   519 W IorapForwardingService: No service published for: iorapd
06-06 19:31:17.275   475   519 W IorapForwardingService: No service published for: iorapd
06-06 19:31:17.543  2821  2821 E GuardService: startMainRunnable: 
06-06 19:31:18.277   475   519 W IorapForwardingService: No service published for: iorapd
06-06 19:31:18.534   657   657 E WifiHAL : wifi_get_link_stats: requestResponse Error:-5
06-06 19:31:18.535   475   607 E WifiVendorHal: getWifiLinkLayerStats_1_5_Internal(l.1191) failed {.code = ERROR_INVALID_ARGS, .description = }
06-06 19:31:18.767   475   498 I WifiService: releaseMulticastLock uid=10020
06-06 19:31:18.769   475   498 I WifiService: releaseMulticastLock uid=10020
06-06 19:31:18.780  2942  2942 D HiSight-SinkService: setDiscoverable true
06-06 19:31:18.781  1100  1226 D wenhc   : getScreenInfo uri = content://com.dangbei.screencast.parts.info/screen_cast
06-06 19:31:18.781  2942  2942 D NearFieldManager: init.
06-06 19:31:18.782  2942  2942 D NearFieldManager: try check dmsdp
06-06 19:31:18.793  2942  2942 D NearFieldManager: package not exist
06-06 19:31:18.798   475   498 D CompatibilityChangeReporter: Compat change id reported: 135634846; UID 10020; state: DISABLED
06-06 19:31:18.798   475   539 D CompatibilityChangeReporter: Compat change id reported: 143937733; UID 10020; state: DISABLED
06-06 19:31:18.799  2942  2942 D NearFieldManager: bind nearfield service true
06-06 19:31:18.809  2942  2942 D NearFieldManager: registerCallback true
06-06 19:31:18.809  2942  2942 D HiSight-Discovery: set deviceInfo type:46
06-06 19:31:18.809  2942  2942 D HiSight-Discovery: startAdvertise 1
06-06 19:31:18.815   243   243 D Zygote  : Forked child process 3114
06-06 19:31:18.816   475   539 I ActivityManager: app.processName = com.huawei.connection
06-06 19:31:18.816   475   539 I ActivityManager: Start proc 3114:com.huawei.connection/u0a20 for service {com.dangbei.screencast/com.huawei.connection.service.NearFieldManagerService}
06-06 19:31:18.826  3114  3114 I Zygote  : seccomp disabled by setenforce 0
06-06 19:31:18.826  1992  1992 I rainbow_flow: type=1400 audit(0.0:1094): avc: denied { ioctl } for path="/dev/spidev1.0" dev="tmpfs" ino=5830 ioctlcmd=0x6b00 scontext=u:r:init:s0 tcontext=u:object_r:device:s0 tclass=chr_file permissive=1
06-06 19:31:18.840   396   407 I adbd    : jdwp connection from 3114
06-06 19:31:18.861  3114  3114 D CompatibilityChangeReporter: Compat change id reported: 171979766; UID 10020; state: DISABLED
06-06 19:31:18.870  3114  3114 D ApplicationLoaders: Returning zygote-cached class loader: /system/framework/android.test.base.jar
06-06 19:31:18.870  3114  3114 D ApplicationLoaders: Returning zygote-cached class loader: /system/framework/android.hidl.manager-V1.0-java.jar
06-06 19:31:18.870  3114  3114 D ApplicationLoaders: Returning zygote-cached class loader: /system/framework/android.hidl.base-V1.0-java.jar
06-06 19:31:18.891  3114  3114 V GraphicsEnvironment: ANGLE Developer option for 'com.dangbei.screencast' set to: 'default'
06-06 19:31:18.891  3114  3114 V GraphicsEnvironment: Neither updatable production driver nor prerelease driver is supported.
06-06 19:31:18.892  3114  3114 D NetworkSecurityConfig: Using Network Security Config from resource network_security_config debugBuild: false
06-06 19:31:18.894  3114  3114 D NetworkSecurityConfig: Using Network Security Config from resource network_security_config debugBuild: false
06-06 19:31:18.897  3114  3114 I MultiDex: VM with version 2.1.0 has multidex support
06-06 19:31:18.897  3114  3114 I MultiDex: Installing application
06-06 19:31:18.897  3114  3114 I MultiDex: VM has multidex support, MultiDex support library is disabled.
06-06 19:31:18.992  3114  3151 I crashsdk: version unique build id: 6230cced
06-06 19:31:18.990  3114  3114 I awei.connection: type=1400 audit(0.0:1095): avc: denied { read } for name="address" dev="sysfs" ino=25879 scontext=u:r:platform_app:s0:c512,c768 tcontext=u:object_r:sysfs:s0 tclass=file permissive=1 app=com.dangbei.screencast
06-06 19:31:18.990  3114  3114 I awei.connection: type=1400 audit(0.0:1096): avc: denied { open } for path="/sys/devices/platform/unisoc_wifi/net/wlan1/address" dev="sysfs" ino=25879 scontext=u:r:platform_app:s0:c512,c768 tcontext=u:object_r:sysfs:s0 tclass=file permissive=1 app=com.dangbei.screencast
06-06 19:31:18.990  3114  3114 I awei.connection: type=1400 audit(0.0:1097): avc: denied { getattr } for path="/sys/devices/platform/unisoc_wifi/net/wlan1/address" dev="sysfs" ino=25879 scontext=u:r:platform_app:s0:c512,c768 tcontext=u:object_r:sysfs:s0 tclass=file permissive=1 app=com.dangbei.screencast
01-01 08:01:42.641  3135  3135 W audit   : audit_lost=581 audit_rate_limit=5 audit_backlog_limit=64
06-06 19:31:18.994  3114  3114 I Thread-3: type=1400 audit(0.0:1098): avc: denied { read } for name="version" dev="proc" ino=4026532049 scontext=u:r:platform_app:s0:c512,c768 tcontext=u:object_r:proc_version:s0 tclass=file permissive=1 app=com.dangbei.screencast
06-06 19:31:18.994  3114  3114 I Thread-3: type=1400 audit(0.0:1099): avc: denied { open } for path="/proc/version" dev="proc" ino=4026532049 scontext=u:r:platform_app:s0:c512,c768 tcontext=u:object_r:proc_version:s0 tclass=file permissive=1 app=com.dangbei.screencast
01-01 08:01:42.641  3135  3135 E audit   : rate limit exceeded
06-06 19:31:19.003  3114  3152 D crashsdk: Native log stat thread 3152 setup, waiting
06-06 19:31:19.006  3114  3135 I crashsdk: begin hack android.os.Process
06-06 19:31:19.007  3114  3135 I crashsdk: end hack android.os.Process
06-06 19:31:19.019  2264  2341 D UtilLog : 日志批量上报 进行正常循环 ！！！！！！本次有0次请求,共0条数据
06-06 19:31:19.028  3114  3156 W efs.send_log: tryFileLock start! 
06-06 19:31:19.030  3114  3135 I Matrix.AnrTracer: anrTrace, final mAnrBeatTime:400, mAnrBeatRate:400
06-06 19:31:19.032  3114  3114 I TDLog   :  setReportUncaughtExceptions: true
06-06 19:31:19.034  3114  3114 E Application: onCreate:Version:v2.8.3/20830/883432e
06-06 19:31:19.036  3114  3156 I efs.config: --->>> 删除旧的配置文件 false
06-06 19:31:19.040  3114  3135 E LaunchManager: Non main process !
06-06 19:31:19.040  3114  3135 W System.err: java.lang.NullPointerException: Attempt to invoke virtual method 'boolean com.efs.sdk.launch.LaunchConfigManager.enableTracer()' on a null object reference
06-06 19:31:19.041  3114  3135 W System.err: 	at com.umeng.umcrash.UMCrash.init(Unknown Source:403)
06-06 19:31:19.041  3114  3135 W System.err: 	at java.lang.reflect.Method.invoke(Native Method)
06-06 19:31:19.041  3114  3135 W System.err: 	at com.umeng.commonsdk.UMConfigure.init(Unknown Source:811)
06-06 19:31:19.041  3114  3135 W System.err: 	at b.f.f.b.a(:4)
06-06 19:31:19.041  3114  3135 W System.err: 	at h.o.a.run(Unknown Source:2)
06-06 19:31:19.046  3114  3166 I efs.base: lt=event`ev_ct=efs_core`ev_ac=pvuv`tm=2025-06-06 19:31:03`dn=771f93e8-8eaa-49df-8b16-e1b19b668479`ps=com.huawei.connection`um_os=android`stime=1749209478785`pid=3114`fr=android`pkg=com.dangbei.screencast`vcode=20830`dsp_w=1920`uid=771f93e8-8eaa-49df-8b16-e1b19b668479`rom=12`wid=771f93e8-8eaa-49df-8b16-e1b19b668479`um_app_carrier=`um_access=wifi`um_app_channel=os`um_crash_sdk_version=1.4.0`ctime=1749209479`model=dbbox-a2`lang=zh`net=wifi`brand=dangbei`dsp_h=1080`um_network_type=0`ver=v2.8.3`build_model=DBBOX-A2`w_tm=1749209479`appid=5fc60c21094d637f3130af19`um_umid_header=ai4e7fa82b434271882c971661bb5632b7`sdk=31`tzone=Asia/Shanghai`sdk_ver=1.3.6.umeng
06-06 19:31:19.049  3114  3156 I efs.config: current config version (-1) is older than another (1735614866)
06-06 19:31:19.049  3114  3156 I efs.config: load config from storage and notify observer
06-06 19:31:19.061  1100  1226 D wenhc   : getScreenInfo uri = content://com.dangbei.screencast.parts.info/screen_cast
06-06 19:31:19.061  2942  2942 D HiSight-SinkService: setDiscoverable true
06-06 19:31:19.062  2942  2942 D HiSight-Discovery: set deviceInfo type:46
06-06 19:31:19.062  2942  2942 D HiSight-Discovery: startAdvertise 1
06-06 19:31:19.095  2942  2942 D HiSight-SinkService: setDiscoverable true
06-06 19:31:19.095  2942  2942 D HiSight-Discovery: set deviceInfo type:46
06-06 19:31:19.095  2942  2942 D HiSight-Discovery: startAdvertise 1
06-06 19:31:19.095  2942  2942 E HuaweiCastService: onStartCommand in 0
06-06 19:31:19.096  1100  1226 D wenhc   : getScreenInfo uri = content://com.dangbei.screencast.parts.info/screen_cast
06-06 19:31:19.105  3114  3114 D NearFieldManagerService: NearFieldManagerService.
06-06 19:31:19.106  3114  3114 D NearFieldManagerService: onCreate, enter.
06-06 19:31:19.106  3114  3114 I NearFieldManagerService: onBind, enter.
06-06 19:31:19.106  3114  3114 D NearFieldManagerService: initService
06-06 19:31:19.106  3114  3114 D NearFieldManagerService: NearField starting...
06-06 19:31:19.108  3114  3114 D NearFieldUtils: checkSystemProperty in
06-06 19:31:19.108  3114  3114 D NearFieldUtils: checkSystemProperty: systemProperties:
06-06 19:31:19.108  3114  3114 E NearFieldUtils: validProperty: priority is null
06-06 19:31:19.115  2942  2942 D NearFieldManager: service connected.
06-06 19:31:19.116   475   498 W ServiceManager: Permission failure: android.permission.HIGH_SAMPLING_RATE_SENSORS from uid=10020 pid=3114
06-06 19:31:19.117  2942  2942 D HiSight-Discovery: eventId: 4001
06-06 19:31:19.117  2942  3113 D HiSight-Discovery: msg 4001
06-06 19:31:19.117  2942  3113 D HiSight-Discovery: bind success, status Ready
06-06 19:31:19.117  2942  3113 D HiSight-Discovery: startAdvertise 2
06-06 19:31:19.117  2942  3113 D HiSight-Discovery: stopAdvertise.
06-06 19:31:19.118  2942  3113 D HiSight-Discovery: nearFieldStartListen deviceType 46
06-06 19:31:19.119  3114  3129 I NearFieldManagerImpl: setDeviceInfo, sDeviceId changes
06-06 19:31:19.119  3114  3129 I NearFieldManagerImpl: setDeviceInfo, sDeviceName changes
06-06 19:31:19.119  3114  3129 D NearFieldManagerImpl: setServiceData, sServiceData=[], serviceData=[32]
06-06 19:31:19.119  2942  3113 E NearFieldManager: setIdnNetworkPriority: networkPortPriority is empty
06-06 19:31:19.120  2942  3113 D NearFieldManager: StartListen moduleId: CastPlusDiscoveryModule
06-06 19:31:19.122  3114  3129 D NearFieldManagerImpl: startListen: moduleId: CastPlusDiscoveryModule
06-06 19:31:19.123  3114  3129 D NearFieldUtils: getPreferredIpAddress exec
06-06 19:31:19.123  3114  3129 D NearFieldUtils: getPreferredIpAddress by custom priority
06-06 19:31:19.123  3114  3129 D NearFieldUtils: getIpByInterfaceSetting customIdnNetworkPriority:[]
06-06 19:31:19.123  3114  3129 D NearFieldUtils: getPreferredIpAddress by default priority
06-06 19:31:19.124  3114  3137 I TDLog   : TalkingData SDK init...
06-06 19:31:19.124  3114  3137 I TDLog   : 	SDK_VERSION is: Android+TD+V5.0.7 gp Type:Native  Build_Num:2141
06-06 19:31:19.124  3114  3137 I TDLog   : 	App ID is: B9D7815EC975466AB1332111FCE62DF5
06-06 19:31:19.124  3114  3137 I TDLog   : 	App Channel is: os
06-06 19:31:19.124  3114  3137 I TDLog   : 	App Custom is: 
06-06 19:31:19.124  3114  3137 I TDLog   : 	SDK_OVC is: TDOVC+a3bb7754719798526508b6caad480dd7+SaaS
06-06 19:31:19.156  3114  3114 I crashsdk: Catcher mask: 5000, 20480
06-06 19:31:19.157  3114  3114 I crashsdk: Catcher thread 3119
06-06 19:31:19.158  3114  3114 D crashsdk: Register ANR handler ...
06-06 19:31:19.159  3114  3114 D NearFieldManagerImpl: onReceive action get:android.net.conn.CONNECTIVITY_CHANGE
06-06 19:31:19.160  3114  3166 W efs.info.manager: network change: wifi
06-06 19:31:19.163  3114  3114 D NearFieldUtils: getPreferredIpAddress exec
06-06 19:31:19.163  3114  3114 D NearFieldUtils: getPreferredIpAddress by custom priority
06-06 19:31:19.163  3114  3114 D NearFieldUtils: getIpByInterfaceSetting customIdnNetworkPriority:[]
06-06 19:31:19.163  3114  3114 D NearFieldUtils: getPreferredIpAddress by default priority
06-06 19:31:19.198  3114  3129 D NearFieldUtils: to get wlan0 ip address
06-06 19:31:19.198  3114  3129 D NearFieldUtils: get wlan0 IP succeed.
06-06 19:31:19.198  3114  3129 D NearFieldManagerImpl: sDeviceType: 46
06-06 19:31:19.198  3114  3129 D NearFieldManagerImpl: registerDevice() is called.
01-01 08:01:42.831   768   768 E sprdwl  : sprdwl_rx_rsp_process ctx_id 0 recv rsp[WIFI_CMD_TX_DATA] status[SPRDWL_CMD_STATUS_ERROR]
06-06 19:31:19.202  3114  3129 E NearFieldManagerUtilsNative: Begin System.loadLibrary()
06-06 19:31:19.216  3114  3114 D NearFieldUtils: to get wlan0 ip address
06-06 19:31:19.216  3114  3114 D NearFieldUtils: get wlan0 IP succeed.
06-06 19:31:19.216  3114  3114 E NearFieldManagerImpl: notifyByPriority: interfaceNameInUse is null
06-06 19:31:19.216  3114  3114 D NearFieldManagerImpl: handleConnectivityAction: notified by default
06-06 19:31:19.231  3114  3129 I HicomNfTimerManager: epoll fd:129 create success
06-06 19:31:19.232  3114  3129 I HicomNfTimerManager: epoll add fd:132--->129 success
06-06 19:31:19.232  3114  3129 I HicomNfTimerManager: time fd:132 add to epoll success
06-06 19:31:19.249  3114  3129 D nStackXDFinder: NSTACKX_Init:[146] :nstack ctrl creat epollfd 133
06-06 19:31:19.250  3114  3129 I nStackXDFinder: InitDefaultInterfaceName:[779] :InitDefaultInterfaceName exec
06-06 19:31:19.250  3114  3129 D nStackXCoAP: CoapServerInit:[174] :CoapServerInit is called
06-06 19:31:19.250  3114  3129 E nStackXDFinder: GetLocalIp:[401] :GetLocalIp exec
06-06 19:31:19.251  3114  3129 E nStackXDFinder: GetLocalIp:[407] :GetLocalIp, ifInfo is null
06-06 19:31:19.251  3114  3129 I HicomNfMainCtrlManager: NSTACKX_RegisterDevice is called
06-06 19:31:19.251  3114  3129 D NearFieldManagerImpl: Register device success.
06-06 19:31:19.251  3114  3129 I NearFieldManagerImpl: serviceName is castPlus
06-06 19:31:19.252  3114  3129 D NearFieldManagerImpl: registerCapability() called with: capabilityBitmapNum = 1, capabilityBitmap = [8]
06-06 19:31:19.252  3114  3129 I HicomNf_java_to_c: registerCapability, capabilityBitmapNum: 1
06-06 19:31:19.252  3114  3129 I HicomNfMainCtrlManager: RegisterCapability: 1, 8
06-06 19:31:19.252  3114  3129 D NearFieldManagerImpl: Register capability succeed with capabilityBitmapNum = 1, capabilityBitmap = [8]
06-06 19:31:19.252  3114  3129 D NearFieldManagerImpl: registerServiceData() called with: serviceData = 32
06-06 19:31:19.252  3114  3129 D NearFieldManagerImpl: registerModule() called with: packageModuleName = com.huawei.connection+CastPlusDiscoveryModule
06-06 19:31:19.252  3114  3129 I HicomNf_java_to_c: registerModule, moduleName: com.huawei.connection+CastPlusDiscoveryModule
06-06 19:31:19.252  3114  3129 I HicomNfMainCtrlManager: Enter RegisterModule
06-06 19:31:19.252  3114  3129 I HicomNfRegManager: RegisterModule OK, add module name com.huawei.connection+CastPlusDiscoveryModule
06-06 19:31:19.254  3114  3188 I nStackXDFinder: UpdateLocalNetworkInterface:[472] :UpdateLocalNetworkInterface exec,initerfaceName:wlan0
06-06 19:31:19.254  3114  3188 E nStackXDFinder: GetLocalIp:[401] :GetLocalIp exec
06-06 19:31:19.254  3114  3188 E nStackXDFinder: GetLocalIp:[407] :GetLocalIp, ifInfo is null
06-06 19:31:19.254  3114  3188 I nStackXDFinder: UpdateLocalNetworkInterface:[498] :UpdateLocalNetworkInterface copy ip value in default process
06-06 19:31:19.254  3114  3188 E nStackXDFinder: GetLocalIp:[401] :GetLocalIp exec
06-06 19:31:19.254  3114  3188 D nStackXCoAP: CoapServerInit:[174] :CoapServerInit is called
06-06 19:31:19.254  3114  3188 E nStackXDFinder: GetLocalIp:[401] :GetLocalIp exec
06-06 19:31:19.254  3114  3188 I nStackXUtil: BindToDevice:[352] :BindToDevice exec
06-06 19:31:19.254  3114  3188 I nStackXUtil: GetInterfaceByPriority:[279] :GetInterfaceByPriority exec
06-06 19:31:19.254  3114  3188 I nStackXUtil: GetInterfaceByDefault:[309] :GetInterfaceByDefault exec
06-06 19:31:19.254  3114  3188 I nStackXUtil: GetInterfaceByDefault:[316] :GetInterfaceByDefault, ndevice name: lo
06-06 19:31:19.254  3114  3188 I nStackXUtil: GetInterfaceByDefault:[316] :GetInterfaceByDefault, ndevice name: wlan0
06-06 19:31:19.254  2942  3113 I Hisight-DeviceListManager: init DeviceListManager.
06-06 19:31:19.255  3114  3188 I nStackXUtil: BindToDevice:[374] :BindToDevice, Bind localAddr name: wlan0
06-06 19:31:19.256  3114  3188 E nStackXUtil: BindToDeviceInner:[188] :setsockopt fail, errno = 1
06-06 19:31:19.256  3114  3188 E nStackXCoAP: CoapGetContext:[250] :bind to device fail
06-06 19:31:19.256  3114  3188 D nStackXCoAP: CoapInitResources:[744] :CoapInitResources g_wlanOrEthContext update
06-06 19:31:19.256  3114  3188 I nStackXDFinder: RegisterServiceData:[728] :RegisterServiceData, serviceData=[32]
06-06 19:31:19.266  3114  3114 D NearFieldUtils: to get wlan0 ip address
06-06 19:31:19.266  3114  3114 D NearFieldUtils: get wlan0 IP succeed.
06-06 19:31:19.266  3114  3114 I NearFieldManagerImpl: wlan Connected
06-06 19:31:19.267  3114  3114 I HicomNf_java_to_c: notifyNetworkStateChanged with maskStr, networkType: 0, networkState: 0, mask: 
06-06 19:31:19.267  3114  3114 I HicomNfMainCtrlManager: NotifyNetworkStateChanged is called with networkState: 0
06-06 19:31:19.267  3114  3114 I HicomNfMainCtrlManager: P2P and USB are both disconnected
06-06 19:31:19.267  3114  3114 I HicomNfSecureManager: stop listening
06-06 19:31:19.267  3114  3114 I HicomNfSecureManager: StopListening, m_sessionInfoLock out, before calling NSTACKX_DMsgClose 2
06-06 19:31:19.267  3114  3114 I HicomNfSecureManager: StopListening, after calling NSTACKX_DMsgClose 2
06-06 19:31:19.270  2942  3113 D Hisight-DeviceListManager: get old secret key
06-06 19:31:19.276  3114  3114 I HicomNf_java_to_c: notifyNetworkStateChanged with maskStr, networkType: 0, networkState: 1, mask: 255.255.254.0
06-06 19:31:19.276  3114  3114 I HicomNfMainCtrlManager: NotifyNetworkStateChanged is called with networkState: 1
06-06 19:31:19.276  3114  3114 I HicomNfSecureManager: StartListening, before calling NSTACKX_DMsgServer
06-06 19:31:19.276  3114  3114 I nStackXDMsg: NSTACKX_DMsgServer:[1335] :msgReceiver is not NULL 
06-06 19:31:19.276  3114  3114 D nStackXDMsg: StartDMsgMainThread:[1274] :pthread_create
06-06 19:31:19.276  3114  3114 I HicomNfSecureManager: StartListening, after calling NSTACKX_DMsgServer
06-06 19:31:19.276  3114  3114 I HicomNfSecureManager: OnehopSecureCtrlManager: succeeded to StartListening with type 0
06-06 19:31:19.279   475   519 W IorapForwardingService: No service published for: iorapd
06-06 19:31:19.283  2942  3113 E Hisight-ConnectAuthCallBack: readSecureFile failed, no such file
06-06 19:31:19.283  2942  3113 W Hisight-DeviceListManager: deviceRecords is empty
06-06 19:31:19.283  2942  3113 W Hisight-DeviceListManager: occur error, clear all the list
06-06 19:31:19.284  2942  3113 D Hisight-HiChainAuthControl: start HiChainAuthControl
06-06 19:31:19.289  2942  3113 I ConnectAuthJNI: JNI_OnLoad begin load
06-06 19:31:19.289  2942  3113 I ConnectAuthJNI: RegisterNativeMethod begin
06-06 19:31:19.289  2942  3113 I ConnectAuthJNI: RegisterNativeMethod end
06-06 19:31:19.289  2942  3113 I ConnectAuthJNI: RegisterNativeMethod 1004 methodLen=10
06-06 19:31:19.289  2942  3113 I ConnectAuthJNI: RegisterNativeMethod 1007 RegisterNatives=0
06-06 19:31:19.289  2942  3113 I ConnectAuthJNI: InitArraylist 1013
06-06 19:31:19.289  2942  3113 I ConnectAuthJNI: InitConnectAuthStaticJNIMethod 1114 methodRet=0
06-06 19:31:19.289  2942  3113 E ConnectAuthJNI: JNI_OnLoad finish....1138
06-06 19:31:19.289  2942  3113 D Hisight-HiChainAuthControl: setupAuthIfNeeded, HiChainInstance hasn't been initialized
06-06 19:31:19.289  2942  3113 I ConnectAuthJNI: Java_com_huawei_hisight_security_ConnectAuthNative_nativeSetup 795 call HiChainNativeSetup
06-06 19:31:19.289  2942  3113 I ConnectAuthJNI: HiChainNativeSetup 565 registe_log
06-06 19:31:19.289  2942  3113 I ConnectAuthJNI: HksStorageRegisterFileCallbacks 245 register hks file callback status =0
06-06 19:31:19.289  2942  3113 I ConnectAuthJNI: HksRegisterGetDeviceIdCallback 268 register hks get hardware udid callback status =0
06-06 19:31:19.290  2942  3113 D ConnectAuthJNI: [HiChain] get_instance Begin get instance
06-06 19:31:19.290  2942  3113 I ConnectAuthJNI: [HKS] hks_service_key_info_init hks init : begin
06-06 19:31:19.290  2942  3113 I ConnectAuthJNI: FileRead 113 FileRead
06-06 19:31:19.290  2942  3113 I ConnectAuthJNI: FileRead 122 FileRead call readSecureFile begin
06-06 19:31:19.290  2942  3113 E Hisight-ConnectAuthCallBack: readSecureFile failed, no such file
06-06 19:31:19.291  2942  3113 W ConnectAuthJNI: FileRead 132 FileRead call readSecureFile byteArray is null
06-06 19:31:19.291  2942  3113 I ConnectAuthJNI: [HKS] hks_rkc_init RKC init:begin, is_key_info_exist=0
06-06 19:31:19.291  2942  3113 I ConnectAuthJNI: [HKS] hks_rkc_init_entropy the entropy is empty
06-06 19:31:19.291  2942  3113 I ConnectAuthJNI: FileSize 214 FileSize
06-06 19:31:19.291  2942  3113 I ConnectAuthJNI: FileSize 230 fileSize=258
06-06 19:31:19.291  2942  3113 I ConnectAuthJNI: FileRead 113 FileRead
06-06 19:31:19.291  2942  3113 I ConnectAuthJNI: FileRead 122 FileRead call readSecureFile begin
06-06 19:31:19.292  2942  3113 I ConnectAuthJNI: FileRead 135 FileRead call readSecureFile end
06-06 19:31:19.292  2942  3113 I ConnectAuthJNI: FileRead 150 fileBuff size 258, buf len 258
06-06 19:31:19.292  2942  3113 I ConnectAuthJNI: FileSize 214 FileSize
06-06 19:31:19.292  2942  3113 I ConnectAuthJNI: FileSize 230 fileSize=258
06-06 19:31:19.292  2942  3113 I ConnectAuthJNI: FileRead 113 FileRead
06-06 19:31:19.292  2942  3113 I ConnectAuthJNI: FileRead 122 FileRead call readSecureFile begin
06-06 19:31:19.292  2942  3113 I ConnectAuthJNI: FileRead 135 FileRead call readSecureFile end
06-06 19:31:19.292  2942  3113 I ConnectAuthJNI: FileRead 150 fileBuff size 258, buf len 258
06-06 19:31:19.292  2942  3113 I ConnectAuthJNI: [HKS] hks_rkc_load_ksf load ksf success
06-06 19:31:19.292  2942  3113 I ConnectAuthJNI: [HKS] hks_rkc_init root key component init success
06-06 19:31:19.292  2942  3113 I ConnectAuthJNI: [HKS] hks_rkc_init RKC init:end,rc=0
06-06 19:31:19.292  2942  3113 I ConnectAuthJNI: [HKS] hks_service_key_info_init hks init : end
06-06 19:31:19.293  2942  3113 I ConnectAuthJNI: GetHiChainProtocolParamsCallback 371 GetHiChainProtocolParamsCallback operation_code= 99
06-06 19:31:19.293  2942  3113 I ConnectAuthJNI: paramLen is ,=0
06-06 19:31:19.293  2942  3113 I ConnectAuthJNI: paramLen is ,=0
06-06 19:31:19.293  2942  3113 I ConnectAuthJNI: GetHiChainProtocolParamsCallback 402 GetHiChainProtocolParamsCallback end
06-06 19:31:19.293  2942  3113 I ConnectAuthJNI: [HiChain] get_instance Get instance success
06-06 19:31:19.293  2942  3113 I ConnectAuthJNI: Java_com_huawei_hisight_security_ConnectAuthNative_nativeGetHiChainInstance 598 get instance success
06-06 19:31:19.293  2942  3113 D Hisight-HiChainAuthControl: destroyAuth
06-06 19:31:19.293  2942  3113 I ConnectAuthJNI: Java_com_huawei_hisight_security_ConnectAuthNative_nativeDestroy 603 destroy
06-06 19:31:19.293  2942  3113 D Hisight-HiChainAuthControl: setupAuthIfNeeded, HiChainInstance hasn't been initialized
06-06 19:31:19.293  2942  3113 I ConnectAuthJNI: Java_com_huawei_hisight_security_ConnectAuthNative_nativeSetup 795 call HiChainNativeSetup
06-06 19:31:19.293  2942  3113 I ConnectAuthJNI: HiChainNativeSetup 565 registe_log
06-06 19:31:19.293  2942  3113 I ConnectAuthJNI: HksStorageRegisterFileCallbacks 245 register hks file callback status =0
06-06 19:31:19.293  2942  3113 I ConnectAuthJNI: HksRegisterGetDeviceIdCallback 268 register hks get hardware udid callback status =0
06-06 19:31:19.293  2942  3113 D ConnectAuthJNI: [HiChain] get_instance Begin get instance
06-06 19:31:19.293  2942  3113 I ConnectAuthJNI: [HKS] hks_service_key_info_init hks init : begin
06-06 19:31:19.293  2942  3113 I ConnectAuthJNI: [HKS] hks_service_key_info_init hks init : end
06-06 19:31:19.293  2942  3113 I ConnectAuthJNI: GetHiChainProtocolParamsCallback 371 GetHiChainProtocolParamsCallback operation_code= 99
06-06 19:31:19.293  2942  3113 I ConnectAuthJNI: paramLen is ,=0
06-06 19:31:19.293  2942  3113 I ConnectAuthJNI: paramLen is ,=0
06-06 19:31:19.293  2942  3113 I ConnectAuthJNI: GetHiChainProtocolParamsCallback 402 GetHiChainProtocolParamsCallback end
06-06 19:31:19.293  2942  3113 I ConnectAuthJNI: [HiChain] get_instance Get instance success
06-06 19:31:19.293  2942  3113 I ConnectAuthJNI: Java_com_huawei_hisight_security_ConnectAuthNative_nativeGetHiChainInstance 598 get instance success
06-06 19:31:19.293  2942  3113 W ConnectAuthJNI: GetListTrustPeers 899 trustPeerSize=0
06-06 19:31:19.293  2942  3113 D Hisight-HiChainAuthControl: destroyAuth
06-06 19:31:19.293  2942  3113 I ConnectAuthJNI: Java_com_huawei_hisight_security_ConnectAuthNative_nativeDestroy 603 destroy
06-06 19:31:19.293  2942  3113 D Hisight-HiChainAuthControl: setupAuthIfNeeded, HiChainInstance hasn't been initialized
06-06 19:31:19.293  2942  3113 I ConnectAuthJNI: Java_com_huawei_hisight_security_ConnectAuthNative_nativeSetup 795 call HiChainNativeSetup
06-06 19:31:19.293  2942  3113 I ConnectAuthJNI: HiChainNativeSetup 565 registe_log
06-06 19:31:19.293  2942  3113 I ConnectAuthJNI: HksStorageRegisterFileCallbacks 245 register hks file callback status =0
06-06 19:31:19.293  2942  3113 I ConnectAuthJNI: HksRegisterGetDeviceIdCallback 268 register hks get hardware udid callback status =0
06-06 19:31:19.293  2942  3113 D ConnectAuthJNI: [HiChain] get_instance Begin get instance
06-06 19:31:19.293  2942  3113 I ConnectAuthJNI: [HKS] hks_service_key_info_init hks init : begin
06-06 19:31:19.293  2942  3113 I ConnectAuthJNI: [HKS] hks_service_key_info_init hks init : end
06-06 19:31:19.293  2942  3113 I ConnectAuthJNI: GetHiChainProtocolParamsCallback 371 GetHiChainProtocolParamsCallback operation_code= 99
06-06 19:31:19.293  2942  3113 I ConnectAuthJNI: paramLen is ,=0
06-06 19:31:19.293  2942  3113 I ConnectAuthJNI: paramLen is ,=0
06-06 19:31:19.293  2942  3113 I ConnectAuthJNI: GetHiChainProtocolParamsCallback 402 GetHiChainProtocolParamsCallback end
06-06 19:31:19.293  2942  3113 I ConnectAuthJNI: [HiChain] get_instance Get instance success
06-06 19:31:19.293  2942  3113 I ConnectAuthJNI: Java_com_huawei_hisight_security_ConnectAuthNative_nativeGetHiChainInstance 598 get instance success
06-06 19:31:19.293  2942  3113 W ConnectAuthJNI: GetListTrustPeers 899 trustPeerSize=0
06-06 19:31:19.294  2942  3113 D Hisight-DeviceListManager: init trusted list size: 0
06-06 19:31:19.294  2942  3113 D HiSight-ConnectionManager: setAuthInfo, authMode: 1
06-06 19:31:19.527   475  1342 W TelephonyPermissions: reportAccessDeniedToReadIdentifiers:com.dangbei.screencast:getSerial:-1
06-06 19:31:19.549  3114  3194 V NFC     : this device does not have NFC support
06-06 19:31:19.775  2942  3019 E raop    : JavaCallback init
01-01 08:01:43.890   768   768 E sprdwl  : sprdwl_rx_rsp_process ctx_id 0 recv rsp[WIFI_CMD_TX_DATA] status[SPRDWL_CMD_STATUS_ERROR]
06-06 19:31:20.281   475   519 W IorapForwardingService: No service published for: iorapd
06-06 19:31:20.522  2821  2821 I efs-base: type=1400 audit(0.0:1101): avc: denied { rmdir } for name="2552" dev="mmcblk0p25" ino=55110 scontext=u:r:platform_app:s0:c512,c768 tcontext=u:object_r:app_data_file:s0:c512,c768 tclass=dir permissive=1 app=com.dangbei.screencast
06-06 19:31:20.525  2821  2900 I efs.base: lt=event`ev_ct=efs_core`ev_ac=log_lag`tm=2025-06-06 19:31:52`dn=771f93e8-8eaa-49df-8b16-e1b19b668479`ps=com.dangbei.screencast:bg_guard`um_os=android`stime=1749209470202`pid=2821`fr=android`pkg=com.dangbei.screencast`vcode=20830`dsp_w=1920`uid=771f93e8-8eaa-49df-8b16-e1b19b668479`rom=12`wid=771f93e8-8eaa-49df-8b16-e1b19b668479`um_app_carrier=`um_access=wifi`um_app_channel=os`um_crash_sdk_version=1.4.0`ctime=1749209480`model=dbbox-a2`lang=zh`net=wifi`brand=dangbei`dsp_h=1080`um_network_type=0`ver=v2.8.3`cnt=1`build_model=DBBOX-A2`w_tm=1749209480`appid=5fc60c21094d637f3130af19`um_umid_header=ai4e7fa82b434271882c971661bb5632b7`sdk=31`tzone=Asia/Shanghai`sdk_ver=1.3.6.umeng
06-06 19:31:20.538  2821  2821 E GuardService: killMyselfRunnable: 
06-06 19:31:20.539  2821  2821 I crashsdk: android_os_Process_sendSignal. PID: 2821 SIG: 9
06-06 19:31:20.539  2821  2821 I crashsdk: onKillProcess. SIG: 9
06-06 19:31:20.540  2821  2821 I crashsdk: Kill PID: 2821 (com.dangbei.screencast:bg_guard) by pid: 2821 (com.dangbei.screencast:bg_guard) tid: 2821 (main)
06-06 19:31:20.540  2821  2821 I crashsdk: SIG: 9, fg: false, exiting: false, main process: false, time: 20250606193120
06-06 19:31:20.540  2821  2821 I crashsdk: State in disk: 'b'
06-06 19:31:20.540  2821  2821 I crashsdk:   at android.os.Process.sendSignal(Native Method)
06-06 19:31:20.540  2821  2821 I crashsdk:   at android.os.Process.killProcess(Process.java:1153)
06-06 19:31:20.540  2821  2821 I crashsdk:   at com.dangbei.screencast.startup.GuardService$a.run(:2)
06-06 19:31:20.540  2821  2821 I crashsdk:   at android.os.Handler.handleCallback(Handler.java:938)
06-06 19:31:20.540  2821  2821 I crashsdk:   at android.os.Handler.dispatchMessage(Handler.java:99)
06-06 19:31:20.540  2821  2821 I crashsdk:   at android.os.Looper.loopOnce(Looper.java:201)
06-06 19:31:20.540  2821  2821 I crashsdk:   at android.os.Looper.loop(Looper.java:288)
06-06 19:31:20.540  2821  2821 I crashsdk:   at android.app.ActivityThread.main(ActivityThread.java:7854)
06-06 19:31:20.540  2821  2821 I crashsdk:   at java.lang.reflect.Method.invoke(Native Method)
06-06 19:31:20.540  2821  2821 I crashsdk:   at com.android.internal.os.RuntimeInit$MethodAndArgsCaller.run(RuntimeInit.java:548)
06-06 19:31:20.540  2821  2821 I crashsdk:   at com.android.internal.os.ZygoteInit.main(ZygoteInit.java:1182)
06-06 19:31:20.541  2821  2821 I Process : Sending signal. PID: 2821 SIG: 9
06-06 19:31:20.573  2942  3004 W efs.send_log: tryFileLock sendlock sucess! processname: com.dangbei.screencast
06-06 19:31:20.574   475  1342 I ActivityManager: Process com.dangbei.screencast:bg_guard (pid 2821) has died: prcp FGS 
06-06 19:31:20.575   475   540 I libprocessgroup: Successfully killed process cgroup uid 10020 pid 2821 in 0ms
06-06 19:31:20.578   243   243 I Zygote  : Process 2821 exited due to signal 9 (Killed)
01-01 08:01:44.222     1     1 I init    : Untracked pid 2901 exited with status 0
01-01 08:01:44.521   381   381 W hdr10p_Configure: 64 callbacks suppressed
01-01 08:01:44.521   381   381 I         : DVI mode selected: packets not configured
01-01 08:01:44.521   381   381 W set_vsif_config: 64 callbacks suppressed
01-01 08:01:44.521   381   381 I         : Error: set vsif failed
01-01 08:01:44.543   381   381 I         : DVI mode selected: packets not configured
01-01 08:01:44.543   381   381 I         : Error: set vsif failed
01-01 08:01:44.559   381   381 I         : DVI mode selected: packets not configured
01-01 08:01:44.559   381   381 I         : Error: set vsif failed
01-01 08:01:44.575   381   381 I         : DVI mode selected: packets not configured
01-01 08:01:44.575   381   381 I         : Error: set vsif failed
01-01 08:01:44.593   381   381 I         : DVI mode selected: packets not configured
01-01 08:01:44.593   381   381 I         : Error: set vsif failed
01-01 08:01:44.609   381   381 I         : DVI mode selected: packets not configured
