06-06 19:34:56.759  3613  3681 W System.err: 	at i7.d.a(Helper.java:1)
06-06 19:34:56.759  3613  3681 W System.err: 	at h7.a1.C(HttpBasicParamsInterceptor.java:42)
06-06 19:34:56.759  3613  3681 W System.err: 	at h7.a1.d0(HttpBasicParamsInterceptor.java:1)
06-06 19:34:56.759  3613  3681 W System.err: 	at h7.a1.c(Unknown Source:0)
06-06 19:34:56.759  3613  3681 W System.err: 	at h7.z.accept(Unknown Source:2)
06-06 19:34:56.759  3613  3681 W System.err: 	at wa.t$a.f(SingleDoOnSuccess.java:5)
06-06 19:34:56.759  3613  3681 W System.err: 	at wa.n0$a.run(SingleObserveOn.java:15)
06-06 19:34:56.759  3613  3681 W System.err: 	at da.j0$a.run(Scheduler.java:10)
06-06 19:34:56.759  3613  3681 W System.err: 	at ya.n.run(ScheduledRunnable.java:14)
06-06 19:34:56.759  3613  3681 W System.err: 	at ya.n.call(ScheduledRunnable.java:1)
06-06 19:34:56.759  3613  3681 W System.err: 	at java.util.concurrent.FutureTask.run(FutureTask.java:266)
06-06 19:34:56.759  3613  3681 W System.err: 	at java.util.concurrent.ScheduledThreadPoolExecutor$ScheduledFutureTask.run(ScheduledThreadPoolExecutor.java:301)
06-06 19:34:56.759  3613  3681 W System.err: 	at java.util.concurrent.ThreadPoolExecutor.runWorker(ThreadPoolExecutor.java:1167)
06-06 19:34:56.759  3613  3681 W System.err: 	at java.util.concurrent.ThreadPoolExecutor$Worker.run(ThreadPoolExecutor.java:641)
06-06 19:34:56.759  3613  3681 W System.err: 	at java.lang.Thread.run(Thread.java:920)
06-06 19:34:56.759  3613  3681 W System.err: Caused by: android.system.ErrnoException: open failed: EACCES (Permission denied)
06-06 19:34:56.759  3613  3681 W System.err: 	at libcore.io.Linux.open(Native Method)
06-06 19:34:56.759  3613  3681 W System.err: 	at libcore.io.ForwardingOs.open(ForwardingOs.java:567)
06-06 19:34:56.760  3613  3681 W System.err: 	at libcore.io.BlockGuardOs.open(BlockGuardOs.java:273)
06-06 19:34:56.760  3613  3681 W System.err: 	at libcore.io.ForwardingOs.open(ForwardingOs.java:567)
06-06 19:34:56.760  3613  3681 W System.err: 	at android.app.ActivityThread$AndroidOs.open(ActivityThread.java:7740)
06-06 19:34:56.760  3613  3681 W System.err: 	at libcore.io.IoBridge.open(IoBridge.java:561)
06-06 19:34:56.760  3613  3681 W System.err: 	... 21 more
06-06 19:34:56.760  3613  3613 I efs.config: --->>> configCallback key is apm_startperf_sampling_rate ## value is 5
06-06 19:34:56.763  3613  3686 W efs.info.manager: network change: wifi
06-06 19:34:56.765  3613  3613 I efs.config: --->>> configCallback key is apm_patrace_switch_rate ## value is 5
06-06 19:34:56.767  3613  3613 I efs.config: --->>> configCallback key is apm_memperf_sampling_rate ## value is 0
06-06 19:34:56.767  3613  3613 I efs.config: --->>> configCallback key is apm_memperf_collect_interval ## value is 5
06-06 19:34:56.767  3613  3613 I efs.config: --->>> configCallback key is apm_memperf_collect_max_period_sec ## value is 600
06-06 19:34:56.767  3613  3613 I efs.config: --->>> configCallback key is apm_net_state ## value is 0
06-06 19:34:56.767  3613  3613 I efs.config: callback net rate is 0
06-06 19:34:56.798   475   519 W IorapForwardingService: No service published for: iorapd
06-06 19:34:56.802  3613  3667 I UMLog   : 基础组件库完整性自检通过。
06-06 19:34:56.809  1043  1185 E MediaProvider: Permission to access file: /storage/emulated/0/.db/app is denied
06-06 19:34:56.814  3613  3681 W System.err: java.io.FileNotFoundException: /storage/emulated/0/.db/app: open failed: EACCES (Permission denied)
06-06 19:34:56.815  3613  3681 W System.err: 	at libcore.io.IoBridge.open(IoBridge.java:575)
06-06 19:34:56.815  3613  3681 W System.err: 	at java.io.FileOutputStream.<init>(FileOutputStream.java:236)
06-06 19:34:56.815  3613  3681 W System.err: 	at java.io.FileOutputStream.<init>(FileOutputStream.java:157)
06-06 19:34:56.815  3613  3681 W System.err: 	at h7.n1.S(UtilCommon.java:61)
06-06 19:34:56.815  3613  3681 W System.err: 	at h7.n1.e(UtilCommon.java:144)
06-06 19:34:56.815  3613  3681 W System.err: 	at h7.a1.X(HttpBasicParamsInterceptor.java:5)
06-06 19:34:56.815  3613  3681 W System.err: 	at h7.a1.A(Unknown Source:0)
06-06 19:34:56.815  3613  3681 W System.err: 	at h7.e0.call(Unknown Source:2)
06-06 19:34:56.815  3613  3681 W System.err: 	at i7.d.a(Helper.java:1)
06-06 19:34:56.815  3613  3681 W System.err: 	at h7.a1.C(HttpBasicParamsInterceptor.java:42)
06-06 19:34:56.815  3613  3681 W System.err: 	at h7.a1.d0(HttpBasicParamsInterceptor.java:1)
06-06 19:34:56.815  3613  3681 W System.err: 	at h7.a1.c(Unknown Source:0)
06-06 19:34:56.815  3613  3681 W System.err: 	at h7.z.accept(Unknown Source:2)
06-06 19:34:56.815  3613  3681 W System.err: 	at wa.t$a.f(SingleDoOnSuccess.java:5)
06-06 19:34:56.815  3613  3681 W System.err: 	at wa.n0$a.run(SingleObserveOn.java:15)
06-06 19:34:56.815  3613  3681 W System.err: 	at da.j0$a.run(Scheduler.java:10)
06-06 19:34:56.815  3613  3681 W System.err: 	at ya.n.run(ScheduledRunnable.java:14)
06-06 19:34:56.815  3613  3681 W System.err: 	at ya.n.call(ScheduledRunnable.java:1)
06-06 19:34:56.815  3613  3681 W System.err: 	at java.util.concurrent.FutureTask.run(FutureTask.java:266)
06-06 19:34:56.815  3613  3681 W System.err: 	at java.util.concurrent.ScheduledThreadPoolExecutor$ScheduledFutureTask.run(ScheduledThreadPoolExecutor.java:301)
06-06 19:34:56.815  3613  3681 W System.err: 	at java.util.concurrent.ThreadPoolExecutor.runWorker(ThreadPoolExecutor.java:1167)
06-06 19:34:56.815  3613  3681 W System.err: 	at java.util.concurrent.ThreadPoolExecutor$Worker.run(ThreadPoolExecutor.java:641)
06-06 19:34:56.815  3613  3681 W System.err: 	at java.lang.Thread.run(Thread.java:920)
06-06 19:34:56.815  3613  3681 W System.err: Caused by: android.system.ErrnoException: open failed: EACCES (Permission denied)
06-06 19:34:56.815  3613  3681 W System.err: 	at libcore.io.Linux.open(Native Method)
06-06 19:34:56.815  3613  3681 W System.err: 	at libcore.io.ForwardingOs.open(ForwardingOs.java:567)
06-06 19:34:56.815  3613  3681 W System.err: 	at libcore.io.BlockGuardOs.open(BlockGuardOs.java:273)
06-06 19:34:56.816  3613  3681 W System.err: 	at libcore.io.ForwardingOs.open(ForwardingOs.java:567)
06-06 19:34:56.816  3613  3681 W System.err: 	at android.app.ActivityThread$AndroidOs.open(ActivityThread.java:7740)
06-06 19:34:56.816  3613  3681 W System.err: 	at libcore.io.IoBridge.open(IoBridge.java:561)
06-06 19:34:56.816  3613  3681 W System.err: 	... 22 more
06-06 19:34:56.822   475  1350 I ActivityStarter: ---START u0 {flg=0x10000000 pkg=com.dangbei.lerad.screensaver cmp=com.dangbei.lerad.screensaver/android.service.dreams.DreamActivity (has extras)} from uid 10036
06-06 19:34:56.837  3613  3681 D getEthernetMacAddr: getEthernetMacAddr use eth1
06-06 19:34:56.848  3613  3681 W System.err: java.lang.NullPointerException: Attempt to invoke virtual method 'byte[] java.net.NetworkInterface.getHardwareAddress()' on a null object reference
06-06 19:34:56.849  3613  3681 W System.err: 	at h7.n1.p(UtilCommon.java:33)
06-06 19:34:56.849  3613  3681 W System.err: 	at h7.n1.t(UtilCommon.java:11)
06-06 19:34:56.849  3613  3681 W System.err: 	at h7.a1.Y(HttpBasicParamsInterceptor.java:5)
06-06 19:34:56.849  3613  3681 W System.err: 	at h7.a1.x(Unknown Source:0)
06-06 19:34:56.849  3613  3681 W System.err: 	at h7.j0.call(Unknown Source:2)
06-06 19:34:56.849  3613  3681 W System.err: 	at i7.d.a(Helper.java:1)
06-06 19:34:56.849  3613  3681 W System.err: 	at h7.a1.C(HttpBasicParamsInterceptor.java:50)
06-06 19:34:56.849  3613  3681 W System.err: 	at h7.a1.d0(HttpBasicParamsInterceptor.java:1)
06-06 19:34:56.849  3613  3681 W System.err: 	at h7.a1.c(Unknown Source:0)
06-06 19:34:56.849  3613  3681 W System.err: 	at h7.z.accept(Unknown Source:2)
06-06 19:34:56.849  3613  3681 W System.err: 	at wa.t$a.f(SingleDoOnSuccess.java:5)
06-06 19:34:56.849  3613  3681 W System.err: 	at wa.n0$a.run(SingleObserveOn.java:15)
06-06 19:34:56.849  3613  3681 W System.err: 	at da.j0$a.run(Scheduler.java:10)
06-06 19:34:56.849  3613  3681 W System.err: 	at ya.n.run(ScheduledRunnable.java:14)
06-06 19:34:56.849  3613  3681 W System.err: 	at ya.n.call(ScheduledRunnable.java:1)
06-06 19:34:56.849  3613  3681 W System.err: 	at java.util.concurrent.FutureTask.run(FutureTask.java:266)
06-06 19:34:56.849  3613  3681 W System.err: 	at java.util.concurrent.ScheduledThreadPoolExecutor$ScheduledFutureTask.run(ScheduledThreadPoolExecutor.java:301)
06-06 19:34:56.849  3613  3681 W System.err: 	at java.util.concurrent.ThreadPoolExecutor.runWorker(ThreadPoolExecutor.java:1167)
06-06 19:34:56.849  3613  3681 W System.err: 	at java.util.concurrent.ThreadPoolExecutor$Worker.run(ThreadPoolExecutor.java:641)
06-06 19:34:56.849  3613  3681 W System.err: 	at java.lang.Thread.run(Thread.java:920)
06-06 19:34:56.855   475  1350 D CompatibilityChangeReporter: Compat change id reported: 184838306; UID 10036; state: DISABLED
06-06 19:34:56.858   475  1350 D CompatibilityChangeReporter: Compat change id reported: 185004937; UID 10036; state: DISABLED
06-06 19:34:56.867   475  1350 D CompatibilityChangeReporter: Compat change id reported: 181136395; UID 10036; state: DISABLED
06-06 19:34:56.875   475  1350 D CompatibilityChangeReporter: Compat change id reported: 174042936; UID 10036; state: DISABLED
06-06 19:34:56.878   475  1350 D CompatibilityChangeReporter: Compat change id reported: 174042980; UID 10036; state: DISABLED
06-06 19:34:56.881   475  1350 W ActivityTaskManager: Can't find TaskDisplayArea to determine support for multi window. Task id=28 attached=false
06-06 19:34:56.892   262   262 I AW_PowerHAL: Power setMode: LAUNCH to: 1
01-01 08:05:20.543   381   381 W hdr10p_Configure: 138 callbacks suppressed
01-01 08:05:20.543   381   381 I         : DVI mode selected: packets not configured
01-01 08:05:20.543   381   381 W set_vsif_config: 138 callbacks suppressed
01-01 08:05:20.543   381   381 I         : Error: set vsif failed
01-01 08:05:20.543   381   381 I         : DVI mode selected: packets not configured
01-01 08:05:20.543   381   381 I         : Error: set vsif failed
06-06 19:34:56.912   475   810 D AW_CODE : rotation =0
06-06 19:34:56.923   262   262 I AW_PowerHAL: cur-mode:LAUNCH
01-01 08:05:20.560   381   381 I         : DVI mode selected: packets not configured
01-01 08:05:20.560   381   381 I         : Error: set vsif failed
01-01 08:05:20.560   381   381 I         : DVI mode selected: packets not configured
01-01 08:05:20.560   381   381 I         : Error: set vsif failed
06-06 19:34:56.944   275   275 I BpBinder: onLastStrongRef automatically unlinking death recipients: <uncached descriptor>
06-06 19:34:56.953  1100  1362 W SQLiteLog: (28) double-quoted string literal: "
06-06 19:34:56.953  1100  1362 W SQLiteLog: (28) double-quoted string literal: "BB8475659EE4077AF5F42F6161B734B2"
01-01 08:05:20.592   381   381 I         : DVI mode selected: packets not configured
01-01 08:05:20.592   381   381 I         : Error: set vsif failed
01-01 08:05:20.592   381   381 I         : DVI mode selected: packets not configured
01-01 08:05:20.592   381   381 I         : Error: set vsif failed
06-06 19:34:56.987  1043  1186 E MediaProvider: Permission to access file: /storage/emulated/0/.db/secret is denied
06-06 19:34:56.988  3613  3681 W System.err: java.io.FileNotFoundException: /storage/emulated/0/.db/secret: open failed: EACCES (Permission denied)
06-06 19:34:56.990  3613  3681 W System.err: 	at libcore.io.IoBridge.open(IoBridge.java:575)
06-06 19:34:56.990  3613  3681 W System.err: 	at java.io.FileOutputStream.<init>(FileOutputStream.java:236)
06-06 19:34:56.990  3613  3681 W System.err: 	at java.io.FileOutputStream.<init>(FileOutputStream.java:157)
06-06 19:34:56.990  3613  3681 W System.err: 	at h7.n1.S(UtilCommon.java:61)
06-06 19:34:56.990  3613  3681 W System.err: 	at h7.n1.m(UtilCommon.java:181)
06-06 19:34:56.990  3613  3681 W System.err: 	at h7.a1.a0(HttpBasicParamsInterceptor.java:5)
06-06 19:34:56.990  3613  3681 W System.err: 	at h7.a1.b(Unknown Source:0)
06-06 19:34:56.990  3613  3681 W System.err: 	at h7.m0.call(Unknown Source:2)
06-06 19:34:56.990  3613  3681 W System.err: 	at i7.d.a(Helper.java:1)
06-06 19:34:56.991  3613  3681 W System.err: 	at h7.a1.C(HttpBasicParamsInterceptor.java:66)
06-06 19:34:56.991  3613  3681 W System.err: 	at h7.a1.d0(HttpBasicParamsInterceptor.java:1)
06-06 19:34:56.991  3613  3681 W System.err: 	at h7.a1.c(Unknown Source:0)
06-06 19:34:56.991  3613  3681 W System.err: 	at h7.z.accept(Unknown Source:2)
06-06 19:34:56.991  3613  3681 W System.err: 	at wa.t$a.f(SingleDoOnSuccess.java:5)
06-06 19:34:56.991  3613  3681 W System.err: 	at wa.n0$a.run(SingleObserveOn.java:15)
06-06 19:34:56.991  3613  3681 W System.err: 	at da.j0$a.run(Scheduler.java:10)
06-06 19:34:56.991  3613  3681 W System.err: 	at ya.n.run(ScheduledRunnable.java:14)
06-06 19:34:56.991  3613  3681 W System.err: 	at ya.n.call(ScheduledRunnable.java:1)
06-06 19:34:56.992  3613  3681 W System.err: 	at java.util.concurrent.FutureTask.run(FutureTask.java:266)
06-06 19:34:56.992  3613  3681 W System.err: 	at java.util.concurrent.ScheduledThreadPoolExecutor$ScheduledFutureTask.run(ScheduledThreadPoolExecutor.java:301)
06-06 19:34:56.992  3613  3681 W System.err: 	at java.util.concurrent.ThreadPoolExecutor.runWorker(ThreadPoolExecutor.java:1167)
06-06 19:34:56.992  3613  3681 W System.err: 	at java.util.concurrent.ThreadPoolExecutor$Worker.run(ThreadPoolExecutor.java:641)
06-06 19:34:56.992  3613  3681 W System.err: 	at java.lang.Thread.run(Thread.java:920)
06-06 19:34:57.001  3613  3681 W System.err: Caused by: android.system.ErrnoException: open failed: EACCES (Permission denied)
06-06 19:34:57.001  3613  3681 W System.err: 	at libcore.io.Linux.open(Native Method)
06-06 19:34:57.001  3613  3681 W System.err: 	at libcore.io.ForwardingOs.open(ForwardingOs.java:567)
06-06 19:34:57.001  3613  3681 W System.err: 	at libcore.io.BlockGuardOs.open(BlockGuardOs.java:273)
06-06 19:34:57.009  3613  3681 W System.err: 	at libcore.io.ForwardingOs.open(ForwardingOs.java:567)
06-06 19:34:57.009  3613  3681 W System.err: 	at android.app.ActivityThread$AndroidOs.open(ActivityThread.java:7740)
06-06 19:34:57.009  3613  3681 W System.err: 	at libcore.io.IoBridge.open(IoBridge.java:561)
06-06 19:34:57.009  3613  3681 W System.err: 	... 22 more
06-06 19:34:57.020  3613  3613 I crashsdk: Unexp log not enabled, skip update unexp info!
06-06 19:34:57.023   666   666 D TvPipController: onTaskStackChanged()
06-06 19:34:57.066  1043  1198 E MediaProvider: Permission to access file: /storage/emulated/0/.db/secret2 is denied
06-06 19:34:57.078  3613  3681 W System.err: java.io.FileNotFoundException: /storage/emulated/0/.db/secret2: open failed: EACCES (Permission denied)
06-06 19:34:57.079  3613  3681 W System.err: 	at libcore.io.IoBridge.open(IoBridge.java:575)
06-06 19:34:57.079  3613  3681 W System.err: 	at java.io.FileOutputStream.<init>(FileOutputStream.java:236)
06-06 19:34:57.079  3613  3681 W System.err: 	at java.io.FileOutputStream.<init>(FileOutputStream.java:157)
06-06 19:34:57.079  3613  3681 W System.err: 	at h7.n1.S(UtilCommon.java:61)
06-06 19:34:57.079  3613  3681 W System.err: 	at h7.n1.n(UtilCommon.java:115)
06-06 19:34:57.079  3613  3681 W System.err: 	at h7.a1.b0(HttpBasicParamsInterceptor.java:5)
06-06 19:34:57.079  3613  3681 W System.err: 	at h7.a1.i(Unknown Source:0)
06-06 19:34:57.079  3613  3681 W System.err: 	at h7.n0.call(Unknown Source:2)
06-06 19:34:57.079  3613  3681 W System.err: 	at i7.d.a(Helper.java:1)
06-06 19:34:57.079  3613  3681 W System.err: 	at h7.a1.C(HttpBasicParamsInterceptor.java:74)
06-06 19:34:57.079  3613  3681 W System.err: 	at h7.a1.d0(HttpBasicParamsInterceptor.java:1)
06-06 19:34:57.079  3613  3681 W System.err: 	at h7.a1.c(Unknown Source:0)
06-06 19:34:57.079  3613  3681 W System.err: 	at h7.z.accept(Unknown Source:2)
06-06 19:34:57.079  3613  3681 W System.err: 	at wa.t$a.f(SingleDoOnSuccess.java:5)
06-06 19:34:57.079  3613  3681 W System.err: 	at wa.n0$a.run(SingleObserveOn.java:15)
06-06 19:34:57.079  3613  3681 W System.err: 	at da.j0$a.run(Scheduler.java:10)
06-06 19:34:57.079  3613  3681 W System.err: 	at ya.n.run(ScheduledRunnable.java:14)
06-06 19:34:57.079  3613  3681 W System.err: 	at ya.n.call(ScheduledRunnable.java:1)
06-06 19:34:57.079  3613  3681 W System.err: 	at java.util.concurrent.FutureTask.run(FutureTask.java:266)
06-06 19:34:57.080  3613  3681 W System.err: 	at java.util.concurrent.ScheduledThreadPoolExecutor$ScheduledFutureTask.run(ScheduledThreadPoolExecutor.java:301)
06-06 19:34:57.080  3613  3681 W System.err: 	at java.util.concurrent.ThreadPoolExecutor.runWorker(ThreadPoolExecutor.java:1167)
06-06 19:34:57.080  3613  3681 W System.err: 	at java.util.concurrent.ThreadPoolExecutor$Worker.run(ThreadPoolExecutor.java:641)
06-06 19:34:57.080  3613  3681 W System.err: 	at java.lang.Thread.run(Thread.java:920)
06-06 19:34:57.080  3613  3681 W System.err: Caused by: android.system.ErrnoException: open failed: EACCES (Permission denied)
06-06 19:34:57.080  3613  3681 W System.err: 	at libcore.io.Linux.open(Native Method)
06-06 19:34:57.080  3613  3681 W System.err: 	at libcore.io.ForwardingOs.open(ForwardingOs.java:567)
06-06 19:34:57.080  3613  3681 W System.err: 	at libcore.io.BlockGuardOs.open(BlockGuardOs.java:273)
06-06 19:34:57.080  3613  3681 W System.err: 	at libcore.io.ForwardingOs.open(ForwardingOs.java:567)
06-06 19:34:57.080  3613  3681 W System.err: 	at android.app.ActivityThread$AndroidOs.open(ActivityThread.java:7740)
06-06 19:34:57.080  3613  3681 W System.err: 	at libcore.io.IoBridge.open(IoBridge.java:561)
06-06 19:34:57.080  3613  3681 W System.err: 	... 22 more
01-01 08:05:20.742   381   381 I         : DVI mode selected: packets not configured
01-01 08:05:20.742   381   381 I         : Error: set vsif failed
01-01 08:05:20.742   381   381 I         : DVI mode selected: packets not configured
01-01 08:05:20.742   381   381 I         : Error: set vsif failed
01-01 08:05:20.759   381   381 I         : DVI mode selected: packets not configured
01-01 08:05:20.759   381   381 I         : Error: set vsif failed
01-01 08:05:20.759   381   381 I         : DVI mode selected: packets not configured
01-01 08:05:20.759   381   381 I         : Error: set vsif failed
06-06 19:34:57.119  3613  3667 I UMLog   : 统计SDK版本号: 9.4.4
06-06 19:34:57.119  3613  3667 I UMLog   : ZID SDK版本号: 1.4.1
06-06 19:34:57.128  3613  3667 I UMLog   : APM SDK版本号: 1.5.2
06-06 19:34:57.132   475   521 D CompatibilityChangeReporter: Compat change id reported: 158002302; UID 10036; state: ENABLED
06-06 19:34:57.133  3613  3667 I MobclickAgent: module init:azioc
06-06 19:34:57.130  3613  3613 I RxCachedThreadS: type=1400 audit(0.0:1157): avc: denied { open } for path="/dev/__properties__/u:object_r:serialno_prop:s0" dev="tmpfs" ino=2848 scontext=u:r:untrusted_app:s0:c36,c256,c512,c768 tcontext=u:object_r:serialno_prop:s0 tclass=file permissive=1 app=com.dangbei.lerad.screensaver
06-06 19:34:57.130  3613  3613 I RxCachedThreadS: type=1400 audit(0.0:1158): avc: denied { getattr } for path="/dev/__properties__/u:object_r:serialno_prop:s0" dev="tmpfs" ino=2848 scontext=u:r:untrusted_app:s0:c36,c256,c512,c768 tcontext=u:object_r:serialno_prop:s0 tclass=file permissive=1 app=com.dangbei.lerad.screensaver
06-06 19:34:57.130  3613  3613 I RxCachedThreadS: type=1400 audit(0.0:1159): avc: denied { map } for path="/dev/__properties__/u:object_r:serialno_prop:s0" dev="tmpfs" ino=2848 scontext=u:r:untrusted_app:s0:c36,c256,c512,c768 tcontext=u:object_r:serialno_prop:s0 tclass=file permissive=1 app=com.dangbei.lerad.screensaver
06-06 19:34:57.134  3613  3721 D screen_saver2: useTime 1749209697119 1
06-06 19:34:57.139   275   944 W ServiceManager: Permission failure: android.permission.ACCESS_SURFACE_FLINGER from uid=10036 pid=3613
06-06 19:34:57.139   275   944 D PermissionCache: checking android.permission.ACCESS_SURFACE_FLINGER for uid=10036 => denied (715 us)
06-06 19:34:57.139   275   944 W ServiceManager: Permission failure: android.permission.ROTATE_SURFACE_FLINGER from uid=10036 pid=3613
06-06 19:34:57.139   275   944 D PermissionCache: checking android.permission.ROTATE_SURFACE_FLINGER for uid=10036 => denied (249 us)
06-06 19:34:57.166  3697  3697 I breathe : type=1400 audit(0.0:1160): avc: denied { ioctl } for path="/dev/spidev1.0" dev="tmpfs" ino=5830 ioctlcmd=0x6b00 scontext=u:r:init:s0 tcontext=u:object_r:device:s0 tclass=chr_file permissive=1
06-06 19:34:57.169   181   181 I hwservicemanager: getTransport: Cannot find entry android.hardware.configstore@1.0::ISurfaceFlingerConfigs/default in either framework or device VINTF manifest.
06-06 19:34:57.190   275   944 E HWComposer: getSupportedContentTypes: getSupportedContentTypes failed for display 0: Unsupported (8)
06-06 19:34:57.199  3613  3667 E rad.screensave: Invalid ID 0x00000000.
06-06 19:34:57.204   181   181 I hwservicemanager: getTransport: Cannot find entry android.hardware.graphics.mapper@4.0::IMapper/default in either framework or device VINTF manifest.
06-06 19:34:57.204  3613  3740 I Gralloc4: mapper 4.x is not supported
06-06 19:34:57.204   181   181 I hwservicemanager: getTransport: Cannot find entry android.hardware.graphics.mapper@3.0::IMapper/default in either framework or device VINTF manifest.
06-06 19:34:57.205  3613  3740 W Gralloc3: mapper 3.x is not supported
06-06 19:34:57.218  3613  3740 E gralloc : Arm Module v1.0
06-06 19:34:57.225  3613  3681 W System.err: java.lang.reflect.InvocationTargetException
06-06 19:34:57.226  3613  3681 W System.err: 	at java.lang.reflect.Method.invoke(Native Method)
06-06 19:34:57.226  3613  3681 W System.err: 	at h7.n1.h(UtilCommon.java:47)
06-06 19:34:57.226  3613  3681 W System.err: 	at h7.n1.g(UtilCommon.java:85)
06-06 19:34:57.226  3613  3681 W System.err: 	at h7.a1.U(HttpBasicParamsInterceptor.java:5)
06-06 19:34:57.226  3613  3681 W System.err: 	at h7.a1.v(Unknown Source:0)
06-06 19:34:57.226  3613  3681 W System.err: 	at h7.h0.call(Unknown Source:0)
06-06 19:34:57.226  3613  3681 W System.err: 	at i7.d.a(Helper.java:1)
06-06 19:34:57.226  3613  3681 W System.err: 	at h7.a1.C(HttpBasicParamsInterceptor.java:210)
06-06 19:34:57.226  3613  3681 W System.err: 	at h7.a1.d0(HttpBasicParamsInterceptor.java:1)
06-06 19:34:57.226  3613  3681 W System.err: 	at h7.a1.c(Unknown Source:0)
06-06 19:34:57.226  3613  3681 W System.err: 	at h7.z.accept(Unknown Source:2)
06-06 19:34:57.226  3613  3681 W System.err: 	at wa.t$a.f(SingleDoOnSuccess.java:5)
06-06 19:34:57.226  3613  3681 W System.err: 	at wa.n0$a.run(SingleObserveOn.java:15)
06-06 19:34:57.226  3613  3681 W System.err: 	at da.j0$a.run(Scheduler.java:10)
06-06 19:34:57.226  3613  3681 W System.err: 	at ya.n.run(ScheduledRunnable.java:14)
06-06 19:34:57.226  3613  3681 W System.err: 	at ya.n.call(ScheduledRunnable.java:1)
06-06 19:34:57.226  3613  3681 W System.err: 	at java.util.concurrent.FutureTask.run(FutureTask.java:266)
06-06 19:34:57.226  3613  3681 W System.err: 	at java.util.concurrent.ScheduledThreadPoolExecutor$ScheduledFutureTask.run(ScheduledThreadPoolExecutor.java:301)
06-06 19:34:57.226  3613  3681 W System.err: 	at java.util.concurrent.ThreadPoolExecutor.runWorker(ThreadPoolExecutor.java:1167)
06-06 19:34:57.226  3613  3681 W System.err: 	at java.util.concurrent.ThreadPoolExecutor$Worker.run(ThreadPoolExecutor.java:641)
06-06 19:34:57.226  3613  3681 W System.err: 	at java.lang.Thread.run(Thread.java:920)
06-06 19:34:57.228  3613  3681 W System.err: Caused by: java.lang.SecurityException: Need android.permission.BLUETOOTH_CONNECT permission for AttributionSource { uid = 10036, packageName = com.dangbei.lerad.screensaver, attributionTag = null, token = android.os.Binder@eee3ca2, next = null }: AdapterService getAddress
06-06 19:34:57.228  3613  3681 W System.err: 	at android.os.Parcel.createExceptionOrNull(Parcel.java:2425)
06-06 19:34:57.228  3613  3681 W System.err: 	at android.os.Parcel.createException(Parcel.java:2409)
06-06 19:34:57.228  3613  3681 W System.err: 	at android.os.Parcel.readException(Parcel.java:2392)
06-06 19:34:57.228  3613  3681 W System.err: 	at android.os.Parcel.readException(Parcel.java:2334)
06-06 19:34:57.228  3613  3681 W System.err: 	at android.bluetooth.IBluetooth$Stub$Proxy.getAddress(IBluetooth.java:2434)
06-06 19:34:57.228  3613  3681 W System.err: 	... 21 more
06-06 19:34:57.232   181   181 I hwservicemanager: getTransport: Cannot find entry android.hardware.graphics.allocator@4.0::IAllocator/default in either framework or device VINTF manifest.
06-06 19:34:57.232  3613  3740 W Gralloc4: allocator 4.x is not supported
06-06 19:34:57.235   181   181 I hwservicemanager: getTransport: Cannot find entry android.hardware.graphics.allocator@3.0::IAllocator/default in either framework or device VINTF manifest.
06-06 19:34:57.235  3613  3740 W Gralloc3: allocator 3.x is not supported
06-06 19:34:57.239   253   253 I gralloc : alloc buffer:W:1920 H:1080 S:1920 PL[1920 1080] SZ:8294400 fmt:1 if:0 af:1 usg:20000b00 fg:00000004
06-06 19:34:57.240  3613  3740 E ion     : ioctl c0044901 failed with code -1: Inappropriate ioctl for device
06-06 19:34:57.245   253   253 I gralloc : alloc buffer:W:1920 H:1080 S:1920 PL[1920 1080] SZ:8294400 fmt:1 if:0 af:1 usg:20000b00 fg:00000004
06-06 19:34:57.247   253   253 I gralloc : alloc buffer:W:1920 H:1080 S:1920 PL[1920 1080] SZ:8294400 fmt:1 if:0 af:1 usg:20000b00 fg:00000004
06-06 19:34:57.269   262   262 I AW_PowerHAL: Power setMode: LAUNCH to: 0
06-06 19:34:57.277   262   262 I AW_PowerHAL: cur-mode:SCHEDUTIL
06-06 19:34:57.331   475   554 V DisplayPowerController[0]: Brightness [0.39763778] reason changing to: 'manual', previous reason: 'manual [ dim ]'.
06-06 19:34:57.348   261   261 I android.hardware.lights-service: Lights setting state for id=0 to color ff181818
06-06 19:34:57.360   475   517 I ActivityTaskManager: +++Displayed com.dangbei.lerad.screensaver/android.service.dreams.DreamActivity: +472ms
06-06 19:34:57.370   261   261 I android.hardware.lights-service: Lights setting state for id=0 to color ff1a1a1a
06-06 19:34:57.374   263   263 I EventThread: type=1400 audit(0.0:1161): avc: denied { search } for name="extcon" dev="sysfs" ino=18109 scontext=u:r:hal_tv_cec_default:s0 tcontext=u:object_r:sysfs_extcon:s0 tclass=dir permissive=1
06-06 19:34:57.380   261   261 I android.hardware.lights-service: Lights setting state for id=0 to color ff1d1d1d
06-06 19:34:57.400   261   261 I android.hardware.lights-service: Lights setting state for id=0 to color ff202020
06-06 19:34:57.420   261   261 I android.hardware.lights-service: Lights setting state for id=0 to color ff232323
06-06 19:34:57.446   261   261 I android.hardware.lights-service: Lights setting state for id=0 to color ff262626
06-06 19:34:57.491   261   261 I android.hardware.lights-service: Lights setting state for id=0 to color ff2c2c2c
06-06 19:34:57.493   261   261 I android.hardware.lights-service: Lights setting state for id=0 to color ff2f2f2f
06-06 19:34:57.497   261   261 I android.hardware.lights-service: Lights setting state for id=0 to color ff323232
06-06 19:34:57.513   261   261 I android.hardware.lights-service: Lights setting state for id=0 to color ff353535
06-06 19:34:57.529   261   261 I android.hardware.lights-service: Lights setting state for id=0 to color ff373737
06-06 19:34:57.549   261   261 I android.hardware.lights-service: Lights setting state for id=0 to color ff3a3a3a
06-06 19:34:57.563   261   261 I android.hardware.lights-service: Lights setting state for id=0 to color ff3d3d3d
06-06 19:34:57.579   261   261 I android.hardware.lights-service: Lights setting state for id=0 to color ff404040
06-06 19:34:57.600   261   261 I android.hardware.lights-service: Lights setting state for id=0 to color ff434343
06-06 19:34:57.612   261   261 I android.hardware.lights-service: Lights setting state for id=0 to color ff464646
06-06 19:34:57.629   261   261 I android.hardware.lights-service: Lights setting state for id=0 to color ff494949
06-06 19:34:57.645   261   261 I android.hardware.lights-service: Lights setting state for id=0 to color ff4c4c4c
06-06 19:34:57.663   261   261 I android.hardware.lights-service: Lights setting state for id=0 to color ff4f4f4f
06-06 19:34:57.680   261   261 I android.hardware.lights-service: Lights setting state for id=0 to color ff525252
06-06 19:34:57.696   261   261 I android.hardware.lights-service: Lights setting state for id=0 to color ff545454
06-06 19:34:57.702  3613  3613 D screen_saver2: scene is null default video
06-06 19:34:57.713   261   261 I android.hardware.lights-service: Lights setting state for id=0 to color ff575757
06-06 19:34:57.732   261   261 I android.hardware.lights-service: Lights setting state for id=0 to color ff5a5a5a
06-06 19:34:57.740  3613  3613 E screen_saver2: setData: Scene(sceneType=1, sceneId=61, coverUrl=null, sources=[Source(sourceId=0, media=file:///android_asset/video/city_1.mp4)])
06-06 19:34:57.746  3613  3613 E screen_saver2: AssemblyVideo url: file:///android_asset/video/city_1.mp4
06-06 19:34:57.748   261   261 I android.hardware.lights-service: Lights setting state for id=0 to color ff5d5d5d
06-06 19:34:57.767   261   261 I android.hardware.lights-service: Lights setting state for id=0 to color ff606060
06-06 19:34:57.782   261   261 I android.hardware.lights-service: Lights setting state for id=0 to color ff636363
06-06 19:34:57.797   261   261 I android.hardware.lights-service: Lights setting state for id=0 to color ff666666
06-06 19:34:57.800  3613  3613 I Player::Player(): create success
06-06 19:34:57.801  3613  3613 I virtual Player *IPlayerBuilder::build(): build success playType:0, demuxType:0 decodeType:0
06-06 19:34:57.804  3613  3613 I PlayerProxy::PlayerProxy(): create success
06-06 19:34:57.804  3613  3613 I void Player::setBufferSize(int): setBufferSize success 300
06-06 19:34:57.804  3613  3613 D void PlayerProxy::setDynamicExchangeSurface(long, bool): Player setDynamicExchangeSurface:1
06-06 19:34:57.804   475   519 W IorapForwardingService: No service published for: iorapd
06-06 19:34:57.805  3613  3613 I void PlayerProxy::enableSmoothLoop(long, bool): enable smooth: 0
06-06 19:34:57.805  3613  3613 I void PlayerProxy::enableListSmoothLoop(long, bool): enable list smooth: 0
06-06 19:34:57.806  3613  3613 I void PlayerProxy::enableSmoothLoop(long, bool): enable smooth: 1
06-06 19:34:57.808  3613  3667 W SQLiteLog: (28) double-quoted string literal: "UjftmJwNeB//pVBx7mhtEV+QVe2fTPNFgrQfBdIRd9XNAJgItVndkJ4FJHW0wZaW
06-06 19:34:57.808  3613  3667 W SQLiteLog: "
06-06 19:34:57.808  3613  3667 W SQLiteLog: (28) double-quoted string literal: "BFCD8FD1A7A0614D2D4DF058A4BDD4AE"
06-06 19:34:57.810  3613  3667 W SQLiteLog: (28) double-quoted string literal: "1749208116643"
06-06 19:34:57.810  3613  3667 W SQLiteLog: (28) double-quoted string literal: "BFCD8FD1A7A0614D2D4DF058A4BDD4AE"
06-06 19:34:57.813   261   261 I android.hardware.lights-service: Lights setting state for id=0 to color ff696969
06-06 19:34:57.829   261   261 I android.hardware.lights-service: Lights setting state for id=0 to color ff6a6a6a
06-06 19:34:57.873  3613  3667 W SQLiteLog: (28) double-quoted string literal: "1749208116643"
06-06 19:34:57.873  3613  3667 W SQLiteLog: (28) double-quoted string literal: "0"
06-06 19:34:57.873  3613  3667 W SQLiteLog: (28) double-quoted string literal: ""
06-06 19:34:57.873  3613  3667 W SQLiteLog: (28) double-quoted string literal: ""
06-06 19:34:57.873  3613  3667 W SQLiteLog: (28) double-quoted string literal: "BFCD8FD1A7A0614D2D4DF058A4BDD4AE"
06-06 19:34:57.906  3613  3613 I void PlayerProxy::initWindow(long, void *): start init window
06-06 19:34:57.907  3613  3613 I void PlayerProxy::initWindow(long, void *): init window success
06-06 19:34:57.910  3613  3778 D LeradPlayer: open: file:///android_asset/video/city_1.mp4
06-06 19:34:57.910  3613  3778 D void Thread::stop(): Thread-Player start stop
06-06 19:34:57.910  3613  3778 D void Thread::stop(): Thread-Player stop success
06-06 19:34:57.910  3613  3778 I void Player::setState(PLAYER_STATE): state changed newState: 7 oldState: 0
06-06 19:34:57.910  3613  3778 D LeradPlayer: player newState: 7 oldState: 0
06-06 19:34:57.911  3613  3778 I void Player::close(): close success
06-06 19:34:57.911  3613  3778 I void Player::setState(PLAYER_STATE): state changed newState: 1 oldState: 7
06-06 19:34:57.911  3613  3778 D LeradPlayer: player newState: 1 oldState: 7
06-06 19:34:57.916  3613  3667 D UMLog   : 当前发送策略为：启动时发送。详见链接 https://developer.umeng.com/docs/66632/detail/66976?um_channel=sdk
06-06 19:34:57.922  3613  3778 D virtual bool FFDemuxer::open(const char *): asset path: video/city_1.mp4
06-06 19:34:57.967  3613  3778 W asset   : unexpected whence 65536
06-06 19:34:57.978  3613  3778 W asset   : unexpected whence 65536
06-06 19:34:57.979  3613  3778 I virtual bool FFDemuxer::open(const char *): open success
06-06 19:34:57.980  3613  3778 D virtual bool FFDemuxer::open(const char *): use avformat_find_stream_info
06-06 19:34:57.995  3613  3778 W asset   : unexpected whence 65536
06-06 19:34:57.995  3613  3778 W asset   : unexpected whence 65536
06-06 19:34:57.995  3613  3778 W asset   : unexpected whence 65536
06-06 19:34:57.995  3613  3778 E virtual bool FFDemuxer::open(const char *): has valid video size: 1 1 0
06-06 19:34:57.995  3613  3778 I void FFDemuxer::selectDefaultTrack(): audioStreamIndex: -1 audioTrackCount: 0 videoStreamIndex: 0 videoTrackCount: 1 subtitleStreamIndex: -1 subtitleTrackCount: 0
06-06 19:34:57.995  3613  3778 I virtual void IDemuxer::pause(bool): pause success 0
06-06 19:34:57.995  3613  3778 E void Player::open(const char *, int, int, int): audioDecoder open failed
06-06 19:34:57.995  3613  3778 I virtual StreamInfo FFDemuxer::getVideoStreamInfo(): video width: 1920 video height: 1080 video pixelFormat: 0 fps: 30
06-06 19:34:57.995  3613  3778 I bool DecoderBridge::initMediaCodec(const char *, int, int, int, uint8_t *, int, std::vector<uiuse java media codec api level: 31
06-06 19:34:57.996  3613  3778 D LeradPlayer: initMediaCodec: video/hevc
06-06 19:34:58.005  3613  3778 D MediaCodecList: codecHandlesFormat: no format, so no extra checks
06-06 19:34:58.015  3613  3778 D MediaCodecList: codecHandlesFormat: no format, so no extra checks
06-06 19:34:58.025  3613  3783 I OMXClient: IOmx service obtained
06-06 19:34:58.026   365   423 I OMXStore: makeComponentInstance(OMX.allwinner.video.decoder.hevc) in android.hardwar process
06-06 19:34:58.032   365   423 I omx_vdec_aw: <OmxDecoderCreate:3798>: OmxDecoderCreate.
06-06 19:34:58.043  3613  3781 D SurfaceUtils: connecting to surface 0xf108b408, reason connectToSurface
06-06 19:34:58.044  3613  3781 I MediaCodec: [OMX.allwinner.video.decoder.hevc] setting surface generation to 3699713
06-06 19:34:58.044  3613  3781 D SurfaceUtils: disconnecting from surface 0xf108b408, reason connectToSurface(reconnect)
06-06 19:34:58.044  3613  3781 D SurfaceUtils: connecting to surface 0xf108b408, reason connectToSurface(reconnect)
06-06 19:34:58.046   365   423 W omx_vdec: <__AwOmxVdecSetParameter:1561>: Set Parameter called in valid state
06-06 19:34:58.046   365   423 W omx_vdec: <__AwOmxVdecGetExtensionIndex:1737>: GetExtensionIndex OMX.google.android.index.storeANWBufferInMetadata, err [0x80001001].
06-06 19:34:58.046   365   423 W omx_vdec_aw: <__anSetExtPara:3011>: Setparameter: unknown param 2131755011
06-06 19:34:58.046   365   423 W OMXNodeInstance: [0xf0a6f000:allwinner.decoder.hevc] component does not support metadata mode; using fallback
06-06 19:34:58.047  3613  3783 E ACodec  : [OMX.allwinner.video.decoder.hevc] setPortMode on output to DynamicANWBuffer failed w/ err -1010
06-06 19:34:58.047   365   423 W omx_vdec_aw: <__anGetExtPara:2918>: get_parameter: unknown param 6f600011
06-06 19:34:58.047   365   423 E OMXNodeInstance: getParameter(0xf0a6f000:allwinner.decoder.hevc, ??(0x6f600011)) ERROR: UnsupportedIndex(0x8000101a)
06-06 19:34:58.047   365   423 W omx_vdec: <__AwOmxVdecGetExtensionIndex:1737>: GetExtensionIndex OMX.google.android.index.storeANWBufferInMetadata, err [0x80001001].
06-06 19:34:58.047   365   423 W omx_vdec_aw: <__anSetExtPara:3011>: Setparameter: unknown param 2131755011
06-06 19:34:58.047   365   423 W OMXNodeInstance: [0xf0a6f000:allwinner.decoder.hevc] component does not support metadata mode; using fallback
06-06 19:34:58.049   365   423 W omx_vdec: <__AwOmxVdecSetParameter:1532>: set_parameter, OMX_IndexParamPortDefinition, OutPortDef :change nBufferSize[38016] to [3110400] to suit frame width[1920] and height[1080]
06-06 19:34:58.049   365   365 W omx_vdec: <__AwOmxVdecGetExtensionIndex:1737>: GetExtensionIndex OMX.google.android.index.storeANWBufferInMetadata, err [0x80001001].
06-06 19:34:58.049   365   365 W omx_vdec: <__AwOmxVdecGetExtensionIndex:1737>: GetExtensionIndex OMX.google.android.index.configureVideoTunnelMode, err [0x80001001].
06-06 19:34:58.049   365   365 W omx_vdec: <__AwOmxVdecGetExtensionIndex:1737>: GetExtensionIndex OMX.google.android.index.useAndroidNativeBuffer, err [0x80001001].
06-06 19:34:58.049   365   365 W omx_vdec: <__AwOmxVdecGetExtensionIndex:1737>: GetExtensionIndex OMX.google.android.index.describeHDR10PlusInfo, err [0x80001001].
06-06 19:34:58.050   365   423 E OMXNodeInstance: getConfig(0xf0a6f000:allwinner.decoder.hevc, ConfigAndroidVendorExtension(0x6f100004)) ERROR: UnsupportedIndex(0x8000101a)
06-06 19:34:58.050   365   423 W omx_vdec: <__AwOmxVdecGetConfig:1635>: +++++ get display crop: top[0],left[0],width[1920],height[1080]
06-06 19:34:58.051   365   365 E OMXNodeInstance: getConfig(0xf0a6f000:allwinner.decoder.hevc, ??(0x7f100007)) ERROR: UnsupportedSetting(0x80001019)
06-06 19:34:58.051  3613  3783 W ColorUtils: expected specified color aspects (0:0:0:0)
06-06 19:34:58.071  3613  3667 D MobclickAgent: 本次启动会话:{"sessions":[{"id":"1F6578A04CCE9E0A63C67622E2EFFB34","start_time":"1749209697026"}]}
06-06 19:34:58.072  3613  3667 D MobclickAgent: 本次启动基础信息:{"sdk_version":"9.4.4","device_id":"4f343ac71b88754a","device_model":"DBBOX-A2","version":500001,"appkey":"6419107bba6a5259c42248e8","channel":"screensaver2"}
06-06 19:34:58.074   365   365 W omx_vdec: <__AwOmxVdecGetExtensionIndex:1737>: GetExtensionIndex OMX.google.android.index.AndroidNativeBufferConsumerUsage, err [0x80001001].
06-06 19:34:58.075  3613  3783 D SurfaceUtils: disconnecting from surface 0xf108b408, reason setNativeWindowSizeFormatAndUsage
06-06 19:34:58.075  3613  3783 D SurfaceUtils: connecting to surface 0xf108b408, reason setNativeWindowSizeFormatAndUsage
06-06 19:34:58.075  3613  3783 D SurfaceUtils: set up nativeWindow 0xf108b408 for 1920x1080, color 0x32315659, rotation 0, usage 0x402d00
06-06 19:34:58.076   253   253 I gralloc : alloc buffer:W:1920 H:1080 S:1920 PL[1920 1088] SZ:3133504 fmt:842094169 if:0 af:842094169 usg:400900 fg:00000004
06-06 19:34:58.076  3613  3667 W SQLiteLog: (28) double-quoted string literal: "1F6578A04CCE9E0A63C67622E2EFFB34"
06-06 19:34:58.078   181   181 I hwservicemanager: getTransport: Cannot find entry android.hardware.graphics.mapper@4.0::IMapper/default in either framework or device VINTF manifest.
06-06 19:34:58.079   365   365 I Gralloc4: mapper 4.x is not supported
06-06 19:34:58.079   181   181 I hwservicemanager: getTransport: Cannot find entry android.hardware.graphics.mapper@3.0::IMapper/default in either framework or device VINTF manifest.
06-06 19:34:58.079   365   365 W Gralloc3: mapper 3.x is not supported
06-06 19:34:58.085  3613  3667 W SQLiteLog: (28) double-quoted string literal: "1F6578A04CCE9E0A63C67622E2EFFB34"
06-06 19:34:58.085  3613  3667 W SQLiteLog: (28) double-quoted string literal: ""
06-06 19:34:58.085  3613  3667 W SQLiteLog: (28) double-quoted string literal: "1F6578A04CCE9E0A63C67622E2EFFB34"
06-06 19:34:58.085  3613  3667 W SQLiteLog: (28) double-quoted string literal: "-1"
06-06 19:34:58.086   365   365 E gralloc : Arm Module v1.0
06-06 19:34:58.087   365   365 E ion     : ioctl c0044901 failed with code -1: Inappropriate ioctl for device
06-06 19:34:58.088  3613  3667 D UMLog   : 当前发送策略为: 间隔发送。间隔时间为：90秒。详见链接 https://developer.umeng.com/docs/66632/detail/66976?um_channel=sdk
06-06 19:34:58.093  3613  3667 W SQLiteLog: (28) double-quoted string literal: "1F6578A04CCE9E0A63C67622E2EFFB34"
06-06 19:34:58.093  3613  3667 W SQLiteLog: (28) double-quoted string literal: ""
06-06 19:34:58.093  3613  3667 W SQLiteLog: (28) double-quoted string literal: "1F6578A04CCE9E0A63C67622E2EFFB34"
06-06 19:34:58.093  3613  3667 W SQLiteLog: (28) double-quoted string literal: "-1"
06-06 19:34:58.095  3613  3667 D MobclickAgent: 数据发送策略 : ReportByInterval
06-06 19:34:58.095  3613  3667 D UMLog   : 当前发送策略为: 间隔发送。间隔时间为：90秒。详见链接 https://developer.umeng.com/docs/66632/detail/66976?um_channel=sdk
06-06 19:34:58.120   253   253 I gralloc : alloc buffer:W:1920 H:1080 S:1920 PL[1920 1088] SZ:3133504 fmt:842094169 if:0 af:842094169 usg:400900 fg:00000004
06-06 19:34:58.122   253   253 I gralloc : alloc buffer:W:1920 H:1080 S:1920 PL[1920 1088] SZ:3133504 fmt:842094169 if:0 af:842094169 usg:400900 fg:00000004
06-06 19:34:58.124   253   253 I gralloc : alloc buffer:W:1920 H:1080 S:1920 PL[1920 1088] SZ:3133504 fmt:842094169 if:0 af:842094169 usg:400900 fg:00000004
06-06 19:34:58.127   253   253 I gralloc : alloc buffer:W:1920 H:1080 S:1920 PL[1920 1088] SZ:3133504 fmt:842094169 if:0 af:842094169 usg:400900 fg:00000004
06-06 19:34:58.129   253   253 I gralloc : alloc buffer:W:1920 H:1080 S:1920 PL[1920 1088] SZ:3133504 fmt:842094169 if:0 af:842094169 usg:400900 fg:00000004
06-06 19:34:58.133   253   253 I gralloc : alloc buffer:W:1920 H:1080 S:1920 PL[1920 1088] SZ:3133504 fmt:842094169 if:0 af:842094169 usg:400900 fg:00000004
06-06 19:34:58.136   253   253 I gralloc : alloc buffer:W:1920 H:1080 S:1920 PL[1920 1088] SZ:3133504 fmt:842094169 if:0 af:842094169 usg:400900 fg:00000004
06-06 19:34:58.138   253   253 I gralloc : alloc buffer:W:1920 H:1080 S:1920 PL[1920 1088] SZ:3133504 fmt:842094169 if:0 af:842094169 usg:400900 fg:00000004
06-06 19:34:58.140   359  2183 W ResourceManagerService: Ignoring request to add new resource entry with value <= 0
06-06 19:34:58.141  3613  3778 I virtual bool MediaDecoder::open(DecodeParam): open success: video/hevc hevc_mp4toannexb
06-06 19:34:58.141  3613  3778 I virtual void IDecoder::pause(bool, bool): pause success: 0
06-06 19:34:58.141  3613  3778 I void Player::setState(PLAYER_STATE): state changed newState: 2 oldState: 1
06-06 19:34:58.141  3613  3778 D LeradPlayer: player newState: 2 oldState: 1
06-06 19:34:58.141  3613  3778 D LeradPlayer: openSuccess: 1002
06-06 19:34:58.149  3613  3613 E screen_saver2: mute player true
06-06 19:34:58.156  3613  3613 I void PlayerProxy::play(long): start play
06-06 19:34:58.157  3613  3613 D void Thread::start(): Thread-MediaDecoder start
06-06 19:34:58.157  3613  3613 D void Thread::start(): Thread-FFDemuxer start
06-06 19:34:58.157  3613  3613 D void Thread::start(): Thread-Player start
06-06 19:34:58.158  3613  3795 I virtual void IDemuxer::run(): start
06-06 19:34:58.158  3613  3613 I void Player::play(): start success
06-06 19:34:58.160  3613  3796 I virtual void Player::run(): start
06-06 19:34:58.161  3613  3794 I virtual void MediaDecoder::run(): start 2
06-06 19:34:58.170   365  3786 I cedarc  : <log_set_level:43>: Set log level to 4 from /vendor/etc/cedarc.conf
06-06 19:34:58.170   365  3786 W cedarc  : <log_set_level:50>: Reset log level to 3 from property of vendor.cedarc.debuglevel
06-06 19:34:58.170   365  3786 E cedarc  : <DebugCheckConfig:360>: [40;31mnow cedarc log level:4[0m
06-06 19:34:58.170   365  3786 I cedarc  : <CreateVideoDecoder:391>: CreateVideoDecoder p:0xf081f000
06-06 19:34:58.170   365  3786 D omx_vdec_aw: <__anPrepare:3223>: set nDisplayHoldingFrameBufferNum : 5, nDiBufferNum = 0
06-06 19:34:58.170   365  3786 D omx_vdec_aw: <__anPrepare:3230>: ****mExtraOutBufferNum:5
06-06 19:34:58.170   365  3786 D cedarc  : <LogVersionInfo:41>: 
06-06 19:34:58.170   365  3786 D cedarc  : >>>>>>>>>>>>>>>>>>>>>>>>>>>>> Cedar Codec <<<<<<<<<<<<<<<<<<<<<<<<<<<<
06-06 19:34:58.170   365  3786 D cedarc  : tag   : CedarC-v1.3.0
06-06 19:34:58.170   365  3786 D cedarc  : branch: stable_v1.3.0_common
06-06 19:34:58.170   365  3786 D cedarc  : commit: 3b65bf7287aea23c2abfbc626c3f606e3b9def1c
06-06 19:34:58.170   365  3786 D cedarc  : date  : Fri Nov 13 10:19:03 2020 +0800
06-06 19:34:58.170   365  3786 D cedarc  : author: jenkins8080
06-06 19:34:58.170   365  3786 D cedarc  : patch : 
06-06 19:34:58.170   365  3786 D cedarc  : ----------------------------------------------------------------------
06-06 19:34:58.170   365  3786 D cedarc  : <InitializeVideoDecoder:501>: *** pVconfig->nVeFreq = 0
06-06 19:34:58.171   365  3786 D cedarc  : <InitializeVideoDecoder:568>: user not set veops, we get internal!
06-06 19:34:58.171   365  3786 D cedarc  : <VeInitialize:1273>: ve init
06-06 19:34:58.166   365   365 I HwBinder:365_2: type=1400 audit(0.0:1162): avc: denied { read } for name="u:object_r:system_prop:s0" dev="tmpfs" ino=2864 scontext=u:r:mediacodec:s0 tcontext=u:object_r:system_prop:s0 tclass=file permissive=1
01-01 08:05:21.816  3786  3786 D         : enable_cedar_hw_clk,516
01-01 08:05:21.816  3786  3786 W VE      : VE real_freq=300000000
06-06 19:34:58.171   365  3786 W cedarc  : <getSocIdString:1137>: cannot open /dev/sunxi_soc_info, it maybe ok!
06-06 19:34:58.171   365  3786 I cedarc  : <VeInitialize:1339>: *** ic_version = 0x3301000012011,
06-06 19:34:58.171   365  3786 D cedarc  : <VeInitialize:1379>: *** nPhyOffset = 0x0
06-06 19:34:58.171   365  3786 D cedarc  : <VeSetSpeed:1842>: *** set ve freq to 300 Mhz ***
06-06 19:34:58.171   365  3786 D ionAlloc: <ion_alloc_open2:177>: pid: 365, g_context = 0xf0b38160 
06-06 19:34:58.171   365  3786 D ionAlloc: <ion_alloc_open2:204>: ion alloc open ok
06-06 19:34:58.171   365  3786 W cedarc  : <InitializeVideoDecoder:669>: warning: the nDeInterlaceHoldingFrameBufferNum is 0
06-06 19:34:58.171   365  3786 D cedarc  : <DecideStreamBufferSize:2303>: nBufferSize=8388608, p->vconfig.nVbvBufferSize=0
06-06 19:34:58.172   365  3786 D cedarc  : <VideoEngineCreate:350>: *** pEngine->nIcVeVersion = 3301000012011, decIpVersion = 33010
06-06 19:34:58.172   365  3786 D cedarc  : <VideoEngineCreate:414>: **************eCtlAfcbMode = 1
06-06 19:34:58.173   365  3786 D cedarc  : <H265DecoderInit:151>: bDisplayErrorFrameFlag = 1
06-06 19:34:58.174   365  3786 D cedarc  : <HevcDecInitContext:223>: pHevcDec->pConfig->bScaleDownEn = 0
06-06 19:34:58.174   365  3786 D cedarc  : <HevcDecInitContext:247>:  get the nIcversion = 3301000012011, nDecIpVersion = 33010
06-06 19:34:58.174   365  3786 D cedarc  : <H265DecoderInit:164>: *** specificData = 0xf0827400, len = 2447
06-06 19:34:58.174   365  3786 I cedarc  : <HevcParsePTL:276>: h265 stream type: 8 bit. before = -1
06-06 19:34:58.174   365  3786 I cedarc  : <HevcParsePTL:276>: h265 stream type: 8 bit. before = 0
06-06 19:34:58.174   365  3786 D cedarc  : <InitializeVideoDecoder:718>: the low latency is open
06-06 19:34:58.175   365  3786 D cedarc  : <GetSbmInterface:1755>: *********GetSbmInterface, nType=1
06-06 19:34:58.175   365  3786 D cedarc  : <GetSbmInterfaceFrame:1712>: ******* sbm-type: Frame*******
06-06 19:34:58.176   365  3786 D cedarc  : <SbmFrameInit:196>: ************pSbm->sbmInterface.bUseNewVeMemoryProgram=0
06-06 19:34:58.166   365   365 I HwBinder:365_2: type=1400 audit(0.0:1163): avc: denied { open } for path="/dev/__properties__/u:object_r:system_prop:s0" dev="tmpfs" ino=2864 scontext=u:r:mediacodec:s0 tcontext=u:object_r:system_prop:s0 tclass=file permissive=1
06-06 19:34:58.166   365   365 I HwBinder:365_2: type=1400 audit(0.0:1164): avc: denied { getattr } for path="/dev/__properties__/u:object_r:system_prop:s0" dev="tmpfs" ino=2864 scontext=u:r:mediacodec:s0 tcontext=u:object_r:system_prop:s0 tclass=file permissive=1
06-06 19:34:58.166   365   365 I HwBinder:365_2: type=1400 audit(0.0:1165): avc: denied { map } for path="/dev/__properties__/u:object_r:system_prop:s0" dev="tmpfs" ino=2864 scontext=u:r:mediacodec:s0 tcontext=u:object_r:system_prop:s0 tclass=file permissive=1
06-06 19:34:58.176  3613  3797 I void MediaDecoder::render(): start 2
06-06 19:34:58.177   365  3786 D cedarc  : <CdcMessageQueueCreate:51>: nMessageSize = 20
06-06 19:34:58.179   365  3786 D omx_vdec: <onMessageReceived:874>: ********start***********
06-06 19:34:58.179   365  3786 D omx_thread: <createThread:122>: +++++ self->mThread: 3926012384
06-06 19:34:58.179   365  3786 D omx_thread: <OmxThread_Run:150>: thread submit start to run!
06-06 19:34:58.179   365  3786 D omx_thread: <createThread:122>: +++++ self->mThread: 3924959712
06-06 19:34:58.179   365  3786 D omx_thread: <OmxThread_Run:150>: thread decode start to run!
06-06 19:34:58.179   365  3786 D omx_thread: <createThread:122>: +++++ self->mThread: 3923907040
06-06 19:34:58.179   365  3786 D omx_thread: <OmxThread_Run:150>: thread drain start to run!
06-06 19:34:58.180   365  3798 D cedarc  : <HevcSbmFrameCheckBitStreamType:319>: result: bStreamWithStartCode[1], with[1], whitout[0]
06-06 19:34:58.181  3613  3795 I virtual Data FFDemuxer::read(): read frame ret: End of file latestReceivedTime: 7433 getTotalTimeMillis: 7500 is exit: 0 
06-06 19:34:58.181  3613  3795 I virtual Data FFDemuxer::read(): smooth loop
06-06 19:34:58.181  3613  3795 D virtual Data FFDemuxer::read(): seekTargetTime :0 seek_by_bytes: 0 protocolName: file isNetworkProtocol: 0
06-06 19:34:58.181  3613  3795 D virtual Data FFDemuxer::read(): seekTime :0
06-06 19:34:58.181  3613  3795 D virtual Data FFDemuxer::read(): avformat_seek_file ret: 0
06-06 19:34:58.183   365  3800 D cedarc  : <HevcInitialFBM:344>: *** nExtraBufNum[8] = displayHoldNum[5] + rotateHoldNum[0] + smoothNum[3]
06-06 19:34:58.183   365  3800 D cedarc  : <HevcInitialFBM:364>: **(one output) nFbmNum[16] = maxDPBNum[6] + maxReoderNum[2] + extraNum[8]
